2026-05-19 21:13:45.628 8 INFO placement.requestlog [req-5fe58540-0d6d-4b17-91bc-074c602bd090 req-72184da0-24d1-4f5c-b76f-a31b9f32cdbb baa61e16488344c79b06d6b359f6252a 488a139251a14bf8aec66d2c293391fc - - 3e4c4b94dc96482f9e02bd2ee3327434 3e4c4b94dc96482f9e02bd2ee3327434] 199.204.45.78 "GET /resource_providers/001f7619-3ca2-411e-b992-594ea5e7b950/allocations" status: 200 len: 54 microversion: 1.0 [pid: 8|app: 0|req: 291/584] 199.204.45.78 () {32 vars in 856 bytes} [Tue May 19 21:13:45 2026] GET /resource_providers/001f7619-3ca2-411e-b992-594ea5e7b950/allocations => generated 54 bytes in 15 msecs (HTTP/1.1 200) 6 headers in 223 bytes (1 switches on core 0)
2026-05-19 21:13:50.762 7 INFO placement.requestlog [None req-c5f77713-c617-43f1-8d9c-146d63a694b4 - - - - - -] 10.0.0.2 "GET /" status: 200 len: 136 microversion: 1.0
2026-05-19 21:13:50.762 8 INFO placement.requestlog [None req-fa6abc79-88c9-4136-9239-8463ca1a72bc - - - - - -] 10.0.0.2 "GET /" status: 200 len: 136 microversion: 1.0
2026-05-19 21:14:00.762 8 INFO placement.requestlog [None req-8d93a592-6739-4fe2-8dd5-28e57daab6d3 - - - - - -] 10.0.0.2 "GET /" status: 200 len: 136 microversion: 1.0
2026-05-19 21:14:00.762 7 INFO placement.requestlog [None req-9bed276d-bab2-4ece-8fce-1b8531a863e4 - - - - - -] 10.0.0.2 "GET /" status: 200 len: 136 microversion: 1.0
2026-05-19 21:14:10.761 8 INFO placement.requestlog [None req-be3bfa57-041f-42c6-93aa-e756be7a68bc - - - - - -] 10.0.0.2 "GET /" status: 200 len: 136 microversion: 1.0
2026-05-19 21:14:10.762 7 INFO placement.requestlog [None req-6cea0832-fcb3-47d7-857e-2da3793be40d - - - - - -] 10.0.0.2 "GET /" status: 200 len: 136 microversion: 1.0
2026-05-19 21:14:20.762 8 INFO placement.requestlog [None req-395ebdb8-6cf9-4e3d-ac17-8687ef8adad5 - - - - - -] 10.0.0.2 "GET /" status: 200 len: 136 microversion: 1.0
2026-05-19 21:14:20.762 7 INFO placement.requestlog [None req-eea10c0e-d70c-46d6-8086-175e2f944e31 - - - - - -] 10.0.0.2 "GET /" status: 200 len: 136 microversion: 1.0
2026-05-19 21:14:30.762 7 INFO placement.requestlog [None req-6e165cee-a2f7-44c3-b60c-2a5b3973175d - - - - - -] 10.0.0.2 "GET /" status: 200 len: 136 microversion: 1.0
2026-05-19 21:14:30.763 8 INFO placement.requestlog [None req-6d0d34f7-d1b6-4996-96d1-82d2e9ec1c68 - - - - - -] 10.0.0.2 "GET /" status: 200 len: 136 microversion: 1.0
2026-05-19 21:14:40.762 8 INFO placement.requestlog [None req-c8ecef40-7afc-474c-a9f8-6e4d67d67ba2 - - - - - -] 10.0.0.2 "GET /" status: 200 len: 136 microversion: 1.0
2026-05-19 21:14:40.762 7 INFO placement.requestlog [None req-d2196962-fcf9-4d5a-a8b1-7ec333051b37 - - - - - -] 10.0.0.2 "GET /" status: 200 len: 136 microversion: 1.0
2026-05-19 21:14:45.660 8 INFO placement.requestlog [req-8fdea7eb-eaa7-41e9-a93a-9cb0834abe8e req-bafd355c-b7d3-4034-b589-0d70ce46bd3f baa61e16488344c79b06d6b359f6252a 488a139251a14bf8aec66d2c293391fc - - 3e4c4b94dc96482f9e02bd2ee3327434 3e4c4b94dc96482f9e02bd2ee3327434] 199.204.45.78 "GET /resource_providers/001f7619-3ca2-411e-b992-594ea5e7b950/allocations" status: 200 len: 54 microversion: 1.0 [pid: 8|app: 0|req: 298/597] 199.204.45.78 () {32 vars in 856 bytes} [Tue May 19 21:14:45 2026] GET /resource_providers/001f7619-3ca2-411e-b992-594ea5e7b950/allocations => generated 54 bytes in 132 msecs (HTTP/1.1 200) 6 headers in 223 bytes (1 switches on core 0)
2026-05-19 21:14:45.685 7 INFO placement.requestlog [req-8fdea7eb-eaa7-41e9-a93a-9cb0834abe8e req-06fe9316-bb58-40f7-9e1f-35ac00957fe3 baa61e16488344c79b06d6b359f6252a 488a139251a14bf8aec66d2c293391fc - - 3e4c4b94dc96482f9e02bd2ee3327434 3e4c4b94dc96482f9e02bd2ee3327434] 199.204.45.78 "GET /resource_providers?in_tree=001f7619-3ca2-411e-b992-594ea5e7b950" status: 200 len: 797 microversion: 1.14 [pid: 7|app: 0|req: 300/598] 199.204.45.78 () {34 vars in 891 bytes} [Tue May 19 21:14:45 2026] GET /resource_providers?in_tree=001f7619-3ca2-411e-b992-594ea5e7b950 => generated 797 bytes in 17 msecs (HTTP/1.1 200) 6 headers in 225 bytes (1 switches on core 0)
2026-05-19 21:14:45.706 8 INFO placement.requestlog [req-8fdea7eb-eaa7-41e9-a93a-9cb0834abe8e req-727d0968-fa5d-403e-82a2-97786bec74a8 baa61e16488344c79b06d6b359f6252a 488a139251a14bf8aec66d2c293391fc - - 3e4c4b94dc96482f9e02bd2ee3327434 3e4c4b94dc96482f9e02bd2ee3327434] 199.204.45.78 "GET /resource_providers/001f7619-3ca2-411e-b992-594ea5e7b950/inventories" status: 200 len: 400 microversion: 1.0 [pid: 8|app: 0|req: 299/599] 199.204.45.78 () {32 vars in 856 bytes} [Tue May 19 21:14:45 2026] GET /resource_providers/001f7619-3ca2-411e-b992-594ea5e7b950/inventories => generated 400 bytes in 15 msecs (HTTP/1.1 200) 6 headers in 224 bytes (1 switches on core 0)
2026-05-19 21:14:45.727 7 INFO placement.requestlog [req-8fdea7eb-eaa7-41e9-a93a-9cb0834abe8e req-ce0bba40-d0bb-4307-9a4c-30193c3e5778 baa61e16488344c79b06d6b359f6252a 488a139251a14bf8aec66d2c293391fc - - 3e4c4b94dc96482f9e02bd2ee3327434 3e4c4b94dc96482f9e02bd2ee3327434] 199.204.45.78 "GET /resource_providers/001f7619-3ca2-411e-b992-594ea5e7b950/aggregates" status: 200 len: 53 microversion: 1.19 [pid: 7|app: 0|req: 301/600] 199.204.45.78 () {34 vars in 898 bytes} [Tue May 19 21:14:45 2026] GET /resource_providers/001f7619-3ca2-411e-b992-594ea5e7b950/aggregates => generated 53 bytes in 14 msecs (HTTP/1.1 200) 8 headers in 295 bytes (1 switches on core 0)
2026-05-19 21:14:45.749 8 INFO placement.requestlog [req-8fdea7eb-eaa7-41e9-a93a-9cb0834abe8e req-208c2f3f-68ba-4daf-8eb1-976097f10087 baa61e16488344c79b06d6b359f6252a 488a139251a14bf8aec66d2c293391fc - - 3e4c4b94dc96482f9e02bd2ee3327434 3e4c4b94dc96482f9e02bd2ee3327434] 199.204.45.78 "GET /resource_providers/001f7619-3ca2-411e-b992-594ea5e7b950/traits" status: 200 len: 2316 microversion: 1.6 [pid: 8|app: 0|req: 300/601] 199.204.45.78 () {34 vars in 889 bytes} [Tue May 19 21:14:45 2026] GET /resource_providers/001f7619-3ca2-411e-b992-594ea5e7b950/traits => generated 2316 bytes in 16 msecs (HTTP/1.1 200) 6 headers in 225 bytes (1 switches on core 0)
2026-05-19 21:14:45.766 7 INFO placement.requestlog [req-8fdea7eb-eaa7-41e9-a93a-9cb0834abe8e req-dd70c96e-0fdb-4500-8fdd-761e8782e028 baa61e16488344c79b06d6b359f6252a 488a139251a14bf8aec66d2c293391fc - - 3e4c4b94dc96482f9e02bd2ee3327434 3e4c4b94dc96482f9e02bd2ee3327434] 199.204.45.78 "GET /resource_providers/001f7619-3ca2-411e-b992-594ea5e7b950/allocations" status: 200 len: 54 microversion: 1.0 [pid: 7|app: 0|req: 302/602] 199.204.45.78 () {32 vars in 856 bytes} [Tue May 19 21:14:45 2026] GET /resource_providers/001f7619-3ca2-411e-b992-594ea5e7b950/allocations => generated 54 bytes in 12 msecs (HTTP/1.1 200) 6 headers in 223 bytes (1 switches on core 0)
2026-05-19 21:14:50.762 8 INFO placement.requestlog [None req-e5e17ed2-daa0-447e-9c21-eca346b96a76 - - - - - -] 10.0.0.2 "GET /" status: 200 len: 136 microversion: 1.0
2026-05-19 21:14:50.763 7 INFO placement.requestlog [None req-cc976c77-cadd-4ba6-bcd9-5f22734e1496 - - - - - -] 10.0.0.2 "GET /" status: 200 len: 136 microversion: 1.0
2026-05-19 21:15:00.762 8 INFO placement.requestlog [None req-c17f8d88-9835-41c7-bb33-1427039c47d4 - - - - - -] 10.0.0.2 "GET /" status: 200 len: 136 microversion: 1.0
2026-05-19 21:15:00.762 7 INFO placement.requestlog [None req-2c1d00b6-73e7-41dc-821d-673b3f40e689 - - - - - -] 10.0.0.2 "GET /" status: 200 len: 136 microversion: 1.0
2026-05-19 21:15:10.762 7 INFO placement.requestlog [None req-3d5b24e5-4637-4d98-be67-80d9d64c6eab - - - - - -] 10.0.0.2 "GET /" status: 200 len: 136 microversion: 1.0
2026-05-19 21:15:10.762 8 INFO placement.requestlog [None req-0767755a-7736-41dd-8414-b85409975389 - - - - - -] 10.0.0.2 "GET /" status: 200 len: 136 microversion: 1.0
2026-05-19 21:15:20.763 8 INFO placement.requestlog [None req-4e7a4837-e81a-464c-b3e6-d6235f304e0d - - - - - -] 10.0.0.2 "GET /" status: 200 len: 136 microversion: 1.0
2026-05-19 21:15:20.763 7 INFO placement.requestlog [None req-afef5efe-35fe-43a7-bb0b-361bc52ded2f - - - - - -] 10.0.0.2 "GET /" status: 200 len: 136 microversion: 1.0
2026-05-19 21:15:30.763 8 INFO placement.requestlog [None req-46f15b82-ef2d-4311-a57a-3c02e52e2b02 - - - - - -] 10.0.0.2 "GET /" status: 200 len: 136 microversion: 1.0
2026-05-19 21:15:30.766 7 INFO placement.requestlog [None req-aaa11309-13bf-45f3-a467-9e394758e4c1 - - - - - -] 10.0.0.2 "GET /" status: 200 len: 136 microversion: 1.0
2026-05-19 21:15:40.762 8 INFO placement.requestlog [None req-49524b49-e5a0-4889-ad2a-ac3d4c7a49e9 - - - - - -] 10.0.0.2 "GET /" status: 200 len: 136 microversion: 1.0
2026-05-19 21:15:40.763 7 INFO placement.requestlog [None req-215a6de5-42cf-4729-9b05-e7fb4cdfc1d0 - - - - - -] 10.0.0.2 "GET /" status: 200 len: 136 microversion: 1.0
2026-05-19 21:15:45.546 8 INFO placement.requestlog [req-c47b498c-fecd-4257-ad6c-d3a6656bcbf2 req-4cbc8a56-4558-4b34-a909-09d1c56e9d86 baa61e16488344c79b06d6b359f6252a 488a139251a14bf8aec66d2c293391fc - - 3e4c4b94dc96482f9e02bd2ee3327434 3e4c4b94dc96482f9e02bd2ee3327434] 199.204.45.78 "GET /resource_providers/001f7619-3ca2-411e-b992-594ea5e7b950/allocations" status: 200 len: 54 microversion: 1.0 [pid: 8|app: 0|req: 307/615] 199.204.45.78 () {32 vars in 856 bytes} [Tue May 19 21:15:45 2026] GET /resource_providers/001f7619-3ca2-411e-b992-594ea5e7b950/allocations => generated 54 bytes in 16 msecs (HTTP/1.1 200) 6 headers in 223 bytes (1 switches on core 0)
2026-05-19 21:15:45.570 7 INFO placement.requestlog [req-c47b498c-fecd-4257-ad6c-d3a6656bcbf2 req-0f14a6bb-a539-4718-a96c-cad3d2b503ec baa61e16488344c79b06d6b359f6252a 488a139251a14bf8aec66d2c293391fc - - 3e4c4b94dc96482f9e02bd2ee3327434 3e4c4b94dc96482f9e02bd2ee3327434] 199.204.45.78 "GET /resource_providers/001f7619-3ca2-411e-b992-594ea5e7b950/allocations" status: 200 len: 54 microversion: 1.0 [pid: 7|app: 0|req: 309/616] 199.204.45.78 () {32 vars in 856 bytes} [Tue May 19 21:15:45 2026] GET /resource_providers/001f7619-3ca2-411e-b992-594ea5e7b950/allocations => generated 54 bytes in 16 msecs (HTTP/1.1 200) 6 headers in 223 bytes (1 switches on core 0)
2026-05-19 21:15:50.762 8 INFO placement.requestlog [None req-5fbd6f0b-6193-4146-a31a-6ce76b2595de - - - - - -] 10.0.0.2 "GET /" status: 200 len: 136 microversion: 1.0
2026-05-19 21:15:50.762 7 INFO placement.requestlog [None req-860823c6-5c52-41b1-bb53-dfc4d46cc3fa - - - - - -] 10.0.0.2 "GET /" status: 200 len: 136 microversion: 1.0
2026-05-19 21:16:00.762 8 INFO placement.requestlog [None req-c65a0676-5073-436d-8ea7-d1dbbc49d797 - - - - - -] 10.0.0.2 "GET /" status: 200 len: 136 microversion: 1.0
2026-05-19 21:16:00.762 7 INFO placement.requestlog [None req-be338f84-8d25-4f36-bbea-c42d64b33119 - - - - - -] 10.0.0.2 "GET /" status: 200 len: 136 microversion: 1.0
2026-05-19 21:16:10.762 8 INFO placement.requestlog [None req-94fe923a-a5b6-41dc-80e1-bbbbc3b21b22 - - - - - -] 10.0.0.2 "GET /" status: 200 len: 136 microversion: 1.0
2026-05-19 21:16:10.763 7 INFO placement.requestlog [None req-8eab56a5-ee33-4432-999c-925694f82a8d - - - - - -] 10.0.0.2 "GET /" status: 200 len: 136 microversion: 1.0
2026-05-19 21:16:20.763 8 INFO placement.requestlog [None req-c1be53c2-c9e7-41df-bbfa-23c8f6476f42 - - - - - -] 10.0.0.2 "GET /" status: 200 len: 136 microversion: 1.0
2026-05-19 21:16:20.763 7 INFO placement.requestlog [None req-e4556e38-95fb-479f-87b1-952770b2c782 - - - - - -] 10.0.0.2 "GET /" status: 200 len: 136 microversion: 1.0
2026-05-19 21:16:30.762 7 INFO placement.requestlog [None req-ace2ea50-a21e-4241-8fb6-306f7766bfad - - - - - -] 10.0.0.2 "GET /" status: 200 len: 136 microversion: 1.0
2026-05-19 21:16:30.762 8 INFO placement.requestlog [None req-f8d331d5-aae0-46e7-8f17-912143e7f413 - - - - - -] 10.0.0.2 "GET /" status: 200 len: 136 microversion: 1.0
2026-05-19 21:16:40.762 7 INFO placement.requestlog [None req-a861d678-02fd-42d5-a285-f45488be04aa - - - - - -] 10.0.0.2 "GET /" status: 200 len: 136 microversion: 1.0
2026-05-19 21:16:40.762 8 INFO placement.requestlog [None req-e0fe7885-814a-48a7-aa96-527ce850b64b - - - - - -] 10.0.0.2 "GET /" status: 200 len: 136 microversion: 1.0
2026-05-19 21:16:46.119 7 INFO placement.requestlog [req-a676e403-b807-415c-b7c7-7aa52f1d8332 req-1c7ae97e-03b3-4469-87d8-face6da901f0 baa61e16488344c79b06d6b359f6252a 488a139251a14bf8aec66d2c293391fc - - 3e4c4b94dc96482f9e02bd2ee3327434 3e4c4b94dc96482f9e02bd2ee3327434] 199.204.45.78 "GET /resource_providers/001f7619-3ca2-411e-b992-594ea5e7b950/allocations" status: 200 len: 54 microversion: 1.0 [pid: 7|app: 0|req: 316/629] 199.204.45.78 () {32 vars in 856 bytes} [Tue May 19 21:16:46 2026] GET /resource_providers/001f7619-3ca2-411e-b992-594ea5e7b950/allocations => generated 54 bytes in 20 msecs (HTTP/1.1 200) 6 headers in 223 bytes (1 switches on core 0)
2026-05-19 21:16:46.142 8 INFO placement.requestlog [req-a676e403-b807-415c-b7c7-7aa52f1d8332 req-ac45ee5a-d3d1-4175-bfd5-d92a68b5ce5a baa61e16488344c79b06d6b359f6252a 488a139251a14bf8aec66d2c293391fc - - 3e4c4b94dc96482f9e02bd2ee3327434 3e4c4b94dc96482f9e02bd2ee3327434] 199.204.45.78 "GET /resource_providers/001f7619-3ca2-411e-b992-594ea5e7b950/allocations" status: 200 len: 54 microversion: 1.0 [pid: 8|app: 0|req: 314/630] 199.204.45.78 () {32 vars in 856 bytes} [Tue May 19 21:16:46 2026] GET /resource_providers/001f7619-3ca2-411e-b992-594ea5e7b950/allocations => generated 54 bytes in 14 msecs (HTTP/1.1 200) 6 headers in 223 bytes (1 switches on core 0)
2026-05-19 21:16:50.762 7 INFO placement.requestlog [None req-c405028a-d654-41d8-af73-f8ff29e9da20 - - - - - -] 10.0.0.2 "GET /" status: 200 len: 136 microversion: 1.0
2026-05-19 21:16:50.762 8 INFO placement.requestlog [None req-58e1e3cd-4270-4cde-b5e3-0fdcd6573c6f - - - - - -] 10.0.0.2 "GET /" status: 200 len: 136 microversion: 1.0
2026-05-19 21:17:00.762 7 INFO placement.requestlog [None req-064ee19f-f85e-42ac-b1cc-50bdd9dcbf62 - - - - - -] 10.0.0.2 "GET /" status: 200 len: 136 microversion: 1.0
2026-05-19 21:17:00.762 8 INFO placement.requestlog [None req-bf9cbcbf-23c2-4895-9c6e-ca00b8b34126 - - - - - -] 10.0.0.2 "GET /" status: 200 len: 136 microversion: 1.0
2026-05-19 21:17:10.762 7 INFO placement.requestlog [None req-945082de-4227-4a0e-8685-82f2974b81c5 - - - - - -] 10.0.0.2 "GET /" status: 200 len: 136 microversion: 1.0
2026-05-19 21:17:10.763 8 INFO placement.requestlog [None req-07cfbbcd-283f-47cb-8212-4ecf5189b2fc - - - - - -] 10.0.0.2 "GET /" status: 200 len: 136 microversion: 1.0
2026-05-19 21:17:20.762 8 INFO placement.requestlog [None req-8a544377-a62a-48f1-90a0-09c2e9b0677a - - - - - -] 10.0.0.2 "GET /" status: 200 len: 136 microversion: 1.0
2026-05-19 21:17:20.762 7 INFO placement.requestlog [None req-76452eb8-1257-4d4f-ac67-d15aec4c3810 - - - - - -] 10.0.0.2 "GET /" status: 200 len: 136 microversion: 1.0
2026-05-19 21:17:30.762 7 INFO placement.requestlog [None req-3d8ad42b-3427-4447-9f73-d289a00968c4 - - - - - -] 10.0.0.2 "GET /" status: 200 len: 136 microversion: 1.0
2026-05-19 21:17:30.762 8 INFO placement.requestlog [None req-580a625e-8856-4d4e-925a-f3e113478506 - - - - - -] 10.0.0.2 "GET /" status: 200 len: 136 microversion: 1.0
2026-05-19 21:17:40.762 7 INFO placement.requestlog [None req-f5a323fb-8825-498a-b97d-effc2db64415 - - - - - -] 10.0.0.2 "GET /" status: 200 len: 136 microversion: 1.0
2026-05-19 21:17:40.762 8 INFO placement.requestlog [None req-08339eb6-3efc-4a94-aaaf-59f0edadacb5 - - - - - -] 10.0.0.2 "GET /" status: 200 len: 136 microversion: 1.0
2026-05-19 21:17:45.579 7 INFO placement.requestlog [req-0e8a2650-d930-44a2-bd7a-83eae592c68d req-d3b71131-933a-49af-b3a2-211b85f7b38c baa61e16488344c79b06d6b359f6252a 488a139251a14bf8aec66d2c293391fc - - 3e4c4b94dc96482f9e02bd2ee3327434 3e4c4b94dc96482f9e02bd2ee3327434] 199.204.45.78 "GET /resource_providers/001f7619-3ca2-411e-b992-594ea5e7b950/allocations" status: 200 len: 54 microversion: 1.0 [pid: 7|app: 0|req: 323/643] 199.204.45.78 () {32 vars in 856 bytes} [Tue May 19 21:17:45 2026] GET /resource_providers/001f7619-3ca2-411e-b992-594ea5e7b950/allocations => generated 54 bytes in 19 msecs (HTTP/1.1 200) 6 headers in 223 bytes (1 switches on core 0)
2026-05-19 21:17:45.600 8 INFO placement.requestlog [req-0e8a2650-d930-44a2-bd7a-83eae592c68d req-2bb4f344-bf27-4093-882c-2d479df59f1b baa61e16488344c79b06d6b359f6252a 488a139251a14bf8aec66d2c293391fc - - 3e4c4b94dc96482f9e02bd2ee3327434 3e4c4b94dc96482f9e02bd2ee3327434] 199.204.45.78 "GET /resource_providers/001f7619-3ca2-411e-b992-594ea5e7b950/allocations" status: 200 len: 54 microversion: 1.0 [pid: 8|app: 0|req: 321/644] 199.204.45.78 () {32 vars in 856 bytes} [Tue May 19 21:17:45 2026] GET /resource_providers/001f7619-3ca2-411e-b992-594ea5e7b950/allocations => generated 54 bytes in 16 msecs (HTTP/1.1 200) 6 headers in 223 bytes (1 switches on core 0)
2026-05-19 21:17:50.762 7 INFO placement.requestlog [None req-39107304-8da7-4c5e-b755-27bbb9c7a80f - - - - - -] 10.0.0.2 "GET /" status: 200 len: 136 microversion: 1.0
2026-05-19 21:17:50.762 8 INFO placement.requestlog [None req-fa59793e-a3ef-4fd7-b426-93d3cf08ca2d - - - - - -] 10.0.0.2 "GET /" status: 200 len: 136 microversion: 1.0
2026-05-19 21:18:00.762 7 INFO placement.requestlog [None req-19413e1f-24fd-4eed-a968-6633386030ee - - - - - -] 10.0.0.2 "GET /" status: 200 len: 136 microversion: 1.0
2026-05-19 21:18:00.763 8 INFO placement.requestlog [None req-d9a88265-0759-47b6-8fd1-e4a9f0bc6f69 - - - - - -] 10.0.0.2 "GET /" status: 200 len: 136 microversion: 1.0
2026-05-19 21:18:10.763 7 INFO placement.requestlog [None req-6336d186-f37f-4338-bfaa-cac98a6cd44e - - - - - -] 10.0.0.2 "GET /" status: 200 len: 136 microversion: 1.0
2026-05-19 21:18:10.763 8 INFO placement.requestlog [None req-a2cafa93-a52d-4a43-8b35-39e7f4b5855c - - - - - -] 10.0.0.2 "GET /" status: 200 len: 136 microversion: 1.0
2026-05-19 21:18:20.763 7 INFO placement.requestlog [None req-be9028c8-0e00-4a70-a9c8-8ce1f0f937a9 - - - - - -] 10.0.0.2 "GET /" status: 200 len: 136 microversion: 1.0
2026-05-19 21:18:20.763 8 INFO placement.requestlog [None req-94bde5d4-04f1-4178-9aba-aa2f049e17ff - - - - - -] 10.0.0.2 "GET /" status: 200 len: 136 microversion: 1.0
2026-05-19 21:18:30.763 8 INFO placement.requestlog [None req-bd59bfb2-3436-4517-b89f-e4e48fa18190 - - - - - -] 10.0.0.2 "GET /" status: 200 len: 136 microversion: 1.0
2026-05-19 21:18:30.763 7 INFO placement.requestlog [None req-660ab35c-ac8b-446d-91b9-09b050149fa1 - - - - - -] 10.0.0.2 "GET /" status: 200 len: 136 microversion: 1.0
2026-05-19 21:18:40.762 8 INFO placement.requestlog [None req-e4f948cb-a430-4f6f-9a00-62a38907aa20 - - - - - -] 10.0.0.2 "GET /" status: 200 len: 136 microversion: 1.0
2026-05-19 21:18:40.763 7 INFO placement.requestlog [None req-2d2cb7d2-a56a-4bd5-9b74-20ce2f97aeb2 - - - - - -] 10.0.0.2 "GET /" status: 200 len: 136 microversion: 1.0
2026-05-19 21:18:45.739 8 INFO placement.requestlog [req-b74ae586-3d29-41c2-94c9-b8e7222612eb req-549d0393-0b33-4bee-945f-84c16f006357 baa61e16488344c79b06d6b359f6252a 488a139251a14bf8aec66d2c293391fc - - 3e4c4b94dc96482f9e02bd2ee3327434 3e4c4b94dc96482f9e02bd2ee3327434] 199.204.45.78 "GET /resource_providers/001f7619-3ca2-411e-b992-594ea5e7b950/allocations" status: 200 len: 54 microversion: 1.0 [pid: 8|app: 0|req: 328/657] 199.204.45.78 () {32 vars in 856 bytes} [Tue May 19 21:18:45 2026] GET /resource_providers/001f7619-3ca2-411e-b992-594ea5e7b950/allocations => generated 54 bytes in 17 msecs (HTTP/1.1 200) 6 headers in 223 bytes (1 switches on core 0)
2026-05-19 21:18:45.761 7 INFO placement.requestlog [req-b74ae586-3d29-41c2-94c9-b8e7222612eb req-a187a66f-ee9a-4901-8916-b934fdb24cae baa61e16488344c79b06d6b359f6252a 488a139251a14bf8aec66d2c293391fc - - 3e4c4b94dc96482f9e02bd2ee3327434 3e4c4b94dc96482f9e02bd2ee3327434] 199.204.45.78 "GET /resource_providers/001f7619-3ca2-411e-b992-594ea5e7b950/allocations" status: 200 len: 54 microversion: 1.0 [pid: 7|app: 0|req: 330/658] 199.204.45.78 () {32 vars in 856 bytes} [Tue May 19 21:18:45 2026] GET /resource_providers/001f7619-3ca2-411e-b992-594ea5e7b950/allocations => generated 54 bytes in 13 msecs (HTTP/1.1 200) 6 headers in 223 bytes (1 switches on core 0)
2026-05-19 21:18:50.763 8 INFO placement.requestlog [None req-4014a622-b847-4033-b5a9-ab375e3d876e - - - - - -] 10.0.0.2 "GET /" status: 200 len: 136 microversion: 1.0
2026-05-19 21:18:50.763 7 INFO placement.requestlog [None req-1e6e4376-427a-4c70-a680-9e5f93cb7705 - - - - - -] 10.0.0.2 "GET /" status: 200 len: 136 microversion: 1.0
2026-05-19 21:19:00.762 8 INFO placement.requestlog [None req-a9e9c7d6-ae0f-4ae6-a184-62d66b2b2f03 - - - - - -] 10.0.0.2 "GET /" status: 200 len: 136 microversion: 1.0
2026-05-19 21:19:00.762 7 INFO placement.requestlog [None req-c4e472fc-9e2d-4190-97f6-3fc4871e5258 - - - - - -] 10.0.0.2 "GET /" status: 200 len: 136 microversion: 1.0
2026-05-19 21:19:10.762 8 INFO placement.requestlog [None req-2c0853ec-81f0-47c7-93d9-6cef3e532373 - - - - - -] 10.0.0.2 "GET /" status: 200 len: 136 microversion: 1.0
2026-05-19 21:19:10.763 7 INFO placement.requestlog [None req-d4b23f13-5853-443a-a1b3-01b0e93acc78 - - - - - -] 10.0.0.2 "GET /" status: 200 len: 136 microversion: 1.0
2026-05-19 21:19:20.764 8 INFO placement.requestlog [None req-765d7630-a230-4714-a3fe-4211266c0279 - - - - - -] 10.0.0.2 "GET /" status: 200 len: 136 microversion: 1.0
2026-05-19 21:19:20.764 7 INFO placement.requestlog [None req-83281291-a2ad-4f99-8c61-cfd582637818 - - - - - -] 10.0.0.2 "GET /" status: 200 len: 136 microversion: 1.0
2026-05-19 21:19:30.762 7 INFO placement.requestlog [None req-13f591e4-da1e-40d0-bbed-c21bce97c509 - - - - - -] 10.0.0.2 "GET /" status: 200 len: 136 microversion: 1.0
2026-05-19 21:19:30.762 8 INFO placement.requestlog [None req-5bb0b626-b34c-499c-9d27-a9617dc94c77 - - - - - -] 10.0.0.2 "GET /" status: 200 len: 136 microversion: 1.0
2026-05-19 21:19:40.762 8 INFO placement.requestlog [None req-204d81d8-9f4d-49c4-b478-7a624d4c15bf - - - - - -] 10.0.0.2 "GET /" status: 200 len: 136 microversion: 1.0
2026-05-19 21:19:40.764 7 INFO placement.requestlog [None req-ba91959b-7436-4d00-8297-a72da3d8d52c - - - - - -] 10.0.0.2 "GET /" status: 200 len: 136 microversion: 1.0
2026-05-19 21:19:46.758 8 INFO placement.requestlog [req-f35942bc-0325-486d-aa6c-12f3ec78abe8 req-cc100729-d502-4f04-890e-e21a39657e37 baa61e16488344c79b06d6b359f6252a 488a139251a14bf8aec66d2c293391fc - - 3e4c4b94dc96482f9e02bd2ee3327434 3e4c4b94dc96482f9e02bd2ee3327434] 199.204.45.78 "GET /resource_providers/001f7619-3ca2-411e-b992-594ea5e7b950/allocations" status: 200 len: 54 microversion: 1.0 [pid: 8|app: 0|req: 335/671] 199.204.45.78 () {32 vars in 856 bytes} [Tue May 19 21:19:46 2026] GET /resource_providers/001f7619-3ca2-411e-b992-594ea5e7b950/allocations => generated 54 bytes in 132 msecs (HTTP/1.1 200) 6 headers in 223 bytes (1 switches on core 0)
2026-05-19 21:19:46.798 7 INFO placement.requestlog [req-f35942bc-0325-486d-aa6c-12f3ec78abe8 req-0872753c-1720-4dfc-8758-c8fb5fc9f09e baa61e16488344c79b06d6b359f6252a 488a139251a14bf8aec66d2c293391fc - - 3e4c4b94dc96482f9e02bd2ee3327434 3e4c4b94dc96482f9e02bd2ee3327434] 199.204.45.78 "GET /resource_providers?in_tree=001f7619-3ca2-411e-b992-594ea5e7b950" status: 200 len: 797 microversion: 1.14 [pid: 7|app: 0|req: 337/672] 199.204.45.78 () {34 vars in 891 bytes} [Tue May 19 21:19:46 2026] GET /resource_providers?in_tree=001f7619-3ca2-411e-b992-594ea5e7b950 => generated 797 bytes in 32 msecs (HTTP/1.1 200) 6 headers in 225 bytes (1 switches on core 0)
2026-05-19 21:19:46.823 8 INFO placement.requestlog [req-f35942bc-0325-486d-aa6c-12f3ec78abe8 req-2aa9593a-2276-4457-b455-bc46c198b298 baa61e16488344c79b06d6b359f6252a 488a139251a14bf8aec66d2c293391fc - - 3e4c4b94dc96482f9e02bd2ee3327434 3e4c4b94dc96482f9e02bd2ee3327434] 199.204.45.78 "GET /resource_providers/001f7619-3ca2-411e-b992-594ea5e7b950/inventories" status: 200 len: 400 microversion: 1.0 [pid: 8|app: 0|req: 336/673] 199.204.45.78 () {32 vars in 856 bytes} [Tue May 19 21:19:46 2026] GET /resource_providers/001f7619-3ca2-411e-b992-594ea5e7b950/inventories => generated 400 bytes in 20 msecs (HTTP/1.1 200) 6 headers in 224 bytes (1 switches on core 0)
2026-05-19 21:19:46.841 7 INFO placement.requestlog [req-f35942bc-0325-486d-aa6c-12f3ec78abe8 req-b1861a56-5ecb-443c-a05f-2c61e1018ba7 baa61e16488344c79b06d6b359f6252a 488a139251a14bf8aec66d2c293391fc - - 3e4c4b94dc96482f9e02bd2ee3327434 3e4c4b94dc96482f9e02bd2ee3327434] 199.204.45.78 "GET /resource_providers/001f7619-3ca2-411e-b992-594ea5e7b950/aggregates" status: 200 len: 53 microversion: 1.19 [pid: 7|app: 0|req: 338/674] 199.204.45.78 () {34 vars in 898 bytes} [Tue May 19 21:19:46 2026] GET /resource_providers/001f7619-3ca2-411e-b992-594ea5e7b950/aggregates => generated 53 bytes in 13 msecs (HTTP/1.1 200) 8 headers in 295 bytes (1 switches on core 0)
2026-05-19 21:19:46.870 8 INFO placement.requestlog [req-f35942bc-0325-486d-aa6c-12f3ec78abe8 req-7086f1ca-a128-4220-a9b5-6e829d596f6a baa61e16488344c79b06d6b359f6252a 488a139251a14bf8aec66d2c293391fc - - 3e4c4b94dc96482f9e02bd2ee3327434 3e4c4b94dc96482f9e02bd2ee3327434] 199.204.45.78 "GET /resource_providers/001f7619-3ca2-411e-b992-594ea5e7b950/traits" status: 200 len: 2316 microversion: 1.6 [pid: 8|app: 0|req: 337/675] 199.204.45.78 () {34 vars in 889 bytes} [Tue May 19 21:19:46 2026] GET /resource_providers/001f7619-3ca2-411e-b992-594ea5e7b950/traits => generated 2316 bytes in 17 msecs (HTTP/1.1 200) 6 headers in 225 bytes (1 switches on core 0)
2026-05-19 21:19:46.893 7 INFO placement.requestlog [req-f35942bc-0325-486d-aa6c-12f3ec78abe8 req-31d59191-5c6a-497a-8a1d-10f962335d61 baa61e16488344c79b06d6b359f6252a 488a139251a14bf8aec66d2c293391fc - - 3e4c4b94dc96482f9e02bd2ee3327434 3e4c4b94dc96482f9e02bd2ee3327434] 199.204.45.78 "GET /resource_providers/001f7619-3ca2-411e-b992-594ea5e7b950/allocations" status: 200 len: 54 microversion: 1.0 [pid: 7|app: 0|req: 339/676] 199.204.45.78 () {32 vars in 856 bytes} [Tue May 19 21:19:46 2026] GET /resource_providers/001f7619-3ca2-411e-b992-594ea5e7b950/allocations => generated 54 bytes in 15 msecs (HTTP/1.1 200) 6 headers in 223 bytes (1 switches on core 0)
2026-05-19 21:19:47.740 8 INFO placement.requestlog [req-90c5fa98-0a80-4814-b8f3-d5197f1ba6e0 req-90ed2769-ee5e-4ad8-9bb9-e4716d8cb057 baa61e16488344c79b06d6b359f6252a 488a139251a14bf8aec66d2c293391fc - - 3e4c4b94dc96482f9e02bd2ee3327434 3e4c4b94dc96482f9e02bd2ee3327434] 10.0.0.213 "GET /allocation_candidates?limit=1000&resources=DISK_GB%3A1%2CMEMORY_MB%3A512%2CVCPU%3A1&root_required=%21COMPUTE_STATUS_DISABLED" status: 200 len: 2781 microversion: 1.36 [pid: 8|app: 0|req: 338/677] 10.0.0.213 () {34 vars in 1012 bytes} [Tue May 19 21:19:47 2026] GET /allocation_candidates?limit=1000&resources=DISK_GB%3A1%2CMEMORY_MB%3A512%2CVCPU%3A1&root_required=%21COMPUTE_STATUS_DISABLED => generated 2781 bytes in 307 msecs (HTTP/1.1 200) 8 headers in 297 bytes (1 switches on core 0)
2026-05-19 21:19:47.778 8 INFO placement.requestlog [req-90c5fa98-0a80-4814-b8f3-d5197f1ba6e0 req-ff169386-04e0-45c8-bd6c-d408cca44c2b baa61e16488344c79b06d6b359f6252a 488a139251a14bf8aec66d2c293391fc - - 3e4c4b94dc96482f9e02bd2ee3327434 3e4c4b94dc96482f9e02bd2ee3327434] 10.0.0.213 "GET /allocations/0d308859-560a-4141-85a5-d78744a8c9f2" status: 200 len: 19 microversion: 1.28 [pid: 8|app: 0|req: 339/678] 10.0.0.213 () {34 vars in 861 bytes} [Tue May 19 21:19:47 2026] GET /allocations/0d308859-560a-4141-85a5-d78744a8c9f2 => generated 19 bytes in 10 msecs (HTTP/1.1 200) 8 headers in 295 bytes (1 switches on core 0)
2026-05-19 21:19:47.819 8 INFO placement.requestlog [None req-05150961-4dbe-4d44-b5d4-72a9517b41aa aca7a274c21445dba92bc4e9bb94e6bc 488a139251a14bf8aec66d2c293391fc - - 3e4c4b94dc96482f9e02bd2ee3327434 3e4c4b94dc96482f9e02bd2ee3327434] 10.0.0.201 "GET /resource_providers/09029f10-4341-4ec5-a683-656a53779832/aggregates" status: 404 len: 235 microversion: 1.1 [pid: 8|app: 0|req: 340/679] 10.0.0.201 () {32 vars in 816 bytes} [Tue May 19 21:19:47 2026] GET /resource_providers/09029f10-4341-4ec5-a683-656a53779832/aggregates => generated 235 bytes in 40 msecs (HTTP/1.1 404) 5 headers in 202 bytes (1 switches on core 0)
2026-05-19 21:19:47.824 7 INFO placement.requestlog [None req-525b1ce3-2b11-4a20-a047-98d5604c7271 aca7a274c21445dba92bc4e9bb94e6bc 488a139251a14bf8aec66d2c293391fc - - 3e4c4b94dc96482f9e02bd2ee3327434 3e4c4b94dc96482f9e02bd2ee3327434] 10.0.0.201 "GET /resource_providers/09029f10-4341-4ec5-a683-656a53779832/aggregates" status: 404 len: 235 microversion: 1.1 [pid: 7|app: 0|req: 340/680] 10.0.0.201 () {32 vars in 816 bytes} [Tue May 19 21:19:47 2026] GET /resource_providers/09029f10-4341-4ec5-a683-656a53779832/aggregates => generated 235 bytes in 57 msecs (HTTP/1.1 404) 5 headers in 202 bytes (1 switches on core 0)
2026-05-19 21:19:47.846 7 INFO placement.requestlog [None req-eea8e7b8-dafe-459f-bc5c-66ed39e4936a aca7a274c21445dba92bc4e9bb94e6bc 488a139251a14bf8aec66d2c293391fc - - 3e4c4b94dc96482f9e02bd2ee3327434 3e4c4b94dc96482f9e02bd2ee3327434] 10.0.0.201 "DELETE /resource_providers/09029f10-4341-4ec5-a683-656a53779832" status: 404 len: 246 microversion: 1.1 [pid: 7|app: 0|req: 341/681] 10.0.0.201 () {34 vars in 816 bytes} [Tue May 19 21:19:47 2026] DELETE /resource_providers/09029f10-4341-4ec5-a683-656a53779832 => generated 246 bytes in 8 msecs (HTTP/1.1 404) 6 headers in 231 bytes (1 switches on core 0)
2026-05-19 21:19:47.853 7 INFO placement.requestlog [None req-0f9557a2-1c88-41d2-95d3-221660b98acf aca7a274c21445dba92bc4e9bb94e6bc 488a139251a14bf8aec66d2c293391fc - - 3e4c4b94dc96482f9e02bd2ee3327434 3e4c4b94dc96482f9e02bd2ee3327434] 10.0.0.201 "DELETE /resource_providers/09029f10-4341-4ec5-a683-656a53779832" status: 404 len: 246 microversion: 1.1 [pid: 7|app: 0|req: 342/682] 10.0.0.201 () {34 vars in 816 bytes} [Tue May 19 21:19:47 2026] DELETE /resource_providers/09029f10-4341-4ec5-a683-656a53779832 => generated 246 bytes in 6 msecs (HTTP/1.1 404) 6 headers in 231 bytes (1 switches on core 0)
2026-05-19 21:19:47.900 8 INFO placement.requestlog [req-90c5fa98-0a80-4814-b8f3-d5197f1ba6e0 req-9f172bd2-4649-461a-bf00-38a5b84563b0 baa61e16488344c79b06d6b359f6252a 488a139251a14bf8aec66d2c293391fc - - 3e4c4b94dc96482f9e02bd2ee3327434 3e4c4b94dc96482f9e02bd2ee3327434] 10.0.0.213 "PUT /allocations/0d308859-560a-4141-85a5-d78744a8c9f2" status: 204 len: 0 microversion: 1.36 [pid: 8|app: 0|req: 341/683] 10.0.0.213 () {38 vars in 914 bytes} [Tue May 19 21:19:47 2026] PUT /allocations/0d308859-560a-4141-85a5-d78744a8c9f2 => generated 0 bytes in 81 msecs (HTTP/1.1 204) 5 headers in 199 bytes (1 switches on core 0)
2026-05-19 21:19:48.267 7 INFO placement.requestlog [req-1292afdd-a901-4894-97f2-d96bf2c3c591 req-8fd76747-cb47-42df-9b2a-1c094a970741 baa61e16488344c79b06d6b359f6252a 488a139251a14bf8aec66d2c293391fc - - 3e4c4b94dc96482f9e02bd2ee3327434 3e4c4b94dc96482f9e02bd2ee3327434] 10.0.0.213 "GET /allocation_candidates?limit=1000&resources=DISK_GB%3A1%2CMEMORY_MB%3A512%2CVCPU%3A1&root_required=%21COMPUTE_STATUS_DISABLED" status: 200 len: 2783 microversion: 1.36 [pid: 7|app: 0|req: 343/684] 10.0.0.213 () {34 vars in 1012 bytes} [Tue May 19 21:19:48 2026] GET /allocation_candidates?limit=1000&resources=DISK_GB%3A1%2CMEMORY_MB%3A512%2CVCPU%3A1&root_required=%21COMPUTE_STATUS_DISABLED => generated 2783 bytes in 68 msecs (HTTP/1.1 200) 8 headers in 297 bytes (1 switches on core 0)
2026-05-19 21:19:48.309 8 INFO placement.requestlog [req-1292afdd-a901-4894-97f2-d96bf2c3c591 req-c76173af-6df1-4b83-83b1-4fe9d289edef baa61e16488344c79b06d6b359f6252a 488a139251a14bf8aec66d2c293391fc - - 3e4c4b94dc96482f9e02bd2ee3327434 3e4c4b94dc96482f9e02bd2ee3327434] 10.0.0.213 "GET /allocations/d1cdcf5b-dd6b-498c-a7c4-57b46d1ef903" status: 200 len: 19 microversion: 1.28 [pid: 8|app: 0|req: 342/685] 10.0.0.213 () {34 vars in 861 bytes} [Tue May 19 21:19:48 2026] GET /allocations/d1cdcf5b-dd6b-498c-a7c4-57b46d1ef903 => generated 19 bytes in 11 msecs (HTTP/1.1 200) 8 headers in 295 bytes (1 switches on core 0)
2026-05-19 21:19:48.392 7 INFO placement.requestlog [req-1292afdd-a901-4894-97f2-d96bf2c3c591 req-4f41dd57-c0c9-48c1-8934-c367751a9912 baa61e16488344c79b06d6b359f6252a 488a139251a14bf8aec66d2c293391fc - - 3e4c4b94dc96482f9e02bd2ee3327434 3e4c4b94dc96482f9e02bd2ee3327434] 10.0.0.213 "PUT /allocations/d1cdcf5b-dd6b-498c-a7c4-57b46d1ef903" status: 204 len: 0 microversion: 1.36 [pid: 7|app: 0|req: 344/686] 10.0.0.213 () {38 vars in 914 bytes} [Tue May 19 21:19:48 2026] PUT /allocations/d1cdcf5b-dd6b-498c-a7c4-57b46d1ef903 => generated 0 bytes in 76 msecs (HTTP/1.1 204) 5 headers in 199 bytes (1 switches on core 0)
2026-05-19 21:19:49.259 8 INFO placement.requestlog [req-90c5fa98-0a80-4814-b8f3-d5197f1ba6e0 req-5738effe-bd1f-4e72-9f40-43bb4403d380 baa61e16488344c79b06d6b359f6252a 488a139251a14bf8aec66d2c293391fc - - 3e4c4b94dc96482f9e02bd2ee3327434 3e4c4b94dc96482f9e02bd2ee3327434] 199.204.45.78 "GET /allocations/0d308859-560a-4141-85a5-d78744a8c9f2" status: 200 len: 257 microversion: 1.28 [pid: 8|app: 0|req: 343/687] 199.204.45.78 () {34 vars in 862 bytes} [Tue May 19 21:19:49 2026] GET /allocations/0d308859-560a-4141-85a5-d78744a8c9f2 => generated 257 bytes in 11 msecs (HTTP/1.1 200) 8 headers in 296 bytes (1 switches on core 0)
2026-05-19 21:19:49.875 7 INFO placement.requestlog [None req-c082f35e-cfb3-468f-b23d-1e582dc2bc3e aca7a274c21445dba92bc4e9bb94e6bc 488a139251a14bf8aec66d2c293391fc - - 3e4c4b94dc96482f9e02bd2ee3327434 3e4c4b94dc96482f9e02bd2ee3327434] 10.0.0.201 "GET /resource_providers/a9f09f10-d9e1-416a-b14d-240e894d0814/aggregates" status: 404 len: 235 microversion: 1.1 [pid: 7|app: 0|req: 345/688] 10.0.0.201 () {32 vars in 816 bytes} [Tue May 19 21:19:49 2026] GET /resource_providers/a9f09f10-d9e1-416a-b14d-240e894d0814/aggregates => generated 235 bytes in 11 msecs (HTTP/1.1 404) 5 headers in 202 bytes (1 switches on core 0)
2026-05-19 21:19:49.885 8 INFO placement.requestlog [None req-5004b10b-1467-4e4a-90c6-c64c2f6deceb aca7a274c21445dba92bc4e9bb94e6bc 488a139251a14bf8aec66d2c293391fc - - 3e4c4b94dc96482f9e02bd2ee3327434 3e4c4b94dc96482f9e02bd2ee3327434] 10.0.0.201 "GET /resource_providers/a9f09f10-d9e1-416a-b14d-240e894d0814/aggregates" status: 404 len: 235 microversion: 1.1 [pid: 8|app: 0|req: 344/689] 10.0.0.201 () {32 vars in 816 bytes} [Tue May 19 21:19:49 2026] GET /resource_providers/a9f09f10-d9e1-416a-b14d-240e894d0814/aggregates => generated 235 bytes in 17 msecs (HTTP/1.1 404) 5 headers in 202 bytes (1 switches on core 0)
2026-05-19 21:19:49.892 7 INFO placement.requestlog [None req-5f2e1dc1-cd25-4e07-b616-501ab6843945 aca7a274c21445dba92bc4e9bb94e6bc 488a139251a14bf8aec66d2c293391fc - - 3e4c4b94dc96482f9e02bd2ee3327434 3e4c4b94dc96482f9e02bd2ee3327434] 10.0.0.201 "DELETE /resource_providers/a9f09f10-d9e1-416a-b14d-240e894d0814" status: 404 len: 246 microversion: 1.1 [pid: 7|app: 0|req: 346/690] 10.0.0.201 () {34 vars in 816 bytes} [Tue May 19 21:19:49 2026] DELETE /resource_providers/a9f09f10-d9e1-416a-b14d-240e894d0814 => generated 246 bytes in 8 msecs (HTTP/1.1 404) 6 headers in 231 bytes (1 switches on core 0)
2026-05-19 21:19:49.903 8 INFO placement.requestlog [None req-6e97df15-b9bd-4a8e-99fa-12684dffbb29 aca7a274c21445dba92bc4e9bb94e6bc 488a139251a14bf8aec66d2c293391fc - - 3e4c4b94dc96482f9e02bd2ee3327434 3e4c4b94dc96482f9e02bd2ee3327434] 10.0.0.201 "DELETE /resource_providers/a9f09f10-d9e1-416a-b14d-240e894d0814" status: 404 len: 246 microversion: 1.1 [pid: 8|app: 0|req: 345/691] 10.0.0.201 () {34 vars in 816 bytes} [Tue May 19 21:19:49 2026] DELETE /resource_providers/a9f09f10-d9e1-416a-b14d-240e894d0814 => generated 246 bytes in 9 msecs (HTTP/1.1 404) 6 headers in 231 bytes (1 switches on core 0)
2026-05-19 21:19:49.939 7 INFO placement.requestlog [req-1292afdd-a901-4894-97f2-d96bf2c3c591 req-f77f8308-4134-405f-9ee3-0e13a750a499 baa61e16488344c79b06d6b359f6252a 488a139251a14bf8aec66d2c293391fc - - 3e4c4b94dc96482f9e02bd2ee3327434 3e4c4b94dc96482f9e02bd2ee3327434] 199.204.45.78 "GET /allocations/d1cdcf5b-dd6b-498c-a7c4-57b46d1ef903" status: 200 len: 257 microversion: 1.28 [pid: 7|app: 0|req: 347/692] 199.204.45.78 () {34 vars in 862 bytes} [Tue May 19 21:19:49 2026] GET /allocations/d1cdcf5b-dd6b-498c-a7c4-57b46d1ef903 => generated 257 bytes in 16 msecs (HTTP/1.1 200) 8 headers in 296 bytes (1 switches on core 0)
2026-05-19 21:19:50.302 8 INFO placement.requestlog [req-90c5fa98-0a80-4814-b8f3-d5197f1ba6e0 req-9354bb02-8e07-4ee0-a11c-0a15355e7d46 baa61e16488344c79b06d6b359f6252a 488a139251a14bf8aec66d2c293391fc - - 3e4c4b94dc96482f9e02bd2ee3327434 3e4c4b94dc96482f9e02bd2ee3327434] 199.204.45.78 "GET /resource_providers/001f7619-3ca2-411e-b992-594ea5e7b950/allocations" status: 200 len: 252 microversion: 1.0 [pid: 8|app: 0|req: 346/693] 199.204.45.78 () {32 vars in 856 bytes} [Tue May 19 21:19:50 2026] GET /resource_providers/001f7619-3ca2-411e-b992-594ea5e7b950/allocations => generated 252 bytes in 26 msecs (HTTP/1.1 200) 6 headers in 224 bytes (1 switches on core 0)
2026-05-19 21:19:50.321 7 INFO placement.requestlog [req-90c5fa98-0a80-4814-b8f3-d5197f1ba6e0 req-1d8e17a5-bff8-4319-ba81-c828528b894f baa61e16488344c79b06d6b359f6252a 488a139251a14bf8aec66d2c293391fc - - 3e4c4b94dc96482f9e02bd2ee3327434 3e4c4b94dc96482f9e02bd2ee3327434] 199.204.45.78 "GET /allocations/0d308859-560a-4141-85a5-d78744a8c9f2" status: 200 len: 257 microversion: 1.28 [pid: 7|app: 0|req: 348/694] 199.204.45.78 () {34 vars in 862 bytes} [Tue May 19 21:19:50 2026] GET /allocations/0d308859-560a-4141-85a5-d78744a8c9f2 => generated 257 bytes in 13 msecs (HTTP/1.1 200) 8 headers in 296 bytes (1 switches on core 0)
2026-05-19 21:19:50.337 8 INFO placement.requestlog [req-90c5fa98-0a80-4814-b8f3-d5197f1ba6e0 req-47ed7640-2003-4aba-a1d3-70015fdf455e baa61e16488344c79b06d6b359f6252a 488a139251a14bf8aec66d2c293391fc - - 3e4c4b94dc96482f9e02bd2ee3327434 3e4c4b94dc96482f9e02bd2ee3327434] 199.204.45.78 "GET /allocations/d1cdcf5b-dd6b-498c-a7c4-57b46d1ef903" status: 200 len: 257 microversion: 1.28 [pid: 8|app: 0|req: 347/695] 199.204.45.78 () {34 vars in 862 bytes} [Tue May 19 21:19:50 2026] GET /allocations/d1cdcf5b-dd6b-498c-a7c4-57b46d1ef903 => generated 257 bytes in 10 msecs (HTTP/1.1 200) 8 headers in 296 bytes (1 switches on core 0)
2026-05-19 21:19:50.762 7 INFO placement.requestlog [None req-1baebe96-6ede-42b0-87a1-94a1b48cfcc9 - - - - - -] 10.0.0.2 "GET /" status: 200 len: 136 microversion: 1.0
2026-05-19 21:19:50.762 8 INFO placement.requestlog [None req-141d591a-b8e5-428d-b86e-0437a83593e8 - - - - - -] 10.0.0.2 "GET /" status: 200 len: 136 microversion: 1.0
2026-05-19 21:19:51.908 7 INFO placement.requestlog [None req-a54562f4-7e40-4666-a64f-6fd7615139a0 aca7a274c21445dba92bc4e9bb94e6bc 488a139251a14bf8aec66d2c293391fc - - 3e4c4b94dc96482f9e02bd2ee3327434 3e4c4b94dc96482f9e02bd2ee3327434] 10.0.0.201 "GET /resource_providers/d4da0776-2099-4cdf-82bd-056120ad56ed/aggregates" status: 404 len: 235 microversion: 1.1 [pid: 7|app: 0|req: 350/698] 10.0.0.201 () {32 vars in 816 bytes} [Tue May 19 21:19:51 2026] GET /resource_providers/d4da0776-2099-4cdf-82bd-056120ad56ed/aggregates => generated 235 bytes in 7 msecs (HTTP/1.1 404) 5 headers in 202 bytes (1 switches on core 0)
2026-05-19 21:19:51.936 8 INFO placement.requestlog [None req-777e5242-2821-4885-920a-4570c923a2e0 aca7a274c21445dba92bc4e9bb94e6bc 488a139251a14bf8aec66d2c293391fc - - 3e4c4b94dc96482f9e02bd2ee3327434 3e4c4b94dc96482f9e02bd2ee3327434] 10.0.0.201 "GET /resource_providers/d4da0776-2099-4cdf-82bd-056120ad56ed/aggregates" status: 404 len: 235 microversion: 1.1 [pid: 8|app: 0|req: 349/699] 10.0.0.201 () {32 vars in 816 bytes} [Tue May 19 21:19:51 2026] GET /resource_providers/d4da0776-2099-4cdf-82bd-056120ad56ed/aggregates => generated 235 bytes in 21 msecs (HTTP/1.1 404) 5 headers in 202 bytes (1 switches on core 0)
2026-05-19 21:19:51.943 7 INFO placement.requestlog [None req-58c9e14f-ed6f-4bfc-afe7-6b6a0bc75209 aca7a274c21445dba92bc4e9bb94e6bc 488a139251a14bf8aec66d2c293391fc - - 3e4c4b94dc96482f9e02bd2ee3327434 3e4c4b94dc96482f9e02bd2ee3327434] 10.0.0.201 "DELETE /resource_providers/d4da0776-2099-4cdf-82bd-056120ad56ed" status: 404 len: 246 microversion: 1.1 [pid: 7|app: 0|req: 351/700] 10.0.0.201 () {34 vars in 816 bytes} [Tue May 19 21:19:51 2026] DELETE /resource_providers/d4da0776-2099-4cdf-82bd-056120ad56ed => generated 246 bytes in 24 msecs (HTTP/1.1 404) 6 headers in 231 bytes (1 switches on core 0)
2026-05-19 21:19:51.953 8 INFO placement.requestlog [None req-844d6b09-c160-483b-a44d-26f9b5401ef9 aca7a274c21445dba92bc4e9bb94e6bc 488a139251a14bf8aec66d2c293391fc - - 3e4c4b94dc96482f9e02bd2ee3327434 3e4c4b94dc96482f9e02bd2ee3327434] 10.0.0.201 "DELETE /resource_providers/d4da0776-2099-4cdf-82bd-056120ad56ed" status: 404 len: 246 microversion: 1.1 [pid: 8|app: 0|req: 350/701] 10.0.0.201 () {34 vars in 816 bytes} [Tue May 19 21:19:51 2026] DELETE /resource_providers/d4da0776-2099-4cdf-82bd-056120ad56ed => generated 246 bytes in 9 msecs (HTTP/1.1 404) 6 headers in 231 bytes (1 switches on core 0)
2026-05-19 21:19:51.971 8 INFO placement.requestlog [None req-c8f2e288-65c2-41ea-adce-62f2841cbcd1 aca7a274c21445dba92bc4e9bb94e6bc 488a139251a14bf8aec66d2c293391fc - - 3e4c4b94dc96482f9e02bd2ee3327434 3e4c4b94dc96482f9e02bd2ee3327434] 10.0.0.201 "GET /resource_providers/fb5f1c25-1367-4dba-91f8-905d54e215e9/aggregates" status: 404 len: 235 microversion: 1.1 [pid: 8|app: 0|req: 351/702] 10.0.0.201 () {32 vars in 816 bytes} [Tue May 19 21:19:51 2026] GET /resource_providers/fb5f1c25-1367-4dba-91f8-905d54e215e9/aggregates => generated 235 bytes in 8 msecs (HTTP/1.1 404) 5 headers in 202 bytes (1 switches on core 0)
2026-05-19 21:19:51.976 7 INFO placement.requestlog [None req-6663f034-6b8e-47c0-b808-5477eba7e984 aca7a274c21445dba92bc4e9bb94e6bc 488a139251a14bf8aec66d2c293391fc - - 3e4c4b94dc96482f9e02bd2ee3327434 3e4c4b94dc96482f9e02bd2ee3327434] 10.0.0.201 "GET /resource_providers/fb5f1c25-1367-4dba-91f8-905d54e215e9/aggregates" status: 404 len: 235 microversion: 1.1 [pid: 7|app: 0|req: 352/703] 10.0.0.201 () {32 vars in 816 bytes} [Tue May 19 21:19:51 2026] GET /resource_providers/fb5f1c25-1367-4dba-91f8-905d54e215e9/aggregates => generated 235 bytes in 20 msecs (HTTP/1.1 404) 5 headers in 202 bytes (1 switches on core 0)
2026-05-19 21:19:51.990 7 INFO placement.requestlog [None req-e9595486-0282-46b6-bd0f-e8c4410e2902 aca7a274c21445dba92bc4e9bb94e6bc 488a139251a14bf8aec66d2c293391fc - - 3e4c4b94dc96482f9e02bd2ee3327434 3e4c4b94dc96482f9e02bd2ee3327434] 10.0.0.201 "DELETE /resource_providers/fb5f1c25-1367-4dba-91f8-905d54e215e9" status: 404 len: 246 microversion: 1.1 [pid: 7|app: 0|req: 353/704] 10.0.0.201 () {34 vars in 816 bytes} [Tue May 19 21:19:51 2026] DELETE /resource_providers/fb5f1c25-1367-4dba-91f8-905d54e215e9 => generated 246 bytes in 9 msecs (HTTP/1.1 404) 6 headers in 231 bytes (1 switches on core 0)
2026-05-19 21:19:51.993 8 INFO placement.requestlog [None req-0123d2c3-b730-45de-b968-8a89e47bba3a aca7a274c21445dba92bc4e9bb94e6bc 488a139251a14bf8aec66d2c293391fc - - 3e4c4b94dc96482f9e02bd2ee3327434 3e4c4b94dc96482f9e02bd2ee3327434] 10.0.0.201 "DELETE /resource_providers/fb5f1c25-1367-4dba-91f8-905d54e215e9" status: 404 len: 246 microversion: 1.1 [pid: 8|app: 0|req: 352/705] 10.0.0.201 () {34 vars in 816 bytes} [Tue May 19 21:19:51 2026] DELETE /resource_providers/fb5f1c25-1367-4dba-91f8-905d54e215e9 => generated 246 bytes in 13 msecs (HTTP/1.1 404) 6 headers in 231 bytes (1 switches on core 0)
2026-05-19 21:19:52.394 7 INFO placement.requestlog [req-1292afdd-a901-4894-97f2-d96bf2c3c591 req-acc74fb0-03ee-4e90-9948-75f93537fa15 baa61e16488344c79b06d6b359f6252a 488a139251a14bf8aec66d2c293391fc - - 3e4c4b94dc96482f9e02bd2ee3327434 3e4c4b94dc96482f9e02bd2ee3327434] 199.204.45.78 "GET /resource_providers/001f7619-3ca2-411e-b992-594ea5e7b950/allocations" status: 200 len: 252 microversion: 1.0 [pid: 7|app: 0|req: 354/706] 199.204.45.78 () {32 vars in 856 bytes} [Tue May 19 21:19:52 2026] GET /resource_providers/001f7619-3ca2-411e-b992-594ea5e7b950/allocations => generated 252 bytes in 11 msecs (HTTP/1.1 200) 6 headers in 224 bytes (1 switches on core 0)
2026-05-19 21:19:52.431 8 INFO placement.requestlog [req-1292afdd-a901-4894-97f2-d96bf2c3c591 req-1364a16f-d1d0-4e34-82ea-549137f33f5b baa61e16488344c79b06d6b359f6252a 488a139251a14bf8aec66d2c293391fc - - 3e4c4b94dc96482f9e02bd2ee3327434 3e4c4b94dc96482f9e02bd2ee3327434] 199.204.45.78 "GET /allocations/0d308859-560a-4141-85a5-d78744a8c9f2" status: 200 len: 257 microversion: 1.28 [pid: 8|app: 0|req: 353/707] 199.204.45.78 () {34 vars in 862 bytes} [Tue May 19 21:19:52 2026] GET /allocations/0d308859-560a-4141-85a5-d78744a8c9f2 => generated 257 bytes in 33 msecs (HTTP/1.1 200) 8 headers in 296 bytes (1 switches on core 0)
2026-05-19 21:19:52.452 7 INFO placement.requestlog [req-1292afdd-a901-4894-97f2-d96bf2c3c591 req-2b02123d-6d99-4741-bf43-9f94a7f37e77 baa61e16488344c79b06d6b359f6252a 488a139251a14bf8aec66d2c293391fc - - 3e4c4b94dc96482f9e02bd2ee3327434 3e4c4b94dc96482f9e02bd2ee3327434] 199.204.45.78 "GET /allocations/d1cdcf5b-dd6b-498c-a7c4-57b46d1ef903" status: 200 len: 257 microversion: 1.28 [pid: 7|app: 0|req: 355/708] 199.204.45.78 () {34 vars in 862 bytes} [Tue May 19 21:19:52 2026] GET /allocations/d1cdcf5b-dd6b-498c-a7c4-57b46d1ef903 => generated 257 bytes in 15 msecs (HTTP/1.1 200) 8 headers in 296 bytes (1 switches on core 0)
2026-05-19 21:20:00.762 8 INFO placement.requestlog [None req-feb2f362-fadd-452f-a83e-1ea880fd07be - - - - - -] 10.0.0.2 "GET /" status: 200 len: 136 microversion: 1.0
2026-05-19 21:20:00.763 7 INFO placement.requestlog [None req-4bab4b21-c8b5-4074-a584-eabcef32fb04 - - - - - -] 10.0.0.2 "GET /" status: 200 len: 136 microversion: 1.0
2026-05-19 21:20:04.760 8 INFO placement.requestlog [req-9ccbbb20-10c0-47fd-a4c1-fd0f0886bf66 req-7b82572c-95da-4799-8516-647215e30267 baa61e16488344c79b06d6b359f6252a 488a139251a14bf8aec66d2c293391fc - - 3e4c4b94dc96482f9e02bd2ee3327434 3e4c4b94dc96482f9e02bd2ee3327434] 10.0.0.213 "GET /allocation_candidates?limit=1000&resources=MEMORY_MB%3A512%2CVCPU%3A1&root_required=%21COMPUTE_STATUS_DISABLED" status: 200 len: 2770 microversion: 1.36 [pid: 8|app: 0|req: 355/711] 10.0.0.213 () {34 vars in 984 bytes} [Tue May 19 21:20:04 2026] GET /allocation_candidates?limit=1000&resources=MEMORY_MB%3A512%2CVCPU%3A1&root_required=%21COMPUTE_STATUS_DISABLED => generated 2770 bytes in 51 msecs (HTTP/1.1 200) 8 headers in 297 bytes (1 switches on core 0)
2026-05-19 21:20:04.785 7 INFO placement.requestlog [req-9ccbbb20-10c0-47fd-a4c1-fd0f0886bf66 req-2563e25e-7027-4774-90d7-023d24061051 baa61e16488344c79b06d6b359f6252a 488a139251a14bf8aec66d2c293391fc - - 3e4c4b94dc96482f9e02bd2ee3327434 3e4c4b94dc96482f9e02bd2ee3327434] 10.0.0.213 "GET /allocations/254046ec-801e-4bbf-877e-bad2ffb4c10a" status: 200 len: 19 microversion: 1.28 [pid: 7|app: 0|req: 357/712] 10.0.0.213 () {34 vars in 861 bytes} [Tue May 19 21:20:04 2026] GET /allocations/254046ec-801e-4bbf-877e-bad2ffb4c10a => generated 19 bytes in 8 msecs (HTTP/1.1 200) 8 headers in 295 bytes (1 switches on core 0)
2026-05-19 21:20:04.874 8 INFO placement.requestlog [req-9ccbbb20-10c0-47fd-a4c1-fd0f0886bf66 req-fa799c5a-9507-4af8-bae2-b346fbe73dfd baa61e16488344c79b06d6b359f6252a 488a139251a14bf8aec66d2c293391fc - - 3e4c4b94dc96482f9e02bd2ee3327434 3e4c4b94dc96482f9e02bd2ee3327434] 10.0.0.213 "PUT /allocations/254046ec-801e-4bbf-877e-bad2ffb4c10a" status: 204 len: 0 microversion: 1.36 [pid: 8|app: 0|req: 356/713] 10.0.0.213 () {38 vars in 914 bytes} [Tue May 19 21:20:04 2026] PUT /allocations/254046ec-801e-4bbf-877e-bad2ffb4c10a => generated 0 bytes in 83 msecs (HTTP/1.1 204) 5 headers in 199 bytes (1 switches on core 0)
2026-05-19 21:20:06.396 7 INFO placement.requestlog [req-9ccbbb20-10c0-47fd-a4c1-fd0f0886bf66 req-dd777f91-3a20-448a-be2f-5e9440870283 baa61e16488344c79b06d6b359f6252a 488a139251a14bf8aec66d2c293391fc - - 3e4c4b94dc96482f9e02bd2ee3327434 3e4c4b94dc96482f9e02bd2ee3327434] 199.204.45.78 "GET /allocations/254046ec-801e-4bbf-877e-bad2ffb4c10a" status: 200 len: 243 microversion: 1.28 [pid: 7|app: 0|req: 358/714] 199.204.45.78 () {34 vars in 862 bytes} [Tue May 19 21:20:06 2026] GET /allocations/254046ec-801e-4bbf-877e-bad2ffb4c10a => generated 243 bytes in 10 msecs (HTTP/1.1 200) 8 headers in 296 bytes (1 switches on core 0)
2026-05-19 21:20:07.452 8 INFO placement.requestlog [req-9ccbbb20-10c0-47fd-a4c1-fd0f0886bf66 req-e1a5f13e-f9a9-46ab-bb72-f636fd23ff38 baa61e16488344c79b06d6b359f6252a 488a139251a14bf8aec66d2c293391fc - - 3e4c4b94dc96482f9e02bd2ee3327434 3e4c4b94dc96482f9e02bd2ee3327434] 199.204.45.78 "GET /resource_providers/001f7619-3ca2-411e-b992-594ea5e7b950/allocations" status: 200 len: 338 microversion: 1.0 [pid: 8|app: 0|req: 357/715] 199.204.45.78 () {32 vars in 856 bytes} [Tue May 19 21:20:07 2026] GET /resource_providers/001f7619-3ca2-411e-b992-594ea5e7b950/allocations => generated 338 bytes in 33 msecs (HTTP/1.1 200) 6 headers in 224 bytes (1 switches on core 0)
2026-05-19 21:20:07.483 7 INFO placement.requestlog [req-9ccbbb20-10c0-47fd-a4c1-fd0f0886bf66 req-3a44a816-2aa6-47ca-9ef8-b3e79fb330e5 baa61e16488344c79b06d6b359f6252a 488a139251a14bf8aec66d2c293391fc - - 3e4c4b94dc96482f9e02bd2ee3327434 3e4c4b94dc96482f9e02bd2ee3327434] 199.204.45.78 "GET /allocations/0d308859-560a-4141-85a5-d78744a8c9f2" status: 200 len: 257 microversion: 1.28 [pid: 7|app: 0|req: 359/716] 199.204.45.78 () {34 vars in 862 bytes} [Tue May 19 21:20:07 2026] GET /allocations/0d308859-560a-4141-85a5-d78744a8c9f2 => generated 257 bytes in 15 msecs (HTTP/1.1 200) 8 headers in 296 bytes (1 switches on core 0)
