2026-05-19 21:23:16.660 7 INFO placement.requestlog [None req-0d90e903-4056-461a-a0ac-89e25c327f9d aca7a274c21445dba92bc4e9bb94e6bc 488a139251a14bf8aec66d2c293391fc - - 3e4c4b94dc96482f9e02bd2ee3327434 3e4c4b94dc96482f9e02bd2ee3327434] 10.0.0.201 "DELETE /resource_providers/19b7de2a-6fa5-4bfe-908d-fa397d357ef1" status: 404 len: 246 microversion: 1.1 [pid: 7|app: 0|req: 575/1145] 10.0.0.201 () {34 vars in 816 bytes} [Tue May 19 21:23:16 2026] DELETE /resource_providers/19b7de2a-6fa5-4bfe-908d-fa397d357ef1 => generated 246 bytes in 8 msecs (HTTP/1.1 404) 6 headers in 231 bytes (1 switches on core 0)
2026-05-19 21:23:16.661 8 INFO placement.requestlog [None req-b7c4a994-2f08-4ae6-b086-58e36aa6f078 aca7a274c21445dba92bc4e9bb94e6bc 488a139251a14bf8aec66d2c293391fc - - 3e4c4b94dc96482f9e02bd2ee3327434 3e4c4b94dc96482f9e02bd2ee3327434] 10.0.0.201 "GET /resource_providers/19b7de2a-6fa5-4bfe-908d-fa397d357ef1/aggregates" status: 404 len: 235 microversion: 1.1 [pid: 8|app: 0|req: 571/1146] 10.0.0.201 () {32 vars in 816 bytes} [Tue May 19 21:23:16 2026] GET /resource_providers/19b7de2a-6fa5-4bfe-908d-fa397d357ef1/aggregates => generated 235 bytes in 14 msecs (HTTP/1.1 404) 5 headers in 202 bytes (1 switches on core 0)
2026-05-19 21:23:16.675 7 INFO placement.requestlog [None req-a7f80e81-1901-41d2-9399-c37a01ac5929 aca7a274c21445dba92bc4e9bb94e6bc 488a139251a14bf8aec66d2c293391fc - - 3e4c4b94dc96482f9e02bd2ee3327434 3e4c4b94dc96482f9e02bd2ee3327434] 10.0.0.201 "DELETE /resource_providers/19b7de2a-6fa5-4bfe-908d-fa397d357ef1" status: 404 len: 246 microversion: 1.1 [pid: 7|app: 0|req: 576/1147] 10.0.0.201 () {34 vars in 816 bytes} [Tue May 19 21:23:16 2026] DELETE /resource_providers/19b7de2a-6fa5-4bfe-908d-fa397d357ef1 => generated 246 bytes in 7 msecs (HTTP/1.1 404) 6 headers in 231 bytes (1 switches on core 0)
2026-05-19 21:23:16.681 8 INFO placement.requestlog [None req-c455a89b-a9ff-418f-9327-899e0ad9daa8 aca7a274c21445dba92bc4e9bb94e6bc 488a139251a14bf8aec66d2c293391fc - - 3e4c4b94dc96482f9e02bd2ee3327434 3e4c4b94dc96482f9e02bd2ee3327434] 10.0.0.201 "GET /resource_providers/0851d338-422a-4dc1-8efc-4ed6c1061d95/aggregates" status: 404 len: 235 microversion: 1.1 [pid: 8|app: 0|req: 572/1148] 10.0.0.201 () {32 vars in 816 bytes} [Tue May 19 21:23:16 2026] GET /resource_providers/0851d338-422a-4dc1-8efc-4ed6c1061d95/aggregates => generated 235 bytes in 12 msecs (HTTP/1.1 404) 5 headers in 202 bytes (1 switches on core 0)
2026-05-19 21:23:16.691 7 INFO placement.requestlog [None req-2736abbf-52b5-41ef-8558-2a39daade4db aca7a274c21445dba92bc4e9bb94e6bc 488a139251a14bf8aec66d2c293391fc - - 3e4c4b94dc96482f9e02bd2ee3327434 3e4c4b94dc96482f9e02bd2ee3327434] 10.0.0.201 "GET /resource_providers/0851d338-422a-4dc1-8efc-4ed6c1061d95/aggregates" status: 404 len: 235 microversion: 1.1 [pid: 7|app: 0|req: 577/1149] 10.0.0.201 () {32 vars in 816 bytes} [Tue May 19 21:23:16 2026] GET /resource_providers/0851d338-422a-4dc1-8efc-4ed6c1061d95/aggregates => generated 235 bytes in 11 msecs (HTTP/1.1 404) 5 headers in 202 bytes (1 switches on core 0)
2026-05-19 21:23:16.700 8 INFO placement.requestlog [None req-e468b978-ed5f-421f-9f7c-78261aeaa786 aca7a274c21445dba92bc4e9bb94e6bc 488a139251a14bf8aec66d2c293391fc - - 3e4c4b94dc96482f9e02bd2ee3327434 3e4c4b94dc96482f9e02bd2ee3327434] 10.0.0.201 "DELETE /resource_providers/0851d338-422a-4dc1-8efc-4ed6c1061d95" status: 404 len: 246 microversion: 1.1 [pid: 8|app: 0|req: 573/1150] 10.0.0.201 () {34 vars in 816 bytes} [Tue May 19 21:23:16 2026] DELETE /resource_providers/0851d338-422a-4dc1-8efc-4ed6c1061d95 => generated 246 bytes in 10 msecs (HTTP/1.1 404) 6 headers in 231 bytes (1 switches on core 0)
2026-05-19 21:23:16.707 7 INFO placement.requestlog [None req-2396fd53-850f-4515-9fe7-c60f57e2aba3 aca7a274c21445dba92bc4e9bb94e6bc 488a139251a14bf8aec66d2c293391fc - - 3e4c4b94dc96482f9e02bd2ee3327434 3e4c4b94dc96482f9e02bd2ee3327434] 10.0.0.201 "DELETE /resource_providers/0851d338-422a-4dc1-8efc-4ed6c1061d95" status: 404 len: 246 microversion: 1.1 [pid: 7|app: 0|req: 578/1151] 10.0.0.201 () {34 vars in 816 bytes} [Tue May 19 21:23:16 2026] DELETE /resource_providers/0851d338-422a-4dc1-8efc-4ed6c1061d95 => generated 246 bytes in 11 msecs (HTTP/1.1 404) 6 headers in 231 bytes (1 switches on core 0)
2026-05-19 21:23:16.718 8 INFO placement.requestlog [None req-793b9bcf-eaea-432d-84e6-0d25c053e613 aca7a274c21445dba92bc4e9bb94e6bc 488a139251a14bf8aec66d2c293391fc - - 3e4c4b94dc96482f9e02bd2ee3327434 3e4c4b94dc96482f9e02bd2ee3327434] 10.0.0.201 "GET /resource_providers/cc7c2b82-ec62-4520-b8f7-051c80337593/aggregates" status: 404 len: 235 microversion: 1.1 [pid: 8|app: 0|req: 574/1152] 10.0.0.201 () {32 vars in 816 bytes} [Tue May 19 21:23:16 2026] GET /resource_providers/cc7c2b82-ec62-4520-b8f7-051c80337593/aggregates => generated 235 bytes in 12 msecs (HTTP/1.1 404) 5 headers in 202 bytes (1 switches on core 0)
2026-05-19 21:23:16.724 7 INFO placement.requestlog [None req-89b1c9ad-7267-4cf8-b1d7-de53791d94b9 aca7a274c21445dba92bc4e9bb94e6bc 488a139251a14bf8aec66d2c293391fc - - 3e4c4b94dc96482f9e02bd2ee3327434 3e4c4b94dc96482f9e02bd2ee3327434] 10.0.0.201 "GET /resource_providers/cc7c2b82-ec62-4520-b8f7-051c80337593/aggregates" status: 404 len: 235 microversion: 1.1 [pid: 7|app: 0|req: 579/1153] 10.0.0.201 () {32 vars in 816 bytes} [Tue May 19 21:23:16 2026] GET /resource_providers/cc7c2b82-ec62-4520-b8f7-051c80337593/aggregates => generated 235 bytes in 9 msecs (HTTP/1.1 404) 5 headers in 202 bytes (1 switches on core 0)
2026-05-19 21:23:16.730 8 INFO placement.requestlog [None req-8c7462d8-480b-401a-b1aa-4a21b2ca88f3 aca7a274c21445dba92bc4e9bb94e6bc 488a139251a14bf8aec66d2c293391fc - - 3e4c4b94dc96482f9e02bd2ee3327434 3e4c4b94dc96482f9e02bd2ee3327434] 10.0.0.201 "DELETE /resource_providers/cc7c2b82-ec62-4520-b8f7-051c80337593" status: 404 len: 246 microversion: 1.1 [pid: 8|app: 0|req: 575/1154] 10.0.0.201 () {34 vars in 816 bytes} [Tue May 19 21:23:16 2026] DELETE /resource_providers/cc7c2b82-ec62-4520-b8f7-051c80337593 => generated 246 bytes in 6 msecs (HTTP/1.1 404) 6 headers in 231 bytes (1 switches on core 0)
2026-05-19 21:23:16.749 8 INFO placement.requestlog [None req-b95031f0-8678-4fd4-93e7-6e0e6d0afe03 aca7a274c21445dba92bc4e9bb94e6bc 488a139251a14bf8aec66d2c293391fc - - 3e4c4b94dc96482f9e02bd2ee3327434 3e4c4b94dc96482f9e02bd2ee3327434] 10.0.0.201 "DELETE /resource_providers/cc7c2b82-ec62-4520-b8f7-051c80337593" status: 404 len: 246 microversion: 1.1
2026-05-19 21:23:16.749 7 INFO placement.requestlog [None req-8f28ad00-a585-449f-b04c-667e1001ba38 aca7a274c21445dba92bc4e9bb94e6bc 488a139251a14bf8aec66d2c293391fc - - 3e4c4b94dc96482f9e02bd2ee3327434 3e4c4b94dc96482f9e02bd2ee3327434] 10.0.0.201 "GET /resource_providers/ac1a3fe9-4ae4-4c49-a13b-4114d23bddf2/aggregates" status: 404 len: 235 microversion: 1.1 [pid: 8|app: 0|req: 576/1155] 10.0.0.201 () {34 vars in 816 bytes} [Tue May 19 21:23:16 2026] DELETE /resource_providers/cc7c2b82-ec62-4520-b8f7-051c80337593 => generated 246 bytes in 13 msecs (HTTP/1.1 404) 6 headers in 231 bytes (1 switches on core 0) [pid: 7|app: 0|req: 580/1156] 10.0.0.201 () {32 vars in 816 bytes} [Tue May 19 21:23:16 2026] GET /resource_providers/ac1a3fe9-4ae4-4c49-a13b-4114d23bddf2/aggregates => generated 235 bytes in 13 msecs (HTTP/1.1 404) 5 headers in 202 bytes (1 switches on core 0)
2026-05-19 21:23:16.765 8 INFO placement.requestlog [None req-2ecc5672-c0ca-45e1-8d2d-b7ac7f0253b8 aca7a274c21445dba92bc4e9bb94e6bc 488a139251a14bf8aec66d2c293391fc - - 3e4c4b94dc96482f9e02bd2ee3327434 3e4c4b94dc96482f9e02bd2ee3327434] 10.0.0.201 "GET /resource_providers/ac1a3fe9-4ae4-4c49-a13b-4114d23bddf2/aggregates" status: 404 len: 235 microversion: 1.1 [pid: 8|app: 0|req: 577/1157] 10.0.0.201 () {32 vars in 816 bytes} [Tue May 19 21:23:16 2026] GET /resource_providers/ac1a3fe9-4ae4-4c49-a13b-4114d23bddf2/aggregates => generated 235 bytes in 7 msecs (HTTP/1.1 404) 5 headers in 202 bytes (1 switches on core 0)
2026-05-19 21:23:16.769 7 INFO placement.requestlog [None req-a595a379-4543-488b-b119-a29e2d28551a aca7a274c21445dba92bc4e9bb94e6bc 488a139251a14bf8aec66d2c293391fc - - 3e4c4b94dc96482f9e02bd2ee3327434 3e4c4b94dc96482f9e02bd2ee3327434] 10.0.0.201 "DELETE /resource_providers/ac1a3fe9-4ae4-4c49-a13b-4114d23bddf2" status: 404 len: 246 microversion: 1.1 [pid: 7|app: 0|req: 581/1158] 10.0.0.201 () {34 vars in 816 bytes} [Tue May 19 21:23:16 2026] DELETE /resource_providers/ac1a3fe9-4ae4-4c49-a13b-4114d23bddf2 => generated 246 bytes in 9 msecs (HTTP/1.1 404) 6 headers in 231 bytes (1 switches on core 0)
2026-05-19 21:23:16.783 8 INFO placement.requestlog [None req-dd5e9a41-b5a2-4cb2-9d75-703ac4c4ce10 aca7a274c21445dba92bc4e9bb94e6bc 488a139251a14bf8aec66d2c293391fc - - 3e4c4b94dc96482f9e02bd2ee3327434 3e4c4b94dc96482f9e02bd2ee3327434] 10.0.0.201 "DELETE /resource_providers/ac1a3fe9-4ae4-4c49-a13b-4114d23bddf2" status: 404 len: 246 microversion: 1.1 [pid: 8|app: 0|req: 578/1159] 10.0.0.201 () {34 vars in 816 bytes} [Tue May 19 21:23:16 2026] DELETE /resource_providers/ac1a3fe9-4ae4-4c49-a13b-4114d23bddf2 => generated 246 bytes in 9 msecs (HTTP/1.1 404) 6 headers in 231 bytes (1 switches on core 0)
2026-05-19 21:23:16.791 7 INFO placement.requestlog [None req-a5fca4ff-5f27-490b-97b6-9eb6a76edb68 aca7a274c21445dba92bc4e9bb94e6bc 488a139251a14bf8aec66d2c293391fc - - 3e4c4b94dc96482f9e02bd2ee3327434 3e4c4b94dc96482f9e02bd2ee3327434] 10.0.0.201 "GET /resource_providers/cde40b7d-0a24-4c58-83e2-3ec7420800a7/aggregates" status: 404 len: 235 microversion: 1.1 [pid: 7|app: 0|req: 582/1160] 10.0.0.201 () {32 vars in 816 bytes} [Tue May 19 21:23:16 2026] GET /resource_providers/cde40b7d-0a24-4c58-83e2-3ec7420800a7/aggregates => generated 235 bytes in 12 msecs (HTTP/1.1 404) 5 headers in 202 bytes (1 switches on core 0)
2026-05-19 21:23:16.806 8 INFO placement.requestlog [None req-309c98c8-f213-4407-a5f3-14dabaf78456 aca7a274c21445dba92bc4e9bb94e6bc 488a139251a14bf8aec66d2c293391fc - - 3e4c4b94dc96482f9e02bd2ee3327434 3e4c4b94dc96482f9e02bd2ee3327434] 10.0.0.201 "GET /resource_providers/cde40b7d-0a24-4c58-83e2-3ec7420800a7/aggregates" status: 404 len: 235 microversion: 1.1 [pid: 8|app: 0|req: 579/1161] 10.0.0.201 () {32 vars in 816 bytes} [Tue May 19 21:23:16 2026] GET /resource_providers/cde40b7d-0a24-4c58-83e2-3ec7420800a7/aggregates => generated 235 bytes in 10 msecs (HTTP/1.1 404) 5 headers in 202 bytes (1 switches on core 0)
2026-05-19 21:23:16.810 7 INFO placement.requestlog [None req-566dce9d-3857-4ce5-a902-a1cc82ed7ac0 aca7a274c21445dba92bc4e9bb94e6bc 488a139251a14bf8aec66d2c293391fc - - 3e4c4b94dc96482f9e02bd2ee3327434 3e4c4b94dc96482f9e02bd2ee3327434] 10.0.0.201 "DELETE /resource_providers/cde40b7d-0a24-4c58-83e2-3ec7420800a7" status: 404 len: 246 microversion: 1.1 [pid: 7|app: 0|req: 583/1162] 10.0.0.201 () {34 vars in 816 bytes} [Tue May 19 21:23:16 2026] DELETE /resource_providers/cde40b7d-0a24-4c58-83e2-3ec7420800a7 => generated 246 bytes in 11 msecs (HTTP/1.1 404) 6 headers in 231 bytes (1 switches on core 0)
2026-05-19 21:23:16.819 8 INFO placement.requestlog [None req-2991f502-d72d-4fc4-995f-e8a3af4400bf aca7a274c21445dba92bc4e9bb94e6bc 488a139251a14bf8aec66d2c293391fc - - 3e4c4b94dc96482f9e02bd2ee3327434 3e4c4b94dc96482f9e02bd2ee3327434] 10.0.0.201 "DELETE /resource_providers/cde40b7d-0a24-4c58-83e2-3ec7420800a7" status: 404 len: 246 microversion: 1.1 [pid: 8|app: 0|req: 580/1163] 10.0.0.201 () {34 vars in 816 bytes} [Tue May 19 21:23:16 2026] DELETE /resource_providers/cde40b7d-0a24-4c58-83e2-3ec7420800a7 => generated 246 bytes in 7 msecs (HTTP/1.1 404) 6 headers in 231 bytes (1 switches on core 0)
2026-05-19 21:23:20.762 7 INFO placement.requestlog [None req-7708858e-6df7-4307-8325-445b6f68d8a0 - - - - - -] 10.0.0.2 "GET /" status: 200 len: 136 microversion: 1.0
2026-05-19 21:23:20.762 8 INFO placement.requestlog [None req-660685f2-861a-42c9-ba38-394a7e48b69e - - - - - -] 10.0.0.2 "GET /" status: 200 len: 136 microversion: 1.0
2026-05-19 21:23:21.342 7 INFO placement.requestlog [req-0a8af156-b4e7-4263-aece-0860fe4b2529 req-7556238d-65ae-42a8-b18e-c89aa77a366c baa61e16488344c79b06d6b359f6252a 488a139251a14bf8aec66d2c293391fc - - 3e4c4b94dc96482f9e02bd2ee3327434 3e4c4b94dc96482f9e02bd2ee3327434] 10.0.0.213 "GET /allocation_candidates?limit=1000&resources=DISK_GB%3A1%2CMEMORY_MB%3A512%2CVCPU%3A1&root_required=%21COMPUTE_STATUS_DISABLED" status: 200 len: 2781 microversion: 1.36 [pid: 7|app: 0|req: 585/1166] 10.0.0.213 () {34 vars in 1012 bytes} [Tue May 19 21:23:21 2026] GET /allocation_candidates?limit=1000&resources=DISK_GB%3A1%2CMEMORY_MB%3A512%2CVCPU%3A1&root_required=%21COMPUTE_STATUS_DISABLED => generated 2781 bytes in 57 msecs (HTTP/1.1 200) 8 headers in 297 bytes (1 switches on core 0)
2026-05-19 21:23:21.385 8 INFO placement.requestlog [req-0a8af156-b4e7-4263-aece-0860fe4b2529 req-8fe1a708-ae5b-40c4-bebb-26725afa1aae baa61e16488344c79b06d6b359f6252a 488a139251a14bf8aec66d2c293391fc - - 3e4c4b94dc96482f9e02bd2ee3327434 3e4c4b94dc96482f9e02bd2ee3327434] 10.0.0.213 "GET /allocations/1508f73e-e7ec-40e1-9832-bec59db8fa7b" status: 200 len: 19 microversion: 1.28 [pid: 8|app: 0|req: 582/1167] 10.0.0.213 () {34 vars in 861 bytes} [Tue May 19 21:23:21 2026] GET /allocations/1508f73e-e7ec-40e1-9832-bec59db8fa7b => generated 19 bytes in 15 msecs (HTTP/1.1 200) 8 headers in 295 bytes (1 switches on core 0)
2026-05-19 21:23:21.465 7 INFO placement.requestlog [req-0a8af156-b4e7-4263-aece-0860fe4b2529 req-0eaa7519-03c9-4d62-93e3-8c6fbae6a449 baa61e16488344c79b06d6b359f6252a 488a139251a14bf8aec66d2c293391fc - - 3e4c4b94dc96482f9e02bd2ee3327434 3e4c4b94dc96482f9e02bd2ee3327434] 10.0.0.213 "PUT /allocations/1508f73e-e7ec-40e1-9832-bec59db8fa7b" status: 204 len: 0 microversion: 1.36 [pid: 7|app: 0|req: 586/1168] 10.0.0.213 () {38 vars in 914 bytes} [Tue May 19 21:23:21 2026] PUT /allocations/1508f73e-e7ec-40e1-9832-bec59db8fa7b => generated 0 bytes in 73 msecs (HTTP/1.1 204) 5 headers in 199 bytes (1 switches on core 0)
2026-05-19 21:23:22.969 8 INFO placement.requestlog [req-0a8af156-b4e7-4263-aece-0860fe4b2529 req-ab49a4cb-afc0-4637-9bb8-dc115217d203 baa61e16488344c79b06d6b359f6252a 488a139251a14bf8aec66d2c293391fc - - 3e4c4b94dc96482f9e02bd2ee3327434 3e4c4b94dc96482f9e02bd2ee3327434] 199.204.45.78 "GET /allocations/1508f73e-e7ec-40e1-9832-bec59db8fa7b" status: 200 len: 258 microversion: 1.28 [pid: 8|app: 0|req: 583/1169] 199.204.45.78 () {34 vars in 862 bytes} [Tue May 19 21:23:22 2026] GET /allocations/1508f73e-e7ec-40e1-9832-bec59db8fa7b => generated 258 bytes in 15 msecs (HTTP/1.1 200) 8 headers in 296 bytes (1 switches on core 0)
2026-05-19 21:23:24.012 7 INFO placement.requestlog [req-0a8af156-b4e7-4263-aece-0860fe4b2529 req-10c4e621-1436-473c-b0ee-ae65bce080b9 baa61e16488344c79b06d6b359f6252a 488a139251a14bf8aec66d2c293391fc - - 3e4c4b94dc96482f9e02bd2ee3327434 3e4c4b94dc96482f9e02bd2ee3327434] 199.204.45.78 "GET /resource_providers/001f7619-3ca2-411e-b992-594ea5e7b950/allocations" status: 200 len: 153 microversion: 1.0 [pid: 7|app: 0|req: 587/1170] 199.204.45.78 () {32 vars in 856 bytes} [Tue May 19 21:23:23 2026] GET /resource_providers/001f7619-3ca2-411e-b992-594ea5e7b950/allocations => generated 153 bytes in 14 msecs (HTTP/1.1 200) 6 headers in 224 bytes (1 switches on core 0)
2026-05-19 21:23:24.028 8 INFO placement.requestlog [req-0a8af156-b4e7-4263-aece-0860fe4b2529 req-7fbd710a-e2f6-4b4e-8d41-07283741ca32 baa61e16488344c79b06d6b359f6252a 488a139251a14bf8aec66d2c293391fc - - 3e4c4b94dc96482f9e02bd2ee3327434 3e4c4b94dc96482f9e02bd2ee3327434] 199.204.45.78 "GET /allocations/1508f73e-e7ec-40e1-9832-bec59db8fa7b" status: 200 len: 258 microversion: 1.28 [pid: 8|app: 0|req: 584/1171] 199.204.45.78 () {34 vars in 862 bytes} [Tue May 19 21:23:24 2026] GET /allocations/1508f73e-e7ec-40e1-9832-bec59db8fa7b => generated 258 bytes in 9 msecs (HTTP/1.1 200) 8 headers in 296 bytes (1 switches on core 0)
2026-05-19 21:23:30.762 7 INFO placement.requestlog [None req-78a374c4-58d8-402f-9428-f2a332f30253 - - - - - -] 10.0.0.2 "GET /" status: 200 len: 136 microversion: 1.0
2026-05-19 21:23:30.762 8 INFO placement.requestlog [None req-8a400a2a-f44a-4b40-9a73-8a4777051f20 - - - - - -] 10.0.0.2 "GET /" status: 200 len: 136 microversion: 1.0
2026-05-19 21:23:33.186 7 INFO placement.requestlog [None req-e6692586-f245-4bfc-ab9a-99da13e6b9fb aca7a274c21445dba92bc4e9bb94e6bc 488a139251a14bf8aec66d2c293391fc - - 3e4c4b94dc96482f9e02bd2ee3327434 3e4c4b94dc96482f9e02bd2ee3327434] 10.0.0.201 "GET /resource_providers/bc01ac56-49ce-410d-bc03-ec2c737659ca/aggregates" status: 404 len: 235 microversion: 1.1 [pid: 7|app: 0|req: 589/1174] 10.0.0.201 () {32 vars in 816 bytes} [Tue May 19 21:23:33 2026] GET /resource_providers/bc01ac56-49ce-410d-bc03-ec2c737659ca/aggregates => generated 235 bytes in 7 msecs (HTTP/1.1 404) 5 headers in 202 bytes (1 switches on core 0)
2026-05-19 21:23:33.188 8 INFO placement.requestlog [None req-9d5b023c-bd65-4e6f-97d2-0c3c313bd618 aca7a274c21445dba92bc4e9bb94e6bc 488a139251a14bf8aec66d2c293391fc - - 3e4c4b94dc96482f9e02bd2ee3327434 3e4c4b94dc96482f9e02bd2ee3327434] 10.0.0.201 "GET /resource_providers/bc01ac56-49ce-410d-bc03-ec2c737659ca/aggregates" status: 404 len: 235 microversion: 1.1 [pid: 8|app: 0|req: 586/1175] 10.0.0.201 () {32 vars in 816 bytes} [Tue May 19 21:23:33 2026] GET /resource_providers/bc01ac56-49ce-410d-bc03-ec2c737659ca/aggregates => generated 235 bytes in 9 msecs (HTTP/1.1 404) 5 headers in 202 bytes (1 switches on core 0)
2026-05-19 21:23:33.211 7 INFO placement.requestlog [None req-2dc85f96-0643-4649-bf4d-1d5b1f0823e4 aca7a274c21445dba92bc4e9bb94e6bc 488a139251a14bf8aec66d2c293391fc - - 3e4c4b94dc96482f9e02bd2ee3327434 3e4c4b94dc96482f9e02bd2ee3327434] 10.0.0.201 "DELETE /resource_providers/bc01ac56-49ce-410d-bc03-ec2c737659ca" status: 404 len: 246 microversion: 1.1 [pid: 7|app: 0|req: 590/1176] 10.0.0.201 () {34 vars in 816 bytes} [Tue May 19 21:23:33 2026] DELETE /resource_providers/bc01ac56-49ce-410d-bc03-ec2c737659ca => generated 246 bytes in 13 msecs (HTTP/1.1 404) 6 headers in 231 bytes (1 switches on core 0)
2026-05-19 21:23:33.213 8 INFO placement.requestlog [None req-c06a7b69-269a-4ac0-ae8f-453445a708d8 aca7a274c21445dba92bc4e9bb94e6bc 488a139251a14bf8aec66d2c293391fc - - 3e4c4b94dc96482f9e02bd2ee3327434 3e4c4b94dc96482f9e02bd2ee3327434] 10.0.0.201 "DELETE /resource_providers/bc01ac56-49ce-410d-bc03-ec2c737659ca" status: 404 len: 246 microversion: 1.1 [pid: 8|app: 0|req: 587/1177] 10.0.0.201 () {34 vars in 816 bytes} [Tue May 19 21:23:33 2026] DELETE /resource_providers/bc01ac56-49ce-410d-bc03-ec2c737659ca => generated 246 bytes in 10 msecs (HTTP/1.1 404) 6 headers in 231 bytes (1 switches on core 0)
2026-05-19 21:23:40.762 7 INFO placement.requestlog [None req-bafb0859-d527-4b5c-a8fd-ac4bf748c58b - - - - - -] 10.0.0.2 "GET /" status: 200 len: 136 microversion: 1.0
2026-05-19 21:23:40.763 8 INFO placement.requestlog [None req-82af67ba-b1a9-49f5-88e0-1f223ff54ed7 - - - - - -] 10.0.0.2 "GET /" status: 200 len: 136 microversion: 1.0
2026-05-19 21:23:42.275 7 INFO placement.requestlog [None req-b5e31a49-f9bb-4bd5-a6fa-d25582cc224c aca7a274c21445dba92bc4e9bb94e6bc 488a139251a14bf8aec66d2c293391fc - - 3e4c4b94dc96482f9e02bd2ee3327434 3e4c4b94dc96482f9e02bd2ee3327434] 10.0.0.201 "GET /resource_providers/01aa7204-182e-4f5e-8b05-d89df3caf1d9/aggregates" status: 404 len: 235 microversion: 1.1 [pid: 7|app: 0|req: 592/1180] 10.0.0.201 () {32 vars in 816 bytes} [Tue May 19 21:23:42 2026] GET /resource_providers/01aa7204-182e-4f5e-8b05-d89df3caf1d9/aggregates => generated 235 bytes in 11 msecs (HTTP/1.1 404) 5 headers in 202 bytes (1 switches on core 0)
2026-05-19 21:23:42.278 8 INFO placement.requestlog [None req-9638946f-9e0f-4629-b873-671b645a5d07 aca7a274c21445dba92bc4e9bb94e6bc 488a139251a14bf8aec66d2c293391fc - - 3e4c4b94dc96482f9e02bd2ee3327434 3e4c4b94dc96482f9e02bd2ee3327434] 10.0.0.201 "GET /resource_providers/01aa7204-182e-4f5e-8b05-d89df3caf1d9/aggregates" status: 404 len: 235 microversion: 1.1 [pid: 8|app: 0|req: 589/1181] 10.0.0.201 () {32 vars in 816 bytes} [Tue May 19 21:23:42 2026] GET /resource_providers/01aa7204-182e-4f5e-8b05-d89df3caf1d9/aggregates => generated 235 bytes in 9 msecs (HTTP/1.1 404) 5 headers in 202 bytes (1 switches on core 0)
2026-05-19 21:23:42.298 8 INFO placement.requestlog [None req-2389462e-7ec1-4c02-9674-bd7eac1356ac aca7a274c21445dba92bc4e9bb94e6bc 488a139251a14bf8aec66d2c293391fc - - 3e4c4b94dc96482f9e02bd2ee3327434 3e4c4b94dc96482f9e02bd2ee3327434] 10.0.0.201 "DELETE /resource_providers/01aa7204-182e-4f5e-8b05-d89df3caf1d9" status: 404 len: 246 microversion: 1.1 [pid: 8|app: 0|req: 590/1182] 10.0.0.201 () {34 vars in 816 bytes} [Tue May 19 21:23:42 2026] DELETE /resource_providers/01aa7204-182e-4f5e-8b05-d89df3caf1d9 => generated 246 bytes in 7 msecs (HTTP/1.1 404) 6 headers in 231 bytes (1 switches on core 0)
2026-05-19 21:23:42.300 7 INFO placement.requestlog [None req-d4b4d6e7-2b3a-4b19-8bde-fbe0463f7ef7 aca7a274c21445dba92bc4e9bb94e6bc 488a139251a14bf8aec66d2c293391fc - - 3e4c4b94dc96482f9e02bd2ee3327434 3e4c4b94dc96482f9e02bd2ee3327434] 10.0.0.201 "DELETE /resource_providers/01aa7204-182e-4f5e-8b05-d89df3caf1d9" status: 404 len: 246 microversion: 1.1 [pid: 7|app: 0|req: 593/1183] 10.0.0.201 () {34 vars in 816 bytes} [Tue May 19 21:23:42 2026] DELETE /resource_providers/01aa7204-182e-4f5e-8b05-d89df3caf1d9 => generated 246 bytes in 11 msecs (HTTP/1.1 404) 6 headers in 231 bytes (1 switches on core 0)
2026-05-19 21:23:49.808 8 INFO placement.requestlog [req-485e1b7f-3d35-4c6a-bb83-d4e117c02017 req-03d69ad7-b87c-4b88-aefd-6a07759bd928 baa61e16488344c79b06d6b359f6252a 488a139251a14bf8aec66d2c293391fc - - 3e4c4b94dc96482f9e02bd2ee3327434 3e4c4b94dc96482f9e02bd2ee3327434] 199.204.45.78 "GET /resource_providers/001f7619-3ca2-411e-b992-594ea5e7b950/allocations" status: 200 len: 153 microversion: 1.0 [pid: 8|app: 0|req: 591/1184] 199.204.45.78 () {32 vars in 856 bytes} [Tue May 19 21:23:49 2026] GET /resource_providers/001f7619-3ca2-411e-b992-594ea5e7b950/allocations => generated 153 bytes in 24 msecs (HTTP/1.1 200) 6 headers in 224 bytes (1 switches on core 0)
2026-05-19 21:23:49.842 7 INFO placement.requestlog [req-485e1b7f-3d35-4c6a-bb83-d4e117c02017 req-784d065c-f82b-41d1-b145-aeaa5ea9fd3e baa61e16488344c79b06d6b359f6252a 488a139251a14bf8aec66d2c293391fc - - 3e4c4b94dc96482f9e02bd2ee3327434 3e4c4b94dc96482f9e02bd2ee3327434] 199.204.45.78 "GET /resource_providers/001f7619-3ca2-411e-b992-594ea5e7b950/allocations" status: 200 len: 153 microversion: 1.0 [pid: 7|app: 0|req: 594/1185] 199.204.45.78 () {32 vars in 856 bytes} [Tue May 19 21:23:49 2026] GET /resource_providers/001f7619-3ca2-411e-b992-594ea5e7b950/allocations => generated 153 bytes in 24 msecs (HTTP/1.1 200) 6 headers in 224 bytes (1 switches on core 0)
2026-05-19 21:23:49.859 8 INFO placement.requestlog [req-485e1b7f-3d35-4c6a-bb83-d4e117c02017 req-19453d57-27e7-4652-9cfd-53b3f353f87f baa61e16488344c79b06d6b359f6252a 488a139251a14bf8aec66d2c293391fc - - 3e4c4b94dc96482f9e02bd2ee3327434 3e4c4b94dc96482f9e02bd2ee3327434] 199.204.45.78 "GET /allocations/1508f73e-e7ec-40e1-9832-bec59db8fa7b" status: 200 len: 258 microversion: 1.28 [pid: 8|app: 0|req: 592/1186] 199.204.45.78 () {34 vars in 862 bytes} [Tue May 19 21:23:49 2026] GET /allocations/1508f73e-e7ec-40e1-9832-bec59db8fa7b => generated 258 bytes in 12 msecs (HTTP/1.1 200) 8 headers in 296 bytes (1 switches on core 0)
2026-05-19 21:23:50.762 8 INFO placement.requestlog [None req-68d77400-f9f7-49c5-aa9c-f5b8ede504d6 - - - - - -] 10.0.0.2 "GET /" status: 200 len: 136 microversion: 1.0
2026-05-19 21:23:50.763 7 INFO placement.requestlog [None req-e5db56d0-28da-4470-b609-752114e048fa - - - - - -] 10.0.0.2 "GET /" status: 200 len: 136 microversion: 1.0
2026-05-19 21:23:52.510 8 INFO placement.requestlog [req-572e2a18-76ac-4627-ba65-a071c26f822c req-78696f20-7ab5-48dc-adfe-833d6f9b3b41 baa61e16488344c79b06d6b359f6252a 488a139251a14bf8aec66d2c293391fc - - 3e4c4b94dc96482f9e02bd2ee3327434 3e4c4b94dc96482f9e02bd2ee3327434] 199.204.45.78 "GET /resource_providers/001f7619-3ca2-411e-b992-594ea5e7b950/allocations" status: 200 len: 153 microversion: 1.0 [pid: 8|app: 0|req: 594/1189] 199.204.45.78 () {32 vars in 856 bytes} [Tue May 19 21:23:52 2026] GET /resource_providers/001f7619-3ca2-411e-b992-594ea5e7b950/allocations => generated 153 bytes in 19 msecs (HTTP/1.1 200) 6 headers in 224 bytes (1 switches on core 0)
2026-05-19 21:23:52.532 7 INFO placement.requestlog [req-572e2a18-76ac-4627-ba65-a071c26f822c req-1cfb291f-02c8-415d-83eb-1ec4d0ad7b64 baa61e16488344c79b06d6b359f6252a 488a139251a14bf8aec66d2c293391fc - - 3e4c4b94dc96482f9e02bd2ee3327434 3e4c4b94dc96482f9e02bd2ee3327434] 199.204.45.78 "GET /allocations/1508f73e-e7ec-40e1-9832-bec59db8fa7b" status: 200 len: 258 microversion: 1.28 [pid: 7|app: 0|req: 596/1190] 199.204.45.78 () {34 vars in 862 bytes} [Tue May 19 21:23:52 2026] GET /allocations/1508f73e-e7ec-40e1-9832-bec59db8fa7b => generated 258 bytes in 14 msecs (HTTP/1.1 200) 8 headers in 296 bytes (1 switches on core 0)
2026-05-19 21:23:53.584 8 INFO placement.requestlog [req-572e2a18-76ac-4627-ba65-a071c26f822c req-da598601-c803-4b77-bade-5c559df31a55 baa61e16488344c79b06d6b359f6252a 488a139251a14bf8aec66d2c293391fc - - 3e4c4b94dc96482f9e02bd2ee3327434 3e4c4b94dc96482f9e02bd2ee3327434] 199.204.45.78 "DELETE /allocations/1508f73e-e7ec-40e1-9832-bec59db8fa7b" status: 204 len: 0 microversion: 1.0 [pid: 8|app: 0|req: 595/1191] 199.204.45.78 () {34 vars in 840 bytes} [Tue May 19 21:23:53 2026] DELETE /allocations/1508f73e-e7ec-40e1-9832-bec59db8fa7b => generated 0 bytes in 24 msecs (HTTP/1.1 204) 5 headers in 198 bytes (1 switches on core 0)
2026-05-19 21:23:55.169 8 INFO placement.requestlog [None req-4d36f11c-9f83-4bf3-9563-39302d89d24d aca7a274c21445dba92bc4e9bb94e6bc 488a139251a14bf8aec66d2c293391fc - - 3e4c4b94dc96482f9e02bd2ee3327434 3e4c4b94dc96482f9e02bd2ee3327434] 10.0.0.201 "GET /resource_providers/60936ccc-b718-49e6-9641-c280b75ac1ed/aggregates" status: 404 len: 235 microversion: 1.1 [pid: 8|app: 0|req: 596/1192] 10.0.0.201 () {32 vars in 816 bytes} [Tue May 19 21:23:55 2026] GET /resource_providers/60936ccc-b718-49e6-9641-c280b75ac1ed/aggregates => generated 235 bytes in 8 msecs (HTTP/1.1 404) 5 headers in 202 bytes (1 switches on core 0)
2026-05-19 21:23:55.173 7 INFO placement.requestlog [None req-71ea7b71-a242-4bed-bfb9-b37e2fc783ca aca7a274c21445dba92bc4e9bb94e6bc 488a139251a14bf8aec66d2c293391fc - - 3e4c4b94dc96482f9e02bd2ee3327434 3e4c4b94dc96482f9e02bd2ee3327434] 10.0.0.201 "GET /resource_providers/60936ccc-b718-49e6-9641-c280b75ac1ed/aggregates" status: 404 len: 235 microversion: 1.1 [pid: 7|app: 0|req: 597/1193] 10.0.0.201 () {32 vars in 816 bytes} [Tue May 19 21:23:55 2026] GET /resource_providers/60936ccc-b718-49e6-9641-c280b75ac1ed/aggregates => generated 235 bytes in 12 msecs (HTTP/1.1 404) 5 headers in 202 bytes (1 switches on core 0)
2026-05-19 21:23:55.190 8 INFO placement.requestlog [None req-947bc500-46d5-4420-8a86-3673416a3163 aca7a274c21445dba92bc4e9bb94e6bc 488a139251a14bf8aec66d2c293391fc - - 3e4c4b94dc96482f9e02bd2ee3327434 3e4c4b94dc96482f9e02bd2ee3327434] 10.0.0.201 "DELETE /resource_providers/60936ccc-b718-49e6-9641-c280b75ac1ed" status: 404 len: 246 microversion: 1.1 [pid: 8|app: 0|req: 597/1194] 10.0.0.201 () {34 vars in 816 bytes} [Tue May 19 21:23:55 2026] DELETE /resource_providers/60936ccc-b718-49e6-9641-c280b75ac1ed => generated 246 bytes in 7 msecs (HTTP/1.1 404) 6 headers in 231 bytes (1 switches on core 0)
2026-05-19 21:23:55.193 7 INFO placement.requestlog [None req-2918f1f0-f1e4-4da5-9efd-745d32be4d1f aca7a274c21445dba92bc4e9bb94e6bc 488a139251a14bf8aec66d2c293391fc - - 3e4c4b94dc96482f9e02bd2ee3327434 3e4c4b94dc96482f9e02bd2ee3327434] 10.0.0.201 "DELETE /resource_providers/60936ccc-b718-49e6-9641-c280b75ac1ed" status: 404 len: 246 microversion: 1.1 [pid: 7|app: 0|req: 598/1195] 10.0.0.201 () {34 vars in 816 bytes} [Tue May 19 21:23:55 2026] DELETE /resource_providers/60936ccc-b718-49e6-9641-c280b75ac1ed => generated 246 bytes in 9 msecs (HTTP/1.1 404) 6 headers in 231 bytes (1 switches on core 0)
2026-05-19 21:23:57.669 7 INFO placement.requestlog [None req-9cfecda3-9999-4d2f-9060-c613eaafb7a4 aca7a274c21445dba92bc4e9bb94e6bc 488a139251a14bf8aec66d2c293391fc - - 3e4c4b94dc96482f9e02bd2ee3327434 3e4c4b94dc96482f9e02bd2ee3327434] 10.0.0.201 "GET /resource_providers/d9a9bfd4-bfd7-4916-ba6a-954d7baaed16/aggregates" status: 404 len: 235 microversion: 1.1 [pid: 7|app: 0|req: 599/1196] 10.0.0.201 () {32 vars in 816 bytes} [Tue May 19 21:23:57 2026] GET /resource_providers/d9a9bfd4-bfd7-4916-ba6a-954d7baaed16/aggregates => generated 235 bytes in 12 msecs (HTTP/1.1 404) 5 headers in 202 bytes (1 switches on core 0)
2026-05-19 21:23:57.670 8 INFO placement.requestlog [None req-c4d0ec8d-a3d1-4f54-a103-b9b48eac18d8 aca7a274c21445dba92bc4e9bb94e6bc 488a139251a14bf8aec66d2c293391fc - - 3e4c4b94dc96482f9e02bd2ee3327434 3e4c4b94dc96482f9e02bd2ee3327434] 10.0.0.201 "GET /resource_providers/d9a9bfd4-bfd7-4916-ba6a-954d7baaed16/aggregates" status: 404 len: 235 microversion: 1.1 [pid: 8|app: 0|req: 598/1197] 10.0.0.201 () {32 vars in 816 bytes} [Tue May 19 21:23:57 2026] GET /resource_providers/d9a9bfd4-bfd7-4916-ba6a-954d7baaed16/aggregates => generated 235 bytes in 14 msecs (HTTP/1.1 404) 5 headers in 202 bytes (1 switches on core 0)
2026-05-19 21:23:57.695 7 INFO placement.requestlog [None req-70184d57-8adc-41bb-8895-36ea3fa6bdf9 aca7a274c21445dba92bc4e9bb94e6bc 488a139251a14bf8aec66d2c293391fc - - 3e4c4b94dc96482f9e02bd2ee3327434 3e4c4b94dc96482f9e02bd2ee3327434] 10.0.0.201 "DELETE /resource_providers/d9a9bfd4-bfd7-4916-ba6a-954d7baaed16" status: 404 len: 246 microversion: 1.1 [pid: 7|app: 0|req: 600/1198] 10.0.0.201 () {34 vars in 816 bytes} [Tue May 19 21:23:57 2026] DELETE /resource_providers/d9a9bfd4-bfd7-4916-ba6a-954d7baaed16 => generated 246 bytes in 11 msecs (HTTP/1.1 404) 6 headers in 231 bytes (1 switches on core 0)
2026-05-19 21:23:57.699 8 INFO placement.requestlog [None req-fdb5cf0f-9e12-4ac4-83ec-a30f5e583156 aca7a274c21445dba92bc4e9bb94e6bc 488a139251a14bf8aec66d2c293391fc - - 3e4c4b94dc96482f9e02bd2ee3327434 3e4c4b94dc96482f9e02bd2ee3327434] 10.0.0.201 "DELETE /resource_providers/d9a9bfd4-bfd7-4916-ba6a-954d7baaed16" status: 404 len: 246 microversion: 1.1 [pid: 8|app: 0|req: 599/1199] 10.0.0.201 () {34 vars in 816 bytes} [Tue May 19 21:23:57 2026] DELETE /resource_providers/d9a9bfd4-bfd7-4916-ba6a-954d7baaed16 => generated 246 bytes in 12 msecs (HTTP/1.1 404) 6 headers in 231 bytes (1 switches on core 0)
2026-05-19 21:23:59.670 7 INFO placement.requestlog [req-a1bfe8b7-4fa3-4f97-9f60-83babe60a14a req-cc77f3dc-4d38-4b2b-b33e-dd64fe6f276b baa61e16488344c79b06d6b359f6252a 488a139251a14bf8aec66d2c293391fc - - 3e4c4b94dc96482f9e02bd2ee3327434 3e4c4b94dc96482f9e02bd2ee3327434] 10.0.0.213 "GET /allocation_candidates?limit=1000&resources=DISK_GB%3A1%2CMEMORY_MB%3A512%2CVCPU%3A1&root_required=%21COMPUTE_STATUS_DISABLED" status: 200 len: 2781 microversion: 1.36 [pid: 7|app: 0|req: 601/1200] 10.0.0.213 () {34 vars in 1012 bytes} [Tue May 19 21:23:59 2026] GET /allocation_candidates?limit=1000&resources=DISK_GB%3A1%2CMEMORY_MB%3A512%2CVCPU%3A1&root_required=%21COMPUTE_STATUS_DISABLED => generated 2781 bytes in 59 msecs (HTTP/1.1 200) 8 headers in 297 bytes (1 switches on core 0)
2026-05-19 21:23:59.700 8 INFO placement.requestlog [req-a1bfe8b7-4fa3-4f97-9f60-83babe60a14a req-7a4d6c36-9968-40ac-8b2e-736a607753ae baa61e16488344c79b06d6b359f6252a 488a139251a14bf8aec66d2c293391fc - - 3e4c4b94dc96482f9e02bd2ee3327434 3e4c4b94dc96482f9e02bd2ee3327434] 10.0.0.213 "GET /allocations/687b8912-d971-4794-8802-9a0d74a1aa98" status: 200 len: 19 microversion: 1.28 [pid: 8|app: 0|req: 600/1201] 10.0.0.213 () {34 vars in 861 bytes} [Tue May 19 21:23:59 2026] GET /allocations/687b8912-d971-4794-8802-9a0d74a1aa98 => generated 19 bytes in 9 msecs (HTTP/1.1 200) 8 headers in 295 bytes (1 switches on core 0)
2026-05-19 21:23:59.722 8 INFO placement.requestlog [None req-ddb93f6b-f2c7-41b2-92a4-b6c514701e29 aca7a274c21445dba92bc4e9bb94e6bc 488a139251a14bf8aec66d2c293391fc - - 3e4c4b94dc96482f9e02bd2ee3327434 3e4c4b94dc96482f9e02bd2ee3327434] 10.0.0.201 "GET /resource_providers/a0ec746e-699c-4224-bd44-275bdfd1bae6/aggregates" status: 404 len: 235 microversion: 1.1 [pid: 8|app: 0|req: 601/1202] 10.0.0.201 () {32 vars in 816 bytes} [Tue May 19 21:23:59 2026] GET /resource_providers/a0ec746e-699c-4224-bd44-275bdfd1bae6/aggregates => generated 235 bytes in 9 msecs (HTTP/1.1 404) 5 headers in 202 bytes (1 switches on core 0)
2026-05-19 21:23:59.730 8 INFO placement.requestlog [None req-d1027b5f-bbe9-4e6e-a030-4c594d0ff173 aca7a274c21445dba92bc4e9bb94e6bc 488a139251a14bf8aec66d2c293391fc - - 3e4c4b94dc96482f9e02bd2ee3327434 3e4c4b94dc96482f9e02bd2ee3327434] 10.0.0.201 "GET /resource_providers/a0ec746e-699c-4224-bd44-275bdfd1bae6/aggregates" status: 404 len: 235 microversion: 1.1 [pid: 8|app: 0|req: 602/1203] 10.0.0.201 () {32 vars in 816 bytes} [Tue May 19 21:23:59 2026] GET /resource_providers/a0ec746e-699c-4224-bd44-275bdfd1bae6/aggregates => generated 235 bytes in 7 msecs (HTTP/1.1 404) 5 headers in 202 bytes (1 switches on core 0)
2026-05-19 21:23:59.739 8 INFO placement.requestlog [None req-b21e127f-ec67-4bfe-aaa3-6d28336db4cc aca7a274c21445dba92bc4e9bb94e6bc 488a139251a14bf8aec66d2c293391fc - - 3e4c4b94dc96482f9e02bd2ee3327434 3e4c4b94dc96482f9e02bd2ee3327434] 10.0.0.201 "DELETE /resource_providers/a0ec746e-699c-4224-bd44-275bdfd1bae6" status: 404 len: 246 microversion: 1.1 [pid: 8|app: 0|req: 603/1204] 10.0.0.201 () {34 vars in 816 bytes} [Tue May 19 21:23:59 2026] DELETE /resource_providers/a0ec746e-699c-4224-bd44-275bdfd1bae6 => generated 246 bytes in 7 msecs (HTTP/1.1 404) 6 headers in 231 bytes (1 switches on core 0)
2026-05-19 21:23:59.746 8 INFO placement.requestlog [None req-17c05ddb-25ba-4aeb-b103-e1142cee6759 aca7a274c21445dba92bc4e9bb94e6bc 488a139251a14bf8aec66d2c293391fc - - 3e4c4b94dc96482f9e02bd2ee3327434 3e4c4b94dc96482f9e02bd2ee3327434] 10.0.0.201 "DELETE /resource_providers/a0ec746e-699c-4224-bd44-275bdfd1bae6" status: 404 len: 246 microversion: 1.1 [pid: 8|app: 0|req: 604/1205] 10.0.0.201 () {34 vars in 816 bytes} [Tue May 19 21:23:59 2026] DELETE /resource_providers/a0ec746e-699c-4224-bd44-275bdfd1bae6 => generated 246 bytes in 7 msecs (HTTP/1.1 404) 6 headers in 231 bytes (1 switches on core 0)
2026-05-19 21:23:59.777 7 INFO placement.requestlog [req-a1bfe8b7-4fa3-4f97-9f60-83babe60a14a req-876d0191-ea9d-4b28-987b-5835fadfb1aa baa61e16488344c79b06d6b359f6252a 488a139251a14bf8aec66d2c293391fc - - 3e4c4b94dc96482f9e02bd2ee3327434 3e4c4b94dc96482f9e02bd2ee3327434] 10.0.0.213 "PUT /allocations/687b8912-d971-4794-8802-9a0d74a1aa98" status: 204 len: 0 microversion: 1.36 [pid: 7|app: 0|req: 602/1206] 10.0.0.213 () {38 vars in 914 bytes} [Tue May 19 21:23:59 2026] PUT /allocations/687b8912-d971-4794-8802-9a0d74a1aa98 => generated 0 bytes in 70 msecs (HTTP/1.1 204) 5 headers in 199 bytes (1 switches on core 0)
2026-05-19 21:24:00.762 7 INFO placement.requestlog [None req-f6b61b9c-44ce-4e50-924d-caacdaabc605 - - - - - -] 10.0.0.2 "GET /" status: 200 len: 136 microversion: 1.0
2026-05-19 21:24:00.762 8 INFO placement.requestlog [None req-15f8c6b7-644d-46bd-969b-8a4e1956f84d - - - - - -] 10.0.0.2 "GET /" status: 200 len: 136 microversion: 1.0
2026-05-19 21:24:01.315 7 INFO placement.requestlog [req-a1bfe8b7-4fa3-4f97-9f60-83babe60a14a req-28165029-209d-4fa3-b96f-47df3cc3a372 baa61e16488344c79b06d6b359f6252a 488a139251a14bf8aec66d2c293391fc - - 3e4c4b94dc96482f9e02bd2ee3327434 3e4c4b94dc96482f9e02bd2ee3327434] 199.204.45.78 "GET /allocations/687b8912-d971-4794-8802-9a0d74a1aa98" status: 200 len: 258 microversion: 1.28 [pid: 7|app: 0|req: 604/1209] 199.204.45.78 () {34 vars in 862 bytes} [Tue May 19 21:24:01 2026] GET /allocations/687b8912-d971-4794-8802-9a0d74a1aa98 => generated 258 bytes in 14 msecs (HTTP/1.1 200) 8 headers in 296 bytes (1 switches on core 0)
2026-05-19 21:24:01.760 8 INFO placement.requestlog [None req-32fd5993-a859-4b09-9b15-1946cb30eef4 aca7a274c21445dba92bc4e9bb94e6bc 488a139251a14bf8aec66d2c293391fc - - 3e4c4b94dc96482f9e02bd2ee3327434 3e4c4b94dc96482f9e02bd2ee3327434] 10.0.0.201 "GET /resource_providers/5d895d4c-7bef-4794-bb8b-0027a6a5ee12/aggregates" status: 404 len: 235 microversion: 1.1 [pid: 8|app: 0|req: 606/1210] 10.0.0.201 () {32 vars in 816 bytes} [Tue May 19 21:24:01 2026] GET /resource_providers/5d895d4c-7bef-4794-bb8b-0027a6a5ee12/aggregates => generated 235 bytes in 12 msecs (HTTP/1.1 404) 5 headers in 202 bytes (1 switches on core 0)
2026-05-19 21:24:01.774 7 INFO placement.requestlog [None req-8026db93-2fda-4e75-92ff-6415fb0d9fc5 aca7a274c21445dba92bc4e9bb94e6bc 488a139251a14bf8aec66d2c293391fc - - 3e4c4b94dc96482f9e02bd2ee3327434 3e4c4b94dc96482f9e02bd2ee3327434] 10.0.0.201 "GET /resource_providers/5d895d4c-7bef-4794-bb8b-0027a6a5ee12/aggregates" status: 404 len: 235 microversion: 1.1 [pid: 7|app: 0|req: 605/1211] 10.0.0.201 () {32 vars in 816 bytes} [Tue May 19 21:24:01 2026] GET /resource_providers/5d895d4c-7bef-4794-bb8b-0027a6a5ee12/aggregates => generated 235 bytes in 14 msecs (HTTP/1.1 404) 5 headers in 202 bytes (1 switches on core 0)
2026-05-19 21:24:01.777 8 INFO placement.requestlog [None req-9c4cc675-eaba-4945-8c9f-4d452a24a4b6 aca7a274c21445dba92bc4e9bb94e6bc 488a139251a14bf8aec66d2c293391fc - - 3e4c4b94dc96482f9e02bd2ee3327434 3e4c4b94dc96482f9e02bd2ee3327434] 10.0.0.201 "DELETE /resource_providers/5d895d4c-7bef-4794-bb8b-0027a6a5ee12" status: 404 len: 246 microversion: 1.1 [pid: 8|app: 0|req: 607/1212] 10.0.0.201 () {34 vars in 816 bytes} [Tue May 19 21:24:01 2026] DELETE /resource_providers/5d895d4c-7bef-4794-bb8b-0027a6a5ee12 => generated 246 bytes in 8 msecs (HTTP/1.1 404) 6 headers in 231 bytes (1 switches on core 0)
2026-05-19 21:24:01.797 7 INFO placement.requestlog [None req-397597a0-76e6-448f-8598-2bfe9ad20ec6 aca7a274c21445dba92bc4e9bb94e6bc 488a139251a14bf8aec66d2c293391fc - - 3e4c4b94dc96482f9e02bd2ee3327434 3e4c4b94dc96482f9e02bd2ee3327434] 10.0.0.201 "DELETE /resource_providers/5d895d4c-7bef-4794-bb8b-0027a6a5ee12" status: 404 len: 246 microversion: 1.1 [pid: 7|app: 0|req: 606/1213] 10.0.0.201 () {34 vars in 816 bytes} [Tue May 19 21:24:01 2026] DELETE /resource_providers/5d895d4c-7bef-4794-bb8b-0027a6a5ee12 => generated 246 bytes in 15 msecs (HTTP/1.1 404) 6 headers in 231 bytes (1 switches on core 0)
2026-05-19 21:24:01.803 8 INFO placement.requestlog [None req-473c40fa-a42a-4ab1-977a-79a30ed187bc aca7a274c21445dba92bc4e9bb94e6bc 488a139251a14bf8aec66d2c293391fc - - 3e4c4b94dc96482f9e02bd2ee3327434 3e4c4b94dc96482f9e02bd2ee3327434] 10.0.0.201 "GET /resource_providers/0c713460-86c0-4e4c-9782-b9f0123ebba0/aggregates" status: 404 len: 235 microversion: 1.1 [pid: 8|app: 0|req: 608/1214] 10.0.0.201 () {32 vars in 816 bytes} [Tue May 19 21:24:01 2026] GET /resource_providers/0c713460-86c0-4e4c-9782-b9f0123ebba0/aggregates => generated 235 bytes in 13 msecs (HTTP/1.1 404) 5 headers in 202 bytes (1 switches on core 0)
2026-05-19 21:24:01.822 7 INFO placement.requestlog [None req-98b2cb50-72c5-4244-be6b-839e10de468c aca7a274c21445dba92bc4e9bb94e6bc 488a139251a14bf8aec66d2c293391fc - - 3e4c4b94dc96482f9e02bd2ee3327434 3e4c4b94dc96482f9e02bd2ee3327434] 10.0.0.201 "GET /resource_providers/0c713460-86c0-4e4c-9782-b9f0123ebba0/aggregates" status: 404 len: 235 microversion: 1.1 [pid: 7|app: 0|req: 607/1215] 10.0.0.201 () {32 vars in 816 bytes} [Tue May 19 21:24:01 2026] GET /resource_providers/0c713460-86c0-4e4c-9782-b9f0123ebba0/aggregates => generated 235 bytes in 14 msecs (HTTP/1.1 404) 5 headers in 202 bytes (1 switches on core 0)
2026-05-19 21:24:01.826 8 INFO placement.requestlog [None req-1f99a9e9-bcb3-450b-8e6b-771cb6fdab21 aca7a274c21445dba92bc4e9bb94e6bc 488a139251a14bf8aec66d2c293391fc - - 3e4c4b94dc96482f9e02bd2ee3327434 3e4c4b94dc96482f9e02bd2ee3327434] 10.0.0.201 "DELETE /resource_providers/0c713460-86c0-4e4c-9782-b9f0123ebba0" status: 404 len: 246 microversion: 1.1 [pid: 8|app: 0|req: 609/1216] 10.0.0.201 () {34 vars in 816 bytes} [Tue May 19 21:24:01 2026] DELETE /resource_providers/0c713460-86c0-4e4c-9782-b9f0123ebba0 => generated 246 bytes in 13 msecs (HTTP/1.1 404) 6 headers in 231 bytes (1 switches on core 0)
2026-05-19 21:24:01.844 7 INFO placement.requestlog [None req-654847ac-faec-409f-a2b0-3a587f94b537 aca7a274c21445dba92bc4e9bb94e6bc 488a139251a14bf8aec66d2c293391fc - - 3e4c4b94dc96482f9e02bd2ee3327434 3e4c4b94dc96482f9e02bd2ee3327434] 10.0.0.201 "DELETE /resource_providers/0c713460-86c0-4e4c-9782-b9f0123ebba0" status: 404 len: 246 microversion: 1.1 [pid: 7|app: 0|req: 608/1217] 10.0.0.201 () {34 vars in 816 bytes} [Tue May 19 21:24:01 2026] DELETE /resource_providers/0c713460-86c0-4e4c-9782-b9f0123ebba0 => generated 246 bytes in 12 msecs (HTTP/1.1 404) 6 headers in 231 bytes (1 switches on core 0)
2026-05-19 21:24:02.356 8 INFO placement.requestlog [req-a1bfe8b7-4fa3-4f97-9f60-83babe60a14a req-1d01c80d-63eb-4483-bfa6-ea545996a1df baa61e16488344c79b06d6b359f6252a 488a139251a14bf8aec66d2c293391fc - - 3e4c4b94dc96482f9e02bd2ee3327434 3e4c4b94dc96482f9e02bd2ee3327434] 199.204.45.78 "GET /resource_providers/001f7619-3ca2-411e-b992-594ea5e7b950/allocations" status: 200 len: 153 microversion: 1.0 [pid: 8|app: 0|req: 610/1218] 199.204.45.78 () {32 vars in 856 bytes} [Tue May 19 21:24:02 2026] GET /resource_providers/001f7619-3ca2-411e-b992-594ea5e7b950/allocations => generated 153 bytes in 15 msecs (HTTP/1.1 200) 6 headers in 224 bytes (1 switches on core 0)
2026-05-19 21:24:02.372 7 INFO placement.requestlog [req-a1bfe8b7-4fa3-4f97-9f60-83babe60a14a req-87987514-2402-4894-83fd-66a59c58e917 baa61e16488344c79b06d6b359f6252a 488a139251a14bf8aec66d2c293391fc - - 3e4c4b94dc96482f9e02bd2ee3327434 3e4c4b94dc96482f9e02bd2ee3327434] 199.204.45.78 "GET /allocations/687b8912-d971-4794-8802-9a0d74a1aa98" status: 200 len: 258 microversion: 1.28 [pid: 7|app: 0|req: 609/1219] 199.204.45.78 () {34 vars in 862 bytes} [Tue May 19 21:24:02 2026] GET /allocations/687b8912-d971-4794-8802-9a0d74a1aa98 => generated 258 bytes in 12 msecs (HTTP/1.1 200) 8 headers in 296 bytes (1 switches on core 0)
2026-05-19 21:24:10.762 7 INFO placement.requestlog [None req-8d14016c-9382-4b49-88c1-08755a25046e - - - - - -] 10.0.0.2 "GET /" status: 200 len: 136 microversion: 1.0
2026-05-19 21:24:10.762 8 INFO placement.requestlog [None req-0a4d8ddb-d5a6-4511-b3b6-2c55f3f8eec8 - - - - - -] 10.0.0.2 "GET /" status: 200 len: 136 microversion: 1.0
2026-05-19 21:24:17.325 7 INFO placement.requestlog [req-dd40d9ee-a509-4e25-8162-5fcbcf7a7a7c req-b64c31e6-9e7f-4b78-8eea-88770132145a baa61e16488344c79b06d6b359f6252a 488a139251a14bf8aec66d2c293391fc - - 3e4c4b94dc96482f9e02bd2ee3327434 3e4c4b94dc96482f9e02bd2ee3327434] 10.0.0.213 "GET /allocation_candidates?limit=1000&resources=DISK_GB%3A1%2CMEMORY_MB%3A512%2CVCPU%3A1&root_required=%21COMPUTE_STATUS_DISABLED" status: 200 len: 2783 microversion: 1.36 [pid: 7|app: 0|req: 611/1222] 10.0.0.213 () {34 vars in 1012 bytes} [Tue May 19 21:24:17 2026] GET /allocation_candidates?limit=1000&resources=DISK_GB%3A1%2CMEMORY_MB%3A512%2CVCPU%3A1&root_required=%21COMPUTE_STATUS_DISABLED => generated 2783 bytes in 57 msecs (HTTP/1.1 200) 8 headers in 297 bytes (1 switches on core 0)
2026-05-19 21:24:17.354 8 INFO placement.requestlog [req-dd40d9ee-a509-4e25-8162-5fcbcf7a7a7c req-a1a2c6c8-ced5-4629-94bf-21c005078b80 baa61e16488344c79b06d6b359f6252a 488a139251a14bf8aec66d2c293391fc - - 3e4c4b94dc96482f9e02bd2ee3327434 3e4c4b94dc96482f9e02bd2ee3327434] 10.0.0.213 "GET /allocations/ed5f32ef-02fd-4eb6-b456-300e64744b8d" status: 200 len: 19 microversion: 1.28 [pid: 8|app: 0|req: 612/1223] 10.0.0.213 () {34 vars in 861 bytes} [Tue May 19 21:24:17 2026] GET /allocations/ed5f32ef-02fd-4eb6-b456-300e64744b8d => generated 19 bytes in 11 msecs (HTTP/1.1 200) 8 headers in 295 bytes (1 switches on core 0)
2026-05-19 21:24:17.431 7 INFO placement.requestlog [req-dd40d9ee-a509-4e25-8162-5fcbcf7a7a7c req-2f7807f6-2293-420e-8bfa-408ba97a8ffb baa61e16488344c79b06d6b359f6252a 488a139251a14bf8aec66d2c293391fc - - 3e4c4b94dc96482f9e02bd2ee3327434 3e4c4b94dc96482f9e02bd2ee3327434] 10.0.0.213 "PUT /allocations/ed5f32ef-02fd-4eb6-b456-300e64744b8d" status: 204 len: 0 microversion: 1.36 [pid: 7|app: 0|req: 612/1224] 10.0.0.213 () {38 vars in 914 bytes} [Tue May 19 21:24:17 2026] PUT /allocations/ed5f32ef-02fd-4eb6-b456-300e64744b8d => generated 0 bytes in 70 msecs (HTTP/1.1 204) 5 headers in 199 bytes (1 switches on core 0)
2026-05-19 21:24:18.971 8 INFO placement.requestlog [req-dd40d9ee-a509-4e25-8162-5fcbcf7a7a7c req-7eb409ba-f0c9-42fe-bc60-979378719b18 baa61e16488344c79b06d6b359f6252a 488a139251a14bf8aec66d2c293391fc - - 3e4c4b94dc96482f9e02bd2ee3327434 3e4c4b94dc96482f9e02bd2ee3327434] 199.204.45.78 "GET /allocations/ed5f32ef-02fd-4eb6-b456-300e64744b8d" status: 200 len: 258 microversion: 1.28 [pid: 8|app: 0|req: 613/1225] 199.204.45.78 () {34 vars in 862 bytes} [Tue May 19 21:24:18 2026] GET /allocations/ed5f32ef-02fd-4eb6-b456-300e64744b8d => generated 258 bytes in 12 msecs (HTTP/1.1 200) 8 headers in 296 bytes (1 switches on core 0)
2026-05-19 21:24:20.020 7 INFO placement.requestlog [req-dd40d9ee-a509-4e25-8162-5fcbcf7a7a7c req-23a14257-859d-4753-a020-303e5b11c65c baa61e16488344c79b06d6b359f6252a 488a139251a14bf8aec66d2c293391fc - - 3e4c4b94dc96482f9e02bd2ee3327434 3e4c4b94dc96482f9e02bd2ee3327434] 199.204.45.78 "GET /resource_providers/001f7619-3ca2-411e-b992-594ea5e7b950/allocations" status: 200 len: 253 microversion: 1.0 [pid: 7|app: 0|req: 613/1226] 199.204.45.78 () {32 vars in 856 bytes} [Tue May 19 21:24:20 2026] GET /resource_providers/001f7619-3ca2-411e-b992-594ea5e7b950/allocations => generated 253 bytes in 16 msecs (HTTP/1.1 200) 6 headers in 224 bytes (1 switches on core 0)
2026-05-19 21:24:20.041 8 INFO placement.requestlog [req-dd40d9ee-a509-4e25-8162-5fcbcf7a7a7c req-68c701fd-8e80-49f4-a943-097350c8d83e baa61e16488344c79b06d6b359f6252a 488a139251a14bf8aec66d2c293391fc - - 3e4c4b94dc96482f9e02bd2ee3327434 3e4c4b94dc96482f9e02bd2ee3327434] 199.204.45.78 "GET /allocations/687b8912-d971-4794-8802-9a0d74a1aa98" status: 200 len: 258 microversion: 1.28 [pid: 8|app: 0|req: 614/1227] 199.204.45.78 () {34 vars in 862 bytes} [Tue May 19 21:24:20 2026] GET /allocations/687b8912-d971-4794-8802-9a0d74a1aa98 => generated 258 bytes in 12 msecs (HTTP/1.1 200) 8 headers in 296 bytes (1 switches on core 0)
2026-05-19 21:24:20.062 7 INFO placement.requestlog [req-dd40d9ee-a509-4e25-8162-5fcbcf7a7a7c req-9fa181bd-07a2-49e2-aa37-a4be8ea210bf baa61e16488344c79b06d6b359f6252a 488a139251a14bf8aec66d2c293391fc - - 3e4c4b94dc96482f9e02bd2ee3327434 3e4c4b94dc96482f9e02bd2ee3327434] 199.204.45.78 "GET /allocations/ed5f32ef-02fd-4eb6-b456-300e64744b8d" status: 200 len: 258 microversion: 1.28 [pid: 7|app: 0|req: 614/1228] 199.204.45.78 () {34 vars in 862 bytes} [Tue May 19 21:24:20 2026] GET /allocations/ed5f32ef-02fd-4eb6-b456-300e64744b8d => generated 258 bytes in 14 msecs (HTTP/1.1 200) 8 headers in 296 bytes (1 switches on core 0)
2026-05-19 21:24:20.762 8 INFO placement.requestlog [None req-f287646e-96a9-4a4f-8beb-b3d90896268f - - - - - -] 10.0.0.2 "GET /" status: 200 len: 136 microversion: 1.0
2026-05-19 21:24:20.762 7 INFO placement.requestlog [None req-8b666374-2601-4ed2-a99f-d5cb57d50467 - - - - - -] 10.0.0.2 "GET /" status: 200 len: 136 microversion: 1.0
2026-05-19 21:24:28.682 8 INFO placement.requestlog [None req-3b1e7560-dd02-4ddd-9b3a-73da78d6cb4d aca7a274c21445dba92bc4e9bb94e6bc 488a139251a14bf8aec66d2c293391fc - - 3e4c4b94dc96482f9e02bd2ee3327434 3e4c4b94dc96482f9e02bd2ee3327434] 10.0.0.201 "GET /resource_providers/17b71a35-d2c5-451f-bbd8-19c6887e2b89/aggregates" status: 404 len: 235 microversion: 1.1 [pid: 8|app: 0|req: 616/1231] 10.0.0.201 () {32 vars in 816 bytes} [Tue May 19 21:24:28 2026] GET /resource_providers/17b71a35-d2c5-451f-bbd8-19c6887e2b89/aggregates => generated 235 bytes in 9 msecs (HTTP/1.1 404) 5 headers in 202 bytes (1 switches on core 0)
2026-05-19 21:24:28.689 7 INFO placement.requestlog [None req-c9f4c5cf-cd3d-47cb-a3fa-35586a6bbb6f aca7a274c21445dba92bc4e9bb94e6bc 488a139251a14bf8aec66d2c293391fc - - 3e4c4b94dc96482f9e02bd2ee3327434 3e4c4b94dc96482f9e02bd2ee3327434] 10.0.0.201 "GET /resource_providers/17b71a35-d2c5-451f-bbd8-19c6887e2b89/aggregates" status: 404 len: 235 microversion: 1.1 [pid: 7|app: 0|req: 616/1232] 10.0.0.201 () {32 vars in 816 bytes} [Tue May 19 21:24:28 2026] GET /resource_providers/17b71a35-d2c5-451f-bbd8-19c6887e2b89/aggregates => generated 235 bytes in 11 msecs (HTTP/1.1 404) 5 headers in 202 bytes (1 switches on core 0)
2026-05-19 21:24:28.705 8 INFO placement.requestlog [None req-8537d1c7-36a3-4091-8c71-25093cd6de9d aca7a274c21445dba92bc4e9bb94e6bc 488a139251a14bf8aec66d2c293391fc - - 3e4c4b94dc96482f9e02bd2ee3327434 3e4c4b94dc96482f9e02bd2ee3327434] 10.0.0.201 "DELETE /resource_providers/17b71a35-d2c5-451f-bbd8-19c6887e2b89" status: 404 len: 246 microversion: 1.1 [pid: 8|app: 0|req: 617/1233] 10.0.0.201 () {34 vars in 816 bytes} [Tue May 19 21:24:28 2026] DELETE /resource_providers/17b71a35-d2c5-451f-bbd8-19c6887e2b89 => generated 246 bytes in 12 msecs (HTTP/1.1 404) 6 headers in 231 bytes (1 switches on core 0)
2026-05-19 21:24:28.714 7 INFO placement.requestlog [None req-aee5befa-dd7a-4f07-85e6-4ee5ced98885 aca7a274c21445dba92bc4e9bb94e6bc 488a139251a14bf8aec66d2c293391fc - - 3e4c4b94dc96482f9e02bd2ee3327434 3e4c4b94dc96482f9e02bd2ee3327434] 10.0.0.201 "DELETE /resource_providers/17b71a35-d2c5-451f-bbd8-19c6887e2b89" status: 404 len: 246 microversion: 1.1 [pid: 7|app: 0|req: 617/1234] 10.0.0.201 () {34 vars in 816 bytes} [Tue May 19 21:24:28 2026] DELETE /resource_providers/17b71a35-d2c5-451f-bbd8-19c6887e2b89 => generated 246 bytes in 12 msecs (HTTP/1.1 404) 6 headers in 231 bytes (1 switches on core 0)
