2026-06-11 03:12:54.196 7 INFO neutron.db.ovn_revision_numbers_db [None req-4bae0480-bbf1-4f6a-9567-79d1164eb033 24ce2bb83e494271a367af57fb82baab f6f10a9e9ee5436c9f3498c352855a21 - - default default] Successfully bumped revision number for resource 5aba85d4-7380-4046-a2ea-edd34362f4a3 (type: router_ports) to 1
2026-06-11 03:12:54.198 8 INFO neutron.services.segments.plugin [-] Segment 13aa021d-2280-4b12-8f12-c20567c84d53 resource provider aggregate not found [pid: 7|app: 0|req: 758/1433] 10.0.0.221 () {34 vars in 782 bytes} [Thu Jun 11 03:12:52 2026] PUT /v2.0/routers/127598df-f0f9-48d2-af09-398077c0c09f/add_router_interface => generated 309 bytes in 1495 msecs (HTTP/1.1 200) 4 headers in 157 bytes (1 switches on core 0)
2026-06-11 03:12:54.226 8 INFO neutron.services.segments.plugin [-] Segment 13aa021d-2280-4b12-8f12-c20567c84d53 resource provider not found; error: Placement Client Error (4xx): {"errors": [{"status": 404, "title": "Not Found", "detail": "The resource could not be found.\n\n No resource provider with uuid 13aa021d-2280-4b12-8f12-c20567c84d53 found for delete ", "request_id": "req-fec7efee-c41a-415c-8786-b70bbe74dbdc"}]}
2026-06-11 03:12:54.227 8 INFO neutron.services.segments.plugin [-] Segment 13aa021d-2280-4b12-8f12-c20567c84d53 resource provider not found; error: Placement Client Error (4xx): {"errors": [{"status": 404, "title": "Not Found", "detail": "The resource could not be found.\n\n No resource provider with uuid 13aa021d-2280-4b12-8f12-c20567c84d53 found for delete ", "request_id": "req-387acedd-833a-425a-bb1b-666c2666e6d8"}]} [pid: 7|app: 0|req: 759/1434] 10.0.0.221 () {32 vars in 716 bytes} [Thu Jun 11 03:12:54 2026] GET /v2.0/ports/5aba85d4-7380-4046-a2ea-edd34362f4a3 => generated 947 bytes in 32 msecs (HTTP/1.1 200) 4 headers in 157 bytes (1 switches on core 0) [pid: 8|app: 0|req: 676/1435] 10.0.0.221 () {32 vars in 773 bytes} [Thu Jun 11 03:12:53 2026] GET /v2.0/security-groups?tenant_id=0c88da9689ad40f594a6a9f32dc91c4f&name=default => generated 2925 bytes in 330 msecs (HTTP/1.1 200) 4 headers in 158 bytes (1 switches on core 0)
2026-06-11 03:12:54.585 8 INFO neutron.db.ovn_revision_numbers_db [None req-b9a00b25-9d04-4918-b639-74d9737149fb - - - - - -] Successfully bumped revision number for resource 5aba85d4-7380-4046-a2ea-edd34362f4a3 (type: ports) to 2
2026-06-11 03:12:54.728 7 WARNING neutron.scheduler.dhcp_agent_scheduler [None req-19c3dcf7-c181-4ca1-989f-48221593620c 24ce2bb83e494271a367af57fb82baab f6f10a9e9ee5436c9f3498c352855a21 - - default default] No more DHCP agents
2026-06-11 03:12:54.729 7 WARNING neutron.api.rpc.agentnotifiers.dhcp_rpc_agent_api [None req-19c3dcf7-c181-4ca1-989f-48221593620c 24ce2bb83e494271a367af57fb82baab f6f10a9e9ee5436c9f3498c352855a21 - - default default] Unable to schedule network c4d7d3ed-a0ea-413b-a395-d9ffafe5d4f5: no agents available; will retry on subsequent port and subnet creation events. [pid: 8|app: 0|req: 677/1436] 10.0.0.221 () {32 vars in 739 bytes} [Thu Jun 11 03:12:54 2026] DELETE /v2.0/security-groups/63bf89c7-fb5e-4de9-b0a9-57c43c1a080a => generated 0 bytes in 528 msecs (HTTP/1.1 204) 2 headers in 112 bytes (1 switches on core 0)
2026-06-11 03:12:54.895 7 INFO neutron.db.ovn_revision_numbers_db [None req-19c3dcf7-c181-4ca1-989f-48221593620c 24ce2bb83e494271a367af57fb82baab f6f10a9e9ee5436c9f3498c352855a21 - - default default] Successfully bumped revision number for resource e15ccdae-d321-4e64-b68a-22ee32f36054 (type: ports) to 1
2026-06-11 03:12:55.532 7 WARNING neutron.scheduler.dhcp_agent_scheduler [None req-19c3dcf7-c181-4ca1-989f-48221593620c 24ce2bb83e494271a367af57fb82baab f6f10a9e9ee5436c9f3498c352855a21 - - default default] No more DHCP agents
2026-06-11 03:12:55.534 7 WARNING neutron.api.rpc.agentnotifiers.dhcp_rpc_agent_api [None req-19c3dcf7-c181-4ca1-989f-48221593620c 24ce2bb83e494271a367af57fb82baab f6f10a9e9ee5436c9f3498c352855a21 - - default default] Unable to schedule network c4d7d3ed-a0ea-413b-a395-d9ffafe5d4f5: no agents available; will retry on subsequent port and subnet creation events.
2026-06-11 03:12:55.772 7 INFO neutron.db.ovn_revision_numbers_db [None req-19c3dcf7-c181-4ca1-989f-48221593620c 24ce2bb83e494271a367af57fb82baab f6f10a9e9ee5436c9f3498c352855a21 - - default default] Successfully bumped revision number for resource e15ccdae-d321-4e64-b68a-22ee32f36054 (type: router_ports) to 1 [pid: 7|app: 0|req: 760/1437] 10.0.0.221 () {34 vars in 782 bytes} [Thu Jun 11 03:12:54 2026] PUT /v2.0/routers/127598df-f0f9-48d2-af09-398077c0c09f/add_router_interface => generated 309 bytes in 1534 msecs (HTTP/1.1 200) 4 headers in 157 bytes (1 switches on core 0) [pid: 8|app: 0|req: 678/1438] 10.0.0.221 () {32 vars in 716 bytes} [Thu Jun 11 03:12:55 2026] GET /v2.0/ports/e15ccdae-d321-4e64-b68a-22ee32f36054 => generated 953 bytes in 73 msecs (HTTP/1.1 200) 4 headers in 157 bytes (1 switches on core 0) [pid: 7|app: 0|req: 761/1439] 10.0.0.221 () {32 vars in 716 bytes} [Thu Jun 11 03:12:55 2026] GET /v2.0/ports/e15ccdae-d321-4e64-b68a-22ee32f36054 => generated 953 bytes in 33 msecs (HTTP/1.1 200) 4 headers in 157 bytes (1 switches on core 0)
2026-06-11 03:12:56.722 8 INFO neutron.db.ovn_revision_numbers_db [None req-fb128ed8-5831-49c2-9bf3-02535f0514c0 fa49f398fa394009b08bb5b331738590 7ce2b73335e34e44879788a7f4622935 - - default default] Successfully bumped revision number for resource d740c3f3-2f20-427e-9085-7206780a05a0 (type: security_groups) to 1
2026-06-11 03:12:56.734 8 INFO neutron.db.ovn_revision_numbers_db [None req-fb128ed8-5831-49c2-9bf3-02535f0514c0 fa49f398fa394009b08bb5b331738590 7ce2b73335e34e44879788a7f4622935 - - default default] Successfully bumped revision number for resource 3e946bfb-533d-41fc-b2cf-73ba6c71a0a4 (type: security_group_rules) to 0
2026-06-11 03:12:56.745 8 INFO neutron.db.ovn_revision_numbers_db [None req-fb128ed8-5831-49c2-9bf3-02535f0514c0 fa49f398fa394009b08bb5b331738590 7ce2b73335e34e44879788a7f4622935 - - default default] Successfully bumped revision number for resource 5a527811-4c5d-4dd6-b5f9-0ddd18fbc0ec (type: security_group_rules) to 0
2026-06-11 03:12:56.756 8 INFO neutron.db.ovn_revision_numbers_db [None req-fb128ed8-5831-49c2-9bf3-02535f0514c0 fa49f398fa394009b08bb5b331738590 7ce2b73335e34e44879788a7f4622935 - - default default] Successfully bumped revision number for resource 957edcbb-a496-4248-ae8c-4fc02a9c268a (type: security_group_rules) to 0
2026-06-11 03:12:56.768 8 INFO neutron.db.ovn_revision_numbers_db [None req-fb128ed8-5831-49c2-9bf3-02535f0514c0 fa49f398fa394009b08bb5b331738590 7ce2b73335e34e44879788a7f4622935 - - default default] Successfully bumped revision number for resource d43829a2-b080-4ca2-9ec8-adec63503851 (type: security_group_rules) to 0 [pid: 8|app: 0|req: 679/1440] 10.0.0.221 () {32 vars in 773 bytes} [Thu Jun 11 03:12:56 2026] GET /v2.0/security-groups?tenant_id=bafb8c8092564136abc0d8525885eb92&name=default => generated 2925 bytes in 393 msecs (HTTP/1.1 200) 4 headers in 158 bytes (1 switches on core 0)
2026-06-11 03:12:56.952 7 INFO neutron.db.ovn_revision_numbers_db [None req-b3015a5c-e347-4ded-b8b4-5327e086accc b6822201bbe2461e89fdb35a57944d86 0c49b2810eaa4aa79ec6aa505b250b65 - - default default] Successfully bumped revision number for resource 0d9cd17d-d3af-4556-8648-0be88982c867 (type: security_groups) to 1
2026-06-11 03:12:56.970 7 INFO neutron.db.ovn_revision_numbers_db [None req-b3015a5c-e347-4ded-b8b4-5327e086accc b6822201bbe2461e89fdb35a57944d86 0c49b2810eaa4aa79ec6aa505b250b65 - - default default] Successfully bumped revision number for resource 13a0671e-4957-4e7b-a393-6f9840f9c11e (type: security_group_rules) to 0
2026-06-11 03:12:56.989 7 INFO neutron.db.ovn_revision_numbers_db [None req-b3015a5c-e347-4ded-b8b4-5327e086accc b6822201bbe2461e89fdb35a57944d86 0c49b2810eaa4aa79ec6aa505b250b65 - - default default] Successfully bumped revision number for resource 8521ef44-e62d-41e4-a2d5-509136e6aaf4 (type: security_group_rules) to 0
2026-06-11 03:12:57.002 7 INFO neutron.db.ovn_revision_numbers_db [None req-b3015a5c-e347-4ded-b8b4-5327e086accc b6822201bbe2461e89fdb35a57944d86 0c49b2810eaa4aa79ec6aa505b250b65 - - default default] Successfully bumped revision number for resource ad93bf41-1fcd-47ea-a66f-17b7d92ad3d1 (type: security_group_rules) to 0
2026-06-11 03:12:57.015 7 INFO neutron.db.ovn_revision_numbers_db [None req-b3015a5c-e347-4ded-b8b4-5327e086accc b6822201bbe2461e89fdb35a57944d86 0c49b2810eaa4aa79ec6aa505b250b65 - - default default] Successfully bumped revision number for resource b059524d-b42b-4f99-823b-ac1c0daa375e (type: security_group_rules) to 0
2026-06-11 03:12:57.138 7 INFO neutron.db.segments_db [None req-b3015a5c-e347-4ded-b8b4-5327e086accc b6822201bbe2461e89fdb35a57944d86 0c49b2810eaa4aa79ec6aa505b250b65 - - default default] Added segment 28c10f87-7162-4612-932a-04073b2650d0 of type geneve for network 720dfa2c-ea5b-4fdc-850d-1be711a8ce91 [pid: 8|app: 0|req: 680/1441] 10.0.0.221 () {32 vars in 739 bytes} [Thu Jun 11 03:12:56 2026] DELETE /v2.0/security-groups/d740c3f3-2f20-427e-9085-7206780a05a0 => generated 0 bytes in 354 msecs (HTTP/1.1 204) 2 headers in 112 bytes (1 switches on core 0) [pid: 8|app: 0|req: 681/1442] 10.0.0.221 () {32 vars in 716 bytes} [Thu Jun 11 03:12:57 2026] GET /v2.0/ports/e15ccdae-d321-4e64-b68a-22ee32f36054 => generated 953 bytes in 39 msecs (HTTP/1.1 200) 4 headers in 157 bytes (1 switches on core 0)
2026-06-11 03:12:57.259 7 INFO neutron.db.ovn_revision_numbers_db [None req-b3015a5c-e347-4ded-b8b4-5327e086accc b6822201bbe2461e89fdb35a57944d86 0c49b2810eaa4aa79ec6aa505b250b65 - - default default] Successfully bumped revision number for resource 720dfa2c-ea5b-4fdc-850d-1be711a8ce91 (type: networks) to 1 [pid: 8|app: 0|req: 682/1443] 10.0.0.87 () {34 vars in 988 bytes} [Thu Jun 11 03:12:57 2026] GET /v2.0/ports?device_id=131bd134-ea1f-4ebb-81e6-634a647810f9 => generated 975 bytes in 100 msecs (HTTP/1.1 200) 4 headers in 157 bytes (1 switches on core 0)
2026-06-11 03:12:57.462 7 WARNING neutron.scheduler.dhcp_agent_scheduler [None req-b3015a5c-e347-4ded-b8b4-5327e086accc b6822201bbe2461e89fdb35a57944d86 0c49b2810eaa4aa79ec6aa505b250b65 - - default default] No more DHCP agents
2026-06-11 03:12:57.465 7 WARNING neutron.api.rpc.agentnotifiers.dhcp_rpc_agent_api [None req-b3015a5c-e347-4ded-b8b4-5327e086accc b6822201bbe2461e89fdb35a57944d86 0c49b2810eaa4aa79ec6aa505b250b65 - - default default] Unable to schedule network 720dfa2c-ea5b-4fdc-850d-1be711a8ce91: no agents available; will retry on subsequent port and subnet creation events.
2026-06-11 03:12:57.521 8 INFO neutron.db.ovn_revision_numbers_db [None req-11db531a-1e63-4c01-bac0-babf150b3088 fa49f398fa394009b08bb5b331738590 7ce2b73335e34e44879788a7f4622935 - - default default] Successfully bumped revision number for resource 743a120c-e594-48ab-b4ff-169c1e6346d0 (type: security_groups) to 1
2026-06-11 03:12:57.532 8 INFO neutron.db.ovn_revision_numbers_db [None req-11db531a-1e63-4c01-bac0-babf150b3088 fa49f398fa394009b08bb5b331738590 7ce2b73335e34e44879788a7f4622935 - - default default] Successfully bumped revision number for resource 1a337d07-57dc-466e-a99f-308e69962a88 (type: security_group_rules) to 0
2026-06-11 03:12:57.572 8 INFO neutron.db.ovn_revision_numbers_db [None req-11db531a-1e63-4c01-bac0-babf150b3088 fa49f398fa394009b08bb5b331738590 7ce2b73335e34e44879788a7f4622935 - - default default] Successfully bumped revision number for resource 2ac66845-44f8-4856-b08d-ac1688d9101a (type: security_group_rules) to 0
2026-06-11 03:12:57.593 8 INFO neutron.db.ovn_revision_numbers_db [None req-11db531a-1e63-4c01-bac0-babf150b3088 fa49f398fa394009b08bb5b331738590 7ce2b73335e34e44879788a7f4622935 - - default default] Successfully bumped revision number for resource 896f001b-6580-4ff9-8d0e-d2e694d48c12 (type: security_group_rules) to 0
2026-06-11 03:12:57.608 8 INFO neutron.db.ovn_revision_numbers_db [None req-11db531a-1e63-4c01-bac0-babf150b3088 fa49f398fa394009b08bb5b331738590 7ce2b73335e34e44879788a7f4622935 - - default default] Successfully bumped revision number for resource bdd044ba-9f66-4cb8-8002-87a024d78501 (type: security_group_rules) to 0
2026-06-11 03:12:57.616 7 INFO neutron.db.ovn_revision_numbers_db [None req-b3015a5c-e347-4ded-b8b4-5327e086accc b6822201bbe2461e89fdb35a57944d86 0c49b2810eaa4aa79ec6aa505b250b65 - - default default] Successfully bumped revision number for resource da1fa2b6-e899-42fa-9a89-51a2fc181eb0 (type: ports) to 1 [pid: 7|app: 0|req: 762/1444] 10.0.0.221 () {34 vars in 669 bytes} [Thu Jun 11 03:12:56 2026] POST /v2.0/networks => generated 668 bytes in 899 msecs (HTTP/1.1 201) 4 headers in 162 bytes (1 switches on core 0) [pid: 8|app: 0|req: 683/1445] 10.0.0.221 () {32 vars in 773 bytes} [Thu Jun 11 03:12:57 2026] GET /v2.0/security-groups?tenant_id=e07e83ebf4754d57b37b54d59e71ed8e&name=default => generated 2925 bytes in 342 msecs (HTTP/1.1 200) 4 headers in 158 bytes (1 switches on core 0) [pid: 7|app: 0|req: 763/1446] 10.0.0.87 () {34 vars in 1038 bytes} [Thu Jun 11 03:12:57 2026] GET /v2.0/security-groups?id=0f973b67-5ed0-43bb-b13f-729982e36b19&fields=id&fields=name => generated 113 bytes in 29 msecs (HTTP/1.1 200) 4 headers in 157 bytes (1 switches on core 0)
2026-06-11 03:12:57.889 8 WARNING neutron.scheduler.dhcp_agent_scheduler [None req-169e0088-cc73-4281-84ac-f8e56556b173 b6822201bbe2461e89fdb35a57944d86 0c49b2810eaa4aa79ec6aa505b250b65 - - default default] No more DHCP agents
2026-06-11 03:12:57.890 8 WARNING neutron.api.rpc.agentnotifiers.dhcp_rpc_agent_api [None req-169e0088-cc73-4281-84ac-f8e56556b173 b6822201bbe2461e89fdb35a57944d86 0c49b2810eaa4aa79ec6aa505b250b65 - - default default] Unable to schedule network 720dfa2c-ea5b-4fdc-850d-1be711a8ce91: no agents available; will retry on subsequent port and subnet creation events. [pid: 7|app: 0|req: 764/1447] 10.0.0.221 () {32 vars in 739 bytes} [Thu Jun 11 03:12:57 2026] DELETE /v2.0/security-groups/743a120c-e594-48ab-b4ff-169c1e6346d0 => generated 0 bytes in 291 msecs (HTTP/1.1 204) 2 headers in 112 bytes (1 switches on core 0)
2026-06-11 03:12:58.066 8 INFO neutron.db.ovn_revision_numbers_db [None req-169e0088-cc73-4281-84ac-f8e56556b173 b6822201bbe2461e89fdb35a57944d86 0c49b2810eaa4aa79ec6aa505b250b65 - - default default] Successfully bumped revision number for resource 8eb5240b-1d23-48cb-b5d1-ef08e39871d1 (type: ports) to 1 [pid: 8|app: 0|req: 684/1448] 10.0.0.221 () {34 vars in 664 bytes} [Thu Jun 11 03:12:57 2026] POST /v2.0/ports => generated 776 bytes in 476 msecs (HTTP/1.1 201) 4 headers in 162 bytes (1 switches on core 0) [pid: 7|app: 0|req: 765/1449] 10.0.0.87 () {34 vars in 988 bytes} [Thu Jun 11 03:12:57 2026] GET /v2.0/ports?device_id=131bd134-ea1f-4ebb-81e6-634a647810f9 => generated 975 bytes in 172 msecs (HTTP/1.1 200) 4 headers in 157 bytes (1 switches on core 0) /var/lib/openstack/lib/python3.12/site-packages/pycadf/identifier.py:70: UserWarning: Invalid uuid: neutron. To ensure interoperability, identifiers should be a valid uuid. warnings.warn(('Invalid uuid: %s. To ensure interoperability, ' [pid: 7|app: 0|req: 766/1450] 10.0.0.87 () {34 vars in 1038 bytes} [Thu Jun 11 03:12:58 2026] GET /v2.0/security-groups?id=0f973b67-5ed0-43bb-b13f-729982e36b19&fields=id&fields=name => generated 113 bytes in 35 msecs (HTTP/1.1 200) 4 headers in 157 bytes (1 switches on core 0)
2026-06-11 03:12:58.228 8 INFO neutron.db.segments_db [None req-b5102d18-b2eb-46bc-84e0-ee28a6ed746f b6822201bbe2461e89fdb35a57944d86 0c49b2810eaa4aa79ec6aa505b250b65 - - default default] Added segment 8e142b9c-4234-40f0-833a-d165a6ad4862 of type geneve for network 0024186c-6977-44e0-96e8-029c6cda4e6c [pid: 7|app: 0|req: 767/1451] 10.0.0.221 () {32 vars in 716 bytes} [Thu Jun 11 03:12:58 2026] GET /v2.0/ports/e15ccdae-d321-4e64-b68a-22ee32f36054 => generated 953 bytes in 75 msecs (HTTP/1.1 200) 4 headers in 157 bytes (1 switches on core 0)
2026-06-11 03:12:58.335 8 INFO neutron.db.ovn_revision_numbers_db [None req-b5102d18-b2eb-46bc-84e0-ee28a6ed746f b6822201bbe2461e89fdb35a57944d86 0c49b2810eaa4aa79ec6aa505b250b65 - - default default] Successfully bumped revision number for resource 0024186c-6977-44e0-96e8-029c6cda4e6c (type: networks) to 1
2026-06-11 03:12:58.484 8 WARNING neutron.scheduler.dhcp_agent_scheduler [None req-b5102d18-b2eb-46bc-84e0-ee28a6ed746f b6822201bbe2461e89fdb35a57944d86 0c49b2810eaa4aa79ec6aa505b250b65 - - default default] No more DHCP agents
2026-06-11 03:12:58.484 8 WARNING neutron.api.rpc.agentnotifiers.dhcp_rpc_agent_api [None req-b5102d18-b2eb-46bc-84e0-ee28a6ed746f b6822201bbe2461e89fdb35a57944d86 0c49b2810eaa4aa79ec6aa505b250b65 - - default default] Unable to schedule network 0024186c-6977-44e0-96e8-029c6cda4e6c: no agents available; will retry on subsequent port and subnet creation events. [pid: 7|app: 0|req: 768/1452] 10.0.0.87 () {34 vars in 988 bytes} [Thu Jun 11 03:12:58 2026] GET /v2.0/ports?device_id=131bd134-ea1f-4ebb-81e6-634a647810f9 => generated 975 bytes in 51 msecs (HTTP/1.1 200) 4 headers in 157 bytes (1 switches on core 0)
2026-06-11 03:12:58.576 8 INFO neutron.db.ovn_revision_numbers_db [None req-b5102d18-b2eb-46bc-84e0-ee28a6ed746f b6822201bbe2461e89fdb35a57944d86 0c49b2810eaa4aa79ec6aa505b250b65 - - default default] Successfully bumped revision number for resource 49a9a9cd-ddb3-407c-838f-b8bbd1aaf04f (type: ports) to 1 [pid: 7|app: 0|req: 769/1453] 10.0.0.87 () {34 vars in 1038 bytes} [Thu Jun 11 03:12:58 2026] GET /v2.0/security-groups?id=0f973b67-5ed0-43bb-b13f-729982e36b19&fields=id&fields=name => generated 113 bytes in 53 msecs (HTTP/1.1 200) 4 headers in 157 bytes (1 switches on core 0) [pid: 8|app: 0|req: 685/1454] 10.0.0.221 () {34 vars in 669 bytes} [Thu Jun 11 03:12:58 2026] POST /v2.0/networks => generated 655 bytes in 467 msecs (HTTP/1.1 201) 4 headers in 162 bytes (1 switches on core 0)
2026-06-11 03:12:58.755 7 WARNING neutron.scheduler.dhcp_agent_scheduler [None req-61efd860-26b0-4f1e-ae6f-ebe69c20037b b6822201bbe2461e89fdb35a57944d86 0c49b2810eaa4aa79ec6aa505b250b65 - - default default] No more DHCP agents
2026-06-11 03:12:58.756 7 WARNING neutron.api.rpc.agentnotifiers.dhcp_rpc_agent_api [None req-61efd860-26b0-4f1e-ae6f-ebe69c20037b b6822201bbe2461e89fdb35a57944d86 0c49b2810eaa4aa79ec6aa505b250b65 - - default default] Unable to schedule network 0024186c-6977-44e0-96e8-029c6cda4e6c: no agents available; will retry on subsequent port and subnet creation events.
2026-06-11 03:12:58.788 7 INFO neutron.db.ovn_revision_numbers_db [None req-61efd860-26b0-4f1e-ae6f-ebe69c20037b b6822201bbe2461e89fdb35a57944d86 0c49b2810eaa4aa79ec6aa505b250b65 - - default default] Successfully bumped revision number for resource 5f4f6730-58a2-4745-b6db-69d14d72b4c7 (type: subnets) to 0 [pid: 7|app: 0|req: 770/1455] 10.0.0.221 () {34 vars in 668 bytes} [Thu Jun 11 03:12:58 2026] POST /v2.0/subnets => generated 646 bytes in 199 msecs (HTTP/1.1 201) 4 headers in 162 bytes (1 switches on core 0)
2026-06-11 03:12:59.061 8 WARNING neutron.scheduler.dhcp_agent_scheduler [None req-be2cad33-e181-4709-aad8-16362592b2b4 b6822201bbe2461e89fdb35a57944d86 0c49b2810eaa4aa79ec6aa505b250b65 - - default default] No more DHCP agents
2026-06-11 03:12:59.062 8 WARNING neutron.api.rpc.agentnotifiers.dhcp_rpc_agent_api [None req-be2cad33-e181-4709-aad8-16362592b2b4 b6822201bbe2461e89fdb35a57944d86 0c49b2810eaa4aa79ec6aa505b250b65 - - default default] Unable to schedule network 0024186c-6977-44e0-96e8-029c6cda4e6c: no agents available; will retry on subsequent port and subnet creation events.
2026-06-11 03:12:59.239 8 INFO neutron.db.ovn_revision_numbers_db [None req-be2cad33-e181-4709-aad8-16362592b2b4 b6822201bbe2461e89fdb35a57944d86 0c49b2810eaa4aa79ec6aa505b250b65 - - default default] Successfully bumped revision number for resource 37ea5ed4-3702-4b63-94dc-80014939549d (type: ports) to 1 [pid: 8|app: 0|req: 686/1456] 10.0.0.221 () {34 vars in 664 bytes} [Thu Jun 11 03:12:58 2026] POST /v2.0/ports => generated 965 bytes in 478 msecs (HTTP/1.1 201) 4 headers in 162 bytes (1 switches on core 0) /var/lib/openstack/lib/python3.12/site-packages/pycadf/identifier.py:70: UserWarning: Invalid uuid: neutron. To ensure interoperability, identifiers should be a valid uuid. warnings.warn(('Invalid uuid: %s. To ensure interoperability, ' [pid: 8|app: 0|req: 687/1457] 10.0.0.221 () {32 vars in 716 bytes} [Thu Jun 11 03:12:59 2026] GET /v2.0/ports/e15ccdae-d321-4e64-b68a-22ee32f36054 => generated 953 bytes in 31 msecs (HTTP/1.1 200) 4 headers in 157 bytes (1 switches on core 0)
2026-06-11 03:12:59.408 7 INFO neutron_taas.services.taas.taas_plugin [None req-b945869e-9471-465a-8d37-c0592b982ae2 b6822201bbe2461e89fdb35a57944d86 0c49b2810eaa4aa79ec6aa505b250b65 - - default default] TaaS: Handle Delete Port: 37ea5ed4-3702-4b63-94dc-80014939549d
2026-06-11 03:12:59.411 7 INFO neutron_taas.services.taas.tap_mirror_plugin [None req-b945869e-9471-465a-8d37-c0592b982ae2 b6822201bbe2461e89fdb35a57944d86 0c49b2810eaa4aa79ec6aa505b250b65 - - default default] Tap Mirror: Handle Delete Port: 37ea5ed4-3702-4b63-94dc-80014939549d [pid: 7|app: 0|req: 771/1458] 10.0.0.221 () {32 vars in 719 bytes} [Thu Jun 11 03:12:59 2026] DELETE /v2.0/ports/37ea5ed4-3702-4b63-94dc-80014939549d => generated 0 bytes in 281 msecs (HTTP/1.1 204) 3 headers in 131 bytes (1 switches on core 0)
2026-06-11 03:12:59.593 8 INFO neutron.pecan_wsgi.hooks.translation [None req-a7228f20-2892-48f4-94c7-036b15ba4d2f b6822201bbe2461e89fdb35a57944d86 0c49b2810eaa4aa79ec6aa505b250b65 - - default default] DELETE failed (client error): The resource could not be found. [pid: 8|app: 0|req: 688/1459] 10.0.0.221 () {32 vars in 719 bytes} [Thu Jun 11 03:12:59 2026] DELETE /v2.0/ports/37ea5ed4-3702-4b63-94dc-80014939549d => generated 132 bytes in 20 msecs (HTTP/1.1 404) 4 headers in 164 bytes (1 switches on core 0)
2026-06-11 03:12:59.622 7 INFO neutron.pecan_wsgi.hooks.translation [None req-c4511468-17b9-44b6-9804-eaba1c5d0f52 b6822201bbe2461e89fdb35a57944d86 0c49b2810eaa4aa79ec6aa505b250b65 - - default default] GET failed (client error): The resource could not be found. [pid: 7|app: 0|req: 772/1460] 10.0.0.221 () {32 vars in 716 bytes} [Thu Jun 11 03:12:59 2026] GET /v2.0/ports/37ea5ed4-3702-4b63-94dc-80014939549d => generated 132 bytes in 22 msecs (HTTP/1.1 404) 4 headers in 164 bytes (1 switches on core 0)
2026-06-11 03:12:59.672 8 WARNING neutron.plugins.ml2.drivers.ovn.mech_driver.ovsdb.ovn_client [None req-ce48209f-3126-4ae9-80de-1bb2174651ee - - - - - -] No hosting information found for port 5aba85d4-7380-4046-a2ea-edd34362f4a3: RuntimeError: No hosting information found for port 5aba85d4-7380-4046-a2ea-edd34362f4a3 [pid: 7|app: 0|req: 773/1461] 10.0.0.87 () {34 vars in 988 bytes} [Thu Jun 11 03:12:59 2026] GET /v2.0/ports?device_id=131bd134-ea1f-4ebb-81e6-634a647810f9 => generated 975 bytes in 31 msecs (HTTP/1.1 200) 4 headers in 157 bytes (1 switches on core 0) [pid: 7|app: 0|req: 774/1462] 10.0.0.87 () {34 vars in 1038 bytes} [Thu Jun 11 03:12:59 2026] GET /v2.0/security-groups?id=0f973b67-5ed0-43bb-b13f-729982e36b19&fields=id&fields=name => generated 113 bytes in 28 msecs (HTTP/1.1 200) 4 headers in 157 bytes (1 switches on core 0)
2026-06-11 03:12:59.804 8 INFO neutron.db.ovn_revision_numbers_db [None req-ce48209f-3126-4ae9-80de-1bb2174651ee - - - - - -] Successfully bumped revision number for resource 5aba85d4-7380-4046-a2ea-edd34362f4a3 (type: router_ports) to 2
2026-06-11 03:12:59.856 8 INFO neutron.plugins.ml2.drivers.ovn.mech_driver.mech_driver [None req-ce48209f-3126-4ae9-80de-1bb2174651ee - - - - - -] OVN reports status down for port: e15ccdae-d321-4e64-b68a-22ee32f36054 [pid: 8|app: 0|req: 689/1463] 10.0.0.221 () {32 vars in 723 bytes} [Thu Jun 11 03:12:59 2026] DELETE /v2.0/subnets/5f4f6730-58a2-4745-b6db-69d14d72b4c7 => generated 0 bytes in 232 msecs (HTTP/1.1 204) 3 headers in 131 bytes (1 switches on core 0)
2026-06-11 03:12:59.920 8 WARNING neutron.plugins.ml2.drivers.ovn.mech_driver.ovsdb.ovn_client [None req-ce48209f-3126-4ae9-80de-1bb2174651ee - - - - - -] Logical_Switch_Port %s host information not removed, the port state is up
2026-06-11 03:12:59.921 8 INFO neutron.plugins.ml2.drivers.ovn.mech_driver.mech_driver [None req-ce48209f-3126-4ae9-80de-1bb2174651ee - - - - - -] OVN reports status up for port: e15ccdae-d321-4e64-b68a-22ee32f36054
2026-06-11 03:12:59.930 8 INFO neutron.plugins.ml2.plugin [None req-ce48209f-3126-4ae9-80de-1bb2174651ee - - - - - -] Attempt 1 to provision port e15ccdae-d321-4e64-b68a-22ee32f36054
2026-06-11 03:12:59.972 7 INFO neutron_taas.services.taas.taas_plugin [None req-b9568c1b-63af-4a86-9487-4ba0aaa243cd b6822201bbe2461e89fdb35a57944d86 0c49b2810eaa4aa79ec6aa505b250b65 - - default default] TaaS: Handle Delete Port: 49a9a9cd-ddb3-407c-838f-b8bbd1aaf04f
2026-06-11 03:12:59.974 7 INFO neutron_taas.services.taas.tap_mirror_plugin [None req-b9568c1b-63af-4a86-9487-4ba0aaa243cd b6822201bbe2461e89fdb35a57944d86 0c49b2810eaa4aa79ec6aa505b250b65 - - default default] Tap Mirror: Handle Delete Port: 49a9a9cd-ddb3-407c-838f-b8bbd1aaf04f [pid: 8|app: 0|req: 690/1464] 199.204.45.169 () {34 vars in 1079 bytes} [Thu Jun 11 03:12:59 2026] GET /v2.0/ports?tenant_id=fb6461c8154645469e89acb87f3e1769&device_id=131bd134-ea1f-4ebb-81e6-634a647810f9 => generated 1213 bytes in 130 msecs (HTTP/1.1 200) 4 headers in 158 bytes (1 switches on core 0)
2026-06-11 03:13:00.176 7 INFO neutron.services.segments.plugin [-] Segment 8e142b9c-4234-40f0-833a-d165a6ad4862 resource provider aggregate not found
2026-06-11 03:13:00.184 7 INFO neutron.services.segments.plugin [-] Segment 8e142b9c-4234-40f0-833a-d165a6ad4862 resource provider aggregate not found
2026-06-11 03:13:00.198 7 INFO neutron.services.segments.plugin [-] Segment 8e142b9c-4234-40f0-833a-d165a6ad4862 resource provider not found; error: Placement Client Error (4xx): {"errors": [{"status": 404, "title": "Not Found", "detail": "The resource could not be found.\n\n No resource provider with uuid 8e142b9c-4234-40f0-833a-d165a6ad4862 found for delete ", "request_id": "req-dde856f4-2049-41c5-9074-4640f1d94a41"}]}
2026-06-11 03:13:00.205 7 INFO neutron.services.segments.plugin [-] Segment 8e142b9c-4234-40f0-833a-d165a6ad4862 resource provider not found; error: Placement Client Error (4xx): {"errors": [{"status": 404, "title": "Not Found", "detail": "The resource could not be found.\n\n No resource provider with uuid 8e142b9c-4234-40f0-833a-d165a6ad4862 found for delete ", "request_id": "req-b5ab024a-b858-4232-a5d8-b0cfdb157873"}]} [pid: 7|app: 0|req: 775/1465] 10.0.0.221 () {32 vars in 725 bytes} [Thu Jun 11 03:12:59 2026] DELETE /v2.0/networks/0024186c-6977-44e0-96e8-029c6cda4e6c => generated 0 bytes in 369 msecs (HTTP/1.1 204) 3 headers in 131 bytes (1 switches on core 0) [pid: 8|app: 0|req: 691/1466] 199.204.45.169 () {34 vars in 985 bytes} [Thu Jun 11 03:13:00 2026] GET /v2.0/networks?id=e4559539-ca31-42d6-a4f1-696dd61fa566 => generated 812 bytes in 141 msecs (HTTP/1.1 200) 4 headers in 157 bytes (1 switches on core 0)
2026-06-11 03:13:00.318 7 INFO neutron.db.segments_db [None req-b800b41b-fb8f-48f8-a36a-9f4efd403609 b6822201bbe2461e89fdb35a57944d86 0c49b2810eaa4aa79ec6aa505b250b65 - - default default] Added segment 15bb5f6c-15f1-485f-b521-bd5c5e232063 of type geneve for network cd24b24c-4828-44ba-8b20-03a41c05fc21 [pid: 8|app: 0|req: 692/1467] 199.204.45.169 () {34 vars in 1059 bytes} [Thu Jun 11 03:13:00 2026] GET /v2.0/floatingips?fixed_ip_address=10.100.0.12&port_id=13e1bb20-034a-4b5b-a048-5f39c108b74e => generated 861 bytes in 68 msecs (HTTP/1.1 200) 4 headers in 157 bytes (1 switches on core 0) [pid: 8|app: 0|req: 693/1468] 10.0.0.221 () {32 vars in 716 bytes} [Thu Jun 11 03:13:00 2026] GET /v2.0/ports/e15ccdae-d321-4e64-b68a-22ee32f36054 => generated 955 bytes in 76 msecs (HTTP/1.1 200) 4 headers in 157 bytes (1 switches on core 0)
2026-06-11 03:13:00.445 7 INFO neutron.db.ovn_revision_numbers_db [None req-b800b41b-fb8f-48f8-a36a-9f4efd403609 b6822201bbe2461e89fdb35a57944d86 0c49b2810eaa4aa79ec6aa505b250b65 - - default default] Successfully bumped revision number for resource cd24b24c-4828-44ba-8b20-03a41c05fc21 (type: networks) to 1 [pid: 8|app: 0|req: 694/1469] 199.204.45.169 () {34 vars in 983 bytes} [Thu Jun 11 03:13:00 2026] GET /v2.0/subnets?id=e8e87a4f-c4b1-4750-9510-4c46eddef796 => generated 693 bytes in 71 msecs (HTTP/1.1 200) 4 headers in 157 bytes (1 switches on core 0)
2026-06-11 03:13:00.644 7 WARNING neutron.scheduler.dhcp_agent_scheduler [None req-b800b41b-fb8f-48f8-a36a-9f4efd403609 b6822201bbe2461e89fdb35a57944d86 0c49b2810eaa4aa79ec6aa505b250b65 - - default default] No more DHCP agents
2026-06-11 03:13:00.645 7 WARNING neutron.api.rpc.agentnotifiers.dhcp_rpc_agent_api [None req-b800b41b-fb8f-48f8-a36a-9f4efd403609 b6822201bbe2461e89fdb35a57944d86 0c49b2810eaa4aa79ec6aa505b250b65 - - default default] Unable to schedule network cd24b24c-4828-44ba-8b20-03a41c05fc21: no agents available; will retry on subsequent port and subnet creation events.
2026-06-11 03:13:00.661 8 INFO neutron.db.ovn_revision_numbers_db [None req-ce48209f-3126-4ae9-80de-1bb2174651ee - - - - - -] Successfully bumped revision number for resource e15ccdae-d321-4e64-b68a-22ee32f36054 (type: ports) to 2
2026-06-11 03:13:00.751 7 INFO neutron.db.ovn_revision_numbers_db [None req-b800b41b-fb8f-48f8-a36a-9f4efd403609 b6822201bbe2461e89fdb35a57944d86 0c49b2810eaa4aa79ec6aa505b250b65 - - default default] Successfully bumped revision number for resource 56b05850-d74e-4122-a09d-a938b968965e (type: ports) to 1 [pid: 7|app: 0|req: 776/1470] 10.0.0.221 () {34 vars in 669 bytes} [Thu Jun 11 03:13:00 2026] POST /v2.0/networks => generated 655 bytes in 530 msecs (HTTP/1.1 201) 4 headers in 162 bytes (1 switches on core 0) [pid: 7|app: 0|req: 777/1471] 199.204.45.169 () {34 vars in 1051 bytes} [Thu Jun 11 03:13:00 2026] GET /v2.0/ports?network_id=e4559539-ca31-42d6-a4f1-696dd61fa566&device_owner=network%3Adhcp => generated 12 bytes in 17 msecs (HTTP/1.1 200) 4 headers in 156 bytes (1 switches on core 0)
2026-06-11 03:13:00.958 7 WARNING neutron.scheduler.dhcp_agent_scheduler [None req-5b2876ac-701b-4ce1-b5d9-736f8b2c13ec b6822201bbe2461e89fdb35a57944d86 0c49b2810eaa4aa79ec6aa505b250b65 - - default default] No more DHCP agents
2026-06-11 03:13:00.959 7 WARNING neutron.api.rpc.agentnotifiers.dhcp_rpc_agent_api [None req-5b2876ac-701b-4ce1-b5d9-736f8b2c13ec b6822201bbe2461e89fdb35a57944d86 0c49b2810eaa4aa79ec6aa505b250b65 - - default default] Unable to schedule network cd24b24c-4828-44ba-8b20-03a41c05fc21: no agents available; will retry on subsequent port and subnet creation events.
2026-06-11 03:13:00.991 8 INFO neutron_taas.services.taas.taas_plugin [None req-b4135ae0-0054-4fe8-b4fa-9b2af2815cdf 24ce2bb83e494271a367af57fb82baab f6f10a9e9ee5436c9f3498c352855a21 - - default default] TaaS: Handle Delete Port: e15ccdae-d321-4e64-b68a-22ee32f36054
2026-06-11 03:13:00.995 8 INFO neutron_taas.services.taas.tap_mirror_plugin [None req-b4135ae0-0054-4fe8-b4fa-9b2af2815cdf 24ce2bb83e494271a367af57fb82baab f6f10a9e9ee5436c9f3498c352855a21 - - default default] Tap Mirror: Handle Delete Port: e15ccdae-d321-4e64-b68a-22ee32f36054
2026-06-11 03:13:00.998 7 INFO neutron.db.ovn_revision_numbers_db [None req-5b2876ac-701b-4ce1-b5d9-736f8b2c13ec b6822201bbe2461e89fdb35a57944d86 0c49b2810eaa4aa79ec6aa505b250b65 - - default default] Successfully bumped revision number for resource 47f2fe9e-e243-4e74-91cf-283cd2d9eb1e (type: subnets) to 0 [pid: 7|app: 0|req: 778/1472] 10.0.0.221 () {34 vars in 668 bytes} [Thu Jun 11 03:13:00 2026] POST /v2.0/subnets => generated 646 bytes in 225 msecs (HTTP/1.1 201) 4 headers in 162 bytes (1 switches on core 0) [pid: 7|app: 0|req: 779/1473] 10.0.0.87 () {34 vars in 988 bytes} [Thu Jun 11 03:13:01 2026] GET /v2.0/ports?device_id=131bd134-ea1f-4ebb-81e6-634a647810f9 => generated 975 bytes in 41 msecs (HTTP/1.1 200) 4 headers in 157 bytes (1 switches on core 0) [pid: 7|app: 0|req: 780/1474] 199.204.45.169 () {34 vars in 1011 bytes} [Thu Jun 11 03:13:01 2026] GET /v2.0/networks/e4559539-ca31-42d6-a4f1-696dd61fa566?fields=segments => generated 14 bytes in 57 msecs (HTTP/1.1 200) 4 headers in 156 bytes (1 switches on core 0) [pid: 8|app: 0|req: 695/1475] 10.0.0.221 () {34 vars in 788 bytes} [Thu Jun 11 03:13:00 2026] PUT /v2.0/routers/127598df-f0f9-48d2-af09-398077c0c09f/remove_router_interface => generated 309 bytes in 946 msecs (HTTP/1.1 200) 4 headers in 157 bytes (1 switches on core 0) /var/lib/openstack/lib/python3.12/site-packages/pycadf/identifier.py:70: UserWarning: Invalid uuid: neutron. To ensure interoperability, identifiers should be a valid uuid. warnings.warn(('Invalid uuid: %s. To ensure interoperability, ' [pid: 8|app: 0|req: 696/1476] 10.0.0.87 () {34 vars in 1038 bytes} [Thu Jun 11 03:13:01 2026] GET /v2.0/security-groups?id=0f973b67-5ed0-43bb-b13f-729982e36b19&fields=id&fields=name => generated 113 bytes in 29 msecs (HTTP/1.1 200) 4 headers in 157 bytes (1 switches on core 0) [pid: 8|app: 0|req: 697/1477] 199.204.45.169 () {34 vars in 1111 bytes} [Thu Jun 11 03:13:01 2026] GET /v2.0/networks/e4559539-ca31-42d6-a4f1-696dd61fa566?fields=provider%3Aphysical_network&fields=provider%3Anetwork_type => generated 79 bytes in 33 msecs (HTTP/1.1 200) 4 headers in 156 bytes (1 switches on core 0) [pid: 8|app: 0|req: 698/1478] 10.0.0.221 () {32 vars in 716 bytes} [Thu Jun 11 03:13:01 2026] GET /v2.0/ports/5aba85d4-7380-4046-a2ea-edd34362f4a3 => generated 947 bytes in 68 msecs (HTTP/1.1 200) 4 headers in 157 bytes (1 switches on core 0)
2026-06-11 03:13:01.853 7 WARNING neutron.scheduler.dhcp_agent_scheduler [None req-dbcf05be-a651-43a4-93e8-6652ce2f041a b6822201bbe2461e89fdb35a57944d86 0c49b2810eaa4aa79ec6aa505b250b65 - - default default] No more DHCP agents
2026-06-11 03:13:01.856 7 WARNING neutron.api.rpc.agentnotifiers.dhcp_rpc_agent_api [None req-dbcf05be-a651-43a4-93e8-6652ce2f041a b6822201bbe2461e89fdb35a57944d86 0c49b2810eaa4aa79ec6aa505b250b65 - - default default] Unable to schedule network cd24b24c-4828-44ba-8b20-03a41c05fc21: no agents available; will retry on subsequent port and subnet creation events.
2026-06-11 03:13:01.928 8 INFO neutron.db.ovn_revision_numbers_db [None req-27af0227-46ed-4e5f-8f61-fbabdfae13b7 fa49f398fa394009b08bb5b331738590 7ce2b73335e34e44879788a7f4622935 - - default default] Successfully bumped revision number for resource aca55370-aada-427a-a95a-68e6d28fdbb9 (type: security_groups) to 1
2026-06-11 03:13:01.941 8 INFO neutron.db.ovn_revision_numbers_db [None req-27af0227-46ed-4e5f-8f61-fbabdfae13b7 fa49f398fa394009b08bb5b331738590 7ce2b73335e34e44879788a7f4622935 - - default default] Successfully bumped revision number for resource 14fc53e6-33be-46f2-a73a-b97fbee3fdb7 (type: security_group_rules) to 0
2026-06-11 03:13:01.952 8 INFO neutron.db.ovn_revision_numbers_db [None req-27af0227-46ed-4e5f-8f61-fbabdfae13b7 fa49f398fa394009b08bb5b331738590 7ce2b73335e34e44879788a7f4622935 - - default default] Successfully bumped revision number for resource 39e94783-72a8-4488-a4b8-fe6ea9777ced (type: security_group_rules) to 0
2026-06-11 03:13:01.964 8 INFO neutron.db.ovn_revision_numbers_db [None req-27af0227-46ed-4e5f-8f61-fbabdfae13b7 fa49f398fa394009b08bb5b331738590 7ce2b73335e34e44879788a7f4622935 - - default default] Successfully bumped revision number for resource 97c48086-e523-4b7a-8c85-11a467cf0c4d (type: security_group_rules) to 0
2026-06-11 03:13:01.985 8 INFO neutron.db.ovn_revision_numbers_db [None req-27af0227-46ed-4e5f-8f61-fbabdfae13b7 fa49f398fa394009b08bb5b331738590 7ce2b73335e34e44879788a7f4622935 - - default default] Successfully bumped revision number for resource e2868343-8440-46cc-b3c9-89decb8d33a5 (type: security_group_rules) to 0
2026-06-11 03:13:02.069 7 INFO neutron.db.ovn_revision_numbers_db [None req-dbcf05be-a651-43a4-93e8-6652ce2f041a b6822201bbe2461e89fdb35a57944d86 0c49b2810eaa4aa79ec6aa505b250b65 - - default default] Successfully bumped revision number for resource 58c132d2-3e80-4e11-b5e6-e43fe9b1c5ad (type: ports) to 1 [pid: 8|app: 0|req: 699/1479] 10.0.0.221 () {32 vars in 773 bytes} [Thu Jun 11 03:13:01 2026] GET /v2.0/security-groups?tenant_id=aded2bcc66f141a8864833b96ca03788&name=default => generated 2925 bytes in 515 msecs (HTTP/1.1 200) 4 headers in 158 bytes (1 switches on core 0) [pid: 7|app: 0|req: 781/1480] 10.0.0.221 () {34 vars in 664 bytes} [Thu Jun 11 03:13:01 2026] POST /v2.0/ports => generated 924 bytes in 986 msecs (HTTP/1.1 201) 4 headers in 162 bytes (1 switches on core 0) [pid: 7|app: 0|req: 782/1481] 10.0.0.221 () {32 vars in 739 bytes} [Thu Jun 11 03:13:02 2026] DELETE /v2.0/security-groups/aca55370-aada-427a-a95a-68e6d28fdbb9 => generated 0 bytes in 273 msecs (HTTP/1.1 204) 2 headers in 112 bytes (1 switches on core 0)
2026-06-11 03:13:02.416 8 INFO neutron_taas.services.taas.taas_plugin [None req-12cd8017-e0be-434e-b885-be942fd26fea 24ce2bb83e494271a367af57fb82baab f6f10a9e9ee5436c9f3498c352855a21 - - default default] TaaS: Handle Delete Port: 5aba85d4-7380-4046-a2ea-edd34362f4a3
2026-06-11 03:13:02.418 8 INFO neutron_taas.services.taas.tap_mirror_plugin [None req-12cd8017-e0be-434e-b885-be942fd26fea 24ce2bb83e494271a367af57fb82baab f6f10a9e9ee5436c9f3498c352855a21 - - default default] Tap Mirror: Handle Delete Port: 5aba85d4-7380-4046-a2ea-edd34362f4a3
2026-06-11 03:13:02.493 7 INFO neutron_taas.services.taas.taas_plugin [None req-5ea8ed7d-eed3-4868-826a-fb4542e173aa b6822201bbe2461e89fdb35a57944d86 0c49b2810eaa4aa79ec6aa505b250b65 - - default default] TaaS: Handle Delete Port: 58c132d2-3e80-4e11-b5e6-e43fe9b1c5ad
2026-06-11 03:13:02.496 7 INFO neutron_taas.services.taas.tap_mirror_plugin [None req-5ea8ed7d-eed3-4868-826a-fb4542e173aa b6822201bbe2461e89fdb35a57944d86 0c49b2810eaa4aa79ec6aa505b250b65 - - default default] Tap Mirror: Handle Delete Port: 58c132d2-3e80-4e11-b5e6-e43fe9b1c5ad [pid: 7|app: 0|req: 783/1482] 10.0.0.221 () {32 vars in 719 bytes} [Thu Jun 11 03:13:02 2026] DELETE /v2.0/ports/58c132d2-3e80-4e11-b5e6-e43fe9b1c5ad => generated 0 bytes in 296 msecs (HTTP/1.1 204) 3 headers in 131 bytes (1 switches on core 0)
2026-06-11 03:13:02.859 7 INFO neutron.db.ovn_revision_numbers_db [None req-c638ae36-b9d7-4a5a-b716-117e3883e319 fa49f398fa394009b08bb5b331738590 7ce2b73335e34e44879788a7f4622935 - - default default] Successfully bumped revision number for resource 705bdfa7-b3f7-4400-a420-4f4cbef0fb35 (type: security_groups) to 1
2026-06-11 03:13:02.884 7 INFO neutron.db.ovn_revision_numbers_db [None req-c638ae36-b9d7-4a5a-b716-117e3883e319 fa49f398fa394009b08bb5b331738590 7ce2b73335e34e44879788a7f4622935 - - default default] Successfully bumped revision number for resource 1dffbfbb-516d-4785-8404-5f35c32686b9 (type: security_group_rules) to 0 [pid: 8|app: 0|req: 700/1483] 10.0.0.221 () {34 vars in 788 bytes} [Thu Jun 11 03:13:02 2026] PUT /v2.0/routers/127598df-f0f9-48d2-af09-398077c0c09f/remove_router_interface => generated 309 bytes in 807 msecs (HTTP/1.1 200) 4 headers in 157 bytes (1 switches on core 0) /var/lib/openstack/lib/python3.12/site-packages/pycadf/identifier.py:70: UserWarning: Invalid uuid: neutron. To ensure interoperability, identifiers should be a valid uuid. warnings.warn(('Invalid uuid: %s. To ensure interoperability, '
2026-06-11 03:13:02.903 7 INFO neutron.db.ovn_revision_numbers_db [None req-c638ae36-b9d7-4a5a-b716-117e3883e319 fa49f398fa394009b08bb5b331738590 7ce2b73335e34e44879788a7f4622935 - - default default] Successfully bumped revision number for resource 5113df3b-553c-4fa3-857d-7323b6ea2da6 (type: security_group_rules) to 0
2026-06-11 03:13:02.930 7 INFO neutron.db.ovn_revision_numbers_db [None req-c638ae36-b9d7-4a5a-b716-117e3883e319 fa49f398fa394009b08bb5b331738590 7ce2b73335e34e44879788a7f4622935 - - default default] Successfully bumped revision number for resource 863ea720-ef32-4b4a-a527-13114bdb149d (type: security_group_rules) to 0
2026-06-11 03:13:02.946 7 INFO neutron.db.ovn_revision_numbers_db [None req-c638ae36-b9d7-4a5a-b716-117e3883e319 fa49f398fa394009b08bb5b331738590 7ce2b73335e34e44879788a7f4622935 - - default default] Successfully bumped revision number for resource c0cc7a52-95e4-4b18-b73f-132370b705db (type: security_group_rules) to 0 [pid: 8|app: 0|req: 701/1484] 10.0.0.87 () {34 vars in 988 bytes} [Thu Jun 11 03:13:02 2026] GET /v2.0/ports?device_id=131bd134-ea1f-4ebb-81e6-634a647810f9 => generated 975 bytes in 85 msecs (HTTP/1.1 200) 4 headers in 157 bytes (1 switches on core 0)
2026-06-11 03:13:02.989 8 INFO neutron.pecan_wsgi.hooks.translation [None req-d794aee6-b39c-41f8-a04b-d2f092768ac9 b6822201bbe2461e89fdb35a57944d86 0c49b2810eaa4aa79ec6aa505b250b65 - - default default] GET failed (client error): The resource could not be found. [pid: 8|app: 0|req: 702/1485] 10.0.0.221 () {32 vars in 716 bytes} [Thu Jun 11 03:13:02 2026] GET /v2.0/ports/58c132d2-3e80-4e11-b5e6-e43fe9b1c5ad => generated 132 bytes in 13 msecs (HTTP/1.1 404) 4 headers in 164 bytes (1 switches on core 0) [pid: 7|app: 0|req: 784/1486] 10.0.0.221 () {32 vars in 773 bytes} [Thu Jun 11 03:13:02 2026] GET /v2.0/security-groups?tenant_id=a4c50121f5b04359a1356748cd97ed8c&name=default => generated 2925 bytes in 320 msecs (HTTP/1.1 200) 4 headers in 158 bytes (1 switches on core 0) [pid: 8|app: 0|req: 703/1487] 10.0.0.221 () {32 vars in 735 bytes} [Thu Jun 11 03:13:02 2026] GET /v2.0/ports?device_id=127598df-f0f9-48d2-af09-398077c0c09f => generated 12 bytes in 12 msecs (HTTP/1.1 200) 4 headers in 156 bytes (1 switches on core 0) [pid: 7|app: 0|req: 785/1488] 10.0.0.87 () {34 vars in 1038 bytes} [Thu Jun 11 03:13:02 2026] GET /v2.0/security-groups?id=0f973b67-5ed0-43bb-b13f-729982e36b19&fields=id&fields=name => generated 113 bytes in 34 msecs (HTTP/1.1 200) 4 headers in 157 bytes (1 switches on core 0) [pid: 7|app: 0|req: 786/1489] 10.0.0.221 () {32 vars in 723 bytes} [Thu Jun 11 03:13:03 2026] DELETE /v2.0/subnets/47f2fe9e-e243-4e74-91cf-283cd2d9eb1e => generated 0 bytes in 178 msecs (HTTP/1.1 204) 3 headers in 131 bytes (1 switches on core 0) [pid: 8|app: 0|req: 704/1490] 10.0.0.221 () {32 vars in 739 bytes} [Thu Jun 11 03:13:03 2026] DELETE /v2.0/security-groups/705bdfa7-b3f7-4400-a420-4f4cbef0fb35 => generated 0 bytes in 275 msecs (HTTP/1.1 204) 2 headers in 112 bytes (1 switches on core 0)
2026-06-11 03:13:03.408 8 INFO neutron_taas.services.taas.taas_plugin [None req-e0c9ae2a-daca-41b8-a008-c922dd352def b6822201bbe2461e89fdb35a57944d86 0c49b2810eaa4aa79ec6aa505b250b65 - - default default] TaaS: Handle Delete Port: 56b05850-d74e-4122-a09d-a938b968965e
2026-06-11 03:13:03.411 8 INFO neutron_taas.services.taas.tap_mirror_plugin [None req-e0c9ae2a-daca-41b8-a008-c922dd352def b6822201bbe2461e89fdb35a57944d86 0c49b2810eaa4aa79ec6aa505b250b65 - - default default] Tap Mirror: Handle Delete Port: 56b05850-d74e-4122-a09d-a938b968965e [pid: 7|app: 0|req: 787/1491] 10.0.0.221 () {32 vars in 723 bytes} [Thu Jun 11 03:13:03 2026] DELETE /v2.0/routers/127598df-f0f9-48d2-af09-398077c0c09f => generated 0 bytes in 224 msecs (HTTP/1.1 204) 2 headers in 112 bytes (1 switches on core 0) [pid: 7|app: 0|req: 788/1492] 10.0.0.221 () {32 vars in 723 bytes} [Thu Jun 11 03:13:03 2026] DELETE /v2.0/subnets/10e0d16c-81fc-4774-a861-03dc7fe7db90 => generated 0 bytes in 183 msecs (HTTP/1.1 204) 3 headers in 131 bytes (1 switches on core 0)
2026-06-11 03:13:03.622 8 INFO neutron.services.segments.plugin [-] Segment 15bb5f6c-15f1-485f-b521-bd5c5e232063 resource provider aggregate not found
2026-06-11 03:13:03.626 8 INFO neutron.services.segments.plugin [-] Segment 15bb5f6c-15f1-485f-b521-bd5c5e232063 resource provider aggregate not found
2026-06-11 03:13:03.637 8 INFO neutron.services.segments.plugin [-] Segment 15bb5f6c-15f1-485f-b521-bd5c5e232063 resource provider not found; error: Placement Client Error (4xx): {"errors": [{"status": 404, "title": "Not Found", "detail": "The resource could not be found.\n\n No resource provider with uuid 15bb5f6c-15f1-485f-b521-bd5c5e232063 found for delete ", "request_id": "req-db6fb3dd-a456-486a-8765-4839dad980e6"}]}
2026-06-11 03:13:03.637 8 INFO neutron.services.segments.plugin [-] Segment 15bb5f6c-15f1-485f-b521-bd5c5e232063 resource provider not found; error: Placement Client Error (4xx): {"errors": [{"status": 404, "title": "Not Found", "detail": "The resource could not be found.\n\n No resource provider with uuid 15bb5f6c-15f1-485f-b521-bd5c5e232063 found for delete ", "request_id": "req-2ade0a7e-072d-4f52-9f94-364a2b1d2ee8"}]} [pid: 8|app: 0|req: 705/1493] 10.0.0.221 () {32 vars in 725 bytes} [Thu Jun 11 03:13:03 2026] DELETE /v2.0/networks/cd24b24c-4828-44ba-8b20-03a41c05fc21 => generated 0 bytes in 434 msecs (HTTP/1.1 204) 3 headers in 131 bytes (1 switches on core 0) [pid: 7|app: 0|req: 789/1494] 10.0.0.221 () {32 vars in 723 bytes} [Thu Jun 11 03:13:03 2026] DELETE /v2.0/subnets/a7cb30a2-e435-40e1-9bc0-326485009321 => generated 0 bytes in 219 msecs (HTTP/1.1 204) 3 headers in 131 bytes (1 switches on core 0)
2026-06-11 03:13:03.962 7 INFO neutron_taas.services.taas.taas_plugin [None req-c0d0a3aa-e876-4279-a082-42585b728da2 24ce2bb83e494271a367af57fb82baab f6f10a9e9ee5436c9f3498c352855a21 - - default default] TaaS: Handle Delete Port: c9164e84-ddc5-4e0c-99e0-5d4adee0e68c
2026-06-11 03:13:03.964 7 INFO neutron_taas.services.taas.tap_mirror_plugin [None req-c0d0a3aa-e876-4279-a082-42585b728da2 24ce2bb83e494271a367af57fb82baab f6f10a9e9ee5436c9f3498c352855a21 - - default default] Tap Mirror: Handle Delete Port: c9164e84-ddc5-4e0c-99e0-5d4adee0e68c
2026-06-11 03:13:03.979 8 WARNING neutron.scheduler.dhcp_agent_scheduler [None req-4f4186dd-7af2-4cd5-b178-8aa5ad6e6420 b6822201bbe2461e89fdb35a57944d86 0c49b2810eaa4aa79ec6aa505b250b65 - - default default] No more DHCP agents
2026-06-11 03:13:03.980 8 WARNING neutron.api.rpc.agentnotifiers.dhcp_rpc_agent_api [None req-4f4186dd-7af2-4cd5-b178-8aa5ad6e6420 b6822201bbe2461e89fdb35a57944d86 0c49b2810eaa4aa79ec6aa505b250b65 - - default default] Unable to schedule network 720dfa2c-ea5b-4fdc-850d-1be711a8ce91: no agents available; will retry on subsequent port and subnet creation events.
2026-06-11 03:13:04.149 8 INFO neutron.db.ovn_revision_numbers_db [None req-4f4186dd-7af2-4cd5-b178-8aa5ad6e6420 b6822201bbe2461e89fdb35a57944d86 0c49b2810eaa4aa79ec6aa505b250b65 - - default default] Successfully bumped revision number for resource fd07458a-e649-4dda-b943-c782a3c20431 (type: ports) to 1 [pid: 8|app: 0|req: 706/1495] 10.0.0.221 () {34 vars in 664 bytes} [Thu Jun 11 03:13:03 2026] POST /v2.0/ports => generated 778 bytes in 476 msecs (HTTP/1.1 201) 4 headers in 162 bytes (1 switches on core 0) /var/lib/openstack/lib/python3.12/site-packages/pycadf/identifier.py:70: UserWarning: Invalid uuid: neutron. To ensure interoperability, identifiers should be a valid uuid. warnings.warn(('Invalid uuid: %s. To ensure interoperability, '
2026-06-11 03:13:04.228 7 INFO neutron.services.segments.plugin [-] Segment 9af58694-b5b9-459b-a069-f3ea158935d5 resource provider aggregate not found
2026-06-11 03:13:04.235 7 INFO neutron.services.segments.plugin [-] Segment 9af58694-b5b9-459b-a069-f3ea158935d5 resource provider aggregate not found [pid: 8|app: 0|req: 707/1496] 10.0.0.87 () {34 vars in 988 bytes} [Thu Jun 11 03:13:04 2026] GET /v2.0/ports?device_id=131bd134-ea1f-4ebb-81e6-634a647810f9 => generated 975 bytes in 40 msecs (HTTP/1.1 200) 4 headers in 157 bytes (1 switches on core 0)
2026-06-11 03:13:04.251 7 INFO neutron.services.segments.plugin [-] Segment 9af58694-b5b9-459b-a069-f3ea158935d5 resource provider not found; error: Placement Client Error (4xx): {"errors": [{"status": 404, "title": "Not Found", "detail": "The resource could not be found.\n\n No resource provider with uuid 9af58694-b5b9-459b-a069-f3ea158935d5 found for delete ", "request_id": "req-25f56051-f5fd-44da-a59c-28fc11a51691"}]}
2026-06-11 03:13:04.254 7 INFO neutron.services.segments.plugin [-] Segment 9af58694-b5b9-459b-a069-f3ea158935d5 resource provider not found; error: Placement Client Error (4xx): {"errors": [{"status": 404, "title": "Not Found", "detail": "The resource could not be found.\n\n No resource provider with uuid 9af58694-b5b9-459b-a069-f3ea158935d5 found for delete ", "request_id": "req-ebc53b65-6abb-4e74-a837-a3d4912bd6c9"}]} [pid: 7|app: 0|req: 790/1497] 10.0.0.221 () {32 vars in 725 bytes} [Thu Jun 11 03:13:03 2026] DELETE /v2.0/networks/c4d7d3ed-a0ea-413b-a395-d9ffafe5d4f5 => generated 0 bytes in 445 msecs (HTTP/1.1 204) 3 headers in 131 bytes (1 switches on core 0) [pid: 7|app: 0|req: 791/1498] 10.0.0.87 () {34 vars in 1038 bytes} [Thu Jun 11 03:13:04 2026] GET /v2.0/security-groups?id=0f973b67-5ed0-43bb-b13f-729982e36b19&fields=id&fields=name => generated 113 bytes in 30 msecs (HTTP/1.1 200) 4 headers in 157 bytes (1 switches on core 0)
2026-06-11 03:13:04.439 7 INFO neutron_taas.services.taas.taas_plugin [None req-e71df401-607b-4053-b90c-a6c73111067d 24ce2bb83e494271a367af57fb82baab f6f10a9e9ee5436c9f3498c352855a21 - - default default] TaaS: Handle Delete Port: f5f509ac-e424-4186-83fc-346e70ec0c0d
2026-06-11 03:13:04.447 7 INFO neutron_taas.services.taas.tap_mirror_plugin [None req-e71df401-607b-4053-b90c-a6c73111067d 24ce2bb83e494271a367af57fb82baab f6f10a9e9ee5436c9f3498c352855a21 - - default default] Tap Mirror: Handle Delete Port: f5f509ac-e424-4186-83fc-346e70ec0c0d
