2026-06-11 03:12:44.355 8 INFO neutron.db.ovn_revision_numbers_db [None req-efff61b8-981d-4cb6-8f33-fd05032866a4 f49369ebe01b4f518b3341ed85c891c8 62ec2dbfbb774013a63dff94369d06af - - default default] Successfully bumped revision number for resource d8359d60-7dda-49c4-9e79-2ac57fe7f6dc (type: subnets) to 0 [pid: 8|app: 0|req: 643/1377] 10.0.0.221 () {34 vars in 668 bytes} [Thu Jun 11 03:12:44 2026] POST /v2.0/subnets => generated 646 bytes in 328 msecs (HTTP/1.1 201) 4 headers in 162 bytes (1 switches on core 0) [pid: 8|app: 0|req: 644/1378] 199.204.45.169 () {34 vars in 983 bytes} [Thu Jun 11 03:12:44 2026] GET /v2.0/subnets?id=e8e87a4f-c4b1-4750-9510-4c46eddef796 => generated 693 bytes in 28 msecs (HTTP/1.1 200) 4 headers in 157 bytes (1 switches on core 0) [pid: 8|app: 0|req: 645/1379] 10.0.0.221 () {32 vars in 773 bytes} [Thu Jun 11 03:12:44 2026] GET /v2.0/security-groups?tenant_id=cbc17da210cf4e688ea75896d56ab079&name=default => generated 2925 bytes in 29 msecs (HTTP/1.1 200) 4 headers in 158 bytes (1 switches on core 0) [pid: 7|app: 0|req: 735/1380] 10.0.0.221 () {32 vars in 725 bytes} [Thu Jun 11 03:12:44 2026] DELETE /v2.0/networks/1b69d27d-1beb-49ab-ac5e-85d5208e2cf0 => generated 0 bytes in 365 msecs (HTTP/1.1 204) 3 headers in 131 bytes (1 switches on core 0) [pid: 7|app: 0|req: 736/1381] 199.204.45.169 () {34 vars in 1051 bytes} [Thu Jun 11 03:12:44 2026] GET /v2.0/ports?network_id=e4559539-ca31-42d6-a4f1-696dd61fa566&device_owner=network%3Adhcp => generated 12 bytes in 16 msecs (HTTP/1.1 200) 4 headers in 156 bytes (1 switches on core 0) [pid: 7|app: 0|req: 737/1382] 10.0.0.221 () {32 vars in 739 bytes} [Thu Jun 11 03:12:44 2026] DELETE /v2.0/security-groups/94e12d80-cb1a-45aa-aef5-3b4984091f09 => generated 0 bytes in 288 msecs (HTTP/1.1 204) 2 headers in 112 bytes (1 switches on core 0) [pid: 7|app: 0|req: 738/1383] 10.0.0.221 () {32 vars in 648 bytes} [Thu Jun 11 03:12:44 2026] GET /v2.0/networks => generated 689 bytes in 33 msecs (HTTP/1.1 200) 4 headers in 157 bytes (1 switches on core 0) [pid: 7|app: 0|req: 739/1384] 199.204.45.169 () {34 vars in 1011 bytes} [Thu Jun 11 03:12:44 2026] GET /v2.0/networks/e4559539-ca31-42d6-a4f1-696dd61fa566?fields=segments => generated 14 bytes in 35 msecs (HTTP/1.1 200) 4 headers in 156 bytes (1 switches on core 0)
2026-06-11 03:12:44.952 7 INFO neutron.db.segments_db [None req-c7170df1-5029-43a5-b203-29140268eda4 4ac75eabc195470d9a645198bf17b55a 0c88da9689ad40f594a6a9f32dc91c4f - - default default] Added segment 13aa021d-2280-4b12-8f12-c20567c84d53 of type geneve for network ad2a2388-93dc-4bcd-bccf-a3e43b59a52d
2026-06-11 03:12:45.133 8 INFO neutron.db.ovn_revision_numbers_db [None req-268f173d-4765-4681-8b61-604f5d816883 - - - - - -] Successfully bumped revision number for resource a595878d-495a-4daf-b44e-29431b989335 (type: ports) to 2
2026-06-11 03:12:45.136 7 INFO neutron.db.ovn_revision_numbers_db [None req-c7170df1-5029-43a5-b203-29140268eda4 4ac75eabc195470d9a645198bf17b55a 0c88da9689ad40f594a6a9f32dc91c4f - - default default] Successfully bumped revision number for resource ad2a2388-93dc-4bcd-bccf-a3e43b59a52d (type: networks) to 1
2026-06-11 03:12:45.186 8 INFO neutron.db.ovn_revision_numbers_db [None req-268f173d-4765-4681-8b61-604f5d816883 - - - - - -] Successfully bumped revision number for resource d8359d60-7dda-49c4-9e79-2ac57fe7f6dc (type: subnets) to 1 [pid: 8|app: 0|req: 646/1385] 10.0.0.221 () {34 vars in 740 bytes} [Thu Jun 11 03:12:44 2026] PUT /v2.0/subnets/d8359d60-7dda-49c4-9e79-2ac57fe7f6dc => generated 656 bytes in 750 msecs (HTTP/1.1 200) 4 headers in 157 bytes (1 switches on core 0) [pid: 8|app: 0|req: 647/1386] 199.204.45.169 () {34 vars in 1111 bytes} [Thu Jun 11 03:12:45 2026] GET /v2.0/networks/e4559539-ca31-42d6-a4f1-696dd61fa566?fields=provider%3Aphysical_network&fields=provider%3Anetwork_type => generated 79 bytes in 47 msecs (HTTP/1.1 200) 4 headers in 156 bytes (1 switches on core 0)
2026-06-11 03:12:45.318 7 WARNING neutron.scheduler.dhcp_agent_scheduler [None req-c7170df1-5029-43a5-b203-29140268eda4 4ac75eabc195470d9a645198bf17b55a 0c88da9689ad40f594a6a9f32dc91c4f - - default default] No more DHCP agents
2026-06-11 03:12:45.320 7 WARNING neutron.api.rpc.agentnotifiers.dhcp_rpc_agent_api [None req-c7170df1-5029-43a5-b203-29140268eda4 4ac75eabc195470d9a645198bf17b55a 0c88da9689ad40f594a6a9f32dc91c4f - - default default] Unable to schedule network ad2a2388-93dc-4bcd-bccf-a3e43b59a52d: no agents available; will retry on subsequent port and subnet creation events.
2026-06-11 03:12:45.407 8 INFO neutron.plugins.ml2.drivers.ovn.mech_driver.mech_driver [None req-b9a00b25-9d04-4918-b639-74d9737149fb - - - - - -] OVN reports status down for port: 612fcfa1-c926-4d52-aec1-c8290e4cf89b
2026-06-11 03:12:45.430 8 INFO neutron_taas.services.taas.taas_plugin [None req-4ab7ba02-ee06-4063-928e-117715892c3b f49369ebe01b4f518b3341ed85c891c8 62ec2dbfbb774013a63dff94369d06af - - default default] TaaS: Handle Delete Port: a595878d-495a-4daf-b44e-29431b989335
2026-06-11 03:12:45.436 7 INFO neutron.db.ovn_revision_numbers_db [None req-c7170df1-5029-43a5-b203-29140268eda4 4ac75eabc195470d9a645198bf17b55a 0c88da9689ad40f594a6a9f32dc91c4f - - default default] Successfully bumped revision number for resource 612fcfa1-c926-4d52-aec1-c8290e4cf89b (type: ports) to 1
2026-06-11 03:12:45.439 8 INFO neutron_taas.services.taas.tap_mirror_plugin [None req-4ab7ba02-ee06-4063-928e-117715892c3b f49369ebe01b4f518b3341ed85c891c8 62ec2dbfbb774013a63dff94369d06af - - default default] Tap Mirror: Handle Delete Port: a595878d-495a-4daf-b44e-29431b989335 [pid: 7|app: 0|req: 740/1387] 10.0.0.221 () {34 vars in 669 bytes} [Thu Jun 11 03:12:44 2026] POST /v2.0/networks => generated 668 bytes in 607 msecs (HTTP/1.1 201) 4 headers in 162 bytes (1 switches on core 0)
2026-06-11 03:12:45.592 7 INFO neutron.db.segments_db [None req-26efa8b2-d30d-4513-80af-7e039b6458cf 4ac75eabc195470d9a645198bf17b55a 0c88da9689ad40f594a6a9f32dc91c4f - - default default] Added segment c54a47d0-2fef-4b46-b9bc-2fc7ecbae3d3 of type geneve for network 6e327aa4-73fb-4b67-acef-80da5f7b1b88
2026-06-11 03:12:45.805 7 INFO neutron.db.ovn_revision_numbers_db [None req-26efa8b2-d30d-4513-80af-7e039b6458cf 4ac75eabc195470d9a645198bf17b55a 0c88da9689ad40f594a6a9f32dc91c4f - - default default] Successfully bumped revision number for resource 6e327aa4-73fb-4b67-acef-80da5f7b1b88 (type: networks) to 1 [pid: 8|app: 0|req: 648/1388] 10.0.0.221 () {32 vars in 725 bytes} [Thu Jun 11 03:12:45 2026] DELETE /v2.0/networks/94fb1643-fc4c-4bef-8625-e94009ac47cc => generated 0 bytes in 676 msecs (HTTP/1.1 204) 3 headers in 131 bytes (1 switches on core 0)
2026-06-11 03:12:45.931 8 INFO neutron.pecan_wsgi.hooks.translation [None req-541de149-c966-4280-9bdf-e37df2e967cc f49369ebe01b4f518b3341ed85c891c8 62ec2dbfbb774013a63dff94369d06af - - default default] DELETE failed (client error): The resource could not be found. [pid: 8|app: 0|req: 649/1389] 10.0.0.221 () {32 vars in 725 bytes} [Thu Jun 11 03:12:45 2026] DELETE /v2.0/networks/94fb1643-fc4c-4bef-8625-e94009ac47cc => generated 138 bytes in 14 msecs (HTTP/1.1 404) 4 headers in 164 bytes (1 switches on core 0)
2026-06-11 03:12:45.960 8 INFO neutron.services.segments.plugin [-] Segment 1bc732c5-3a56-4b51-8c6a-ca55b655e290 resource provider aggregate not found
2026-06-11 03:12:45.976 8 INFO neutron.services.segments.plugin [-] Segment 1bc732c5-3a56-4b51-8c6a-ca55b655e290 resource provider aggregate not found
2026-06-11 03:12:45.989 7 WARNING neutron.scheduler.dhcp_agent_scheduler [None req-26efa8b2-d30d-4513-80af-7e039b6458cf 4ac75eabc195470d9a645198bf17b55a 0c88da9689ad40f594a6a9f32dc91c4f - - default default] No more DHCP agents
2026-06-11 03:12:45.990 7 WARNING neutron.api.rpc.agentnotifiers.dhcp_rpc_agent_api [None req-26efa8b2-d30d-4513-80af-7e039b6458cf 4ac75eabc195470d9a645198bf17b55a 0c88da9689ad40f594a6a9f32dc91c4f - - default default] Unable to schedule network 6e327aa4-73fb-4b67-acef-80da5f7b1b88: no agents available; will retry on subsequent port and subnet creation events.
2026-06-11 03:12:45.995 8 INFO neutron.services.segments.plugin [-] Segment 1bc732c5-3a56-4b51-8c6a-ca55b655e290 resource provider not found; error: Placement Client Error (4xx): {"errors": [{"status": 404, "title": "Not Found", "detail": "The resource could not be found.\n\n No resource provider with uuid 1bc732c5-3a56-4b51-8c6a-ca55b655e290 found for delete ", "request_id": "req-85ba50de-3e1d-4265-ab48-7b99fd8c90a9"}]}
2026-06-11 03:12:45.999 8 INFO neutron.services.segments.plugin [-] Segment 1bc732c5-3a56-4b51-8c6a-ca55b655e290 resource provider not found; error: Placement Client Error (4xx): {"errors": [{"status": 404, "title": "Not Found", "detail": "The resource could not be found.\n\n No resource provider with uuid 1bc732c5-3a56-4b51-8c6a-ca55b655e290 found for delete ", "request_id": "req-f18ac09c-5f03-4d79-9be0-b84feb5aa717"}]} [pid: 8|app: 0|req: 650/1390] 10.0.0.221 () {32 vars in 693 bytes} [Thu Jun 11 03:12:45 2026] GET /v2.0/networks?router%3Aexternal=True => generated 689 bytes in 83 msecs (HTTP/1.1 200) 4 headers in 157 bytes (1 switches on core 0)
2026-06-11 03:12:46.104 7 INFO neutron.services.segments.plugin [-] Segment d2bb1e51-2a7d-40b3-9145-156d6d744712 resource provider aggregate not found [pid: 8|app: 0|req: 651/1391] 10.0.0.221 () {32 vars in 741 bytes} [Thu Jun 11 03:12:46 2026] GET /v2.0/subnets?network_id=d13e2acc-a6be-4b26-8225-f12d74c40d1e => generated 649 bytes in 106 msecs (HTTP/1.1 200) 4 headers in 157 bytes (1 switches on core 0)
2026-06-11 03:12:46.142 7 INFO neutron.services.segments.plugin [-] Segment d2bb1e51-2a7d-40b3-9145-156d6d744712 resource provider not found; error: Placement Client Error (4xx): {"errors": [{"status": 404, "title": "Not Found", "detail": "The resource could not be found.\n\n No resource provider with uuid d2bb1e51-2a7d-40b3-9145-156d6d744712 found for delete ", "request_id": "req-725cf779-5e25-4f85-a515-55fbc7f08efb"}]}
2026-06-11 03:12:46.142 8 INFO neutron.plugins.ml2.drivers.ovn.mech_driver.mech_driver [None req-b9a00b25-9d04-4918-b639-74d9737149fb - - - - - -] OVN reports status down for port: ad8470bb-4886-4060-abec-23fbb4a3d967
2026-06-11 03:12:46.151 7 INFO neutron.services.segments.plugin [-] Segment d2bb1e51-2a7d-40b3-9145-156d6d744712 resource provider aggregate not found [pid: 8|app: 0|req: 652/1392] 10.0.0.221 () {32 vars in 652 bytes} [Thu Jun 11 03:12:46 2026] GET /v2.0/extensions => generated 20541 bytes in 13 msecs (HTTP/1.1 200) 4 headers in 159 bytes (1 switches on core 0)
2026-06-11 03:12:46.162 7 INFO neutron.db.ovn_revision_numbers_db [None req-26efa8b2-d30d-4513-80af-7e039b6458cf 4ac75eabc195470d9a645198bf17b55a 0c88da9689ad40f594a6a9f32dc91c4f - - default default] Successfully bumped revision number for resource ad8470bb-4886-4060-abec-23fbb4a3d967 (type: ports) to 1
2026-06-11 03:12:46.175 7 INFO neutron.services.segments.plugin [-] Segment d2bb1e51-2a7d-40b3-9145-156d6d744712 resource provider not found; error: Placement Client Error (4xx): {"errors": [{"status": 404, "title": "Not Found", "detail": "The resource could not be found.\n\n No resource provider with uuid d2bb1e51-2a7d-40b3-9145-156d6d744712 found for delete ", "request_id": "req-ed26f6ca-0e5a-4391-9f22-ddc463ef8304"}]} [pid: 7|app: 0|req: 741/1393] 10.0.0.221 () {34 vars in 669 bytes} [Thu Jun 11 03:12:45 2026] POST /v2.0/networks => generated 669 bytes in 704 msecs (HTTP/1.1 201) 4 headers in 162 bytes (1 switches on core 0) [pid: 8|app: 0|req: 653/1394] 10.0.0.221 () {32 vars in 648 bytes} [Thu Jun 11 03:12:46 2026] GET /v2.0/networks => generated 1389 bytes in 89 msecs (HTTP/1.1 200) 4 headers in 158 bytes (1 switches on core 0) [pid: 8|app: 0|req: 654/1395] 10.0.0.221 () {32 vars in 646 bytes} [Thu Jun 11 03:12:46 2026] GET /v2.0/subnets => generated 1312 bytes in 70 msecs (HTTP/1.1 200) 4 headers in 158 bytes (1 switches on core 0) [pid: 8|app: 0|req: 655/1396] 10.0.0.221 () {32 vars in 722 bytes} [Thu Jun 11 03:12:46 2026] GET /v2.0/networks/dc940ede-ad95-4438-bb2a-8e8a22a72377 => generated 711 bytes in 46 msecs (HTTP/1.1 200) 4 headers in 157 bytes (1 switches on core 0) [pid: 8|app: 0|req: 656/1397] 10.0.0.221 () {32 vars in 720 bytes} [Thu Jun 11 03:12:46 2026] GET /v2.0/subnets/84ea8882-c8d6-4f09-94c1-2e261828f87e => generated 673 bytes in 28 msecs (HTTP/1.1 200) 4 headers in 157 bytes (1 switches on core 0)
2026-06-11 03:12:46.435 8 INFO neutron.pecan_wsgi.hooks.translation [None req-2b951e76-3c8c-4398-b82a-dcc56562e51b f49369ebe01b4f518b3341ed85c891c8 62ec2dbfbb774013a63dff94369d06af - - default default] DELETE failed (client error): The resource could not be found. [pid: 8|app: 0|req: 657/1398] 10.0.0.221 () {32 vars in 723 bytes} [Thu Jun 11 03:12:46 2026] DELETE /v2.0/subnets/d8359d60-7dda-49c4-9e79-2ac57fe7f6dc => generated 136 bytes in 16 msecs (HTTP/1.1 404) 4 headers in 164 bytes (1 switches on core 0)
2026-06-11 03:12:46.451 8 INFO neutron.pecan_wsgi.hooks.translation [None req-09e4bf36-6640-4d75-bb40-ea595ebb4b4a f49369ebe01b4f518b3341ed85c891c8 62ec2dbfbb774013a63dff94369d06af - - default default] DELETE failed (client error): The resource could not be found. [pid: 8|app: 0|req: 658/1399] 10.0.0.221 () {32 vars in 725 bytes} [Thu Jun 11 03:12:46 2026] DELETE /v2.0/networks/94fb1643-fc4c-4bef-8625-e94009ac47cc => generated 138 bytes in 12 msecs (HTTP/1.1 404) 4 headers in 164 bytes (1 switches on core 0)
2026-06-11 03:12:46.568 7 WARNING neutron.scheduler.dhcp_agent_scheduler [None req-24107b71-a2c4-4ef9-b3a7-a81279e43668 4ac75eabc195470d9a645198bf17b55a 0c88da9689ad40f594a6a9f32dc91c4f - - default default] No more DHCP agents
2026-06-11 03:12:46.571 7 WARNING neutron.api.rpc.agentnotifiers.dhcp_rpc_agent_api [None req-24107b71-a2c4-4ef9-b3a7-a81279e43668 4ac75eabc195470d9a645198bf17b55a 0c88da9689ad40f594a6a9f32dc91c4f - - default default] Unable to schedule network ad2a2388-93dc-4bcd-bccf-a3e43b59a52d: no agents available; will retry on subsequent port and subnet creation events. [pid: 8|app: 0|req: 659/1400] 10.0.0.221 () {32 vars in 723 bytes} [Thu Jun 11 03:12:46 2026] DELETE /v2.0/subnets/84ea8882-c8d6-4f09-94c1-2e261828f87e => generated 0 bytes in 140 msecs (HTTP/1.1 204) 3 headers in 131 bytes (1 switches on core 0)
2026-06-11 03:12:46.655 8 INFO neutron.plugins.ml2.drivers.ovn.mech_driver.mech_driver [None req-b9a00b25-9d04-4918-b639-74d9737149fb - - - - - -] OVN reports status down for port: 8149fd26-1451-4f71-885b-405ff79c63be
2026-06-11 03:12:46.706 7 INFO neutron.db.ovn_revision_numbers_db [None req-24107b71-a2c4-4ef9-b3a7-a81279e43668 4ac75eabc195470d9a645198bf17b55a 0c88da9689ad40f594a6a9f32dc91c4f - - default default] Successfully bumped revision number for resource 8149fd26-1451-4f71-885b-405ff79c63be (type: ports) to 1
2026-06-11 03:12:46.752 7 WARNING neutron.scheduler.dhcp_agent_scheduler [None req-24107b71-a2c4-4ef9-b3a7-a81279e43668 4ac75eabc195470d9a645198bf17b55a 0c88da9689ad40f594a6a9f32dc91c4f - - default default] No more DHCP agents
2026-06-11 03:12:46.753 7 WARNING neutron.api.rpc.agentnotifiers.dhcp_rpc_agent_api [None req-24107b71-a2c4-4ef9-b3a7-a81279e43668 4ac75eabc195470d9a645198bf17b55a 0c88da9689ad40f594a6a9f32dc91c4f - - default default] Unable to schedule network 6e327aa4-73fb-4b67-acef-80da5f7b1b88: no agents available; will retry on subsequent port and subnet creation events.
2026-06-11 03:12:46.827 8 INFO neutron.plugins.ml2.drivers.ovn.mech_driver.mech_driver [None req-b9a00b25-9d04-4918-b639-74d9737149fb - - - - - -] OVN reports status down for port: 1aa56eb0-0a74-42e3-8b4c-ecd370d10d1e
2026-06-11 03:12:46.862 8 INFO neutron_taas.services.taas.taas_plugin [None req-ac65587f-afe2-4720-83b5-9f177d2432ea f49369ebe01b4f518b3341ed85c891c8 62ec2dbfbb774013a63dff94369d06af - - default default] TaaS: Handle Delete Port: 29da956e-501c-457d-8e14-01133eecda26
2026-06-11 03:12:46.871 8 INFO neutron_taas.services.taas.tap_mirror_plugin [None req-ac65587f-afe2-4720-83b5-9f177d2432ea f49369ebe01b4f518b3341ed85c891c8 62ec2dbfbb774013a63dff94369d06af - - default default] Tap Mirror: Handle Delete Port: 29da956e-501c-457d-8e14-01133eecda26
2026-06-11 03:12:46.887 7 INFO neutron.db.ovn_revision_numbers_db [None req-24107b71-a2c4-4ef9-b3a7-a81279e43668 4ac75eabc195470d9a645198bf17b55a 0c88da9689ad40f594a6a9f32dc91c4f - - default default] Successfully bumped revision number for resource 1aa56eb0-0a74-42e3-8b4c-ecd370d10d1e (type: ports) to 1 [pid: 7|app: 0|req: 742/1401] 10.0.0.221 () {34 vars in 664 bytes} [Thu Jun 11 03:12:46 2026] POST /v2.0/ports => generated 1505 bytes in 783 msecs (HTTP/1.1 201) 4 headers in 163 bytes (1 switches on core 0) /var/lib/openstack/lib/python3.12/site-packages/pycadf/identifier.py:70: UserWarning: Invalid uuid: neutron. To ensure interoperability, identifiers should be a valid uuid. warnings.warn(('Invalid uuid: %s. To ensure interoperability, ' [pid: 7|app: 0|req: 743/1402] 10.0.0.221 () {32 vars in 642 bytes} [Thu Jun 11 03:12:46 2026] GET /v2.0/ports => generated 3017 bytes in 96 msecs (HTTP/1.1 200) 4 headers in 158 bytes (1 switches on core 0) [pid: 8|app: 0|req: 660/1403] 10.0.0.221 () {32 vars in 725 bytes} [Thu Jun 11 03:12:46 2026] DELETE /v2.0/networks/dc940ede-ad95-4438-bb2a-8e8a22a72377 => generated 0 bytes in 583 msecs (HTTP/1.1 204) 3 headers in 131 bytes (1 switches on core 0)
2026-06-11 03:12:47.252 7 INFO neutron_taas.services.taas.taas_plugin [None req-86ee3fe7-8754-4d6e-ba89-577557fa8646 4ac75eabc195470d9a645198bf17b55a 0c88da9689ad40f594a6a9f32dc91c4f - - default default] TaaS: Handle Delete Port: 8149fd26-1451-4f71-885b-405ff79c63be
2026-06-11 03:12:47.255 7 INFO neutron_taas.services.taas.tap_mirror_plugin [None req-86ee3fe7-8754-4d6e-ba89-577557fa8646 4ac75eabc195470d9a645198bf17b55a 0c88da9689ad40f594a6a9f32dc91c4f - - default default] Tap Mirror: Handle Delete Port: 8149fd26-1451-4f71-885b-405ff79c63be [pid: 7|app: 0|req: 744/1404] 10.0.0.221 () {32 vars in 719 bytes} [Thu Jun 11 03:12:47 2026] DELETE /v2.0/ports/8149fd26-1451-4f71-885b-405ff79c63be => generated 0 bytes in 325 msecs (HTTP/1.1 204) 3 headers in 131 bytes (1 switches on core 0)
2026-06-11 03:12:47.567 8 INFO neutron_taas.services.taas.taas_plugin [None req-8ffdf6e5-c823-4787-b0b7-f120d2ce004c 4ac75eabc195470d9a645198bf17b55a 0c88da9689ad40f594a6a9f32dc91c4f - - default default] TaaS: Handle Delete Port: 1aa56eb0-0a74-42e3-8b4c-ecd370d10d1e
2026-06-11 03:12:47.570 8 INFO neutron_taas.services.taas.tap_mirror_plugin [None req-8ffdf6e5-c823-4787-b0b7-f120d2ce004c 4ac75eabc195470d9a645198bf17b55a 0c88da9689ad40f594a6a9f32dc91c4f - - default default] Tap Mirror: Handle Delete Port: 1aa56eb0-0a74-42e3-8b4c-ecd370d10d1e [pid: 8|app: 0|req: 661/1405] 10.0.0.221 () {32 vars in 719 bytes} [Thu Jun 11 03:12:47 2026] DELETE /v2.0/ports/1aa56eb0-0a74-42e3-8b4c-ecd370d10d1e => generated 0 bytes in 309 msecs (HTTP/1.1 204) 3 headers in 131 bytes (1 switches on core 0) [pid: 8|app: 0|req: 662/1406] 10.0.0.221 () {32 vars in 642 bytes} [Thu Jun 11 03:12:47 2026] GET /v2.0/ports => generated 1523 bytes in 69 msecs (HTTP/1.1 200) 4 headers in 158 bytes (1 switches on core 0) [pid: 7|app: 0|req: 745/1407] 10.0.0.221 () {32 vars in 773 bytes} [Thu Jun 11 03:12:47 2026] GET /v2.0/security-groups?tenant_id=62ec2dbfbb774013a63dff94369d06af&name=default => generated 2925 bytes in 144 msecs (HTTP/1.1 200) 4 headers in 158 bytes (1 switches on core 0)
2026-06-11 03:12:47.871 8 INFO neutron.db.segments_db [None req-4cf7c102-86bf-4d5a-a28a-218da02a2bb6 4ac75eabc195470d9a645198bf17b55a 0c88da9689ad40f594a6a9f32dc91c4f - - default default] Added segment 53467a8c-6c9f-42e7-b5f6-8c0f15d73fab of type geneve for network 7fbcc3f9-8ce2-465c-bd4d-7ea36fdf1168
2026-06-11 03:12:48.009 8 INFO neutron.db.ovn_revision_numbers_db [None req-4cf7c102-86bf-4d5a-a28a-218da02a2bb6 4ac75eabc195470d9a645198bf17b55a 0c88da9689ad40f594a6a9f32dc91c4f - - default default] Successfully bumped revision number for resource 7fbcc3f9-8ce2-465c-bd4d-7ea36fdf1168 (type: networks) to 1
2026-06-11 03:12:48.041 8 INFO neutron.services.segments.plugin [-] Segment c1082389-ae6b-4c6a-b29b-f3a0d2092475 resource provider aggregate not found
2026-06-11 03:12:48.047 8 INFO neutron.services.segments.plugin [-] Segment c1082389-ae6b-4c6a-b29b-f3a0d2092475 resource provider aggregate not found
2026-06-11 03:12:48.066 8 INFO neutron.services.segments.plugin [-] Segment c1082389-ae6b-4c6a-b29b-f3a0d2092475 resource provider not found; error: Placement Client Error (4xx): {"errors": [{"status": 404, "title": "Not Found", "detail": "The resource could not be found.\n\n No resource provider with uuid c1082389-ae6b-4c6a-b29b-f3a0d2092475 found for delete ", "request_id": "req-46b54dfa-69c5-42e5-939c-5b85f11e518b"}]}
2026-06-11 03:12:48.085 8 INFO neutron.services.segments.plugin [-] Segment c1082389-ae6b-4c6a-b29b-f3a0d2092475 resource provider not found; error: Placement Client Error (4xx): {"errors": [{"status": 404, "title": "Not Found", "detail": "The resource could not be found.\n\n No resource provider with uuid c1082389-ae6b-4c6a-b29b-f3a0d2092475 found for delete ", "request_id": "req-e4d7f4bc-137d-42cb-9ed6-310264334d9f"}]} [pid: 7|app: 0|req: 746/1408] 10.0.0.221 () {32 vars in 739 bytes} [Thu Jun 11 03:12:47 2026] DELETE /v2.0/security-groups/caae0720-cbe5-4336-9efd-f90f8b27c981 => generated 0 bytes in 330 msecs (HTTP/1.1 204) 2 headers in 112 bytes (1 switches on core 0)
2026-06-11 03:12:48.310 8 WARNING neutron.scheduler.dhcp_agent_scheduler [None req-4cf7c102-86bf-4d5a-a28a-218da02a2bb6 4ac75eabc195470d9a645198bf17b55a 0c88da9689ad40f594a6a9f32dc91c4f - - default default] No more DHCP agents
2026-06-11 03:12:48.311 8 WARNING neutron.api.rpc.agentnotifiers.dhcp_rpc_agent_api [None req-4cf7c102-86bf-4d5a-a28a-218da02a2bb6 4ac75eabc195470d9a645198bf17b55a 0c88da9689ad40f594a6a9f32dc91c4f - - default default] Unable to schedule network 7fbcc3f9-8ce2-465c-bd4d-7ea36fdf1168: no agents available; will retry on subsequent port and subnet creation events.
2026-06-11 03:12:48.374 8 INFO neutron.plugins.ml2.drivers.ovn.mech_driver.mech_driver [None req-b9a00b25-9d04-4918-b639-74d9737149fb - - - - - -] OVN reports status down for port: 796eded8-40b0-4e7c-b9bd-3750c57b0e92
2026-06-11 03:12:48.425 8 INFO neutron.db.ovn_revision_numbers_db [None req-4cf7c102-86bf-4d5a-a28a-218da02a2bb6 4ac75eabc195470d9a645198bf17b55a 0c88da9689ad40f594a6a9f32dc91c4f - - default default] Successfully bumped revision number for resource 796eded8-40b0-4e7c-b9bd-3750c57b0e92 (type: ports) to 1 [pid: 8|app: 0|req: 663/1409] 10.0.0.221 () {34 vars in 669 bytes} [Thu Jun 11 03:12:47 2026] POST /v2.0/networks => generated 669 bytes in 653 msecs (HTTP/1.1 201) 4 headers in 162 bytes (1 switches on core 0)
2026-06-11 03:12:48.570 7 INFO neutron.db.segments_db [None req-ce7869c1-a061-4bd9-8aed-5e3d310f688e 4ac75eabc195470d9a645198bf17b55a 0c88da9689ad40f594a6a9f32dc91c4f - - default default] Added segment 522edbe8-16f9-4806-b8d5-791cf01fea95 of type geneve for network 98f94606-4715-472a-9d86-34575240759b
2026-06-11 03:12:48.700 7 INFO neutron.db.ovn_revision_numbers_db [None req-ce7869c1-a061-4bd9-8aed-5e3d310f688e 4ac75eabc195470d9a645198bf17b55a 0c88da9689ad40f594a6a9f32dc91c4f - - default default] Successfully bumped revision number for resource 98f94606-4715-472a-9d86-34575240759b (type: networks) to 1
2026-06-11 03:12:48.831 7 WARNING neutron.scheduler.dhcp_agent_scheduler [None req-ce7869c1-a061-4bd9-8aed-5e3d310f688e 4ac75eabc195470d9a645198bf17b55a 0c88da9689ad40f594a6a9f32dc91c4f - - default default] No more DHCP agents
2026-06-11 03:12:48.832 7 WARNING neutron.api.rpc.agentnotifiers.dhcp_rpc_agent_api [None req-ce7869c1-a061-4bd9-8aed-5e3d310f688e 4ac75eabc195470d9a645198bf17b55a 0c88da9689ad40f594a6a9f32dc91c4f - - default default] Unable to schedule network 98f94606-4715-472a-9d86-34575240759b: no agents available; will retry on subsequent port and subnet creation events.
2026-06-11 03:12:48.925 8 INFO neutron.plugins.ml2.drivers.ovn.mech_driver.mech_driver [None req-b9a00b25-9d04-4918-b639-74d9737149fb - - - - - -] OVN reports status down for port: d6d72642-7240-49e0-a31f-8135b438e8cf
2026-06-11 03:12:48.936 7 INFO neutron.db.ovn_revision_numbers_db [None req-ce7869c1-a061-4bd9-8aed-5e3d310f688e 4ac75eabc195470d9a645198bf17b55a 0c88da9689ad40f594a6a9f32dc91c4f - - default default] Successfully bumped revision number for resource d6d72642-7240-49e0-a31f-8135b438e8cf (type: ports) to 1 [pid: 7|app: 0|req: 747/1410] 10.0.0.221 () {34 vars in 669 bytes} [Thu Jun 11 03:12:48 2026] POST /v2.0/networks => generated 668 bytes in 508 msecs (HTTP/1.1 201) 4 headers in 162 bytes (1 switches on core 0)
2026-06-11 03:12:49.372 8 WARNING neutron.scheduler.dhcp_agent_scheduler [None req-b3feefd8-c591-4a30-b509-4910e9ba4947 4ac75eabc195470d9a645198bf17b55a 0c88da9689ad40f594a6a9f32dc91c4f - - default default] No more DHCP agents
2026-06-11 03:12:49.375 8 WARNING neutron.api.rpc.agentnotifiers.dhcp_rpc_agent_api [None req-b3feefd8-c591-4a30-b509-4910e9ba4947 4ac75eabc195470d9a645198bf17b55a 0c88da9689ad40f594a6a9f32dc91c4f - - default default] Unable to schedule network 7fbcc3f9-8ce2-465c-bd4d-7ea36fdf1168: no agents available; will retry on subsequent port and subnet creation events.
2026-06-11 03:12:49.420 7 INFO neutron.db.ovn_revision_numbers_db [None req-2b60fdeb-b7ce-4cbf-b200-79b894012da7 fa49f398fa394009b08bb5b331738590 7ce2b73335e34e44879788a7f4622935 - - default default] Successfully bumped revision number for resource d50127ca-c59b-4423-984b-a68bdeae7473 (type: security_groups) to 1
2026-06-11 03:12:49.437 7 INFO neutron.db.ovn_revision_numbers_db [None req-2b60fdeb-b7ce-4cbf-b200-79b894012da7 fa49f398fa394009b08bb5b331738590 7ce2b73335e34e44879788a7f4622935 - - default default] Successfully bumped revision number for resource 1c37f1f2-ee59-4735-a25e-def7ef09aa48 (type: security_group_rules) to 0
2026-06-11 03:12:49.449 7 INFO neutron.db.ovn_revision_numbers_db [None req-2b60fdeb-b7ce-4cbf-b200-79b894012da7 fa49f398fa394009b08bb5b331738590 7ce2b73335e34e44879788a7f4622935 - - default default] Successfully bumped revision number for resource 588bea94-8429-40b6-a7d1-5fa6a61305da (type: security_group_rules) to 0
2026-06-11 03:12:49.461 7 INFO neutron.db.ovn_revision_numbers_db [None req-2b60fdeb-b7ce-4cbf-b200-79b894012da7 fa49f398fa394009b08bb5b331738590 7ce2b73335e34e44879788a7f4622935 - - default default] Successfully bumped revision number for resource 6afd9dab-3466-41d4-ba47-f8ae7cf0826f (type: security_group_rules) to 0
2026-06-11 03:12:49.471 7 INFO neutron.db.ovn_revision_numbers_db [None req-2b60fdeb-b7ce-4cbf-b200-79b894012da7 fa49f398fa394009b08bb5b331738590 7ce2b73335e34e44879788a7f4622935 - - default default] Successfully bumped revision number for resource ca0f1e1c-2d50-48a0-8eab-630902290c22 (type: security_group_rules) to 0 [pid: 7|app: 0|req: 748/1411] 10.0.0.221 () {32 vars in 773 bytes} [Thu Jun 11 03:12:49 2026] GET /v2.0/security-groups?tenant_id=61b32c3acdce447e95da30414096ab9e&name=default => generated 2925 bytes in 400 msecs (HTTP/1.1 200) 4 headers in 158 bytes (1 switches on core 0) [pid: 7|app: 0|req: 751/1414] 10.0.0.221 () {32 vars in 739 bytes} [Thu Jun 11 03:12:49 2026] DELETE /v2.0/security-groups/d50127ca-c59b-4423-984b-a68bdeae7473 => generated 0 bytes in 298 msecs (HTTP/1.1 204) 2 headers in 112 bytes (1 switches on core 0)
2026-06-11 03:12:49.918 8 INFO neutron.db.ovn_revision_numbers_db [None req-2f48e1db-e2ab-4d69-9851-d252884d72be - - - - - -] Successfully bumped revision number for resource 796eded8-40b0-4e7c-b9bd-3750c57b0e92 (type: ports) to 2
2026-06-11 03:12:49.956 8 INFO neutron.db.ovn_revision_numbers_db [None req-2f48e1db-e2ab-4d69-9851-d252884d72be - - - - - -] Successfully bumped revision number for resource faf0fa69-fec3-4fc8-898b-e8702df95c09 (type: subnets) to 0
2026-06-11 03:12:49.987 8 WARNING neutron.scheduler.dhcp_agent_scheduler [None req-b3feefd8-c591-4a30-b509-4910e9ba4947 4ac75eabc195470d9a645198bf17b55a 0c88da9689ad40f594a6a9f32dc91c4f - - default default] No more DHCP agents
2026-06-11 03:12:49.988 8 WARNING neutron.api.rpc.agentnotifiers.dhcp_rpc_agent_api [None req-b3feefd8-c591-4a30-b509-4910e9ba4947 4ac75eabc195470d9a645198bf17b55a 0c88da9689ad40f594a6a9f32dc91c4f - - default default] Unable to schedule network 98f94606-4715-472a-9d86-34575240759b: no agents available; will retry on subsequent port and subnet creation events.
2026-06-11 03:12:50.189 7 INFO neutron.db.ovn_revision_numbers_db [None req-88deaeaf-efc0-4505-8882-3d28966e6733 fa49f398fa394009b08bb5b331738590 7ce2b73335e34e44879788a7f4622935 - - default default] Successfully bumped revision number for resource 4d54ac45-7dd4-439e-9789-a0feff504deb (type: security_groups) to 1
2026-06-11 03:12:50.208 7 INFO neutron.db.ovn_revision_numbers_db [None req-88deaeaf-efc0-4505-8882-3d28966e6733 fa49f398fa394009b08bb5b331738590 7ce2b73335e34e44879788a7f4622935 - - default default] Successfully bumped revision number for resource 0577c3f9-1f32-4772-9a18-9af2d578f810 (type: security_group_rules) to 0
2026-06-11 03:12:50.228 7 INFO neutron.db.ovn_revision_numbers_db [None req-88deaeaf-efc0-4505-8882-3d28966e6733 fa49f398fa394009b08bb5b331738590 7ce2b73335e34e44879788a7f4622935 - - default default] Successfully bumped revision number for resource 5c43bcd3-4fca-4268-8a6a-7862088a9480 (type: security_group_rules) to 0
2026-06-11 03:12:50.246 7 INFO neutron.db.ovn_revision_numbers_db [None req-88deaeaf-efc0-4505-8882-3d28966e6733 fa49f398fa394009b08bb5b331738590 7ce2b73335e34e44879788a7f4622935 - - default default] Successfully bumped revision number for resource 71c1fdfe-28f5-4a78-9fce-a74974e19486 (type: security_group_rules) to 0
2026-06-11 03:12:50.262 7 INFO neutron.db.ovn_revision_numbers_db [None req-88deaeaf-efc0-4505-8882-3d28966e6733 fa49f398fa394009b08bb5b331738590 7ce2b73335e34e44879788a7f4622935 - - default default] Successfully bumped revision number for resource cc10fe29-7c05-4859-88a6-26d96606e1d9 (type: security_group_rules) to 0 [pid: 7|app: 0|req: 752/1415] 10.0.0.221 () {32 vars in 773 bytes} [Thu Jun 11 03:12:49 2026] GET /v2.0/security-groups?tenant_id=b2a63ba26be04c57beeac6492d37d4c0&name=default => generated 2925 bytes in 322 msecs (HTTP/1.1 200) 4 headers in 158 bytes (1 switches on core 0)
2026-06-11 03:12:50.487 8 INFO neutron.db.ovn_revision_numbers_db [None req-85242f3f-f1f5-4dbb-b296-c3bee23843e1 - - - - - -] Successfully bumped revision number for resource d6d72642-7240-49e0-a31f-8135b438e8cf (type: ports) to 2
2026-06-11 03:12:50.521 8 INFO neutron.db.ovn_revision_numbers_db [None req-85242f3f-f1f5-4dbb-b296-c3bee23843e1 - - - - - -] Successfully bumped revision number for resource 67947718-a9e3-4352-ace0-bed2c3054b1d (type: subnets) to 0 [pid: 8|app: 0|req: 664/1416] 10.0.0.221 () {34 vars in 668 bytes} [Thu Jun 11 03:12:49 2026] POST /v2.0/subnets => generated 1274 bytes in 1539 msecs (HTTP/1.1 201) 4 headers in 163 bytes (1 switches on core 0)
2026-06-11 03:12:50.654 7 INFO neutron.db.ovn_revision_numbers_db [None req-7fc9edc4-5a93-4c00-9ca3-ff94e6c4dfd5 24ce2bb83e494271a367af57fb82baab f6f10a9e9ee5436c9f3498c352855a21 - - default default] Successfully bumped revision number for resource 98ae223b-05bd-4ade-8e9e-0d0f60c4cfaf (type: security_groups) to 1
2026-06-11 03:12:50.665 7 INFO neutron.db.ovn_revision_numbers_db [None req-7fc9edc4-5a93-4c00-9ca3-ff94e6c4dfd5 24ce2bb83e494271a367af57fb82baab f6f10a9e9ee5436c9f3498c352855a21 - - default default] Successfully bumped revision number for resource 1d876a36-e227-45e4-bdf8-0f3595e1d434 (type: security_group_rules) to 0
2026-06-11 03:12:50.676 7 INFO neutron.db.ovn_revision_numbers_db [None req-7fc9edc4-5a93-4c00-9ca3-ff94e6c4dfd5 24ce2bb83e494271a367af57fb82baab f6f10a9e9ee5436c9f3498c352855a21 - - default default] Successfully bumped revision number for resource 21ec5b73-17b8-4ccd-af2a-c09fa1e709cb (type: security_group_rules) to 0
2026-06-11 03:12:50.690 7 INFO neutron.db.ovn_revision_numbers_db [None req-7fc9edc4-5a93-4c00-9ca3-ff94e6c4dfd5 24ce2bb83e494271a367af57fb82baab f6f10a9e9ee5436c9f3498c352855a21 - - default default] Successfully bumped revision number for resource 53a0c3bf-f240-43a1-af87-8d18aec1658f (type: security_group_rules) to 0
2026-06-11 03:12:50.706 7 INFO neutron.db.ovn_revision_numbers_db [None req-7fc9edc4-5a93-4c00-9ca3-ff94e6c4dfd5 24ce2bb83e494271a367af57fb82baab f6f10a9e9ee5436c9f3498c352855a21 - - default default] Successfully bumped revision number for resource b8d0c753-1cef-430a-afba-8baef71d6d2e (type: security_group_rules) to 0
2026-06-11 03:12:50.786 7 INFO neutron.db.segments_db [None req-7fc9edc4-5a93-4c00-9ca3-ff94e6c4dfd5 24ce2bb83e494271a367af57fb82baab f6f10a9e9ee5436c9f3498c352855a21 - - default default] Added segment a52b9fdf-27ad-4015-bb87-9d577e95dbf4 of type geneve for network bcf65d16-40b3-49d7-a169-82bac40dabfe [pid: 8|app: 0|req: 665/1417] 10.0.0.221 () {32 vars in 739 bytes} [Thu Jun 11 03:12:50 2026] DELETE /v2.0/security-groups/4d54ac45-7dd4-439e-9789-a0feff504deb => generated 0 bytes in 308 msecs (HTTP/1.1 204) 2 headers in 112 bytes (1 switches on core 0) [pid: 8|app: 0|req: 666/1418] 10.0.0.221 () {32 vars in 646 bytes} [Thu Jun 11 03:12:50 2026] GET /v2.0/subnets => generated 1910 bytes in 33 msecs (HTTP/1.1 200) 4 headers in 158 bytes (1 switches on core 0) [pid: 8|app: 0|req: 667/1419] 10.0.0.239 () {34 vars in 989 bytes} [Thu Jun 11 03:12:50 2026] GET /v2.0/ports?device_id=131bd134-ea1f-4ebb-81e6-634a647810f9 => generated 1213 bytes in 54 msecs (HTTP/1.1 200) 4 headers in 158 bytes (1 switches on core 0)
2026-06-11 03:12:50.945 7 INFO neutron.db.ovn_revision_numbers_db [None req-7fc9edc4-5a93-4c00-9ca3-ff94e6c4dfd5 24ce2bb83e494271a367af57fb82baab f6f10a9e9ee5436c9f3498c352855a21 - - default default] Successfully bumped revision number for resource bcf65d16-40b3-49d7-a169-82bac40dabfe (type: networks) to 1
2026-06-11 03:12:51.159 7 WARNING neutron.scheduler.dhcp_agent_scheduler [None req-7fc9edc4-5a93-4c00-9ca3-ff94e6c4dfd5 24ce2bb83e494271a367af57fb82baab f6f10a9e9ee5436c9f3498c352855a21 - - default default] No more DHCP agents [pid: 8|app: 0|req: 668/1420] 10.0.0.221 () {32 vars in 723 bytes} [Thu Jun 11 03:12:50 2026] DELETE /v2.0/subnets/faf0fa69-fec3-4fc8-898b-e8702df95c09 => generated 0 bytes in 218 msecs (HTTP/1.1 204) 3 headers in 131 bytes (1 switches on core 0)
2026-06-11 03:12:51.165 7 WARNING neutron.api.rpc.agentnotifiers.dhcp_rpc_agent_api [None req-7fc9edc4-5a93-4c00-9ca3-ff94e6c4dfd5 24ce2bb83e494271a367af57fb82baab f6f10a9e9ee5436c9f3498c352855a21 - - default default] Unable to schedule network bcf65d16-40b3-49d7-a169-82bac40dabfe: no agents available; will retry on subsequent port and subnet creation events. [pid: 8|app: 0|req: 669/1421] 10.0.0.239 () {34 vars in 1039 bytes} [Thu Jun 11 03:12:51 2026] GET /v2.0/security-groups?id=0f973b67-5ed0-43bb-b13f-729982e36b19&fields=id&fields=name => generated 113 bytes in 39 msecs (HTTP/1.1 200) 4 headers in 157 bytes (1 switches on core 0)
2026-06-11 03:12:51.316 8 INFO neutron.plugins.ml2.drivers.ovn.mech_driver.mech_driver [None req-b9a00b25-9d04-4918-b639-74d9737149fb - - - - - -] OVN reports status down for port: f5f509ac-e424-4186-83fc-346e70ec0c0d
2026-06-11 03:12:51.336 7 INFO neutron.db.ovn_revision_numbers_db [None req-7fc9edc4-5a93-4c00-9ca3-ff94e6c4dfd5 24ce2bb83e494271a367af57fb82baab f6f10a9e9ee5436c9f3498c352855a21 - - default default] Successfully bumped revision number for resource f5f509ac-e424-4186-83fc-346e70ec0c0d (type: ports) to 1 [pid: 7|app: 0|req: 753/1422] 10.0.0.221 () {34 vars in 669 bytes} [Thu Jun 11 03:12:50 2026] POST /v2.0/networks => generated 652 bytes in 1059 msecs (HTTP/1.1 201) 4 headers in 162 bytes (1 switches on core 0)
2026-06-11 03:12:51.453 7 INFO neutron.db.segments_db [None req-12ac131f-c1a4-45a5-a55c-57c44b6736aa 24ce2bb83e494271a367af57fb82baab f6f10a9e9ee5436c9f3498c352855a21 - - default default] Added segment 9af58694-b5b9-459b-a069-f3ea158935d5 of type geneve for network c4d7d3ed-a0ea-413b-a395-d9ffafe5d4f5 [pid: 8|app: 0|req: 670/1423] 10.0.0.221 () {32 vars in 723 bytes} [Thu Jun 11 03:12:51 2026] DELETE /v2.0/subnets/67947718-a9e3-4352-ace0-bed2c3054b1d => generated 0 bytes in 316 msecs (HTTP/1.1 204) 3 headers in 131 bytes (1 switches on core 0) [pid: 8|app: 0|req: 671/1424] 10.0.0.221 () {32 vars in 646 bytes} [Thu Jun 11 03:12:51 2026] GET /v2.0/subnets => generated 649 bytes in 41 msecs (HTTP/1.1 200) 4 headers in 157 bytes (1 switches on core 0)
2026-06-11 03:12:51.608 7 INFO neutron.db.ovn_revision_numbers_db [None req-12ac131f-c1a4-45a5-a55c-57c44b6736aa 24ce2bb83e494271a367af57fb82baab f6f10a9e9ee5436c9f3498c352855a21 - - default default] Successfully bumped revision number for resource c4d7d3ed-a0ea-413b-a395-d9ffafe5d4f5 (type: networks) to 1
2026-06-11 03:12:51.693 8 INFO neutron_taas.services.taas.taas_plugin [None req-def705f9-7a0d-4b7d-ad5a-b0cbde3e0d2f 4ac75eabc195470d9a645198bf17b55a 0c88da9689ad40f594a6a9f32dc91c4f - - default default] TaaS: Handle Delete Port: d6d72642-7240-49e0-a31f-8135b438e8cf
2026-06-11 03:12:51.696 8 INFO neutron_taas.services.taas.tap_mirror_plugin [None req-def705f9-7a0d-4b7d-ad5a-b0cbde3e0d2f 4ac75eabc195470d9a645198bf17b55a 0c88da9689ad40f594a6a9f32dc91c4f - - default default] Tap Mirror: Handle Delete Port: d6d72642-7240-49e0-a31f-8135b438e8cf
2026-06-11 03:12:51.763 7 WARNING neutron.scheduler.dhcp_agent_scheduler [None req-12ac131f-c1a4-45a5-a55c-57c44b6736aa 24ce2bb83e494271a367af57fb82baab f6f10a9e9ee5436c9f3498c352855a21 - - default default] No more DHCP agents
2026-06-11 03:12:51.764 7 WARNING neutron.api.rpc.agentnotifiers.dhcp_rpc_agent_api [None req-12ac131f-c1a4-45a5-a55c-57c44b6736aa 24ce2bb83e494271a367af57fb82baab f6f10a9e9ee5436c9f3498c352855a21 - - default default] Unable to schedule network c4d7d3ed-a0ea-413b-a395-d9ffafe5d4f5: no agents available; will retry on subsequent port and subnet creation events.
2026-06-11 03:12:51.878 8 INFO neutron.plugins.ml2.drivers.ovn.mech_driver.mech_driver [None req-b9a00b25-9d04-4918-b639-74d9737149fb - - - - - -] OVN reports status down for port: c9164e84-ddc5-4e0c-99e0-5d4adee0e68c
2026-06-11 03:12:51.914 7 INFO neutron.db.ovn_revision_numbers_db [None req-12ac131f-c1a4-45a5-a55c-57c44b6736aa 24ce2bb83e494271a367af57fb82baab f6f10a9e9ee5436c9f3498c352855a21 - - default default] Successfully bumped revision number for resource c9164e84-ddc5-4e0c-99e0-5d4adee0e68c (type: ports) to 1 [pid: 7|app: 0|req: 754/1425] 10.0.0.221 () {34 vars in 669 bytes} [Thu Jun 11 03:12:51 2026] POST /v2.0/networks => generated 653 bytes in 566 msecs (HTTP/1.1 201) 4 headers in 162 bytes (1 switches on core 0)
2026-06-11 03:12:52.012 8 INFO neutron.services.segments.plugin [-] Segment 522edbe8-16f9-4806-b8d5-791cf01fea95 resource provider aggregate not found
2026-06-11 03:12:52.018 8 INFO neutron.services.segments.plugin [-] Segment 522edbe8-16f9-4806-b8d5-791cf01fea95 resource provider aggregate not found
2026-06-11 03:12:52.043 8 INFO neutron.services.segments.plugin [-] Segment 522edbe8-16f9-4806-b8d5-791cf01fea95 resource provider not found; error: Placement Client Error (4xx): {"errors": [{"status": 404, "title": "Not Found", "detail": "The resource could not be found.\n\n No resource provider with uuid 522edbe8-16f9-4806-b8d5-791cf01fea95 found for delete ", "request_id": "req-b4fd58d5-ed17-4868-afeb-765f0afe0299"}]}
2026-06-11 03:12:52.047 8 INFO neutron.services.segments.plugin [-] Segment 522edbe8-16f9-4806-b8d5-791cf01fea95 resource provider not found; error: Placement Client Error (4xx): {"errors": [{"status": 404, "title": "Not Found", "detail": "The resource could not be found.\n\n No resource provider with uuid 522edbe8-16f9-4806-b8d5-791cf01fea95 found for delete ", "request_id": "req-543557f0-5570-40ee-95b8-9f669f7127aa"}]} [pid: 8|app: 0|req: 672/1426] 10.0.0.221 () {32 vars in 725 bytes} [Thu Jun 11 03:12:51 2026] DELETE /v2.0/networks/98f94606-4715-472a-9d86-34575240759b => generated 0 bytes in 547 msecs (HTTP/1.1 204) 3 headers in 131 bytes (1 switches on core 0)
2026-06-11 03:12:52.161 7 WARNING neutron.scheduler.dhcp_agent_scheduler [None req-0e163d8b-aade-4ade-badc-2d533ac3252e 24ce2bb83e494271a367af57fb82baab f6f10a9e9ee5436c9f3498c352855a21 - - default default] No more DHCP agents
2026-06-11 03:12:52.162 7 WARNING neutron.api.rpc.agentnotifiers.dhcp_rpc_agent_api [None req-0e163d8b-aade-4ade-badc-2d533ac3252e 24ce2bb83e494271a367af57fb82baab f6f10a9e9ee5436c9f3498c352855a21 - - default default] Unable to schedule network bcf65d16-40b3-49d7-a169-82bac40dabfe: no agents available; will retry on subsequent port and subnet creation events.
2026-06-11 03:12:52.205 7 INFO neutron.db.ovn_revision_numbers_db [None req-0e163d8b-aade-4ade-badc-2d533ac3252e 24ce2bb83e494271a367af57fb82baab f6f10a9e9ee5436c9f3498c352855a21 - - default default] Successfully bumped revision number for resource a7cb30a2-e435-40e1-9bc0-326485009321 (type: subnets) to 0 [pid: 7|app: 0|req: 755/1427] 10.0.0.221 () {34 vars in 668 bytes} [Thu Jun 11 03:12:51 2026] POST /v2.0/subnets => generated 646 bytes in 283 msecs (HTTP/1.1 201) 4 headers in 162 bytes (1 switches on core 0)
2026-06-11 03:12:52.265 8 INFO neutron_taas.services.taas.taas_plugin [None req-594d8f7c-d37f-4086-bf3a-b6e273ee1f76 4ac75eabc195470d9a645198bf17b55a 0c88da9689ad40f594a6a9f32dc91c4f - - default default] TaaS: Handle Delete Port: 796eded8-40b0-4e7c-b9bd-3750c57b0e92
2026-06-11 03:12:52.269 8 INFO neutron_taas.services.taas.tap_mirror_plugin [None req-594d8f7c-d37f-4086-bf3a-b6e273ee1f76 4ac75eabc195470d9a645198bf17b55a 0c88da9689ad40f594a6a9f32dc91c4f - - default default] Tap Mirror: Handle Delete Port: 796eded8-40b0-4e7c-b9bd-3750c57b0e92
2026-06-11 03:12:52.468 7 WARNING neutron.scheduler.dhcp_agent_scheduler [None req-690e0e35-b8fb-4c87-ac2c-223d68def47e 24ce2bb83e494271a367af57fb82baab f6f10a9e9ee5436c9f3498c352855a21 - - default default] No more DHCP agents
2026-06-11 03:12:52.471 7 WARNING neutron.api.rpc.agentnotifiers.dhcp_rpc_agent_api [None req-690e0e35-b8fb-4c87-ac2c-223d68def47e 24ce2bb83e494271a367af57fb82baab f6f10a9e9ee5436c9f3498c352855a21 - - default default] Unable to schedule network c4d7d3ed-a0ea-413b-a395-d9ffafe5d4f5: no agents available; will retry on subsequent port and subnet creation events. [pid: 8|app: 0|req: 673/1428] 10.0.0.221 () {32 vars in 725 bytes} [Thu Jun 11 03:12:52 2026] DELETE /v2.0/networks/7fbcc3f9-8ce2-465c-bd4d-7ea36fdf1168 => generated 0 bytes in 415 msecs (HTTP/1.1 204) 3 headers in 131 bytes (1 switches on core 0)
2026-06-11 03:12:52.545 7 INFO neutron.db.ovn_revision_numbers_db [None req-690e0e35-b8fb-4c87-ac2c-223d68def47e 24ce2bb83e494271a367af57fb82baab f6f10a9e9ee5436c9f3498c352855a21 - - default default] Successfully bumped revision number for resource 10e0d16c-81fc-4774-a861-03dc7fe7db90 (type: subnets) to 0 [pid: 7|app: 0|req: 756/1429] 10.0.0.221 () {34 vars in 668 bytes} [Thu Jun 11 03:12:52 2026] POST /v2.0/subnets => generated 655 bytes in 335 msecs (HTTP/1.1 201) 4 headers in 162 bytes (1 switches on core 0)
2026-06-11 03:12:52.674 8 INFO neutron_taas.services.taas.taas_plugin [None req-674feb2d-4538-445c-8218-a2c773961ee0 4ac75eabc195470d9a645198bf17b55a 0c88da9689ad40f594a6a9f32dc91c4f - - default default] TaaS: Handle Delete Port: ad8470bb-4886-4060-abec-23fbb4a3d967
2026-06-11 03:12:52.677 8 INFO neutron_taas.services.taas.tap_mirror_plugin [None req-674feb2d-4538-445c-8218-a2c773961ee0 4ac75eabc195470d9a645198bf17b55a 0c88da9689ad40f594a6a9f32dc91c4f - - default default] Tap Mirror: Handle Delete Port: ad8470bb-4886-4060-abec-23fbb4a3d967
2026-06-11 03:12:52.685 7 INFO neutron.db.ovn_revision_numbers_db [None req-7cb07ac5-6be4-47cb-b3a5-7b163e816d4c 24ce2bb83e494271a367af57fb82baab f6f10a9e9ee5436c9f3498c352855a21 - - default default] Successfully bumped revision number for resource 127598df-f0f9-48d2-af09-398077c0c09f (type: routers) to 1 [pid: 7|app: 0|req: 757/1430] 10.0.0.221 () {34 vars in 668 bytes} [Thu Jun 11 03:12:52 2026] POST /v2.0/routers => generated 607 bytes in 133 msecs (HTTP/1.1 201) 4 headers in 162 bytes (1 switches on core 0) [pid: 8|app: 0|req: 674/1431] 10.0.0.221 () {32 vars in 725 bytes} [Thu Jun 11 03:12:52 2026] DELETE /v2.0/networks/6e327aa4-73fb-4b67-acef-80da5f7b1b88 => generated 0 bytes in 405 msecs (HTTP/1.1 204) 3 headers in 131 bytes (1 switches on core 0)
2026-06-11 03:12:53.074 8 INFO neutron_taas.services.taas.taas_plugin [None req-a0432b80-540b-4881-95ff-eececfecfff5 4ac75eabc195470d9a645198bf17b55a 0c88da9689ad40f594a6a9f32dc91c4f - - default default] TaaS: Handle Delete Port: 612fcfa1-c926-4d52-aec1-c8290e4cf89b
2026-06-11 03:12:53.077 8 INFO neutron_taas.services.taas.tap_mirror_plugin [None req-a0432b80-540b-4881-95ff-eececfecfff5 4ac75eabc195470d9a645198bf17b55a 0c88da9689ad40f594a6a9f32dc91c4f - - default default] Tap Mirror: Handle Delete Port: 612fcfa1-c926-4d52-aec1-c8290e4cf89b
2026-06-11 03:12:53.212 7 WARNING neutron.scheduler.dhcp_agent_scheduler [None req-4bae0480-bbf1-4f6a-9567-79d1164eb033 24ce2bb83e494271a367af57fb82baab f6f10a9e9ee5436c9f3498c352855a21 - - default default] No more DHCP agents
2026-06-11 03:12:53.214 7 WARNING neutron.api.rpc.agentnotifiers.dhcp_rpc_agent_api [None req-4bae0480-bbf1-4f6a-9567-79d1164eb033 24ce2bb83e494271a367af57fb82baab f6f10a9e9ee5436c9f3498c352855a21 - - default default] Unable to schedule network bcf65d16-40b3-49d7-a169-82bac40dabfe: no agents available; will retry on subsequent port and subnet creation events.
2026-06-11 03:12:53.343 8 INFO neutron.plugins.ml2.drivers.ovn.mech_driver.mech_driver [None req-b9a00b25-9d04-4918-b639-74d9737149fb - - - - - -] OVN reports status down for port: 5aba85d4-7380-4046-a2ea-edd34362f4a3
2026-06-11 03:12:53.375 7 INFO neutron.db.ovn_revision_numbers_db [None req-4bae0480-bbf1-4f6a-9567-79d1164eb033 24ce2bb83e494271a367af57fb82baab f6f10a9e9ee5436c9f3498c352855a21 - - default default] Successfully bumped revision number for resource 5aba85d4-7380-4046-a2ea-edd34362f4a3 (type: ports) to 1 [pid: 8|app: 0|req: 675/1432] 10.0.0.221 () {32 vars in 725 bytes} [Thu Jun 11 03:12:52 2026] DELETE /v2.0/networks/ad2a2388-93dc-4bcd-bccf-a3e43b59a52d => generated 0 bytes in 460 msecs (HTTP/1.1 204) 3 headers in 131 bytes (1 switches on core 0)
2026-06-11 03:12:53.861 8 INFO neutron.plugins.ml2.drivers.ovn.mech_driver.mech_driver [None req-b9a00b25-9d04-4918-b639-74d9737149fb - - - - - -] OVN reports status up for port: 5aba85d4-7380-4046-a2ea-edd34362f4a3
2026-06-11 03:12:53.874 8 INFO neutron.plugins.ml2.plugin [None req-b9a00b25-9d04-4918-b639-74d9737149fb - - - - - -] Attempt 1 to provision port 5aba85d4-7380-4046-a2ea-edd34362f4a3
2026-06-11 03:12:53.948 7 WARNING neutron.scheduler.dhcp_agent_scheduler [None req-4bae0480-bbf1-4f6a-9567-79d1164eb033 24ce2bb83e494271a367af57fb82baab f6f10a9e9ee5436c9f3498c352855a21 - - default default] No more DHCP agents
2026-06-11 03:12:53.949 7 WARNING neutron.api.rpc.agentnotifiers.dhcp_rpc_agent_api [None req-4bae0480-bbf1-4f6a-9567-79d1164eb033 24ce2bb83e494271a367af57fb82baab f6f10a9e9ee5436c9f3498c352855a21 - - default default] Unable to schedule network bcf65d16-40b3-49d7-a169-82bac40dabfe: no agents available; will retry on subsequent port and subnet creation events.
2026-06-11 03:12:54.077 8 INFO neutron.services.segments.plugin [-] Segment 53467a8c-6c9f-42e7-b5f6-8c0f15d73fab resource provider aggregate not found
2026-06-11 03:12:54.082 8 INFO neutron.services.segments.plugin [-] Segment 53467a8c-6c9f-42e7-b5f6-8c0f15d73fab resource provider aggregate not found
2026-06-11 03:12:54.101 8 INFO neutron.services.segments.plugin [-] Segment 53467a8c-6c9f-42e7-b5f6-8c0f15d73fab resource provider not found; error: Placement Client Error (4xx): {"errors": [{"status": 404, "title": "Not Found", "detail": "The resource could not be found.\n\n No resource provider with uuid 53467a8c-6c9f-42e7-b5f6-8c0f15d73fab found for delete ", "request_id": "req-392ebd12-4596-4410-b392-45f3b4942539"}]}
2026-06-11 03:12:54.106 8 INFO neutron.services.segments.plugin [-] Segment 53467a8c-6c9f-42e7-b5f6-8c0f15d73fab resource provider not found; error: Placement Client Error (4xx): {"errors": [{"status": 404, "title": "Not Found", "detail": "The resource could not be found.\n\n No resource provider with uuid 53467a8c-6c9f-42e7-b5f6-8c0f15d73fab found for delete ", "request_id": "req-63f963df-aa0f-495b-abf7-5f3239b95f2d"}]}
2026-06-11 03:12:54.117 8 INFO neutron.services.segments.plugin [-] Segment c54a47d0-2fef-4b46-b9bc-2fc7ecbae3d3 resource provider aggregate not found
2026-06-11 03:12:54.136 8 INFO neutron.services.segments.plugin [-] Segment c54a47d0-2fef-4b46-b9bc-2fc7ecbae3d3 resource provider aggregate not found
2026-06-11 03:12:54.161 8 INFO neutron.services.segments.plugin [-] Segment c54a47d0-2fef-4b46-b9bc-2fc7ecbae3d3 resource provider not found; error: Placement Client Error (4xx): {"errors": [{"status": 404, "title": "Not Found", "detail": "The resource could not be found.\n\n No resource provider with uuid c54a47d0-2fef-4b46-b9bc-2fc7ecbae3d3 found for delete ", "request_id": "req-702e6fbb-90a9-4f98-93ad-a2fe0ac2335a"}]}
2026-06-11 03:12:54.167 8 INFO neutron.services.segments.plugin [-] Segment c54a47d0-2fef-4b46-b9bc-2fc7ecbae3d3 resource provider not found; error: Placement Client Error (4xx): {"errors": [{"status": 404, "title": "Not Found", "detail": "The resource could not be found.\n\n No resource provider with uuid c54a47d0-2fef-4b46-b9bc-2fc7ecbae3d3 found for delete ", "request_id": "req-f5d2ee8e-9f06-4696-a475-7df590ef4b5b"}]}
2026-06-11 03:12:54.191 8 INFO neutron.services.segments.plugin [-] Segment 13aa021d-2280-4b12-8f12-c20567c84d53 resource provider aggregate not found
