2026-06-11 03:14:00.979 8 INFO neutron.services.segments.plugin [-] Segment e35a899a-eb86-458b-9837-b8c8fadfa9ef resource provider not found; error: Placement Client Error (4xx): {"errors": [{"status": 404, "title": "Not Found", "detail": "The resource could not be found.\n\n No resource provider with uuid e35a899a-eb86-458b-9837-b8c8fadfa9ef found for delete ", "request_id": "req-acf33e5a-1b9a-4d69-a91c-7724de7c42c6"}]}
2026-06-11 03:14:00.993 8 INFO neutron.services.segments.plugin [-] Segment 576ac435-450f-40f9-9dca-0654116538dd resource provider aggregate not found
2026-06-11 03:14:01.000 8 INFO neutron.services.segments.plugin [-] Segment 576ac435-450f-40f9-9dca-0654116538dd resource provider aggregate not found
2026-06-11 03:14:01.008 8 INFO neutron.services.segments.plugin [-] Segment 576ac435-450f-40f9-9dca-0654116538dd resource provider not found; error: Placement Client Error (4xx): {"errors": [{"status": 404, "title": "Not Found", "detail": "The resource could not be found.\n\n No resource provider with uuid 576ac435-450f-40f9-9dca-0654116538dd found for delete ", "request_id": "req-67d00542-03a0-4e48-9c29-5dff5e47fa16"}]}
2026-06-11 03:14:01.013 8 INFO neutron.services.segments.plugin [-] Segment 576ac435-450f-40f9-9dca-0654116538dd resource provider not found; error: Placement Client Error (4xx): {"errors": [{"status": 404, "title": "Not Found", "detail": "The resource could not be found.\n\n No resource provider with uuid 576ac435-450f-40f9-9dca-0654116538dd found for delete ", "request_id": "req-ac0cc542-258e-4c12-bff5-dbc6649e02be"}]}
2026-06-11 03:14:01.689 8 INFO neutron.db.ovn_revision_numbers_db [None req-c0c230f3-fedf-4b9b-a36f-fbf29322d448 fa49f398fa394009b08bb5b331738590 7ce2b73335e34e44879788a7f4622935 - - default default] Successfully bumped revision number for resource ac828047-5499-4092-974e-a28b6eb71963 (type: security_groups) to 1
2026-06-11 03:14:01.702 8 INFO neutron.db.ovn_revision_numbers_db [None req-c0c230f3-fedf-4b9b-a36f-fbf29322d448 fa49f398fa394009b08bb5b331738590 7ce2b73335e34e44879788a7f4622935 - - default default] Successfully bumped revision number for resource 245d188b-3a52-4c15-ae0a-895c55fd0779 (type: security_group_rules) to 0
2026-06-11 03:14:01.715 8 INFO neutron.db.ovn_revision_numbers_db [None req-c0c230f3-fedf-4b9b-a36f-fbf29322d448 fa49f398fa394009b08bb5b331738590 7ce2b73335e34e44879788a7f4622935 - - default default] Successfully bumped revision number for resource 467358f0-b1bb-4fb4-b560-5e6c47521401 (type: security_group_rules) to 0
2026-06-11 03:14:01.727 8 INFO neutron.db.ovn_revision_numbers_db [None req-c0c230f3-fedf-4b9b-a36f-fbf29322d448 fa49f398fa394009b08bb5b331738590 7ce2b73335e34e44879788a7f4622935 - - default default] Successfully bumped revision number for resource 681236fb-3ff7-4314-8719-bb7013eba33b (type: security_group_rules) to 0
2026-06-11 03:14:01.742 8 INFO neutron.db.ovn_revision_numbers_db [None req-c0c230f3-fedf-4b9b-a36f-fbf29322d448 fa49f398fa394009b08bb5b331738590 7ce2b73335e34e44879788a7f4622935 - - default default] Successfully bumped revision number for resource 95af7b73-9d18-423d-bb45-8a871360d47d (type: security_group_rules) to 0 [pid: 8|app: 0|req: 872/1855] 10.0.0.221 () {32 vars in 773 bytes} [Thu Jun 11 03:14:01 2026] GET /v2.0/security-groups?tenant_id=0b6eb087e74d40bf8f5085135d1a0e9b&name=default => generated 2925 bytes in 375 msecs (HTTP/1.1 200) 4 headers in 158 bytes (1 switches on core 0) [pid: 7|app: 0|req: 984/1856] 10.0.0.221 () {32 vars in 739 bytes} [Thu Jun 11 03:14:01 2026] DELETE /v2.0/security-groups/ac828047-5499-4092-974e-a28b6eb71963 => generated 0 bytes in 370 msecs (HTTP/1.1 204) 2 headers in 112 bytes (1 switches on core 0)
2026-06-11 03:14:02.218 8 INFO neutron.db.ovn_revision_numbers_db [None req-6ac937b1-dac3-4f66-80ea-85ebe5e2ceae fa49f398fa394009b08bb5b331738590 7ce2b73335e34e44879788a7f4622935 - - default default] Successfully bumped revision number for resource 2d8b6771-465c-4a86-8590-e90e7d8f80a7 (type: security_groups) to 1
2026-06-11 03:14:02.229 8 INFO neutron.db.ovn_revision_numbers_db [None req-6ac937b1-dac3-4f66-80ea-85ebe5e2ceae fa49f398fa394009b08bb5b331738590 7ce2b73335e34e44879788a7f4622935 - - default default] Successfully bumped revision number for resource 06f99367-e83a-497c-b8b4-637b8fb70280 (type: security_group_rules) to 0
2026-06-11 03:14:02.242 8 INFO neutron.db.ovn_revision_numbers_db [None req-6ac937b1-dac3-4f66-80ea-85ebe5e2ceae fa49f398fa394009b08bb5b331738590 7ce2b73335e34e44879788a7f4622935 - - default default] Successfully bumped revision number for resource 6f79e4aa-48d5-4ee2-84ef-b8263edcd63b (type: security_group_rules) to 0
2026-06-11 03:14:02.257 8 INFO neutron.db.ovn_revision_numbers_db [None req-6ac937b1-dac3-4f66-80ea-85ebe5e2ceae fa49f398fa394009b08bb5b331738590 7ce2b73335e34e44879788a7f4622935 - - default default] Successfully bumped revision number for resource e7bde711-e6fe-43b8-a8f7-a947f4b62873 (type: security_group_rules) to 0
2026-06-11 03:14:02.269 8 INFO neutron.db.ovn_revision_numbers_db [None req-6ac937b1-dac3-4f66-80ea-85ebe5e2ceae fa49f398fa394009b08bb5b331738590 7ce2b73335e34e44879788a7f4622935 - - default default] Successfully bumped revision number for resource ff057456-00b8-49fb-b94b-b8f26d97a54b (type: security_group_rules) to 0 [pid: 7|app: 0|req: 985/1857] 10.0.0.221 () {32 vars in 773 bytes} [Thu Jun 11 03:14:02 2026] GET /v2.0/security-groups?tenant_id=fe610eb24e6948fea6b5a040cf5974c9&name=default => generated 2925 bytes in 35 msecs (HTTP/1.1 200) 4 headers in 158 bytes (1 switches on core 0) [pid: 8|app: 0|req: 873/1858] 10.0.0.221 () {32 vars in 773 bytes} [Thu Jun 11 03:14:01 2026] GET /v2.0/security-groups?tenant_id=f094d7da368740aab5bcf2892da970ef&name=default => generated 2925 bytes in 462 msecs (HTTP/1.1 200) 4 headers in 158 bytes (1 switches on core 0) [pid: 7|app: 0|req: 986/1859] 10.0.0.221 () {32 vars in 739 bytes} [Thu Jun 11 03:14:02 2026] DELETE /v2.0/security-groups/ed93b37c-a491-4201-b554-635ad3b29396 => generated 0 bytes in 290 msecs (HTTP/1.1 204) 2 headers in 112 bytes (1 switches on core 0) [pid: 8|app: 0|req: 874/1860] 10.0.0.221 () {32 vars in 739 bytes} [Thu Jun 11 03:14:02 2026] DELETE /v2.0/security-groups/2d8b6771-465c-4a86-8590-e90e7d8f80a7 => generated 0 bytes in 375 msecs (HTTP/1.1 204) 2 headers in 112 bytes (1 switches on core 0)
2026-06-11 03:14:02.893 8 INFO neutron.db.ovn_revision_numbers_db [None req-513f0613-9f85-4c88-8995-c0e7264baaad fa49f398fa394009b08bb5b331738590 7ce2b73335e34e44879788a7f4622935 - - default default] Successfully bumped revision number for resource 1da51b3b-3c30-484b-9cc9-2cb2fd347953 (type: security_groups) to 1
2026-06-11 03:14:02.917 8 INFO neutron.db.ovn_revision_numbers_db [None req-513f0613-9f85-4c88-8995-c0e7264baaad fa49f398fa394009b08bb5b331738590 7ce2b73335e34e44879788a7f4622935 - - default default] Successfully bumped revision number for resource 07172e50-0fc2-4dec-b852-53e549f91f87 (type: security_group_rules) to 0
2026-06-11 03:14:02.928 8 INFO neutron.db.ovn_revision_numbers_db [None req-513f0613-9f85-4c88-8995-c0e7264baaad fa49f398fa394009b08bb5b331738590 7ce2b73335e34e44879788a7f4622935 - - default default] Successfully bumped revision number for resource 5a682c21-979c-40a7-ba71-0f4c8814246d (type: security_group_rules) to 0
2026-06-11 03:14:02.941 7 INFO neutron_taas.services.taas.taas_plugin [None req-ba60d102-ba13-4dd5-8aea-99644969dacf fa49f398fa394009b08bb5b331738590 7ce2b73335e34e44879788a7f4622935 - - default default] TaaS: Handle Delete Port: 2f505976-d9b8-444d-b065-367f5b0177b3
2026-06-11 03:14:02.941 8 INFO neutron.db.ovn_revision_numbers_db [None req-513f0613-9f85-4c88-8995-c0e7264baaad fa49f398fa394009b08bb5b331738590 7ce2b73335e34e44879788a7f4622935 - - default default] Successfully bumped revision number for resource ab9735c2-14ab-4dea-a746-86a99eb34f48 (type: security_group_rules) to 0
2026-06-11 03:14:02.944 7 INFO neutron_taas.services.taas.tap_mirror_plugin [None req-ba60d102-ba13-4dd5-8aea-99644969dacf fa49f398fa394009b08bb5b331738590 7ce2b73335e34e44879788a7f4622935 - - default default] Tap Mirror: Handle Delete Port: 2f505976-d9b8-444d-b065-367f5b0177b3
2026-06-11 03:14:02.956 8 INFO neutron.db.ovn_revision_numbers_db [None req-513f0613-9f85-4c88-8995-c0e7264baaad fa49f398fa394009b08bb5b331738590 7ce2b73335e34e44879788a7f4622935 - - default default] Successfully bumped revision number for resource f12812bb-e111-4a85-8366-c70c98e261f0 (type: security_group_rules) to 0 [pid: 8|app: 0|req: 875/1861] 10.0.0.221 () {32 vars in 773 bytes} [Thu Jun 11 03:14:02 2026] GET /v2.0/security-groups?tenant_id=3a49d555c8f649ca92b3d0f2af0fd3c7&name=default => generated 2925 bytes in 258 msecs (HTTP/1.1 200) 4 headers in 158 bytes (1 switches on core 0) [pid: 8|app: 0|req: 876/1862] 10.0.0.221 () {32 vars in 739 bytes} [Thu Jun 11 03:14:02 2026] DELETE /v2.0/security-groups/1da51b3b-3c30-484b-9cc9-2cb2fd347953 => generated 0 bytes in 383 msecs (HTTP/1.1 204) 2 headers in 112 bytes (1 switches on core 0) [pid: 7|app: 0|req: 987/1863] 10.0.0.221 () {34 vars in 788 bytes} [Thu Jun 11 03:14:02 2026] PUT /v2.0/routers/52d1cee7-31ee-4bcc-8fb8-831f36608abd/remove_router_interface => generated 309 bytes in 1260 msecs (HTTP/1.1 200) 4 headers in 157 bytes (1 switches on core 0) /var/lib/openstack/lib/python3.12/site-packages/pycadf/identifier.py:70: UserWarning: Invalid uuid: neutron. To ensure interoperability, identifiers should be a valid uuid. warnings.warn(('Invalid uuid: %s. To ensure interoperability, '
2026-06-11 03:14:03.878 8 INFO neutron.db.ovn_revision_numbers_db [None req-151c26fb-d94c-43cd-85c5-a104f3ad8e39 fa49f398fa394009b08bb5b331738590 7ce2b73335e34e44879788a7f4622935 - - default default] Successfully bumped revision number for resource 5f523f4d-11e1-4f6f-ae25-ccd12d30f738 (type: security_groups) to 1
2026-06-11 03:14:03.890 8 INFO neutron.db.ovn_revision_numbers_db [None req-151c26fb-d94c-43cd-85c5-a104f3ad8e39 fa49f398fa394009b08bb5b331738590 7ce2b73335e34e44879788a7f4622935 - - default default] Successfully bumped revision number for resource 18974715-280d-4885-9fe3-b42e452f69e4 (type: security_group_rules) to 0
2026-06-11 03:14:03.903 8 INFO neutron.db.ovn_revision_numbers_db [None req-151c26fb-d94c-43cd-85c5-a104f3ad8e39 fa49f398fa394009b08bb5b331738590 7ce2b73335e34e44879788a7f4622935 - - default default] Successfully bumped revision number for resource 42964e7d-4cf2-463b-8522-980b3d29a3b3 (type: security_group_rules) to 0
2026-06-11 03:14:03.911 8 INFO neutron.db.ovn_revision_numbers_db [None req-151c26fb-d94c-43cd-85c5-a104f3ad8e39 fa49f398fa394009b08bb5b331738590 7ce2b73335e34e44879788a7f4622935 - - default default] Successfully bumped revision number for resource 91de7086-7da2-42ab-ace0-2991dd662cee (type: security_group_rules) to 0
2026-06-11 03:14:03.923 8 INFO neutron.db.ovn_revision_numbers_db [None req-151c26fb-d94c-43cd-85c5-a104f3ad8e39 fa49f398fa394009b08bb5b331738590 7ce2b73335e34e44879788a7f4622935 - - default default] Successfully bumped revision number for resource f5353706-025c-47b8-b748-19ec25422787 (type: security_group_rules) to 0 [pid: 8|app: 0|req: 877/1864] 10.0.0.221 () {32 vars in 773 bytes} [Thu Jun 11 03:14:03 2026] GET /v2.0/security-groups?tenant_id=2b115803162544f8a5f71f3dc3060b5a&name=default => generated 2925 bytes in 576 msecs (HTTP/1.1 200) 4 headers in 158 bytes (1 switches on core 0)
2026-06-11 03:14:04.218 7 INFO neutron_taas.services.taas.taas_plugin [None req-fb680039-7c85-4cb5-ba22-95a3daa53383 fa49f398fa394009b08bb5b331738590 7ce2b73335e34e44879788a7f4622935 - - default default] TaaS: Handle Delete Port: 0a2ad11e-65d2-412f-960b-f019305cda74
2026-06-11 03:14:04.222 7 INFO neutron_taas.services.taas.tap_mirror_plugin [None req-fb680039-7c85-4cb5-ba22-95a3daa53383 fa49f398fa394009b08bb5b331738590 7ce2b73335e34e44879788a7f4622935 - - default default] Tap Mirror: Handle Delete Port: 0a2ad11e-65d2-412f-960b-f019305cda74 [pid: 8|app: 0|req: 878/1865] 10.0.0.221 () {32 vars in 739 bytes} [Thu Jun 11 03:14:03 2026] DELETE /v2.0/security-groups/5f523f4d-11e1-4f6f-ae25-ccd12d30f738 => generated 0 bytes in 310 msecs (HTTP/1.1 204) 2 headers in 112 bytes (1 switches on core 0) [pid: 7|app: 0|req: 988/1868] 10.0.0.221 () {32 vars in 723 bytes} [Thu Jun 11 03:14:03 2026] DELETE /v2.0/routers/52d1cee7-31ee-4bcc-8fb8-831f36608abd => generated 0 bytes in 873 msecs (HTTP/1.1 204) 2 headers in 112 bytes (1 switches on core 0) [pid: 8|app: 0|req: 881/1869] 10.0.0.221 () {32 vars in 723 bytes} [Thu Jun 11 03:14:04 2026] DELETE /v2.0/subnets/8fa2281f-51ee-449e-af1e-eab1f7114466 => generated 0 bytes in 164 msecs (HTTP/1.1 204) 3 headers in 131 bytes (1 switches on core 0)
2026-06-11 03:14:05.000 7 INFO neutron_taas.services.taas.taas_plugin [None req-f9c03e06-0d94-441d-b374-318d37501352 fa49f398fa394009b08bb5b331738590 7ce2b73335e34e44879788a7f4622935 - - default default] TaaS: Handle Delete Port: 48106da6-0392-44db-bad1-a2c5bac206b5
2026-06-11 03:14:05.002 7 INFO neutron_taas.services.taas.tap_mirror_plugin [None req-f9c03e06-0d94-441d-b374-318d37501352 fa49f398fa394009b08bb5b331738590 7ce2b73335e34e44879788a7f4622935 - - default default] Tap Mirror: Handle Delete Port: 48106da6-0392-44db-bad1-a2c5bac206b5
2026-06-11 03:14:05.220 7 INFO neutron.services.segments.plugin [-] Segment a003ed59-b12b-47ce-8021-8bd09a176bf6 resource provider aggregate not found
2026-06-11 03:14:05.226 7 INFO neutron.services.segments.plugin [-] Segment a003ed59-b12b-47ce-8021-8bd09a176bf6 resource provider aggregate not found
2026-06-11 03:14:05.237 7 INFO neutron.services.segments.plugin [-] Segment a003ed59-b12b-47ce-8021-8bd09a176bf6 resource provider not found; error: Placement Client Error (4xx): {"errors": [{"status": 404, "title": "Not Found", "detail": "The resource could not be found.\n\n No resource provider with uuid a003ed59-b12b-47ce-8021-8bd09a176bf6 found for delete ", "request_id": "req-ccc46e6d-127b-42ef-a229-c6cf89d96440"}]}
2026-06-11 03:14:05.249 7 INFO neutron.services.segments.plugin [-] Segment a003ed59-b12b-47ce-8021-8bd09a176bf6 resource provider not found; error: Placement Client Error (4xx): {"errors": [{"status": 404, "title": "Not Found", "detail": "The resource could not be found.\n\n No resource provider with uuid a003ed59-b12b-47ce-8021-8bd09a176bf6 found for delete ", "request_id": "req-785d3475-caf6-4694-aa5f-c2847baddf08"}]} [pid: 7|app: 0|req: 989/1870] 10.0.0.221 () {32 vars in 725 bytes} [Thu Jun 11 03:14:04 2026] DELETE /v2.0/networks/14cb6392-97a5-4966-90d1-0e67a95f89df => generated 0 bytes in 400 msecs (HTTP/1.1 204) 3 headers in 131 bytes (1 switches on core 0) [pid: 8|app: 0|req: 882/1871] 10.0.0.221 () {32 vars in 773 bytes} [Thu Jun 11 03:14:05 2026] GET /v2.0/security-groups?tenant_id=a35175e4f03046d88b6b3f3de59a11c7&name=default => generated 2925 bytes in 29 msecs (HTTP/1.1 200) 4 headers in 158 bytes (1 switches on core 0) [pid: 7|app: 0|req: 990/1872] 10.0.0.221 () {32 vars in 739 bytes} [Thu Jun 11 03:14:05 2026] DELETE /v2.0/security-groups/afb90ecd-eb93-4eee-b894-c671c266c1f3 => generated 0 bytes in 268 msecs (HTTP/1.1 204) 2 headers in 112 bytes (1 switches on core 0) [pid: 7|app: 0|req: 991/1873] 10.0.0.174 () {32 vars in 801 bytes} [Thu Jun 11 03:14:06 2026] GET /v2.0/extensions => generated 20541 bytes in 103 msecs (HTTP/1.1 200) 4 headers in 159 bytes (1 switches on core 0)
2026-06-11 03:14:06.435 8 INFO neutron.db.ovn_revision_numbers_db [None req-fad17259-7695-4c23-abd0-41e8d5112110 df2ebc8d910d4706b405f6c62b115ba8 c005314d8980432ca428d9dd462e14da - - default default] Successfully bumped revision number for resource 23bda221-bdc6-4d07-8dc7-8383cbe49f6d (type: security_groups) to 1
2026-06-11 03:14:06.446 8 INFO neutron.db.ovn_revision_numbers_db [None req-fad17259-7695-4c23-abd0-41e8d5112110 df2ebc8d910d4706b405f6c62b115ba8 c005314d8980432ca428d9dd462e14da - - default default] Successfully bumped revision number for resource 21845c29-251b-4036-a6f7-a3bca9c4fb02 (type: security_group_rules) to 0
2026-06-11 03:14:06.460 8 INFO neutron.db.ovn_revision_numbers_db [None req-fad17259-7695-4c23-abd0-41e8d5112110 df2ebc8d910d4706b405f6c62b115ba8 c005314d8980432ca428d9dd462e14da - - default default] Successfully bumped revision number for resource 47c608ac-1815-4a38-b953-332692d7d7d5 (type: security_group_rules) to 0
2026-06-11 03:14:06.473 8 INFO neutron.db.ovn_revision_numbers_db [None req-fad17259-7695-4c23-abd0-41e8d5112110 df2ebc8d910d4706b405f6c62b115ba8 c005314d8980432ca428d9dd462e14da - - default default] Successfully bumped revision number for resource 9708a7b3-5492-46b5-aadc-ef6356f01f85 (type: security_group_rules) to 0
2026-06-11 03:14:06.485 8 INFO neutron.db.ovn_revision_numbers_db [None req-fad17259-7695-4c23-abd0-41e8d5112110 df2ebc8d910d4706b405f6c62b115ba8 c005314d8980432ca428d9dd462e14da - - default default] Successfully bumped revision number for resource e05fd2b1-74ba-4c1e-ad1f-a7200da401a1 (type: security_group_rules) to 0
2026-06-11 03:14:06.560 8 INFO neutron.db.segments_db [None req-fad17259-7695-4c23-abd0-41e8d5112110 df2ebc8d910d4706b405f6c62b115ba8 c005314d8980432ca428d9dd462e14da - - default default] Added segment d64b2ccc-3a2a-48ce-8078-33a82416449a of type geneve for network 176c296a-b514-457a-a7e2-38db38a1c17f [pid: 7|app: 0|req: 992/1874] 10.0.0.174 () {30 vars in 723 bytes} [Thu Jun 11 03:14:06 2026] GET /v2.0/quotas/e82dc27337504c9ca49c9dec9da88167/details => generated 847 bytes in 121 msecs (HTTP/1.1 200) 4 headers in 157 bytes (1 switches on core 0)
2026-06-11 03:14:06.683 8 INFO neutron.db.ovn_revision_numbers_db [None req-fad17259-7695-4c23-abd0-41e8d5112110 df2ebc8d910d4706b405f6c62b115ba8 c005314d8980432ca428d9dd462e14da - - default default] Successfully bumped revision number for resource 176c296a-b514-457a-a7e2-38db38a1c17f (type: networks) to 1
2026-06-11 03:14:06.829 8 WARNING neutron.scheduler.dhcp_agent_scheduler [None req-fad17259-7695-4c23-abd0-41e8d5112110 df2ebc8d910d4706b405f6c62b115ba8 c005314d8980432ca428d9dd462e14da - - default default] No more DHCP agents
2026-06-11 03:14:06.830 8 WARNING neutron.api.rpc.agentnotifiers.dhcp_rpc_agent_api [None req-fad17259-7695-4c23-abd0-41e8d5112110 df2ebc8d910d4706b405f6c62b115ba8 c005314d8980432ca428d9dd462e14da - - default default] Unable to schedule network 176c296a-b514-457a-a7e2-38db38a1c17f: no agents available; will retry on subsequent port and subnet creation events.
2026-06-11 03:14:06.917 8 INFO neutron.plugins.ml2.drivers.ovn.mech_driver.mech_driver [None req-eb7bf6af-4a93-4a44-82b6-b11c7434ad8e - - - - - -] OVN reports status down for port: d1ccb249-70aa-42fd-b58e-759a6adb3cf2
2026-06-11 03:14:06.970 8 INFO neutron.db.ovn_revision_numbers_db [None req-fad17259-7695-4c23-abd0-41e8d5112110 df2ebc8d910d4706b405f6c62b115ba8 c005314d8980432ca428d9dd462e14da - - default default] Successfully bumped revision number for resource d1ccb249-70aa-42fd-b58e-759a6adb3cf2 (type: ports) to 1 [pid: 8|app: 0|req: 883/1875] 10.0.0.221 () {34 vars in 669 bytes} [Thu Jun 11 03:14:06 2026] POST /v2.0/networks => generated 663 bytes in 896 msecs (HTTP/1.1 201) 4 headers in 162 bytes (1 switches on core 0)
2026-06-11 03:14:07.262 7 WARNING neutron.scheduler.dhcp_agent_scheduler [None req-7c1ff1fb-c9ae-4fb2-9732-9df285de8df0 df2ebc8d910d4706b405f6c62b115ba8 c005314d8980432ca428d9dd462e14da - - default default] No more DHCP agents
2026-06-11 03:14:07.263 7 WARNING neutron.api.rpc.agentnotifiers.dhcp_rpc_agent_api [None req-7c1ff1fb-c9ae-4fb2-9732-9df285de8df0 df2ebc8d910d4706b405f6c62b115ba8 c005314d8980432ca428d9dd462e14da - - default default] Unable to schedule network 176c296a-b514-457a-a7e2-38db38a1c17f: no agents available; will retry on subsequent port and subnet creation events.
2026-06-11 03:14:07.352 8 INFO neutron.plugins.ml2.drivers.ovn.mech_driver.mech_driver [None req-eb7bf6af-4a93-4a44-82b6-b11c7434ad8e - - - - - -] OVN reports status down for port: c3b53078-ecaf-41bc-a1cd-ca222f7c0135
2026-06-11 03:14:07.389 7 INFO neutron.db.ovn_revision_numbers_db [None req-7c1ff1fb-c9ae-4fb2-9732-9df285de8df0 df2ebc8d910d4706b405f6c62b115ba8 c005314d8980432ca428d9dd462e14da - - default default] Successfully bumped revision number for resource c3b53078-ecaf-41bc-a1cd-ca222f7c0135 (type: ports) to 1 [pid: 7|app: 0|req: 993/1876] 10.0.0.221 () {34 vars in 664 bytes} [Thu Jun 11 03:14:07 2026] POST /v2.0/ports => generated 774 bytes in 408 msecs (HTTP/1.1 201) 4 headers in 162 bytes (1 switches on core 0) /var/lib/openstack/lib/python3.12/site-packages/pycadf/identifier.py:70: UserWarning: Invalid uuid: neutron. To ensure interoperability, identifiers should be a valid uuid. warnings.warn(('Invalid uuid: %s. To ensure interoperability, '
2026-06-11 03:14:07.518 7 INFO neutron.db.segments_db [None req-e3e7b9d5-2d5b-4b0b-90e2-4e358f27b171 df2ebc8d910d4706b405f6c62b115ba8 c005314d8980432ca428d9dd462e14da - - default default] Added segment 16765fc1-9475-455e-b140-42f711e13be8 of type geneve for network 105c6351-47a1-4440-a9ec-2ac6de2536be
2026-06-11 03:14:07.624 7 INFO neutron.db.ovn_revision_numbers_db [None req-e3e7b9d5-2d5b-4b0b-90e2-4e358f27b171 df2ebc8d910d4706b405f6c62b115ba8 c005314d8980432ca428d9dd462e14da - - default default] Successfully bumped revision number for resource 105c6351-47a1-4440-a9ec-2ac6de2536be (type: networks) to 1
2026-06-11 03:14:07.704 8 INFO neutron.db.ovn_revision_numbers_db [None req-daf6669a-72ed-4104-8b0b-bbae122eff71 fa49f398fa394009b08bb5b331738590 7ce2b73335e34e44879788a7f4622935 - - default default] Successfully bumped revision number for resource 01240c19-85b8-4ef5-b702-058c35c95c9d (type: security_groups) to 1
2026-06-11 03:14:07.715 8 INFO neutron.db.ovn_revision_numbers_db [None req-daf6669a-72ed-4104-8b0b-bbae122eff71 fa49f398fa394009b08bb5b331738590 7ce2b73335e34e44879788a7f4622935 - - default default] Successfully bumped revision number for resource ad42154b-2a5c-476a-b57b-7740bde6285c (type: security_group_rules) to 0
2026-06-11 03:14:07.726 8 INFO neutron.db.ovn_revision_numbers_db [None req-daf6669a-72ed-4104-8b0b-bbae122eff71 fa49f398fa394009b08bb5b331738590 7ce2b73335e34e44879788a7f4622935 - - default default] Successfully bumped revision number for resource bfd183d0-daa4-46ab-83af-e4baaecbfb7b (type: security_group_rules) to 0
2026-06-11 03:14:07.737 8 INFO neutron.db.ovn_revision_numbers_db [None req-daf6669a-72ed-4104-8b0b-bbae122eff71 fa49f398fa394009b08bb5b331738590 7ce2b73335e34e44879788a7f4622935 - - default default] Successfully bumped revision number for resource c06ec4f0-0697-4724-8722-79ac4163d331 (type: security_group_rules) to 0
2026-06-11 03:14:07.746 8 INFO neutron.db.ovn_revision_numbers_db [None req-daf6669a-72ed-4104-8b0b-bbae122eff71 fa49f398fa394009b08bb5b331738590 7ce2b73335e34e44879788a7f4622935 - - default default] Successfully bumped revision number for resource d67be7de-6027-44fb-8177-35550f786a16 (type: security_group_rules) to 0
2026-06-11 03:14:07.815 8 INFO neutron.db.segments_db [None req-daf6669a-72ed-4104-8b0b-bbae122eff71 fa49f398fa394009b08bb5b331738590 7ce2b73335e34e44879788a7f4622935 - - default default] Added segment d9c9dde2-235f-43cf-bcc8-6a85261f9f30 of type geneve for network 7f07457b-4c89-47c4-bae4-def8f8cdabbc
2026-06-11 03:14:07.828 7 WARNING neutron.scheduler.dhcp_agent_scheduler [None req-e3e7b9d5-2d5b-4b0b-90e2-4e358f27b171 df2ebc8d910d4706b405f6c62b115ba8 c005314d8980432ca428d9dd462e14da - - default default] No more DHCP agents
2026-06-11 03:14:07.829 7 WARNING neutron.api.rpc.agentnotifiers.dhcp_rpc_agent_api [None req-e3e7b9d5-2d5b-4b0b-90e2-4e358f27b171 df2ebc8d910d4706b405f6c62b115ba8 c005314d8980432ca428d9dd462e14da - - default default] Unable to schedule network 105c6351-47a1-4440-a9ec-2ac6de2536be: no agents available; will retry on subsequent port and subnet creation events.
2026-06-11 03:14:07.933 8 INFO neutron.plugins.ml2.drivers.ovn.mech_driver.mech_driver [None req-eb7bf6af-4a93-4a44-82b6-b11c7434ad8e - - - - - -] OVN reports status down for port: 06aaa820-bdbb-4a70-9687-226c44b485ff
2026-06-11 03:14:07.957 7 INFO neutron.db.ovn_revision_numbers_db [None req-e3e7b9d5-2d5b-4b0b-90e2-4e358f27b171 df2ebc8d910d4706b405f6c62b115ba8 c005314d8980432ca428d9dd462e14da - - default default] Successfully bumped revision number for resource 06aaa820-bdbb-4a70-9687-226c44b485ff (type: ports) to 1 [pid: 7|app: 0|req: 994/1877] 10.0.0.221 () {34 vars in 669 bytes} [Thu Jun 11 03:14:07 2026] POST /v2.0/networks => generated 650 bytes in 553 msecs (HTTP/1.1 201) 4 headers in 162 bytes (1 switches on core 0)
2026-06-11 03:14:08.019 8 INFO neutron.db.ovn_revision_numbers_db [None req-daf6669a-72ed-4104-8b0b-bbae122eff71 fa49f398fa394009b08bb5b331738590 7ce2b73335e34e44879788a7f4622935 - - default default] Successfully bumped revision number for resource 7f07457b-4c89-47c4-bae4-def8f8cdabbc (type: networks) to 1
2026-06-11 03:14:08.219 8 WARNING neutron.scheduler.dhcp_agent_scheduler [None req-daf6669a-72ed-4104-8b0b-bbae122eff71 fa49f398fa394009b08bb5b331738590 7ce2b73335e34e44879788a7f4622935 - - default default] No more DHCP agents
2026-06-11 03:14:08.222 8 WARNING neutron.api.rpc.agentnotifiers.dhcp_rpc_agent_api [None req-daf6669a-72ed-4104-8b0b-bbae122eff71 fa49f398fa394009b08bb5b331738590 7ce2b73335e34e44879788a7f4622935 - - default default] Unable to schedule network 7f07457b-4c89-47c4-bae4-def8f8cdabbc: no agents available; will retry on subsequent port and subnet creation events.
2026-06-11 03:14:08.229 7 INFO neutron.db.ovn_revision_numbers_db [None req-e5221fdf-ccc1-4363-9495-4a0c06b4178f bd9b046402074c429bd9eecf3d03400c 28339d3f670e49dbb59672bcb181a09e - - default default] Successfully bumped revision number for resource 409a2247-6700-4e76-88f3-77df6c6c3180 (type: security_groups) to 1
2026-06-11 03:14:08.249 7 INFO neutron.db.ovn_revision_numbers_db [None req-e5221fdf-ccc1-4363-9495-4a0c06b4178f bd9b046402074c429bd9eecf3d03400c 28339d3f670e49dbb59672bcb181a09e - - default default] Successfully bumped revision number for resource 295c6a2c-b68b-4da6-8d32-cf28c98d3391 (type: security_group_rules) to 0
2026-06-11 03:14:08.262 7 INFO neutron.db.ovn_revision_numbers_db [None req-e5221fdf-ccc1-4363-9495-4a0c06b4178f bd9b046402074c429bd9eecf3d03400c 28339d3f670e49dbb59672bcb181a09e - - default default] Successfully bumped revision number for resource 3b4b377a-b855-483c-8de8-f397141597c9 (type: security_group_rules) to 0
2026-06-11 03:14:08.274 7 INFO neutron.db.ovn_revision_numbers_db [None req-e5221fdf-ccc1-4363-9495-4a0c06b4178f bd9b046402074c429bd9eecf3d03400c 28339d3f670e49dbb59672bcb181a09e - - default default] Successfully bumped revision number for resource b9ebaaaf-50af-4cd6-bb2d-f09975e15f31 (type: security_group_rules) to 0
2026-06-11 03:14:08.307 7 INFO neutron.db.ovn_revision_numbers_db [None req-e5221fdf-ccc1-4363-9495-4a0c06b4178f bd9b046402074c429bd9eecf3d03400c 28339d3f670e49dbb59672bcb181a09e - - default default] Successfully bumped revision number for resource ee292fc6-db59-4845-ac02-0b3526af2ab3 (type: security_group_rules) to 0
2026-06-11 03:14:08.320 8 INFO neutron.plugins.ml2.drivers.ovn.mech_driver.mech_driver [None req-eb7bf6af-4a93-4a44-82b6-b11c7434ad8e - - - - - -] OVN reports status down for port: 35550a9e-e231-46cc-869b-8b3b16c2a56d
2026-06-11 03:14:08.384 8 INFO neutron.db.ovn_revision_numbers_db [None req-daf6669a-72ed-4104-8b0b-bbae122eff71 fa49f398fa394009b08bb5b331738590 7ce2b73335e34e44879788a7f4622935 - - default default] Successfully bumped revision number for resource 35550a9e-e231-46cc-869b-8b3b16c2a56d (type: ports) to 1 [pid: 8|app: 0|req: 884/1878] 10.0.0.221 () {34 vars in 670 bytes} [Thu Jun 11 03:14:07 2026] POST /v2.0/networks => generated 763 bytes in 1050 msecs (HTTP/1.1 201) 4 headers in 162 bytes (1 switches on core 0)
2026-06-11 03:14:08.451 7 INFO neutron.db.ovn_revision_numbers_db [None req-e5221fdf-ccc1-4363-9495-4a0c06b4178f bd9b046402074c429bd9eecf3d03400c 28339d3f670e49dbb59672bcb181a09e - - default default] Successfully bumped revision number for resource ff3dd7e4-6034-4984-a581-85ffd93016f5 (type: security_groups) to 1
2026-06-11 03:14:08.464 7 INFO neutron.db.ovn_revision_numbers_db [None req-e5221fdf-ccc1-4363-9495-4a0c06b4178f bd9b046402074c429bd9eecf3d03400c 28339d3f670e49dbb59672bcb181a09e - - default default] Successfully bumped revision number for resource aab109ca-c15f-4415-b363-6dd69cb4bf0b (type: security_group_rules) to 0
2026-06-11 03:14:08.480 7 INFO neutron.db.ovn_revision_numbers_db [None req-e5221fdf-ccc1-4363-9495-4a0c06b4178f bd9b046402074c429bd9eecf3d03400c 28339d3f670e49dbb59672bcb181a09e - - default default] Successfully bumped revision number for resource f771b4d2-0a37-4faa-b7da-f5b955e503a1 (type: security_group_rules) to 0 [pid: 7|app: 0|req: 995/1879] 10.0.0.221 () {34 vars in 683 bytes} [Thu Jun 11 03:14:07 2026] POST /v2.0/security-groups => generated 1601 bytes in 522 msecs (HTTP/1.1 201) 4 headers in 163 bytes (1 switches on core 0)
2026-06-11 03:14:08.636 8 WARNING neutron.scheduler.dhcp_agent_scheduler [None req-fa71089c-3b4e-4c14-84d2-bcd53a95589c df2ebc8d910d4706b405f6c62b115ba8 c005314d8980432ca428d9dd462e14da - - default default] No more DHCP agents
2026-06-11 03:14:08.639 8 WARNING neutron.api.rpc.agentnotifiers.dhcp_rpc_agent_api [None req-fa71089c-3b4e-4c14-84d2-bcd53a95589c df2ebc8d910d4706b405f6c62b115ba8 c005314d8980432ca428d9dd462e14da - - default default] Unable to schedule network 105c6351-47a1-4440-a9ec-2ac6de2536be: no agents available; will retry on subsequent port and subnet creation events.
2026-06-11 03:14:08.701 7 WARNING neutron.scheduler.dhcp_agent_scheduler [None req-fea044a3-7478-4988-99b4-8eff6dffe72e fa49f398fa394009b08bb5b331738590 7ce2b73335e34e44879788a7f4622935 - - default default] No more DHCP agents
2026-06-11 03:14:08.704 7 WARNING neutron.api.rpc.agentnotifiers.dhcp_rpc_agent_api [None req-fea044a3-7478-4988-99b4-8eff6dffe72e fa49f398fa394009b08bb5b331738590 7ce2b73335e34e44879788a7f4622935 - - default default] Unable to schedule network 7f07457b-4c89-47c4-bae4-def8f8cdabbc: no agents available; will retry on subsequent port and subnet creation events.
2026-06-11 03:14:09.094 8 INFO neutron.db.ovn_revision_numbers_db [None req-1db8e2ec-42eb-453a-9ccb-7c3a6a7812af - - - - - -] Successfully bumped revision number for resource 06aaa820-bdbb-4a70-9687-226c44b485ff (type: ports) to 2
2026-06-11 03:14:09.126 8 INFO neutron.db.ovn_revision_numbers_db [None req-1db8e2ec-42eb-453a-9ccb-7c3a6a7812af - - - - - -] Successfully bumped revision number for resource 4b8c90a5-e629-4917-b70a-c52d187a997a (type: subnets) to 0 [pid: 8|app: 0|req: 885/1880] 10.0.0.221 () {34 vars in 668 bytes} [Thu Jun 11 03:14:08 2026] POST /v2.0/subnets => generated 626 bytes in 702 msecs (HTTP/1.1 201) 4 headers in 162 bytes (1 switches on core 0)
2026-06-11 03:14:09.256 7 INFO neutron.db.ovn_revision_numbers_db [None req-d9f549e4-b325-4739-99b6-939ade4fd5fa - - - - - -] Successfully bumped revision number for resource 35550a9e-e231-46cc-869b-8b3b16c2a56d (type: ports) to 2
2026-06-11 03:14:09.304 8 INFO neutron.db.ovn_revision_numbers_db [None req-7f06f73e-a67b-4de8-a20c-4043e6a8a2a2 bd9b046402074c429bd9eecf3d03400c 28339d3f670e49dbb59672bcb181a09e - - default default] Successfully bumped revision number for resource 3f14d660-d40a-4933-b7a0-306e4ff1c391 (type: security_groups) to 1
2026-06-11 03:14:09.306 7 INFO neutron.db.ovn_revision_numbers_db [None req-d9f549e4-b325-4739-99b6-939ade4fd5fa - - - - - -] Successfully bumped revision number for resource 961bfedd-fc24-4896-b6ee-f4ed067b3e79 (type: subnets) to 0
2026-06-11 03:14:09.314 8 INFO neutron.db.ovn_revision_numbers_db [None req-7f06f73e-a67b-4de8-a20c-4043e6a8a2a2 bd9b046402074c429bd9eecf3d03400c 28339d3f670e49dbb59672bcb181a09e - - default default] Successfully bumped revision number for resource 7faa90d8-fd97-4b10-8143-455dd32d0e91 (type: security_group_rules) to 0
2026-06-11 03:14:09.325 8 INFO neutron.db.ovn_revision_numbers_db [None req-7f06f73e-a67b-4de8-a20c-4043e6a8a2a2 bd9b046402074c429bd9eecf3d03400c 28339d3f670e49dbb59672bcb181a09e - - default default] Successfully bumped revision number for resource 991b9a6d-fed1-4b69-9e17-da9ef1de752f (type: security_group_rules) to 0 [pid: 7|app: 0|req: 996/1881] 10.0.0.221 () {34 vars in 668 bytes} [Thu Jun 11 03:14:08 2026] POST /v2.0/subnets => generated 688 bytes in 817 msecs (HTTP/1.1 201) 4 headers in 162 bytes (1 switches on core 0) [pid: 8|app: 0|req: 886/1882] 10.0.0.221 () {34 vars in 683 bytes} [Thu Jun 11 03:14:09 2026] POST /v2.0/security-groups => generated 1601 bytes in 222 msecs (HTTP/1.1 201) 4 headers in 163 bytes (1 switches on core 0)
2026-06-11 03:14:09.594 7 WARNING neutron.scheduler.dhcp_agent_scheduler [None req-f614058a-2812-401d-a2d6-6055a9729fd7 df2ebc8d910d4706b405f6c62b115ba8 c005314d8980432ca428d9dd462e14da - - default default] No more DHCP agents
2026-06-11 03:14:09.595 7 WARNING neutron.api.rpc.agentnotifiers.dhcp_rpc_agent_api [None req-f614058a-2812-401d-a2d6-6055a9729fd7 df2ebc8d910d4706b405f6c62b115ba8 c005314d8980432ca428d9dd462e14da - - default default] Unable to schedule network 105c6351-47a1-4440-a9ec-2ac6de2536be: no agents available; will retry on subsequent port and subnet creation events.
2026-06-11 03:14:09.768 7 INFO neutron.db.ovn_revision_numbers_db [None req-f614058a-2812-401d-a2d6-6055a9729fd7 df2ebc8d910d4706b405f6c62b115ba8 c005314d8980432ca428d9dd462e14da - - default default] Successfully bumped revision number for resource 28dc05db-aa5e-461b-8ae9-a45a15710728 (type: ports) to 1
2026-06-11 03:14:09.770 8 INFO neutron.plugins.ml2.drivers.ovn.mech_driver.mech_driver [None req-eb7bf6af-4a93-4a44-82b6-b11c7434ad8e - - - - - -] OVN reports status down for port: 28dc05db-aa5e-461b-8ae9-a45a15710728
2026-06-11 03:14:09.821 8 WARNING neutron.scheduler.dhcp_agent_scheduler [None req-783018b8-0a40-4782-ae85-04129f25a8dd fa49f398fa394009b08bb5b331738590 7ce2b73335e34e44879788a7f4622935 - - default default] No more DHCP agents
2026-06-11 03:14:09.824 8 WARNING neutron.api.rpc.agentnotifiers.dhcp_rpc_agent_api [None req-783018b8-0a40-4782-ae85-04129f25a8dd fa49f398fa394009b08bb5b331738590 7ce2b73335e34e44879788a7f4622935 - - default default] Unable to schedule network d13e2acc-a6be-4b26-8225-f12d74c40d1e: no agents available; will retry on subsequent port and subnet creation events. [pid: 7|app: 0|req: 997/1883] 10.0.0.221 () {34 vars in 664 bytes} [Thu Jun 11 03:14:09 2026] POST /v2.0/ports => generated 950 bytes in 494 msecs (HTTP/1.1 201) 4 headers in 162 bytes (1 switches on core 0) /var/lib/openstack/lib/python3.12/site-packages/pycadf/identifier.py:70: UserWarning: Invalid uuid: neutron. To ensure interoperability, identifiers should be a valid uuid. warnings.warn(('Invalid uuid: %s. To ensure interoperability, '
2026-06-11 03:14:09.972 7 INFO neutron.db.ovn_revision_numbers_db [None req-f344476e-3f8e-4bc6-86a4-ffb5e03659e8 bd9b046402074c429bd9eecf3d03400c 28339d3f670e49dbb59672bcb181a09e - - default default] Successfully bumped revision number for resource 8d5fbae5-25ff-421e-b5e8-9ffc03bcb782 (type: security_groups) to 1
2026-06-11 03:14:10.010 7 INFO neutron.db.ovn_revision_numbers_db [None req-f344476e-3f8e-4bc6-86a4-ffb5e03659e8 bd9b046402074c429bd9eecf3d03400c 28339d3f670e49dbb59672bcb181a09e - - default default] Successfully bumped revision number for resource 4b2a59b5-0d46-4573-9d00-45855b746c58 (type: security_group_rules) to 0
2026-06-11 03:14:10.017 8 INFO neutron.plugins.ml2.drivers.ovn.mech_driver.mech_driver [None req-eb7bf6af-4a93-4a44-82b6-b11c7434ad8e - - - - - -] OVN reports status down for port: 246be4e6-dd49-4e03-a103-4cadb1a97db3
2026-06-11 03:14:10.038 7 INFO neutron.db.ovn_revision_numbers_db [None req-f344476e-3f8e-4bc6-86a4-ffb5e03659e8 bd9b046402074c429bd9eecf3d03400c 28339d3f670e49dbb59672bcb181a09e - - default default] Successfully bumped revision number for resource 7b29f07a-1042-475b-a9ca-29d46f9ab44e (type: security_group_rules) to 0
2026-06-11 03:14:10.086 8 INFO neutron.db.ovn_revision_numbers_db [None req-783018b8-0a40-4782-ae85-04129f25a8dd fa49f398fa394009b08bb5b331738590 7ce2b73335e34e44879788a7f4622935 - - default default] Successfully bumped revision number for resource 246be4e6-dd49-4e03-a103-4cadb1a97db3 (type: ports) to 1 [pid: 7|app: 0|req: 998/1884] 10.0.0.221 () {34 vars in 683 bytes} [Thu Jun 11 03:14:09 2026] POST /v2.0/security-groups => generated 1601 bytes in 284 msecs (HTTP/1.1 201) 4 headers in 163 bytes (1 switches on core 0) [pid: 7|app: 0|req: 999/1885] 10.0.0.174 () {32 vars in 801 bytes} [Thu Jun 11 03:14:10 2026] GET /v2.0/extensions => generated 20541 bytes in 6 msecs (HTTP/1.1 200) 4 headers in 159 bytes (1 switches on core 0)
2026-06-11 03:14:10.252 7 INFO neutron_taas.services.taas.taas_plugin [None req-c1e06831-9103-47c4-8bbf-808720a2ae31 df2ebc8d910d4706b405f6c62b115ba8 c005314d8980432ca428d9dd462e14da - - default default] TaaS: Handle Delete Port: 28dc05db-aa5e-461b-8ae9-a45a15710728
2026-06-11 03:14:10.254 7 INFO neutron_taas.services.taas.tap_mirror_plugin [None req-c1e06831-9103-47c4-8bbf-808720a2ae31 df2ebc8d910d4706b405f6c62b115ba8 c005314d8980432ca428d9dd462e14da - - default default] Tap Mirror: Handle Delete Port: 28dc05db-aa5e-461b-8ae9-a45a15710728 [pid: 7|app: 0|req: 1000/1886] 10.0.0.221 () {32 vars in 719 bytes} [Thu Jun 11 03:14:10 2026] DELETE /v2.0/ports/28dc05db-aa5e-461b-8ae9-a45a15710728 => generated 0 bytes in 320 msecs (HTTP/1.1 204) 3 headers in 131 bytes (1 switches on core 0)
2026-06-11 03:14:10.585 7 INFO neutron.db.ovn_revision_numbers_db [None req-f94aa2a5-4057-4c7e-b2db-08538c854973 bd9b046402074c429bd9eecf3d03400c 28339d3f670e49dbb59672bcb181a09e - - default default] Successfully bumped revision number for resource 4a70323f-320a-4b60-95d8-d58a41c1f31e (type: security_groups) to 1
2026-06-11 03:14:10.598 7 INFO neutron.db.ovn_revision_numbers_db [None req-f94aa2a5-4057-4c7e-b2db-08538c854973 bd9b046402074c429bd9eecf3d03400c 28339d3f670e49dbb59672bcb181a09e - - default default] Successfully bumped revision number for resource 1d62916a-df99-4a5d-999e-20adfd43da42 (type: security_group_rules) to 0
2026-06-11 03:14:10.612 7 INFO neutron.db.ovn_revision_numbers_db [None req-f94aa2a5-4057-4c7e-b2db-08538c854973 bd9b046402074c429bd9eecf3d03400c 28339d3f670e49dbb59672bcb181a09e - - default default] Successfully bumped revision number for resource 8fccbc6a-b01e-4dca-8bee-c0d51975c6eb (type: security_group_rules) to 0 [pid: 7|app: 0|req: 1001/1887] 10.0.0.221 () {34 vars in 683 bytes} [Thu Jun 11 03:14:10 2026] POST /v2.0/security-groups => generated 1601 bytes in 213 msecs (HTTP/1.1 201) 4 headers in 163 bytes (1 switches on core 0) [pid: 7|app: 0|req: 1002/1888] 10.0.0.174 () {30 vars in 723 bytes} [Thu Jun 11 03:14:10 2026] GET /v2.0/quotas/e82dc27337504c9ca49c9dec9da88167/details => generated 847 bytes in 97 msecs (HTTP/1.1 200) 4 headers in 157 bytes (1 switches on core 0)
2026-06-11 03:14:10.763 7 INFO neutron.pecan_wsgi.hooks.translation [None req-7ecb3985-e916-4f33-b023-ebd0ebc99135 df2ebc8d910d4706b405f6c62b115ba8 c005314d8980432ca428d9dd462e14da - - default default] DELETE failed (client error): The resource could not be found. [pid: 7|app: 0|req: 1003/1889] 10.0.0.221 () {32 vars in 719 bytes} [Thu Jun 11 03:14:10 2026] DELETE /v2.0/ports/28dc05db-aa5e-461b-8ae9-a45a15710728 => generated 132 bytes in 18 msecs (HTTP/1.1 404) 4 headers in 164 bytes (1 switches on core 0)
2026-06-11 03:14:10.844 8 INFO neutron.plugins.ml2.drivers.ovn.mech_driver.ovsdb.commands [None req-4a5a301f-f2e1-473b-8d35-2d01a33418e2 - - - - - -] Schedule LRP lrp-246be4e6-dd49-4e03-a103-4cadb1a97db3 on gateway c95eb5b4-4a7f-4de6-9318-3922f0a866fa with priority 1
2026-06-11 03:14:10.950 8 INFO neutron.plugins.ml2.drivers.ovn.mech_driver.ovsdb.ovsdb_monitor [None req-f17b91fb-eb02-4a46-b7fc-a2dc0469d0c4 - - - - - -] Router 98917589-e748-4cc8-91ec-337bf12b5e54 is bound to host instance
2026-06-11 03:14:10.971 8 INFO neutron.plugins.ml2.drivers.ovn.mech_driver.mech_driver [None req-eb7bf6af-4a93-4a44-82b6-b11c7434ad8e - - - - - -] OVN reports status up for port: 246be4e6-dd49-4e03-a103-4cadb1a97db3
2026-06-11 03:14:11.022 7 INFO neutron.db.ovn_revision_numbers_db [None req-b9bf1a34-92f8-4475-bc44-603875434498 bd9b046402074c429bd9eecf3d03400c 28339d3f670e49dbb59672bcb181a09e - - default default] Successfully bumped revision number for resource 33d37bec-6636-4055-b493-94f8c8467713 (type: security_groups) to 1
2026-06-11 03:14:11.036 7 INFO neutron.db.ovn_revision_numbers_db [None req-b9bf1a34-92f8-4475-bc44-603875434498 bd9b046402074c429bd9eecf3d03400c 28339d3f670e49dbb59672bcb181a09e - - default default] Successfully bumped revision number for resource 26bc8b87-3fba-4bc4-830f-82175bc85e42 (type: security_group_rules) to 0
2026-06-11 03:14:11.054 7 INFO neutron.db.ovn_revision_numbers_db [None req-b9bf1a34-92f8-4475-bc44-603875434498 bd9b046402074c429bd9eecf3d03400c 28339d3f670e49dbb59672bcb181a09e - - default default] Successfully bumped revision number for resource c9493d0b-ac20-4ecd-ad6a-8e00388d3949 (type: security_group_rules) to 0 [pid: 7|app: 0|req: 1004/1890] 10.0.0.221 () {34 vars in 683 bytes} [Thu Jun 11 03:14:10 2026] POST /v2.0/security-groups => generated 1601 bytes in 328 msecs (HTTP/1.1 201) 4 headers in 163 bytes (1 switches on core 0)
2026-06-11 03:14:11.107 8 INFO neutron.plugins.ml2.plugin [None req-eb7bf6af-4a93-4a44-82b6-b11c7434ad8e - - - - - -] Attempt 1 to provision port 246be4e6-dd49-4e03-a103-4cadb1a97db3
2026-06-11 03:14:11.112 7 INFO neutron.pecan_wsgi.hooks.translation [None req-72cb3b47-32b3-4ed8-93bb-854e141b6674 df2ebc8d910d4706b405f6c62b115ba8 c005314d8980432ca428d9dd462e14da - - default default] GET failed (client error): The resource could not be found. [pid: 7|app: 0|req: 1005/1891] 10.0.0.221 () {32 vars in 716 bytes} [Thu Jun 11 03:14:11 2026] GET /v2.0/ports/28dc05db-aa5e-461b-8ae9-a45a15710728 => generated 132 bytes in 23 msecs (HTTP/1.1 404) 4 headers in 164 bytes (1 switches on core 0)
2026-06-11 03:14:11.147 8 INFO neutron.db.ovn_revision_numbers_db [None req-783018b8-0a40-4782-ae85-04129f25a8dd fa49f398fa394009b08bb5b331738590 7ce2b73335e34e44879788a7f4622935 - - default default] Successfully bumped revision number for resource 246be4e6-dd49-4e03-a103-4cadb1a97db3 (type: router_ports) to 1
2026-06-11 03:14:11.318 8 INFO neutron.db.ovn_revision_numbers_db [None req-783018b8-0a40-4782-ae85-04129f25a8dd fa49f398fa394009b08bb5b331738590 7ce2b73335e34e44879788a7f4622935 - - default default] Successfully bumped revision number for resource 98917589-e748-4cc8-91ec-337bf12b5e54 (type: routers) to 2 [pid: 8|app: 0|req: 887/1892] 10.0.0.221 () {34 vars in 668 bytes} [Thu Jun 11 03:14:09 2026] POST /v2.0/routers => generated 966 bytes in 1997 msecs (HTTP/1.1 201) 4 headers in 162 bytes (1 switches on core 0) [pid: 7|app: 0|req: 1006/1893] 10.0.0.221 () {34 vars in 766 bytes} [Thu Jun 11 03:14:11 2026] PUT /v2.0/security-groups/ff3dd7e4-6034-4984-a581-85ffd93016f5/tags => generated 17 bytes in 492 msecs (HTTP/1.1 200) 4 headers in 156 bytes (1 switches on core 0) [pid: 8|app: 0|req: 888/1894] 10.0.0.221 () {32 vars in 723 bytes} [Thu Jun 11 03:14:11 2026] DELETE /v2.0/subnets/4b8c90a5-e629-4917-b70a-c52d187a997a => generated 0 bytes in 416 msecs (HTTP/1.1 204) 3 headers in 131 bytes (1 switches on core 0) [pid: 8|app: 0|req: 889/1895] 10.0.0.221 () {34 vars in 766 bytes} [Thu Jun 11 03:14:11 2026] PUT /v2.0/security-groups/3f14d660-d40a-4933-b7a0-306e4ff1c391/tags => generated 25 bytes in 100 msecs (HTTP/1.1 200) 4 headers in 156 bytes (1 switches on core 0)
2026-06-11 03:14:12.109 7 WARNING neutron.scheduler.dhcp_agent_scheduler [None req-f9478af4-c196-4b15-a5da-ca9258d5d015 fa49f398fa394009b08bb5b331738590 7ce2b73335e34e44879788a7f4622935 - - default default] No more DHCP agents
2026-06-11 03:14:12.110 7 WARNING neutron.api.rpc.agentnotifiers.dhcp_rpc_agent_api [None req-f9478af4-c196-4b15-a5da-ca9258d5d015 fa49f398fa394009b08bb5b331738590 7ce2b73335e34e44879788a7f4622935 - - default default] Unable to schedule network 7f07457b-4c89-47c4-bae4-def8f8cdabbc: no agents available; will retry on subsequent port and subnet creation events.
2026-06-11 03:14:12.163 8 INFO neutron_taas.services.taas.taas_plugin [None req-8d6568e0-32d8-45a8-b434-65ba14514d67 df2ebc8d910d4706b405f6c62b115ba8 c005314d8980432ca428d9dd462e14da - - default default] TaaS: Handle Delete Port: 06aaa820-bdbb-4a70-9687-226c44b485ff
2026-06-11 03:14:12.174 8 INFO neutron_taas.services.taas.tap_mirror_plugin [None req-8d6568e0-32d8-45a8-b434-65ba14514d67 df2ebc8d910d4706b405f6c62b115ba8 c005314d8980432ca428d9dd462e14da - - default default] Tap Mirror: Handle Delete Port: 06aaa820-bdbb-4a70-9687-226c44b485ff
2026-06-11 03:14:12.287 7 INFO neutron.db.ovn_revision_numbers_db [None req-f9478af4-c196-4b15-a5da-ca9258d5d015 fa49f398fa394009b08bb5b331738590 7ce2b73335e34e44879788a7f4622935 - - default default] Successfully bumped revision number for resource f55c4015-66fd-4ec8-85f9-c2ac4ff8c169 (type: ports) to 1
2026-06-11 03:14:12.634 8 INFO neutron.services.segments.plugin [-] Segment 16765fc1-9475-455e-b140-42f711e13be8 resource provider aggregate not found
2026-06-11 03:14:12.643 8 INFO neutron.services.segments.plugin [-] Segment 16765fc1-9475-455e-b140-42f711e13be8 resource provider aggregate not found
2026-06-11 03:14:12.682 8 INFO neutron.services.segments.plugin [-] Segment 16765fc1-9475-455e-b140-42f711e13be8 resource provider not found; error: Placement Client Error (4xx): {"errors": [{"status": 404, "title": "Not Found", "detail": "The resource could not be found.\n\n No resource provider with uuid 16765fc1-9475-455e-b140-42f711e13be8 found for delete ", "request_id": "req-4e95d3ee-2776-4e19-81f3-340e29e92127"}]}
2026-06-11 03:14:12.684 8 INFO neutron.services.segments.plugin [-] Segment 16765fc1-9475-455e-b140-42f711e13be8 resource provider not found; error: Placement Client Error (4xx): {"errors": [{"status": 404, "title": "Not Found", "detail": "The resource could not be found.\n\n No resource provider with uuid 16765fc1-9475-455e-b140-42f711e13be8 found for delete ", "request_id": "req-ef3e3bdf-8021-4036-95d2-be1513cb6930"}]}
2026-06-11 03:14:12.744 8 INFO neutron.db.ovn_revision_numbers_db [None req-b012e80c-6e24-4233-81fd-79eebb1b3690 - - - - - -] Successfully bumped revision number for resource 246be4e6-dd49-4e03-a103-4cadb1a97db3 (type: ports) to 4 [pid: 8|app: 0|req: 890/1896] 10.0.0.221 () {32 vars in 725 bytes} [Thu Jun 11 03:14:11 2026] DELETE /v2.0/networks/105c6351-47a1-4440-a9ec-2ac6de2536be => generated 0 bytes in 878 msecs (HTTP/1.1 204) 3 headers in 131 bytes (1 switches on core 0) [pid: 8|app: 0|req: 891/1897] 10.0.0.221 () {34 vars in 766 bytes} [Thu Jun 11 03:14:12 2026] PUT /v2.0/security-groups/8d5fbae5-25ff-421e-b5e8-9ffc03bcb782/tags => generated 34 bytes in 127 msecs (HTTP/1.1 200) 4 headers in 156 bytes (1 switches on core 0)
2026-06-11 03:14:13.061 7 WARNING neutron.scheduler.dhcp_agent_scheduler [None req-f9478af4-c196-4b15-a5da-ca9258d5d015 fa49f398fa394009b08bb5b331738590 7ce2b73335e34e44879788a7f4622935 - - default default] No more DHCP agents
2026-06-11 03:14:13.063 7 WARNING neutron.api.rpc.agentnotifiers.dhcp_rpc_agent_api [None req-f9478af4-c196-4b15-a5da-ca9258d5d015 fa49f398fa394009b08bb5b331738590 7ce2b73335e34e44879788a7f4622935 - - default default] Unable to schedule network 7f07457b-4c89-47c4-bae4-def8f8cdabbc: no agents available; will retry on subsequent port and subnet creation events.
2026-06-11 03:14:13.098 8 INFO neutron.db.segments_db [None req-f7c3bc80-8a64-4687-9fec-f904253576c7 df2ebc8d910d4706b405f6c62b115ba8 c005314d8980432ca428d9dd462e14da - - default default] Added segment bc07d123-de49-4647-a845-74eabbe8f12a of type geneve for network d977bde7-5a58-4d3a-a3f4-6b7607ed4ce6
2026-06-11 03:14:13.357 8 INFO neutron.db.ovn_revision_numbers_db [None req-f7c3bc80-8a64-4687-9fec-f904253576c7 df2ebc8d910d4706b405f6c62b115ba8 c005314d8980432ca428d9dd462e14da - - default default] Successfully bumped revision number for resource d977bde7-5a58-4d3a-a3f4-6b7607ed4ce6 (type: networks) to 1
2026-06-11 03:14:13.392 8 INFO neutron.db.ovn_revision_numbers_db [None req-b012e80c-6e24-4233-81fd-79eebb1b3690 - - - - - -] Successfully bumped revision number for resource 246be4e6-dd49-4e03-a103-4cadb1a97db3 (type: ports) to 5
2026-06-11 03:14:13.541 8 WARNING neutron.scheduler.dhcp_agent_scheduler [None req-f7c3bc80-8a64-4687-9fec-f904253576c7 df2ebc8d910d4706b405f6c62b115ba8 c005314d8980432ca428d9dd462e14da - - default default] No more DHCP agents
2026-06-11 03:14:13.542 8 WARNING neutron.api.rpc.agentnotifiers.dhcp_rpc_agent_api [None req-f7c3bc80-8a64-4687-9fec-f904253576c7 df2ebc8d910d4706b405f6c62b115ba8 c005314d8980432ca428d9dd462e14da - - default default] Unable to schedule network d977bde7-5a58-4d3a-a3f4-6b7607ed4ce6: no agents available; will retry on subsequent port and subnet creation events.
2026-06-11 03:14:13.676 7 INFO neutron.db.ovn_revision_numbers_db [None req-f9478af4-c196-4b15-a5da-ca9258d5d015 fa49f398fa394009b08bb5b331738590 7ce2b73335e34e44879788a7f4622935 - - default default] Successfully bumped revision number for resource f55c4015-66fd-4ec8-85f9-c2ac4ff8c169 (type: router_ports) to 1 [pid: 7|app: 0|req: 1007/1898] 10.0.0.221 () {34 vars in 782 bytes} [Thu Jun 11 03:14:11 2026] PUT /v2.0/routers/98917589-e748-4cc8-91ec-337bf12b5e54/add_router_interface => generated 309 bytes in 2071 msecs (HTTP/1.1 200) 4 headers in 157 bytes (1 switches on core 0) [pid: 7|app: 0|req: 1008/1899] 10.0.0.221 () {34 vars in 766 bytes} [Thu Jun 11 03:14:13 2026] PUT /v2.0/security-groups/4a70323f-320a-4b60-95d8-d58a41c1f31e/tags => generated 19 bytes in 42 msecs (HTTP/1.1 200) 4 headers in 156 bytes (1 switches on core 0)
