Aug 13 16:41:06.799005 np0000189270 systemd[1]: Starting devstack@n-api-meta.service - Devstack devstack@n-api-meta.service...
Aug 13 16:41:06.808058 np0000189270 devstack@n-api-meta.service[106785]: [uWSGI] getting INI configuration from /etc/nova/nova-metadata-uwsgi.ini
Aug 13 16:41:06.810857 np0000189270 devstack@n-api-meta.service[106785]: *** Starting uWSGI 2.0.24-debian (64bit) on [Thu Aug 13 16:41:06 2026] ***
Aug 13 16:41:06.810857 np0000189270 devstack@n-api-meta.service[106785]: compiled with version: 13.2.0 on 17 April 2024 16:23:48
Aug 13 16:41:06.810857 np0000189270 devstack@n-api-meta.service[106785]: os: Linux-6.8.0-137-generic #137-Ubuntu SMP PREEMPT_DYNAMIC Fri Jul 17 20:28:23 UTC 2026
Aug 13 16:41:06.810857 np0000189270 devstack@n-api-meta.service[106785]: nodename: np0000189270
Aug 13 16:41:06.810857 np0000189270 devstack@n-api-meta.service[106785]: machine: x86_64
Aug 13 16:41:06.810857 np0000189270 devstack@n-api-meta.service[106785]: clock source: unix
Aug 13 16:41:06.810857 np0000189270 devstack@n-api-meta.service[106785]: pcre jit disabled
Aug 13 16:41:06.810857 np0000189270 devstack@n-api-meta.service[106785]: detected number of CPU cores: 16
Aug 13 16:41:06.810857 np0000189270 devstack@n-api-meta.service[106785]: current working directory: /
Aug 13 16:41:06.810857 np0000189270 devstack@n-api-meta.service[106785]: detected binary path: /usr/bin/uwsgi-core
Aug 13 16:41:06.810857 np0000189270 devstack@n-api-meta.service[106785]: your processes number limit is 256916
Aug 13 16:41:06.810857 np0000189270 devstack@n-api-meta.service[106785]: your memory page size is 4096 bytes
Aug 13 16:41:06.810857 np0000189270 devstack@n-api-meta.service[106785]: detected max file descriptor number: 2048
Aug 13 16:41:06.810857 np0000189270 devstack@n-api-meta.service[106785]: lock engine: pthread robust mutexes
Aug 13 16:41:06.811855 np0000189270 devstack@n-api-meta.service[106785]: thunder lock: enabled
Aug 13 16:41:06.811855 np0000189270 devstack@n-api-meta.service[106785]: uWSGI http bound on 0.0.0.0:8775 fd 5
Aug 13 16:41:06.811855 np0000189270 devstack@n-api-meta.service[106785]: uwsgi socket 0 bound to TCP address 127.0.0.1:39643 (port auto-assigned) fd 4
Aug 13 16:41:06.811855 np0000189270 devstack@n-api-meta.service[106785]: Python version: 3.12.3 (main, Jun 19 2026, 12:46:00) [GCC 13.3.0]
Aug 13 16:41:06.811855 np0000189270 devstack@n-api-meta.service[106785]: PEP 405 virtualenv detected: /opt/stack/data/venv
Aug 13 16:41:06.811855 np0000189270 devstack@n-api-meta.service[106785]: Set PythonHome to /opt/stack/data/venv
Aug 13 16:41:06.854016 np0000189270 devstack@n-api-meta.service[106785]: Python main interpreter initialized at 0x761f76aa4668
Aug 13 16:41:06.854016 np0000189270 devstack@n-api-meta.service[106785]: python threads support enabled
Aug 13 16:41:06.854016 np0000189270 devstack@n-api-meta.service[106785]: your server socket listen backlog is limited to 100 connections
Aug 13 16:41:06.854016 np0000189270 devstack@n-api-meta.service[106785]: your mercy for graceful operations on workers is 80 seconds
Aug 13 16:41:06.855045 np0000189270 devstack@n-api-meta.service[106785]: mapped 671795 bytes (656 KB) for 4 cores
Aug 13 16:41:06.855045 np0000189270 devstack@n-api-meta.service[106785]: *** Operational MODE: preforking ***
Aug 13 16:41:06.855045 np0000189270 devstack@n-api-meta.service[106785]: *** uWSGI is running in multiple interpreter mode ***
Aug 13 16:41:06.855045 np0000189270 devstack@n-api-meta.service[106785]: spawned uWSGI master process (pid: 106785)
Aug 13 16:41:06.855462 np0000189270 systemd[1]: Started devstack@n-api-meta.service - Devstack devstack@n-api-meta.service.
Aug 13 16:41:06.857797 np0000189270 devstack@n-api-meta.service[106785]: spawned uWSGI worker 1 (pid: 106786, cores: 1)
Aug 13 16:41:06.857797 np0000189270 devstack@n-api-meta.service[106785]: spawned uWSGI worker 2 (pid: 106787, cores: 1)
Aug 13 16:41:06.857797 np0000189270 devstack@n-api-meta.service[106785]: spawned uWSGI worker 3 (pid: 106788, cores: 1)
Aug 13 16:41:06.858025 np0000189270 devstack@n-api-meta.service[106785]: spawned uWSGI worker 4 (pid: 106789, cores: 1)
Aug 13 16:41:06.858634 np0000189270 devstack@n-api-meta.service[106785]: spawned uWSGI http 1 (pid: 106790)
Aug 13 16:41:06.858634 np0000189270 devstack@n-api-meta.service[106785]: running "unix_signal:15 gracefully_kill_them_all" (master-start)...
Aug 13 16:41:08.501971 np0000189270 devstack@n-api-meta.service[106787]: INFO dbcounter [None req-87ff7d3c-1d16-4f50-a7ef-40be676fde60 None None] Registered counter for database nova_api
Aug 13 16:41:08.514369 np0000189270 devstack@n-api-meta.service[106788]: INFO dbcounter [None req-9275a797-d582-4b5e-b82a-c3ed7a3f5bea None None] Registered counter for database nova_api
Aug 13 16:41:08.525872 np0000189270 devstack@n-api-meta.service[106786]: INFO dbcounter [None req-5f310d73-aeb4-4af3-96c5-771d1af6c03d None None] Registered counter for database nova_api
Aug 13 16:41:08.526378 np0000189270 devstack@n-api-meta.service[106789]: INFO dbcounter [None req-ed84dfa4-f139-424b-bf51-3afa34b710c3 None None] Registered counter for database nova_api
Aug 13 16:41:08.547013 np0000189270 devstack@n-api-meta.service[106787]: DEBUG oslo_db.sqlalchemy.engines [None req-87ff7d3c-1d16-4f50-a7ef-40be676fde60 None None] MySQL server mode set to STRICT_TRANS_TABLES,STRICT_ALL_TABLES,NO_ZERO_IN_DATE,NO_ZERO_DATE,ERROR_FOR_DIVISION_BY_ZERO,TRADITIONAL,NO_ENGINE_SUBSTITUTION {{(pid=106787) _check_effective_sql_mode /opt/stack/data/venv/lib/python3.12/site-packages/oslo_db/sqlalchemy/engines.py:325}}
Aug 13 16:41:08.561327 np0000189270 devstack@n-api-meta.service[106788]: DEBUG oslo_db.sqlalchemy.engines [None req-9275a797-d582-4b5e-b82a-c3ed7a3f5bea None None] MySQL server mode set to STRICT_TRANS_TABLES,STRICT_ALL_TABLES,NO_ZERO_IN_DATE,NO_ZERO_DATE,ERROR_FOR_DIVISION_BY_ZERO,TRADITIONAL,NO_ENGINE_SUBSTITUTION {{(pid=106788) _check_effective_sql_mode /opt/stack/data/venv/lib/python3.12/site-packages/oslo_db/sqlalchemy/engines.py:325}}
Aug 13 16:41:08.573849 np0000189270 devstack@n-api-meta.service[106786]: DEBUG oslo_db.sqlalchemy.engines [None req-5f310d73-aeb4-4af3-96c5-771d1af6c03d None None] MySQL server mode set to STRICT_TRANS_TABLES,STRICT_ALL_TABLES,NO_ZERO_IN_DATE,NO_ZERO_DATE,ERROR_FOR_DIVISION_BY_ZERO,TRADITIONAL,NO_ENGINE_SUBSTITUTION {{(pid=106786) _check_effective_sql_mode /opt/stack/data/venv/lib/python3.12/site-packages/oslo_db/sqlalchemy/engines.py:325}}
Aug 13 16:41:08.579953 np0000189270 devstack@n-api-meta.service[106787]: DEBUG dbcounter [-] [106787] Writer thread running {{(pid=106787) stat_writer /opt/stack/data/venv/lib/python3.12/site-packages/dbcounter.py:102}}
Aug 13 16:41:08.580074 np0000189270 devstack@n-api-meta.service[106789]: DEBUG oslo_db.sqlalchemy.engines [None req-ed84dfa4-f139-424b-bf51-3afa34b710c3 None None] MySQL server mode set to STRICT_TRANS_TABLES,STRICT_ALL_TABLES,NO_ZERO_IN_DATE,NO_ZERO_DATE,ERROR_FOR_DIVISION_BY_ZERO,TRADITIONAL,NO_ENGINE_SUBSTITUTION {{(pid=106789) _check_effective_sql_mode /opt/stack/data/venv/lib/python3.12/site-packages/oslo_db/sqlalchemy/engines.py:325}}
Aug 13 16:41:08.582201 np0000189270 devstack@n-api-meta.service[106787]: DEBUG nova.context [None req-87ff7d3c-1d16-4f50-a7ef-40be676fde60 None None] Found 2 cells: 00000000-0000-0000-0000-000000000000(cell0),e7bed56d-6ede-4b12-af0c-a798e6a9fc9f(cell1) {{(pid=106787) load_cells /opt/stack/nova/nova/context.py:509}}
Aug 13 16:41:08.582705 np0000189270 devstack@n-api-meta.service[106787]: INFO nova.utils [None req-87ff7d3c-1d16-4f50-a7ef-40be676fde60 None None] The cell worker thread pool MainProcess.cell_worker is initialized
Aug 13 16:41:08.584105 np0000189270 devstack@n-api-meta.service[106787]: DEBUG oslo_concurrency.lockutils [None req-87ff7d3c-1d16-4f50-a7ef-40be676fde60 None None] Acquiring lock "00000000-0000-0000-0000-000000000000" by "nova.context.set_target_cell..get_or_set_cached_cell_and_set_connections" {{(pid=106787) inner /opt/stack/data/venv/lib/python3.12/site-packages/oslo_concurrency/lockutils.py:512}}
Aug 13 16:41:08.584293 np0000189270 devstack@n-api-meta.service[106787]: DEBUG oslo_concurrency.lockutils [None req-87ff7d3c-1d16-4f50-a7ef-40be676fde60 None None] Lock "00000000-0000-0000-0000-000000000000" acquired by "nova.context.set_target_cell..get_or_set_cached_cell_and_set_connections" :: waited 0.000s {{(pid=106787) inner /opt/stack/data/venv/lib/python3.12/site-packages/oslo_concurrency/lockutils.py:525}}
Aug 13 16:41:08.584644 np0000189270 devstack@n-api-meta.service[106787]: DEBUG oslo_concurrency.lockutils [None req-87ff7d3c-1d16-4f50-a7ef-40be676fde60 None None] Lock "00000000-0000-0000-0000-000000000000" "released" by "nova.context.set_target_cell..get_or_set_cached_cell_and_set_connections" :: held 0.000s {{(pid=106787) inner /opt/stack/data/venv/lib/python3.12/site-packages/oslo_concurrency/lockutils.py:544}}
Aug 13 16:41:08.585411 np0000189270 devstack@n-api-meta.service[106787]: DEBUG oslo_concurrency.lockutils [None req-87ff7d3c-1d16-4f50-a7ef-40be676fde60 None None] Acquiring lock "e7bed56d-6ede-4b12-af0c-a798e6a9fc9f" by "nova.context.set_target_cell..get_or_set_cached_cell_and_set_connections" {{(pid=106787) inner /opt/stack/data/venv/lib/python3.12/site-packages/oslo_concurrency/lockutils.py:512}}
Aug 13 16:41:08.585547 np0000189270 devstack@n-api-meta.service[106787]: DEBUG oslo_concurrency.lockutils [None req-87ff7d3c-1d16-4f50-a7ef-40be676fde60 None None] Lock "e7bed56d-6ede-4b12-af0c-a798e6a9fc9f" acquired by "nova.context.set_target_cell..get_or_set_cached_cell_and_set_connections" :: waited 0.000s {{(pid=106787) inner /opt/stack/data/venv/lib/python3.12/site-packages/oslo_concurrency/lockutils.py:525}}
Aug 13 16:41:08.586383 np0000189270 devstack@n-api-meta.service[106787]: DEBUG oslo_concurrency.lockutils [None req-87ff7d3c-1d16-4f50-a7ef-40be676fde60 None None] Lock "e7bed56d-6ede-4b12-af0c-a798e6a9fc9f" "released" by "nova.context.set_target_cell..get_or_set_cached_cell_and_set_connections" :: held 0.001s {{(pid=106787) inner /opt/stack/data/venv/lib/python3.12/site-packages/oslo_concurrency/lockutils.py:544}}
Aug 13 16:41:08.588811 np0000189270 devstack@n-api-meta.service[106787]: INFO dbcounter [None req-87ff7d3c-1d16-4f50-a7ef-40be676fde60 None None] Registered counter for database nova_cell0
Aug 13 16:41:08.592617 np0000189270 devstack@n-api-meta.service[106787]: INFO dbcounter [None req-87ff7d3c-1d16-4f50-a7ef-40be676fde60 None None] Registered counter for database nova_cell1
Aug 13 16:41:08.595908 np0000189270 devstack@n-api-meta.service[106788]: DEBUG dbcounter [-] [106788] Writer thread running {{(pid=106788) stat_writer /opt/stack/data/venv/lib/python3.12/site-packages/dbcounter.py:102}}
Aug 13 16:41:08.598519 np0000189270 devstack@n-api-meta.service[106788]: DEBUG nova.context [None req-9275a797-d582-4b5e-b82a-c3ed7a3f5bea None None] Found 2 cells: 00000000-0000-0000-0000-000000000000(cell0),e7bed56d-6ede-4b12-af0c-a798e6a9fc9f(cell1) {{(pid=106788) load_cells /opt/stack/nova/nova/context.py:509}}
Aug 13 16:41:08.598830 np0000189270 devstack@n-api-meta.service[106788]: INFO nova.utils [None req-9275a797-d582-4b5e-b82a-c3ed7a3f5bea None None] The cell worker thread pool MainProcess.cell_worker is initialized
Aug 13 16:41:08.601053 np0000189270 devstack@n-api-meta.service[106788]: DEBUG oslo_concurrency.lockutils [None req-9275a797-d582-4b5e-b82a-c3ed7a3f5bea None None] Acquiring lock "00000000-0000-0000-0000-000000000000" by "nova.context.set_target_cell..get_or_set_cached_cell_and_set_connections" {{(pid=106788) inner /opt/stack/data/venv/lib/python3.12/site-packages/oslo_concurrency/lockutils.py:512}}
Aug 13 16:41:08.601294 np0000189270 devstack@n-api-meta.service[106788]: DEBUG oslo_concurrency.lockutils [None req-9275a797-d582-4b5e-b82a-c3ed7a3f5bea None None] Lock "00000000-0000-0000-0000-000000000000" acquired by "nova.context.set_target_cell..get_or_set_cached_cell_and_set_connections" :: waited 0.000s {{(pid=106788) inner /opt/stack/data/venv/lib/python3.12/site-packages/oslo_concurrency/lockutils.py:525}}
Aug 13 16:41:08.601800 np0000189270 devstack@n-api-meta.service[106788]: DEBUG oslo_concurrency.lockutils [None req-9275a797-d582-4b5e-b82a-c3ed7a3f5bea None None] Lock "00000000-0000-0000-0000-000000000000" "released" by "nova.context.set_target_cell..get_or_set_cached_cell_and_set_connections" :: held 0.000s {{(pid=106788) inner /opt/stack/data/venv/lib/python3.12/site-packages/oslo_concurrency/lockutils.py:544}}
Aug 13 16:41:08.602656 np0000189270 devstack@n-api-meta.service[106788]: DEBUG oslo_concurrency.lockutils [None req-9275a797-d582-4b5e-b82a-c3ed7a3f5bea None None] Acquiring lock "e7bed56d-6ede-4b12-af0c-a798e6a9fc9f" by "nova.context.set_target_cell..get_or_set_cached_cell_and_set_connections" {{(pid=106788) inner /opt/stack/data/venv/lib/python3.12/site-packages/oslo_concurrency/lockutils.py:512}}
Aug 13 16:41:08.605406 np0000189270 devstack@n-api-meta.service[106788]: DEBUG oslo_concurrency.lockutils [None req-9275a797-d582-4b5e-b82a-c3ed7a3f5bea None None] Lock "e7bed56d-6ede-4b12-af0c-a798e6a9fc9f" acquired by "nova.context.set_target_cell..get_or_set_cached_cell_and_set_connections" :: waited 0.000s {{(pid=106788) inner /opt/stack/data/venv/lib/python3.12/site-packages/oslo_concurrency/lockutils.py:525}}
Aug 13 16:41:08.606850 np0000189270 devstack@n-api-meta.service[106788]: INFO dbcounter [None req-9275a797-d582-4b5e-b82a-c3ed7a3f5bea None None] Registered counter for database nova_cell0
Aug 13 16:41:08.606977 np0000189270 devstack@n-api-meta.service[106786]: DEBUG dbcounter [-] [106786] Writer thread running {{(pid=106786) stat_writer /opt/stack/data/venv/lib/python3.12/site-packages/dbcounter.py:102}}
Aug 13 16:41:08.609405 np0000189270 devstack@n-api-meta.service[106786]: DEBUG nova.context [None req-5f310d73-aeb4-4af3-96c5-771d1af6c03d None None] Found 2 cells: 00000000-0000-0000-0000-000000000000(cell0),e7bed56d-6ede-4b12-af0c-a798e6a9fc9f(cell1) {{(pid=106786) load_cells /opt/stack/nova/nova/context.py:509}}
Aug 13 16:41:08.609599 np0000189270 devstack@n-api-meta.service[106788]: DEBUG oslo_concurrency.lockutils [None req-9275a797-d582-4b5e-b82a-c3ed7a3f5bea None None] Lock "e7bed56d-6ede-4b12-af0c-a798e6a9fc9f" "released" by "nova.context.set_target_cell..get_or_set_cached_cell_and_set_connections" :: held 0.004s {{(pid=106788) inner /opt/stack/data/venv/lib/python3.12/site-packages/oslo_concurrency/lockutils.py:544}}
Aug 13 16:41:08.609652 np0000189270 devstack@n-api-meta.service[106786]: INFO nova.utils [None req-5f310d73-aeb4-4af3-96c5-771d1af6c03d None None] The cell worker thread pool MainProcess.cell_worker is initialized
Aug 13 16:41:08.611378 np0000189270 devstack@n-api-meta.service[106786]: DEBUG oslo_concurrency.lockutils [None req-5f310d73-aeb4-4af3-96c5-771d1af6c03d None None] Acquiring lock "00000000-0000-0000-0000-000000000000" by "nova.context.set_target_cell..get_or_set_cached_cell_and_set_connections" {{(pid=106786) inner /opt/stack/data/venv/lib/python3.12/site-packages/oslo_concurrency/lockutils.py:512}}
Aug 13 16:41:08.611542 np0000189270 devstack@n-api-meta.service[106786]: DEBUG oslo_concurrency.lockutils [None req-5f310d73-aeb4-4af3-96c5-771d1af6c03d None None] Lock "00000000-0000-0000-0000-000000000000" acquired by "nova.context.set_target_cell..get_or_set_cached_cell_and_set_connections" :: waited 0.000s {{(pid=106786) inner /opt/stack/data/venv/lib/python3.12/site-packages/oslo_concurrency/lockutils.py:525}}
Aug 13 16:41:08.611897 np0000189270 devstack@n-api-meta.service[106786]: DEBUG oslo_concurrency.lockutils [None req-5f310d73-aeb4-4af3-96c5-771d1af6c03d None None] Lock "00000000-0000-0000-0000-000000000000" "released" by "nova.context.set_target_cell..get_or_set_cached_cell_and_set_connections" :: held 0.000s {{(pid=106786) inner /opt/stack/data/venv/lib/python3.12/site-packages/oslo_concurrency/lockutils.py:544}}
Aug 13 16:41:08.612617 np0000189270 devstack@n-api-meta.service[106786]: DEBUG oslo_concurrency.lockutils [None req-5f310d73-aeb4-4af3-96c5-771d1af6c03d None None] Acquiring lock "e7bed56d-6ede-4b12-af0c-a798e6a9fc9f" by "nova.context.set_target_cell..get_or_set_cached_cell_and_set_connections" {{(pid=106786) inner /opt/stack/data/venv/lib/python3.12/site-packages/oslo_concurrency/lockutils.py:512}}
Aug 13 16:41:08.612751 np0000189270 devstack@n-api-meta.service[106786]: DEBUG oslo_concurrency.lockutils [None req-5f310d73-aeb4-4af3-96c5-771d1af6c03d None None] Lock "e7bed56d-6ede-4b12-af0c-a798e6a9fc9f" acquired by "nova.context.set_target_cell..get_or_set_cached_cell_and_set_connections" :: waited 0.000s {{(pid=106786) inner /opt/stack/data/venv/lib/python3.12/site-packages/oslo_concurrency/lockutils.py:525}}
Aug 13 16:41:08.616520 np0000189270 devstack@n-api-meta.service[106788]: INFO dbcounter [None req-9275a797-d582-4b5e-b82a-c3ed7a3f5bea None None] Registered counter for database nova_cell1
Aug 13 16:41:08.616603 np0000189270 devstack@n-api-meta.service[106786]: DEBUG oslo_concurrency.lockutils [None req-5f310d73-aeb4-4af3-96c5-771d1af6c03d None None] Lock "e7bed56d-6ede-4b12-af0c-a798e6a9fc9f" "released" by "nova.context.set_target_cell..get_or_set_cached_cell_and_set_connections" :: held 0.001s {{(pid=106786) inner /opt/stack/data/venv/lib/python3.12/site-packages/oslo_concurrency/lockutils.py:544}}
Aug 13 16:41:08.616774 np0000189270 devstack@n-api-meta.service[106786]: INFO dbcounter [None req-5f310d73-aeb4-4af3-96c5-771d1af6c03d None None] Registered counter for database nova_cell0
Aug 13 16:41:08.620416 np0000189270 devstack@n-api-meta.service[106789]: DEBUG dbcounter [-] [106789] Writer thread running {{(pid=106789) stat_writer /opt/stack/data/venv/lib/python3.12/site-packages/dbcounter.py:102}}
Aug 13 16:41:08.621197 np0000189270 devstack@n-api-meta.service[106786]: INFO dbcounter [None req-5f310d73-aeb4-4af3-96c5-771d1af6c03d None None] Registered counter for database nova_cell1
Aug 13 16:41:08.622996 np0000189270 devstack@n-api-meta.service[106789]: DEBUG nova.context [None req-ed84dfa4-f139-424b-bf51-3afa34b710c3 None None] Found 2 cells: 00000000-0000-0000-0000-000000000000(cell0),e7bed56d-6ede-4b12-af0c-a798e6a9fc9f(cell1) {{(pid=106789) load_cells /opt/stack/nova/nova/context.py:509}}
Aug 13 16:41:08.623353 np0000189270 devstack@n-api-meta.service[106789]: INFO nova.utils [None req-ed84dfa4-f139-424b-bf51-3afa34b710c3 None None] The cell worker thread pool MainProcess.cell_worker is initialized
Aug 13 16:41:08.626123 np0000189270 devstack@n-api-meta.service[106789]: DEBUG oslo_concurrency.lockutils [None req-ed84dfa4-f139-424b-bf51-3afa34b710c3 None None] Acquiring lock "00000000-0000-0000-0000-000000000000" by "nova.context.set_target_cell..get_or_set_cached_cell_and_set_connections" {{(pid=106789) inner /opt/stack/data/venv/lib/python3.12/site-packages/oslo_concurrency/lockutils.py:512}}
Aug 13 16:41:08.626406 np0000189270 devstack@n-api-meta.service[106789]: DEBUG oslo_concurrency.lockutils [None req-ed84dfa4-f139-424b-bf51-3afa34b710c3 None None] Lock "00000000-0000-0000-0000-000000000000" acquired by "nova.context.set_target_cell..get_or_set_cached_cell_and_set_connections" :: waited 0.000s {{(pid=106789) inner /opt/stack/data/venv/lib/python3.12/site-packages/oslo_concurrency/lockutils.py:525}}
Aug 13 16:41:08.626949 np0000189270 devstack@n-api-meta.service[106789]: DEBUG oslo_concurrency.lockutils [None req-ed84dfa4-f139-424b-bf51-3afa34b710c3 None None] Lock "00000000-0000-0000-0000-000000000000" "released" by "nova.context.set_target_cell..get_or_set_cached_cell_and_set_connections" :: held 0.001s {{(pid=106789) inner /opt/stack/data/venv/lib/python3.12/site-packages/oslo_concurrency/lockutils.py:544}}
Aug 13 16:41:08.627891 np0000189270 devstack@n-api-meta.service[106789]: DEBUG oslo_concurrency.lockutils [None req-ed84dfa4-f139-424b-bf51-3afa34b710c3 None None] Acquiring lock "e7bed56d-6ede-4b12-af0c-a798e6a9fc9f" by "nova.context.set_target_cell..get_or_set_cached_cell_and_set_connections" {{(pid=106789) inner /opt/stack/data/venv/lib/python3.12/site-packages/oslo_concurrency/lockutils.py:512}}
Aug 13 16:41:08.628108 np0000189270 devstack@n-api-meta.service[106789]: DEBUG oslo_concurrency.lockutils [None req-ed84dfa4-f139-424b-bf51-3afa34b710c3 None None] Lock "e7bed56d-6ede-4b12-af0c-a798e6a9fc9f" acquired by "nova.context.set_target_cell..get_or_set_cached_cell_and_set_connections" :: waited 0.000s {{(pid=106789) inner /opt/stack/data/venv/lib/python3.12/site-packages/oslo_concurrency/lockutils.py:525}}
Aug 13 16:41:08.629420 np0000189270 devstack@n-api-meta.service[106789]: DEBUG oslo_concurrency.lockutils [None req-ed84dfa4-f139-424b-bf51-3afa34b710c3 None None] Lock "e7bed56d-6ede-4b12-af0c-a798e6a9fc9f" "released" by "nova.context.set_target_cell..get_or_set_cached_cell_and_set_connections" :: held 0.001s {{(pid=106789) inner /opt/stack/data/venv/lib/python3.12/site-packages/oslo_concurrency/lockutils.py:544}}
Aug 13 16:41:08.632549 np0000189270 devstack@n-api-meta.service[106789]: INFO dbcounter [None req-ed84dfa4-f139-424b-bf51-3afa34b710c3 None None] Registered counter for database nova_cell0
Aug 13 16:41:08.637892 np0000189270 devstack@n-api-meta.service[106789]: INFO dbcounter [None req-ed84dfa4-f139-424b-bf51-3afa34b710c3 None None] Registered counter for database nova_cell1
Aug 13 16:41:08.647222 np0000189270 devstack@n-api-meta.service[106787]: DEBUG oslo_db.sqlalchemy.engines [None req-87ff7d3c-1d16-4f50-a7ef-40be676fde60 None None] MySQL server mode set to STRICT_TRANS_TABLES,STRICT_ALL_TABLES,NO_ZERO_IN_DATE,NO_ZERO_DATE,ERROR_FOR_DIVISION_BY_ZERO,TRADITIONAL,NO_ENGINE_SUBSTITUTION {{(pid=106787) _check_effective_sql_mode /opt/stack/data/venv/lib/python3.12/site-packages/oslo_db/sqlalchemy/engines.py:325}}
Aug 13 16:41:08.653196 np0000189270 devstack@n-api-meta.service[106787]: DEBUG oslo_db.sqlalchemy.engines [None req-87ff7d3c-1d16-4f50-a7ef-40be676fde60 None None] MySQL server mode set to STRICT_TRANS_TABLES,STRICT_ALL_TABLES,NO_ZERO_IN_DATE,NO_ZERO_DATE,ERROR_FOR_DIVISION_BY_ZERO,TRADITIONAL,NO_ENGINE_SUBSTITUTION {{(pid=106787) _check_effective_sql_mode /opt/stack/data/venv/lib/python3.12/site-packages/oslo_db/sqlalchemy/engines.py:325}}
Aug 13 16:41:08.675257 np0000189270 devstack@n-api-meta.service[106788]: DEBUG oslo_db.sqlalchemy.engines [None req-9275a797-d582-4b5e-b82a-c3ed7a3f5bea None None] MySQL server mode set to STRICT_TRANS_TABLES,STRICT_ALL_TABLES,NO_ZERO_IN_DATE,NO_ZERO_DATE,ERROR_FOR_DIVISION_BY_ZERO,TRADITIONAL,NO_ENGINE_SUBSTITUTION {{(pid=106788) _check_effective_sql_mode /opt/stack/data/venv/lib/python3.12/site-packages/oslo_db/sqlalchemy/engines.py:325}}
Aug 13 16:41:08.689429 np0000189270 devstack@n-api-meta.service[106786]: DEBUG oslo_db.sqlalchemy.engines [None req-5f310d73-aeb4-4af3-96c5-771d1af6c03d None None] MySQL server mode set to STRICT_TRANS_TABLES,STRICT_ALL_TABLES,NO_ZERO_IN_DATE,NO_ZERO_DATE,ERROR_FOR_DIVISION_BY_ZERO,TRADITIONAL,NO_ENGINE_SUBSTITUTION {{(pid=106786) _check_effective_sql_mode /opt/stack/data/venv/lib/python3.12/site-packages/oslo_db/sqlalchemy/engines.py:325}}
Aug 13 16:41:08.701017 np0000189270 devstack@n-api-meta.service[106789]: DEBUG oslo_db.sqlalchemy.engines [None req-ed84dfa4-f139-424b-bf51-3afa34b710c3 None None] MySQL server mode set to STRICT_TRANS_TABLES,STRICT_ALL_TABLES,NO_ZERO_IN_DATE,NO_ZERO_DATE,ERROR_FOR_DIVISION_BY_ZERO,TRADITIONAL,NO_ENGINE_SUBSTITUTION {{(pid=106789) _check_effective_sql_mode /opt/stack/data/venv/lib/python3.12/site-packages/oslo_db/sqlalchemy/engines.py:325}}
Aug 13 16:41:08.702258 np0000189270 devstack@n-api-meta.service[106786]: DEBUG oslo_db.sqlalchemy.engines [None req-5f310d73-aeb4-4af3-96c5-771d1af6c03d None None] MySQL server mode set to STRICT_TRANS_TABLES,STRICT_ALL_TABLES,NO_ZERO_IN_DATE,NO_ZERO_DATE,ERROR_FOR_DIVISION_BY_ZERO,TRADITIONAL,NO_ENGINE_SUBSTITUTION {{(pid=106786) _check_effective_sql_mode /opt/stack/data/venv/lib/python3.12/site-packages/oslo_db/sqlalchemy/engines.py:325}}
Aug 13 16:41:08.705093 np0000189270 devstack@n-api-meta.service[106789]: DEBUG oslo_db.sqlalchemy.engines [None req-ed84dfa4-f139-424b-bf51-3afa34b710c3 None None] MySQL server mode set to STRICT_TRANS_TABLES,STRICT_ALL_TABLES,NO_ZERO_IN_DATE,NO_ZERO_DATE,ERROR_FOR_DIVISION_BY_ZERO,TRADITIONAL,NO_ENGINE_SUBSTITUTION {{(pid=106789) _check_effective_sql_mode /opt/stack/data/venv/lib/python3.12/site-packages/oslo_db/sqlalchemy/engines.py:325}}
Aug 13 16:41:08.744986 np0000189270 devstack@n-api-meta.service[106788]: DEBUG oslo_db.sqlalchemy.engines [None req-9275a797-d582-4b5e-b82a-c3ed7a3f5bea None None] MySQL server mode set to STRICT_TRANS_TABLES,STRICT_ALL_TABLES,NO_ZERO_IN_DATE,NO_ZERO_DATE,ERROR_FOR_DIVISION_BY_ZERO,TRADITIONAL,NO_ENGINE_SUBSTITUTION {{(pid=106788) _check_effective_sql_mode /opt/stack/data/venv/lib/python3.12/site-packages/oslo_db/sqlalchemy/engines.py:325}}
Aug 13 16:41:08.753608 np0000189270 devstack@n-api-meta.service[106787]: DEBUG dbcounter [-] [106787] Writer thread running {{(pid=106787) stat_writer /opt/stack/data/venv/lib/python3.12/site-packages/dbcounter.py:102}}
Aug 13 16:41:08.753924 np0000189270 devstack@n-api-meta.service[106787]: DEBUG dbcounter [-] [106787] Writer thread running {{(pid=106787) stat_writer /opt/stack/data/venv/lib/python3.12/site-packages/dbcounter.py:102}}
Aug 13 16:41:08.759745 np0000189270 devstack@n-api-meta.service[106787]: INFO dbcounter [None req-87ff7d3c-1d16-4f50-a7ef-40be676fde60 None None] Registered counter for database nova_cell0
Aug 13 16:41:08.763926 np0000189270 devstack@n-api-meta.service[106788]: DEBUG dbcounter [-] [106788] Writer thread running {{(pid=106788) stat_writer /opt/stack/data/venv/lib/python3.12/site-packages/dbcounter.py:102}}
Aug 13 16:41:08.768959 np0000189270 devstack@n-api-meta.service[106788]: DEBUG dbcounter [-] [106788] Writer thread running {{(pid=106788) stat_writer /opt/stack/data/venv/lib/python3.12/site-packages/dbcounter.py:102}}
Aug 13 16:41:08.774013 np0000189270 devstack@n-api-meta.service[106788]: INFO dbcounter [None req-9275a797-d582-4b5e-b82a-c3ed7a3f5bea None None] Registered counter for database nova_cell0
Aug 13 16:41:08.780836 np0000189270 devstack@n-api-meta.service[106786]: DEBUG dbcounter [-] [106786] Writer thread running {{(pid=106786) stat_writer /opt/stack/data/venv/lib/python3.12/site-packages/dbcounter.py:102}}
Aug 13 16:41:08.787007 np0000189270 devstack@n-api-meta.service[106786]: DEBUG dbcounter [-] [106786] Writer thread running {{(pid=106786) stat_writer /opt/stack/data/venv/lib/python3.12/site-packages/dbcounter.py:102}}
Aug 13 16:41:08.791514 np0000189270 devstack@n-api-meta.service[106786]: INFO dbcounter [None req-5f310d73-aeb4-4af3-96c5-771d1af6c03d None None] Registered counter for database nova_cell0
Aug 13 16:41:08.800446 np0000189270 devstack@n-api-meta.service[106787]: DEBUG oslo_db.sqlalchemy.engines [None req-87ff7d3c-1d16-4f50-a7ef-40be676fde60 None None] MySQL server mode set to STRICT_TRANS_TABLES,STRICT_ALL_TABLES,NO_ZERO_IN_DATE,NO_ZERO_DATE,ERROR_FOR_DIVISION_BY_ZERO,TRADITIONAL,NO_ENGINE_SUBSTITUTION {{(pid=106787) _check_effective_sql_mode /opt/stack/data/venv/lib/python3.12/site-packages/oslo_db/sqlalchemy/engines.py:325}}
Aug 13 16:41:08.807170 np0000189270 devstack@n-api-meta.service[106789]: DEBUG dbcounter [-] [106789] Writer thread running {{(pid=106789) stat_writer /opt/stack/data/venv/lib/python3.12/site-packages/dbcounter.py:102}}
Aug 13 16:41:08.807855 np0000189270 devstack@n-api-meta.service[106789]: DEBUG dbcounter [-] [106789] Writer thread running {{(pid=106789) stat_writer /opt/stack/data/venv/lib/python3.12/site-packages/dbcounter.py:102}}
Aug 13 16:41:08.808991 np0000189270 devstack@n-api-meta.service[106787]: DEBUG dbcounter [-] [106787] Writer thread running {{(pid=106787) stat_writer /opt/stack/data/venv/lib/python3.12/site-packages/dbcounter.py:102}}
Aug 13 16:41:08.813617 np0000189270 devstack@n-api-meta.service[106789]: INFO dbcounter [None req-ed84dfa4-f139-424b-bf51-3afa34b710c3 None None] Registered counter for database nova_cell0
Aug 13 16:41:08.819041 np0000189270 devstack@n-api-meta.service[106788]: DEBUG oslo_db.sqlalchemy.engines [None req-9275a797-d582-4b5e-b82a-c3ed7a3f5bea None None] MySQL server mode set to STRICT_TRANS_TABLES,STRICT_ALL_TABLES,NO_ZERO_IN_DATE,NO_ZERO_DATE,ERROR_FOR_DIVISION_BY_ZERO,TRADITIONAL,NO_ENGINE_SUBSTITUTION {{(pid=106788) _check_effective_sql_mode /opt/stack/data/venv/lib/python3.12/site-packages/oslo_db/sqlalchemy/engines.py:325}}
Aug 13 16:41:08.830096 np0000189270 devstack@n-api-meta.service[106788]: DEBUG dbcounter [-] [106788] Writer thread running {{(pid=106788) stat_writer /opt/stack/data/venv/lib/python3.12/site-packages/dbcounter.py:102}}
Aug 13 16:41:08.834037 np0000189270 devstack@n-api-meta.service[106786]: DEBUG oslo_db.sqlalchemy.engines [None req-5f310d73-aeb4-4af3-96c5-771d1af6c03d None None] MySQL server mode set to STRICT_TRANS_TABLES,STRICT_ALL_TABLES,NO_ZERO_IN_DATE,NO_ZERO_DATE,ERROR_FOR_DIVISION_BY_ZERO,TRADITIONAL,NO_ENGINE_SUBSTITUTION {{(pid=106786) _check_effective_sql_mode /opt/stack/data/venv/lib/python3.12/site-packages/oslo_db/sqlalchemy/engines.py:325}}
Aug 13 16:41:08.841801 np0000189270 devstack@n-api-meta.service[106786]: DEBUG dbcounter [-] [106786] Writer thread running {{(pid=106786) stat_writer /opt/stack/data/venv/lib/python3.12/site-packages/dbcounter.py:102}}
Aug 13 16:41:08.856088 np0000189270 devstack@n-api-meta.service[106787]: WARNING nova.api.metadata.handler [None req-87ff7d3c-1d16-4f50-a7ef-40be676fde60 None None] metadata_proxy_shared_secret is not configured, the metadata information returned by the proxy cannot be trusted
Aug 13 16:41:08.858153 np0000189270 devstack@n-api-meta.service[106789]: DEBUG oslo_db.sqlalchemy.engines [None req-ed84dfa4-f139-424b-bf51-3afa34b710c3 None None] MySQL server mode set to STRICT_TRANS_TABLES,STRICT_ALL_TABLES,NO_ZERO_IN_DATE,NO_ZERO_DATE,ERROR_FOR_DIVISION_BY_ZERO,TRADITIONAL,NO_ENGINE_SUBSTITUTION {{(pid=106789) _check_effective_sql_mode /opt/stack/data/venv/lib/python3.12/site-packages/oslo_db/sqlalchemy/engines.py:325}}
Aug 13 16:41:08.858456 np0000189270 devstack@n-api-meta.service[106787]: DEBUG nova.api.openstack.wsgi_app [None req-87ff7d3c-1d16-4f50-a7ef-40be676fde60 None None] ******************************************************************************** {{(pid=106787) log_opt_values /opt/stack/data/venv/lib/python3.12/site-packages/oslo_config/cfg.py:3533}}
Aug 13 16:41:08.858703 np0000189270 devstack@n-api-meta.service[106787]: DEBUG nova.api.openstack.wsgi_app [None req-87ff7d3c-1d16-4f50-a7ef-40be676fde60 None None] Configuration options gathered from: {{(pid=106787) log_opt_values /opt/stack/data/venv/lib/python3.12/site-packages/oslo_config/cfg.py:3534}}
Aug 13 16:41:08.858703 np0000189270 devstack@n-api-meta.service[106787]: DEBUG nova.api.openstack.wsgi_app [None req-87ff7d3c-1d16-4f50-a7ef-40be676fde60 None None] command line args: [] {{(pid=106787) log_opt_values /opt/stack/data/venv/lib/python3.12/site-packages/oslo_config/cfg.py:3535}}
Aug 13 16:41:08.858850 np0000189270 devstack@n-api-meta.service[106787]: DEBUG nova.api.openstack.wsgi_app [None req-87ff7d3c-1d16-4f50-a7ef-40be676fde60 None None] config files: ['/etc/nova/api-paste.ini', '/etc/nova/nova.conf'] {{(pid=106787) log_opt_values /opt/stack/data/venv/lib/python3.12/site-packages/oslo_config/cfg.py:3536}}
Aug 13 16:41:08.858964 np0000189270 devstack@n-api-meta.service[106787]: DEBUG nova.api.openstack.wsgi_app [None req-87ff7d3c-1d16-4f50-a7ef-40be676fde60 None None] ================================================================================ {{(pid=106787) log_opt_values /opt/stack/data/venv/lib/python3.12/site-packages/oslo_config/cfg.py:3541}}
Aug 13 16:41:08.859142 np0000189270 devstack@n-api-meta.service[106787]: DEBUG nova.api.openstack.wsgi_app [None req-87ff7d3c-1d16-4f50-a7ef-40be676fde60 None None] allow_resize_to_same_host = True {{(pid=106787) log_opt_values /opt/stack/data/venv/lib/python3.12/site-packages/oslo_config/cfg.py:3549}}
Aug 13 16:41:08.859268 np0000189270 devstack@n-api-meta.service[106787]: DEBUG nova.api.openstack.wsgi_app [None req-87ff7d3c-1d16-4f50-a7ef-40be676fde60 None None] arq_binding_timeout = 300 {{(pid=106787) log_opt_values /opt/stack/data/venv/lib/python3.12/site-packages/oslo_config/cfg.py:3549}}
Aug 13 16:41:08.859531 np0000189270 devstack@n-api-meta.service[106787]: DEBUG nova.api.openstack.wsgi_app [None req-87ff7d3c-1d16-4f50-a7ef-40be676fde60 None None] block_device_allocate_retries = 60 {{(pid=106787) log_opt_values /opt/stack/data/venv/lib/python3.12/site-packages/oslo_config/cfg.py:3549}}
Aug 13 16:41:08.859531 np0000189270 devstack@n-api-meta.service[106787]: DEBUG nova.api.openstack.wsgi_app [None req-87ff7d3c-1d16-4f50-a7ef-40be676fde60 None None] block_device_allocate_retries_interval = 3 {{(pid=106787) log_opt_values /opt/stack/data/venv/lib/python3.12/site-packages/oslo_config/cfg.py:3549}}
Aug 13 16:41:08.859656 np0000189270 devstack@n-api-meta.service[106787]: DEBUG nova.api.openstack.wsgi_app [None req-87ff7d3c-1d16-4f50-a7ef-40be676fde60 None None] cell_worker_thread_pool_size = 5 {{(pid=106787) log_opt_values /opt/stack/data/venv/lib/python3.12/site-packages/oslo_config/cfg.py:3549}}
Aug 13 16:41:08.859804 np0000189270 devstack@n-api-meta.service[106787]: DEBUG nova.api.openstack.wsgi_app [None req-87ff7d3c-1d16-4f50-a7ef-40be676fde60 None None] cert = self.pem {{(pid=106787) log_opt_values /opt/stack/data/venv/lib/python3.12/site-packages/oslo_config/cfg.py:3549}}
Aug 13 16:41:08.859934 np0000189270 devstack@n-api-meta.service[106787]: DEBUG nova.api.openstack.wsgi_app [None req-87ff7d3c-1d16-4f50-a7ef-40be676fde60 None None] compute_driver = libvirt.LibvirtDriver {{(pid=106787) log_opt_values /opt/stack/data/venv/lib/python3.12/site-packages/oslo_config/cfg.py:3549}}
Aug 13 16:41:08.860073 np0000189270 devstack@n-api-meta.service[106787]: DEBUG nova.api.openstack.wsgi_app [None req-87ff7d3c-1d16-4f50-a7ef-40be676fde60 None None] compute_monitors = [] {{(pid=106787) log_opt_values /opt/stack/data/venv/lib/python3.12/site-packages/oslo_config/cfg.py:3549}}
Aug 13 16:41:08.860229 np0000189270 devstack@n-api-meta.service[106787]: DEBUG nova.api.openstack.wsgi_app [None req-87ff7d3c-1d16-4f50-a7ef-40be676fde60 None None] concurrency_backend = auto {{(pid=106787) log_opt_values /opt/stack/data/venv/lib/python3.12/site-packages/oslo_config/cfg.py:3549}}
Aug 13 16:41:08.860375 np0000189270 devstack@n-api-meta.service[106787]: DEBUG nova.api.openstack.wsgi_app [None req-87ff7d3c-1d16-4f50-a7ef-40be676fde60 None None] config_dir = [] {{(pid=106787) log_opt_values /opt/stack/data/venv/lib/python3.12/site-packages/oslo_config/cfg.py:3549}}
Aug 13 16:41:08.860568 np0000189270 devstack@n-api-meta.service[106787]: DEBUG nova.api.openstack.wsgi_app [None req-87ff7d3c-1d16-4f50-a7ef-40be676fde60 None None] config_drive_format = iso9660 {{(pid=106787) log_opt_values /opt/stack/data/venv/lib/python3.12/site-packages/oslo_config/cfg.py:3549}}
Aug 13 16:41:08.860651 np0000189270 devstack@n-api-meta.service[106787]: DEBUG nova.api.openstack.wsgi_app [None req-87ff7d3c-1d16-4f50-a7ef-40be676fde60 None None] config_file = ['/etc/nova/api-paste.ini', '/etc/nova/nova.conf'] {{(pid=106787) log_opt_values /opt/stack/data/venv/lib/python3.12/site-packages/oslo_config/cfg.py:3549}}
Aug 13 16:41:08.860789 np0000189270 devstack@n-api-meta.service[106787]: DEBUG nova.api.openstack.wsgi_app [None req-87ff7d3c-1d16-4f50-a7ef-40be676fde60 None None] config_source = [] {{(pid=106787) log_opt_values /opt/stack/data/venv/lib/python3.12/site-packages/oslo_config/cfg.py:3549}}
Aug 13 16:41:08.860916 np0000189270 devstack@n-api-meta.service[106787]: DEBUG nova.api.openstack.wsgi_app [None req-87ff7d3c-1d16-4f50-a7ef-40be676fde60 None None] console_host = np0000189270 {{(pid=106787) log_opt_values /opt/stack/data/venv/lib/python3.12/site-packages/oslo_config/cfg.py:3549}}
Aug 13 16:41:08.861051 np0000189270 devstack@n-api-meta.service[106787]: DEBUG nova.api.openstack.wsgi_app [None req-87ff7d3c-1d16-4f50-a7ef-40be676fde60 None None] control_exchange = nova {{(pid=106787) log_opt_values /opt/stack/data/venv/lib/python3.12/site-packages/oslo_config/cfg.py:3549}}
Aug 13 16:41:08.861178 np0000189270 devstack@n-api-meta.service[106787]: DEBUG nova.api.openstack.wsgi_app [None req-87ff7d3c-1d16-4f50-a7ef-40be676fde60 None None] cpu_allocation_ratio = None {{(pid=106787) log_opt_values /opt/stack/data/venv/lib/python3.12/site-packages/oslo_config/cfg.py:3549}}
Aug 13 16:41:08.861306 np0000189270 devstack@n-api-meta.service[106787]: DEBUG nova.api.openstack.wsgi_app [None req-87ff7d3c-1d16-4f50-a7ef-40be676fde60 None None] daemon = False {{(pid=106787) log_opt_values /opt/stack/data/venv/lib/python3.12/site-packages/oslo_config/cfg.py:3549}}
Aug 13 16:41:08.861438 np0000189270 devstack@n-api-meta.service[106787]: DEBUG nova.api.openstack.wsgi_app [None req-87ff7d3c-1d16-4f50-a7ef-40be676fde60 None None] debug = True {{(pid=106787) log_opt_values /opt/stack/data/venv/lib/python3.12/site-packages/oslo_config/cfg.py:3549}}
Aug 13 16:41:08.861591 np0000189270 devstack@n-api-meta.service[106787]: DEBUG nova.api.openstack.wsgi_app [None req-87ff7d3c-1d16-4f50-a7ef-40be676fde60 None None] default_access_ip_network_name = None {{(pid=106787) log_opt_values /opt/stack/data/venv/lib/python3.12/site-packages/oslo_config/cfg.py:3549}}
Aug 13 16:41:08.861721 np0000189270 devstack@n-api-meta.service[106787]: DEBUG nova.api.openstack.wsgi_app [None req-87ff7d3c-1d16-4f50-a7ef-40be676fde60 None None] default_availability_zone = nova {{(pid=106787) log_opt_values /opt/stack/data/venv/lib/python3.12/site-packages/oslo_config/cfg.py:3549}}
Aug 13 16:41:08.861853 np0000189270 devstack@n-api-meta.service[106787]: DEBUG nova.api.openstack.wsgi_app [None req-87ff7d3c-1d16-4f50-a7ef-40be676fde60 None None] default_ephemeral_format = ext4 {{(pid=106787) log_opt_values /opt/stack/data/venv/lib/python3.12/site-packages/oslo_config/cfg.py:3549}}
Aug 13 16:41:08.861900 np0000189270 devstack@n-api-meta.service[106788]: WARNING nova.api.metadata.handler [None req-9275a797-d582-4b5e-b82a-c3ed7a3f5bea None None] metadata_proxy_shared_secret is not configured, the metadata information returned by the proxy cannot be trusted
Aug 13 16:41:08.861982 np0000189270 devstack@n-api-meta.service[106787]: DEBUG nova.api.openstack.wsgi_app [None req-87ff7d3c-1d16-4f50-a7ef-40be676fde60 None None] default_green_pool_size = 1000 {{(pid=106787) log_opt_values /opt/stack/data/venv/lib/python3.12/site-packages/oslo_config/cfg.py:3549}}
Aug 13 16:41:08.862222 np0000189270 devstack@n-api-meta.service[106787]: DEBUG nova.api.openstack.wsgi_app [None req-87ff7d3c-1d16-4f50-a7ef-40be676fde60 None None] default_log_levels = ['amqp=WARN', 'boto=WARN', 'sqlalchemy=WARN', 'suds=INFO', 'oslo.messaging=INFO', 'oslo_messaging=INFO', 'iso8601=WARN', 'requests.packages.urllib3.connectionpool=WARN', 'urllib3.connectionpool=WARN', 'websocket=WARN', 'requests.packages.urllib3.util.retry=WARN', 'urllib3.util.retry=WARN', 'keystonemiddleware=WARN', 'routes.middleware=WARN', 'stevedore=WARN', 'taskflow=WARN', 'keystoneauth=WARN', 'oslo.cache=INFO', 'oslo_policy=INFO', 'dogpile.core.dogpile=INFO', 'glanceclient=WARN', 'oslo.privsep.daemon=INFO'] {{(pid=106787) log_opt_values /opt/stack/data/venv/lib/python3.12/site-packages/oslo_config/cfg.py:3549}}
Aug 13 16:41:08.862320 np0000189270 devstack@n-api-meta.service[106787]: DEBUG nova.api.openstack.wsgi_app [None req-87ff7d3c-1d16-4f50-a7ef-40be676fde60 None None] default_schedule_zone = None {{(pid=106787) log_opt_values /opt/stack/data/venv/lib/python3.12/site-packages/oslo_config/cfg.py:3549}}
Aug 13 16:41:08.862447 np0000189270 devstack@n-api-meta.service[106787]: DEBUG nova.api.openstack.wsgi_app [None req-87ff7d3c-1d16-4f50-a7ef-40be676fde60 None None] default_thread_pool_size = 10 {{(pid=106787) log_opt_values /opt/stack/data/venv/lib/python3.12/site-packages/oslo_config/cfg.py:3549}}
Aug 13 16:41:08.862608 np0000189270 devstack@n-api-meta.service[106787]: DEBUG nova.api.openstack.wsgi_app [None req-87ff7d3c-1d16-4f50-a7ef-40be676fde60 None None] disk_allocation_ratio = None {{(pid=106787) log_opt_values /opt/stack/data/venv/lib/python3.12/site-packages/oslo_config/cfg.py:3549}}
Aug 13 16:41:08.862731 np0000189270 devstack@n-api-meta.service[106787]: DEBUG nova.api.openstack.wsgi_app [None req-87ff7d3c-1d16-4f50-a7ef-40be676fde60 None None] enable_new_services = True {{(pid=106787) log_opt_values /opt/stack/data/venv/lib/python3.12/site-packages/oslo_config/cfg.py:3549}}
Aug 13 16:41:08.862860 np0000189270 devstack@n-api-meta.service[106787]: DEBUG nova.api.openstack.wsgi_app [None req-87ff7d3c-1d16-4f50-a7ef-40be676fde60 None None] flat_injected = False {{(pid=106787) log_opt_values /opt/stack/data/venv/lib/python3.12/site-packages/oslo_config/cfg.py:3549}}
Aug 13 16:41:08.863021 np0000189270 devstack@n-api-meta.service[106787]: DEBUG nova.api.openstack.wsgi_app [None req-87ff7d3c-1d16-4f50-a7ef-40be676fde60 None None] force_config_drive = False {{(pid=106787) log_opt_values /opt/stack/data/venv/lib/python3.12/site-packages/oslo_config/cfg.py:3549}}
Aug 13 16:41:08.863168 np0000189270 devstack@n-api-meta.service[106787]: DEBUG nova.api.openstack.wsgi_app [None req-87ff7d3c-1d16-4f50-a7ef-40be676fde60 None None] force_raw_images = True {{(pid=106787) log_opt_values /opt/stack/data/venv/lib/python3.12/site-packages/oslo_config/cfg.py:3549}}
Aug 13 16:41:08.863309 np0000189270 devstack@n-api-meta.service[106787]: DEBUG nova.api.openstack.wsgi_app [None req-87ff7d3c-1d16-4f50-a7ef-40be676fde60 None None] graceful_shutdown_timeout = 5 {{(pid=106787) log_opt_values /opt/stack/data/venv/lib/python3.12/site-packages/oslo_config/cfg.py:3549}}
Aug 13 16:41:08.863517 np0000189270 devstack@n-api-meta.service[106787]: DEBUG nova.api.openstack.wsgi_app [None req-87ff7d3c-1d16-4f50-a7ef-40be676fde60 None None] heal_instance_info_cache_interval = -1 {{(pid=106787) log_opt_values /opt/stack/data/venv/lib/python3.12/site-packages/oslo_config/cfg.py:3549}}
Aug 13 16:41:08.863704 np0000189270 devstack@n-api-meta.service[106787]: DEBUG nova.api.openstack.wsgi_app [None req-87ff7d3c-1d16-4f50-a7ef-40be676fde60 None None] host = np0000189270 {{(pid=106787) log_opt_values /opt/stack/data/venv/lib/python3.12/site-packages/oslo_config/cfg.py:3549}}
Aug 13 16:41:08.863840 np0000189270 devstack@n-api-meta.service[106787]: DEBUG nova.api.openstack.wsgi_app [None req-87ff7d3c-1d16-4f50-a7ef-40be676fde60 None None] initial_cpu_allocation_ratio = 4.0 {{(pid=106787) log_opt_values /opt/stack/data/venv/lib/python3.12/site-packages/oslo_config/cfg.py:3549}}
Aug 13 16:41:08.863986 np0000189270 devstack@n-api-meta.service[106787]: DEBUG nova.api.openstack.wsgi_app [None req-87ff7d3c-1d16-4f50-a7ef-40be676fde60 None None] initial_disk_allocation_ratio = 1.0 {{(pid=106787) log_opt_values /opt/stack/data/venv/lib/python3.12/site-packages/oslo_config/cfg.py:3549}}
Aug 13 16:41:08.864123 np0000189270 devstack@n-api-meta.service[106787]: DEBUG nova.api.openstack.wsgi_app [None req-87ff7d3c-1d16-4f50-a7ef-40be676fde60 None None] initial_ram_allocation_ratio = 1.0 {{(pid=106787) log_opt_values /opt/stack/data/venv/lib/python3.12/site-packages/oslo_config/cfg.py:3549}}
Aug 13 16:41:08.864305 np0000189270 devstack@n-api-meta.service[106787]: DEBUG nova.api.openstack.wsgi_app [None req-87ff7d3c-1d16-4f50-a7ef-40be676fde60 None None] injected_network_template = /opt/stack/nova/nova/virt/interfaces.template {{(pid=106787) log_opt_values /opt/stack/data/venv/lib/python3.12/site-packages/oslo_config/cfg.py:3549}}
Aug 13 16:41:08.864473 np0000189270 devstack@n-api-meta.service[106787]: DEBUG nova.api.openstack.wsgi_app [None req-87ff7d3c-1d16-4f50-a7ef-40be676fde60 None None] instance_build_timeout = 0 {{(pid=106787) log_opt_values /opt/stack/data/venv/lib/python3.12/site-packages/oslo_config/cfg.py:3549}}
Aug 13 16:41:08.864628 np0000189270 devstack@n-api-meta.service[106787]: DEBUG nova.api.openstack.wsgi_app [None req-87ff7d3c-1d16-4f50-a7ef-40be676fde60 None None] instance_delete_interval = 300 {{(pid=106787) log_opt_values /opt/stack/data/venv/lib/python3.12/site-packages/oslo_config/cfg.py:3549}}
Aug 13 16:41:08.864772 np0000189270 devstack@n-api-meta.service[106787]: DEBUG nova.api.openstack.wsgi_app [None req-87ff7d3c-1d16-4f50-a7ef-40be676fde60 None None] instance_format = [instance: %(uuid)s] {{(pid=106787) log_opt_values /opt/stack/data/venv/lib/python3.12/site-packages/oslo_config/cfg.py:3549}}
Aug 13 16:41:08.864913 np0000189270 devstack@n-api-meta.service[106787]: DEBUG nova.api.openstack.wsgi_app [None req-87ff7d3c-1d16-4f50-a7ef-40be676fde60 None None] instance_name_template = instance-%08x {{(pid=106787) log_opt_values /opt/stack/data/venv/lib/python3.12/site-packages/oslo_config/cfg.py:3549}}
Aug 13 16:41:08.865053 np0000189270 devstack@n-api-meta.service[106787]: DEBUG nova.api.openstack.wsgi_app [None req-87ff7d3c-1d16-4f50-a7ef-40be676fde60 None None] instance_usage_audit = False {{(pid=106787) log_opt_values /opt/stack/data/venv/lib/python3.12/site-packages/oslo_config/cfg.py:3549}}
Aug 13 16:41:08.865198 np0000189270 devstack@n-api-meta.service[106787]: DEBUG nova.api.openstack.wsgi_app [None req-87ff7d3c-1d16-4f50-a7ef-40be676fde60 None None] instance_usage_audit_period = month {{(pid=106787) log_opt_values /opt/stack/data/venv/lib/python3.12/site-packages/oslo_config/cfg.py:3549}}
Aug 13 16:41:08.865332 np0000189270 devstack@n-api-meta.service[106787]: DEBUG nova.api.openstack.wsgi_app [None req-87ff7d3c-1d16-4f50-a7ef-40be676fde60 None None] instance_uuid_format = [instance: %(uuid)s] {{(pid=106787) log_opt_values /opt/stack/data/venv/lib/python3.12/site-packages/oslo_config/cfg.py:3549}}
Aug 13 16:41:08.865469 np0000189270 devstack@n-api-meta.service[106787]: DEBUG nova.api.openstack.wsgi_app [None req-87ff7d3c-1d16-4f50-a7ef-40be676fde60 None None] instances_path = /opt/stack/data/nova/instances {{(pid=106787) log_opt_values /opt/stack/data/venv/lib/python3.12/site-packages/oslo_config/cfg.py:3549}}
Aug 13 16:41:08.865631 np0000189270 devstack@n-api-meta.service[106787]: DEBUG nova.api.openstack.wsgi_app [None req-87ff7d3c-1d16-4f50-a7ef-40be676fde60 None None] internal_service_availability_zone = internal {{(pid=106787) log_opt_values /opt/stack/data/venv/lib/python3.12/site-packages/oslo_config/cfg.py:3549}}
Aug 13 16:41:08.865761 np0000189270 devstack@n-api-meta.service[106787]: DEBUG nova.api.openstack.wsgi_app [None req-87ff7d3c-1d16-4f50-a7ef-40be676fde60 None None] key = None {{(pid=106787) log_opt_values /opt/stack/data/venv/lib/python3.12/site-packages/oslo_config/cfg.py:3549}}
Aug 13 16:41:08.865895 np0000189270 devstack@n-api-meta.service[106787]: DEBUG nova.api.openstack.wsgi_app [None req-87ff7d3c-1d16-4f50-a7ef-40be676fde60 None None] live_migration_retry_count = 30 {{(pid=106787) log_opt_values /opt/stack/data/venv/lib/python3.12/site-packages/oslo_config/cfg.py:3549}}
Aug 13 16:41:08.866030 np0000189270 devstack@n-api-meta.service[106787]: DEBUG nova.api.openstack.wsgi_app [None req-87ff7d3c-1d16-4f50-a7ef-40be676fde60 None None] log_color = False {{(pid=106787) log_opt_values /opt/stack/data/venv/lib/python3.12/site-packages/oslo_config/cfg.py:3549}}
Aug 13 16:41:08.866069 np0000189270 devstack@n-api-meta.service[106789]: DEBUG dbcounter [-] [106789] Writer thread running {{(pid=106789) stat_writer /opt/stack/data/venv/lib/python3.12/site-packages/dbcounter.py:102}}
Aug 13 16:41:08.866122 np0000189270 devstack@n-api-meta.service[106788]: DEBUG nova.api.openstack.wsgi_app [None req-9275a797-d582-4b5e-b82a-c3ed7a3f5bea None None] ******************************************************************************** {{(pid=106788) log_opt_values /opt/stack/data/venv/lib/python3.12/site-packages/oslo_config/cfg.py:3533}}
Aug 13 16:41:08.866154 np0000189270 devstack@n-api-meta.service[106787]: DEBUG nova.api.openstack.wsgi_app [None req-87ff7d3c-1d16-4f50-a7ef-40be676fde60 None None] log_config_append = None {{(pid=106787) log_opt_values /opt/stack/data/venv/lib/python3.12/site-packages/oslo_config/cfg.py:3549}}
Aug 13 16:41:08.866295 np0000189270 devstack@n-api-meta.service[106787]: DEBUG nova.api.openstack.wsgi_app [None req-87ff7d3c-1d16-4f50-a7ef-40be676fde60 None None] log_date_format = %Y-%m-%d %H:%M:%S {{(pid=106787) log_opt_values /opt/stack/data/venv/lib/python3.12/site-packages/oslo_config/cfg.py:3549}}
Aug 13 16:41:08.866413 np0000189270 devstack@n-api-meta.service[106788]: DEBUG nova.api.openstack.wsgi_app [None req-9275a797-d582-4b5e-b82a-c3ed7a3f5bea None None] Configuration options gathered from: {{(pid=106788) log_opt_values /opt/stack/data/venv/lib/python3.12/site-packages/oslo_config/cfg.py:3534}}
Aug 13 16:41:08.866451 np0000189270 devstack@n-api-meta.service[106787]: DEBUG nova.api.openstack.wsgi_app [None req-87ff7d3c-1d16-4f50-a7ef-40be676fde60 None None] log_dir = None {{(pid=106787) log_opt_values /opt/stack/data/venv/lib/python3.12/site-packages/oslo_config/cfg.py:3549}}
Aug 13 16:41:08.866696 np0000189270 devstack@n-api-meta.service[106787]: DEBUG nova.api.openstack.wsgi_app [None req-87ff7d3c-1d16-4f50-a7ef-40be676fde60 None None] log_file = None {{(pid=106787) log_opt_values /opt/stack/data/venv/lib/python3.12/site-packages/oslo_config/cfg.py:3549}}
Aug 13 16:41:08.866696 np0000189270 devstack@n-api-meta.service[106787]: DEBUG nova.api.openstack.wsgi_app [None req-87ff7d3c-1d16-4f50-a7ef-40be676fde60 None None] log_options = True {{(pid=106787) log_opt_values /opt/stack/data/venv/lib/python3.12/site-packages/oslo_config/cfg.py:3549}}
