May 18 18:33:00.232094 np0000174517 devstack@neutron-api.service[103158]: DEBUG neutron.common.ovn.hash_ring_manager [None req-9ccd6db6-200b-4ced-a824-138b7dd6062e None None] Hash Ring loaded. 4 active nodes. 0 offline nodes {{(pid=103158) _load_hash_ring /opt/stack/neutron/neutron/common/ovn/hash_ring_manager.py:102}}
May 18 18:33:00.232376 np0000174517 devstack@neutron-api.service[103158]: DEBUG neutron.plugins.ml2.drivers.ovn.mech_driver.ovsdb.ovsdb_monitor [None req-9ccd6db6-200b-4ced-a824-138b7dd6062e None None] ChassisOVNAgentWriteEvent : Matched Chassis_Private, create, None None {{(pid=103158) matches /opt/stack/neutron/neutron/plugins/ml2/drivers/ovn/mech_driver/ovsdb/ovsdb_monitor.py:64}}
May 18 18:33:00.232530 np0000174517 devstack@neutron-api.service[103158]: DEBUG neutron.plugins.ml2.drivers.ovn.mech_driver.ovsdb.ovsdb_monitor [None req-9ccd6db6-200b-4ced-a824-138b7dd6062e None None] ChassisAgentWriteEvent : Matched Chassis_Private, create, None None {{(pid=103158) matches /opt/stack/neutron/neutron/plugins/ml2/drivers/ovn/mech_driver/ovsdb/ovsdb_monitor.py:64}}
May 18 18:33:00.234118 np0000174517 devstack@neutron-api.service[103158]: INFO neutron.plugins.ml2.drivers.ovn.mech_driver.mech_driver [None req-9ccd6db6-200b-4ced-a824-138b7dd6062e None None] WorkerService process has finished the post initialization
May 18 18:33:00.236729 np0000174517 devstack@neutron-api.service[103158]: WSGI app 0 (mountpoint='') ready in 7 seconds on interpreter 0x7e9d440a3668 pid: 103158 (default app)
May 18 18:33:00.237737 np0000174517 devstack@neutron-api.service[103157]: DEBUG neutron.common.ovn.hash_ring_manager [None req-de028ee2-e0a9-4383-9ce8-187ec5833f8f None None] Hash Ring loaded. 4 active nodes. 0 offline nodes {{(pid=103157) _load_hash_ring /opt/stack/neutron/neutron/common/ovn/hash_ring_manager.py:102}}
May 18 18:33:00.238055 np0000174517 devstack@neutron-api.service[103157]: DEBUG neutron.plugins.ml2.drivers.ovn.mech_driver.ovsdb.ovsdb_monitor [None req-de028ee2-e0a9-4383-9ce8-187ec5833f8f None None] Hash Ring: Node 80a23eccb8c35a35b04773b586b4d33b (host: np0000174517) handling event "create" for row adc11913-1c71-4004-a6d8-49257b1b5f46 (table: Port_Group) {{(pid=103157) notify /opt/stack/neutron/neutron/plugins/ml2/drivers/ovn/mech_driver/ovsdb/ovsdb_monitor.py:942}}
May 18 18:33:00.238224 np0000174517 devstack@neutron-api.service[103157]: DEBUG neutron.plugins.ml2.drivers.ovn.mech_driver.ovsdb.ovsdb_monitor [None req-de028ee2-e0a9-4383-9ce8-187ec5833f8f None None] Hash Ring: Node 80a23eccb8c35a35b04773b586b4d33b (host: np0000174517) handling event "create" for row 4c1f52a7-55df-4512-b906-9b52f6c8c441 (table: SSL) {{(pid=103157) notify /opt/stack/neutron/neutron/plugins/ml2/drivers/ovn/mech_driver/ovsdb/ovsdb_monitor.py:942}}
May 18 18:33:00.239148 np0000174517 devstack@neutron-api.service[103157]: INFO neutron.plugins.ml2.drivers.ovn.mech_driver.ovsdb.impl_idl_ovn [None req-de028ee2-e0a9-4383-9ce8-187ec5833f8f None None] Getting OvsdbSbOvnIdl for WorkerService with retry
May 18 18:33:00.245482 np0000174517 devstack@neutron-api.service[103159]: DEBUG ovsdbapp.backend.ovs_idl [None req-96232195-47cb-4083-8961-72356bf3c533 None None] Created lookup_table index Chassis.name {{(pid=103159) autocreate_indices /opt/stack/data/venv/lib/python3.12/site-packages/ovsdbapp/backend/ovs_idl/__init__.py:87}}
May 18 18:33:00.245620 np0000174517 devstack@neutron-api.service[103159]: DEBUG ovsdbapp.backend.ovs_idl [None req-96232195-47cb-4083-8961-72356bf3c533 None None] Created lookup_table index Port_Binding.logical_port {{(pid=103159) autocreate_indices /opt/stack/data/venv/lib/python3.12/site-packages/ovsdbapp/backend/ovs_idl/__init__.py:87}}
May 18 18:33:00.245690 np0000174517 devstack@neutron-api.service[103159]: DEBUG ovsdbapp.backend.ovs_idl [None req-96232195-47cb-4083-8961-72356bf3c533 None None] Created schema index Chassis_Private.name {{(pid=103159) autocreate_indices /opt/stack/data/venv/lib/python3.12/site-packages/ovsdbapp/backend/ovs_idl/__init__.py:106}}
May 18 18:33:00.245755 np0000174517 devstack@neutron-api.service[103159]: DEBUG ovsdbapp.backend.ovs_idl [None req-96232195-47cb-4083-8961-72356bf3c533 None None] Created schema index Datapath_Binding.tunnel_key {{(pid=103159) autocreate_indices /opt/stack/data/venv/lib/python3.12/site-packages/ovsdbapp/backend/ovs_idl/__init__.py:106}}
May 18 18:33:00.247854 np0000174517 devstack@neutron-api.service[103159]: INFO ovsdbapp.backend.ovs_idl.vlog [None req-96232195-47cb-4083-8961-72356bf3c533 None None] ssl:199.204.45.95:6642: connecting...
May 18 18:33:00.255317 np0000174517 devstack@neutron-api.service[103159]: INFO ovsdbapp.backend.ovs_idl.vlog [None req-96232195-47cb-4083-8961-72356bf3c533 None None] ssl:199.204.45.95:6642: connected
May 18 18:33:00.271536 np0000174517 devstack@neutron-api.service[103157]: DEBUG ovsdbapp.backend.ovs_idl [None req-de028ee2-e0a9-4383-9ce8-187ec5833f8f None None] Created lookup_table index Chassis.name {{(pid=103157) autocreate_indices /opt/stack/data/venv/lib/python3.12/site-packages/ovsdbapp/backend/ovs_idl/__init__.py:87}}
May 18 18:33:00.271879 np0000174517 devstack@neutron-api.service[103157]: DEBUG ovsdbapp.backend.ovs_idl [None req-de028ee2-e0a9-4383-9ce8-187ec5833f8f None None] Created lookup_table index Port_Binding.logical_port {{(pid=103157) autocreate_indices /opt/stack/data/venv/lib/python3.12/site-packages/ovsdbapp/backend/ovs_idl/__init__.py:87}}
May 18 18:33:00.271990 np0000174517 devstack@neutron-api.service[103157]: DEBUG ovsdbapp.backend.ovs_idl [None req-de028ee2-e0a9-4383-9ce8-187ec5833f8f None None] Created schema index Chassis_Private.name {{(pid=103157) autocreate_indices /opt/stack/data/venv/lib/python3.12/site-packages/ovsdbapp/backend/ovs_idl/__init__.py:106}}
May 18 18:33:00.272052 np0000174517 devstack@neutron-api.service[103157]: DEBUG ovsdbapp.backend.ovs_idl [None req-de028ee2-e0a9-4383-9ce8-187ec5833f8f None None] Created schema index Datapath_Binding.tunnel_key {{(pid=103157) autocreate_indices /opt/stack/data/venv/lib/python3.12/site-packages/ovsdbapp/backend/ovs_idl/__init__.py:106}}
May 18 18:33:00.274334 np0000174517 devstack@neutron-api.service[103157]: INFO ovsdbapp.backend.ovs_idl.vlog [None req-de028ee2-e0a9-4383-9ce8-187ec5833f8f None None] ssl:199.204.45.95:6642: connecting...
May 18 18:33:00.279785 np0000174517 devstack@neutron-api.service[103157]: INFO ovsdbapp.backend.ovs_idl.vlog [None req-de028ee2-e0a9-4383-9ce8-187ec5833f8f None None] ssl:199.204.45.95:6642: connected
May 18 18:33:00.291185 np0000174517 devstack@neutron-api.service[103159]: DEBUG neutron.common.ovn.hash_ring_manager [None req-96232195-47cb-4083-8961-72356bf3c533 None None] Allow caching, nodes 4>=4 {{(pid=103159) _wait_startup_before_caching /opt/stack/neutron/neutron/common/ovn/hash_ring_manager.py:65}}
May 18 18:33:00.296113 np0000174517 devstack@neutron-api.service[103159]: DEBUG neutron.common.ovn.hash_ring_manager [None req-96232195-47cb-4083-8961-72356bf3c533 None None] Hash Ring loaded. 4 active nodes. 0 offline nodes {{(pid=103159) _load_hash_ring /opt/stack/neutron/neutron/common/ovn/hash_ring_manager.py:102}}
May 18 18:33:00.296382 np0000174517 devstack@neutron-api.service[103159]: DEBUG neutron.plugins.ml2.drivers.ovn.mech_driver.ovsdb.ovsdb_monitor [None req-96232195-47cb-4083-8961-72356bf3c533 None None] ChassisOVNAgentWriteEvent : Matched Chassis_Private, create, None None {{(pid=103159) matches /opt/stack/neutron/neutron/plugins/ml2/drivers/ovn/mech_driver/ovsdb/ovsdb_monitor.py:64}}
May 18 18:33:00.296526 np0000174517 devstack@neutron-api.service[103159]: DEBUG neutron.plugins.ml2.drivers.ovn.mech_driver.ovsdb.ovsdb_monitor [None req-96232195-47cb-4083-8961-72356bf3c533 None None] ChassisAgentWriteEvent : Matched Chassis_Private, create, None None {{(pid=103159) matches /opt/stack/neutron/neutron/plugins/ml2/drivers/ovn/mech_driver/ovsdb/ovsdb_monitor.py:64}}
May 18 18:33:00.296944 np0000174517 devstack@neutron-api.service[103159]: DEBUG neutron.plugins.ml2.drivers.ovn.mech_driver.ovsdb.ovsdb_monitor [None req-96232195-47cb-4083-8961-72356bf3c533 None None] Hash Ring: Node acb3bc335edf5ae6af1fa44a3b84ce2b (host: np0000174517) handling event "create" for row 826fb274-2c3a-4888-881a-7753d443959e (table: Chassis_Private) {{(pid=103159) notify /opt/stack/neutron/neutron/plugins/ml2/drivers/ovn/mech_driver/ovsdb/ovsdb_monitor.py:942}}
May 18 18:33:00.299232 np0000174517 devstack@neutron-api.service[103159]: INFO neutron.plugins.ml2.drivers.ovn.mech_driver.mech_driver [None req-96232195-47cb-4083-8961-72356bf3c533 None None] WorkerService process has finished the post initialization
May 18 18:33:00.300753 np0000174517 devstack@neutron-api.service[103159]: WSGI app 0 (mountpoint='') ready in 7 seconds on interpreter 0x7e9d440a3668 pid: 103159 (default app)
May 18 18:33:00.314348 np0000174517 devstack@neutron-api.service[103157]: DEBUG neutron.common.ovn.hash_ring_manager [None req-de028ee2-e0a9-4383-9ce8-187ec5833f8f None None] Allow caching, nodes 4>=4 {{(pid=103157) _wait_startup_before_caching /opt/stack/neutron/neutron/common/ovn/hash_ring_manager.py:65}}
May 18 18:33:00.318671 np0000174517 devstack@neutron-api.service[103157]: DEBUG neutron.common.ovn.hash_ring_manager [None req-de028ee2-e0a9-4383-9ce8-187ec5833f8f None None] Hash Ring loaded. 4 active nodes. 0 offline nodes {{(pid=103157) _load_hash_ring /opt/stack/neutron/neutron/common/ovn/hash_ring_manager.py:102}}
May 18 18:33:00.318921 np0000174517 devstack@neutron-api.service[103157]: DEBUG neutron.plugins.ml2.drivers.ovn.mech_driver.ovsdb.ovsdb_monitor [None req-de028ee2-e0a9-4383-9ce8-187ec5833f8f None None] ChassisAgentWriteEvent : Matched Chassis_Private, create, None None {{(pid=103157) matches /opt/stack/neutron/neutron/plugins/ml2/drivers/ovn/mech_driver/ovsdb/ovsdb_monitor.py:64}}
May 18 18:33:00.319171 np0000174517 devstack@neutron-api.service[103157]: DEBUG neutron.plugins.ml2.drivers.ovn.mech_driver.ovsdb.ovsdb_monitor [None req-de028ee2-e0a9-4383-9ce8-187ec5833f8f None None] ChassisOVNAgentWriteEvent : Matched Chassis_Private, create, None None {{(pid=103157) matches /opt/stack/neutron/neutron/plugins/ml2/drivers/ovn/mech_driver/ovsdb/ovsdb_monitor.py:64}}
May 18 18:33:00.321507 np0000174517 devstack@neutron-api.service[103157]: INFO neutron.plugins.ml2.drivers.ovn.mech_driver.mech_driver [None req-de028ee2-e0a9-4383-9ce8-187ec5833f8f None None] WorkerService process has finished the post initialization
May 18 18:33:00.323585 np0000174517 devstack@neutron-api.service[103157]: WSGI app 0 (mountpoint='') ready in 7 seconds on interpreter 0x7e9d440a3668 pid: 103157 (default app)
May 18 18:33:02.509045 np0000174517 devstack@neutron-api.service[103160]: DEBUG neutron.common.ovn.hash_ring_manager [-] Allow caching, nodes 4>=4 {{(pid=103160) _wait_startup_before_caching /opt/stack/neutron/neutron/common/ovn/hash_ring_manager.py:65}}
May 18 18:33:02.509045 np0000174517 devstack@neutron-api.service[103160]: DEBUG neutron.plugins.ml2.drivers.ovn.mech_driver.ovsdb.ovsdb_monitor [-] Hash Ring: Node f25ef3e7f5985d4285c08cf0d2be091e (host: np0000174517) handling event "update" for row 3ea044aa-e9f2-440c-ab23-48a9b6d31bbf (table: Connection) {{(pid=103160) notify /opt/stack/neutron/neutron/plugins/ml2/drivers/ovn/mech_driver/ovsdb/ovsdb_monitor.py:942}}
May 18 18:33:02.509842 np0000174517 devstack@neutron-api.service[103159]: DEBUG neutron.plugins.ml2.drivers.ovn.mech_driver.ovsdb.ovsdb_monitor [-] Hash Ring: Node acb3bc335edf5ae6af1fa44a3b84ce2b (host: np0000174517) handling event "update" for row 3ea044aa-e9f2-440c-ab23-48a9b6d31bbf (table: Connection) {{(pid=103159) notify /opt/stack/neutron/neutron/plugins/ml2/drivers/ovn/mech_driver/ovsdb/ovsdb_monitor.py:942}}
May 18 18:33:05.007756 np0000174517 devstack@neutron-api.service[103160]: DEBUG neutron.plugins.ml2.drivers.ovn.mech_driver.ovsdb.ovsdb_monitor [-] Hash Ring: Node f25ef3e7f5985d4285c08cf0d2be091e (host: np0000174517) handling event "update" for row 3ea044aa-e9f2-440c-ab23-48a9b6d31bbf (table: Connection) {{(pid=103160) notify /opt/stack/neutron/neutron/plugins/ml2/drivers/ovn/mech_driver/ovsdb/ovsdb_monitor.py:942}}
May 18 18:33:05.008703 np0000174517 devstack@neutron-api.service[103159]: DEBUG neutron.plugins.ml2.drivers.ovn.mech_driver.ovsdb.ovsdb_monitor [-] Hash Ring: Node acb3bc335edf5ae6af1fa44a3b84ce2b (host: np0000174517) handling event "update" for row 3ea044aa-e9f2-440c-ab23-48a9b6d31bbf (table: Connection) {{(pid=103159) notify /opt/stack/neutron/neutron/plugins/ml2/drivers/ovn/mech_driver/ovsdb/ovsdb_monitor.py:942}}
May 18 18:33:06.239790 np0000174517 devstack@neutron-api.service[103160]: DEBUG neutron.api.wsgi [None req-e77ab978-e679-44a8-9b64-4ff999fb5509 admin admin] Missing Content-Type {{(pid=103160) get_content_type /opt/stack/neutron/neutron/api/wsgi.py:80}}
May 18 18:33:06.240484 np0000174517 devstack@neutron-api.service[103160]: DEBUG neutron.api.wsgi [None req-e77ab978-e679-44a8-9b64-4ff999fb5509 admin admin] https://199.204.45.95/networking/v2.0/extensions returned with HTTP 200 {{(pid=103160) __call__ /opt/stack/neutron/neutron/api/wsgi.py:540}}
May 18 18:33:06.240564 np0000174517 devstack@neutron-api.service[103160]: [pid: 103160|app: 0|req: 2/2] 199.204.45.95 () {64 vars in 1316 bytes} [Mon May 18 18:33:05 2026] GET /networking/v2.0/extensions => generated 15209 bytes in 294 msecs (HTTP/1.1 200) 4 headers in 159 bytes (1 switches on core 0)
May 18 18:33:06.653128 np0000174517 devstack@neutron-api.service[103158]: DEBUG neutron.api.v2.base [None req-0684db20-d1b8-4c5f-940f-0b5430989af3 admin admin] Request body: {'subnetpool': {'default_prefixlen': 26, 'prefixes': ['10.1.0.0/20'], 'name': 'shared-default-subnetpool-v4', 'is_default': True, 'shared': True}} {{(pid=103158) prepare_request_body /opt/stack/neutron/neutron/api/v2/base.py:727}}
May 18 18:33:06.916289 np0000174517 devstack@neutron-api.service[103158]: DEBUG neutron.policy [None req-0684db20-d1b8-4c5f-940f-0b5430989af3 admin admin] Loaded default policies from ['neutron'] under neutron.policies entry points {{(pid=103158) register_rules /opt/stack/neutron/neutron/policy.py:65}}
May 18 18:33:07.105618 np0000174517 devstack@neutron-api.service[103158]: DEBUG neutron_lib.callbacks.manager [None req-0684db20-d1b8-4c5f-940f-0b5430989af3 admin admin] Publish callbacks ['neutron.objects.securitygroup.RbacNeutronDbObjectMixin.validate_rbac_policy_change-2290842293984', 'neutron.objects.address_group.RbacNeutronDbObjectMixin.validate_rbac_policy_change-2290842258775', 'neutron.objects.network.RbacNeutronDbObjectMixin.validate_rbac_policy_change-2290842128462', 'neutron.objects.qos.policy.RbacNeutronDbObjectMixin.validate_rbac_policy_change-2290842119937', 'neutron.objects.subnetpool.RbacNeutronDbObjectMixin.validate_rbac_policy_change-2290842107770', 'neutron.objects.address_scope.RbacNeutronDbObjectMixin.validate_rbac_policy_change-2290842104239', 'neutron.plugins.ml2.plugin.External_net_db_mixin._process_ext_policy_create-163445', 'neutron.plugins.ml2.plugin.NeutronDbPluginV2.validate_network_rbac_policy_change-135853'] for rbac-policy (None), before_create {{(pid=103158) _notify_loop /opt/stack/data/venv/lib/python3.12/site-packages/neutron_lib/callbacks/manager.py:184}}
May 18 18:33:07.169794 np0000174517 devstack@neutron-api.service[103158]: DEBUG neutron_lib.callbacks.manager [None req-0684db20-d1b8-4c5f-940f-0b5430989af3 admin admin] Publish callbacks [] for subnetpool (None), before_response {{(pid=103158) _notify_loop /opt/stack/data/venv/lib/python3.12/site-packages/neutron_lib/callbacks/manager.py:184}}
May 18 18:33:07.170635 np0000174517 devstack@neutron-api.service[103158]: [pid: 103158|app: 0|req: 1/3] 199.204.45.95 () {68 vars in 1360 bytes} [Mon May 18 18:33:06 2026] POST /networking/v2.0/subnetpools => generated 533 bytes in 635 msecs (HTTP/1.1 201) 4 headers in 162 bytes (1 switches on core 0)
May 18 18:33:07.504889 np0000174517 devstack@neutron-api.service[103159]: DEBUG neutron.api.v2.base [None req-7b405955-cfae-4ecc-986d-85b61571f79a admin admin] Request body: {'subnetpool': {'default_prefixlen': 64, 'prefixes': ['fd8d:4743:0345::/56'], 'name': 'shared-default-subnetpool-v6', 'is_default': True, 'shared': True}} {{(pid=103159) prepare_request_body /opt/stack/neutron/neutron/api/v2/base.py:727}}
May 18 18:33:07.711211 np0000174517 devstack@neutron-api.service[103159]: DEBUG neutron.policy [None req-7b405955-cfae-4ecc-986d-85b61571f79a admin admin] Loaded default policies from ['neutron'] under neutron.policies entry points {{(pid=103159) register_rules /opt/stack/neutron/neutron/policy.py:65}}
May 18 18:33:07.872651 np0000174517 devstack@neutron-api.service[103159]: DEBUG neutron_lib.callbacks.manager [None req-7b405955-cfae-4ecc-986d-85b61571f79a admin admin] Publish callbacks ['neutron.objects.securitygroup.RbacNeutronDbObjectMixin.validate_rbac_policy_change-2290842328755', 'neutron.objects.address_group.RbacNeutronDbObjectMixin.validate_rbac_policy_change-2290842318464', 'neutron.objects.network.RbacNeutronDbObjectMixin.validate_rbac_policy_change-2290842103371', 'neutron.objects.qos.policy.RbacNeutronDbObjectMixin.validate_rbac_policy_change-2290842104076', 'neutron.objects.subnetpool.RbacNeutronDbObjectMixin.validate_rbac_policy_change-2290842124691', 'neutron.objects.address_scope.RbacNeutronDbObjectMixin.validate_rbac_policy_change-2290842124324', 'neutron.plugins.ml2.plugin.External_net_db_mixin._process_ext_policy_create-601451', 'neutron.plugins.ml2.plugin.NeutronDbPluginV2.validate_network_rbac_policy_change-593471'] for rbac-policy (None), before_create {{(pid=103159) _notify_loop /opt/stack/data/venv/lib/python3.12/site-packages/neutron_lib/callbacks/manager.py:184}}
May 18 18:33:07.922066 np0000174517 devstack@neutron-api.service[103159]: DEBUG neutron_lib.callbacks.manager [None req-7b405955-cfae-4ecc-986d-85b61571f79a admin admin] Publish callbacks [] for subnetpool (None), before_response {{(pid=103159) _notify_loop /opt/stack/data/venv/lib/python3.12/site-packages/neutron_lib/callbacks/manager.py:184}}
May 18 18:33:07.923018 np0000174517 devstack@neutron-api.service[103159]: [pid: 103159|app: 0|req: 1/4] 199.204.45.95 () {68 vars in 1360 bytes} [Mon May 18 18:33:07 2026] POST /networking/v2.0/subnetpools => generated 542 bytes in 532 msecs (HTTP/1.1 201) 4 headers in 162 bytes (1 switches on core 0)
May 18 18:33:08.344451 np0000174517 devstack@neutron-api.service[103157]: DEBUG neutron.api.v2.base [None req-d9216272-ea77-47cd-ae7f-fba3b067c3f4 admin admin] Request body: {'network': {'name': 'private', 'admin_state_up': True}} {{(pid=103157) prepare_request_body /opt/stack/neutron/neutron/api/v2/base.py:727}}
May 18 18:33:08.377676 np0000174517 devstack@neutron-api.service[103157]: DEBUG neutron.pecan_wsgi.hooks.quota_enforcement [None req-d9216272-ea77-47cd-ae7f-fba3b067c3f4 admin admin] Made reservation on behalf of 6f73129dcf6643e7838edb47b5cc9cec for: {'network': 1} {{(pid=103157) before /opt/stack/neutron/neutron/pecan_wsgi/hooks/quota_enforcement.py:66}}
May 18 18:33:08.575972 np0000174517 devstack@neutron-api.service[103157]: DEBUG neutron.policy [None req-d9216272-ea77-47cd-ae7f-fba3b067c3f4 admin admin] Loaded default policies from ['neutron'] under neutron.policies entry points {{(pid=103157) register_rules /opt/stack/neutron/neutron/policy.py:65}}
May 18 18:33:08.682450 np0000174517 devstack@neutron-api.service[103157]: DEBUG neutron_lib.callbacks.manager [None req-d9216272-ea77-47cd-ae7f-fba3b067c3f4 admin admin] Publish callbacks ['neutron.plugins.ml2.plugin.SecurityGroupDbMixin._ensure_default_security_group_handler-19660'] for network (None), before_create {{(pid=103157) _notify_loop /opt/stack/data/venv/lib/python3.12/site-packages/neutron_lib/callbacks/manager.py:184}}
May 18 18:33:08.701583 np0000174517 devstack@neutron-api.service[103157]: DEBUG neutron_lib.callbacks.manager [None req-d9216272-ea77-47cd-ae7f-fba3b067c3f4 admin admin] Publish callbacks [] for security_group (None), before_create {{(pid=103157) _notify_loop /opt/stack/data/venv/lib/python3.12/site-packages/neutron_lib/callbacks/manager.py:184}}
May 18 18:33:08.804745 np0000174517 devstack@neutron-api.service[103157]: DEBUG neutron_lib.callbacks.manager [None req-d9216272-ea77-47cd-ae7f-fba3b067c3f4 admin admin] Publish callbacks ['neutron.plugins.ml2.drivers.ovn.mech_driver.mech_driver.OVNMechanismDriver._create_security_group_precommit-2041473'] for security_group (3e6582b3-caab-4b3b-be21-6f45c2dda19f), precommit_create {{(pid=103157) _notify_loop /opt/stack/data/venv/lib/python3.12/site-packages/neutron_lib/callbacks/manager.py:184}}
May 18 18:33:08.804940 np0000174517 devstack@neutron-api.service[103157]: DEBUG neutron.db.ovn_revision_numbers_db [None req-d9216272-ea77-47cd-ae7f-fba3b067c3f4 admin admin] create_initial_revision uuid=3e6582b3-caab-4b3b-be21-6f45c2dda19f, type=security_groups, rev=-1 {{(pid=103157) create_initial_revision /opt/stack/neutron/neutron/db/ovn_revision_numbers_db.py:98}}
May 18 18:33:08.807264 np0000174517 devstack@neutron-api.service[103157]: DEBUG neutron.db.ovn_revision_numbers_db [None req-d9216272-ea77-47cd-ae7f-fba3b067c3f4 admin admin] create_initial_revision uuid=0b0459bf-9ed4-4893-acef-f82446d278d1, type=security_group_rules, rev=-1 {{(pid=103157) create_initial_revision /opt/stack/neutron/neutron/db/ovn_revision_numbers_db.py:98}}
May 18 18:33:08.808267 np0000174517 devstack@neutron-api.service[103157]: DEBUG neutron.db.ovn_revision_numbers_db [None req-d9216272-ea77-47cd-ae7f-fba3b067c3f4 admin admin] create_initial_revision uuid=33ea8de2-55e4-4dc3-82d4-ab53f06b93d4, type=security_group_rules, rev=-1 {{(pid=103157) create_initial_revision /opt/stack/neutron/neutron/db/ovn_revision_numbers_db.py:98}}
May 18 18:33:08.809346 np0000174517 devstack@neutron-api.service[103157]: DEBUG neutron.db.ovn_revision_numbers_db [None req-d9216272-ea77-47cd-ae7f-fba3b067c3f4 admin admin] create_initial_revision uuid=725dd5a2-6ea6-4ec2-962e-6538f2a9995e, type=security_group_rules, rev=-1 {{(pid=103157) create_initial_revision /opt/stack/neutron/neutron/db/ovn_revision_numbers_db.py:98}}
May 18 18:33:08.810302 np0000174517 devstack@neutron-api.service[103157]: DEBUG neutron.db.ovn_revision_numbers_db [None req-d9216272-ea77-47cd-ae7f-fba3b067c3f4 admin admin] create_initial_revision uuid=c4fa1ab5-a48c-4339-acdc-588fb8c75a7f, type=security_group_rules, rev=-1 {{(pid=103157) create_initial_revision /opt/stack/neutron/neutron/db/ovn_revision_numbers_db.py:98}}
May 18 18:33:08.820897 np0000174517 devstack@neutron-api.service[103157]: DEBUG neutron_lib.callbacks.manager [None req-d9216272-ea77-47cd-ae7f-fba3b067c3f4 admin admin] Publish callbacks ['neutron.plugins.ml2.drivers.ovn.mech_driver.mech_driver.OVNMechanismDriver._create_security_group-2041531', 'neutron.plugins.ml2.ovo_rpc._ObjectChangeHandler.handle_event-1404904'] for security_group (3e6582b3-caab-4b3b-be21-6f45c2dda19f), after_create {{(pid=103157) _notify_loop /opt/stack/data/venv/lib/python3.12/site-packages/neutron_lib/callbacks/manager.py:184}}
May 18 18:33:08.821136 np0000174517 devstack@neutron-api.service[103157]: INFO neutron.plugins.ml2.drivers.ovn.mech_driver.ovsdb.extensions.qos [None req-d9216272-ea77-47cd-ae7f-fba3b067c3f4 admin admin] Starting OVNClientQosExtension
May 18 18:33:08.821469 np0000174517 devstack@neutron-api.service[103157]: INFO neutron.plugins.ml2.drivers.ovn.mech_driver.ovsdb.extensions.placement [None req-d9216272-ea77-47cd-ae7f-fba3b067c3f4 admin admin] Starting OVNClientPlacementExtension
May 18 18:33:08.822806 np0000174517 devstack@neutron-api.service[103157]: DEBUG ovsdbapp.backend.ovs_idl.transaction [-] Running txn n=1 command(idx=0): PgAddCommand(_result=None, name=pg_3e6582b3_caab_4b3b_be21_6f45c2dda19f, may_exist=False, columns={'acls': [], 'external_ids': {'neutron:security_group_id': '3e6582b3-caab-4b3b-be21-6f45c2dda19f'}}) {{(pid=103157) do_commit /opt/stack/data/venv/lib/python3.12/site-packages/ovsdbapp/backend/ovs_idl/transaction.py:89}}
May 18 18:33:08.824714 np0000174517 devstack@neutron-api.service[103157]: DEBUG ovsdbapp.backend.ovs_idl.transaction [-] Running txn n=1 command(idx=1): PgAclAddCommand(_result=None, entity=pg_3e6582b3_caab_4b3b_be21_6f45c2dda19f, direction=from-lport, priority=1002, match=inport == @pg_3e6582b3_caab_4b3b_be21_6f45c2dda19f && ip4, action=allow-related, log=False, may_exist=True, severity=[], name=[], meter=[], external_ids={'neutron:security_group_rule_id': '0b0459bf-9ed4-4893-acef-f82446d278d1'}) {{(pid=103157) do_commit /opt/stack/data/venv/lib/python3.12/site-packages/ovsdbapp/backend/ovs_idl/transaction.py:89}}
May 18 18:33:08.825373 np0000174517 devstack@neutron-api.service[103157]: DEBUG ovsdbapp.backend.ovs_idl.transaction [-] Running txn n=1 command(idx=2): PgAclAddCommand(_result=None, entity=pg_3e6582b3_caab_4b3b_be21_6f45c2dda19f, direction=from-lport, priority=1002, match=inport == @pg_3e6582b3_caab_4b3b_be21_6f45c2dda19f && ip6, action=allow-related, log=False, may_exist=True, severity=[], name=[], meter=[], external_ids={'neutron:security_group_rule_id': '33ea8de2-55e4-4dc3-82d4-ab53f06b93d4'}) {{(pid=103157) do_commit /opt/stack/data/venv/lib/python3.12/site-packages/ovsdbapp/backend/ovs_idl/transaction.py:89}}
May 18 18:33:08.825887 np0000174517 devstack@neutron-api.service[103157]: DEBUG ovsdbapp.backend.ovs_idl.transaction [-] Running txn n=1 command(idx=3): PgAclAddCommand(_result=None, entity=pg_3e6582b3_caab_4b3b_be21_6f45c2dda19f, direction=to-lport, priority=1002, match=outport == @pg_3e6582b3_caab_4b3b_be21_6f45c2dda19f && ip4 && ip4.src == $pg_3e6582b3_caab_4b3b_be21_6f45c2dda19f_ip4, action=allow-related, log=False, may_exist=True, severity=[], name=[], meter=[], external_ids={'neutron:security_group_rule_id': '725dd5a2-6ea6-4ec2-962e-6538f2a9995e'}) {{(pid=103157) do_commit /opt/stack/data/venv/lib/python3.12/site-packages/ovsdbapp/backend/ovs_idl/transaction.py:89}}
May 18 18:33:08.826462 np0000174517 devstack@neutron-api.service[103157]: DEBUG ovsdbapp.backend.ovs_idl.transaction [-] Running txn n=1 command(idx=4): PgAclAddCommand(_result=None, entity=pg_3e6582b3_caab_4b3b_be21_6f45c2dda19f, direction=to-lport, priority=1002, match=outport == @pg_3e6582b3_caab_4b3b_be21_6f45c2dda19f && ip6 && ip6.src == $pg_3e6582b3_caab_4b3b_be21_6f45c2dda19f_ip6, action=allow-related, log=False, may_exist=True, severity=[], name=[], meter=[], external_ids={'neutron:security_group_rule_id': 'c4fa1ab5-a48c-4339-acdc-588fb8c75a7f'}) {{(pid=103157) do_commit /opt/stack/data/venv/lib/python3.12/site-packages/ovsdbapp/backend/ovs_idl/transaction.py:89}}
May 18 18:33:08.834731 np0000174517 devstack@neutron-api.service[103157]: DEBUG neutron.plugins.ml2.drivers.ovn.mech_driver.ovsdb.ovsdb_monitor [-] Hash Ring: Node 80a23eccb8c35a35b04773b586b4d33b (host: np0000174517) handling event "create" for row 9fcfcf71-a37d-458d-84bf-ad054bc7ca00 (table: ACL) {{(pid=103157) notify /opt/stack/neutron/neutron/plugins/ml2/drivers/ovn/mech_driver/ovsdb/ovsdb_monitor.py:942}}
May 18 18:33:08.836279 np0000174517 devstack@neutron-api.service[103160]: DEBUG neutron.plugins.ml2.drivers.ovn.mech_driver.ovsdb.ovsdb_monitor [-] Hash Ring: Node f25ef3e7f5985d4285c08cf0d2be091e (host: np0000174517) handling event "create" for row 82e659c0-54af-4968-b288-5c5ceae51755 (table: ACL) {{(pid=103160) notify /opt/stack/neutron/neutron/plugins/ml2/drivers/ovn/mech_driver/ovsdb/ovsdb_monitor.py:942}}
May 18 18:33:08.839302 np0000174517 devstack@neutron-api.service[103160]: DEBUG neutron.plugins.ml2.drivers.ovn.mech_driver.ovsdb.ovsdb_monitor [-] Hash Ring: Node f25ef3e7f5985d4285c08cf0d2be091e (host: np0000174517) handling event "create" for row b3f5774e-25d0-4fb8-8e17-54d7dc027b3a (table: Port_Group) {{(pid=103160) notify /opt/stack/neutron/neutron/plugins/ml2/drivers/ovn/mech_driver/ovsdb/ovsdb_monitor.py:942}}
May 18 18:33:08.840790 np0000174517 devstack@neutron-api.service[103158]: DEBUG neutron.plugins.ml2.drivers.ovn.mech_driver.ovsdb.ovsdb_monitor [-] Hash Ring: Node c69c26d8e37c529ebd480a09755cc7cf (host: np0000174517) handling event "create" for row 3d5929e9-44cf-43ef-8525-396eb4259359 (table: ACL) {{(pid=103158) notify /opt/stack/neutron/neutron/plugins/ml2/drivers/ovn/mech_driver/ovsdb/ovsdb_monitor.py:942}}
May 18 18:33:08.841078 np0000174517 devstack@neutron-api.service[103158]: DEBUG neutron.plugins.ml2.drivers.ovn.mech_driver.ovsdb.ovsdb_monitor [-] Hash Ring: Node c69c26d8e37c529ebd480a09755cc7cf (host: np0000174517) handling event "create" for row dbd20031-271d-4a8b-bfdb-fe15b482dd67 (table: ACL) {{(pid=103158) notify /opt/stack/neutron/neutron/plugins/ml2/drivers/ovn/mech_driver/ovsdb/ovsdb_monitor.py:942}}
May 18 18:33:08.888013 np0000174517 devstack@neutron-api.service[103157]: INFO neutron.db.ovn_revision_numbers_db [None req-d9216272-ea77-47cd-ae7f-fba3b067c3f4 admin admin] Successfully bumped revision number for resource 3e6582b3-caab-4b3b-be21-6f45c2dda19f (type: security_groups) to 1
May 18 18:33:08.914129 np0000174517 devstack@neutron-api.service[103157]: INFO neutron.db.ovn_revision_numbers_db [None req-d9216272-ea77-47cd-ae7f-fba3b067c3f4 admin admin] Successfully bumped revision number for resource 0b0459bf-9ed4-4893-acef-f82446d278d1 (type: security_group_rules) to 0
May 18 18:33:08.930954 np0000174517 devstack@neutron-api.service[103157]: INFO neutron.db.ovn_revision_numbers_db [None req-d9216272-ea77-47cd-ae7f-fba3b067c3f4 admin admin] Successfully bumped revision number for resource 33ea8de2-55e4-4dc3-82d4-ab53f06b93d4 (type: security_group_rules) to 0
May 18 18:33:08.949325 np0000174517 devstack@neutron-api.service[103157]: INFO neutron.db.ovn_revision_numbers_db [None req-d9216272-ea77-47cd-ae7f-fba3b067c3f4 admin admin] Successfully bumped revision number for resource 725dd5a2-6ea6-4ec2-962e-6538f2a9995e (type: security_group_rules) to 0
May 18 18:33:08.967795 np0000174517 devstack@neutron-api.service[103157]: INFO neutron.db.ovn_revision_numbers_db [None req-d9216272-ea77-47cd-ae7f-fba3b067c3f4 admin admin] Successfully bumped revision number for resource c4fa1ab5-a48c-4339-acdc-588fb8c75a7f (type: security_group_rules) to 0
May 18 18:33:08.994214 np0000174517 devstack@neutron-api.service[103157]: DEBUG neutron.api.rpc.handlers.resources_rpc [None req-d9216272-ea77-47cd-ae7f-fba3b067c3f4 admin admin] Pushing event updated for resources: {'SecurityGroup': ['ID=3e6582b3-caab-4b3b-be21-6f45c2dda19f,revision_number=1']} {{(pid=103157) push /opt/stack/neutron/neutron/api/rpc/handlers/resources_rpc.py:237}}
May 18 18:33:09.002834 np0000174517 devstack@neutron-api.service[103157]: DEBUG ovsdbapp.backend.ovs_idl.transaction [-] Running txn n=1 command(idx=0): CheckLivenessCommand(_result=None) {{(pid=103157) do_commit /opt/stack/data/venv/lib/python3.12/site-packages/ovsdbapp/backend/ovs_idl/transaction.py:89}}
May 18 18:33:09.006183 np0000174517 devstack@neutron-api.service[103160]: DEBUG neutron.plugins.ml2.drivers.ovn.mech_driver.ovsdb.ovsdb_monitor [-] Hash Ring: Node f25ef3e7f5985d4285c08cf0d2be091e (host: np0000174517) handling event "update" for row 793ea754-6d9b-4d34-88e5-d46783457103 (table: NB_Global) {{(pid=103160) notify /opt/stack/neutron/neutron/plugins/ml2/drivers/ovn/mech_driver/ovsdb/ovsdb_monitor.py:942}}
May 18 18:33:09.006354 np0000174517 devstack@neutron-api.service[103159]: DEBUG neutron.plugins.ml2.drivers.ovn.mech_driver.ovsdb.ovsdb_monitor [-] Hash Ring: Node acb3bc335edf5ae6af1fa44a3b84ce2b (host: np0000174517) handling event "update" for row 793ea754-6d9b-4d34-88e5-d46783457103 (table: NB_Global) {{(pid=103159) notify /opt/stack/neutron/neutron/plugins/ml2/drivers/ovn/mech_driver/ovsdb/ovsdb_monitor.py:942}}
May 18 18:33:09.007328 np0000174517 devstack@neutron-api.service[103159]: DEBUG neutron.plugins.ml2.drivers.ovn.mech_driver.ovsdb.ovsdb_monitor [-] Hash Ring: Node acb3bc335edf5ae6af1fa44a3b84ce2b (host: np0000174517) handling event "update" for row 793ea754-6d9b-4d34-88e5-d46783457103 (table: NB_Global) {{(pid=103159) notify /opt/stack/neutron/neutron/plugins/ml2/drivers/ovn/mech_driver/ovsdb/ovsdb_monitor.py:942}}
May 18 18:33:09.008004 np0000174517 devstack@neutron-api.service[103160]: DEBUG neutron.plugins.ml2.drivers.ovn.mech_driver.ovsdb.ovsdb_monitor [-] Hash Ring: Node f25ef3e7f5985d4285c08cf0d2be091e (host: np0000174517) handling event "update" for row 793ea754-6d9b-4d34-88e5-d46783457103 (table: NB_Global) {{(pid=103160) notify /opt/stack/neutron/neutron/plugins/ml2/drivers/ovn/mech_driver/ovsdb/ovsdb_monitor.py:942}}
May 18 18:33:09.008261 np0000174517 devstack@neutron-api.service[103159]: DEBUG neutron.plugins.ml2.drivers.ovn.mech_driver.ovsdb.ovsdb_monitor [-] Hash Ring: Node acb3bc335edf5ae6af1fa44a3b84ce2b (host: np0000174517) handling event "update" for row 793ea754-6d9b-4d34-88e5-d46783457103 (table: NB_Global) {{(pid=103159) notify /opt/stack/neutron/neutron/plugins/ml2/drivers/ovn/mech_driver/ovsdb/ovsdb_monitor.py:942}}
May 18 18:33:09.008640 np0000174517 devstack@neutron-api.service[103157]: DEBUG neutron.api.rpc.callbacks.version_manager [None req-d9216272-ea77-47cd-ae7f-fba3b067c3f4 admin admin] Tracked resource versions report:
May 18 18:33:09.008640 np0000174517 devstack@neutron-api.service[103157]: pushed versions:
May 18 18:33:09.008640 np0000174517 devstack@neutron-api.service[103157]: { 'AddressGroup': {'1.2'},
May 18 18:33:09.008640 np0000174517 devstack@neutron-api.service[103157]: 'Agent': {'1.1'},
May 18 18:33:09.008640 np0000174517 devstack@neutron-api.service[103157]: 'ConntrackHelper': {'1.0'},
May 18 18:33:09.008640 np0000174517 devstack@neutron-api.service[103157]: 'LocalIPAssociation': {'1.0'},
May 18 18:33:09.008640 np0000174517 devstack@neutron-api.service[103157]: 'Log': {'1.0'},
May 18 18:33:09.008640 np0000174517 devstack@neutron-api.service[103157]: 'NDPProxy': {'1.0'},
May 18 18:33:09.008640 np0000174517 devstack@neutron-api.service[103157]: 'Network': {'1.2'},
May 18 18:33:09.008640 np0000174517 devstack@neutron-api.service[103157]: 'Port': {'1.10'},
May 18 18:33:09.008640 np0000174517 devstack@neutron-api.service[103157]: 'PortForwarding': {'1.3'},
May 18 18:33:09.008640 np0000174517 devstack@neutron-api.service[103157]: 'QosPolicy': {'1.10'},
May 18 18:33:09.008640 np0000174517 devstack@neutron-api.service[103157]: 'SecurityGroup': {'1.6'},
May 18 18:33:09.008640 np0000174517 devstack@neutron-api.service[103157]: 'SecurityGroupRule': {'1.3'},
May 18 18:33:09.008640 np0000174517 devstack@neutron-api.service[103157]: 'SubPort': {'1.0'},
May 18 18:33:09.008640 np0000174517 devstack@neutron-api.service[103157]: 'Subnet': {'1.2'},
May 18 18:33:09.008640 np0000174517 devstack@neutron-api.service[103157]: 'Trunk': {'1.1'}}
May 18 18:33:09.008640 np0000174517 devstack@neutron-api.service[103157]: consumer versions:
May 18 18:33:09.008640 np0000174517 devstack@neutron-api.service[103157]: {}
May 18 18:33:09.008640 np0000174517 devstack@neutron-api.service[103157]: {{(pid=103157) report /opt/stack/neutron/neutron/api/rpc/callbacks/version_manager.py:183}}
May 18 18:33:09.009508 np0000174517 devstack@neutron-api.service[103160]: DEBUG neutron.plugins.ml2.drivers.ovn.mech_driver.ovsdb.ovsdb_monitor [-] Hash Ring: Node f25ef3e7f5985d4285c08cf0d2be091e (host: np0000174517) handling event "update" for row 793ea754-6d9b-4d34-88e5-d46783457103 (table: NB_Global) {{(pid=103160) notify /opt/stack/neutron/neutron/plugins/ml2/drivers/ovn/mech_driver/ovsdb/ovsdb_monitor.py:942}}
May 18 18:33:09.011822 np0000174517 devstack@neutron-api.service[103159]: DEBUG neutron.plugins.ml2.drivers.ovn.mech_driver.ovsdb.ovsdb_monitor [-] ChassisAgentWriteEvent : Matched Chassis_Private, update, None None {{(pid=103159) matches /opt/stack/neutron/neutron/plugins/ml2/drivers/ovn/mech_driver/ovsdb/ovsdb_monitor.py:64}}
May 18 18:33:09.012392 np0000174517 devstack@neutron-api.service[103159]: DEBUG neutron.plugins.ml2.drivers.ovn.mech_driver.ovsdb.ovsdb_monitor [-] Hash Ring: Node acb3bc335edf5ae6af1fa44a3b84ce2b (host: np0000174517) handling event "update" for row 826fb274-2c3a-4888-881a-7753d443959e (table: Chassis_Private) {{(pid=103159) notify /opt/stack/neutron/neutron/plugins/ml2/drivers/ovn/mech_driver/ovsdb/ovsdb_monitor.py:942}}
May 18 18:33:09.012541 np0000174517 devstack@neutron-api.service[103160]: DEBUG neutron.plugins.ml2.drivers.ovn.mech_driver.ovsdb.ovsdb_monitor [-] ChassisAgentWriteEvent : Matched Chassis_Private, update, None None {{(pid=103160) matches /opt/stack/neutron/neutron/plugins/ml2/drivers/ovn/mech_driver/ovsdb/ovsdb_monitor.py:64}}
May 18 18:33:09.014501 np0000174517 devstack@neutron-api.service[103158]: DEBUG neutron.plugins.ml2.drivers.ovn.mech_driver.ovsdb.ovsdb_monitor [-] ChassisAgentWriteEvent : Matched Chassis_Private, update, None None {{(pid=103158) matches /opt/stack/neutron/neutron/plugins/ml2/drivers/ovn/mech_driver/ovsdb/ovsdb_monitor.py:64}}
May 18 18:33:09.014964 np0000174517 devstack@neutron-api.service[103159]: DEBUG neutron.plugins.ml2.drivers.ovn.mech_driver.ovsdb.ovsdb_monitor [-] Hash Ring: Node acb3bc335edf5ae6af1fa44a3b84ce2b (host: np0000174517) handling event "update" for row 793ea754-6d9b-4d34-88e5-d46783457103 (table: NB_Global) {{(pid=103159) notify /opt/stack/neutron/neutron/plugins/ml2/drivers/ovn/mech_driver/ovsdb/ovsdb_monitor.py:942}}
May 18 18:33:09.015710 np0000174517 devstack@neutron-api.service[103158]: DEBUG neutron.plugins.ml2.drivers.ovn.mech_driver.ovsdb.ovsdb_monitor [-] ChassisOVNAgentWriteEvent : Matched Chassis_Private, update, None None {{(pid=103158) matches /opt/stack/neutron/neutron/plugins/ml2/drivers/ovn/mech_driver/ovsdb/ovsdb_monitor.py:64}}
May 18 18:33:09.016418 np0000174517 devstack@neutron-api.service[103159]: DEBUG neutron.plugins.ml2.drivers.ovn.mech_driver.ovsdb.ovsdb_monitor [-] ChassisOVNAgentWriteEvent : Matched Chassis_Private, update, None None {{(pid=103159) matches /opt/stack/neutron/neutron/plugins/ml2/drivers/ovn/mech_driver/ovsdb/ovsdb_monitor.py:64}}
May 18 18:33:09.016781 np0000174517 devstack@neutron-api.service[103159]: DEBUG neutron.plugins.ml2.drivers.ovn.mech_driver.ovsdb.ovsdb_monitor [-] Hash Ring: Node acb3bc335edf5ae6af1fa44a3b84ce2b (host: np0000174517) handling event "update" for row 826fb274-2c3a-4888-881a-7753d443959e (table: Chassis_Private) {{(pid=103159) notify /opt/stack/neutron/neutron/plugins/ml2/drivers/ovn/mech_driver/ovsdb/ovsdb_monitor.py:942}}
May 18 18:33:09.017506 np0000174517 devstack@neutron-api.service[103160]: DEBUG neutron.plugins.ml2.drivers.ovn.mech_driver.ovsdb.ovsdb_monitor [-] Hash Ring: Node f25ef3e7f5985d4285c08cf0d2be091e (host: np0000174517) handling event "update" for row 793ea754-6d9b-4d34-88e5-d46783457103 (table: NB_Global) {{(pid=103160) notify /opt/stack/neutron/neutron/plugins/ml2/drivers/ovn/mech_driver/ovsdb/ovsdb_monitor.py:942}}
May 18 18:33:09.018843 np0000174517 devstack@neutron-api.service[103157]: DEBUG neutron.plugins.ml2.drivers.ovn.mech_driver.ovsdb.ovsdb_monitor [-] ChassisAgentWriteEvent : Matched Chassis_Private, update, None None {{(pid=103157) matches /opt/stack/neutron/neutron/plugins/ml2/drivers/ovn/mech_driver/ovsdb/ovsdb_monitor.py:64}}
May 18 18:33:09.020252 np0000174517 devstack@neutron-api.service[103160]: DEBUG neutron.common.ovn.hash_ring_manager [-] Allow caching, nodes 4>=4 {{(pid=103160) _wait_startup_before_caching /opt/stack/neutron/neutron/common/ovn/hash_ring_manager.py:65}}
May 18 18:33:09.020426 np0000174517 devstack@neutron-api.service[103160]: DEBUG neutron.plugins.ml2.drivers.ovn.mech_driver.ovsdb.ovsdb_monitor [-] Hash Ring: Node f25ef3e7f5985d4285c08cf0d2be091e (host: np0000174517) handling event "update" for row 826fb274-2c3a-4888-881a-7753d443959e (table: Chassis_Private) {{(pid=103160) notify /opt/stack/neutron/neutron/plugins/ml2/drivers/ovn/mech_driver/ovsdb/ovsdb_monitor.py:942}}
May 18 18:33:09.021060 np0000174517 devstack@neutron-api.service[103157]: DEBUG neutron.plugins.ml2.drivers.ovn.mech_driver.ovsdb.ovsdb_monitor [-] ChassisOVNAgentWriteEvent : Matched Chassis_Private, update, None None {{(pid=103157) matches /opt/stack/neutron/neutron/plugins/ml2/drivers/ovn/mech_driver/ovsdb/ovsdb_monitor.py:64}}
May 18 18:33:09.021512 np0000174517 devstack@neutron-api.service[103160]: DEBUG neutron.plugins.ml2.drivers.ovn.mech_driver.ovsdb.ovsdb_monitor [-] ChassisOVNAgentWriteEvent : Matched Chassis_Private, update, None None {{(pid=103160) matches /opt/stack/neutron/neutron/plugins/ml2/drivers/ovn/mech_driver/ovsdb/ovsdb_monitor.py:64}}
May 18 18:33:09.021939 np0000174517 devstack@neutron-api.service[103160]: DEBUG neutron.plugins.ml2.drivers.ovn.mech_driver.ovsdb.ovsdb_monitor [-] Hash Ring: Node f25ef3e7f5985d4285c08cf0d2be091e (host: np0000174517) handling event "update" for row 826fb274-2c3a-4888-881a-7753d443959e (table: Chassis_Private) {{(pid=103160) notify /opt/stack/neutron/neutron/plugins/ml2/drivers/ovn/mech_driver/ovsdb/ovsdb_monitor.py:942}}
May 18 18:33:09.077892 np0000174517 devstack@neutron-api.service[103157]: DEBUG neutron.plugins.ml2.drivers.helpers [None req-d9216272-ea77-47cd-ae7f-fba3b067c3f4 admin admin] geneve segment allocate from pool success with {'geneve_vni': 5593} {{(pid=103157) allocate_partially_specified_segment /opt/stack/neutron/neutron/plugins/ml2/drivers/helpers.py:142}}
May 18 18:33:09.092509 np0000174517 devstack@neutron-api.service[103157]: DEBUG neutron_lib.callbacks.manager [None req-d9216272-ea77-47cd-ae7f-fba3b067c3f4 admin admin] Publish callbacks ['neutron.services.segments.db._add_segment_host_mapping_for_segment-8700862678400', 'neutron.plugins.ml2.plugin.Ml2Plugin._handle_segment_change-278144'] for segment (004a093d-abbc-43b0-8afa-643a3aaeb25d), precommit_create {{(pid=103157) _notify_loop /opt/stack/data/venv/lib/python3.12/site-packages/neutron_lib/callbacks/manager.py:184}}
May 18 18:33:09.092509 np0000174517 devstack@neutron-api.service[103157]: INFO neutron.db.segments_db [None req-d9216272-ea77-47cd-ae7f-fba3b067c3f4 admin admin] Added segment 004a093d-abbc-43b0-8afa-643a3aaeb25d of type geneve for network 3cff8161-361c-4d65-a475-edcf19a1ec85
May 18 18:33:09.149279 np0000174517 devstack@neutron-api.service[103157]: DEBUG neutron_lib.callbacks.manager [None req-d9216272-ea77-47cd-ae7f-fba3b067c3f4 admin admin] Publish callbacks ['neutron.services.auto_allocate.db._ensure_external_network_default_value_callback-8700861485970'] for network (3cff8161-361c-4d65-a475-edcf19a1ec85), precommit_create {{(pid=103157) _notify_loop /opt/stack/data/venv/lib/python3.12/site-packages/neutron_lib/callbacks/manager.py:184}}
May 18 18:33:09.167267 np0000174517 devstack@neutron-api.service[103157]: DEBUG neutron.plugins.ml2.drivers.ovn.mech_driver.mech_driver [None req-d9216272-ea77-47cd-ae7f-fba3b067c3f4 admin admin] Validating network segment with type geneve, segmentation ID 5593, physical network None {{(pid=103157) _validate_network_segments /opt/stack/neutron/neutron/plugins/ml2/drivers/ovn/mech_driver/mech_driver.py:641}}
May 18 18:33:09.167447 np0000174517 devstack@neutron-api.service[103157]: DEBUG neutron.db.ovn_revision_numbers_db [None req-d9216272-ea77-47cd-ae7f-fba3b067c3f4 admin admin] create_initial_revision uuid=3cff8161-361c-4d65-a475-edcf19a1ec85, type=networks, rev=-1 {{(pid=103157) create_initial_revision /opt/stack/neutron/neutron/db/ovn_revision_numbers_db.py:98}}
May 18 18:33:09.188356 np0000174517 devstack@neutron-api.service[103157]: DEBUG neutron_lib.callbacks.manager [None req-d9216272-ea77-47cd-ae7f-fba3b067c3f4 admin admin] Publish callbacks ['neutron.plugins.ml2.ovo_rpc._ObjectChangeHandler.handle_event-1404897'] for network (3cff8161-361c-4d65-a475-edcf19a1ec85), after_create {{(pid=103157) _notify_loop /opt/stack/data/venv/lib/python3.12/site-packages/neutron_lib/callbacks/manager.py:184}}
May 18 18:33:09.242136 np0000174517 devstack@neutron-api.service[103157]: DEBUG neutron.api.rpc.handlers.resources_rpc [None req-d9216272-ea77-47cd-ae7f-fba3b067c3f4 admin admin] Pushing event updated for resources: {'Network': ['ID=3cff8161-361c-4d65-a475-edcf19a1ec85,revision_number=1']} {{(pid=103157) push /opt/stack/neutron/neutron/api/rpc/handlers/resources_rpc.py:237}}
May 18 18:33:09.252950 np0000174517 devstack@neutron-api.service[103157]: DEBUG ovsdbapp.backend.ovs_idl.transaction [-] Running txn n=1 command(idx=0): AddNetworkCommand(_result=None, network_uuid=3cff8161-361c-4d65-a475-edcf19a1ec85, may_exist=True, columns={'external_ids': {'neutron:network_name': 'private', 'neutron:mtu': '1372', 'neutron:revision_number': '1', 'neutron:availability_zone_hints': '', 'neutron:provnet-network-type': 'geneve'}, 'other_config': {'mcast_snoop': 'false', 'mcast_flood_unregistered': 'false', 'vlan-passthru': 'false'}}) {{(pid=103157) do_commit /opt/stack/data/venv/lib/python3.12/site-packages/ovsdbapp/backend/ovs_idl/transaction.py:89}}
May 18 18:33:09.253852 np0000174517 devstack@neutron-api.service[103157]: DEBUG neutron.common.ovn.utils [-] OVS persist_uuid supported=True {{(pid=103157) ovs_persist_uuid_supported /opt/stack/neutron/neutron/common/ovn/utils.py:1537}}
May 18 18:33:09.292160 np0000174517 devstack@neutron-api.service[103157]: DEBUG neutron.plugins.ml2.drivers.ovn.mech_driver.ovsdb.ovsdb_monitor [-] Hash Ring: Node 80a23eccb8c35a35b04773b586b4d33b (host: np0000174517) handling event "create" for row 3cff8161-361c-4d65-a475-edcf19a1ec85 (table: Logical_Switch) {{(pid=103157) notify /opt/stack/neutron/neutron/plugins/ml2/drivers/ovn/mech_driver/ovsdb/ovsdb_monitor.py:942}}
May 18 18:33:09.302342 np0000174517 devstack@neutron-api.service[103158]: DEBUG neutron.plugins.ml2.drivers.ovn.mech_driver.ovsdb.ovsdb_monitor [-] Hash Ring: Node c69c26d8e37c529ebd480a09755cc7cf (host: np0000174517) handling event "create" for row 501284be-62cc-405e-b7e1-d4f36a422a8f (table: Datapath_Binding) {{(pid=103158) notify /opt/stack/neutron/neutron/plugins/ml2/drivers/ovn/mech_driver/ovsdb/ovsdb_monitor.py:942}}
May 18 18:33:09.303605 np0000174517 devstack@neutron-api.service[103160]: DEBUG neutron.plugins.ml2.drivers.ovn.mech_driver.ovsdb.ovsdb_monitor [-] Hash Ring: Node f25ef3e7f5985d4285c08cf0d2be091e (host: np0000174517) handling event "create" for row 501284be-62cc-405e-b7e1-d4f36a422a8f (table: Datapath_Binding) {{(pid=103160) notify /opt/stack/neutron/neutron/plugins/ml2/drivers/ovn/mech_driver/ovsdb/ovsdb_monitor.py:942}}
May 18 18:33:09.338849 np0000174517 devstack@neutron-api.service[103157]: INFO neutron.db.ovn_revision_numbers_db [None req-d9216272-ea77-47cd-ae7f-fba3b067c3f4 admin admin] Successfully bumped revision number for resource 3cff8161-361c-4d65-a475-edcf19a1ec85 (type: networks) to 1
May 18 18:33:09.406505 np0000174517 devstack@neutron-api.service[103157]: DEBUG neutron_lib.callbacks.manager [None req-d9216272-ea77-47cd-ae7f-fba3b067c3f4 admin admin] Publish callbacks ['neutron.plugins.ml2.plugin.SecurityGroupDbMixin._ensure_default_security_group_handler-19660'] for port (None), before_create {{(pid=103157) _notify_loop /opt/stack/data/venv/lib/python3.12/site-packages/neutron_lib/callbacks/manager.py:184}}
May 18 18:33:09.532725 np0000174517 devstack@neutron-api.service[103157]: DEBUG neutron_lib.callbacks.manager [None req-d9216272-ea77-47cd-ae7f-fba3b067c3f4 admin admin] Publish callbacks ['neutron.plugins.ml2.drivers.ovn.mech_driver.mech_driver.OVNMechanismDriver._validate_allowed_address_pairs-2041353'] for allowed_address_pair (67d56d75-c750-494f-9e4b-275ff6a1c2a0), before_create {{(pid=103157) _notify_loop /opt/stack/data/venv/lib/python3.12/site-packages/neutron_lib/callbacks/manager.py:184}}
May 18 18:33:09.533829 np0000174517 devstack@neutron-api.service[103157]: DEBUG neutron_lib.callbacks.manager [None req-d9216272-ea77-47cd-ae7f-fba3b067c3f4 admin admin] Publish callbacks [] for port (67d56d75-c750-494f-9e4b-275ff6a1c2a0), precommit_create {{(pid=103157) _notify_loop /opt/stack/data/venv/lib/python3.12/site-packages/neutron_lib/callbacks/manager.py:184}}
May 18 18:33:09.534177 np0000174517 devstack@neutron-api.service[103157]: DEBUG neutron.plugins.ml2.drivers.ovn.mech_driver.mech_driver [None req-d9216272-ea77-47cd-ae7f-fba3b067c3f4 admin admin] No provisioning block for port 67d56d75-c750-494f-9e4b-275ff6a1c2a0 since it does not have a host {{(pid=103157) _is_port_provisioning_required /opt/stack/neutron/neutron/plugins/ml2/drivers/ovn/mech_driver/mech_driver.py:894}}
May 18 18:33:09.534426 np0000174517 devstack@neutron-api.service[103157]: DEBUG neutron.db.ovn_revision_numbers_db [None req-d9216272-ea77-47cd-ae7f-fba3b067c3f4 admin admin] create_initial_revision uuid=67d56d75-c750-494f-9e4b-275ff6a1c2a0, type=ports, rev=-1 {{(pid=103157) create_initial_revision /opt/stack/neutron/neutron/db/ovn_revision_numbers_db.py:98}}
May 18 18:33:09.618990 np0000174517 devstack@neutron-api.service[103157]: DEBUG neutron_lib.callbacks.manager [None req-d9216272-ea77-47cd-ae7f-fba3b067c3f4 admin admin] Publish callbacks ['neutron.plugins.ml2.ovo_rpc._ObjectChangeHandler.handle_event-174556'] for port (67d56d75-c750-494f-9e4b-275ff6a1c2a0), after_create {{(pid=103157) _notify_loop /opt/stack/data/venv/lib/python3.12/site-packages/neutron_lib/callbacks/manager.py:184}}
May 18 18:33:09.862270 np0000174517 devstack@neutron-api.service[103157]: DEBUG neutron.api.rpc.handlers.resources_rpc [None req-d9216272-ea77-47cd-ae7f-fba3b067c3f4 admin admin] Pushing event updated for resources: {'Port': ['ID=67d56d75-c750-494f-9e4b-275ff6a1c2a0,revision_number=1']} {{(pid=103157) push /opt/stack/neutron/neutron/api/rpc/handlers/resources_rpc.py:237}}
