2026-07-24 00:59:26.269 8 INFO placement.requestlog [req-4899f951-debd-4666-85cd-fb682397402a req-223d0839-d13b-41fe-8c32-c8caa0fdb246 d5c9bea12d08466c9b153f30bde29f41 4439e7579601460483ef7b3e6c4eaa38 - - b54837f95c0841d08d95c6b9d3b846ea b54837f95c0841d08d95c6b9d3b846ea] 199.204.45.89 "GET /resource_providers/80e25d5b-b52b-4138-a34b-0b344f9547c1/allocations" status: 200 len: 54 microversion: 1.0 [pid: 8|app: 0|req: 290/580] 199.204.45.89 () {32 vars in 856 bytes} [Fri Jul 24 00:59:26 2026] GET /resource_providers/80e25d5b-b52b-4138-a34b-0b344f9547c1/allocations => generated 54 bytes in 15 msecs (HTTP/1.1 200) 6 headers in 223 bytes (1 switches on core 0)
2026-07-24 00:59:26.303 7 INFO placement.requestlog [req-4899f951-debd-4666-85cd-fb682397402a req-ba8db784-f672-4b24-8a6d-9a52c09008c9 d5c9bea12d08466c9b153f30bde29f41 4439e7579601460483ef7b3e6c4eaa38 - - b54837f95c0841d08d95c6b9d3b846ea b54837f95c0841d08d95c6b9d3b846ea] 199.204.45.89 "GET /resource_providers/80e25d5b-b52b-4138-a34b-0b344f9547c1/allocations" status: 200 len: 54 microversion: 1.0 [pid: 7|app: 0|req: 291/581] 199.204.45.89 () {32 vars in 856 bytes} [Fri Jul 24 00:59:26 2026] GET /resource_providers/80e25d5b-b52b-4138-a34b-0b344f9547c1/allocations => generated 54 bytes in 23 msecs (HTTP/1.1 200) 6 headers in 223 bytes (1 switches on core 0)
2026-07-24 00:59:29.371 8 INFO placement.requestlog [None req-b5ebc9bb-47ca-4f13-88f3-7269cd37f640 - - - - - -] 10.0.0.79 "GET /" status: 200 len: 136 microversion: 1.0
2026-07-24 00:59:29.371 7 INFO placement.requestlog [None req-d12b36b6-392a-4536-8d8d-11381b093daf - - - - - -] 10.0.0.79 "GET /" status: 200 len: 136 microversion: 1.0
2026-07-24 00:59:39.371 8 INFO placement.requestlog [None req-944f506c-67e0-47dc-af91-79fde072b18d - - - - - -] 10.0.0.79 "GET /" status: 200 len: 136 microversion: 1.0
2026-07-24 00:59:39.372 7 INFO placement.requestlog [None req-3c4708f3-13c7-40cf-ba94-bf993b5c049f - - - - - -] 10.0.0.79 "GET /" status: 200 len: 136 microversion: 1.0
2026-07-24 00:59:49.370 7 INFO placement.requestlog [None req-0c8f1025-4841-4171-b84c-363ee2e267dc - - - - - -] 10.0.0.79 "GET /" status: 200 len: 136 microversion: 1.0
2026-07-24 00:59:49.370 8 INFO placement.requestlog [None req-8b48e607-3c47-41ac-a0c8-b3b50f276d7c - - - - - -] 10.0.0.79 "GET /" status: 200 len: 136 microversion: 1.0
2026-07-24 00:59:59.369 8 INFO placement.requestlog [None req-d093229d-86d4-4429-bf85-6105062ee035 - - - - - -] 10.0.0.79 "GET /" status: 200 len: 136 microversion: 1.0
2026-07-24 00:59:59.370 7 INFO placement.requestlog [None req-f3a216db-da19-4c2d-897d-98c3ea971e9e - - - - - -] 10.0.0.79 "GET /" status: 200 len: 136 microversion: 1.0
2026-07-24 01:00:09.370 7 INFO placement.requestlog [None req-53e594f4-f457-40fe-8166-0378421ed814 - - - - - -] 10.0.0.79 "GET /" status: 200 len: 136 microversion: 1.0
2026-07-24 01:00:09.370 8 INFO placement.requestlog [None req-a79016a4-b16e-453d-84fd-aa7014ead1ff - - - - - -] 10.0.0.79 "GET /" status: 200 len: 136 microversion: 1.0
2026-07-24 01:00:19.370 7 INFO placement.requestlog [None req-7bccb590-480d-4d2f-901f-6238a02de90f - - - - - -] 10.0.0.79 "GET /" status: 200 len: 136 microversion: 1.0
2026-07-24 01:00:19.370 8 INFO placement.requestlog [None req-2c70d500-9acd-45c8-ab39-6649e9390d1b - - - - - -] 10.0.0.79 "GET /" status: 200 len: 136 microversion: 1.0
2026-07-24 01:00:26.305 7 INFO placement.requestlog [req-78240c0a-6b64-40f8-a288-120865839767 req-6459cf9c-46c5-4db0-92dc-283c29a0644e d5c9bea12d08466c9b153f30bde29f41 4439e7579601460483ef7b3e6c4eaa38 - - b54837f95c0841d08d95c6b9d3b846ea b54837f95c0841d08d95c6b9d3b846ea] 199.204.45.89 "GET /resource_providers/80e25d5b-b52b-4138-a34b-0b344f9547c1/allocations" status: 200 len: 54 microversion: 1.0 [pid: 7|app: 0|req: 298/594] 199.204.45.89 () {32 vars in 856 bytes} [Fri Jul 24 01:00:26 2026] GET /resource_providers/80e25d5b-b52b-4138-a34b-0b344f9547c1/allocations => generated 54 bytes in 23 msecs (HTTP/1.1 200) 6 headers in 223 bytes (1 switches on core 0)
2026-07-24 01:00:26.336 8 INFO placement.requestlog [req-78240c0a-6b64-40f8-a288-120865839767 req-7b8e4f9c-9aac-4205-af11-f55281d098e6 d5c9bea12d08466c9b153f30bde29f41 4439e7579601460483ef7b3e6c4eaa38 - - b54837f95c0841d08d95c6b9d3b846ea b54837f95c0841d08d95c6b9d3b846ea] 199.204.45.89 "GET /resource_providers/80e25d5b-b52b-4138-a34b-0b344f9547c1/allocations" status: 200 len: 54 microversion: 1.0 [pid: 8|app: 0|req: 297/595] 199.204.45.89 () {32 vars in 856 bytes} [Fri Jul 24 01:00:26 2026] GET /resource_providers/80e25d5b-b52b-4138-a34b-0b344f9547c1/allocations => generated 54 bytes in 19 msecs (HTTP/1.1 200) 6 headers in 223 bytes (1 switches on core 0)
2026-07-24 01:00:29.372 8 INFO placement.requestlog [None req-49d9f3ff-d91d-4e7a-b68b-8d079444a43f - - - - - -] 10.0.0.79 "GET /" status: 200 len: 136 microversion: 1.0
2026-07-24 01:00:29.372 7 INFO placement.requestlog [None req-e59235e0-158a-4ee7-86bb-a61284d2ad36 - - - - - -] 10.0.0.79 "GET /" status: 200 len: 136 microversion: 1.0
2026-07-24 01:00:39.371 7 INFO placement.requestlog [None req-c78d708b-9eb8-4f55-9c2d-6e136398eabb - - - - - -] 10.0.0.79 "GET /" status: 200 len: 136 microversion: 1.0
2026-07-24 01:00:39.371 8 INFO placement.requestlog [None req-0cfce36a-b974-4c55-bc84-0b2dc036553a - - - - - -] 10.0.0.79 "GET /" status: 200 len: 136 microversion: 1.0
2026-07-24 01:00:49.370 8 INFO placement.requestlog [None req-59769c10-41e7-4547-8156-5e74c017fd8f - - - - - -] 10.0.0.79 "GET /" status: 200 len: 136 microversion: 1.0
2026-07-24 01:00:49.370 7 INFO placement.requestlog [None req-8e89bace-6fd5-4f45-b79f-d8466e2af5ac - - - - - -] 10.0.0.79 "GET /" status: 200 len: 136 microversion: 1.0
2026-07-24 01:00:59.369 8 INFO placement.requestlog [None req-8f6496af-1a51-435f-b148-0e0f11d7e650 - - - - - -] 10.0.0.79 "GET /" status: 200 len: 136 microversion: 1.0
2026-07-24 01:00:59.370 7 INFO placement.requestlog [None req-f4bc8d43-ae46-4a96-bdd3-39cc8f8e3705 - - - - - -] 10.0.0.79 "GET /" status: 200 len: 136 microversion: 1.0
2026-07-24 01:01:09.370 8 INFO placement.requestlog [None req-d8549c0f-892e-4994-9fed-5d43e0e17535 - - - - - -] 10.0.0.79 "GET /" status: 200 len: 136 microversion: 1.0
2026-07-24 01:01:09.370 7 INFO placement.requestlog [None req-eb2fbb89-ec3d-4275-a7e6-e70a07405a3c - - - - - -] 10.0.0.79 "GET /" status: 200 len: 136 microversion: 1.0
2026-07-24 01:01:19.370 8 INFO placement.requestlog [None req-afc70956-43af-4ca2-8da0-bc172f1d4309 - - - - - -] 10.0.0.79 "GET /" status: 200 len: 136 microversion: 1.0
2026-07-24 01:01:19.370 7 INFO placement.requestlog [None req-2fe7215e-3d8c-4080-ad88-2f0a5b9841d4 - - - - - -] 10.0.0.79 "GET /" status: 200 len: 136 microversion: 1.0
2026-07-24 01:01:26.300 8 INFO placement.requestlog [req-48f792ea-acf3-4068-b9c2-772d0509ee37 req-9a629ba7-42e3-4862-ac86-e1a4fced0c25 d5c9bea12d08466c9b153f30bde29f41 4439e7579601460483ef7b3e6c4eaa38 - - b54837f95c0841d08d95c6b9d3b846ea b54837f95c0841d08d95c6b9d3b846ea] 199.204.45.89 "GET /resource_providers/80e25d5b-b52b-4138-a34b-0b344f9547c1/allocations" status: 200 len: 54 microversion: 1.0 [pid: 8|app: 0|req: 304/608] 199.204.45.89 () {32 vars in 856 bytes} [Fri Jul 24 01:01:26 2026] GET /resource_providers/80e25d5b-b52b-4138-a34b-0b344f9547c1/allocations => generated 54 bytes in 16 msecs (HTTP/1.1 200) 6 headers in 223 bytes (1 switches on core 0)
2026-07-24 01:01:26.335 7 INFO placement.requestlog [req-48f792ea-acf3-4068-b9c2-772d0509ee37 req-aecf0a3e-53ba-4554-86db-559845729e06 d5c9bea12d08466c9b153f30bde29f41 4439e7579601460483ef7b3e6c4eaa38 - - b54837f95c0841d08d95c6b9d3b846ea b54837f95c0841d08d95c6b9d3b846ea] 199.204.45.89 "GET /resource_providers/80e25d5b-b52b-4138-a34b-0b344f9547c1/allocations" status: 200 len: 54 microversion: 1.0 [pid: 7|app: 0|req: 305/609] 199.204.45.89 () {32 vars in 856 bytes} [Fri Jul 24 01:01:26 2026] GET /resource_providers/80e25d5b-b52b-4138-a34b-0b344f9547c1/allocations => generated 54 bytes in 20 msecs (HTTP/1.1 200) 6 headers in 223 bytes (1 switches on core 0)
2026-07-24 01:01:29.370 8 INFO placement.requestlog [None req-ed9cbba6-cbaf-49a2-99d6-15c4e05e9ab3 - - - - - -] 10.0.0.79 "GET /" status: 200 len: 136 microversion: 1.0
2026-07-24 01:01:29.373 7 INFO placement.requestlog [None req-76c431cf-7fcb-441b-a365-195a326c1a3d - - - - - -] 10.0.0.79 "GET /" status: 200 len: 136 microversion: 1.0
2026-07-24 01:01:39.369 8 INFO placement.requestlog [None req-f86f3c59-a229-410d-ab1f-6c91289e61f8 - - - - - -] 10.0.0.79 "GET /" status: 200 len: 136 microversion: 1.0
2026-07-24 01:01:39.371 7 INFO placement.requestlog [None req-17be9748-af4b-4bcd-8b40-fa279c5a22c6 - - - - - -] 10.0.0.79 "GET /" status: 200 len: 136 microversion: 1.0
2026-07-24 01:01:49.370 7 INFO placement.requestlog [None req-5aec9aa0-abda-4319-b576-d16277c595d7 - - - - - -] 10.0.0.79 "GET /" status: 200 len: 136 microversion: 1.0
2026-07-24 01:01:49.370 8 INFO placement.requestlog [None req-3bda99bc-e374-4da6-aead-3d90e8ef31bf - - - - - -] 10.0.0.79 "GET /" status: 200 len: 136 microversion: 1.0
2026-07-24 01:01:59.369 7 INFO placement.requestlog [None req-e6206f72-2526-45cf-88b0-ed097401e00d - - - - - -] 10.0.0.79 "GET /" status: 200 len: 136 microversion: 1.0
2026-07-24 01:01:59.369 8 INFO placement.requestlog [None req-100ad72d-a731-40a4-a030-ca6beafc9657 - - - - - -] 10.0.0.79 "GET /" status: 200 len: 136 microversion: 1.0
2026-07-24 01:02:09.370 8 INFO placement.requestlog [None req-867146d9-a2cd-4c0b-a258-ca63ac52c0d4 - - - - - -] 10.0.0.79 "GET /" status: 200 len: 136 microversion: 1.0
2026-07-24 01:02:09.374 7 INFO placement.requestlog [None req-ae430ba2-fe20-4d57-83b0-27004818b729 - - - - - -] 10.0.0.79 "GET /" status: 200 len: 136 microversion: 1.0
2026-07-24 01:02:19.369 8 INFO placement.requestlog [None req-86123bd2-92dd-413c-b400-ef2a977e2950 - - - - - -] 10.0.0.79 "GET /" status: 200 len: 136 microversion: 1.0
2026-07-24 01:02:19.371 7 INFO placement.requestlog [None req-dc7df5fb-6b45-4a2c-9f61-8e8294b1b593 - - - - - -] 10.0.0.79 "GET /" status: 200 len: 136 microversion: 1.0
2026-07-24 01:02:28.308 8 INFO placement.requestlog [req-c54d1817-4fe9-4417-bb4b-48c6c603967e req-6adb06c6-5e08-45ed-8221-e63a0bb490c8 d5c9bea12d08466c9b153f30bde29f41 4439e7579601460483ef7b3e6c4eaa38 - - b54837f95c0841d08d95c6b9d3b846ea b54837f95c0841d08d95c6b9d3b846ea] 199.204.45.89 "GET /resource_providers/80e25d5b-b52b-4138-a34b-0b344f9547c1/allocations" status: 200 len: 54 microversion: 1.0 [pid: 8|app: 0|req: 311/622] 199.204.45.89 () {32 vars in 856 bytes} [Fri Jul 24 01:02:28 2026] GET /resource_providers/80e25d5b-b52b-4138-a34b-0b344f9547c1/allocations => generated 54 bytes in 20 msecs (HTTP/1.1 200) 6 headers in 223 bytes (1 switches on core 0)
2026-07-24 01:02:28.373 7 INFO placement.requestlog [req-c54d1817-4fe9-4417-bb4b-48c6c603967e req-8511d665-1b0b-444f-8585-b25146490192 d5c9bea12d08466c9b153f30bde29f41 4439e7579601460483ef7b3e6c4eaa38 - - b54837f95c0841d08d95c6b9d3b846ea b54837f95c0841d08d95c6b9d3b846ea] 199.204.45.89 "GET /resource_providers/80e25d5b-b52b-4138-a34b-0b344f9547c1/allocations" status: 200 len: 54 microversion: 1.0 [pid: 7|app: 0|req: 312/623] 199.204.45.89 () {32 vars in 856 bytes} [Fri Jul 24 01:02:28 2026] GET /resource_providers/80e25d5b-b52b-4138-a34b-0b344f9547c1/allocations => generated 54 bytes in 23 msecs (HTTP/1.1 200) 6 headers in 223 bytes (1 switches on core 0)
2026-07-24 01:02:29.370 8 INFO placement.requestlog [None req-5a031259-bb8b-46c3-956c-0934156a8f17 - - - - - -] 10.0.0.79 "GET /" status: 200 len: 136 microversion: 1.0
2026-07-24 01:02:29.371 7 INFO placement.requestlog [None req-33af6940-d238-4bc8-8434-f0f39b9c5128 - - - - - -] 10.0.0.79 "GET /" status: 200 len: 136 microversion: 1.0
2026-07-24 01:02:39.369 8 INFO placement.requestlog [None req-aac3d96c-177a-486c-a7cb-bbe7e7f5a156 - - - - - -] 10.0.0.79 "GET /" status: 200 len: 136 microversion: 1.0
2026-07-24 01:02:39.369 7 INFO placement.requestlog [None req-9e65552f-7046-44b0-963f-a3fda17450c4 - - - - - -] 10.0.0.79 "GET /" status: 200 len: 136 microversion: 1.0
2026-07-24 01:02:45.457 7 INFO placement.requestlog [req-cbd1c5f4-365d-474c-aad8-774ca08b0bf0 req-5f1b5aae-1f0a-486e-b525-47c5026e95f7 d5c9bea12d08466c9b153f30bde29f41 4439e7579601460483ef7b3e6c4eaa38 - - b54837f95c0841d08d95c6b9d3b846ea b54837f95c0841d08d95c6b9d3b846ea] 10.0.0.80 "GET /allocation_candidates?limit=1000&resources=DISK_GB%3A1%2CMEMORY_MB%3A512%2CVCPU%3A1&root_required=%21COMPUTE_STATUS_DISABLED" status: 200 len: 2147 microversion: 1.36 [pid: 7|app: 0|req: 315/628] 10.0.0.80 () {34 vars in 1011 bytes} [Fri Jul 24 01:02:45 2026] GET /allocation_candidates?limit=1000&resources=DISK_GB%3A1%2CMEMORY_MB%3A512%2CVCPU%3A1&root_required=%21COMPUTE_STATUS_DISABLED => generated 2147 bytes in 214 msecs (HTTP/1.1 200) 8 headers in 297 bytes (1 switches on core 0)
2026-07-24 01:02:45.501 8 INFO placement.requestlog [req-cbd1c5f4-365d-474c-aad8-774ca08b0bf0 req-b04e780c-1b5f-4f0d-857b-14649cac1f0b d5c9bea12d08466c9b153f30bde29f41 4439e7579601460483ef7b3e6c4eaa38 - - b54837f95c0841d08d95c6b9d3b846ea b54837f95c0841d08d95c6b9d3b846ea] 10.0.0.80 "GET /allocations/a54bbf99-ef1d-45de-8e2e-8a519ef9a07c" status: 200 len: 19 microversion: 1.28 [pid: 8|app: 0|req: 314/629] 10.0.0.80 () {34 vars in 860 bytes} [Fri Jul 24 01:02:45 2026] GET /allocations/a54bbf99-ef1d-45de-8e2e-8a519ef9a07c => generated 19 bytes in 12 msecs (HTTP/1.1 200) 8 headers in 295 bytes (1 switches on core 0)
2026-07-24 01:02:45.607 7 INFO placement.requestlog [req-cbd1c5f4-365d-474c-aad8-774ca08b0bf0 req-f1b1167b-21ac-45ce-9a78-3985c98ba607 d5c9bea12d08466c9b153f30bde29f41 4439e7579601460483ef7b3e6c4eaa38 - - b54837f95c0841d08d95c6b9d3b846ea b54837f95c0841d08d95c6b9d3b846ea] 10.0.0.80 "PUT /allocations/a54bbf99-ef1d-45de-8e2e-8a519ef9a07c" status: 204 len: 0 microversion: 1.36 [pid: 7|app: 0|req: 316/630] 10.0.0.80 () {38 vars in 913 bytes} [Fri Jul 24 01:02:45 2026] PUT /allocations/a54bbf99-ef1d-45de-8e2e-8a519ef9a07c => generated 0 bytes in 98 msecs (HTTP/1.1 204) 5 headers in 199 bytes (1 switches on core 0)
2026-07-24 01:02:45.687 8 INFO placement.requestlog [req-31e162fa-8915-41a5-98ff-a7286e1f0bfa req-9378709c-22a2-44e4-8502-d374a6c2522a d5c9bea12d08466c9b153f30bde29f41 4439e7579601460483ef7b3e6c4eaa38 - - b54837f95c0841d08d95c6b9d3b846ea b54837f95c0841d08d95c6b9d3b846ea] 10.0.0.80 "GET /allocation_candidates?limit=1000&resources=DISK_GB%3A1%2CMEMORY_MB%3A512%2CVCPU%3A1&root_required=%21COMPUTE_STATUS_DISABLED" status: 200 len: 2149 microversion: 1.36 [pid: 8|app: 0|req: 315/631] 10.0.0.80 () {34 vars in 1011 bytes} [Fri Jul 24 01:02:45 2026] GET /allocation_candidates?limit=1000&resources=DISK_GB%3A1%2CMEMORY_MB%3A512%2CVCPU%3A1&root_required=%21COMPUTE_STATUS_DISABLED => generated 2149 bytes in 68 msecs (HTTP/1.1 200) 8 headers in 297 bytes (1 switches on core 0)
2026-07-24 01:02:45.734 7 INFO placement.requestlog [req-31e162fa-8915-41a5-98ff-a7286e1f0bfa req-6b68e910-1cfb-4881-8971-2bd944d795d1 d5c9bea12d08466c9b153f30bde29f41 4439e7579601460483ef7b3e6c4eaa38 - - b54837f95c0841d08d95c6b9d3b846ea b54837f95c0841d08d95c6b9d3b846ea] 10.0.0.80 "GET /allocations/fbac6e4d-8479-45a4-917f-7d4b49502e45" status: 200 len: 19 microversion: 1.28 [pid: 7|app: 0|req: 317/632] 10.0.0.80 () {34 vars in 860 bytes} [Fri Jul 24 01:02:45 2026] GET /allocations/fbac6e4d-8479-45a4-917f-7d4b49502e45 => generated 19 bytes in 16 msecs (HTTP/1.1 200) 8 headers in 295 bytes (1 switches on core 0)
2026-07-24 01:02:45.828 8 INFO placement.requestlog [req-31e162fa-8915-41a5-98ff-a7286e1f0bfa req-8524b4d9-a18e-4e0b-8aca-23c7d9778ff3 d5c9bea12d08466c9b153f30bde29f41 4439e7579601460483ef7b3e6c4eaa38 - - b54837f95c0841d08d95c6b9d3b846ea b54837f95c0841d08d95c6b9d3b846ea] 10.0.0.80 "PUT /allocations/fbac6e4d-8479-45a4-917f-7d4b49502e45" status: 204 len: 0 microversion: 1.36 [pid: 8|app: 0|req: 316/633] 10.0.0.80 () {38 vars in 913 bytes} [Fri Jul 24 01:02:45 2026] PUT /allocations/fbac6e4d-8479-45a4-917f-7d4b49502e45 => generated 0 bytes in 81 msecs (HTTP/1.1 204) 5 headers in 199 bytes (1 switches on core 0)
2026-07-24 01:02:46.235 7 INFO placement.requestlog [req-cbd1c5f4-365d-474c-aad8-774ca08b0bf0 req-78a028b3-6fc4-41a8-bae9-d916ffa43918 d5c9bea12d08466c9b153f30bde29f41 4439e7579601460483ef7b3e6c4eaa38 - - b54837f95c0841d08d95c6b9d3b846ea b54837f95c0841d08d95c6b9d3b846ea] 199.204.45.89 "GET /allocations/a54bbf99-ef1d-45de-8e2e-8a519ef9a07c" status: 200 len: 257 microversion: 1.28 [pid: 7|app: 0|req: 318/634] 199.204.45.89 () {34 vars in 862 bytes} [Fri Jul 24 01:02:46 2026] GET /allocations/a54bbf99-ef1d-45de-8e2e-8a519ef9a07c => generated 257 bytes in 22 msecs (HTTP/1.1 200) 8 headers in 296 bytes (1 switches on core 0)
2026-07-24 01:02:46.442 7 INFO placement.requestlog [req-31e162fa-8915-41a5-98ff-a7286e1f0bfa req-2650738c-1156-494f-ae2b-56c4d88e8b7b d5c9bea12d08466c9b153f30bde29f41 4439e7579601460483ef7b3e6c4eaa38 - - b54837f95c0841d08d95c6b9d3b846ea b54837f95c0841d08d95c6b9d3b846ea] 199.204.45.89 "GET /allocations/fbac6e4d-8479-45a4-917f-7d4b49502e45" status: 200 len: 257 microversion: 1.28 [pid: 7|app: 0|req: 319/635] 199.204.45.89 () {34 vars in 862 bytes} [Fri Jul 24 01:02:46 2026] GET /allocations/fbac6e4d-8479-45a4-917f-7d4b49502e45 => generated 257 bytes in 17 msecs (HTTP/1.1 200) 8 headers in 296 bytes (1 switches on core 0)
2026-07-24 01:02:46.444 8 INFO placement.requestlog [req-cbd1c5f4-365d-474c-aad8-774ca08b0bf0 req-19c04a60-9bed-4469-843b-6e9bda797f1e d5c9bea12d08466c9b153f30bde29f41 4439e7579601460483ef7b3e6c4eaa38 - - b54837f95c0841d08d95c6b9d3b846ea b54837f95c0841d08d95c6b9d3b846ea] 199.204.45.89 "GET /resource_providers/80e25d5b-b52b-4138-a34b-0b344f9547c1/allocations" status: 200 len: 252 microversion: 1.0 [pid: 8|app: 0|req: 317/636] 199.204.45.89 () {32 vars in 856 bytes} [Fri Jul 24 01:02:46 2026] GET /resource_providers/80e25d5b-b52b-4138-a34b-0b344f9547c1/allocations => generated 252 bytes in 39 msecs (HTTP/1.1 200) 6 headers in 224 bytes (1 switches on core 0)
2026-07-24 01:02:46.466 7 INFO placement.requestlog [req-cbd1c5f4-365d-474c-aad8-774ca08b0bf0 req-025475f5-b66c-4f58-8427-00f3c050073e d5c9bea12d08466c9b153f30bde29f41 4439e7579601460483ef7b3e6c4eaa38 - - b54837f95c0841d08d95c6b9d3b846ea b54837f95c0841d08d95c6b9d3b846ea] 199.204.45.89 "GET /allocations/fbac6e4d-8479-45a4-917f-7d4b49502e45" status: 200 len: 257 microversion: 1.28 [pid: 7|app: 0|req: 320/637] 199.204.45.89 () {34 vars in 862 bytes} [Fri Jul 24 01:02:46 2026] GET /allocations/fbac6e4d-8479-45a4-917f-7d4b49502e45 => generated 257 bytes in 14 msecs (HTTP/1.1 200) 8 headers in 296 bytes (1 switches on core 0)
2026-07-24 01:02:46.492 8 INFO placement.requestlog [req-cbd1c5f4-365d-474c-aad8-774ca08b0bf0 req-a2f6c15b-d75c-4df0-9c84-6748da24c0ef d5c9bea12d08466c9b153f30bde29f41 4439e7579601460483ef7b3e6c4eaa38 - - b54837f95c0841d08d95c6b9d3b846ea b54837f95c0841d08d95c6b9d3b846ea] 199.204.45.89 "GET /allocations/a54bbf99-ef1d-45de-8e2e-8a519ef9a07c" status: 200 len: 257 microversion: 1.28 [pid: 8|app: 0|req: 318/638] 199.204.45.89 () {34 vars in 862 bytes} [Fri Jul 24 01:02:46 2026] GET /allocations/a54bbf99-ef1d-45de-8e2e-8a519ef9a07c => generated 257 bytes in 17 msecs (HTTP/1.1 200) 8 headers in 296 bytes (1 switches on core 0)
2026-07-24 01:02:46.673 7 INFO placement.requestlog [req-31e162fa-8915-41a5-98ff-a7286e1f0bfa req-e9debe6d-d872-4a4d-a149-1b536089d1bc d5c9bea12d08466c9b153f30bde29f41 4439e7579601460483ef7b3e6c4eaa38 - - b54837f95c0841d08d95c6b9d3b846ea b54837f95c0841d08d95c6b9d3b846ea] 199.204.45.89 "GET /resource_providers/80e25d5b-b52b-4138-a34b-0b344f9547c1/allocations" status: 200 len: 252 microversion: 1.0 [pid: 7|app: 0|req: 321/639] 199.204.45.89 () {32 vars in 856 bytes} [Fri Jul 24 01:02:46 2026] GET /resource_providers/80e25d5b-b52b-4138-a34b-0b344f9547c1/allocations => generated 252 bytes in 23 msecs (HTTP/1.1 200) 6 headers in 224 bytes (1 switches on core 0)
2026-07-24 01:02:46.703 8 INFO placement.requestlog [req-31e162fa-8915-41a5-98ff-a7286e1f0bfa req-9a269526-b021-47c9-8f3f-b9cf1c2959a0 d5c9bea12d08466c9b153f30bde29f41 4439e7579601460483ef7b3e6c4eaa38 - - b54837f95c0841d08d95c6b9d3b846ea b54837f95c0841d08d95c6b9d3b846ea] 199.204.45.89 "GET /allocations/fbac6e4d-8479-45a4-917f-7d4b49502e45" status: 200 len: 257 microversion: 1.28 [pid: 8|app: 0|req: 319/640] 199.204.45.89 () {34 vars in 862 bytes} [Fri Jul 24 01:02:46 2026] GET /allocations/fbac6e4d-8479-45a4-917f-7d4b49502e45 => generated 257 bytes in 16 msecs (HTTP/1.1 200) 8 headers in 296 bytes (1 switches on core 0)
2026-07-24 01:02:46.726 7 INFO placement.requestlog [req-31e162fa-8915-41a5-98ff-a7286e1f0bfa req-f32bda3f-1df3-441a-b2f1-2051c1e33d06 d5c9bea12d08466c9b153f30bde29f41 4439e7579601460483ef7b3e6c4eaa38 - - b54837f95c0841d08d95c6b9d3b846ea b54837f95c0841d08d95c6b9d3b846ea] 199.204.45.89 "GET /allocations/a54bbf99-ef1d-45de-8e2e-8a519ef9a07c" status: 200 len: 257 microversion: 1.28 [pid: 7|app: 0|req: 322/641] 199.204.45.89 () {34 vars in 862 bytes} [Fri Jul 24 01:02:46 2026] GET /allocations/a54bbf99-ef1d-45de-8e2e-8a519ef9a07c => generated 257 bytes in 14 msecs (HTTP/1.1 200) 8 headers in 296 bytes (1 switches on core 0)
2026-07-24 01:02:49.370 8 INFO placement.requestlog [None req-beab8e5b-aa6e-4a24-bb33-2250af814240 - - - - - -] 10.0.0.79 "GET /" status: 200 len: 136 microversion: 1.0
2026-07-24 01:02:49.370 7 INFO placement.requestlog [None req-eb64188e-dd90-4f84-b144-7ce0c7483ba6 - - - - - -] 10.0.0.79 "GET /" status: 200 len: 136 microversion: 1.0
2026-07-24 01:02:49.743 7 INFO placement.requestlog [None req-328e7396-b27c-445c-8c43-11779bbfab36 bb5b818b41894523a5735c29c89a88ed 4439e7579601460483ef7b3e6c4eaa38 - - b54837f95c0841d08d95c6b9d3b846ea b54837f95c0841d08d95c6b9d3b846ea] 10.0.0.128 "GET /resource_providers/d51a63fe-eabe-4e4e-81ea-ec630ffdead8/aggregates" status: 404 len: 235 microversion: 1.1 [pid: 7|app: 0|req: 324/644] 10.0.0.128 () {32 vars in 816 bytes} [Fri Jul 24 01:02:49 2026] GET /resource_providers/d51a63fe-eabe-4e4e-81ea-ec630ffdead8/aggregates => generated 235 bytes in 77 msecs (HTTP/1.1 404) 5 headers in 202 bytes (1 switches on core 0)
2026-07-24 01:02:49.753 8 INFO placement.requestlog [None req-0c5193cc-ad3e-4f61-a48b-0d8e8f804c7f bb5b818b41894523a5735c29c89a88ed 4439e7579601460483ef7b3e6c4eaa38 - - b54837f95c0841d08d95c6b9d3b846ea b54837f95c0841d08d95c6b9d3b846ea] 10.0.0.128 "GET /resource_providers/d51a63fe-eabe-4e4e-81ea-ec630ffdead8/aggregates" status: 404 len: 235 microversion: 1.1 [pid: 8|app: 0|req: 321/645] 10.0.0.128 () {32 vars in 816 bytes} [Fri Jul 24 01:02:49 2026] GET /resource_providers/d51a63fe-eabe-4e4e-81ea-ec630ffdead8/aggregates => generated 235 bytes in 95 msecs (HTTP/1.1 404) 5 headers in 202 bytes (1 switches on core 0)
2026-07-24 01:02:49.782 7 INFO placement.requestlog [None req-4eb96e87-1779-4117-b38a-77ed9e59f585 bb5b818b41894523a5735c29c89a88ed 4439e7579601460483ef7b3e6c4eaa38 - - b54837f95c0841d08d95c6b9d3b846ea b54837f95c0841d08d95c6b9d3b846ea] 10.0.0.128 "DELETE /resource_providers/d51a63fe-eabe-4e4e-81ea-ec630ffdead8" status: 404 len: 246 microversion: 1.1 [pid: 7|app: 0|req: 325/646] 10.0.0.128 () {34 vars in 816 bytes} [Fri Jul 24 01:02:49 2026] DELETE /resource_providers/d51a63fe-eabe-4e4e-81ea-ec630ffdead8 => generated 246 bytes in 17 msecs (HTTP/1.1 404) 6 headers in 231 bytes (1 switches on core 0)
2026-07-24 01:02:49.792 8 INFO placement.requestlog [None req-ee5231e6-5ec1-4c50-bfec-23517b93a9e1 bb5b818b41894523a5735c29c89a88ed 4439e7579601460483ef7b3e6c4eaa38 - - b54837f95c0841d08d95c6b9d3b846ea b54837f95c0841d08d95c6b9d3b846ea] 10.0.0.128 "DELETE /resource_providers/d51a63fe-eabe-4e4e-81ea-ec630ffdead8" status: 404 len: 246 microversion: 1.1 [pid: 8|app: 0|req: 322/647] 10.0.0.128 () {34 vars in 816 bytes} [Fri Jul 24 01:02:49 2026] DELETE /resource_providers/d51a63fe-eabe-4e4e-81ea-ec630ffdead8 => generated 246 bytes in 26 msecs (HTTP/1.1 404) 6 headers in 231 bytes (1 switches on core 0)
2026-07-24 01:02:51.850 7 INFO placement.requestlog [req-a37186e0-9b2a-4dbe-aa3b-fa492d252520 req-85631be4-9638-4c7c-bcba-2328c0046b85 d5c9bea12d08466c9b153f30bde29f41 4439e7579601460483ef7b3e6c4eaa38 - - b54837f95c0841d08d95c6b9d3b846ea b54837f95c0841d08d95c6b9d3b846ea] 10.0.0.80 "GET /allocation_candidates?limit=1000&resources=DISK_GB%3A1%2CMEMORY_MB%3A512%2CVCPU%3A1&root_required=%21COMPUTE_STATUS_DISABLED" status: 200 len: 2150 microversion: 1.36 [pid: 7|app: 0|req: 326/648] 10.0.0.80 () {34 vars in 1011 bytes} [Fri Jul 24 01:02:51 2026] GET /allocation_candidates?limit=1000&resources=DISK_GB%3A1%2CMEMORY_MB%3A512%2CVCPU%3A1&root_required=%21COMPUTE_STATUS_DISABLED => generated 2150 bytes in 58 msecs (HTTP/1.1 200) 8 headers in 297 bytes (1 switches on core 0)
2026-07-24 01:02:51.910 8 INFO placement.requestlog [req-a37186e0-9b2a-4dbe-aa3b-fa492d252520 req-7f0b3e4a-2f85-4313-9b5c-c2c95bb57b6a d5c9bea12d08466c9b153f30bde29f41 4439e7579601460483ef7b3e6c4eaa38 - - b54837f95c0841d08d95c6b9d3b846ea b54837f95c0841d08d95c6b9d3b846ea] 10.0.0.80 "GET /allocations/43471931-67ff-4fbf-803a-54c9e812de49" status: 200 len: 19 microversion: 1.28 [pid: 8|app: 0|req: 323/649] 10.0.0.80 () {34 vars in 860 bytes} [Fri Jul 24 01:02:51 2026] GET /allocations/43471931-67ff-4fbf-803a-54c9e812de49 => generated 19 bytes in 28 msecs (HTTP/1.1 200) 8 headers in 295 bytes (1 switches on core 0)
2026-07-24 01:02:52.003 7 INFO placement.requestlog [req-a37186e0-9b2a-4dbe-aa3b-fa492d252520 req-f19acbaa-9fc2-4fc6-a28f-61ff96544fe5 d5c9bea12d08466c9b153f30bde29f41 4439e7579601460483ef7b3e6c4eaa38 - - b54837f95c0841d08d95c6b9d3b846ea b54837f95c0841d08d95c6b9d3b846ea] 10.0.0.80 "PUT /allocations/43471931-67ff-4fbf-803a-54c9e812de49" status: 204 len: 0 microversion: 1.36 [pid: 7|app: 0|req: 327/650] 10.0.0.80 () {38 vars in 913 bytes} [Fri Jul 24 01:02:51 2026] PUT /allocations/43471931-67ff-4fbf-803a-54c9e812de49 => generated 0 bytes in 78 msecs (HTTP/1.1 204) 5 headers in 199 bytes (1 switches on core 0)
2026-07-24 01:02:52.292 8 INFO placement.requestlog [None req-9a6103bf-a88d-4ddc-9589-d629e9f847d7 bb5b818b41894523a5735c29c89a88ed 4439e7579601460483ef7b3e6c4eaa38 - - b54837f95c0841d08d95c6b9d3b846ea b54837f95c0841d08d95c6b9d3b846ea] 10.0.0.128 "GET /resource_providers/d9cfd87d-7bb8-4636-9ead-dded9a52a98e/aggregates" status: 404 len: 235 microversion: 1.1 [pid: 8|app: 0|req: 324/651] 10.0.0.128 () {32 vars in 816 bytes} [Fri Jul 24 01:02:52 2026] GET /resource_providers/d9cfd87d-7bb8-4636-9ead-dded9a52a98e/aggregates => generated 235 bytes in 14 msecs (HTTP/1.1 404) 5 headers in 202 bytes (1 switches on core 0)
2026-07-24 01:02:52.321 7 INFO placement.requestlog [None req-ed7da421-6a7c-42bc-9e63-67e61257ab14 bb5b818b41894523a5735c29c89a88ed 4439e7579601460483ef7b3e6c4eaa38 - - b54837f95c0841d08d95c6b9d3b846ea b54837f95c0841d08d95c6b9d3b846ea] 10.0.0.128 "GET /resource_providers/d9cfd87d-7bb8-4636-9ead-dded9a52a98e/aggregates" status: 404 len: 235 microversion: 1.1 [pid: 7|app: 0|req: 328/652] 10.0.0.128 () {32 vars in 816 bytes} [Fri Jul 24 01:02:52 2026] GET /resource_providers/d9cfd87d-7bb8-4636-9ead-dded9a52a98e/aggregates => generated 235 bytes in 43 msecs (HTTP/1.1 404) 5 headers in 202 bytes (1 switches on core 0)
2026-07-24 01:02:52.323 8 INFO placement.requestlog [None req-e6aedcf1-7b51-43e5-8c14-efc3cf77a72c bb5b818b41894523a5735c29c89a88ed 4439e7579601460483ef7b3e6c4eaa38 - - b54837f95c0841d08d95c6b9d3b846ea b54837f95c0841d08d95c6b9d3b846ea] 10.0.0.128 "DELETE /resource_providers/d9cfd87d-7bb8-4636-9ead-dded9a52a98e" status: 404 len: 246 microversion: 1.1 [pid: 8|app: 0|req: 325/653] 10.0.0.128 () {34 vars in 816 bytes} [Fri Jul 24 01:02:52 2026] DELETE /resource_providers/d9cfd87d-7bb8-4636-9ead-dded9a52a98e => generated 246 bytes in 24 msecs (HTTP/1.1 404) 6 headers in 231 bytes (1 switches on core 0)
2026-07-24 01:02:52.346 7 INFO placement.requestlog [None req-8fddccb4-3577-4a0b-b576-377974c390ad bb5b818b41894523a5735c29c89a88ed 4439e7579601460483ef7b3e6c4eaa38 - - b54837f95c0841d08d95c6b9d3b846ea b54837f95c0841d08d95c6b9d3b846ea] 10.0.0.128 "DELETE /resource_providers/d9cfd87d-7bb8-4636-9ead-dded9a52a98e" status: 404 len: 246 microversion: 1.1 [pid: 7|app: 0|req: 329/654] 10.0.0.128 () {34 vars in 816 bytes} [Fri Jul 24 01:02:52 2026] DELETE /resource_providers/d9cfd87d-7bb8-4636-9ead-dded9a52a98e => generated 246 bytes in 14 msecs (HTTP/1.1 404) 6 headers in 231 bytes (1 switches on core 0)
2026-07-24 01:02:52.473 8 INFO placement.requestlog [req-a37186e0-9b2a-4dbe-aa3b-fa492d252520 req-08983fda-ec44-42cc-ad67-c12d1d88490e d5c9bea12d08466c9b153f30bde29f41 4439e7579601460483ef7b3e6c4eaa38 - - b54837f95c0841d08d95c6b9d3b846ea b54837f95c0841d08d95c6b9d3b846ea] 199.204.45.89 "GET /allocations/43471931-67ff-4fbf-803a-54c9e812de49" status: 200 len: 257 microversion: 1.28 [pid: 8|app: 0|req: 326/655] 199.204.45.89 () {34 vars in 862 bytes} [Fri Jul 24 01:02:52 2026] GET /allocations/43471931-67ff-4fbf-803a-54c9e812de49 => generated 257 bytes in 35 msecs (HTTP/1.1 200) 8 headers in 296 bytes (1 switches on core 0)
2026-07-24 01:02:52.655 7 INFO placement.requestlog [req-a37186e0-9b2a-4dbe-aa3b-fa492d252520 req-7a28530e-e12b-4e9c-81de-6cc18a074a8f d5c9bea12d08466c9b153f30bde29f41 4439e7579601460483ef7b3e6c4eaa38 - - b54837f95c0841d08d95c6b9d3b846ea b54837f95c0841d08d95c6b9d3b846ea] 199.204.45.89 "GET /resource_providers/80e25d5b-b52b-4138-a34b-0b344f9547c1/allocations" status: 200 len: 352 microversion: 1.0 [pid: 7|app: 0|req: 330/656] 199.204.45.89 () {32 vars in 856 bytes} [Fri Jul 24 01:02:52 2026] GET /resource_providers/80e25d5b-b52b-4138-a34b-0b344f9547c1/allocations => generated 352 bytes in 31 msecs (HTTP/1.1 200) 6 headers in 224 bytes (1 switches on core 0)
2026-07-24 01:02:52.690 8 INFO placement.requestlog [req-a37186e0-9b2a-4dbe-aa3b-fa492d252520 req-c1712041-88ea-491d-99b7-c7c9d831438a d5c9bea12d08466c9b153f30bde29f41 4439e7579601460483ef7b3e6c4eaa38 - - b54837f95c0841d08d95c6b9d3b846ea b54837f95c0841d08d95c6b9d3b846ea] 199.204.45.89 "GET /allocations/fbac6e4d-8479-45a4-917f-7d4b49502e45" status: 200 len: 257 microversion: 1.28 [pid: 8|app: 0|req: 327/657] 199.204.45.89 () {34 vars in 862 bytes} [Fri Jul 24 01:02:52 2026] GET /allocations/fbac6e4d-8479-45a4-917f-7d4b49502e45 => generated 257 bytes in 21 msecs (HTTP/1.1 200) 8 headers in 296 bytes (1 switches on core 0)
2026-07-24 01:02:52.721 7 INFO placement.requestlog [req-a37186e0-9b2a-4dbe-aa3b-fa492d252520 req-a60b7c12-9062-4bcb-89cf-c41c06d8160c d5c9bea12d08466c9b153f30bde29f41 4439e7579601460483ef7b3e6c4eaa38 - - b54837f95c0841d08d95c6b9d3b846ea b54837f95c0841d08d95c6b9d3b846ea] 199.204.45.89 "GET /allocations/43471931-67ff-4fbf-803a-54c9e812de49" status: 200 len: 257 microversion: 1.28 [pid: 7|app: 0|req: 331/658] 199.204.45.89 () {34 vars in 862 bytes} [Fri Jul 24 01:02:52 2026] GET /allocations/43471931-67ff-4fbf-803a-54c9e812de49 => generated 257 bytes in 21 msecs (HTTP/1.1 200) 8 headers in 296 bytes (1 switches on core 0)
2026-07-24 01:02:52.758 8 INFO placement.requestlog [req-a37186e0-9b2a-4dbe-aa3b-fa492d252520 req-827f7401-6ae1-4864-a3b6-065dbf7f26a2 d5c9bea12d08466c9b153f30bde29f41 4439e7579601460483ef7b3e6c4eaa38 - - b54837f95c0841d08d95c6b9d3b846ea b54837f95c0841d08d95c6b9d3b846ea] 199.204.45.89 "GET /allocations/a54bbf99-ef1d-45de-8e2e-8a519ef9a07c" status: 200 len: 257 microversion: 1.28 [pid: 8|app: 0|req: 328/659] 199.204.45.89 () {34 vars in 862 bytes} [Fri Jul 24 01:02:52 2026] GET /allocations/a54bbf99-ef1d-45de-8e2e-8a519ef9a07c => generated 257 bytes in 27 msecs (HTTP/1.1 200) 8 headers in 296 bytes (1 switches on core 0)
2026-07-24 01:02:59.369 7 INFO placement.requestlog [None req-f000bbe6-ee62-4013-b33d-879b9b3b42ed - - - - - -] 10.0.0.79 "GET /" status: 200 len: 136 microversion: 1.0
2026-07-24 01:02:59.371 8 INFO placement.requestlog [None req-9479fdf0-4b66-4a14-8405-007cd6886b33 - - - - - -] 10.0.0.79 "GET /" status: 200 len: 136 microversion: 1.0
2026-07-24 01:02:59.434 7 INFO placement.requestlog [req-389037d3-3bad-45e0-a952-fa1a4e1c9dac req-e9800fa0-a150-425c-990a-74aec6db2234 d5c9bea12d08466c9b153f30bde29f41 4439e7579601460483ef7b3e6c4eaa38 - - b54837f95c0841d08d95c6b9d3b846ea b54837f95c0841d08d95c6b9d3b846ea] 199.204.45.89 "GET /resource_providers/80e25d5b-b52b-4138-a34b-0b344f9547c1/allocations" status: 200 len: 352 microversion: 1.0 [pid: 7|app: 0|req: 333/662] 199.204.45.89 () {32 vars in 856 bytes} [Fri Jul 24 01:02:59 2026] GET /resource_providers/80e25d5b-b52b-4138-a34b-0b344f9547c1/allocations => generated 352 bytes in 41 msecs (HTTP/1.1 200) 6 headers in 224 bytes (1 switches on core 0)
2026-07-24 01:02:59.468 8 INFO placement.requestlog [req-389037d3-3bad-45e0-a952-fa1a4e1c9dac req-08f76a68-859e-4f27-a088-5026160e9686 d5c9bea12d08466c9b153f30bde29f41 4439e7579601460483ef7b3e6c4eaa38 - - b54837f95c0841d08d95c6b9d3b846ea b54837f95c0841d08d95c6b9d3b846ea] 199.204.45.89 "GET /allocations/fbac6e4d-8479-45a4-917f-7d4b49502e45" status: 200 len: 257 microversion: 1.28 [pid: 8|app: 0|req: 330/663] 199.204.45.89 () {34 vars in 862 bytes} [Fri Jul 24 01:02:59 2026] GET /allocations/fbac6e4d-8479-45a4-917f-7d4b49502e45 => generated 257 bytes in 23 msecs (HTTP/1.1 200) 8 headers in 296 bytes (1 switches on core 0)
2026-07-24 01:02:59.509 7 INFO placement.requestlog [req-389037d3-3bad-45e0-a952-fa1a4e1c9dac req-01e0ed36-c547-4e5f-987f-25f18f388582 d5c9bea12d08466c9b153f30bde29f41 4439e7579601460483ef7b3e6c4eaa38 - - b54837f95c0841d08d95c6b9d3b846ea b54837f95c0841d08d95c6b9d3b846ea] 199.204.45.89 "GET /allocations/43471931-67ff-4fbf-803a-54c9e812de49" status: 200 len: 257 microversion: 1.28 [pid: 7|app: 0|req: 334/664] 199.204.45.89 () {34 vars in 862 bytes} [Fri Jul 24 01:02:59 2026] GET /allocations/43471931-67ff-4fbf-803a-54c9e812de49 => generated 257 bytes in 30 msecs (HTTP/1.1 200) 8 headers in 296 bytes (1 switches on core 0)
2026-07-24 01:02:59.541 8 INFO placement.requestlog [req-389037d3-3bad-45e0-a952-fa1a4e1c9dac req-49880749-bf82-4863-bc66-79fb0ff0f72a d5c9bea12d08466c9b153f30bde29f41 4439e7579601460483ef7b3e6c4eaa38 - - b54837f95c0841d08d95c6b9d3b846ea b54837f95c0841d08d95c6b9d3b846ea] 199.204.45.89 "GET /allocations/a54bbf99-ef1d-45de-8e2e-8a519ef9a07c" status: 200 len: 257 microversion: 1.28 [pid: 8|app: 0|req: 331/665] 199.204.45.89 () {34 vars in 862 bytes} [Fri Jul 24 01:02:59 2026] GET /allocations/a54bbf99-ef1d-45de-8e2e-8a519ef9a07c => generated 257 bytes in 21 msecs (HTTP/1.1 200) 8 headers in 296 bytes (1 switches on core 0)
2026-07-24 01:02:59.633 7 INFO placement.requestlog [req-389037d3-3bad-45e0-a952-fa1a4e1c9dac req-dcee7444-46f0-4086-b3b3-3ebe32d204c6 d5c9bea12d08466c9b153f30bde29f41 4439e7579601460483ef7b3e6c4eaa38 - - b54837f95c0841d08d95c6b9d3b846ea b54837f95c0841d08d95c6b9d3b846ea] 199.204.45.89 "DELETE /allocations/a54bbf99-ef1d-45de-8e2e-8a519ef9a07c" status: 204 len: 0 microversion: 1.0 [pid: 7|app: 0|req: 335/666] 199.204.45.89 () {34 vars in 840 bytes} [Fri Jul 24 01:02:59 2026] DELETE /allocations/a54bbf99-ef1d-45de-8e2e-8a519ef9a07c => generated 0 bytes in 57 msecs (HTTP/1.1 204) 5 headers in 198 bytes (1 switches on core 0)
2026-07-24 01:03:04.758 8 INFO placement.requestlog [None req-d9f21ca6-6eab-49b8-8c86-62f718ffede4 bb5b818b41894523a5735c29c89a88ed 4439e7579601460483ef7b3e6c4eaa38 - - b54837f95c0841d08d95c6b9d3b846ea b54837f95c0841d08d95c6b9d3b846ea] 10.0.0.128 "GET /resource_providers/e3bb1e4d-676f-4f94-8bcf-4b406b0cf1e1/aggregates" status: 404 len: 235 microversion: 1.1 [pid: 8|app: 0|req: 332/667] 10.0.0.128 () {32 vars in 816 bytes} [Fri Jul 24 01:03:04 2026] GET /resource_providers/e3bb1e4d-676f-4f94-8bcf-4b406b0cf1e1/aggregates => generated 235 bytes in 209 msecs (HTTP/1.1 404) 5 headers in 202 bytes (1 switches on core 0)
2026-07-24 01:03:04.785 8 INFO placement.requestlog [req-4852f7e9-5098-420e-9219-9c8baa30592a req-e6f8470d-2fc6-485e-acba-cec835224732 d5c9bea12d08466c9b153f30bde29f41 4439e7579601460483ef7b3e6c4eaa38 - - b54837f95c0841d08d95c6b9d3b846ea b54837f95c0841d08d95c6b9d3b846ea] 199.204.45.89 "GET /resource_providers/80e25d5b-b52b-4138-a34b-0b344f9547c1/allocations" status: 200 len: 252 microversion: 1.0 [pid: 8|app: 0|req: 333/668] 199.204.45.89 () {32 vars in 856 bytes} [Fri Jul 24 01:03:04 2026] GET /resource_providers/80e25d5b-b52b-4138-a34b-0b344f9547c1/allocations => generated 252 bytes in 22 msecs (HTTP/1.1 200) 6 headers in 224 bytes (1 switches on core 0)
2026-07-24 01:03:04.793 7 INFO placement.requestlog [None req-a0dae5fa-492c-4bc8-a85e-3de4c1148067 bb5b818b41894523a5735c29c89a88ed 4439e7579601460483ef7b3e6c4eaa38 - - b54837f95c0841d08d95c6b9d3b846ea b54837f95c0841d08d95c6b9d3b846ea] 10.0.0.128 "GET /resource_providers/e3bb1e4d-676f-4f94-8bcf-4b406b0cf1e1/aggregates" status: 404 len: 235 microversion: 1.1 [pid: 7|app: 0|req: 336/669] 10.0.0.128 () {32 vars in 816 bytes} [Fri Jul 24 01:03:04 2026] GET /resource_providers/e3bb1e4d-676f-4f94-8bcf-4b406b0cf1e1/aggregates => generated 235 bytes in 218 msecs (HTTP/1.1 404) 5 headers in 202 bytes (1 switches on core 0)
2026-07-24 01:03:04.795 8 INFO placement.requestlog [None req-5f9f4737-8b7b-40c0-8376-ee02598d0c01 bb5b818b41894523a5735c29c89a88ed 4439e7579601460483ef7b3e6c4eaa38 - - b54837f95c0841d08d95c6b9d3b846ea b54837f95c0841d08d95c6b9d3b846ea] 10.0.0.128 "DELETE /resource_providers/e3bb1e4d-676f-4f94-8bcf-4b406b0cf1e1" status: 404 len: 246 microversion: 1.1 [pid: 8|app: 0|req: 334/670] 10.0.0.128 () {34 vars in 816 bytes} [Fri Jul 24 01:03:04 2026] DELETE /resource_providers/e3bb1e4d-676f-4f94-8bcf-4b406b0cf1e1 => generated 246 bytes in 9 msecs (HTTP/1.1 404) 6 headers in 231 bytes (1 switches on core 0)
2026-07-24 01:03:04.807 7 INFO placement.requestlog [req-4852f7e9-5098-420e-9219-9c8baa30592a req-b5b133f6-632a-43a8-8837-009e404b4ed6 d5c9bea12d08466c9b153f30bde29f41 4439e7579601460483ef7b3e6c4eaa38 - - b54837f95c0841d08d95c6b9d3b846ea b54837f95c0841d08d95c6b9d3b846ea] 199.204.45.89 "GET /allocations/fbac6e4d-8479-45a4-917f-7d4b49502e45" status: 200 len: 257 microversion: 1.28 [pid: 7|app: 0|req: 337/671] 199.204.45.89 () {34 vars in 862 bytes} [Fri Jul 24 01:03:04 2026] GET /allocations/fbac6e4d-8479-45a4-917f-7d4b49502e45 => generated 257 bytes in 13 msecs (HTTP/1.1 200) 8 headers in 296 bytes (1 switches on core 0)
2026-07-24 01:03:04.832 7 INFO placement.requestlog [None req-81a6c6b1-0674-4fd9-8640-e8c86d0dfc9a bb5b818b41894523a5735c29c89a88ed 4439e7579601460483ef7b3e6c4eaa38 - - b54837f95c0841d08d95c6b9d3b846ea b54837f95c0841d08d95c6b9d3b846ea] 10.0.0.128 "DELETE /resource_providers/e3bb1e4d-676f-4f94-8bcf-4b406b0cf1e1" status: 404 len: 246 microversion: 1.1 [pid: 7|app: 0|req: 338/672] 10.0.0.128 () {34 vars in 816 bytes} [Fri Jul 24 01:03:04 2026] DELETE /resource_providers/e3bb1e4d-676f-4f94-8bcf-4b406b0cf1e1 => generated 246 bytes in 12 msecs (HTTP/1.1 404) 6 headers in 231 bytes (1 switches on core 0)
2026-07-24 01:03:04.844 8 INFO placement.requestlog [req-4852f7e9-5098-420e-9219-9c8baa30592a req-e7cde323-a79d-4f47-93b4-8aa8633b091d d5c9bea12d08466c9b153f30bde29f41 4439e7579601460483ef7b3e6c4eaa38 - - b54837f95c0841d08d95c6b9d3b846ea b54837f95c0841d08d95c6b9d3b846ea] 199.204.45.89 "GET /allocations/43471931-67ff-4fbf-803a-54c9e812de49" status: 200 len: 257 microversion: 1.28 [pid: 8|app: 0|req: 335/673] 199.204.45.89 () {34 vars in 862 bytes} [Fri Jul 24 01:03:04 2026] GET /allocations/43471931-67ff-4fbf-803a-54c9e812de49 => generated 257 bytes in 26 msecs (HTTP/1.1 200) 8 headers in 296 bytes (1 switches on core 0)
2026-07-24 01:03:04.915 7 INFO placement.requestlog [req-4852f7e9-5098-420e-9219-9c8baa30592a req-9881503f-8e83-41e8-8e46-ab90fdc562b1 d5c9bea12d08466c9b153f30bde29f41 4439e7579601460483ef7b3e6c4eaa38 - - b54837f95c0841d08d95c6b9d3b846ea b54837f95c0841d08d95c6b9d3b846ea] 199.204.45.89 "DELETE /allocations/fbac6e4d-8479-45a4-917f-7d4b49502e45" status: 204 len: 0 microversion: 1.0 [pid: 7|app: 0|req: 339/674] 199.204.45.89 () {34 vars in 840 bytes} [Fri Jul 24 01:03:04 2026] DELETE /allocations/fbac6e4d-8479-45a4-917f-7d4b49502e45 => generated 0 bytes in 35 msecs (HTTP/1.1 204) 5 headers in 198 bytes (1 switches on core 0)
2026-07-24 01:03:05.392 8 INFO placement.requestlog [None req-da106fe7-c810-4221-a210-d7af108d710f bb5b818b41894523a5735c29c89a88ed 4439e7579601460483ef7b3e6c4eaa38 - - b54837f95c0841d08d95c6b9d3b846ea b54837f95c0841d08d95c6b9d3b846ea] 10.0.0.128 "GET /resource_providers/fdd5c9bd-4711-4b9b-8665-7a1c94fcd024/aggregates" status: 404 len: 235 microversion: 1.1 [pid: 8|app: 0|req: 336/675] 10.0.0.128 () {32 vars in 816 bytes} [Fri Jul 24 01:03:05 2026] GET /resource_providers/fdd5c9bd-4711-4b9b-8665-7a1c94fcd024/aggregates => generated 235 bytes in 24 msecs (HTTP/1.1 404) 5 headers in 202 bytes (1 switches on core 0)
2026-07-24 01:03:05.395 7 INFO placement.requestlog [None req-b1b91393-04fd-41f9-9c3c-6378ff9472f6 bb5b818b41894523a5735c29c89a88ed 4439e7579601460483ef7b3e6c4eaa38 - - b54837f95c0841d08d95c6b9d3b846ea b54837f95c0841d08d95c6b9d3b846ea] 10.0.0.128 "GET /resource_providers/fdd5c9bd-4711-4b9b-8665-7a1c94fcd024/aggregates" status: 404 len: 235 microversion: 1.1 [pid: 7|app: 0|req: 340/676] 10.0.0.128 () {32 vars in 816 bytes} [Fri Jul 24 01:03:05 2026] GET /resource_providers/fdd5c9bd-4711-4b9b-8665-7a1c94fcd024/aggregates => generated 235 bytes in 21 msecs (HTTP/1.1 404) 5 headers in 202 bytes (1 switches on core 0)
2026-07-24 01:03:05.432 7 INFO placement.requestlog [None req-10a5f05c-5873-4c46-90ea-c2587335a30f bb5b818b41894523a5735c29c89a88ed 4439e7579601460483ef7b3e6c4eaa38 - - b54837f95c0841d08d95c6b9d3b846ea b54837f95c0841d08d95c6b9d3b846ea] 10.0.0.128 "DELETE /resource_providers/fdd5c9bd-4711-4b9b-8665-7a1c94fcd024" status: 404 len: 246 microversion: 1.1 [pid: 7|app: 0|req: 341/677] 10.0.0.128 () {34 vars in 816 bytes} [Fri Jul 24 01:03:05 2026] DELETE /resource_providers/fdd5c9bd-4711-4b9b-8665-7a1c94fcd024 => generated 246 bytes in 9 msecs (HTTP/1.1 404) 6 headers in 231 bytes (1 switches on core 0)
2026-07-24 01:03:05.433 8 INFO placement.requestlog [None req-cb38a962-e31a-465a-b9a4-27d3ed80b797 bb5b818b41894523a5735c29c89a88ed 4439e7579601460483ef7b3e6c4eaa38 - - b54837f95c0841d08d95c6b9d3b846ea b54837f95c0841d08d95c6b9d3b846ea] 10.0.0.128 "DELETE /resource_providers/fdd5c9bd-4711-4b9b-8665-7a1c94fcd024" status: 404 len: 246 microversion: 1.1 [pid: 8|app: 0|req: 337/678] 10.0.0.128 () {34 vars in 816 bytes} [Fri Jul 24 01:03:05 2026] DELETE /resource_providers/fdd5c9bd-4711-4b9b-8665-7a1c94fcd024 => generated 246 bytes in 12 msecs (HTTP/1.1 404) 6 headers in 231 bytes (1 switches on core 0)
2026-07-24 01:03:09.249 7 INFO placement.requestlog [None req-1037223c-2656-43c3-8390-b7954ee5abfe bb5b818b41894523a5735c29c89a88ed 4439e7579601460483ef7b3e6c4eaa38 - - b54837f95c0841d08d95c6b9d3b846ea b54837f95c0841d08d95c6b9d3b846ea] 10.0.0.128 "GET /resource_providers/2e4a08aa-6dc7-45a1-9a6f-77d0116b3677/aggregates" status: 404 len: 235 microversion: 1.1 [pid: 7|app: 0|req: 342/679] 10.0.0.128 () {32 vars in 816 bytes} [Fri Jul 24 01:03:09 2026] GET /resource_providers/2e4a08aa-6dc7-45a1-9a6f-77d0116b3677/aggregates => generated 235 bytes in 15 msecs (HTTP/1.1 404) 5 headers in 202 bytes (1 switches on core 0)
2026-07-24 01:03:09.256 8 INFO placement.requestlog [None req-9a7aea37-da10-4c3b-8a87-ae86aadd18c0 bb5b818b41894523a5735c29c89a88ed 4439e7579601460483ef7b3e6c4eaa38 - - b54837f95c0841d08d95c6b9d3b846ea b54837f95c0841d08d95c6b9d3b846ea] 10.0.0.128 "GET /resource_providers/2e4a08aa-6dc7-45a1-9a6f-77d0116b3677/aggregates" status: 404 len: 235 microversion: 1.1 [pid: 8|app: 0|req: 338/680] 10.0.0.128 () {32 vars in 816 bytes} [Fri Jul 24 01:03:09 2026] GET /resource_providers/2e4a08aa-6dc7-45a1-9a6f-77d0116b3677/aggregates => generated 235 bytes in 16 msecs (HTTP/1.1 404) 5 headers in 202 bytes (1 switches on core 0)
2026-07-24 01:03:09.275 7 INFO placement.requestlog [None req-5af345b3-84cd-4d27-9a52-24d4f2667668 bb5b818b41894523a5735c29c89a88ed 4439e7579601460483ef7b3e6c4eaa38 - - b54837f95c0841d08d95c6b9d3b846ea b54837f95c0841d08d95c6b9d3b846ea] 10.0.0.128 "DELETE /resource_providers/2e4a08aa-6dc7-45a1-9a6f-77d0116b3677" status: 404 len: 246 microversion: 1.1 [pid: 7|app: 0|req: 343/681] 10.0.0.128 () {34 vars in 816 bytes} [Fri Jul 24 01:03:09 2026] DELETE /resource_providers/2e4a08aa-6dc7-45a1-9a6f-77d0116b3677 => generated 246 bytes in 11 msecs (HTTP/1.1 404) 6 headers in 231 bytes (1 switches on core 0)
2026-07-24 01:03:09.292 8 INFO placement.requestlog [None req-222c1c38-7b85-413b-a583-06ca44710174 bb5b818b41894523a5735c29c89a88ed 4439e7579601460483ef7b3e6c4eaa38 - - b54837f95c0841d08d95c6b9d3b846ea b54837f95c0841d08d95c6b9d3b846ea] 10.0.0.128 "DELETE /resource_providers/2e4a08aa-6dc7-45a1-9a6f-77d0116b3677" status: 404 len: 246 microversion: 1.1 [pid: 8|app: 0|req: 339/682] 10.0.0.128 () {34 vars in 816 bytes} [Fri Jul 24 01:03:09 2026] DELETE /resource_providers/2e4a08aa-6dc7-45a1-9a6f-77d0116b3677 => generated 246 bytes in 14 msecs (HTTP/1.1 404) 6 headers in 231 bytes (1 switches on core 0)
2026-07-24 01:03:09.367 7 INFO placement.requestlog [None req-b53733c4-dd1a-4aa8-97bd-b93c405b4cf1 bb5b818b41894523a5735c29c89a88ed 4439e7579601460483ef7b3e6c4eaa38 - - b54837f95c0841d08d95c6b9d3b846ea b54837f95c0841d08d95c6b9d3b846ea] 10.0.0.128 "GET /resource_providers/bb75905f-6d46-4ff2-9249-c715118ca155/aggregates" status: 404 len: 235 microversion: 1.1 [pid: 7|app: 0|req: 344/683] 10.0.0.128 () {32 vars in 816 bytes} [Fri Jul 24 01:03:09 2026] GET /resource_providers/bb75905f-6d46-4ff2-9249-c715118ca155/aggregates => generated 235 bytes in 17 msecs (HTTP/1.1 404) 5 headers in 202 bytes (1 switches on core 0)
2026-07-24 01:03:09.370 7 INFO placement.requestlog [None req-aadcb5f1-48ef-4109-b089-e582f0ec6f81 - - - - - -] 10.0.0.79 "GET /" status: 200 len: 136 microversion: 1.0
2026-07-24 01:03:09.371 7 INFO placement.requestlog [None req-189144e8-aab6-45fa-a3cc-09cfce56041e - - - - - -] 10.0.0.79 "GET /" status: 200 len: 136 microversion: 1.0
2026-07-24 01:03:09.375 8 INFO placement.requestlog [None req-1ce4674c-3f75-491d-8655-7478deb22ce1 bb5b818b41894523a5735c29c89a88ed 4439e7579601460483ef7b3e6c4eaa38 - - b54837f95c0841d08d95c6b9d3b846ea b54837f95c0841d08d95c6b9d3b846ea] 10.0.0.128 "GET /resource_providers/bb75905f-6d46-4ff2-9249-c715118ca155/aggregates" status: 404 len: 235 microversion: 1.1 [pid: 8|app: 0|req: 340/686] 10.0.0.128 () {32 vars in 816 bytes} [Fri Jul 24 01:03:09 2026] GET /resource_providers/bb75905f-6d46-4ff2-9249-c715118ca155/aggregates => generated 235 bytes in 16 msecs (HTTP/1.1 404) 5 headers in 202 bytes (1 switches on core 0)
2026-07-24 01:03:09.400 7 INFO placement.requestlog [None req-1c382186-5868-486d-86da-1ccac63369d3 bb5b818b41894523a5735c29c89a88ed 4439e7579601460483ef7b3e6c4eaa38 - - b54837f95c0841d08d95c6b9d3b846ea b54837f95c0841d08d95c6b9d3b846ea] 10.0.0.128 "DELETE /resource_providers/bb75905f-6d46-4ff2-9249-c715118ca155" status: 404 len: 246 microversion: 1.1 [pid: 7|app: 0|req: 347/687] 10.0.0.128 () {34 vars in 816 bytes} [Fri Jul 24 01:03:09 2026] DELETE /resource_providers/bb75905f-6d46-4ff2-9249-c715118ca155 => generated 246 bytes in 11 msecs (HTTP/1.1 404) 6 headers in 231 bytes (1 switches on core 0)
2026-07-24 01:03:09.403 8 INFO placement.requestlog [None req-321549c9-97b2-4458-9eaa-6101ee0b9657 bb5b818b41894523a5735c29c89a88ed 4439e7579601460483ef7b3e6c4eaa38 - - b54837f95c0841d08d95c6b9d3b846ea b54837f95c0841d08d95c6b9d3b846ea] 10.0.0.128 "DELETE /resource_providers/bb75905f-6d46-4ff2-9249-c715118ca155" status: 404 len: 246 microversion: 1.1 [pid: 8|app: 0|req: 341/688] 10.0.0.128 () {34 vars in 816 bytes} [Fri Jul 24 01:03:09 2026] DELETE /resource_providers/bb75905f-6d46-4ff2-9249-c715118ca155 => generated 246 bytes in 12 msecs (HTTP/1.1 404) 6 headers in 231 bytes (1 switches on core 0)
2026-07-24 01:03:11.732 7 INFO placement.requestlog [None req-d734b5b9-b22a-48e6-bd74-8d2306b0bcdd bb5b818b41894523a5735c29c89a88ed 4439e7579601460483ef7b3e6c4eaa38 - - b54837f95c0841d08d95c6b9d3b846ea b54837f95c0841d08d95c6b9d3b846ea] 10.0.0.128 "GET /resource_providers/9fc4ab15-d52b-4110-acac-ebf5d9048f46/aggregates" status: 404 len: 235 microversion: 1.1 [pid: 7|app: 0|req: 348/689] 10.0.0.128 () {32 vars in 816 bytes} [Fri Jul 24 01:03:11 2026] GET /resource_providers/9fc4ab15-d52b-4110-acac-ebf5d9048f46/aggregates => generated 235 bytes in 14 msecs (HTTP/1.1 404) 5 headers in 202 bytes (1 switches on core 0)
2026-07-24 01:03:11.743 8 INFO placement.requestlog [None req-4531b110-861a-40ea-80d7-1deb4532e473 bb5b818b41894523a5735c29c89a88ed 4439e7579601460483ef7b3e6c4eaa38 - - b54837f95c0841d08d95c6b9d3b846ea b54837f95c0841d08d95c6b9d3b846ea] 10.0.0.128 "GET /resource_providers/9fc4ab15-d52b-4110-acac-ebf5d9048f46/aggregates" status: 404 len: 235 microversion: 1.1 [pid: 8|app: 0|req: 342/690] 10.0.0.128 () {32 vars in 816 bytes} [Fri Jul 24 01:03:11 2026] GET /resource_providers/9fc4ab15-d52b-4110-acac-ebf5d9048f46/aggregates => generated 235 bytes in 19 msecs (HTTP/1.1 404) 5 headers in 202 bytes (1 switches on core 0)
2026-07-24 01:03:11.773 8 INFO placement.requestlog [None req-0808828e-8b88-4cce-91ca-2377501530cc bb5b818b41894523a5735c29c89a88ed 4439e7579601460483ef7b3e6c4eaa38 - - b54837f95c0841d08d95c6b9d3b846ea b54837f95c0841d08d95c6b9d3b846ea] 10.0.0.128 "DELETE /resource_providers/9fc4ab15-d52b-4110-acac-ebf5d9048f46" status: 404 len: 246 microversion: 1.1
