2026-03-04 03:46:31.010 7 INFO neutron.api.v2.resource [None req-0d921af4-cac5-411a-8206-bf80ad1d338f 2b426b9cc79a4158b2177407057407c1 aa71072fae5149eeb5d9bf2eb5247cd4 - - default default] delete failed (client error): The resource could not be found. [pid: 7|app: 0|req: 1898/3466] 10.0.0.158 () {32 vars in 754 bytes} [Wed Mar 4 03:46:30 2026] DELETE /v2.0/floatingips/71268193-64da-4c2b-b778-da28fd173876/tags/green => generated 99 bytes in 45 msecs (HTTP/1.1 404) 4 headers in 163 bytes (1 switches on core 0) /var/lib/openstack/lib/python3.12/site-packages/pycadf/identifier.py:70: UserWarning: Invalid uuid: neutron. To ensure interoperability, identifiers should be a valid uuid. warnings.warn(('Invalid uuid: %s. To ensure interoperability, ' [pid: 7|app: 0|req: 1899/3467] 10.0.0.103 () {34 vars in 990 bytes} [Wed Mar 4 03:46:31 2026] GET /v2.0/ports?device_id=2d3e8182-3865-4709-8129-12e42dcb4516 => generated 1200 bytes in 77 msecs (HTTP/1.1 200) 4 headers in 158 bytes (1 switches on core 0) [pid: 7|app: 0|req: 1900/3468] 10.0.0.103 () {34 vars in 1040 bytes} [Wed Mar 4 03:46:31 2026] GET /v2.0/security-groups?id=1979bff3-71a5-4f6d-a723-8419371e187c&fields=id&fields=name => generated 109 bytes in 38 msecs (HTTP/1.1 200) 4 headers in 157 bytes (1 switches on core 0) [pid: 7|app: 0|req: 1901/3469] 199.19.213.215 () {34 vars in 1080 bytes} [Wed Mar 4 03:46:31 2026] GET /v2.0/ports?tenant_id=6d93cd13ebb047eb9a61a047bf95e131&device_id=2d3e8182-3865-4709-8129-12e42dcb4516 => generated 1438 bytes in 42 msecs (HTTP/1.1 200) 4 headers in 158 bytes (1 switches on core 0) [pid: 7|app: 0|req: 1902/3470] 199.19.213.215 () {34 vars in 986 bytes} [Wed Mar 4 03:46:31 2026] GET /v2.0/networks?id=c933644e-7e0b-4ed8-998b-2844c8b2c3a9 => generated 841 bytes in 49 msecs (HTTP/1.1 200) 4 headers in 157 bytes (1 switches on core 0) [pid: 8|app: 0|req: 1569/3471] 10.0.0.158 () {32 vars in 742 bytes} [Wed Mar 4 03:46:31 2026] DELETE /v2.0/floatingips/71268193-64da-4c2b-b778-da28fd173876/tags => generated 0 bytes in 519 msecs (HTTP/1.1 204) 2 headers in 112 bytes (1 switches on core 0) [pid: 7|app: 0|req: 1903/3472] 199.19.213.215 () {34 vars in 1058 bytes} [Wed Mar 4 03:46:31 2026] GET /v2.0/floatingips?fixed_ip_address=10.2.1.203&port_id=55594058-5bea-4631-860e-a1c70128ea96 => generated 19 bytes in 24 msecs (HTTP/1.1 200) 4 headers in 156 bytes (1 switches on core 0) [pid: 8|app: 0|req: 1570/3473] 10.0.0.158 () {32 vars in 739 bytes} [Wed Mar 4 03:46:31 2026] GET /v2.0/floatingips/71268193-64da-4c2b-b778-da28fd173876/tags => generated 12 bytes in 34 msecs (HTTP/1.1 200) 4 headers in 156 bytes (1 switches on core 0) [pid: 7|app: 0|req: 1904/3474] 199.19.213.215 () {34 vars in 1104 bytes} [Wed Mar 4 03:46:31 2026] GET /v2.0/floatingips?fixed_ip_address=fd7b%3Af9f7%3Afff%3A4eca%3A%3A29f&port_id=55594058-5bea-4631-860e-a1c70128ea96 => generated 19 bytes in 18 msecs (HTTP/1.1 200) 4 headers in 156 bytes (1 switches on core 0) [pid: 8|app: 0|req: 1571/3475] 199.19.213.215 () {34 vars in 1064 bytes} [Wed Mar 4 03:46:31 2026] GET /v2.0/subnets?id=0e37d6be-acd1-4831-8d87-a9a6af5cb94b&id=42c35235-58ca-42e6-8f99-21c17d20a07e => generated 1410 bytes in 29 msecs (HTTP/1.1 200) 4 headers in 158 bytes (1 switches on core 0) [pid: 8|app: 0|req: 1572/3476] 199.19.213.215 () {34 vars in 1052 bytes} [Wed Mar 4 03:46:31 2026] GET /v2.0/ports?network_id=c933644e-7e0b-4ed8-998b-2844c8b2c3a9&device_owner=network%3Adhcp => generated 12 bytes in 17 msecs (HTTP/1.1 200) 4 headers in 156 bytes (1 switches on core 0) [pid: 8|app: 0|req: 1573/3477] 199.19.213.215 () {34 vars in 1052 bytes} [Wed Mar 4 03:46:31 2026] GET /v2.0/ports?network_id=c933644e-7e0b-4ed8-998b-2844c8b2c3a9&device_owner=network%3Adhcp => generated 12 bytes in 19 msecs (HTTP/1.1 200) 4 headers in 156 bytes (1 switches on core 0)
2026-03-04 03:46:31.702 7 INFO neutron_taas.services.taas.taas_plugin [None req-0d0fc37f-8070-4c13-b311-dcc8706cf70c 2b426b9cc79a4158b2177407057407c1 aa71072fae5149eeb5d9bf2eb5247cd4 - - default default] TaaS: Handle Delete Port: 7fa10398-1df3-4d6b-ab3c-65fb535548e2
2026-03-04 03:46:31.705 7 INFO neutron_taas.services.taas.tap_mirror_plugin [None req-0d0fc37f-8070-4c13-b311-dcc8706cf70c 2b426b9cc79a4158b2177407057407c1 aa71072fae5149eeb5d9bf2eb5247cd4 - - default default] Tap Mirror: Handle Delete Port: 7fa10398-1df3-4d6b-ab3c-65fb535548e2 [pid: 8|app: 0|req: 1574/3478] 199.19.213.215 () {34 vars in 1012 bytes} [Wed Mar 4 03:46:31 2026] GET /v2.0/networks/c933644e-7e0b-4ed8-998b-2844c8b2c3a9?fields=segments => generated 14 bytes in 40 msecs (HTTP/1.1 200) 4 headers in 156 bytes (1 switches on core 0) [pid: 8|app: 0|req: 1575/3479] 199.19.213.215 () {34 vars in 1112 bytes} [Wed Mar 4 03:46:31 2026] GET /v2.0/networks/c933644e-7e0b-4ed8-998b-2844c8b2c3a9?fields=provider%3Aphysical_network&fields=provider%3Anetwork_type => generated 79 bytes in 37 msecs (HTTP/1.1 200) 4 headers in 156 bytes (1 switches on core 0) [pid: 7|app: 0|req: 1905/3480] 10.0.0.158 () {32 vars in 732 bytes} [Wed Mar 4 03:46:31 2026] DELETE /v2.0/floatingips/71268193-64da-4c2b-b778-da28fd173876 => generated 0 bytes in 272 msecs (HTTP/1.1 204) 2 headers in 112 bytes (1 switches on core 0)
2026-03-04 03:46:32.133 8 INFO neutron.plugins.ml2.drivers.ovn.mech_driver.mech_driver [None req-de172435-7e49-4f48-9efc-5918d564ca0b - - - - - -] OVN reports status down for port: 55594058-5bea-4631-860e-a1c70128ea96
2026-03-04 03:46:32.272 8 INFO neutron.notifiers.nova [-] Nova event matching ['req-d18e31fe-27db-4d99-b201-4a994d96bf36'] response: {'server_uuid': '2d3e8182-3865-4709-8129-12e42dcb4516', 'name': 'network-vif-unplugged', 'status': 'completed', 'tag': '55594058-5bea-4631-860e-a1c70128ea96', 'code': 200}
2026-03-04 03:46:32.438 8 INFO neutron.db.ovn_revision_numbers_db [None req-de172435-7e49-4f48-9efc-5918d564ca0b - - - - - -] Successfully bumped revision number for resource 55594058-5bea-4631-860e-a1c70128ea96 (type: ports) to 6 /var/lib/openstack/lib/python3.12/site-packages/pycadf/identifier.py:70: UserWarning: Invalid uuid: neutron. To ensure interoperability, identifiers should be a valid uuid. warnings.warn(('Invalid uuid: %s. To ensure interoperability, '
2026-03-04 03:46:32.686 8 INFO neutron.db.ovn_revision_numbers_db [None req-daa73a6f-9e15-4c1e-9245-4d07f5ee4d75 f7b732be928e4bf4810bf360804df10c 463c051aff654882b9c768685eca8d63 - - default default] Successfully bumped revision number for resource 18ed2699-4e24-41a2-9daf-fd8c614cf6c3 (type: security_groups) to 1
2026-03-04 03:46:32.696 8 INFO neutron.db.ovn_revision_numbers_db [None req-daa73a6f-9e15-4c1e-9245-4d07f5ee4d75 f7b732be928e4bf4810bf360804df10c 463c051aff654882b9c768685eca8d63 - - default default] Successfully bumped revision number for resource 2d084af3-25fb-4607-80b9-477fc056b4ea (type: security_group_rules) to 0
2026-03-04 03:46:32.704 8 INFO neutron.db.ovn_revision_numbers_db [None req-daa73a6f-9e15-4c1e-9245-4d07f5ee4d75 f7b732be928e4bf4810bf360804df10c 463c051aff654882b9c768685eca8d63 - - default default] Successfully bumped revision number for resource c1cb6d85-6e36-4e60-b8b2-cd0f4aaee4f6 (type: security_group_rules) to 0
2026-03-04 03:46:32.715 8 INFO neutron.db.ovn_revision_numbers_db [None req-daa73a6f-9e15-4c1e-9245-4d07f5ee4d75 f7b732be928e4bf4810bf360804df10c 463c051aff654882b9c768685eca8d63 - - default default] Successfully bumped revision number for resource d00b2892-8678-47a0-94a0-314a88588ecf (type: security_group_rules) to 0
2026-03-04 03:46:32.724 8 INFO neutron.db.ovn_revision_numbers_db [None req-daa73a6f-9e15-4c1e-9245-4d07f5ee4d75 f7b732be928e4bf4810bf360804df10c 463c051aff654882b9c768685eca8d63 - - default default] Successfully bumped revision number for resource fa528b23-5649-4189-bf84-b0e71b409c1e (type: security_group_rules) to 0 [pid: 8|app: 0|req: 1576/3481] 10.0.0.158 () {32 vars in 774 bytes} [Wed Mar 4 03:46:32 2026] GET /v2.0/security-groups?tenant_id=aa71072fae5149eeb5d9bf2eb5247cd4&name=default => generated 2929 bytes in 290 msecs (HTTP/1.1 200) 4 headers in 158 bytes (1 switches on core 0) [pid: 7|app: 0|req: 1906/3482] 10.0.0.158 () {32 vars in 740 bytes} [Wed Mar 4 03:46:32 2026] DELETE /v2.0/security-groups/18ed2699-4e24-41a2-9daf-fd8c614cf6c3 => generated 0 bytes in 275 msecs (HTTP/1.1 204) 2 headers in 112 bytes (1 switches on core 0)
2026-03-04 03:46:33.281 8 INFO neutron.db.ovn_revision_numbers_db [None req-b4955fcd-fad2-4d4b-90e4-971538117332 f7b732be928e4bf4810bf360804df10c 463c051aff654882b9c768685eca8d63 - - default default] Successfully bumped revision number for resource 5f11ee2c-3087-463a-afd0-f0009b8e131f (type: security_groups) to 1
2026-03-04 03:46:33.295 8 INFO neutron.db.ovn_revision_numbers_db [None req-b4955fcd-fad2-4d4b-90e4-971538117332 f7b732be928e4bf4810bf360804df10c 463c051aff654882b9c768685eca8d63 - - default default] Successfully bumped revision number for resource 06bed806-4016-4d7d-95dd-b48b6d4375e0 (type: security_group_rules) to 0
2026-03-04 03:46:33.305 8 INFO neutron.db.ovn_revision_numbers_db [None req-b4955fcd-fad2-4d4b-90e4-971538117332 f7b732be928e4bf4810bf360804df10c 463c051aff654882b9c768685eca8d63 - - default default] Successfully bumped revision number for resource 30a53ecc-fd2a-4ca4-8b47-2c8147262b0d (type: security_group_rules) to 0
2026-03-04 03:46:33.317 8 INFO neutron.db.ovn_revision_numbers_db [None req-b4955fcd-fad2-4d4b-90e4-971538117332 f7b732be928e4bf4810bf360804df10c 463c051aff654882b9c768685eca8d63 - - default default] Successfully bumped revision number for resource 9f255b72-72bd-4047-9943-1226c1b0b37b (type: security_group_rules) to 0
2026-03-04 03:46:33.328 8 INFO neutron.db.ovn_revision_numbers_db [None req-b4955fcd-fad2-4d4b-90e4-971538117332 f7b732be928e4bf4810bf360804df10c 463c051aff654882b9c768685eca8d63 - - default default] Successfully bumped revision number for resource cccf4a4e-4b52-45b0-9b57-140813a76a43 (type: security_group_rules) to 0 [pid: 7|app: 0|req: 1907/3483] 199.19.213.215 () {34 vars in 994 bytes} [Wed Mar 4 03:46:33 2026] GET /v2.0/ports?device_id=2d3e8182-3865-4709-8129-12e42dcb4516 => generated 1198 bytes in 42 msecs (HTTP/1.1 200) 4 headers in 158 bytes (1 switches on core 0) [pid: 8|app: 0|req: 1577/3484] 10.0.0.158 () {32 vars in 774 bytes} [Wed Mar 4 03:46:33 2026] GET /v2.0/security-groups?tenant_id=214c51a2d34547369a10cac7a926d202&name=default => generated 2929 bytes in 247 msecs (HTTP/1.1 200) 4 headers in 158 bytes (1 switches on core 0)
2026-03-04 03:46:33.467 7 INFO neutron_taas.services.taas.taas_plugin [req-67c185ac-8c8f-4170-886f-878ccb86c5c6 req-bb86b99a-9770-4b52-af56-dd657889c92f 0ea2074e82f044cabf97203db232b6b5 6d93cd13ebb047eb9a61a047bf95e131 - - default default] TaaS: Handle Delete Port: 55594058-5bea-4631-860e-a1c70128ea96
2026-03-04 03:46:33.470 7 INFO neutron_taas.services.taas.tap_mirror_plugin [req-67c185ac-8c8f-4170-886f-878ccb86c5c6 req-bb86b99a-9770-4b52-af56-dd657889c92f 0ea2074e82f044cabf97203db232b6b5 6d93cd13ebb047eb9a61a047bf95e131 - - default default] Tap Mirror: Handle Delete Port: 55594058-5bea-4631-860e-a1c70128ea96 [pid: 8|app: 0|req: 1578/3485] 10.0.0.158 () {32 vars in 740 bytes} [Wed Mar 4 03:46:33 2026] DELETE /v2.0/security-groups/5f11ee2c-3087-463a-afd0-f0009b8e131f => generated 0 bytes in 277 msecs (HTTP/1.1 204) 2 headers in 112 bytes (1 switches on core 0) [pid: 7|app: 0|req: 1908/3486] 199.19.213.215 () {36 vars in 997 bytes} [Wed Mar 4 03:46:33 2026] DELETE /v2.0/ports/55594058-5bea-4631-860e-a1c70128ea96 => generated 0 bytes in 345 msecs (HTTP/1.1 204) 3 headers in 131 bytes (1 switches on core 0)
2026-03-04 03:46:33.739 7 INFO neutron.notifiers.nova [-] Nova event matching ['req-5203d1b6-daf9-43f8-a2b8-c4ffada2c2fd'] response: {'server_uuid': '2d3e8182-3865-4709-8129-12e42dcb4516', 'name': 'network-vif-deleted', 'tag': '55594058-5bea-4631-860e-a1c70128ea96', 'status': 'completed', 'code': 200}
2026-03-04 03:46:34.313 8 INFO neutron.notifiers.nova [-] Nova event matching ['req-eb6e029b-7fa0-4543-8969-cc7ba80c650a'] response: {'server_uuid': '2d3e8182-3865-4709-8129-12e42dcb4516', 'name': 'network-vif-unplugged', 'status': 'completed', 'tag': '55594058-5bea-4631-860e-a1c70128ea96', 'code': 200} [pid: 8|app: 0|req: 1579/3487] 10.0.0.103 () {34 vars in 990 bytes} [Wed Mar 4 03:46:36 2026] GET /v2.0/ports?device_id=2d3e8182-3865-4709-8129-12e42dcb4516 => generated 12 bytes in 23 msecs (HTTP/1.1 200) 4 headers in 156 bytes (1 switches on core 0) [pid: 7|app: 0|req: 1909/3488] 10.0.0.158 () {32 vars in 750 bytes} [Wed Mar 4 03:46:41 2026] DELETE /v2.0/security-group-rules/799f4394-16c0-42f6-ab0e-e223181a10da => generated 0 bytes in 172 msecs (HTTP/1.1 204) 2 headers in 112 bytes (1 switches on core 0)
2026-03-04 03:46:41.510 8 INFO neutron.api.v2.resource [None req-9cde8191-3f0b-4456-9f37-315a8cbdab52 0ea2074e82f044cabf97203db232b6b5 6d93cd13ebb047eb9a61a047bf95e131 - - default default] show failed (client error): The resource could not be found. [pid: 8|app: 0|req: 1580/3489] 10.0.0.158 () {32 vars in 747 bytes} [Wed Mar 4 03:46:41 2026] GET /v2.0/security-group-rules/799f4394-16c0-42f6-ab0e-e223181a10da => generated 155 bytes in 13 msecs (HTTP/1.1 404) 4 headers in 164 bytes (1 switches on core 0) [pid: 7|app: 0|req: 1910/3490] 10.0.0.158 () {32 vars in 750 bytes} [Wed Mar 4 03:46:41 2026] DELETE /v2.0/security-group-rules/8dde823c-c5e2-4b4c-a331-113858edcda8 => generated 0 bytes in 161 msecs (HTTP/1.1 204) 2 headers in 112 bytes (1 switches on core 0)
2026-03-04 03:46:41.693 8 INFO neutron.api.v2.resource [None req-9cf2b698-bf86-4bf8-8423-d7e49349e6f9 0ea2074e82f044cabf97203db232b6b5 6d93cd13ebb047eb9a61a047bf95e131 - - default default] show failed (client error): The resource could not be found. [pid: 8|app: 0|req: 1581/3491] 10.0.0.158 () {32 vars in 747 bytes} [Wed Mar 4 03:46:41 2026] GET /v2.0/security-group-rules/8dde823c-c5e2-4b4c-a331-113858edcda8 => generated 155 bytes in 12 msecs (HTTP/1.1 404) 4 headers in 164 bytes (1 switches on core 0) [pid: 7|app: 0|req: 1911/3492] 10.0.0.158 () {32 vars in 750 bytes} [Wed Mar 4 03:46:41 2026] DELETE /v2.0/security-group-rules/7735a934-8649-454e-a066-e1dc162cec7f => generated 0 bytes in 150 msecs (HTTP/1.1 204) 2 headers in 112 bytes (1 switches on core 0)
2026-03-04 03:46:41.867 8 INFO neutron.api.v2.resource [None req-12fa5f4d-7ae2-4ce9-9c55-539287412057 0ea2074e82f044cabf97203db232b6b5 6d93cd13ebb047eb9a61a047bf95e131 - - default default] show failed (client error): The resource could not be found. [pid: 8|app: 0|req: 1582/3493] 10.0.0.158 () {32 vars in 747 bytes} [Wed Mar 4 03:46:41 2026] GET /v2.0/security-group-rules/7735a934-8649-454e-a066-e1dc162cec7f => generated 155 bytes in 13 msecs (HTTP/1.1 404) 4 headers in 164 bytes (1 switches on core 0) [pid: 7|app: 0|req: 1912/3494] 10.0.0.158 () {32 vars in 750 bytes} [Wed Mar 4 03:46:41 2026] DELETE /v2.0/security-group-rules/a4be2ce3-ebd1-409e-bc6b-faeaeb9a51e1 => generated 0 bytes in 156 msecs (HTTP/1.1 204) 2 headers in 112 bytes (1 switches on core 0)
2026-03-04 03:46:42.045 8 INFO neutron.api.v2.resource [None req-a98eb11c-a63c-4244-b05a-ec29ddd66cda 0ea2074e82f044cabf97203db232b6b5 6d93cd13ebb047eb9a61a047bf95e131 - - default default] show failed (client error): The resource could not be found. [pid: 8|app: 0|req: 1583/3495] 10.0.0.158 () {32 vars in 747 bytes} [Wed Mar 4 03:46:42 2026] GET /v2.0/security-group-rules/a4be2ce3-ebd1-409e-bc6b-faeaeb9a51e1 => generated 155 bytes in 13 msecs (HTTP/1.1 404) 4 headers in 164 bytes (1 switches on core 0) [pid: 7|app: 0|req: 1913/3496] 10.0.0.158 () {32 vars in 750 bytes} [Wed Mar 4 03:46:42 2026] DELETE /v2.0/security-group-rules/32828908-caa0-46f7-8294-a7c6b700ff90 => generated 0 bytes in 157 msecs (HTTP/1.1 204) 2 headers in 112 bytes (1 switches on core 0)
2026-03-04 03:46:42.225 8 INFO neutron.api.v2.resource [None req-1cabeae2-ec5e-4c99-97d2-ef79a260c0f3 0ea2074e82f044cabf97203db232b6b5 6d93cd13ebb047eb9a61a047bf95e131 - - default default] show failed (client error): The resource could not be found. [pid: 8|app: 0|req: 1584/3497] 10.0.0.158 () {32 vars in 747 bytes} [Wed Mar 4 03:46:42 2026] GET /v2.0/security-group-rules/32828908-caa0-46f7-8294-a7c6b700ff90 => generated 155 bytes in 14 msecs (HTTP/1.1 404) 4 headers in 164 bytes (1 switches on core 0) [pid: 7|app: 0|req: 1914/3498] 10.0.0.158 () {32 vars in 750 bytes} [Wed Mar 4 03:46:42 2026] DELETE /v2.0/security-group-rules/b2f0f50e-acfb-4f3a-9b62-254665da22c8 => generated 0 bytes in 139 msecs (HTTP/1.1 204) 2 headers in 112 bytes (1 switches on core 0)
2026-03-04 03:46:42.388 8 INFO neutron.api.v2.resource [None req-04c6e41f-d445-4008-abf2-26430ae2374b 0ea2074e82f044cabf97203db232b6b5 6d93cd13ebb047eb9a61a047bf95e131 - - default default] show failed (client error): The resource could not be found. [pid: 8|app: 0|req: 1585/3499] 10.0.0.158 () {32 vars in 747 bytes} [Wed Mar 4 03:46:42 2026] GET /v2.0/security-group-rules/b2f0f50e-acfb-4f3a-9b62-254665da22c8 => generated 155 bytes in 13 msecs (HTTP/1.1 404) 4 headers in 164 bytes (1 switches on core 0) [pid: 7|app: 0|req: 1915/3500] 10.0.0.158 () {32 vars in 750 bytes} [Wed Mar 4 03:46:42 2026] DELETE /v2.0/security-group-rules/77fb7c75-60f9-4455-a4ee-65c1e25e66b0 => generated 0 bytes in 140 msecs (HTTP/1.1 204) 2 headers in 112 bytes (1 switches on core 0)
2026-03-04 03:46:42.552 8 INFO neutron.api.v2.resource [None req-f22cfe29-8eeb-4c31-bcd3-00a280c37738 0ea2074e82f044cabf97203db232b6b5 6d93cd13ebb047eb9a61a047bf95e131 - - default default] show failed (client error): The resource could not be found. [pid: 8|app: 0|req: 1586/3501] 10.0.0.158 () {32 vars in 747 bytes} [Wed Mar 4 03:46:42 2026] GET /v2.0/security-group-rules/77fb7c75-60f9-4455-a4ee-65c1e25e66b0 => generated 155 bytes in 14 msecs (HTTP/1.1 404) 4 headers in 164 bytes (1 switches on core 0) [pid: 7|app: 0|req: 1916/3504] 10.0.0.158 () {32 vars in 750 bytes} [Wed Mar 4 03:46:42 2026] DELETE /v2.0/security-group-rules/a76533b1-0eef-49df-b2a4-559c489c2f8d => generated 0 bytes in 138 msecs (HTTP/1.1 204) 2 headers in 112 bytes (1 switches on core 0)
2026-03-04 03:46:42.714 8 INFO neutron.api.v2.resource [None req-731ff6a1-8bf8-4783-b773-b0256c26f3ed 0ea2074e82f044cabf97203db232b6b5 6d93cd13ebb047eb9a61a047bf95e131 - - default default] show failed (client error): The resource could not be found. [pid: 8|app: 0|req: 1589/3505] 10.0.0.158 () {32 vars in 747 bytes} [Wed Mar 4 03:46:42 2026] GET /v2.0/security-group-rules/a76533b1-0eef-49df-b2a4-559c489c2f8d => generated 155 bytes in 13 msecs (HTTP/1.1 404) 4 headers in 164 bytes (1 switches on core 0) [pid: 7|app: 0|req: 1917/3506] 10.0.0.158 () {32 vars in 750 bytes} [Wed Mar 4 03:46:42 2026] DELETE /v2.0/security-group-rules/08bb8a8b-8e09-43f2-a7eb-b6aedc13e391 => generated 0 bytes in 128 msecs (HTTP/1.1 204) 2 headers in 112 bytes (1 switches on core 0)
2026-03-04 03:46:42.866 8 INFO neutron.api.v2.resource [None req-fd4bf0ad-f561-4bc8-83c1-741383ab5499 0ea2074e82f044cabf97203db232b6b5 6d93cd13ebb047eb9a61a047bf95e131 - - default default] show failed (client error): The resource could not be found. [pid: 8|app: 0|req: 1590/3507] 10.0.0.158 () {32 vars in 747 bytes} [Wed Mar 4 03:46:42 2026] GET /v2.0/security-group-rules/08bb8a8b-8e09-43f2-a7eb-b6aedc13e391 => generated 155 bytes in 12 msecs (HTTP/1.1 404) 4 headers in 164 bytes (1 switches on core 0) [pid: 7|app: 0|req: 1918/3508] 10.0.0.158 () {32 vars in 750 bytes} [Wed Mar 4 03:46:42 2026] DELETE /v2.0/security-group-rules/f692d5a8-a7c3-4210-a561-cd71cc5a865c => generated 0 bytes in 120 msecs (HTTP/1.1 204) 2 headers in 112 bytes (1 switches on core 0)
2026-03-04 03:46:43.006 8 INFO neutron.api.v2.resource [None req-f94a670d-c92f-490a-92d6-6f3228410e04 0ea2074e82f044cabf97203db232b6b5 6d93cd13ebb047eb9a61a047bf95e131 - - default default] show failed (client error): The resource could not be found. [pid: 8|app: 0|req: 1591/3509] 10.0.0.158 () {32 vars in 747 bytes} [Wed Mar 4 03:46:42 2026] GET /v2.0/security-group-rules/f692d5a8-a7c3-4210-a561-cd71cc5a865c => generated 155 bytes in 11 msecs (HTTP/1.1 404) 4 headers in 164 bytes (1 switches on core 0) [pid: 7|app: 0|req: 1919/3510] 10.0.0.158 () {32 vars in 750 bytes} [Wed Mar 4 03:46:43 2026] DELETE /v2.0/security-group-rules/5ee4e695-6c8c-4011-8bab-1fbce2a8b374 => generated 0 bytes in 122 msecs (HTTP/1.1 204) 2 headers in 112 bytes (1 switches on core 0)
2026-03-04 03:46:43.149 8 INFO neutron.api.v2.resource [None req-d652a8f4-3535-44bf-a802-a906ee694cb6 0ea2074e82f044cabf97203db232b6b5 6d93cd13ebb047eb9a61a047bf95e131 - - default default] show failed (client error): The resource could not be found. [pid: 8|app: 0|req: 1592/3511] 10.0.0.158 () {32 vars in 747 bytes} [Wed Mar 4 03:46:43 2026] GET /v2.0/security-group-rules/5ee4e695-6c8c-4011-8bab-1fbce2a8b374 => generated 155 bytes in 12 msecs (HTTP/1.1 404) 4 headers in 164 bytes (1 switches on core 0) [pid: 7|app: 0|req: 1920/3512] 10.0.0.158 () {32 vars in 740 bytes} [Wed Mar 4 03:46:43 2026] DELETE /v2.0/security-groups/1979bff3-71a5-4f6d-a723-8419371e187c => generated 0 bytes in 130 msecs (HTTP/1.1 204) 2 headers in 112 bytes (1 switches on core 0)
2026-03-04 03:46:43.303 8 INFO neutron.api.v2.resource [None req-8d0c2bc9-2a79-4e2d-9984-200488f3567e 0ea2074e82f044cabf97203db232b6b5 6d93cd13ebb047eb9a61a047bf95e131 - - default default] show failed (client error): The resource could not be found. [pid: 8|app: 0|req: 1593/3513] 10.0.0.158 () {32 vars in 737 bytes} [Wed Mar 4 03:46:43 2026] GET /v2.0/security-groups/1979bff3-71a5-4f6d-a723-8419371e187c => generated 146 bytes in 13 msecs (HTTP/1.1 404) 4 headers in 164 bytes (1 switches on core 0)
2026-03-04 03:46:43.636 7 INFO neutron_taas.services.taas.taas_plugin [None req-41f434f9-1577-4de0-9f07-0e7eddcfe71f 0ea2074e82f044cabf97203db232b6b5 6d93cd13ebb047eb9a61a047bf95e131 - - default default] TaaS: Handle Delete Port: 6e182c00-4e5f-4dc3-a1f2-d015129f9d3e
2026-03-04 03:46:43.639 7 INFO neutron_taas.services.taas.tap_mirror_plugin [None req-41f434f9-1577-4de0-9f07-0e7eddcfe71f 0ea2074e82f044cabf97203db232b6b5 6d93cd13ebb047eb9a61a047bf95e131 - - default default] Tap Mirror: Handle Delete Port: 6e182c00-4e5f-4dc3-a1f2-d015129f9d3e [pid: 7|app: 0|req: 1921/3514] 10.0.0.158 () {34 vars in 789 bytes} [Wed Mar 4 03:46:43 2026] PUT /v2.0/routers/aab2721c-4301-40fd-9564-fb5e205c9de5/remove_router_interface => generated 309 bytes in 897 msecs (HTTP/1.1 200) 4 headers in 157 bytes (1 switches on core 0)
2026-03-04 03:46:44.391 8 INFO neutron.api.v2.resource [None req-c269208e-a0e2-4d2a-9100-e4768b6aebee 0ea2074e82f044cabf97203db232b6b5 6d93cd13ebb047eb9a61a047bf95e131 - - default default] remove_router_interface failed (client error): The resource could not be found. [pid: 8|app: 0|req: 1594/3515] 10.0.0.158 () {34 vars in 789 bytes} [Wed Mar 4 03:46:44 2026] PUT /v2.0/routers/aab2721c-4301-40fd-9564-fb5e205c9de5/remove_router_interface => generated 198 bytes in 129 msecs (HTTP/1.1 404) 4 headers in 164 bytes (1 switches on core 0) /var/lib/openstack/lib/python3.12/site-packages/pycadf/identifier.py:70: UserWarning: Invalid uuid: neutron. To ensure interoperability, identifiers should be a valid uuid. warnings.warn(('Invalid uuid: %s. To ensure interoperability, '
2026-03-04 03:46:44.695 7 INFO neutron_taas.services.taas.taas_plugin [None req-800eabc7-3102-4883-afd4-0e34327c80da 0ea2074e82f044cabf97203db232b6b5 6d93cd13ebb047eb9a61a047bf95e131 - - default default] TaaS: Handle Delete Port: e0aa9d91-73f0-4354-bd24-be002e811056
2026-03-04 03:46:44.702 7 INFO neutron_taas.services.taas.tap_mirror_plugin [None req-800eabc7-3102-4883-afd4-0e34327c80da 0ea2074e82f044cabf97203db232b6b5 6d93cd13ebb047eb9a61a047bf95e131 - - default default] Tap Mirror: Handle Delete Port: e0aa9d91-73f0-4354-bd24-be002e811056 [pid: 7|app: 0|req: 1922/3516] 10.0.0.158 () {34 vars in 789 bytes} [Wed Mar 4 03:46:44 2026] PUT /v2.0/routers/aab2721c-4301-40fd-9564-fb5e205c9de5/remove_router_interface => generated 309 bytes in 913 msecs (HTTP/1.1 200) 4 headers in 157 bytes (1 switches on core 0)
2026-03-04 03:46:45.420 8 INFO neutron.api.v2.resource [None req-36838528-9416-4934-ae9c-28a2edc3f7d5 0ea2074e82f044cabf97203db232b6b5 6d93cd13ebb047eb9a61a047bf95e131 - - default default] remove_router_interface failed (client error): The resource could not be found. [pid: 8|app: 0|req: 1595/3517] 10.0.0.158 () {34 vars in 789 bytes} [Wed Mar 4 03:46:45 2026] PUT /v2.0/routers/aab2721c-4301-40fd-9564-fb5e205c9de5/remove_router_interface => generated 198 bytes in 108 msecs (HTTP/1.1 404) 4 headers in 164 bytes (1 switches on core 0) /var/lib/openstack/lib/python3.12/site-packages/pycadf/identifier.py:70: UserWarning: Invalid uuid: neutron. To ensure interoperability, identifiers should be a valid uuid. warnings.warn(('Invalid uuid: %s. To ensure interoperability, '
2026-03-04 03:46:45.747 7 INFO neutron_taas.services.taas.taas_plugin [None req-3240e5c6-2005-46db-9d45-b8f202a63503 0ea2074e82f044cabf97203db232b6b5 6d93cd13ebb047eb9a61a047bf95e131 - - default default] TaaS: Handle Delete Port: a7adaeeb-211c-4024-bd93-2e35b0be38de
2026-03-04 03:46:45.750 7 INFO neutron_taas.services.taas.tap_mirror_plugin [None req-3240e5c6-2005-46db-9d45-b8f202a63503 0ea2074e82f044cabf97203db232b6b5 6d93cd13ebb047eb9a61a047bf95e131 - - default default] Tap Mirror: Handle Delete Port: a7adaeeb-211c-4024-bd93-2e35b0be38de [pid: 7|app: 0|req: 1923/3518] 10.0.0.158 () {34 vars in 789 bytes} [Wed Mar 4 03:46:45 2026] PUT /v2.0/routers/aab2721c-4301-40fd-9564-fb5e205c9de5/remove_router_interface => generated 309 bytes in 937 msecs (HTTP/1.1 200) 4 headers in 157 bytes (1 switches on core 0)
2026-03-04 03:46:46.465 8 INFO neutron.api.v2.resource [None req-c802c872-9e22-4b6b-9ab9-41d23c3ef60a 0ea2074e82f044cabf97203db232b6b5 6d93cd13ebb047eb9a61a047bf95e131 - - default default] remove_router_interface failed (client error): The resource could not be found. [pid: 8|app: 0|req: 1596/3519] 10.0.0.158 () {34 vars in 789 bytes} [Wed Mar 4 03:46:46 2026] PUT /v2.0/routers/aab2721c-4301-40fd-9564-fb5e205c9de5/remove_router_interface => generated 198 bytes in 101 msecs (HTTP/1.1 404) 4 headers in 164 bytes (1 switches on core 0) /var/lib/openstack/lib/python3.12/site-packages/pycadf/identifier.py:70: UserWarning: Invalid uuid: neutron. To ensure interoperability, identifiers should be a valid uuid. warnings.warn(('Invalid uuid: %s. To ensure interoperability, '
2026-03-04 03:46:46.815 7 INFO neutron_taas.services.taas.taas_plugin [None req-a3d2cc09-9a1f-4a18-848a-079f6e007614 0ea2074e82f044cabf97203db232b6b5 6d93cd13ebb047eb9a61a047bf95e131 - - default default] TaaS: Handle Delete Port: bc2261ab-a172-45c9-9b31-295e501336b4
2026-03-04 03:46:46.819 7 INFO neutron_taas.services.taas.tap_mirror_plugin [None req-a3d2cc09-9a1f-4a18-848a-079f6e007614 0ea2074e82f044cabf97203db232b6b5 6d93cd13ebb047eb9a61a047bf95e131 - - default default] Tap Mirror: Handle Delete Port: bc2261ab-a172-45c9-9b31-295e501336b4 [pid: 7|app: 0|req: 1924/3520] 10.0.0.158 () {32 vars in 724 bytes} [Wed Mar 4 03:46:46 2026] DELETE /v2.0/routers/aab2721c-4301-40fd-9564-fb5e205c9de5 => generated 0 bytes in 805 msecs (HTTP/1.1 204) 2 headers in 112 bytes (1 switches on core 0)
2026-03-04 03:46:47.302 8 INFO neutron.api.v2.resource [None req-13d1b7b2-bab8-4536-b396-1cb7987dd703 0ea2074e82f044cabf97203db232b6b5 6d93cd13ebb047eb9a61a047bf95e131 - - default default] show failed (client error): The resource could not be found. [pid: 8|app: 0|req: 1597/3521] 10.0.0.158 () {32 vars in 721 bytes} [Wed Mar 4 03:46:47 2026] GET /v2.0/routers/aab2721c-4301-40fd-9564-fb5e205c9de5 => generated 135 bytes in 21 msecs (HTTP/1.1 404) 4 headers in 164 bytes (1 switches on core 0) [pid: 7|app: 0|req: 1925/3522] 10.0.0.158 () {32 vars in 724 bytes} [Wed Mar 4 03:46:47 2026] DELETE /v2.0/subnets/d752b04d-cd63-4c85-97fd-3825901b61c5 => generated 0 bytes in 148 msecs (HTTP/1.1 204) 3 headers in 131 bytes (1 switches on core 0)
2026-03-04 03:46:47.478 8 INFO neutron.pecan_wsgi.hooks.translation [None req-b0576201-68fb-48df-89db-be1c69ba30c6 0ea2074e82f044cabf97203db232b6b5 6d93cd13ebb047eb9a61a047bf95e131 - - default default] GET failed (client error): The resource could not be found. [pid: 8|app: 0|req: 1598/3523] 10.0.0.158 () {32 vars in 721 bytes} [Wed Mar 4 03:46:47 2026] GET /v2.0/subnets/d752b04d-cd63-4c85-97fd-3825901b61c5 => generated 136 bytes in 17 msecs (HTTP/1.1 404) 4 headers in 164 bytes (1 switches on core 0) [pid: 7|app: 0|req: 1926/3524] 10.0.0.158 () {32 vars in 724 bytes} [Wed Mar 4 03:46:47 2026] DELETE /v2.0/subnets/3a26ceb1-c9ee-4bd4-bdbc-e43d03bd9e75 => generated 0 bytes in 184 msecs (HTTP/1.1 204) 3 headers in 131 bytes (1 switches on core 0)
2026-03-04 03:46:47.697 8 INFO neutron.pecan_wsgi.hooks.translation [None req-7632a266-7ca7-4b16-b041-1ae22e04a5ab 0ea2074e82f044cabf97203db232b6b5 6d93cd13ebb047eb9a61a047bf95e131 - - default default] GET failed (client error): The resource could not be found. [pid: 8|app: 0|req: 1599/3525] 10.0.0.158 () {32 vars in 721 bytes} [Wed Mar 4 03:46:47 2026] GET /v2.0/subnets/3a26ceb1-c9ee-4bd4-bdbc-e43d03bd9e75 => generated 136 bytes in 28 msecs (HTTP/1.1 404) 4 headers in 164 bytes (1 switches on core 0)
2026-03-04 03:46:47.823 7 INFO neutron_taas.services.taas.taas_plugin [None req-6c5da80f-eea0-4d9f-b8e0-26e787a5581f 0ea2074e82f044cabf97203db232b6b5 6d93cd13ebb047eb9a61a047bf95e131 - - default default] TaaS: Handle Delete Port: bc99efd8-5a56-475e-b8ce-afa5837a6463
2026-03-04 03:46:47.826 7 INFO neutron_taas.services.taas.tap_mirror_plugin [None req-6c5da80f-eea0-4d9f-b8e0-26e787a5581f 0ea2074e82f044cabf97203db232b6b5 6d93cd13ebb047eb9a61a047bf95e131 - - default default] Tap Mirror: Handle Delete Port: bc99efd8-5a56-475e-b8ce-afa5837a6463
2026-03-04 03:46:48.017 7 INFO neutron.services.segments.plugin [-] Segment 7fdefce8-5b42-4847-a944-77f4c4edac18 resource provider aggregate not found
2026-03-04 03:46:48.018 7 INFO neutron.services.segments.plugin [-] Segment 7fdefce8-5b42-4847-a944-77f4c4edac18 resource provider aggregate not found
2026-03-04 03:46:48.045 7 INFO neutron.services.segments.plugin [-] Segment 7fdefce8-5b42-4847-a944-77f4c4edac18 resource provider not found; error: Placement Client Error (4xx): {"errors": [{"status": 404, "title": "Not Found", "detail": "The resource could not be found.\n\n No resource provider with uuid 7fdefce8-5b42-4847-a944-77f4c4edac18 found for delete ", "request_id": "req-18e89463-8078-48f5-8759-6f493c2c0d8b"}]}
2026-03-04 03:46:48.048 7 INFO neutron.services.segments.plugin [-] Segment 7fdefce8-5b42-4847-a944-77f4c4edac18 resource provider not found; error: Placement Client Error (4xx): {"errors": [{"status": 404, "title": "Not Found", "detail": "The resource could not be found.\n\n No resource provider with uuid 7fdefce8-5b42-4847-a944-77f4c4edac18 found for delete ", "request_id": "req-db5db647-f503-4d1a-808e-d1a629fe1c99"}]} [pid: 7|app: 0|req: 1927/3526] 10.0.0.158 () {32 vars in 726 bytes} [Wed Mar 4 03:46:47 2026] DELETE /v2.0/networks/18d67b78-9be7-4c1e-a6c2-3c86df529ffb => generated 0 bytes in 374 msecs (HTTP/1.1 204) 3 headers in 131 bytes (1 switches on core 0)
2026-03-04 03:46:48.102 8 INFO neutron.pecan_wsgi.hooks.translation [None req-7163a78a-a48d-447a-a754-239f9fff88a8 0ea2074e82f044cabf97203db232b6b5 6d93cd13ebb047eb9a61a047bf95e131 - - default default] GET failed (client error): The resource could not be found. [pid: 8|app: 0|req: 1600/3527] 10.0.0.158 () {32 vars in 723 bytes} [Wed Mar 4 03:46:48 2026] GET /v2.0/networks/18d67b78-9be7-4c1e-a6c2-3c86df529ffb => generated 138 bytes in 16 msecs (HTTP/1.1 404) 4 headers in 164 bytes (1 switches on core 0) [pid: 7|app: 0|req: 1928/3528] 10.0.0.158 () {32 vars in 724 bytes} [Wed Mar 4 03:46:48 2026] DELETE /v2.0/subnets/0e37d6be-acd1-4831-8d87-a9a6af5cb94b => generated 0 bytes in 142 msecs (HTTP/1.1 204) 3 headers in 131 bytes (1 switches on core 0)
2026-03-04 03:46:48.272 8 INFO neutron.pecan_wsgi.hooks.translation [None req-6ace2ae9-0286-4d70-aa05-649843e0e238 0ea2074e82f044cabf97203db232b6b5 6d93cd13ebb047eb9a61a047bf95e131 - - default default] GET failed (client error): The resource could not be found. [pid: 8|app: 0|req: 1601/3529] 10.0.0.158 () {32 vars in 721 bytes} [Wed Mar 4 03:46:48 2026] GET /v2.0/subnets/0e37d6be-acd1-4831-8d87-a9a6af5cb94b => generated 136 bytes in 19 msecs (HTTP/1.1 404) 4 headers in 164 bytes (1 switches on core 0) [pid: 7|app: 0|req: 1929/3530] 10.0.0.158 () {32 vars in 724 bytes} [Wed Mar 4 03:46:48 2026] DELETE /v2.0/subnets/42c35235-58ca-42e6-8f99-21c17d20a07e => generated 0 bytes in 164 msecs (HTTP/1.1 204) 3 headers in 131 bytes (1 switches on core 0)
2026-03-04 03:46:48.463 8 INFO neutron.pecan_wsgi.hooks.translation [None req-f8e0d7cd-d101-4251-95c9-b8fc5a3394f3 0ea2074e82f044cabf97203db232b6b5 6d93cd13ebb047eb9a61a047bf95e131 - - default default] GET failed (client error): The resource could not be found. [pid: 8|app: 0|req: 1602/3531] 10.0.0.158 () {32 vars in 721 bytes} [Wed Mar 4 03:46:48 2026] GET /v2.0/subnets/42c35235-58ca-42e6-8f99-21c17d20a07e => generated 136 bytes in 16 msecs (HTTP/1.1 404) 4 headers in 164 bytes (1 switches on core 0)
2026-03-04 03:46:48.579 7 INFO neutron_taas.services.taas.taas_plugin [None req-f876edf1-d777-4acc-831f-97395de0215d 0ea2074e82f044cabf97203db232b6b5 6d93cd13ebb047eb9a61a047bf95e131 - - default default] TaaS: Handle Delete Port: bb343e9b-4a17-423e-b8d8-46f0355ebac0
2026-03-04 03:46:48.582 7 INFO neutron_taas.services.taas.tap_mirror_plugin [None req-f876edf1-d777-4acc-831f-97395de0215d 0ea2074e82f044cabf97203db232b6b5 6d93cd13ebb047eb9a61a047bf95e131 - - default default] Tap Mirror: Handle Delete Port: bb343e9b-4a17-423e-b8d8-46f0355ebac0 [pid: 7|app: 0|req: 1930/3532] 10.0.0.158 () {32 vars in 726 bytes} [Wed Mar 4 03:46:48 2026] DELETE /v2.0/networks/c933644e-7e0b-4ed8-998b-2844c8b2c3a9 => generated 0 bytes in 334 msecs (HTTP/1.1 204) 3 headers in 131 bytes (1 switches on core 0)
2026-03-04 03:46:48.823 8 INFO neutron.pecan_wsgi.hooks.translation [None req-9dffe90b-2dc6-48c6-b211-311faf3207f4 0ea2074e82f044cabf97203db232b6b5 6d93cd13ebb047eb9a61a047bf95e131 - - default default] GET failed (client error): The resource could not be found. [pid: 8|app: 0|req: 1603/3533] 10.0.0.158 () {32 vars in 723 bytes} [Wed Mar 4 03:46:48 2026] GET /v2.0/networks/c933644e-7e0b-4ed8-998b-2844c8b2c3a9 => generated 138 bytes in 15 msecs (HTTP/1.1 404) 4 headers in 164 bytes (1 switches on core 0) [pid: 7|app: 0|req: 1931/3534] 10.0.0.158 () {32 vars in 724 bytes} [Wed Mar 4 03:46:48 2026] DELETE /v2.0/subnets/c7d52a8f-8cac-4244-901b-fd4c5d65b853 => generated 0 bytes in 141 msecs (HTTP/1.1 204) 3 headers in 131 bytes (1 switches on core 0)
2026-03-04 03:46:48.993 8 INFO neutron.pecan_wsgi.hooks.translation [None req-1b9ce472-dd74-41b2-bc79-ae98930a99f4 0ea2074e82f044cabf97203db232b6b5 6d93cd13ebb047eb9a61a047bf95e131 - - default default] GET failed (client error): The resource could not be found. [pid: 8|app: 0|req: 1604/3535] 10.0.0.158 () {32 vars in 721 bytes} [Wed Mar 4 03:46:48 2026] GET /v2.0/subnets/c7d52a8f-8cac-4244-901b-fd4c5d65b853 => generated 136 bytes in 20 msecs (HTTP/1.1 404) 4 headers in 164 bytes (1 switches on core 0) [pid: 7|app: 0|req: 1932/3536] 10.0.0.158 () {32 vars in 724 bytes} [Wed Mar 4 03:46:48 2026] DELETE /v2.0/subnets/640e38f4-7410-4b81-b5df-821f7e6f8b17 => generated 0 bytes in 142 msecs (HTTP/1.1 204) 3 headers in 131 bytes (1 switches on core 0)
2026-03-04 03:46:49.163 8 INFO neutron.pecan_wsgi.hooks.translation [None req-70b061bf-c432-4ef9-a197-b7c952df0dbf 0ea2074e82f044cabf97203db232b6b5 6d93cd13ebb047eb9a61a047bf95e131 - - default default] GET failed (client error): The resource could not be found. [pid: 8|app: 0|req: 1605/3537] 10.0.0.158 () {32 vars in 721 bytes} [Wed Mar 4 03:46:49 2026] GET /v2.0/subnets/640e38f4-7410-4b81-b5df-821f7e6f8b17 => generated 136 bytes in 19 msecs (HTTP/1.1 404) 4 headers in 164 bytes (1 switches on core 0)
2026-03-04 03:46:49.280 7 INFO neutron_taas.services.taas.taas_plugin [None req-9f43e746-348d-4b3f-b966-a6e0ea077e63 0ea2074e82f044cabf97203db232b6b5 6d93cd13ebb047eb9a61a047bf95e131 - - default default] TaaS: Handle Delete Port: d3b3e933-5269-4061-b5a0-30883f80fe75
2026-03-04 03:46:49.282 7 INFO neutron_taas.services.taas.tap_mirror_plugin [None req-9f43e746-348d-4b3f-b966-a6e0ea077e63 0ea2074e82f044cabf97203db232b6b5 6d93cd13ebb047eb9a61a047bf95e131 - - default default] Tap Mirror: Handle Delete Port: d3b3e933-5269-4061-b5a0-30883f80fe75 [pid: 7|app: 0|req: 1933/3538] 10.0.0.158 () {32 vars in 726 bytes} [Wed Mar 4 03:46:49 2026] DELETE /v2.0/networks/f6fbf66c-049c-45a9-aacd-4c83ce69af65 => generated 0 bytes in 314 msecs (HTTP/1.1 204) 3 headers in 131 bytes (1 switches on core 0)
2026-03-04 03:46:49.507 8 INFO neutron.pecan_wsgi.hooks.translation [None req-1a7c2003-090d-4cd7-8466-88ab2a1339b2 0ea2074e82f044cabf97203db232b6b5 6d93cd13ebb047eb9a61a047bf95e131 - - default default] GET failed (client error): The resource could not be found. [pid: 8|app: 0|req: 1606/3539] 10.0.0.158 () {32 vars in 723 bytes} [Wed Mar 4 03:46:49 2026] GET /v2.0/networks/f6fbf66c-049c-45a9-aacd-4c83ce69af65 => generated 138 bytes in 20 msecs (HTTP/1.1 404) 4 headers in 164 bytes (1 switches on core 0)
2026-03-04 03:46:50.066 7 INFO neutron.services.segments.plugin [-] Segment 098693b7-ae03-4400-8af2-516b7cee400d resource provider aggregate not found
2026-03-04 03:46:50.071 7 INFO neutron.services.segments.plugin [-] Segment 098693b7-ae03-4400-8af2-516b7cee400d resource provider aggregate not found
2026-03-04 03:46:50.084 7 INFO neutron.services.segments.plugin [-] Segment 098693b7-ae03-4400-8af2-516b7cee400d resource provider not found; error: Placement Client Error (4xx): {"errors": [{"status": 404, "title": "Not Found", "detail": "The resource could not be found.\n\n No resource provider with uuid 098693b7-ae03-4400-8af2-516b7cee400d found for delete ", "request_id": "req-2c501c56-183e-4366-ad4a-94161cc90932"}]}
2026-03-04 03:46:50.088 7 INFO neutron.services.segments.plugin [-] Segment 098693b7-ae03-4400-8af2-516b7cee400d resource provider not found; error: Placement Client Error (4xx): {"errors": [{"status": 404, "title": "Not Found", "detail": "The resource could not be found.\n\n No resource provider with uuid 098693b7-ae03-4400-8af2-516b7cee400d found for delete ", "request_id": "req-287ccdca-cda0-4255-afcc-428623fc707c"}]}
2026-03-04 03:46:50.111 7 INFO neutron.services.segments.plugin [-] Segment 3aac677c-9f05-4519-81f4-d79dcf1e09ee resource provider aggregate not found
2026-03-04 03:46:50.117 7 INFO neutron.services.segments.plugin [-] Segment 3aac677c-9f05-4519-81f4-d79dcf1e09ee resource provider aggregate not found
2026-03-04 03:46:50.123 7 INFO neutron.services.segments.plugin [-] Segment 3aac677c-9f05-4519-81f4-d79dcf1e09ee resource provider not found; error: Placement Client Error (4xx): {"errors": [{"status": 404, "title": "Not Found", "detail": "The resource could not be found.\n\n No resource provider with uuid 3aac677c-9f05-4519-81f4-d79dcf1e09ee found for delete ", "request_id": "req-1fb07a23-1531-4837-886b-9794220b318d"}]}
2026-03-04 03:46:50.134 7 INFO neutron.services.segments.plugin [-] Segment 3aac677c-9f05-4519-81f4-d79dcf1e09ee resource provider not found; error: Placement Client Error (4xx): {"errors": [{"status": 404, "title": "Not Found", "detail": "The resource could not be found.\n\n No resource provider with uuid 3aac677c-9f05-4519-81f4-d79dcf1e09ee found for delete ", "request_id": "req-53a718b4-83c2-44dc-aa18-7cb03b1dd627"}]}
2026-03-04 03:46:51.776 7 INFO neutron.db.ovn_revision_numbers_db [None req-c7a113b2-7709-4445-9f3e-400d7c158978 f7b732be928e4bf4810bf360804df10c 463c051aff654882b9c768685eca8d63 - - default default] Successfully bumped revision number for resource 465661c4-00b1-4d10-8a35-3a1ee19d1551 (type: security_groups) to 1
2026-03-04 03:46:51.789 7 INFO neutron.db.ovn_revision_numbers_db [None req-c7a113b2-7709-4445-9f3e-400d7c158978 f7b732be928e4bf4810bf360804df10c 463c051aff654882b9c768685eca8d63 - - default default] Successfully bumped revision number for resource 4fd29a32-98eb-4918-abbb-4b3e76396876 (type: security_group_rules) to 0
2026-03-04 03:46:51.798 7 INFO neutron.db.ovn_revision_numbers_db [None req-c7a113b2-7709-4445-9f3e-400d7c158978 f7b732be928e4bf4810bf360804df10c 463c051aff654882b9c768685eca8d63 - - default default] Successfully bumped revision number for resource be3a70f2-619b-4660-a1f6-2245aa67dd13 (type: security_group_rules) to 0
2026-03-04 03:46:51.811 7 INFO neutron.db.ovn_revision_numbers_db [None req-c7a113b2-7709-4445-9f3e-400d7c158978 f7b732be928e4bf4810bf360804df10c 463c051aff654882b9c768685eca8d63 - - default default] Successfully bumped revision number for resource ef691229-1e87-499e-bf4c-0ee5ae4d950b (type: security_group_rules) to 0
2026-03-04 03:46:51.824 7 INFO neutron.db.ovn_revision_numbers_db [None req-c7a113b2-7709-4445-9f3e-400d7c158978 f7b732be928e4bf4810bf360804df10c 463c051aff654882b9c768685eca8d63 - - default default] Successfully bumped revision number for resource f9aab56e-edb9-4e9d-95cb-c521f6228d05 (type: security_group_rules) to 0 [pid: 7|app: 0|req: 1934/3540] 10.0.0.158 () {32 vars in 774 bytes} [Wed Mar 4 03:46:51 2026] GET /v2.0/security-groups?tenant_id=350dcfc5cc77461cb0b03e43b957a66c&name=default => generated 2929 bytes in 398 msecs (HTTP/1.1 200) 4 headers in 158 bytes (1 switches on core 0) [pid: 8|app: 0|req: 1607/3541] 10.0.0.158 () {32 vars in 740 bytes} [Wed Mar 4 03:46:51 2026] DELETE /v2.0/security-groups/465661c4-00b1-4d10-8a35-3a1ee19d1551 => generated 0 bytes in 345 msecs (HTTP/1.1 204) 2 headers in 112 bytes (1 switches on core 0)
2026-03-04 03:46:52.473 7 INFO neutron.db.ovn_revision_numbers_db [None req-4df20b0e-7955-4c93-ac9a-17a5a3c76b3c f7b732be928e4bf4810bf360804df10c 463c051aff654882b9c768685eca8d63 - - default default] Successfully bumped revision number for resource 8e0350a8-2f1c-46c2-a1dd-c03e3cf04c16 (type: security_groups) to 1
2026-03-04 03:46:52.489 7 INFO neutron.db.ovn_revision_numbers_db [None req-4df20b0e-7955-4c93-ac9a-17a5a3c76b3c f7b732be928e4bf4810bf360804df10c 463c051aff654882b9c768685eca8d63 - - default default] Successfully bumped revision number for resource 07301f30-33c7-421a-a078-d85d31777433 (type: security_group_rules) to 0
2026-03-04 03:46:52.500 7 INFO neutron.db.ovn_revision_numbers_db [None req-4df20b0e-7955-4c93-ac9a-17a5a3c76b3c f7b732be928e4bf4810bf360804df10c 463c051aff654882b9c768685eca8d63 - - default default] Successfully bumped revision number for resource 4eef0857-d921-468a-814d-feee2f27734d (type: security_group_rules) to 0
2026-03-04 03:46:52.512 7 INFO neutron.db.ovn_revision_numbers_db [None req-4df20b0e-7955-4c93-ac9a-17a5a3c76b3c f7b732be928e4bf4810bf360804df10c 463c051aff654882b9c768685eca8d63 - - default default] Successfully bumped revision number for resource a801707f-78ca-4d78-bd54-8fe5524321b4 (type: security_group_rules) to 0
2026-03-04 03:46:52.524 7 INFO neutron.db.ovn_revision_numbers_db [None req-4df20b0e-7955-4c93-ac9a-17a5a3c76b3c f7b732be928e4bf4810bf360804df10c 463c051aff654882b9c768685eca8d63 - - default default] Successfully bumped revision number for resource b2f43cd9-b830-450f-8141-0d8daa2429d4 (type: security_group_rules) to 0 [pid: 7|app: 0|req: 1935/3542] 10.0.0.158 () {32 vars in 774 bytes} [Wed Mar 4 03:46:52 2026] GET /v2.0/security-groups?tenant_id=bfcf732e05544ddb966e0f9aeab91658&name=default => generated 2929 bytes in 273 msecs (HTTP/1.1 200) 4 headers in 158 bytes (1 switches on core 0) [pid: 8|app: 0|req: 1608/3543] 10.0.0.158 () {32 vars in 740 bytes} [Wed Mar 4 03:46:52 2026] DELETE /v2.0/security-groups/8e0350a8-2f1c-46c2-a1dd-c03e3cf04c16 => generated 0 bytes in 286 msecs (HTTP/1.1 204) 2 headers in 112 bytes (1 switches on core 0)
2026-03-04 03:46:53.170 7 INFO neutron.db.ovn_revision_numbers_db [None req-30b4cb42-a1b1-4054-b0ed-70c75f187be2 f7b732be928e4bf4810bf360804df10c 463c051aff654882b9c768685eca8d63 - - default default] Successfully bumped revision number for resource fb1139ab-22e0-4b7b-8396-24119087a931 (type: security_groups) to 1
2026-03-04 03:46:53.181 7 INFO neutron.db.ovn_revision_numbers_db [None req-30b4cb42-a1b1-4054-b0ed-70c75f187be2 f7b732be928e4bf4810bf360804df10c 463c051aff654882b9c768685eca8d63 - - default default] Successfully bumped revision number for resource 21e1d187-a36f-4935-b380-81789bcfd03f (type: security_group_rules) to 0
2026-03-04 03:46:53.192 7 INFO neutron.db.ovn_revision_numbers_db [None req-30b4cb42-a1b1-4054-b0ed-70c75f187be2 f7b732be928e4bf4810bf360804df10c 463c051aff654882b9c768685eca8d63 - - default default] Successfully bumped revision number for resource 4bd7ac4b-2f83-46e1-9631-040ac7bbf58a (type: security_group_rules) to 0
2026-03-04 03:46:53.204 7 INFO neutron.db.ovn_revision_numbers_db [None req-30b4cb42-a1b1-4054-b0ed-70c75f187be2 f7b732be928e4bf4810bf360804df10c 463c051aff654882b9c768685eca8d63 - - default default] Successfully bumped revision number for resource a26aa913-cbbe-4beb-8fb4-6a9cf2b490a2 (type: security_group_rules) to 0
2026-03-04 03:46:53.215 7 INFO neutron.db.ovn_revision_numbers_db [None req-30b4cb42-a1b1-4054-b0ed-70c75f187be2 f7b732be928e4bf4810bf360804df10c 463c051aff654882b9c768685eca8d63 - - default default] Successfully bumped revision number for resource d3d54537-0472-409e-b966-c4f5177b396f (type: security_group_rules) to 0 [pid: 7|app: 0|req: 1936/3544] 10.0.0.158 () {32 vars in 774 bytes} [Wed Mar 4 03:46:53 2026] GET /v2.0/security-groups?tenant_id=e49c9910b0434f26aec59799c3a44777&name=default => generated 2929 bytes in 244 msecs (HTTP/1.1 200) 4 headers in 158 bytes (1 switches on core 0) [pid: 8|app: 0|req: 1609/3545] 10.0.0.158 () {32 vars in 740 bytes} [Wed Mar 4 03:46:53 2026] DELETE /v2.0/security-groups/fb1139ab-22e0-4b7b-8396-24119087a931 => generated 0 bytes in 297 msecs (HTTP/1.1 204) 2 headers in 112 bytes (1 switches on core 0) [pid: 7|app: 0|req: 1937/3546] 10.0.0.158 () {32 vars in 774 bytes} [Wed Mar 4 03:46:53 2026] GET /v2.0/security-groups?tenant_id=6d93cd13ebb047eb9a61a047bf95e131&name=default => generated 2925 bytes in 32 msecs (HTTP/1.1 200) 4 headers in 158 bytes (1 switches on core 0) [pid: 8|app: 0|req: 1610/3547] 10.0.0.158 () {32 vars in 740 bytes} [Wed Mar 4 03:46:53 2026] DELETE /v2.0/security-groups/a4c5d9e0-0c68-4795-b301-38ce5254cce2 => generated 0 bytes in 285 msecs (HTTP/1.1 204) 2 headers in 112 bytes (1 switches on core 0)
2026-03-04 03:46:54.306 7 INFO neutron.db.ovn_revision_numbers_db [None req-0bee6fe0-2365-4b8a-ab12-d30fa315932d f7b732be928e4bf4810bf360804df10c 463c051aff654882b9c768685eca8d63 - - default default] Successfully bumped revision number for resource ae8add5f-9ad2-4d97-8718-71b1d9ce16b9 (type: security_groups) to 1
2026-03-04 03:46:54.316 7 INFO neutron.db.ovn_revision_numbers_db [None req-0bee6fe0-2365-4b8a-ab12-d30fa315932d f7b732be928e4bf4810bf360804df10c 463c051aff654882b9c768685eca8d63 - - default default] Successfully bumped revision number for resource 2da6d92e-b30d-43bf-aab4-dbd1bb257a4b (type: security_group_rules) to 0
2026-03-04 03:46:54.328 7 INFO neutron.db.ovn_revision_numbers_db [None req-0bee6fe0-2365-4b8a-ab12-d30fa315932d f7b732be928e4bf4810bf360804df10c 463c051aff654882b9c768685eca8d63 - - default default] Successfully bumped revision number for resource 360abdaa-c297-4175-98bb-6c94c9172dcf (type: security_group_rules) to 0
2026-03-04 03:46:54.341 7 INFO neutron.db.ovn_revision_numbers_db [None req-0bee6fe0-2365-4b8a-ab12-d30fa315932d f7b732be928e4bf4810bf360804df10c 463c051aff654882b9c768685eca8d63 - - default default] Successfully bumped revision number for resource ccdda769-b761-418e-8ce0-2630051da6ab (type: security_group_rules) to 0
2026-03-04 03:46:54.352 7 INFO neutron.db.ovn_revision_numbers_db [None req-0bee6fe0-2365-4b8a-ab12-d30fa315932d f7b732be928e4bf4810bf360804df10c 463c051aff654882b9c768685eca8d63 - - default default] Successfully bumped revision number for resource d49fe1df-7bea-4a6d-b9a2-eb9ff051e3fd (type: security_group_rules) to 0 [pid: 7|app: 0|req: 1938/3548] 10.0.0.158 () {32 vars in 774 bytes} [Wed Mar 4 03:46:54 2026] GET /v2.0/security-groups?tenant_id=8b8434bf5a8b4d98a1724043e469b612&name=default => generated 2929 bytes in 262 msecs (HTTP/1.1 200) 4 headers in 158 bytes (1 switches on core 0) [pid: 8|app: 0|req: 1611/3549] 10.0.0.158 () {32 vars in 740 bytes} [Wed Mar 4 03:46:54 2026] DELETE /v2.0/security-groups/ae8add5f-9ad2-4d97-8718-71b1d9ce16b9 => generated 0 bytes in 309 msecs (HTTP/1.1 204) 2 headers in 112 bytes (1 switches on core 0)
2026-03-04 03:46:55.043 7 INFO neutron.db.ovn_revision_numbers_db [None req-4a020cb1-770b-4037-8277-d08be0934d65 f7b732be928e4bf4810bf360804df10c 463c051aff654882b9c768685eca8d63 - - default default] Successfully bumped revision number for resource 0e3fb25a-e4d8-4871-99d3-9b2745bc3b6c (type: security_groups) to 1
2026-03-04 03:46:55.058 7 INFO neutron.db.ovn_revision_numbers_db [None req-4a020cb1-770b-4037-8277-d08be0934d65 f7b732be928e4bf4810bf360804df10c 463c051aff654882b9c768685eca8d63 - - default default] Successfully bumped revision number for resource 28b5b00e-1138-4009-b008-e2b9d41bdd99 (type: security_group_rules) to 0
2026-03-04 03:46:55.069 7 INFO neutron.db.ovn_revision_numbers_db [None req-4a020cb1-770b-4037-8277-d08be0934d65 f7b732be928e4bf4810bf360804df10c 463c051aff654882b9c768685eca8d63 - - default default] Successfully bumped revision number for resource 440823fd-d226-48c4-b144-3a720c86a461 (type: security_group_rules) to 0
2026-03-04 03:46:55.081 7 INFO neutron.db.ovn_revision_numbers_db [None req-4a020cb1-770b-4037-8277-d08be0934d65 f7b732be928e4bf4810bf360804df10c 463c051aff654882b9c768685eca8d63 - - default default] Successfully bumped revision number for resource 6bdc445f-07d3-42f6-ab94-6c71395a17cb (type: security_group_rules) to 0
