+ COMMAND=start + start + for KEYSTONE_WSGI_SCRIPT in keystone-wsgi-public ++ type -p keystone-wsgi-public + cp -a /var/lib/openstack/bin/keystone-wsgi-public /var/www/cgi-bin/keystone/ + '[' -f /etc/apache2/envvars ']' + source /etc/apache2/envvars ++ unset HOME ++ '[' '' '!=' '' ']' ++ SUFFIX= ++ export APACHE_RUN_USER=www-data ++ APACHE_RUN_USER=www-data ++ export APACHE_RUN_GROUP=www-data ++ APACHE_RUN_GROUP=www-data ++ export APACHE_PID_FILE=/var/run/apache2/apache2.pid ++ APACHE_PID_FILE=/var/run/apache2/apache2.pid ++ export APACHE_RUN_DIR=/var/run/apache2 ++ APACHE_RUN_DIR=/var/run/apache2 ++ export APACHE_LOCK_DIR=/var/lock/apache2 ++ APACHE_LOCK_DIR=/var/lock/apache2 ++ export APACHE_LOG_DIR=/var/log/apache2 ++ APACHE_LOG_DIR=/var/log/apache2 ++ export LANG=C ++ LANG=C ++ export LANG + '[' -f /var/run/apache2/apache2.pid ']' + exec apache2 -DFOREGROUND AH00558: apache2: Could not reliably determine the server's fully qualified domain name, using 10.0.0.228. Set the 'ServerName' directive globally to suppress this message AH00558: apache2: Could not reliably determine the server's fully qualified domain name, using 10.0.0.228. Set the 'ServerName' directive globally to suppress this message
[Thu May 21 14:57:15.104299 2026] [mpm_event:notice] [pid 1:tid 140234661676928] AH00489: Apache/2.4.58 (Ubuntu) mod_wsgi/5.0.0 Python/3.12 configured -- resuming normal operations
[Thu May 21 14:57:15.104617 2026] [core:notice] [pid 1:tid 140234661676928] AH00094: Command line: 'apache2 -D FOREGROUND'
[Thu May 21 14:58:13.897140 2026] [wsgi:error] [pid 11:tid 140234024904384] /var/lib/openstack/lib/python3.12/site-packages/oslo_utils/importutils.py:77: EventletDeprecationWarning:
[Thu May 21 14:58:13.897175 2026] [wsgi:error] [pid 11:tid 140234024904384] Eventlet is deprecated. It is currently being maintained in bugfix mode, and
[Thu May 21 14:58:13.897176 2026] [wsgi:error] [pid 11:tid 140234024904384] we strongly recommend against using it for new projects.
[Thu May 21 14:58:13.897178 2026] [wsgi:error] [pid 11:tid 140234024904384]
[Thu May 21 14:58:13.897179 2026] [wsgi:error] [pid 11:tid 140234024904384] If you are already using Eventlet, we recommend migrating to a different
[Thu May 21 14:58:13.897180 2026] [wsgi:error] [pid 11:tid 140234024904384] framework. For more detail see
[Thu May 21 14:58:13.897181 2026] [wsgi:error] [pid 11:tid 140234024904384] https://eventlet.readthedocs.io/en/latest/asyncio/migration.html
[Thu May 21 14:58:13.897182 2026] [wsgi:error] [pid 11:tid 140234024904384]
[Thu May 21 14:58:13.897183 2026] [wsgi:error] [pid 11:tid 140234024904384] __import__(import_str)
[Thu May 21 14:58:13.917637 2026] [wsgi:error] [pid 12:tid 140234024904384] /var/lib/openstack/lib/python3.12/site-packages/oslo_utils/importutils.py:77: EventletDeprecationWarning:
[Thu May 21 14:58:13.917706 2026] [wsgi:error] [pid 12:tid 140234024904384] Eventlet is deprecated. It is currently being maintained in bugfix mode, and
[Thu May 21 14:58:13.917707 2026] [wsgi:error] [pid 12:tid 140234024904384] we strongly recommend against using it for new projects.
[Thu May 21 14:58:13.917709 2026] [wsgi:error] [pid 12:tid 140234024904384]
[Thu May 21 14:58:13.917710 2026] [wsgi:error] [pid 12:tid 140234024904384] If you are already using Eventlet, we recommend migrating to a different
[Thu May 21 14:58:13.917711 2026] [wsgi:error] [pid 12:tid 140234024904384] framework. For more detail see
[Thu May 21 14:58:13.917712 2026] [wsgi:error] [pid 12:tid 140234024904384] https://eventlet.readthedocs.io/en/latest/asyncio/migration.html
[Thu May 21 14:58:13.917713 2026] [wsgi:error] [pid 12:tid 140234024904384]
[Thu May 21 14:58:13.917714 2026] [wsgi:error] [pid 12:tid 140234024904384] __import__(import_str) 10.0.0.80 - - [21/May/2026:14:58:13 +0000] "GET /v3/ HTTP/1.1" 200 250 10.0.0.80 - - [21/May/2026:14:58:13 +0000] "GET /v3/ HTTP/1.1" 200 250
[Thu May 21 14:58:25.859190 2026] [wsgi:error] [pid 9:tid 140234024904384] /var/lib/openstack/lib/python3.12/site-packages/oslo_utils/importutils.py:77: EventletDeprecationWarning:
[Thu May 21 14:58:25.859234 2026] [wsgi:error] [pid 9:tid 140234024904384] Eventlet is deprecated. It is currently being maintained in bugfix mode, and
[Thu May 21 14:58:25.859236 2026] [wsgi:error] [pid 9:tid 140234024904384] we strongly recommend against using it for new projects.
[Thu May 21 14:58:25.859237 2026] [wsgi:error] [pid 9:tid 140234024904384]
[Thu May 21 14:58:25.859238 2026] [wsgi:error] [pid 9:tid 140234024904384] If you are already using Eventlet, we recommend migrating to a different
[Thu May 21 14:58:25.859239 2026] [wsgi:error] [pid 9:tid 140234024904384] framework. For more detail see
[Thu May 21 14:58:25.859240 2026] [wsgi:error] [pid 9:tid 140234024904384] https://eventlet.readthedocs.io/en/latest/asyncio/migration.html
[Thu May 21 14:58:25.859241 2026] [wsgi:error] [pid 9:tid 140234024904384]
[Thu May 21 14:58:25.859242 2026] [wsgi:error] [pid 9:tid 140234024904384] __import__(import_str) 10.0.0.223 - - [21/May/2026:14:58:24 +0000] "GET / HTTP/1.1" 300 295
[Thu May 21 14:58:31.123811 2026] [wsgi:error] [pid 10:tid 140234024904384] /var/lib/openstack/lib/python3.12/site-packages/oslo_utils/importutils.py:77: EventletDeprecationWarning:
[Thu May 21 14:58:31.123853 2026] [wsgi:error] [pid 10:tid 140234024904384] Eventlet is deprecated. It is currently being maintained in bugfix mode, and
[Thu May 21 14:58:31.123855 2026] [wsgi:error] [pid 10:tid 140234024904384] we strongly recommend against using it for new projects.
[Thu May 21 14:58:31.123856 2026] [wsgi:error] [pid 10:tid 140234024904384]
[Thu May 21 14:58:31.123857 2026] [wsgi:error] [pid 10:tid 140234024904384] If you are already using Eventlet, we recommend migrating to a different
[Thu May 21 14:58:31.123859 2026] [wsgi:error] [pid 10:tid 140234024904384] framework. For more detail see
[Thu May 21 14:58:31.123860 2026] [wsgi:error] [pid 10:tid 140234024904384] https://eventlet.readthedocs.io/en/latest/asyncio/migration.html
[Thu May 21 14:58:31.123861 2026] [wsgi:error] [pid 10:tid 140234024904384]
[Thu May 21 14:58:31.123862 2026] [wsgi:error] [pid 10:tid 140234024904384] __import__(import_str)
[Thu May 21 14:58:35.730064 2026] [wsgi:error] [pid 10:tid 140234024904384] [remote 10.0.0.223:52496] 2026-05-21 14:58:35.727 10 WARNING keystone.identity.core [None req-95a08644-7e41-4b9a-a3f6-d9c7417300f7 - - - - - -] Invalid domain name (atmosphere) found in config file name: keystone.exception.DomainNotFound: Could not find domain: atmosphere.
[Thu May 21 14:58:35.782358 2026] [wsgi:error] [pid 10:tid 140234024904384] [remote 10.0.0.223:52496] 2026-05-21 14:58:35.781 10 WARNING keystone.common.password_hashing [None req-95a08644-7e41-4b9a-a3f6-d9c7417300f7 - - - - - -] Truncating password to algorithm specific maximum length 72 characters.
[Thu May 21 14:58:36.065268 2026] [wsgi:error] [pid 10:tid 140234024904384] [remote 10.0.0.223:52496] 2026-05-21 14:58:36.065 10 WARNING keystone.common.fernet_utils [None req-95a08644-7e41-4b9a-a3f6-d9c7417300f7 - - - - - -] key_repository is world readable: /etc/keystone/fernet-keys/ 10.0.0.223 - - [21/May/2026:14:58:30 +0000] "POST /v3/auth/tokens HTTP/1.1" 201 1360
[Thu May 21 14:58:36.391549 2026] [wsgi:error] [pid 11:tid 140234024904384] [remote 10.0.0.223:52496] 2026-05-21 14:58:36.388 11 WARNING keystone.identity.core [None req-dd8bbf32-317b-4d2b-a741-ce64ed5ef04c - - - - - -] Invalid domain name (atmosphere) found in config file name: keystone.exception.DomainNotFound: Could not find domain: atmosphere. 10.0.0.223 - - [21/May/2026:14:58:36 +0000] "POST /v3/domains HTTP/1.1" 201 261 10.0.0.211 - - [21/May/2026:14:58:46 +0000] "GET / HTTP/1.1" 300 295
[Thu May 21 14:58:46.389730 2026] [wsgi:error] [pid 9:tid 140234024904384] [remote 10.0.0.211:48108] 2026-05-21 14:58:46.389 9 WARNING keystone.common.password_hashing [None req-83611103-793a-4110-9300-bb9e20206e5a - - - - - -] Truncating password to algorithm specific maximum length 72 characters.
[Thu May 21 14:58:46.667186 2026] [wsgi:error] [pid 9:tid 140234024904384] [remote 10.0.0.211:48108] 2026-05-21 14:58:46.666 9 WARNING keystone.common.fernet_utils [None req-83611103-793a-4110-9300-bb9e20206e5a - - - - - -] key_repository is world readable: /etc/keystone/fernet-keys/ 10.0.0.211 - - [21/May/2026:14:58:46 +0000] "POST /v3/auth/tokens HTTP/1.1" 201 1360 10.0.0.211 - - [21/May/2026:14:58:46 +0000] "GET /v3/roles/admin HTTP/1.1" 404 83
[Thu May 21 14:58:46.891074 2026] [wsgi:error] [pid 11:tid 140234024904384] [remote 10.0.0.211:48108] 2026-05-21 14:58:46.890 11 WARNING keystone.common.rbac_enforcer.enforcer [None req-893b605f-f213-42ac-9329-2ed03a78c45f e0ee422df1e4471a936d8f8d61fd3cd5 677be77050284c449e6e95fa86a3b33b - - default default] Deprecated policy rules found. Use oslopolicy-policy-generator and oslopolicy-policy-upgrade to detect and resolve deprecated policies in your configuration. 10.0.0.211 - - [21/May/2026:14:58:46 +0000] "GET /v3/roles?name=admin HTTP/1.1" 200 389
[Thu May 21 14:58:47.254615 2026] [wsgi:error] [pid 12:tid 140234024904384] [remote 10.0.0.211:48108] 2026-05-21 14:58:47.254 12 WARNING keystone.common.rbac_enforcer.enforcer [None req-a2a24c8d-b896-449a-b70a-a572fe584854 e0ee422df1e4471a936d8f8d61fd3cd5 677be77050284c449e6e95fa86a3b33b - - default default] Deprecated policy rules found. Use oslopolicy-policy-generator and oslopolicy-policy-upgrade to detect and resolve deprecated policies in your configuration. 10.0.0.211 - - [21/May/2026:14:58:46 +0000] "GET /v3/users/admin-RegionOne HTTP/1.1" 404 93
[Thu May 21 14:58:47.482503 2026] [wsgi:error] [pid 9:tid 140234024904384] [remote 10.0.0.211:48108] 2026-05-21 14:58:47.482 9 WARNING keystone.common.rbac_enforcer.enforcer [None req-b500cfa2-4532-44a5-83da-4495019ec79d e0ee422df1e4471a936d8f8d61fd3cd5 677be77050284c449e6e95fa86a3b33b - - default default] Deprecated policy rules found. Use oslopolicy-policy-generator and oslopolicy-policy-upgrade to detect and resolve deprecated policies in your configuration. 10.0.0.211 - - [21/May/2026:14:58:47 +0000] "GET /v3/users?name=admin-RegionOne HTTP/1.1" 200 422
[Thu May 21 14:58:47.653660 2026] [wsgi:error] [pid 10:tid 140234024904384] [remote 10.0.0.211:48108] 2026-05-21 14:58:47.653 10 WARNING keystone.common.rbac_enforcer.enforcer [None req-6cecfddb-ebb8-41ab-a121-6a872f446fd1 e0ee422df1e4471a936d8f8d61fd3cd5 677be77050284c449e6e95fa86a3b33b - - default default] Deprecated policy rules found. Use oslopolicy-policy-generator and oslopolicy-policy-upgrade to detect and resolve deprecated policies in your configuration. 10.0.0.211 - - [21/May/2026:14:58:47 +0000] "GET /v3/domains/default HTTP/1.1" 200 224 10.0.0.211 - - [21/May/2026:14:58:47 +0000] "PUT /v3/domains/default/users/e0ee422df1e4471a936d8f8d61fd3cd5/roles/19dc3a95fdc4490fada7b68f65d0d8c6 HTTP/1.1" 204 - 10.0.0.80 - - [21/May/2026:14:58:57 +0000] "GET / HTTP/1.1" 300 281 10.0.0.80 - - [21/May/2026:14:58:59 +0000] "GET /v3 HTTP/1.1" 200 266
[Thu May 21 14:58:59.133955 2026] [wsgi:error] [pid 10:tid 140234024904384] [remote 10.0.0.80:52180] 2026-05-21 14:58:59.133 10 WARNING keystone.common.password_hashing [None req-0a391d73-cecf-4686-9828-4f6ed9f482e6 - - - - - -] Truncating password to algorithm specific maximum length 72 characters.
[Thu May 21 14:58:59.405908 2026] [wsgi:error] [pid 10:tid 140234024904384] [remote 10.0.0.80:52180] 2026-05-21 14:58:59.405 10 WARNING keystone.common.fernet_utils [None req-0a391d73-cecf-4686-9828-4f6ed9f482e6 - - - - - -] key_repository is world readable: /etc/keystone/fernet-keys/ 10.0.0.80 - - [21/May/2026:14:58:59 +0000] "POST /v3/auth/tokens HTTP/1.1" 201 1360 10.0.0.80 - - [21/May/2026:14:58:59 +0000] "GET / HTTP/1.1" 300 281 10.0.0.80 - - [21/May/2026:14:58:59 +0000] "GET /v3/domains/atmosphere HTTP/1.1" 404 90 10.0.0.80 - - [21/May/2026:14:58:59 +0000] "GET /v3/domains?name=atmosphere HTTP/1.1" 200 370 10.0.0.80 - - [21/May/2026:14:58:59 +0000] "GET /v3/domains/2c6675f8224243a7aec5a774dd7b4901 HTTP/1.1" 200 247 10.0.0.80 - - [21/May/2026:14:59:00 +0000] "GET /v3 HTTP/1.1" 200 266
[Thu May 21 14:59:00.502855 2026] [wsgi:error] [pid 12:tid 140234024904384] [remote 10.0.0.80:52180] 2026-05-21 14:59:00.502 12 WARNING keystone.common.password_hashing [None req-6c43ffeb-b22d-4603-be5f-da3d48b34917 - - - - - -] Truncating password to algorithm specific maximum length 72 characters.
[Thu May 21 14:59:00.771913 2026] [wsgi:error] [pid 12:tid 140234024904384] [remote 10.0.0.80:52180] 2026-05-21 14:59:00.771 12 WARNING keystone.common.fernet_utils [None req-6c43ffeb-b22d-4603-be5f-da3d48b34917 - - - - - -] key_repository is world readable: /etc/keystone/fernet-keys/ 10.0.0.80 - - [21/May/2026:14:59:00 +0000] "POST /v3/auth/tokens HTTP/1.1" 201 1360 10.0.0.80 - - [21/May/2026:14:59:00 +0000] "GET / HTTP/1.1" 300 281 10.0.0.80 - - [21/May/2026:14:59:00 +0000] "GET /v3/OS-FEDERATION/identity_providers/atmosphere HTTP/1.1" 404 101 10.0.0.80 - - [21/May/2026:14:59:00 +0000] "GET /v3/OS-FEDERATION/identity_providers HTTP/1.1" 200 156 10.0.0.80 - - [21/May/2026:14:59:00 +0000] "PUT /v3/OS-FEDERATION/identity_providers/atmosphere HTTP/1.1" 201 342 10.0.0.80 - - [21/May/2026:14:59:01 +0000] "GET /v3 HTTP/1.1" 200 266
[Thu May 21 14:59:01.616045 2026] [wsgi:error] [pid 10:tid 140234024904384] [remote 10.0.0.80:52170] 2026-05-21 14:59:01.615 10 WARNING keystone.common.password_hashing [None req-95491498-8b77-473d-b3ef-46cfab051e40 - - - - - -] Truncating password to algorithm specific maximum length 72 characters.
[Thu May 21 14:59:01.890644 2026] [wsgi:error] [pid 10:tid 140234024904384] [remote 10.0.0.80:52170] 2026-05-21 14:59:01.890 10 WARNING keystone.common.fernet_utils [None req-95491498-8b77-473d-b3ef-46cfab051e40 - - - - - -] key_repository is world readable: /etc/keystone/fernet-keys/ 10.0.0.80 - - [21/May/2026:14:59:01 +0000] "POST /v3/auth/tokens HTTP/1.1" 201 1360 10.0.0.80 - - [21/May/2026:14:59:01 +0000] "GET / HTTP/1.1" 300 281 10.0.0.80 - - [21/May/2026:14:59:01 +0000] "GET /v3/OS-FEDERATION/mappings/atmosphere-openid HTTP/1.1" 404 98 10.0.0.80 - - [21/May/2026:14:59:01 +0000] "GET /v3/OS-FEDERATION/mappings HTTP/1.1" 200 136 10.0.0.80 - - [21/May/2026:14:59:01 +0000] "PUT /v3/OS-FEDERATION/mappings/atmosphere-openid HTTP/1.1" 201 357 10.0.0.80 - - [21/May/2026:14:59:02 +0000] "GET /v3 HTTP/1.1" 200 266
[Thu May 21 14:59:02.683923 2026] [wsgi:error] [pid 12:tid 140234024904384] [remote 10.0.0.80:52170] 2026-05-21 14:59:02.683 12 WARNING keystone.common.password_hashing [None req-e42dc52d-e322-4976-869d-3ae867fc37d0 - - - - - -] Truncating password to algorithm specific maximum length 72 characters.
[Thu May 21 14:59:02.962875 2026] [wsgi:error] [pid 12:tid 140234024904384] [remote 10.0.0.80:52170] 2026-05-21 14:59:02.962 12 WARNING keystone.common.fernet_utils [None req-e42dc52d-e322-4976-869d-3ae867fc37d0 - - - - - -] key_repository is world readable: /etc/keystone/fernet-keys/ 10.0.0.80 - - [21/May/2026:14:59:02 +0000] "POST /v3/auth/tokens HTTP/1.1" 201 1360 10.0.0.80 - - [21/May/2026:14:59:02 +0000] "GET / HTTP/1.1" 300 281 10.0.0.80 - - [21/May/2026:14:59:02 +0000] "GET /v3/OS-FEDERATION/identity_providers/atmosphere/protocols/openid?idp_id=atmosphere HTTP/1.1" 404 131 10.0.0.80 - - [21/May/2026:14:59:03 +0000] "GET /v3/OS-FEDERATION/identity_providers/atmosphere/protocols HTTP/1.1" 200 168 10.0.0.80 - - [21/May/2026:14:59:03 +0000] "PUT /v3/OS-FEDERATION/identity_providers/atmosphere/protocols/openid HTTP/1.1" 201 224 10.0.0.80 - - [21/May/2026:14:59:13 +0000] "GET /v3/ HTTP/1.1" 200 250 10.0.0.80 - - [21/May/2026:14:59:13 +0000] "GET /v3/ HTTP/1.1" 200 250 10.0.0.80 - - [21/May/2026:15:00:13 +0000] "GET /v3/ HTTP/1.1" 200 250 10.0.0.80 - - [21/May/2026:15:00:13 +0000] "GET /v3/ HTTP/1.1" 200 250 10.0.0.206 - - [21/May/2026:15:00:24 +0000] "GET / HTTP/1.1" 300 295
[Thu May 21 15:00:24.825578 2026] [wsgi:error] [pid 10:tid 140234024904384] [remote 10.0.0.206:51530] 2026-05-21 15:00:24.825 10 WARNING keystone.common.password_hashing [None req-24ea8be0-4b66-473d-91cd-10f33466701a - - - - - -] Truncating password to algorithm specific maximum length 72 characters.
[Thu May 21 15:00:25.104245 2026] [wsgi:error] [pid 10:tid 140234024904384] [remote 10.0.0.206:51530] 2026-05-21 15:00:25.104 10 WARNING keystone.common.fernet_utils [None req-24ea8be0-4b66-473d-91cd-10f33466701a - - - - - -] key_repository is world readable: /etc/keystone/fernet-keys/ 10.0.0.206 - - [21/May/2026:15:00:24 +0000] "POST /v3/auth/tokens HTTP/1.1" 201 1360 10.0.0.206 - - [21/May/2026:15:00:25 +0000] "GET /v3/services HTTP/1.1" 200 355 10.0.0.206 - - [21/May/2026:15:00:28 +0000] "GET / HTTP/1.1" 300 295
[Thu May 21 15:00:28.642283 2026] [wsgi:error] [pid 9:tid 140234024904384] [remote 10.0.0.206:51544] 2026-05-21 15:00:28.642 9 WARNING keystone.common.password_hashing [None req-5d6b8b3d-377e-4bb8-8c38-00ab0c9feeac - - - - - -] Truncating password to algorithm specific maximum length 72 characters.
[Thu May 21 15:00:28.909066 2026] [wsgi:error] [pid 9:tid 140234024904384] [remote 10.0.0.206:51544] 2026-05-21 15:00:28.908 9 WARNING keystone.common.fernet_utils [None req-5d6b8b3d-377e-4bb8-8c38-00ab0c9feeac - - - - - -] key_repository is world readable: /etc/keystone/fernet-keys/ 10.0.0.206 - - [21/May/2026:15:00:28 +0000] "POST /v3/auth/tokens HTTP/1.1" 201 1360 10.0.0.206 - - [21/May/2026:15:00:29 +0000] "GET /v3/services HTTP/1.1" 200 355 10.0.0.206 - - [21/May/2026:15:00:32 +0000] "GET / HTTP/1.1" 300 295
[Thu May 21 15:00:32.364142 2026] [wsgi:error] [pid 12:tid 140234024904384] [remote 10.0.0.206:39406] 2026-05-21 15:00:32.363 12 WARNING keystone.common.password_hashing [None req-931351f7-9233-432c-88c3-3a5a4b62265a - - - - - -] Truncating password to algorithm specific maximum length 72 characters.
[Thu May 21 15:00:32.632539 2026] [wsgi:error] [pid 12:tid 140234024904384] [remote 10.0.0.206:39406] 2026-05-21 15:00:32.632 12 WARNING keystone.common.fernet_utils [None req-931351f7-9233-432c-88c3-3a5a4b62265a - - - - - -] key_repository is world readable: /etc/keystone/fernet-keys/ 10.0.0.206 - - [21/May/2026:15:00:32 +0000] "POST /v3/auth/tokens HTTP/1.1" 201 1360 10.0.0.206 - - [21/May/2026:15:00:32 +0000] "GET /v3/services HTTP/1.1" 200 355 10.0.0.206 - - [21/May/2026:15:00:36 +0000] "GET / HTTP/1.1" 300 295
[Thu May 21 15:00:36.130407 2026] [wsgi:error] [pid 11:tid 140234024904384] [remote 10.0.0.206:39420] 2026-05-21 15:00:36.129 11 WARNING keystone.common.password_hashing [None req-421b4790-93cf-4acb-98d0-b859e0eecf90 - - - - - -] Truncating password to algorithm specific maximum length 72 characters.
[Thu May 21 15:00:36.414048 2026] [wsgi:error] [pid 11:tid 140234024904384] [remote 10.0.0.206:39420] 2026-05-21 15:00:36.413 11 WARNING keystone.common.fernet_utils [None req-421b4790-93cf-4acb-98d0-b859e0eecf90 - - - - - -] key_repository is world readable: /etc/keystone/fernet-keys/ 10.0.0.206 - - [21/May/2026:15:00:36 +0000] "POST /v3/auth/tokens HTTP/1.1" 201 1360 10.0.0.206 - - [21/May/2026:15:00:36 +0000] "POST /v3/services HTTP/1.1" 201 296 10.0.0.76 - - [21/May/2026:15:00:47 +0000] "GET / HTTP/1.1" 300 295
[Thu May 21 15:00:47.326295 2026] [wsgi:error] [pid 10:tid 140234024904384] [remote 10.0.0.76:43844] 2026-05-21 15:00:47.326 10 WARNING keystone.common.password_hashing [None req-a49c57d4-1179-48cf-b751-178071933c5b - - - - - -] Truncating password to algorithm specific maximum length 72 characters. 10.0.0.76 - - [21/May/2026:15:00:47 +0000] "GET / HTTP/1.1" 300 295
[Thu May 21 15:00:47.493392 2026] [wsgi:error] [pid 12:tid 140234024904384] [remote 10.0.0.76:43854] 2026-05-21 15:00:47.493 12 WARNING keystone.common.password_hashing [None req-923cb87c-2e29-40d6-bdc6-6bd7f797a4c2 - - - - - -] Truncating password to algorithm specific maximum length 72 characters. 10.0.0.76 - - [21/May/2026:15:00:47 +0000] "GET / HTTP/1.1" 300 295
[Thu May 21 15:00:47.590534 2026] [wsgi:error] [pid 11:tid 140234024904384] [remote 10.0.0.76:43864] 2026-05-21 15:00:47.590 11 WARNING keystone.common.password_hashing [None req-206eec10-c4e1-458a-a184-e2e634eef0aa - - - - - -] Truncating password to algorithm specific maximum length 72 characters.
[Thu May 21 15:00:47.615801 2026] [wsgi:error] [pid 10:tid 140234024904384] [remote 10.0.0.76:43844] 2026-05-21 15:00:47.615 10 WARNING keystone.common.fernet_utils [None req-a49c57d4-1179-48cf-b751-178071933c5b - - - - - -] key_repository is world readable: /etc/keystone/fernet-keys/ 10.0.0.76 - - [21/May/2026:15:00:47 +0000] "POST /v3/auth/tokens HTTP/1.1" 201 1464
[Thu May 21 15:00:47.760885 2026] [wsgi:error] [pid 12:tid 140234024904384] [remote 10.0.0.76:43854] 2026-05-21 15:00:47.760 12 WARNING keystone.common.fernet_utils [None req-923cb87c-2e29-40d6-bdc6-6bd7f797a4c2 - - - - - -] key_repository is world readable: /etc/keystone/fernet-keys/ 10.0.0.76 - - [21/May/2026:15:00:47 +0000] "POST /v3/auth/tokens HTTP/1.1" 201 1464 10.0.0.76 - - [21/May/2026:15:00:47 +0000] "GET /v3/services HTTP/1.1" 200 639
[Thu May 21 15:00:47.873703 2026] [wsgi:error] [pid 11:tid 140234024904384] [remote 10.0.0.76:43864] 2026-05-21 15:00:47.873 11 WARNING keystone.common.fernet_utils [None req-206eec10-c4e1-458a-a184-e2e634eef0aa - - - - - -] key_repository is world readable: /etc/keystone/fernet-keys/ 10.0.0.76 - - [21/May/2026:15:00:47 +0000] "POST /v3/auth/tokens HTTP/1.1" 201 1464 10.0.0.76 - - [21/May/2026:15:00:47 +0000] "GET /v3/services HTTP/1.1" 200 639 10.0.0.76 - - [21/May/2026:15:00:48 +0000] "GET /v3/services HTTP/1.1" 200 639 10.0.0.76 - - [21/May/2026:15:00:49 +0000] "GET / HTTP/1.1" 300 295
[Thu May 21 15:00:49.315220 2026] [wsgi:error] [pid 11:tid 140234024904384] [remote 10.0.0.76:43876] 2026-05-21 15:00:49.315 11 WARNING keystone.common.password_hashing [None req-3cecdc40-f92c-409f-be00-e579d445c682 - - - - - -] Truncating password to algorithm specific maximum length 72 characters. 10.0.0.76 - - [21/May/2026:15:00:49 +0000] "GET / HTTP/1.1" 300 295
[Thu May 21 15:00:49.336874 2026] [wsgi:error] [pid 12:tid 140234024904384] [remote 10.0.0.76:43882] 2026-05-21 15:00:49.336 12 WARNING keystone.common.password_hashing [None req-29422bf7-0f87-48d7-a6b7-47cdbaef01cf - - - - - -] Truncating password to algorithm specific maximum length 72 characters.
[Thu May 21 15:00:49.594888 2026] [wsgi:error] [pid 11:tid 140234024904384] [remote 10.0.0.76:43876] 2026-05-21 15:00:49.594 11 WARNING keystone.common.fernet_utils [None req-3cecdc40-f92c-409f-be00-e579d445c682 - - - - - -] key_repository is world readable: /etc/keystone/fernet-keys/ 10.0.0.76 - - [21/May/2026:15:00:49 +0000] "POST /v3/auth/tokens HTTP/1.1" 201 1464
[Thu May 21 15:00:49.608441 2026] [wsgi:error] [pid 12:tid 140234024904384] [remote 10.0.0.76:43882] 2026-05-21 15:00:49.608 12 WARNING keystone.common.fernet_utils [None req-29422bf7-0f87-48d7-a6b7-47cdbaef01cf - - - - - -] key_repository is world readable: /etc/keystone/fernet-keys/ 10.0.0.76 - - [21/May/2026:15:00:49 +0000] "GET / HTTP/1.1" 300 295 10.0.0.76 - - [21/May/2026:15:00:49 +0000] "POST /v3/auth/tokens HTTP/1.1" 201 1464
[Thu May 21 15:00:49.629013 2026] [wsgi:error] [pid 10:tid 140234024904384] [remote 10.0.0.76:43894] 2026-05-21 15:00:49.628 10 WARNING keystone.common.password_hashing [None req-b21dc4ed-2083-43cc-8f0a-4f553d334d2f - - - - - -] Truncating password to algorithm specific maximum length 72 characters. 10.0.0.76 - - [21/May/2026:15:00:49 +0000] "GET /v3/endpoints HTTP/1.1" 200 1227 10.0.0.76 - - [21/May/2026:15:00:49 +0000] "GET /v3/endpoints HTTP/1.1" 200 1227 10.0.0.76 - - [21/May/2026:15:00:49 +0000] "GET /v3/services/2af3f0e0cb5e423c9a6a757af98e1537 HTTP/1.1" 200 233 10.0.0.76 - - [21/May/2026:15:00:49 +0000] "GET /v3/services/2af3f0e0cb5e423c9a6a757af98e1537 HTTP/1.1" 200 233 10.0.0.76 - - [21/May/2026:15:00:49 +0000] "GET /v3/services/2af3f0e0cb5e423c9a6a757af98e1537 HTTP/1.1" 200 233 10.0.0.76 - - [21/May/2026:15:00:49 +0000] "GET /v3/services/2af3f0e0cb5e423c9a6a757af98e1537 HTTP/1.1" 200 233 10.0.0.76 - - [21/May/2026:15:00:49 +0000] "GET /v3/services/2af3f0e0cb5e423c9a6a757af98e1537 HTTP/1.1" 200 233 10.0.0.76 - - [21/May/2026:15:00:49 +0000] "GET /v3/services/2af3f0e0cb5e423c9a6a757af98e1537 HTTP/1.1" 200 233
[Thu May 21 15:00:49.913850 2026] [wsgi:error] [pid 10:tid 140234024904384] [remote 10.0.0.76:43894] 2026-05-21 15:00:49.913 10 WARNING keystone.common.fernet_utils [None req-b21dc4ed-2083-43cc-8f0a-4f553d334d2f - - - - - -] key_repository is world readable: /etc/keystone/fernet-keys/ 10.0.0.76 - - [21/May/2026:15:00:49 +0000] "POST /v3/auth/tokens HTTP/1.1" 201 1464 10.0.0.76 - - [21/May/2026:15:00:50 +0000] "GET /v3/endpoints HTTP/1.1" 200 1227 10.0.0.76 - - [21/May/2026:15:00:50 +0000] "GET /v3/services/2af3f0e0cb5e423c9a6a757af98e1537 HTTP/1.1" 200 233 10.0.0.76 - - [21/May/2026:15:00:50 +0000] "GET /v3/services/2af3f0e0cb5e423c9a6a757af98e1537 HTTP/1.1" 200 233 10.0.0.76 - - [21/May/2026:15:00:50 +0000] "GET /v3/services/2af3f0e0cb5e423c9a6a757af98e1537 HTTP/1.1" 200 233 10.0.0.76 - - [21/May/2026:15:00:51 +0000] "GET / HTTP/1.1" 300 295
[Thu May 21 15:00:51.199727 2026] [wsgi:error] [pid 12:tid 140234024904384] [remote 10.0.0.76:43906] 2026-05-21 15:00:51.199 12 WARNING keystone.common.password_hashing [None req-f8a7f299-fe96-4390-b043-cddaa056741e - - - - - -] Truncating password to algorithm specific maximum length 72 characters. 10.0.0.76 - - [21/May/2026:15:00:51 +0000] "GET / HTTP/1.1" 300 295
[Thu May 21 15:00:51.250537 2026] [wsgi:error] [pid 9:tid 140234024904384] [remote 10.0.0.76:43908] 2026-05-21 15:00:51.250 9 WARNING keystone.common.password_hashing [None req-7f59f4f1-9bb0-4de7-8940-111b242b669c - - - - - -] Truncating password to algorithm specific maximum length 72 characters. 10.0.0.76 - - [21/May/2026:15:00:51 +0000] "GET / HTTP/1.1" 300 295
[Thu May 21 15:00:51.443676 2026] [wsgi:error] [pid 11:tid 140234024904384] [remote 10.0.0.76:43914] 2026-05-21 15:00:51.443 11 WARNING keystone.common.password_hashing [None req-9137d861-43b2-4acc-8da6-da46fa68e1c0 - - - - - -] Truncating password to algorithm specific maximum length 72 characters.
[Thu May 21 15:00:51.477214 2026] [wsgi:error] [pid 12:tid 140234024904384] [remote 10.0.0.76:43906] 2026-05-21 15:00:51.477 12 WARNING keystone.common.fernet_utils [None req-f8a7f299-fe96-4390-b043-cddaa056741e - - - - - -] key_repository is world readable: /etc/keystone/fernet-keys/ 10.0.0.76 - - [21/May/2026:15:00:51 +0000] "POST /v3/auth/tokens HTTP/1.1" 201 1464
[Thu May 21 15:00:51.529846 2026] [wsgi:error] [pid 9:tid 140234024904384] [remote 10.0.0.76:43908] 2026-05-21 15:00:51.529 9 WARNING keystone.common.fernet_utils [None req-7f59f4f1-9bb0-4de7-8940-111b242b669c - - - - - -] key_repository is world readable: /etc/keystone/fernet-keys/ 10.0.0.76 - - [21/May/2026:15:00:51 +0000] "POST /v3/auth/tokens HTTP/1.1" 201 1464 10.0.0.76 - - [21/May/2026:15:00:51 +0000] "GET /v3/services/2add90a646ce4a4c8ac07f9b5a3cfbf5 HTTP/1.1" 200 296 10.0.0.76 - - [21/May/2026:15:00:51 +0000] "GET /v3/regions/RegionOne HTTP/1.1" 200 173 10.0.0.76 - - [21/May/2026:15:00:51 +0000] "GET /v3/services/2add90a646ce4a4c8ac07f9b5a3cfbf5 HTTP/1.1" 200 296 10.0.0.76 - - [21/May/2026:15:00:51 +0000] "GET /v3/regions/RegionOne HTTP/1.1" 200 173
[Thu May 21 15:00:51.748937 2026] [wsgi:error] [pid 11:tid 140234024904384] [remote 10.0.0.76:43914] 2026-05-21 15:00:51.748 11 WARNING keystone.common.fernet_utils [None req-9137d861-43b2-4acc-8da6-da46fa68e1c0 - - - - - -] key_repository is world readable: /etc/keystone/fernet-keys/ 10.0.0.76 - - [21/May/2026:15:00:51 +0000] "POST /v3/endpoints HTTP/1.1" 201 380 10.0.0.76 - - [21/May/2026:15:00:51 +0000] "POST /v3/auth/tokens HTTP/1.1" 201 1823 10.0.0.76 - - [21/May/2026:15:00:51 +0000] "POST /v3/endpoints HTTP/1.1" 201 383 10.0.0.76 - - [21/May/2026:15:00:51 +0000] "GET /v3/services/2add90a646ce4a4c8ac07f9b5a3cfbf5 HTTP/1.1" 200 296 10.0.0.76 - - [21/May/2026:15:00:51 +0000] "GET /v3/regions/RegionOne HTTP/1.1" 200 173 10.0.0.76 - - [21/May/2026:15:00:51 +0000] "POST /v3/endpoints HTTP/1.1" 201 370 10.0.0.76 - - [21/May/2026:15:00:53 +0000] "GET / HTTP/1.1" 300 295
[Thu May 21 15:00:53.120898 2026] [wsgi:error] [pid 9:tid 140234024904384] [remote 10.0.0.76:38154] 2026-05-21 15:00:53.120 9 WARNING keystone.common.password_hashing [None req-5efeffef-32ac-431d-a000-7179cd9af3b9 - - - - - -] Truncating password to algorithm specific maximum length 72 characters. 10.0.0.76 - - [21/May/2026:15:00:53 +0000] "GET / HTTP/1.1" 300 295
[Thu May 21 15:00:53.269220 2026] [wsgi:error] [pid 11:tid 140234024904384] [remote 10.0.0.76:38168] 2026-05-21 15:00:53.269 11 WARNING keystone.common.password_hashing [None req-f79d1d7b-6b20-4dad-a1ae-b0ee501c3dda - - - - - -] Truncating password to algorithm specific maximum length 72 characters. 10.0.0.76 - - [21/May/2026:15:00:53 +0000] "GET / HTTP/1.1" 300 295
[Thu May 21 15:00:53.312794 2026] [wsgi:error] [pid 12:tid 140234024904384] [remote 10.0.0.76:38178] 2026-05-21 15:00:53.312 12 WARNING keystone.common.password_hashing [None req-dec5d35d-72b3-4212-bf7c-19a5363d306b - - - - - -] Truncating password to algorithm specific maximum length 72 characters.
[Thu May 21 15:00:53.397697 2026] [wsgi:error] [pid 9:tid 140234024904384] [remote 10.0.0.76:38154] 2026-05-21 15:00:53.397 9 WARNING keystone.common.fernet_utils [None req-5efeffef-32ac-431d-a000-7179cd9af3b9 - - - - - -] key_repository is world readable: /etc/keystone/fernet-keys/ 10.0.0.76 - - [21/May/2026:15:00:53 +0000] "POST /v3/auth/tokens HTTP/1.1" 201 1992 10.0.0.76 - - [21/May/2026:15:00:53 +0000] "GET /v3/endpoints/a09c1141a50d44d399300a431cd54511 HTTP/1.1" 200 380
[Thu May 21 15:00:53.549632 2026] [wsgi:error] [pid 11:tid 140234024904384] [remote 10.0.0.76:38168] 2026-05-21 15:00:53.549 11 WARNING keystone.common.fernet_utils [None req-f79d1d7b-6b20-4dad-a1ae-b0ee501c3dda - - - - - -] key_repository is world readable: /etc/keystone/fernet-keys/ 10.0.0.76 - - [21/May/2026:15:00:53 +0000] "GET /v3/services/2add90a646ce4a4c8ac07f9b5a3cfbf5 HTTP/1.1" 200 296 10.0.0.76 - - [21/May/2026:15:00:53 +0000] "POST /v3/auth/tokens HTTP/1.1" 201 1992
[Thu May 21 15:00:53.589226 2026] [wsgi:error] [pid 12:tid 140234024904384] [remote 10.0.0.76:38178] 2026-05-21 15:00:53.589 12 WARNING keystone.common.fernet_utils [None req-dec5d35d-72b3-4212-bf7c-19a5363d306b - - - - - -] key_repository is world readable: /etc/keystone/fernet-keys/ 10.0.0.76 - - [21/May/2026:15:00:53 +0000] "POST /v3/auth/tokens HTTP/1.1" 201 1992 10.0.0.76 - - [21/May/2026:15:00:53 +0000] "GET /v3/endpoints/c5ad4d20163846ef8ab6852c8cb3254e HTTP/1.1" 200 383 10.0.0.76 - - [21/May/2026:15:00:53 +0000] "GET /v3/services/2add90a646ce4a4c8ac07f9b5a3cfbf5 HTTP/1.1" 200 296 10.0.0.76 - - [21/May/2026:15:00:53 +0000] "GET /v3/endpoints/f0d769f604c14aae8f299dc0828e0f3a HTTP/1.1" 200 370 10.0.0.76 - - [21/May/2026:15:00:53 +0000] "GET /v3/services/2add90a646ce4a4c8ac07f9b5a3cfbf5 HTTP/1.1" 200 296 10.0.0.170 - - [21/May/2026:15:01:04 +0000] "GET / HTTP/1.1" 300 295
[Thu May 21 15:01:04.299298 2026] [wsgi:error] [pid 9:tid 140234024904384] [remote 10.0.0.170:45500] 2026-05-21 15:01:04.299 9 WARNING keystone.common.password_hashing [None req-cc725eac-14b3-4ce8-b88a-4987cf80c1c5 - - - - - -] Truncating password to algorithm specific maximum length 72 characters.
[Thu May 21 15:01:04.575295 2026] [wsgi:error] [pid 9:tid 140234024904384] [remote 10.0.0.170:45500] 2026-05-21 15:01:04.575 9 WARNING keystone.common.fernet_utils [None req-cc725eac-14b3-4ce8-b88a-4987cf80c1c5 - - - - - -] key_repository is world readable: /etc/keystone/fernet-keys/ 10.0.0.170 - - [21/May/2026:15:01:04 +0000] "POST /v3/auth/tokens HTTP/1.1" 201 1992 10.0.0.170 - - [21/May/2026:15:01:04 +0000] "POST /v3/domains HTTP/1.1" 201 284 10.0.0.170 - - [21/May/2026:15:01:06 +0000] "GET / HTTP/1.1" 300 295
[Thu May 21 15:01:06.074951 2026] [wsgi:error] [pid 10:tid 140234024904384] [remote 10.0.0.170:45504] 2026-05-21 15:01:06.074 10 WARNING keystone.common.password_hashing [None req-d0c16352-600c-426d-be35-8b45fe679a57 - - - - - -] Truncating password to algorithm specific maximum length 72 characters.
[Thu May 21 15:01:06.352249 2026] [wsgi:error] [pid 10:tid 140234024904384] [remote 10.0.0.170:45504] 2026-05-21 15:01:06.352 10 WARNING keystone.common.fernet_utils [None req-d0c16352-600c-426d-be35-8b45fe679a57 - - - - - -] key_repository is world readable: /etc/keystone/fernet-keys/ 10.0.0.170 - - [21/May/2026:15:01:06 +0000] "POST /v3/auth/tokens HTTP/1.1" 201 1992
[Thu May 21 15:01:06.553396 2026] [wsgi:error] [pid 9:tid 140234024904384] [remote 10.0.0.170:45504] 2026-05-21 15:01:06.537 9 ERROR keystone.server.flask.application [None req-78c84c40-0bbd-4b98-9b4d-aa2d6e7ccdf4 e0ee422df1e4471a936d8f8d61fd3cd5 677be77050284c449e6e95fa86a3b33b - - default default] Conflict occurred attempting to store project - it is not permitted to have two projects acting as domains with the same name: service.: keystone.exception.Conflict: Conflict occurred attempting to store project - it is not permitted to have two projects acting as domains with the same name: service.
[Thu May 21 15:01:06.553420 2026] [wsgi:error] [pid 9:tid 140234024904384] [remote 10.0.0.170:45504] 2026-05-21 15:01:06.537 9 ERROR keystone.server.flask.application
Traceback (most recent call last):
[Thu May 21 15:01:06.553422 2026] [wsgi:error] [pid 9:tid 140234024904384] [remote 10.0.0.170:45504] 2026-05-21 15:01:06.537 9 ERROR keystone.server.flask.application
File "/var/lib/openstack/lib/python3.12/site-packages/sqlalchemy/engine/base.py", line 1967, in _exec_single_context
[Thu May 21 15:01:06.553423 2026] [wsgi:error] [pid 9:tid 140234024904384] [remote 10.0.0.170:45504] 2026-05-21 15:01:06.537 9 ERROR keystone.server.flask.application self.dialect.do_execute(
[Thu May 21 15:01:06.553425 2026] [wsgi:error] [pid 9:tid 140234024904384] [remote 10.0.0.170:45504] 2026-05-21 15:01:06.537 9 ERROR keystone.server.flask.application
File "/var/lib/openstack/lib/python3.12/site-packages/sqlalchemy/engine/default.py", line 952, in do_execute
[Thu May 21 15:01:06.553426 2026] [wsgi:error] [pid 9:tid 140234024904384] [remote 10.0.0.170:45504] 2026-05-21 15:01:06.537 9 ERROR keystone.server.flask.application cursor.execute(statement, parameters)
[Thu May 21 15:01:06.553428 2026] [wsgi:error] [pid 9:tid 140234024904384] [remote 10.0.0.170:45504] 2026-05-21 15:01:06.537 9 ERROR keystone.server.flask.application
File "/var/lib/openstack/lib/python3.12/site-packages/pymysql/cursors.py", line 157, in execute
[Thu May 21 15:01:06.553429 2026] [wsgi:error] [pid 9:tid 140234024904384] [remote 10.0.0.170:45504] 2026-05-21 15:01:06.537 9 ERROR keystone.server.flask.application result = self._query(query)
[Thu May 21 15:01:06.553431 2026] [wsgi:error] [pid 9:tid 140234024904384] [remote 10.0.0.170:45504] 2026-05-21 15:01:06.537 9 ERROR keystone.server.flask.application ^^^^^^^^^^^^^^^^^^
[Thu May 21 15:01:06.553432 2026] [wsgi:error] [pid 9:tid 140234024904384] [remote 10.0.0.170:45504] 2026-05-21 15:01:06.537 9 ERROR keystone.server.flask.application
File "/var/lib/openstack/lib/python3.12/site-packages/pymysql/cursors.py", line 328, in _query
[Thu May 21 15:01:06.553434 2026] [wsgi:error] [pid 9:tid 140234024904384] [remote 10.0.0.170:45504] 2026-05-21 15:01:06.537 9 ERROR keystone.server.flask.application conn.query(q)
[Thu May 21 15:01:06.553435 2026] [wsgi:error] [pid 9:tid 140234024904384] [remote 10.0.0.170:45504] 2026-05-21 15:01:06.537 9 ERROR keystone.server.flask.application
File "/var/lib/openstack/lib/python3.12/site-packages/pymysql/connections.py", line 575, in query
[Thu May 21 15:01:06.553437 2026] [wsgi:error] [pid 9:tid 140234024904384] [remote 10.0.0.170:45504] 2026-05-21 15:01:06.537 9 ERROR keystone.server.flask.application self._affected_rows = self._read_query_result(unbuffered=unbuffered)
[Thu May 21 15:01:06.553438 2026] [wsgi:error] [pid 9:tid 140234024904384] [remote 10.0.0.170:45504] 2026-05-21 15:01:06.537 9 ERROR keystone.server.flask.application ^^^^^^^^^^^^^^^^^^^^^^^^^^^^^^^^^^^^^^^^^^^^^^
[Thu May 21 15:01:06.553440 2026] [wsgi:error] [pid 9:tid 140234024904384] [remote 10.0.0.170:45504] 2026-05-21 15:01:06.537 9 ERROR keystone.server.flask.application
File "/var/lib/openstack/lib/python3.12/site-packages/pymysql/connections.py", line 826, in _read_query_result
[Thu May 21 15:01:06.553441 2026] [wsgi:error] [pid 9:tid 140234024904384] [remote 10.0.0.170:45504] 2026-05-21 15:01:06.537 9 ERROR keystone.server.flask.application result.read()
[Thu May 21 15:01:06.553445 2026] [wsgi:error] [pid 9:tid 140234024904384] [remote 10.0.0.170:45504] 2026-05-21 15:01:06.537 9 ERROR keystone.server.flask.application
File "/var/lib/openstack/lib/python3.12/site-packages/pymysql/connections.py", line 1203, in read
[Thu May 21 15:01:06.553447 2026] [wsgi:error] [pid 9:tid 140234024904384] [remote 10.0.0.170:45504] 2026-05-21 15:01:06.537 9 ERROR keystone.server.flask.application first_packet = self.connection._read_packet()
[Thu May 21 15:01:06.553448 2026] [wsgi:error] [pid 9:tid 140234024904384] [remote 10.0.0.170:45504] 2026-05-21 15:01:06.537 9 ERROR keystone.server.flask.application ^^^^^^^^^^^^^^^^^^^^^^^^^^^^^^
[Thu May 21 15:01:06.553449 2026] [wsgi:error] [pid 9:tid 140234024904384] [remote 10.0.0.170:45504] 2026-05-21 15:01:06.537 9 ERROR keystone.server.flask.application
File "/var/lib/openstack/lib/python3.12/site-packages/pymysql/connections.py", line 782, in _read_packet
[Thu May 21 15:01:06.553451 2026] [wsgi:error] [pid 9:tid 140234024904384] [remote 10.0.0.170:45504] 2026-05-21 15:01:06.537 9 ERROR keystone.server.flask.application packet.raise_for_error()
[Thu May 21 15:01:06.553452 2026] [wsgi:error] [pid 9:tid 140234024904384] [remote 10.0.0.170:45504] 2026-05-21 15:01:06.537 9 ERROR keystone.server.flask.application
File "/var/lib/openstack/lib/python3.12/site-packages/pymysql/protocol.py", line 219, in raise_for_error
[Thu May 21 15:01:06.553454 2026] [wsgi:error] [pid 9:tid 140234024904384] [remote 10.0.0.170:45504] 2026-05-21 15:01:06.537 9 ERROR keystone.server.flask.application err.raise_mysql_exception(self._data)
[Thu May 21 15:01:06.553455 2026] [wsgi:error] [pid 9:tid 140234024904384] [remote 10.0.0.170:45504] 2026-05-21 15:01:06.537 9 ERROR keystone.server.flask.application
File "/var/lib/openstack/lib/python3.12/site-packages/pymysql/err.py", line 150, in raise_mysql_exception
[Thu May 21 15:01:06.553456 2026] [wsgi:error] [pid 9:tid 140234024904384] [remote 10.0.0.170:45504] 2026-05-21 15:01:06.537 9 ERROR keystone.server.flask.application raise errorclass(errno, errval)
[Thu May 21 15:01:06.553458 2026] [wsgi:error] [pid 9:tid 140234024904384] [remote 10.0.0.170:45504] 2026-05-21 15:01:06.537 9 ERROR keystone.server.flask.application pymysql.err.IntegrityError: (1062, "Duplicate entry '<>-service' for key 'project.ixu_project_name_domain_id'")
[Thu May 21 15:01:06.553460 2026] [wsgi:error] [pid 9:tid 140234024904384] [remote 10.0.0.170:45504] 2026-05-21 15:01:06.537 9 ERROR keystone.server.flask.application
[Thu May 21 15:01:06.553461 2026] [wsgi:error] [pid 9:tid 140234024904384] [remote 10.0.0.170:45504] 2026-05-21 15:01:06.537 9 ERROR keystone.server.flask.application The above exception was the direct cause of the following exception:
[Thu May 21 15:01:06.553462 2026] [wsgi:error] [pid 9:tid 140234024904384] [remote 10.0.0.170:45504] 2026-05-21 15:01:06.537 9 ERROR keystone.server.flask.application
[Thu May 21 15:01:06.553463 2026] [wsgi:error] [pid 9:tid 140234024904384] [remote 10.0.0.170:45504] 2026-05-21 15:01:06.537 9 ERROR keystone.server.flask.application
Traceback (most recent call last):
[Thu May 21 15:01:06.553465 2026] [wsgi:error] [pid 9:tid 140234024904384] [remote 10.0.0.170:45504] 2026-05-21 15:01:06.537 9 ERROR keystone.server.flask.application
File "/var/lib/openstack/lib/python3.12/site-packages/keystone/common/sql/core.py", line 575, in wrapper
[Thu May 21 15:01:06.553466 2026] [wsgi:error] [pid 9:tid 140234024904384] [remote 10.0.0.170:45504] 2026-05-21 15:01:06.537 9 ERROR keystone.server.flask.application return method(*args, **kwargs)
[Thu May 21 15:01:06.553467 2026] [wsgi:error] [pid 9:tid 140234024904384] [remote 10.0.0.170:45504] 2026-05-21 15:01:06.537 9 ERROR keystone.server.flask.application ^^^^^^^^^^^^^^^^^^^^^^^
[Thu May 21 15:01:06.553469 2026] [wsgi:error] [pid 9:tid 140234024904384] [remote 10.0.0.170:45504] 2026-05-21 15:01:06.537 9 ERROR keystone.server.flask.application
File "/var/lib/openstack/lib/python3.12/site-packages/keystone/resource/backends/sql.py", line 278, in create_project
[Thu May 21 15:01:06.553471 2026] [wsgi:error] [pid 9:tid 140234024904384] [remote 10.0.0.170:45504] 2026-05-21 15:01:06.537 9 ERROR keystone.server.flask.application with sql.session_for_write() as session:
[Thu May 21 15:01:06.553472 2026] [wsgi:error] [pid 9:tid 140234024904384] [remote 10.0.0.170:45504] 2026-05-21 15:01:06.537 9 ERROR keystone.server.flask.application
File "/usr/lib/python3.12/contextlib.py", line 144, in __exit__
[Thu May 21 15:01:06.553474 2026] [wsgi:error] [pid 9:tid 140234024904384] [remote 10.0.0.170:45504] 2026-05-21 15:01:06.537 9 ERROR keystone.server.flask.application next(self.gen)
[Thu May 21 15:01:06.553475 2026] [wsgi:error] [pid 9:tid 140234024904384] [remote 10.0.0.170:45504] 2026-05-21 15:01:06.537 9 ERROR keystone.server.flask.application
File "/var/lib/openstack/lib/python3.12/site-packages/oslo_db/sqlalchemy/enginefacade.py", line 1175, in _transaction_scope
[Thu May 21 15:01:06.553476 2026] [wsgi:error] [pid 9:tid 140234024904384] [remote 10.0.0.170:45504] 2026-05-21 15:01:06.537 9 ERROR keystone.server.flask.application with current._produce_block(
[Thu May 21 15:01:06.553487 2026] [wsgi:error] [pid 9:tid 140234024904384] [remote 10.0.0.170:45504] 2026-05-21 15:01:06.537 9 ERROR keystone.server.flask.application
File "/usr/lib/python3.12/contextlib.py", line 144, in __exit__
[Thu May 21 15:01:06.553489 2026] [wsgi:error] [pid 9:tid 140234024904384] [remote 10.0.0.170:45504] 2026-05-21 15:01:06.537 9 ERROR keystone.server.flask.application next(self.gen)
[Thu May 21 15:01:06.553490 2026] [wsgi:error] [pid 9:tid 140234024904384] [remote 10.0.0.170:45504] 2026-05-21 15:01:06.537 9 ERROR keystone.server.flask.application
File "/var/lib/openstack/lib/python3.12/site-packages/oslo_db/sqlalchemy/enginefacade.py", line 837, in _session
[Thu May 21 15:01:06.553492 2026] [wsgi:error] [pid 9:tid 140234024904384] [remote 10.0.0.170:45504] 2026-05-21 15:01:06.537 9 ERROR keystone.server.flask.application with excutils.save_and_reraise_exception():
[Thu May 21 15:01:06.553493 2026] [wsgi:error] [pid 9:tid 140234024904384] [remote 10.0.0.170:45504] 2026-05-21 15:01:06.537 9 ERROR keystone.server.flask.application
File "/var/lib/openstack/lib/python3.12/site-packages/oslo_utils/excutils.py", line 271, in __exit__
[Thu May 21 15:01:06.553495 2026] [wsgi:error] [pid 9:tid 140234024904384] [remote 10.0.0.170:45504] 2026-05-21 15:01:06.537 9 ERROR keystone.server.flask.application self.force_reraise()
[Thu May 21 15:01:06.553496 2026] [wsgi:error] [pid 9:tid 140234024904384] [remote 10.0.0.170:45504] 2026-05-21 15:01:06.537 9 ERROR keystone.server.flask.application
File "/var/lib/openstack/lib/python3.12/site-packages/oslo_utils/excutils.py", line 233, in force_reraise
[Thu May 21 15:01:06.553498 2026] [wsgi:error] [pid 9:tid 140234024904384] [remote 10.0.0.170:45504] 2026-05-21 15:01:06.537 9 ERROR keystone.server.flask.application raise self.value
[Thu May 21 15:01:06.553499 2026] [wsgi:error] [pid 9:tid 140234024904384] [remote 10.0.0.170:45504] 2026-05-21 15:01:06.537 9 ERROR keystone.server.flask.application
File "/var/lib/openstack/lib/python3.12/site-packages/oslo_db/sqlalchemy/enginefacade.py", line 835, in _session
[Thu May 21 15:01:06.553501 2026] [wsgi:error] [pid 9:tid 140234024904384] [remote 10.0.0.170:45504] 2026-05-21 15:01:06.537 9 ERROR keystone.server.flask.application self._end_session_transaction(self.session)
[Thu May 21 15:01:06.553502 2026] [wsgi:error] [pid 9:tid 140234024904384] [remote 10.0.0.170:45504] 2026-05-21 15:01:06.537 9 ERROR keystone.server.flask.application
File "/var/lib/openstack/lib/python3.12/site-packages/oslo_db/sqlalchemy/enginefacade.py", line 748, in _end_session_transaction
[Thu May 21 15:01:06.553504 2026] [wsgi:error] [pid 9:tid 140234024904384] [remote 10.0.0.170:45504] 2026-05-21 15:01:06.537 9 ERROR keystone.server.flask.application session.commit()
[Thu May 21 15:01:06.553506 2026] [wsgi:error] [pid 9:tid 140234024904384] [remote 10.0.0.170:45504] 2026-05-21 15:01:06.537 9 ERROR keystone.server.flask.application
File "/var/lib/openstack/lib/python3.12/site-packages/sqlalchemy/orm/session.py", line 2030, in commit
[Thu May 21 15:01:06.553507 2026] [wsgi:error] [pid 9:tid 140234024904384] [remote 10.0.0.170:45504] 2026-05-21 15:01:06.537 9 ERROR keystone.server.flask.application trans.commit(_to_root=True)
[Thu May 21 15:01:06.553509 2026] [wsgi:error] [pid 9:tid 140234024904384] [remote 10.0.0.170:45504] 2026-05-21 15:01:06.537 9 ERROR keystone.server.flask.application File "", line 2, in commit
[Thu May 21 15:01:06.553510 2026] [wsgi:error] [pid 9:tid 140234024904384] [remote 10.0.0.170:45504] 2026-05-21 15:01:06.537 9 ERROR keystone.server.flask.application
File "/var/lib/openstack/lib/python3.12/site-packages/sqlalchemy/orm/state_changes.py", line 137, in _go
[Thu May 21 15:01:06.553512 2026] [wsgi:error] [pid 9:tid 140234024904384] [remote 10.0.0.170:45504] 2026-05-21 15:01:06.537 9 ERROR keystone.server.flask.application ret_value = fn(self, *arg, **kw)
[Thu May 21 15:01:06.553514 2026] [wsgi:error] [pid 9:tid 140234024904384] [remote 10.0.0.170:45504] 2026-05-21 15:01:06.537 9 ERROR keystone.server.flask.application ^^^^^^^^^^^^^^^^^^^^
[Thu May 21 15:01:06.553515 2026] [wsgi:error] [pid 9:tid 140234024904384] [remote 10.0.0.170:45504] 2026-05-21 15:01:06.537 9 ERROR keystone.server.flask.application
File "/var/lib/openstack/lib/python3.12/site-packages/sqlalchemy/orm/session.py", line 1311, in commit
[Thu May 21 15:01:06.553519 2026] [wsgi:error] [pid 9:tid 140234024904384] [remote 10.0.0.170:45504] 2026-05-21 15:01:06.537 9 ERROR keystone.server.flask.application self._prepare_impl()
[Thu May 21 15:01:06.553521 2026] [wsgi:error] [pid 9:tid 140234024904384] [remote 10.0.0.170:45504] 2026-05-21 15:01:06.537 9 ERROR keystone.server.flask.application File "", line 2, in _prepare_impl
[Thu May 21 15:01:06.553523 2026] [wsgi:error] [pid 9:tid 140234024904384] [remote 10.0.0.170:45504] 2026-05-21 15:01:06.537 9 ERROR keystone.server.flask.application
File "/var/lib/openstack/lib/python3.12/site-packages/sqlalchemy/orm/state_changes.py", line 137, in _go
[Thu May 21 15:01:06.553525 2026] [wsgi:error] [pid 9:tid 140234024904384] [remote 10.0.0.170:45504] 2026-05-21 15:01:06.537 9 ERROR keystone.server.flask.application ret_value = fn(self, *arg, **kw)
[Thu May 21 15:01:06.553526 2026] [wsgi:error] [pid 9:tid 140234024904384] [remote 10.0.0.170:45504] 2026-05-21 15:01:06.537 9 ERROR keystone.server.flask.application ^^^^^^^^^^^^^^^^^^^^
[Thu May 21 15:01:06.553529 2026] [wsgi:error] [pid 9:tid 140234024904384] [remote 10.0.0.170:45504] 2026-05-21 15:01:06.537 9 ERROR keystone.server.flask.application
File "/var/lib/openstack/lib/python3.12/site-packages/sqlalchemy/orm/session.py", line 1286, in _prepare_impl
[Thu May 21 15:01:06.553531 2026] [wsgi:error] [pid 9:tid 140234024904384] [remote 10.0.0.170:45504] 2026-05-21 15:01:06.537 9 ERROR keystone.server.flask.application self.session.flush()
[Thu May 21 15:01:06.553533 2026] [wsgi:error] [pid 9:tid 140234024904384] [remote 10.0.0.170:45504] 2026-05-21 15:01:06.537 9 ERROR keystone.server.flask.application
File "/var/lib/openstack/lib/python3.12/site-packages/sqlalchemy/orm/session.py", line 4331, in flush
[Thu May 21 15:01:06.553535 2026] [wsgi:error] [pid 9:tid 140234024904384] [remote 10.0.0.170:45504] 2026-05-21 15:01:06.537 9 ERROR keystone.server.flask.application self._flush(objects)
[Thu May 21 15:01:06.553536 2026] [wsgi:error] [pid 9:tid 140234024904384] [remote 10.0.0.170:45504] 2026-05-21 15:01:06.537 9 ERROR keystone.server.flask.application
File "/var/lib/openstack/lib/python3.12/site-packages/sqlalchemy/orm/session.py", line 4466, in _flush
[Thu May 21 15:01:06.553538 2026] [wsgi:error] [pid 9:tid 140234024904384] [remote 10.0.0.170:45504] 2026-05-21 15:01:06.537 9 ERROR keystone.server.flask.application with util.safe_reraise():
[Thu May 21 15:01:06.553541 2026] [wsgi:error] [pid 9:tid 140234024904384] [remote 10.0.0.170:45504] 2026-05-21 15:01:06.537 9 ERROR keystone.server.flask.application
File "/var/lib/openstack/lib/python3.12/site-packages/sqlalchemy/util/langhelpers.py", line 121, in __exit__
[Thu May 21 15:01:06.553543 2026] [wsgi:error] [pid 9:tid 140234024904384] [remote 10.0.0.170:45504] 2026-05-21 15:01:06.537 9 ERROR keystone.server.flask.application raise exc_value.with_traceback(exc_tb)
[Thu May 21 15:01:06.553545 2026] [wsgi:error] [pid 9:tid 140234024904384] [remote 10.0.0.170:45504] 2026-05-21 15:01:06.537 9 ERROR keystone.server.flask.application
File "/var/lib/openstack/lib/python3.12/site-packages/sqlalchemy/orm/session.py", line 4427, in _flush
[Thu May 21 15:01:06.553547 2026] [wsgi:error] [pid 9:tid 140234024904384] [remote 10.0.0.170:45504] 2026-05-21 15:01:06.537 9 ERROR keystone.server.flask.application flush_context.execute()
[Thu May 21 15:01:06.553549 2026] [wsgi:error] [pid 9:tid 140234024904384] [remote 10.0.0.170:45504] 2026-05-21 15:01:06.537 9 ERROR keystone.server.flask.application
File "/var/lib/openstack/lib/python3.12/site-packages/sqlalchemy/orm/unitofwork.py", line 466, in execute
[Thu May 21 15:01:06.553551 2026] [wsgi:error] [pid 9:tid 140234024904384] [remote 10.0.0.170:45504] 2026-05-21 15:01:06.537 9 ERROR keystone.server.flask.application rec.execute(self)
