2026-05-06 06:11:43.758 8 INFO neutron.api.v2.resource [None req-dcb10b17-65df-408a-ac1b-11b2e846674b c28cb6ef70d446d693917878f9ce5b67 edb6316e56af4d40bd76e17f48608136 - - default default] show failed (client error): The resource could not be found. [pid: 8|app: 0|req: 781/1868] 10.0.0.34 () {32 vars in 736 bytes} [Wed May 6 06:11:43 2026] GET /v2.0/security-groups/8f4de1af-79b1-4d87-aa42-c2e8dedf63e0 => generated 146 bytes in 14 msecs (HTTP/1.1 404) 4 headers in 164 bytes (1 switches on core 0)
2026-05-06 06:11:43.846 7 INFO neutron.db.ovn_revision_numbers_db [None req-5a27ca2b-64b3-48aa-b090-9f2dea560837 267a10744f7440d298ebd6385ab1ab0c 0c2757db2ea04d50a581349b1cced7df - - default default] Successfully bumped revision number for resource d5197783-76b2-4776-a9b7-75c2303b1148 (type: ports) to 1
2026-05-06 06:11:43.878 8 INFO neutron.plugins.ml2.drivers.ovn.mech_driver.mech_driver [None req-a7209fc4-1b3f-4f7d-95a5-eabc66951b7c - - - - - -] OVN reports status down for port: 6117c355-8a34-4d48-b855-61b26d6dabba [pid: 7|app: 0|req: 1088/1869] 10.0.0.34 () {34 vars in 663 bytes} [Wed May 6 06:11:43 2026] POST /v2.0/ports => generated 743 bytes in 381 msecs (HTTP/1.1 201) 4 headers in 162 bytes (1 switches on core 0) /var/lib/openstack/lib/python3.12/site-packages/pycadf/identifier.py:70: UserWarning: Invalid uuid: neutron. To ensure interoperability, identifiers should be a valid uuid. warnings.warn(('Invalid uuid: %s. To ensure interoperability, '
2026-05-06 06:11:43.917 7 INFO neutron.api.v2.resource [None req-c191d638-903f-4c4f-8e1c-08142a0831b4 ccc17f50d7f842e5aeba5865c4927a93 6bc1b2499a9443da8743aeed625c84a6 - - default default] show failed (client error): The resource could not be found. [pid: 7|app: 0|req: 1089/1870] 10.0.0.34 () {32 vars in 758 bytes} [Wed May 6 06:11:43 2026] GET /v2.0/security-groups/643e212e-046f-465d-b389-189db66fb108/tags/green => generated 99 bytes in 28 msecs (HTTP/1.1 404) 4 headers in 163 bytes (1 switches on core 0)
2026-05-06 06:11:43.977 8 INFO neutron.plugins.ml2.drivers.ovn.mech_driver.mech_driver [None req-a7209fc4-1b3f-4f7d-95a5-eabc66951b7c - - - - - -] OVN reports status down for port: 7f4b6af5-ed83-4c0d-8346-03740200b74d
2026-05-06 06:11:44.019 7 INFO neutron_taas.services.taas.taas_plugin [None req-7dd08c74-8eb6-4421-822f-e1c5ec5690da c28cb6ef70d446d693917878f9ce5b67 edb6316e56af4d40bd76e17f48608136 - - default default] TaaS: Handle Delete Port: 0df71d35-ed3f-45d2-bc5a-e82ffd731d05
2026-05-06 06:11:44.021 7 INFO neutron_taas.services.taas.tap_mirror_plugin [None req-7dd08c74-8eb6-4421-822f-e1c5ec5690da c28cb6ef70d446d693917878f9ce5b67 edb6316e56af4d40bd76e17f48608136 - - default default] Tap Mirror: Handle Delete Port: 0df71d35-ed3f-45d2-bc5a-e82ffd731d05
2026-05-06 06:11:44.072 8 INFO neutron.plugins.ml2.drivers.ovn.mech_driver.mech_driver [None req-a7209fc4-1b3f-4f7d-95a5-eabc66951b7c - - - - - -] OVN reports status down for port: 5c9aed64-fe4d-433c-9d16-2636cef6bbab [pid: 7|app: 0|req: 1090/1871] 10.0.0.34 () {32 vars in 731 bytes} [Wed May 6 06:11:43 2026] DELETE /v2.0/floatingips/858cf258-fe14-4906-b8a0-1f3b184f4295 => generated 0 bytes in 231 msecs (HTTP/1.1 204) 2 headers in 112 bytes (1 switches on core 0)
2026-05-06 06:11:44.168 8 INFO neutron.plugins.ml2.drivers.ovn.mech_driver.mech_driver [None req-a7209fc4-1b3f-4f7d-95a5-eabc66951b7c - - - - - -] OVN reports status down for port: 5320bac1-28f5-4891-8fc1-bbc23e65b98e
2026-05-06 06:11:44.211 8 WARNING neutron.scheduler.dhcp_agent_scheduler [None req-30d283b4-90db-4b37-9f39-560955961a59 b414118b0df14d448edc231eb5c4d302 187722976da5437c8ed412fcf471424f - - default default] No more DHCP agents
2026-05-06 06:11:44.212 8 WARNING neutron.api.rpc.agentnotifiers.dhcp_rpc_agent_api [None req-30d283b4-90db-4b37-9f39-560955961a59 b414118b0df14d448edc231eb5c4d302 187722976da5437c8ed412fcf471424f - - default default] Unable to schedule network afc14823-8e4d-4650-9bb7-5265bf53acee: no agents available; will retry on subsequent port and subnet creation events.
2026-05-06 06:11:44.227 7 INFO neutron.db.segments_db [None req-57426d91-10ba-4fac-b10e-f98a5e79d11f 267a10744f7440d298ebd6385ab1ab0c 0c2757db2ea04d50a581349b1cced7df - - default default] Added segment d07f030c-3551-4d5d-8f82-cf5e68614382 of type geneve for network 90e58b64-c116-46bb-b801-68c4419a1da8
2026-05-06 06:11:44.268 8 INFO neutron.plugins.ml2.drivers.ovn.mech_driver.mech_driver [None req-a7209fc4-1b3f-4f7d-95a5-eabc66951b7c - - - - - -] OVN reports status down for port: fda4f8f1-0d98-4771-9de5-b41d62e4605c
2026-05-06 06:11:44.335 7 INFO neutron.db.ovn_revision_numbers_db [None req-57426d91-10ba-4fac-b10e-f98a5e79d11f 267a10744f7440d298ebd6385ab1ab0c 0c2757db2ea04d50a581349b1cced7df - - default default] Successfully bumped revision number for resource 90e58b64-c116-46bb-b801-68c4419a1da8 (type: networks) to 1
2026-05-06 06:11:44.444 8 INFO neutron.plugins.ml2.drivers.ovn.mech_driver.mech_driver [None req-a7209fc4-1b3f-4f7d-95a5-eabc66951b7c - - - - - -] OVN reports status down for port: d5197783-76b2-4776-a9b7-75c2303b1148
2026-05-06 06:11:44.489 8 INFO neutron.db.ovn_revision_numbers_db [None req-30d283b4-90db-4b37-9f39-560955961a59 b414118b0df14d448edc231eb5c4d302 187722976da5437c8ed412fcf471424f - - default default] Successfully bumped revision number for resource 429bb307-be40-4399-aba4-556600261d29 (type: ports) to 1 [pid: 8|app: 0|req: 782/1872] 10.0.0.34 () {34 vars in 664 bytes} [Wed May 6 06:11:43 2026] POST /v2.0/ports => generated 952 bytes in 764 msecs (HTTP/1.1 201) 4 headers in 162 bytes (1 switches on core 0) /var/lib/openstack/lib/python3.12/site-packages/pycadf/identifier.py:70: UserWarning: Invalid uuid: neutron. To ensure interoperability, identifiers should be a valid uuid. warnings.warn(('Invalid uuid: %s. To ensure interoperability, '
2026-05-06 06:11:44.541 8 INFO neutron.plugins.ml2.drivers.ovn.mech_driver.mech_driver [None req-a7209fc4-1b3f-4f7d-95a5-eabc66951b7c - - - - - -] OVN reports status down for port: 429bb307-be40-4399-aba4-556600261d29
2026-05-06 06:11:44.568 7 WARNING neutron.scheduler.dhcp_agent_scheduler [None req-57426d91-10ba-4fac-b10e-f98a5e79d11f 267a10744f7440d298ebd6385ab1ab0c 0c2757db2ea04d50a581349b1cced7df - - default default] No more DHCP agents
2026-05-06 06:11:44.570 7 WARNING neutron.api.rpc.agentnotifiers.dhcp_rpc_agent_api [None req-57426d91-10ba-4fac-b10e-f98a5e79d11f 267a10744f7440d298ebd6385ab1ab0c 0c2757db2ea04d50a581349b1cced7df - - default default] Unable to schedule network 90e58b64-c116-46bb-b801-68c4419a1da8: no agents available; will retry on subsequent port and subnet creation events. [pid: 8|app: 0|req: 783/1873] 10.0.0.34 () {32 vars in 757 bytes} [Wed May 6 06:11:44 2026] DELETE /v2.0/security-groups/643e212e-046f-465d-b389-189db66fb108/tags/red => generated 0 bytes in 123 msecs (HTTP/1.1 204) 2 headers in 112 bytes (1 switches on core 0)
2026-05-06 06:11:44.667 7 INFO neutron.db.ovn_revision_numbers_db [None req-57426d91-10ba-4fac-b10e-f98a5e79d11f 267a10744f7440d298ebd6385ab1ab0c 0c2757db2ea04d50a581349b1cced7df - - default default] Successfully bumped revision number for resource 77477365-8c22-4653-8cb3-2dad009bcdb3 (type: ports) to 1 [pid: 7|app: 0|req: 1091/1874] 10.0.0.34 () {34 vars in 669 bytes} [Wed May 6 06:11:44 2026] POST /v2.0/networks => generated 632 bytes in 540 msecs (HTTP/1.1 201) 4 headers in 162 bytes (1 switches on core 0)
2026-05-06 06:11:44.708 8 INFO neutron.plugins.ml2.drivers.ovn.mech_driver.mech_driver [None req-a7209fc4-1b3f-4f7d-95a5-eabc66951b7c - - - - - -] OVN reports status down for port: 77477365-8c22-4653-8cb3-2dad009bcdb3
2026-05-06 06:11:44.982 8 INFO neutron_taas.services.taas.taas_plugin [None req-4ac80080-6c81-4d8a-8064-d8e66b3efeb5 9b422f725a9c44f6a3004433bae50360 d28878d9ee2445ef9242156f0f0c9adf - - default default] TaaS: Handle Delete Port: 975c0d0e-7fbb-412b-b299-3e86bd3c2bb0
2026-05-06 06:11:44.984 8 INFO neutron_taas.services.taas.tap_mirror_plugin [None req-4ac80080-6c81-4d8a-8064-d8e66b3efeb5 9b422f725a9c44f6a3004433bae50360 d28878d9ee2445ef9242156f0f0c9adf - - default default] Tap Mirror: Handle Delete Port: 975c0d0e-7fbb-412b-b299-3e86bd3c2bb0
2026-05-06 06:11:45.194 7 INFO neutron.db.ovn_revision_numbers_db [None req-72356273-067d-4fa2-8ebc-b6cfabfc8cf8 b414118b0df14d448edc231eb5c4d302 187722976da5437c8ed412fcf471424f - - default default] Successfully bumped revision number for resource 429bb307-be40-4399-aba4-556600261d29 (type: ports) to 2
2026-05-06 06:11:45.205 8 INFO neutron.plugins.ml2.drivers.ovn.mech_driver.mech_driver [None req-a7209fc4-1b3f-4f7d-95a5-eabc66951b7c - - - - - -] OVN reports status up for port: 429bb307-be40-4399-aba4-556600261d29
2026-05-06 06:11:45.229 8 INFO neutron.plugins.ml2.plugin [None req-a7209fc4-1b3f-4f7d-95a5-eabc66951b7c - - - - - -] Attempt 1 to provision port 429bb307-be40-4399-aba4-556600261d29
2026-05-06 06:11:45.792 8 INFO neutron.db.ovn_revision_numbers_db [None req-a7209fc4-1b3f-4f7d-95a5-eabc66951b7c - - - - - -] Successfully bumped revision number for resource 429bb307-be40-4399-aba4-556600261d29 (type: ports) to 3 [pid: 8|app: 0|req: 784/1875] 10.0.0.34 () {34 vars in 788 bytes} [Wed May 6 06:11:44 2026] PUT /v2.0/routers/2e5041b5-6efa-4022-8986-2f1484901b51/remove_router_interface => generated 309 bytes in 1359 msecs (HTTP/1.1 200) 4 headers in 157 bytes (1 switches on core 0) /var/lib/openstack/lib/python3.12/site-packages/pycadf/identifier.py:70: UserWarning: Invalid uuid: neutron. To ensure interoperability, identifiers should be a valid uuid. warnings.warn(('Invalid uuid: %s. To ensure interoperability, ' [pid: 8|app: 0|req: 785/1876] 10.0.0.34 () {32 vars in 746 bytes} [Wed May 6 06:11:46 2026] GET /v2.0/security-groups/643e212e-046f-465d-b389-189db66fb108/tags => generated 30 bytes in 33 msecs (HTTP/1.1 200) 4 headers in 156 bytes (1 switches on core 0)
2026-05-06 06:11:46.239 8 WARNING neutron.scheduler.dhcp_agent_scheduler [None req-2c74662a-0d5f-42ab-aa22-4b68c18f15db 267a10744f7440d298ebd6385ab1ab0c 0c2757db2ea04d50a581349b1cced7df - - default default] No more DHCP agents
2026-05-06 06:11:46.240 8 WARNING neutron.api.rpc.agentnotifiers.dhcp_rpc_agent_api [None req-2c74662a-0d5f-42ab-aa22-4b68c18f15db 267a10744f7440d298ebd6385ab1ab0c 0c2757db2ea04d50a581349b1cced7df - - default default] Unable to schedule network 90e58b64-c116-46bb-b801-68c4419a1da8: no agents available; will retry on subsequent port and subnet creation events.
2026-05-06 06:11:46.366 8 INFO neutron.db.ovn_revision_numbers_db [None req-2c74662a-0d5f-42ab-aa22-4b68c18f15db 267a10744f7440d298ebd6385ab1ab0c 0c2757db2ea04d50a581349b1cced7df - - default default] Successfully bumped revision number for resource 3896f45c-68b0-4fdc-bf5f-0036811d9bd0 (type: ports) to 1 [pid: 8|app: 0|req: 786/1877] 10.0.0.34 () {34 vars in 663 bytes} [Wed May 6 06:11:46 2026] POST /v2.0/ports => generated 743 bytes in 372 msecs (HTTP/1.1 201) 4 headers in 162 bytes (1 switches on core 0) /var/lib/openstack/lib/python3.12/site-packages/pycadf/identifier.py:70: UserWarning: Invalid uuid: neutron. To ensure interoperability, identifiers should be a valid uuid. warnings.warn(('Invalid uuid: %s. To ensure interoperability, '
2026-05-06 06:11:46.486 7 WARNING neutron.scheduler.dhcp_agent_scheduler [None req-72356273-067d-4fa2-8ebc-b6cfabfc8cf8 b414118b0df14d448edc231eb5c4d302 187722976da5437c8ed412fcf471424f - - default default] No more DHCP agents
2026-05-06 06:11:46.487 7 WARNING neutron.api.rpc.agentnotifiers.dhcp_rpc_agent_api [None req-72356273-067d-4fa2-8ebc-b6cfabfc8cf8 b414118b0df14d448edc231eb5c4d302 187722976da5437c8ed412fcf471424f - - default default] Unable to schedule network afc14823-8e4d-4650-9bb7-5265bf53acee: no agents available; will retry on subsequent port and subnet creation events.
2026-05-06 06:11:46.684 7 INFO neutron.db.ovn_revision_numbers_db [None req-72356273-067d-4fa2-8ebc-b6cfabfc8cf8 b414118b0df14d448edc231eb5c4d302 187722976da5437c8ed412fcf471424f - - default default] Successfully bumped revision number for resource 429bb307-be40-4399-aba4-556600261d29 (type: router_ports) to 3 [pid: 7|app: 0|req: 1092/1878] 10.0.0.34 () {34 vars in 782 bytes} [Wed May 6 06:11:44 2026] PUT /v2.0/routers/8b8be576-8de3-4221-8a0c-f0d207490b0a/add_router_interface => generated 309 bytes in 1998 msecs (HTTP/1.1 200) 4 headers in 157 bytes (1 switches on core 0) /var/lib/openstack/lib/python3.12/site-packages/pycadf/identifier.py:70: UserWarning: Invalid uuid: neutron. To ensure interoperability, identifiers should be a valid uuid. warnings.warn(('Invalid uuid: %s. To ensure interoperability, '
2026-05-06 06:11:46.725 7 INFO neutron.api.v2.resource [None req-6a750e72-a175-4723-bf2b-afb7254c0e58 ccc17f50d7f842e5aeba5865c4927a93 6bc1b2499a9443da8743aeed625c84a6 - - default default] delete failed (client error): The resource could not be found. [pid: 7|app: 0|req: 1093/1879] 10.0.0.34 () {32 vars in 761 bytes} [Wed May 6 06:11:46 2026] DELETE /v2.0/security-groups/643e212e-046f-465d-b389-189db66fb108/tags/green => generated 99 bytes in 36 msecs (HTTP/1.1 404) 4 headers in 163 bytes (1 switches on core 0) [pid: 7|app: 0|req: 1094/1880] 10.0.0.34 () {34 vars in 746 bytes} [Wed May 6 06:11:46 2026] PUT /v2.0/ports/878ee44a-3a7e-4708-a3bc-78fcb801469c/tags => generated 17 bytes in 49 msecs (HTTP/1.1 200) 4 headers in 156 bytes (1 switches on core 0) /var/lib/openstack/lib/python3.12/site-packages/pycadf/identifier.py:70: UserWarning: Invalid uuid: neutron. To ensure interoperability, identifiers should be a valid uuid. warnings.warn(('Invalid uuid: %s. To ensure interoperability, '
2026-05-06 06:11:46.778 8 INFO neutron_taas.services.taas.taas_plugin [None req-75fc77f0-8ce8-4499-ac0b-20d09eb9dd76 9b422f725a9c44f6a3004433bae50360 d28878d9ee2445ef9242156f0f0c9adf - - default default] TaaS: Handle Delete Port: 1d7ae789-a0c7-43e4-8939-70544724f5d2
2026-05-06 06:11:46.782 8 INFO neutron_taas.services.taas.tap_mirror_plugin [None req-75fc77f0-8ce8-4499-ac0b-20d09eb9dd76 9b422f725a9c44f6a3004433bae50360 d28878d9ee2445ef9242156f0f0c9adf - - default default] Tap Mirror: Handle Delete Port: 1d7ae789-a0c7-43e4-8939-70544724f5d2 [pid: 7|app: 0|req: 1095/1881] 10.0.0.34 () {32 vars in 716 bytes} [Wed May 6 06:11:46 2026] GET /v2.0/ports/429bb307-be40-4399-aba4-556600261d29 => generated 1014 bytes in 61 msecs (HTTP/1.1 200) 4 headers in 158 bytes (1 switches on core 0) [pid: 7|app: 0|req: 1096/1882] 10.0.0.34 () {32 vars in 749 bytes} [Wed May 6 06:11:46 2026] DELETE /v2.0/security-groups/643e212e-046f-465d-b389-189db66fb108/tags => generated 0 bytes in 45 msecs (HTTP/1.1 204) 2 headers in 112 bytes (1 switches on core 0) [pid: 7|app: 0|req: 1097/1883] 10.0.0.34 () {34 vars in 746 bytes} [Wed May 6 06:11:46 2026] PUT /v2.0/ports/6117c355-8a34-4d48-b855-61b26d6dabba/tags => generated 25 bytes in 75 msecs (HTTP/1.1 200) 4 headers in 156 bytes (1 switches on core 0) /var/lib/openstack/lib/python3.12/site-packages/pycadf/identifier.py:70: UserWarning: Invalid uuid: neutron. To ensure interoperability, identifiers should be a valid uuid. warnings.warn(('Invalid uuid: %s. To ensure interoperability, ' [pid: 8|app: 0|req: 787/1884] 10.0.0.34 () {32 vars in 723 bytes} [Wed May 6 06:11:46 2026] DELETE /v2.0/routers/2e5041b5-6efa-4022-8986-2f1484901b51 => generated 0 bytes in 798 msecs (HTTP/1.1 204) 2 headers in 112 bytes (1 switches on core 0)
2026-05-06 06:11:47.226 7 INFO neutron_taas.services.taas.taas_plugin [None req-bce6bbdc-0a12-4ff7-805b-d33c972e73f5 b414118b0df14d448edc231eb5c4d302 187722976da5437c8ed412fcf471424f - - default default] TaaS: Handle Delete Port: 429bb307-be40-4399-aba4-556600261d29
2026-05-06 06:11:47.229 7 INFO neutron_taas.services.taas.tap_mirror_plugin [None req-bce6bbdc-0a12-4ff7-805b-d33c972e73f5 b414118b0df14d448edc231eb5c4d302 187722976da5437c8ed412fcf471424f - - default default] Tap Mirror: Handle Delete Port: 429bb307-be40-4399-aba4-556600261d29 [pid: 8|app: 0|req: 788/1885] 10.0.0.34 () {32 vars in 746 bytes} [Wed May 6 06:11:47 2026] GET /v2.0/security-groups/643e212e-046f-465d-b389-189db66fb108/tags => generated 12 bytes in 27 msecs (HTTP/1.1 200) 4 headers in 156 bytes (1 switches on core 0) [pid: 8|app: 0|req: 789/1886] 10.0.0.34 () {34 vars in 746 bytes} [Wed May 6 06:11:47 2026] PUT /v2.0/ports/5c9aed64-fe4d-433c-9d16-2636cef6bbab/tags => generated 34 bytes in 58 msecs (HTTP/1.1 200) 4 headers in 156 bytes (1 switches on core 0) /var/lib/openstack/lib/python3.12/site-packages/pycadf/identifier.py:70: UserWarning: Invalid uuid: neutron. To ensure interoperability, identifiers should be a valid uuid. warnings.warn(('Invalid uuid: %s. To ensure interoperability, ' [pid: 8|app: 0|req: 790/1887] 10.0.0.34 () {32 vars in 723 bytes} [Wed May 6 06:11:47 2026] DELETE /v2.0/subnets/ed1db328-8c3f-4d36-b91b-323acb97458e => generated 0 bytes in 185 msecs (HTTP/1.1 204) 3 headers in 131 bytes (1 switches on core 0) [pid: 7|app: 0|req: 1098/1888] 10.0.0.34 () {34 vars in 788 bytes} [Wed May 6 06:11:46 2026] PUT /v2.0/routers/8b8be576-8de3-4221-8a0c-f0d207490b0a/remove_router_interface => generated 309 bytes in 660 msecs (HTTP/1.1 200) 4 headers in 157 bytes (1 switches on core 0) /var/lib/openstack/lib/python3.12/site-packages/pycadf/identifier.py:70: UserWarning: Invalid uuid: neutron. To ensure interoperability, identifiers should be a valid uuid. warnings.warn(('Invalid uuid: %s. To ensure interoperability, ' [pid: 8|app: 0|req: 791/1889] 10.0.0.34 () {32 vars in 739 bytes} [Wed May 6 06:11:47 2026] DELETE /v2.0/security-groups/643e212e-046f-465d-b389-189db66fb108 => generated 0 bytes in 155 msecs (HTTP/1.1 204) 2 headers in 112 bytes (1 switches on core 0) [pid: 7|app: 0|req: 1099/1890] 10.0.0.34 () {34 vars in 746 bytes} [Wed May 6 06:11:47 2026] PUT /v2.0/ports/d5197783-76b2-4776-a9b7-75c2303b1148/tags => generated 19 bytes in 80 msecs (HTTP/1.1 200) 4 headers in 156 bytes (1 switches on core 0) /var/lib/openstack/lib/python3.12/site-packages/pycadf/identifier.py:70: UserWarning: Invalid uuid: neutron. To ensure interoperability, identifiers should be a valid uuid. warnings.warn(('Invalid uuid: %s. To ensure interoperability, '
2026-05-06 06:11:47.746 8 INFO neutron_taas.services.taas.taas_plugin [None req-ff416d35-b741-418c-afc4-1c7ea5c07f4c 9b422f725a9c44f6a3004433bae50360 d28878d9ee2445ef9242156f0f0c9adf - - default default] TaaS: Handle Delete Port: 324a9264-6e01-42e4-9ceb-96b8845d9a1f
2026-05-06 06:11:47.749 8 INFO neutron_taas.services.taas.tap_mirror_plugin [None req-ff416d35-b741-418c-afc4-1c7ea5c07f4c 9b422f725a9c44f6a3004433bae50360 d28878d9ee2445ef9242156f0f0c9adf - - default default] Tap Mirror: Handle Delete Port: 324a9264-6e01-42e4-9ceb-96b8845d9a1f
2026-05-06 06:11:47.748 7 INFO neutron.api.v2.resource [None req-9b77498c-a85b-4b08-8271-47535c405d9d b414118b0df14d448edc231eb5c4d302 187722976da5437c8ed412fcf471424f - - default default] remove_router_interface failed (client error): The resource could not be found. [pid: 7|app: 0|req: 1100/1891] 10.0.0.34 () {34 vars in 788 bytes} [Wed May 6 06:11:47 2026] PUT /v2.0/routers/8b8be576-8de3-4221-8a0c-f0d207490b0a/remove_router_interface => generated 197 bytes in 50 msecs (HTTP/1.1 404) 4 headers in 164 bytes (1 switches on core 0)
2026-05-06 06:11:47.935 8 INFO neutron.services.segments.plugin [-] Segment 661809b9-4f26-47e9-b95b-816d5d37c00f resource provider aggregate not found [pid: 7|app: 0|req: 1101/1892] 10.0.0.34 () {32 vars in 659 bytes} [Wed May 6 06:11:47 2026] GET /v2.0/ports?tags=red => generated 2253 bytes in 191 msecs (HTTP/1.1 200) 4 headers in 158 bytes (1 switches on core 0)
2026-05-06 06:11:47.943 8 INFO neutron.services.segments.plugin [-] Segment 661809b9-4f26-47e9-b95b-816d5d37c00f resource provider aggregate not found
2026-05-06 06:11:47.951 8 INFO neutron.services.segments.plugin [-] Segment 661809b9-4f26-47e9-b95b-816d5d37c00f resource provider not found; error: Placement Client Error (4xx): {"errors": [{"status": 404, "title": "Not Found", "detail": "The resource could not be found.\n\n No resource provider with uuid 661809b9-4f26-47e9-b95b-816d5d37c00f found for delete ", "request_id": "req-7c441dc9-cf75-40bc-b6e9-f0719eb0c504"}]}
2026-05-06 06:11:47.958 8 INFO neutron.services.segments.plugin [-] Segment 661809b9-4f26-47e9-b95b-816d5d37c00f resource provider not found; error: Placement Client Error (4xx): {"errors": [{"status": 404, "title": "Not Found", "detail": "The resource could not be found.\n\n No resource provider with uuid 661809b9-4f26-47e9-b95b-816d5d37c00f found for delete ", "request_id": "req-3fa2b430-4ff7-47d2-a022-57e140560647"}]} [pid: 7|app: 0|req: 1102/1893] 10.0.0.34 () {32 vars in 735 bytes} [Wed May 6 06:11:47 2026] GET /v2.0/ports?device_id=8b8be576-8de3-4221-8a0c-f0d207490b0a => generated 12 bytes in 27 msecs (HTTP/1.1 200) 4 headers in 156 bytes (1 switches on core 0) [pid: 8|app: 0|req: 792/1894] 10.0.0.34 () {32 vars in 725 bytes} [Wed May 6 06:11:47 2026] DELETE /v2.0/networks/c4f75cec-0bf7-4806-9f82-929107672331 => generated 0 bytes in 354 msecs (HTTP/1.1 204) 3 headers in 131 bytes (1 switches on core 0) [pid: 7|app: 0|req: 1103/1895] 10.0.0.34 () {32 vars in 673 bytes} [Wed May 6 06:11:47 2026] GET /v2.0/ports?tags=red%2Cblue => generated 1513 bytes in 86 msecs (HTTP/1.1 200) 4 headers in 158 bytes (1 switches on core 0) [pid: 7|app: 0|req: 1104/1896] 10.0.0.34 () {32 vars in 669 bytes} [Wed May 6 06:11:48 2026] GET /v2.0/ports?tags-any=blue => generated 1513 bytes in 59 msecs (HTTP/1.1 200) 4 headers in 158 bytes (1 switches on core 0) [pid: 7|app: 0|req: 1105/1897] 10.0.0.34 () {32 vars in 681 bytes} [Wed May 6 06:11:48 2026] GET /v2.0/ports?tags-any=red%2Cblue => generated 2253 bytes in 55 msecs (HTTP/1.1 200) 4 headers in 158 bytes (1 switches on core 0) [pid: 8|app: 0|req: 793/1898] 10.0.0.34 () {32 vars in 723 bytes} [Wed May 6 06:11:47 2026] DELETE /v2.0/routers/8b8be576-8de3-4221-8a0c-f0d207490b0a => generated 0 bytes in 198 msecs (HTTP/1.1 204) 2 headers in 112 bytes (1 switches on core 0) [pid: 7|app: 0|req: 1106/1899] 10.0.0.34 () {32 vars in 773 bytes} [Wed May 6 06:11:48 2026] GET /v2.0/security-groups?tenant_id=edb6316e56af4d40bd76e17f48608136&name=default => generated 2925 bytes in 24 msecs (HTTP/1.1 200) 4 headers in 158 bytes (1 switches on core 0) [pid: 7|app: 0|req: 1107/1900] 10.0.0.34 () {32 vars in 723 bytes} [Wed May 6 06:11:48 2026] DELETE /v2.0/subnets/6d29a169-3ec8-4e66-b966-d8798a6f0514 => generated 0 bytes in 164 msecs (HTTP/1.1 204) 3 headers in 131 bytes (1 switches on core 0) [pid: 8|app: 0|req: 794/1901] 10.0.0.34 () {32 vars in 667 bytes} [Wed May 6 06:11:48 2026] GET /v2.0/ports?not-tags=red => generated 5268 bytes in 212 msecs (HTTP/1.1 200) 4 headers in 158 bytes (1 switches on core 0) [pid: 8|app: 0|req: 795/1902] 10.0.0.34 () {32 vars in 773 bytes} [Wed May 6 06:11:48 2026] GET /v2.0/security-groups?tenant_id=6bc1b2499a9443da8743aeed625c84a6&name=default => generated 2925 bytes in 143 msecs (HTTP/1.1 200) 4 headers in 158 bytes (1 switches on core 0) [pid: 7|app: 0|req: 1108/1903] 10.0.0.34 () {32 vars in 739 bytes} [Wed May 6 06:11:48 2026] DELETE /v2.0/security-groups/ebbafed0-3ac9-49c3-8276-042c1af7dc34 => generated 0 bytes in 254 msecs (HTTP/1.1 204) 2 headers in 112 bytes (1 switches on core 0)
2026-05-06 06:11:48.681 8 INFO neutron_taas.services.taas.taas_plugin [None req-fb80549d-0ec4-43b6-92ed-6cfccd2ea0c8 b414118b0df14d448edc231eb5c4d302 187722976da5437c8ed412fcf471424f - - default default] TaaS: Handle Delete Port: 5320bac1-28f5-4891-8fc1-bbc23e65b98e
2026-05-06 06:11:48.684 8 INFO neutron_taas.services.taas.tap_mirror_plugin [None req-fb80549d-0ec4-43b6-92ed-6cfccd2ea0c8 b414118b0df14d448edc231eb5c4d302 187722976da5437c8ed412fcf471424f - - default default] Tap Mirror: Handle Delete Port: 5320bac1-28f5-4891-8fc1-bbc23e65b98e [pid: 7|app: 0|req: 1109/1904] 10.0.0.34 () {32 vars in 681 bytes} [Wed May 6 06:11:48 2026] GET /v2.0/ports?not-tags=red%2Cblue => generated 6008 bytes in 143 msecs (HTTP/1.1 200) 4 headers in 158 bytes (1 switches on core 0) [pid: 8|app: 0|req: 796/1905] 10.0.0.34 () {32 vars in 725 bytes} [Wed May 6 06:11:48 2026] DELETE /v2.0/networks/afc14823-8e4d-4650-9bb7-5265bf53acee => generated 0 bytes in 378 msecs (HTTP/1.1 204) 3 headers in 131 bytes (1 switches on core 0) [pid: 8|app: 0|req: 797/1906] 10.0.0.34 () {32 vars in 677 bytes} [Wed May 6 06:11:48 2026] GET /v2.0/ports?not-tags-any=blue => generated 6008 bytes in 134 msecs (HTTP/1.1 200) 4 headers in 158 bytes (1 switches on core 0) [pid: 7|app: 0|req: 1110/1907] 10.0.0.34 () {32 vars in 739 bytes} [Wed May 6 06:11:48 2026] DELETE /v2.0/security-groups/f8e4df3b-11a0-472c-ab8c-942f83a4a9a7 => generated 0 bytes in 346 msecs (HTTP/1.1 204) 2 headers in 112 bytes (1 switches on core 0)
2026-05-06 06:11:49.172 8 INFO neutron.db.segments_db [None req-6a9b8d45-93d6-4b5f-9b1b-e3fef7363306 b414118b0df14d448edc231eb5c4d302 187722976da5437c8ed412fcf471424f - - default default] Added segment 6138287d-910a-493e-8438-4fbbe5c66ed0 of type geneve for network 7130b6b9-ed34-4855-8aba-dd647bf4b9fb [pid: 7|app: 0|req: 1111/1908] 10.0.0.34 () {32 vars in 689 bytes} [Wed May 6 06:11:49 2026] GET /v2.0/ports?not-tags-any=red%2Cblue => generated 5268 bytes in 112 msecs (HTTP/1.1 200) 4 headers in 158 bytes (1 switches on core 0)
2026-05-06 06:11:49.275 8 INFO neutron.db.ovn_revision_numbers_db [None req-6a9b8d45-93d6-4b5f-9b1b-e3fef7363306 b414118b0df14d448edc231eb5c4d302 187722976da5437c8ed412fcf471424f - - default default] Successfully bumped revision number for resource 7130b6b9-ed34-4855-8aba-dd647bf4b9fb (type: networks) to 1
2026-05-06 06:11:49.400 7 INFO neutron.db.ovn_revision_numbers_db [None req-b7827719-7e2b-41a6-8e41-23d3411a869c 9b422f725a9c44f6a3004433bae50360 d28878d9ee2445ef9242156f0f0c9adf - - default default] Successfully bumped revision number for resource 169e0f87-3ee5-4695-b333-f1b1acd2c29b (type: security_groups) to 1
2026-05-06 06:11:49.411 7 INFO neutron.db.ovn_revision_numbers_db [None req-b7827719-7e2b-41a6-8e41-23d3411a869c 9b422f725a9c44f6a3004433bae50360 d28878d9ee2445ef9242156f0f0c9adf - - default default] Successfully bumped revision number for resource 1079d687-5ef5-40e7-a636-8121e8e19e4c (type: security_group_rules) to 0
2026-05-06 06:11:49.422 7 INFO neutron.db.ovn_revision_numbers_db [None req-b7827719-7e2b-41a6-8e41-23d3411a869c 9b422f725a9c44f6a3004433bae50360 d28878d9ee2445ef9242156f0f0c9adf - - default default] Successfully bumped revision number for resource 3b00bb32-5776-4585-b16e-407d5b3d79b6 (type: security_group_rules) to 0
2026-05-06 06:11:49.434 7 INFO neutron.db.ovn_revision_numbers_db [None req-b7827719-7e2b-41a6-8e41-23d3411a869c 9b422f725a9c44f6a3004433bae50360 d28878d9ee2445ef9242156f0f0c9adf - - default default] Successfully bumped revision number for resource e7a08840-98fa-4655-bb3c-8414c911b812 (type: security_group_rules) to 0
2026-05-06 06:11:49.435 8 WARNING neutron.scheduler.dhcp_agent_scheduler [None req-6a9b8d45-93d6-4b5f-9b1b-e3fef7363306 b414118b0df14d448edc231eb5c4d302 187722976da5437c8ed412fcf471424f - - default default] No more DHCP agents
2026-05-06 06:11:49.437 8 WARNING neutron.api.rpc.agentnotifiers.dhcp_rpc_agent_api [None req-6a9b8d45-93d6-4b5f-9b1b-e3fef7363306 b414118b0df14d448edc231eb5c4d302 187722976da5437c8ed412fcf471424f - - default default] Unable to schedule network 7130b6b9-ed34-4855-8aba-dd647bf4b9fb: no agents available; will retry on subsequent port and subnet creation events.
2026-05-06 06:11:49.444 7 INFO neutron.db.ovn_revision_numbers_db [None req-b7827719-7e2b-41a6-8e41-23d3411a869c 9b422f725a9c44f6a3004433bae50360 d28878d9ee2445ef9242156f0f0c9adf - - default default] Successfully bumped revision number for resource ed67b870-0d0f-4f4d-b4a3-3dcdbc5c1583 (type: security_group_rules) to 0 [pid: 7|app: 0|req: 1112/1909] 10.0.0.34 () {32 vars in 773 bytes} [Wed May 6 06:11:49 2026] GET /v2.0/security-groups?tenant_id=e5849cf9a6554a75899d2d0df2fb70a0&name=default => generated 2925 bytes in 272 msecs (HTTP/1.1 200) 4 headers in 158 bytes (1 switches on core 0)
2026-05-06 06:11:49.542 8 INFO neutron.db.ovn_revision_numbers_db [None req-6a9b8d45-93d6-4b5f-9b1b-e3fef7363306 b414118b0df14d448edc231eb5c4d302 187722976da5437c8ed412fcf471424f - - default default] Successfully bumped revision number for resource 75c1f9b1-4d6c-4957-b489-134dfc199613 (type: ports) to 1 [pid: 8|app: 0|req: 798/1910] 10.0.0.34 () {34 vars in 669 bytes} [Wed May 6 06:11:49 2026] POST /v2.0/networks => generated 629 bytes in 497 msecs (HTTP/1.1 201) 4 headers in 162 bytes (1 switches on core 0)
2026-05-06 06:11:49.627 7 INFO neutron_taas.services.taas.taas_plugin [None req-edb18cd6-e648-4978-9636-d337f2f89779 267a10744f7440d298ebd6385ab1ab0c 0c2757db2ea04d50a581349b1cced7df - - default default] TaaS: Handle Delete Port: 878ee44a-3a7e-4708-a3bc-78fcb801469c
2026-05-06 06:11:49.631 7 INFO neutron_taas.services.taas.tap_mirror_plugin [None req-edb18cd6-e648-4978-9636-d337f2f89779 267a10744f7440d298ebd6385ab1ab0c 0c2757db2ea04d50a581349b1cced7df - - default default] Tap Mirror: Handle Delete Port: 878ee44a-3a7e-4708-a3bc-78fcb801469c [pid: 7|app: 0|req: 1113/1911] 10.0.0.34 () {32 vars in 719 bytes} [Wed May 6 06:11:49 2026] DELETE /v2.0/ports/878ee44a-3a7e-4708-a3bc-78fcb801469c => generated 0 bytes in 273 msecs (HTTP/1.1 204) 3 headers in 131 bytes (1 switches on core 0) [pid: 8|app: 0|req: 799/1912] 10.0.0.34 () {32 vars in 739 bytes} [Wed May 6 06:11:49 2026] DELETE /v2.0/security-groups/169e0f87-3ee5-4695-b333-f1b1acd2c29b => generated 0 bytes in 325 msecs (HTTP/1.1 204) 2 headers in 112 bytes (1 switches on core 0)
2026-05-06 06:11:49.975 8 INFO neutron.services.segments.plugin [-] Segment 788fe9de-c58b-4fd3-b7f7-2c9faeeca2c6 resource provider aggregate not found
2026-05-06 06:11:49.977 8 INFO neutron.services.segments.plugin [-] Segment 788fe9de-c58b-4fd3-b7f7-2c9faeeca2c6 resource provider aggregate not found
2026-05-06 06:11:49.987 8 INFO neutron.services.segments.plugin [-] Segment 788fe9de-c58b-4fd3-b7f7-2c9faeeca2c6 resource provider not found; error: Placement Client Error (4xx): {"errors": [{"status": 404, "title": "Not Found", "detail": "The resource could not be found.\n\n No resource provider with uuid 788fe9de-c58b-4fd3-b7f7-2c9faeeca2c6 found for delete ", "request_id": "req-3c9852ed-e575-4add-a44b-5e9e7145c627"}]}
2026-05-06 06:11:49.996 7 WARNING neutron.scheduler.dhcp_agent_scheduler [None req-dba77ea3-6383-45bf-a2e4-313a174f45fd b414118b0df14d448edc231eb5c4d302 187722976da5437c8ed412fcf471424f - - default default] No more DHCP agents
2026-05-06 06:11:49.997 7 WARNING neutron.api.rpc.agentnotifiers.dhcp_rpc_agent_api [None req-dba77ea3-6383-45bf-a2e4-313a174f45fd b414118b0df14d448edc231eb5c4d302 187722976da5437c8ed412fcf471424f - - default default] Unable to schedule network 7130b6b9-ed34-4855-8aba-dd647bf4b9fb: no agents available; will retry on subsequent port and subnet creation events.
2026-05-06 06:11:49.998 8 INFO neutron.services.segments.plugin [-] Segment 788fe9de-c58b-4fd3-b7f7-2c9faeeca2c6 resource provider not found; error: Placement Client Error (4xx): {"errors": [{"status": 404, "title": "Not Found", "detail": "The resource could not be found.\n\n No resource provider with uuid 788fe9de-c58b-4fd3-b7f7-2c9faeeca2c6 found for delete ", "request_id": "req-ca320d59-a28b-4328-8e8c-c6700764fe4b"}]}
2026-05-06 06:11:50.017 8 INFO neutron_taas.services.taas.taas_plugin [None req-b2c3e5e5-e41c-479d-bbe8-e7b1bef04d37 267a10744f7440d298ebd6385ab1ab0c 0c2757db2ea04d50a581349b1cced7df - - default default] TaaS: Handle Delete Port: 6117c355-8a34-4d48-b855-61b26d6dabba
2026-05-06 06:11:50.020 8 INFO neutron_taas.services.taas.tap_mirror_plugin [None req-b2c3e5e5-e41c-479d-bbe8-e7b1bef04d37 267a10744f7440d298ebd6385ab1ab0c 0c2757db2ea04d50a581349b1cced7df - - default default] Tap Mirror: Handle Delete Port: 6117c355-8a34-4d48-b855-61b26d6dabba [pid: 8|app: 0|req: 800/1913] 10.0.0.34 () {32 vars in 719 bytes} [Wed May 6 06:11:49 2026] DELETE /v2.0/ports/6117c355-8a34-4d48-b855-61b26d6dabba => generated 0 bytes in 295 msecs (HTTP/1.1 204) 3 headers in 131 bytes (1 switches on core 0)
2026-05-06 06:11:50.314 8 INFO neutron_taas.services.taas.taas_plugin [None req-b15387c3-25d6-4752-a877-d359707badda 267a10744f7440d298ebd6385ab1ab0c 0c2757db2ea04d50a581349b1cced7df - - default default] TaaS: Handle Delete Port: 5c9aed64-fe4d-433c-9d16-2636cef6bbab
2026-05-06 06:11:50.317 8 INFO neutron_taas.services.taas.tap_mirror_plugin [None req-b15387c3-25d6-4752-a877-d359707badda 267a10744f7440d298ebd6385ab1ab0c 0c2757db2ea04d50a581349b1cced7df - - default default] Tap Mirror: Handle Delete Port: 5c9aed64-fe4d-433c-9d16-2636cef6bbab [pid: 8|app: 0|req: 801/1914] 10.0.0.34 () {32 vars in 719 bytes} [Wed May 6 06:11:50 2026] DELETE /v2.0/ports/5c9aed64-fe4d-433c-9d16-2636cef6bbab => generated 0 bytes in 269 msecs (HTTP/1.1 204) 3 headers in 131 bytes (1 switches on core 0)
2026-05-06 06:11:50.529 7 INFO neutron.db.ovn_revision_numbers_db [None req-3faf7e69-5933-48c4-af79-cb6f4c0fa772 - - - - - -] Successfully bumped revision number for resource 75c1f9b1-4d6c-4957-b489-134dfc199613 (type: ports) to 2
2026-05-06 06:11:50.555 7 INFO neutron.db.ovn_revision_numbers_db [None req-3faf7e69-5933-48c4-af79-cb6f4c0fa772 - - - - - -] Successfully bumped revision number for resource d73a387f-2563-4479-b4e0-ce082f610506 (type: subnets) to 0 [pid: 7|app: 0|req: 1114/1915] 10.0.0.34 () {34 vars in 668 bytes} [Wed May 6 06:11:49 2026] POST /v2.0/subnets => generated 626 bytes in 792 msecs (HTTP/1.1 201) 4 headers in 162 bytes (1 switches on core 0)
2026-05-06 06:11:50.708 8 INFO neutron.db.ovn_revision_numbers_db [None req-d067842c-871e-42b6-9cb7-a627fdc61039 9b422f725a9c44f6a3004433bae50360 d28878d9ee2445ef9242156f0f0c9adf - - default default] Successfully bumped revision number for resource 97d65407-f520-4932-8fdb-bf2a32dc0aca (type: security_groups) to 1
2026-05-06 06:11:50.719 8 INFO neutron.db.ovn_revision_numbers_db [None req-d067842c-871e-42b6-9cb7-a627fdc61039 9b422f725a9c44f6a3004433bae50360 d28878d9ee2445ef9242156f0f0c9adf - - default default] Successfully bumped revision number for resource 00a94576-1372-46e4-9f89-7b69bb132668 (type: security_group_rules) to 0
2026-05-06 06:11:50.727 8 INFO neutron.db.ovn_revision_numbers_db [None req-d067842c-871e-42b6-9cb7-a627fdc61039 9b422f725a9c44f6a3004433bae50360 d28878d9ee2445ef9242156f0f0c9adf - - default default] Successfully bumped revision number for resource 0670ee3a-de94-414b-8099-27fae08af9fd (type: security_group_rules) to 0
2026-05-06 06:11:50.730 7 INFO neutron_taas.services.taas.taas_plugin [None req-26c5cbb0-e532-4f9a-81b9-01e9c1b5adb9 267a10744f7440d298ebd6385ab1ab0c 0c2757db2ea04d50a581349b1cced7df - - default default] TaaS: Handle Delete Port: d5197783-76b2-4776-a9b7-75c2303b1148
2026-05-06 06:11:50.733 7 INFO neutron_taas.services.taas.tap_mirror_plugin [None req-26c5cbb0-e532-4f9a-81b9-01e9c1b5adb9 267a10744f7440d298ebd6385ab1ab0c 0c2757db2ea04d50a581349b1cced7df - - default default] Tap Mirror: Handle Delete Port: d5197783-76b2-4776-a9b7-75c2303b1148
2026-05-06 06:11:50.739 8 INFO neutron.db.ovn_revision_numbers_db [None req-d067842c-871e-42b6-9cb7-a627fdc61039 9b422f725a9c44f6a3004433bae50360 d28878d9ee2445ef9242156f0f0c9adf - - default default] Successfully bumped revision number for resource 131bef34-f952-4cc3-a527-6f1b36525168 (type: security_group_rules) to 0
2026-05-06 06:11:50.751 8 INFO neutron.db.ovn_revision_numbers_db [None req-d067842c-871e-42b6-9cb7-a627fdc61039 9b422f725a9c44f6a3004433bae50360 d28878d9ee2445ef9242156f0f0c9adf - - default default] Successfully bumped revision number for resource 44aef0ff-cc93-414d-9986-0163927b5d80 (type: security_group_rules) to 0
2026-05-06 06:11:50.775 8 WARNING neutron.plugins.ml2.drivers.ovn.mech_driver.ovsdb.ovn_client [None req-361f4025-963f-45fa-be1d-e3b78c852824 - - - - - -] No port found with ID 429bb307-be40-4399-aba4-556600261d29: RuntimeError: No port found with ID 429bb307-be40-4399-aba4-556600261d29
2026-05-06 06:11:50.775 8 INFO neutron.plugins.ml2.drivers.ovn.mech_driver.mech_driver [None req-361f4025-963f-45fa-be1d-e3b78c852824 - - - - - -] OVN reports status down for port: 3896f45c-68b0-4fdc-bf5f-0036811d9bd0
2026-05-06 06:11:50.868 8 INFO neutron.db.segments_db [None req-d067842c-871e-42b6-9cb7-a627fdc61039 9b422f725a9c44f6a3004433bae50360 d28878d9ee2445ef9242156f0f0c9adf - - default default] Added segment 1d8603e0-17fa-41d9-a1de-f8b8895b6031 of type geneve for network fbf7c3d6-9a13-4f3e-966d-8e9583203a6d [pid: 7|app: 0|req: 1115/1916] 10.0.0.34 () {32 vars in 719 bytes} [Wed May 6 06:11:50 2026] DELETE /v2.0/ports/d5197783-76b2-4776-a9b7-75c2303b1148 => generated 0 bytes in 297 msecs (HTTP/1.1 204) 3 headers in 131 bytes (1 switches on core 0)
2026-05-06 06:11:50.974 8 INFO neutron.plugins.ml2.drivers.ovn.mech_driver.mech_driver [None req-361f4025-963f-45fa-be1d-e3b78c852824 - - - - - -] OVN reports status down for port: 75c1f9b1-4d6c-4957-b489-134dfc199613
2026-05-06 06:11:50.980 7 INFO neutron.db.ovn_revision_numbers_db [None req-f8f4bfa1-d74b-4ee1-920f-9948a7a82a85 b414118b0df14d448edc231eb5c4d302 187722976da5437c8ed412fcf471424f - - default default] Successfully bumped revision number for resource 21608867-6950-465c-ba21-277d90d540c0 (type: routers) to 1 [pid: 7|app: 0|req: 1116/1917] 10.0.0.34 () {34 vars in 668 bytes} [Wed May 6 06:11:50 2026] POST /v2.0/routers => generated 603 bytes in 121 msecs (HTTP/1.1 201) 4 headers in 162 bytes (1 switches on core 0)
2026-05-06 06:11:51.106 8 INFO neutron.db.ovn_revision_numbers_db [None req-d067842c-871e-42b6-9cb7-a627fdc61039 9b422f725a9c44f6a3004433bae50360 d28878d9ee2445ef9242156f0f0c9adf - - default default] Successfully bumped revision number for resource fbf7c3d6-9a13-4f3e-966d-8e9583203a6d (type: networks) to 1
2026-05-06 06:11:51.121 7 INFO neutron_taas.services.taas.taas_plugin [None req-a29da6df-ade9-405b-9f31-795020837cbe 267a10744f7440d298ebd6385ab1ab0c 0c2757db2ea04d50a581349b1cced7df - - default default] TaaS: Handle Delete Port: 3896f45c-68b0-4fdc-bf5f-0036811d9bd0
2026-05-06 06:11:51.124 7 INFO neutron_taas.services.taas.tap_mirror_plugin [None req-a29da6df-ade9-405b-9f31-795020837cbe 267a10744f7440d298ebd6385ab1ab0c 0c2757db2ea04d50a581349b1cced7df - - default default] Tap Mirror: Handle Delete Port: 3896f45c-68b0-4fdc-bf5f-0036811d9bd0 [pid: 7|app: 0|req: 1117/1918] 10.0.0.34 () {32 vars in 719 bytes} [Wed May 6 06:11:50 2026] DELETE /v2.0/ports/3896f45c-68b0-4fdc-bf5f-0036811d9bd0 => generated 0 bytes in 272 msecs (HTTP/1.1 204) 3 headers in 131 bytes (1 switches on core 0)
2026-05-06 06:11:51.310 8 WARNING neutron.scheduler.dhcp_agent_scheduler [None req-d067842c-871e-42b6-9cb7-a627fdc61039 9b422f725a9c44f6a3004433bae50360 d28878d9ee2445ef9242156f0f0c9adf - - default default] No more DHCP agents
2026-05-06 06:11:51.312 8 WARNING neutron.api.rpc.agentnotifiers.dhcp_rpc_agent_api [None req-d067842c-871e-42b6-9cb7-a627fdc61039 9b422f725a9c44f6a3004433bae50360 d28878d9ee2445ef9242156f0f0c9adf - - default default] Unable to schedule network fbf7c3d6-9a13-4f3e-966d-8e9583203a6d: no agents available; will retry on subsequent port and subnet creation events.
2026-05-06 06:11:51.390 8 INFO neutron.plugins.ml2.drivers.ovn.mech_driver.mech_driver [None req-361f4025-963f-45fa-be1d-e3b78c852824 - - - - - -] OVN reports status down for port: 939339f8-197c-4b58-897c-2741e710db7d
2026-05-06 06:11:51.451 8 INFO neutron.db.ovn_revision_numbers_db [None req-d067842c-871e-42b6-9cb7-a627fdc61039 9b422f725a9c44f6a3004433bae50360 d28878d9ee2445ef9242156f0f0c9adf - - default default] Successfully bumped revision number for resource 939339f8-197c-4b58-897c-2741e710db7d (type: ports) to 1 [pid: 8|app: 0|req: 802/1919] 10.0.0.34 () {34 vars in 670 bytes} [Wed May 6 06:11:50 2026] POST /v2.0/networks => generated 749 bytes in 1029 msecs (HTTP/1.1 201) 4 headers in 162 bytes (1 switches on core 0)
2026-05-06 06:11:51.617 8 INFO neutron_taas.services.taas.taas_plugin [None req-edba9eff-7a1f-4ede-93ec-518bfc1c8c48 267a10744f7440d298ebd6385ab1ab0c 0c2757db2ea04d50a581349b1cced7df - - default default] TaaS: Handle Delete Port: 318592e1-c6d5-4b9a-86f9-43274b53ffdb
2026-05-06 06:11:51.619 8 INFO neutron_taas.services.taas.tap_mirror_plugin [None req-edba9eff-7a1f-4ede-93ec-518bfc1c8c48 267a10744f7440d298ebd6385ab1ab0c 0c2757db2ea04d50a581349b1cced7df - - default default] Tap Mirror: Handle Delete Port: 318592e1-c6d5-4b9a-86f9-43274b53ffdb
2026-05-06 06:11:51.629 7 WARNING neutron.scheduler.dhcp_agent_scheduler [None req-e05811a9-dbd1-44b2-a342-5ee8c2b0303b b414118b0df14d448edc231eb5c4d302 187722976da5437c8ed412fcf471424f - - default default] No more DHCP agents
2026-05-06 06:11:51.630 7 WARNING neutron.api.rpc.agentnotifiers.dhcp_rpc_agent_api [None req-e05811a9-dbd1-44b2-a342-5ee8c2b0303b b414118b0df14d448edc231eb5c4d302 187722976da5437c8ed412fcf471424f - - default default] Unable to schedule network 7130b6b9-ed34-4855-8aba-dd647bf4b9fb: no agents available; will retry on subsequent port and subnet creation events.
2026-05-06 06:11:51.785 8 INFO neutron.plugins.ml2.drivers.ovn.mech_driver.mech_driver [None req-361f4025-963f-45fa-be1d-e3b78c852824 - - - - - -] OVN reports status down for port: dfdf6cf9-d5b4-45df-bb77-727a6f9769d1
2026-05-06 06:11:51.802 7 INFO neutron.db.ovn_revision_numbers_db [None req-e05811a9-dbd1-44b2-a342-5ee8c2b0303b b414118b0df14d448edc231eb5c4d302 187722976da5437c8ed412fcf471424f - - default default] Successfully bumped revision number for resource dfdf6cf9-d5b4-45df-bb77-727a6f9769d1 (type: ports) to 1 [pid: 8|app: 0|req: 803/1920] 10.0.0.34 () {32 vars in 725 bytes} [Wed May 6 06:11:51 2026] DELETE /v2.0/networks/55618438-b146-4218-aa41-d7f8b2c27a1f => generated 0 bytes in 428 msecs (HTTP/1.1 204) 3 headers in 131 bytes (1 switches on core 0)
2026-05-06 06:11:52.008 8 INFO neutron.services.segments.plugin [-] Segment a457a29a-944a-42f9-936d-5dc5b20b89cc resource provider aggregate not found
2026-05-06 06:11:52.021 8 INFO neutron.services.segments.plugin [-] Segment a457a29a-944a-42f9-936d-5dc5b20b89cc resource provider aggregate not found
2026-05-06 06:11:52.030 8 INFO neutron.services.segments.plugin [-] Segment a457a29a-944a-42f9-936d-5dc5b20b89cc resource provider not found; error: Placement Client Error (4xx): {"errors": [{"status": 404, "title": "Not Found", "detail": "The resource could not be found.\n\n No resource provider with uuid a457a29a-944a-42f9-936d-5dc5b20b89cc found for delete ", "request_id": "req-ff2ce765-79c7-4ef7-8853-2a465bbc9fd9"}]}
2026-05-06 06:11:52.042 8 INFO neutron.services.segments.plugin [-] Segment a457a29a-944a-42f9-936d-5dc5b20b89cc resource provider not found; error: Placement Client Error (4xx): {"errors": [{"status": 404, "title": "Not Found", "detail": "The resource could not be found.\n\n No resource provider with uuid a457a29a-944a-42f9-936d-5dc5b20b89cc found for delete ", "request_id": "req-36d61ddf-3bcf-43e2-b0f5-7216f8a9d5fa"}]}
2026-05-06 06:11:52.067 8 WARNING neutron.scheduler.dhcp_agent_scheduler [None req-1b195581-63f2-4e91-b392-dee91f6e8817 9b422f725a9c44f6a3004433bae50360 d28878d9ee2445ef9242156f0f0c9adf - - default default] No more DHCP agents
2026-05-06 06:11:52.069 8 WARNING neutron.api.rpc.agentnotifiers.dhcp_rpc_agent_api [None req-1b195581-63f2-4e91-b392-dee91f6e8817 9b422f725a9c44f6a3004433bae50360 d28878d9ee2445ef9242156f0f0c9adf - - default default] Unable to schedule network fbf7c3d6-9a13-4f3e-966d-8e9583203a6d: no agents available; will retry on subsequent port and subnet creation events.
2026-05-06 06:11:52.282 8 INFO neutron.plugins.ml2.drivers.ovn.mech_driver.mech_driver [None req-361f4025-963f-45fa-be1d-e3b78c852824 - - - - - -] OVN reports status up for port: dfdf6cf9-d5b4-45df-bb77-727a6f9769d1
2026-05-06 06:11:52.308 8 INFO neutron.plugins.ml2.plugin [None req-361f4025-963f-45fa-be1d-e3b78c852824 - - - - - -] Attempt 1 to provision port dfdf6cf9-d5b4-45df-bb77-727a6f9769d1
2026-05-06 06:11:52.335 7 WARNING neutron.scheduler.dhcp_agent_scheduler [None req-e05811a9-dbd1-44b2-a342-5ee8c2b0303b b414118b0df14d448edc231eb5c4d302 187722976da5437c8ed412fcf471424f - - default default] No more DHCP agents
2026-05-06 06:11:52.336 7 WARNING neutron.api.rpc.agentnotifiers.dhcp_rpc_agent_api [None req-e05811a9-dbd1-44b2-a342-5ee8c2b0303b b414118b0df14d448edc231eb5c4d302 187722976da5437c8ed412fcf471424f - - default default] Unable to schedule network 7130b6b9-ed34-4855-8aba-dd647bf4b9fb: no agents available; will retry on subsequent port and subnet creation events.
2026-05-06 06:11:52.540 7 INFO neutron.db.ovn_revision_numbers_db [None req-e05811a9-dbd1-44b2-a342-5ee8c2b0303b b414118b0df14d448edc231eb5c4d302 187722976da5437c8ed412fcf471424f - - default default] Successfully bumped revision number for resource dfdf6cf9-d5b4-45df-bb77-727a6f9769d1 (type: router_ports) to 1 [pid: 7|app: 0|req: 1118/1921] 10.0.0.34 () {34 vars in 782 bytes} [Wed May 6 06:11:51 2026] PUT /v2.0/routers/21608867-6950-465c-ba21-277d90d540c0/add_router_interface => generated 309 bytes in 1281 msecs (HTTP/1.1 200) 4 headers in 157 bytes (1 switches on core 0)
2026-05-06 06:11:52.678 7 INFO neutron_taas.services.taas.taas_plugin [None req-0d9fb133-b7a7-40b6-8a89-3d4b687a13c6 267a10744f7440d298ebd6385ab1ab0c 0c2757db2ea04d50a581349b1cced7df - - default default] TaaS: Handle Delete Port: 28cdcdca-a901-441e-8ac5-4b5c573d3900
2026-05-06 06:11:52.681 7 INFO neutron_taas.services.taas.tap_mirror_plugin [None req-0d9fb133-b7a7-40b6-8a89-3d4b687a13c6 267a10744f7440d298ebd6385ab1ab0c 0c2757db2ea04d50a581349b1cced7df - - default default] Tap Mirror: Handle Delete Port: 28cdcdca-a901-441e-8ac5-4b5c573d3900
2026-05-06 06:11:52.912 8 INFO neutron.db.ovn_revision_numbers_db [None req-c077e077-4353-4450-9ead-fd8062b6d004 - - - - - -] Successfully bumped revision number for resource 939339f8-197c-4b58-897c-2741e710db7d (type: ports) to 2
2026-05-06 06:11:52.918 7 INFO neutron.services.segments.plugin [-] Segment 001f3a2d-3573-4dff-8a9d-da7c3d857c6e resource provider aggregate not found
2026-05-06 06:11:52.921 7 INFO neutron.services.segments.plugin [-] Segment 001f3a2d-3573-4dff-8a9d-da7c3d857c6e resource provider aggregate not found
2026-05-06 06:11:52.933 7 INFO neutron.services.segments.plugin [-] Segment 001f3a2d-3573-4dff-8a9d-da7c3d857c6e resource provider not found; error: Placement Client Error (4xx): {"errors": [{"status": 404, "title": "Not Found", "detail": "The resource could not be found.\n\n No resource provider with uuid 001f3a2d-3573-4dff-8a9d-da7c3d857c6e found for delete ", "request_id": "req-7cd7acbf-43a5-4b67-a141-43fecd1fbea4"}]}
2026-05-06 06:11:52.940 7 INFO neutron.services.segments.plugin [-] Segment 001f3a2d-3573-4dff-8a9d-da7c3d857c6e resource provider not found; error: Placement Client Error (4xx): {"errors": [{"status": 404, "title": "Not Found", "detail": "The resource could not be found.\n\n No resource provider with uuid 001f3a2d-3573-4dff-8a9d-da7c3d857c6e found for delete ", "request_id": "req-eb42996c-7bba-44a2-abf1-fceffae9c603"}]} [pid: 7|app: 0|req: 1119/1922] 10.0.0.34 () {32 vars in 725 bytes} [Wed May 6 06:11:52 2026] DELETE /v2.0/networks/fcff95a7-76e3-4b0f-81e2-c8feb4139bec => generated 0 bytes in 431 msecs (HTTP/1.1 204) 3 headers in 131 bytes (1 switches on core 0)
2026-05-06 06:11:52.980 8 INFO neutron.db.ovn_revision_numbers_db [None req-c077e077-4353-4450-9ead-fd8062b6d004 - - - - - -] Successfully bumped revision number for resource 875e4353-06ca-4e51-aa82-ab0cfc2f5ede (type: subnets) to 0 [pid: 8|app: 0|req: 804/1923] 10.0.0.34 () {34 vars in 668 bytes} [Wed May 6 06:11:51 2026] POST /v2.0/subnets => generated 693 bytes in 1088 msecs (HTTP/1.1 201) 4 headers in 162 bytes (1 switches on core 0) [pid: 7|app: 0|req: 1120/1924] 10.0.0.34 () {32 vars in 716 bytes} [Wed May 6 06:11:52 2026] GET /v2.0/ports/dfdf6cf9-d5b4-45df-bb77-727a6f9769d1 => generated 943 bytes in 34 msecs (HTTP/1.1 200) 4 headers in 157 bytes (1 switches on core 0)
2026-05-06 06:11:53.019 8 INFO neutron.db.ovn_revision_numbers_db [None req-361f4025-963f-45fa-be1d-e3b78c852824 - - - - - -] Successfully bumped revision number for resource dfdf6cf9-d5b4-45df-bb77-727a6f9769d1 (type: ports) to 2
2026-05-06 06:11:53.120 7 INFO neutron_taas.services.taas.taas_plugin [None req-c6e5c62c-8f68-4c68-a5f0-9b9b24d520d3 267a10744f7440d298ebd6385ab1ab0c 0c2757db2ea04d50a581349b1cced7df - - default default] TaaS: Handle Delete Port: 7f4b6af5-ed83-4c0d-8346-03740200b74d
2026-05-06 06:11:53.123 7 INFO neutron_taas.services.taas.tap_mirror_plugin [None req-c6e5c62c-8f68-4c68-a5f0-9b9b24d520d3 267a10744f7440d298ebd6385ab1ab0c 0c2757db2ea04d50a581349b1cced7df - - default default] Tap Mirror: Handle Delete Port: 7f4b6af5-ed83-4c0d-8346-03740200b74d
2026-05-06 06:11:53.354 8 INFO neutron.db.ovn_revision_numbers_db [None req-9e035cc9-05ae-49b7-89ea-61c0eb941376 036aa9dede2d4ec9a4dadfefe11657d6 3346431b827a47bfad207d177ddefb25 - - default default] Successfully bumped revision number for resource a5dc9ece-125c-46da-a02b-fba7a676ff88 (type: security_groups) to 1
2026-05-06 06:11:53.372 8 INFO neutron.db.ovn_revision_numbers_db [None req-9e035cc9-05ae-49b7-89ea-61c0eb941376 036aa9dede2d4ec9a4dadfefe11657d6 3346431b827a47bfad207d177ddefb25 - - default default] Successfully bumped revision number for resource 3061aada-ddd4-4e81-8859-84b1f7a38d5e (type: security_group_rules) to 0 [pid: 7|app: 0|req: 1121/1925] 10.0.0.34 () {32 vars in 725 bytes} [Wed May 6 06:11:53 2026] DELETE /v2.0/networks/ed7e7773-1fd3-4de9-a75d-a8bb5455f6d0 => generated 0 bytes in 367 msecs (HTTP/1.1 204) 3 headers in 131 bytes (1 switches on core 0)
