2026-05-06 06:12:36.863 8 INFO neutron.services.segments.plugin [-] Segment 458cd218-a7c7-4d70-8917-2ea34aae26d0 resource provider not found; error: Placement Client Error (4xx): {"errors": [{"status": 404, "title": "Not Found", "detail": "The resource could not be found.\n\n No resource provider with uuid 458cd218-a7c7-4d70-8917-2ea34aae26d0 found for delete ", "request_id": "req-e2ad4785-8974-4b48-aa8f-db4dda1ec011"}]} [pid: 8|app: 0|req: 974/2273] 10.0.0.34 () {32 vars in 773 bytes} [Wed May 6 06:12:36 2026] GET /v2.0/security-groups?tenant_id=f454c45d7da94d86b15b6868ff942ec6&name=default => generated 2925 bytes in 324 msecs (HTTP/1.1 200) 4 headers in 158 bytes (1 switches on core 0) [pid: 7|app: 0|req: 1300/2274] 10.0.0.34 () {30 vars in 694 bytes} [Wed May 6 06:12:36 2026] PUT /v2.0/vpn/ikepolicies/d4bc63fb-3f7e-4544-b5f3-6c4bda606c9f => generated 419 bytes in 46 msecs (HTTP/1.1 200) 4 headers in 157 bytes (1 switches on core 0) [pid: 7|app: 0|req: 1301/2275] 10.0.0.34 () {32 vars in 736 bytes} [Wed May 6 06:12:36 2026] GET /v2.0/vpn/ikepolicies/d4bc63fb-3f7e-4544-b5f3-6c4bda606c9f => generated 419 bytes in 9 msecs (HTTP/1.1 200) 4 headers in 157 bytes (1 switches on core 0) [pid: 7|app: 0|req: 1302/2276] 10.0.0.34 () {32 vars in 739 bytes} [Wed May 6 06:12:36 2026] DELETE /v2.0/vpn/ikepolicies/d4bc63fb-3f7e-4544-b5f3-6c4bda606c9f => generated 0 bytes in 23 msecs (HTTP/1.1 204) 2 headers in 112 bytes (1 switches on core 0) [pid: 7|app: 0|req: 1303/2277] 10.0.0.34 () {32 vars in 662 bytes} [Wed May 6 06:12:36 2026] GET /v2.0/vpn/ikepolicies => generated 407 bytes in 8 msecs (HTTP/1.1 200) 4 headers in 157 bytes (1 switches on core 0) [pid: 7|app: 0|req: 1304/2278] 10.0.0.34 () {32 vars in 662 bytes} [Wed May 6 06:12:36 2026] GET /v2.0/vpn/ikepolicies => generated 407 bytes in 9 msecs (HTTP/1.1 200) 4 headers in 157 bytes (1 switches on core 0) [pid: 7|app: 0|req: 1305/2279] 10.0.0.34 () {34 vars in 688 bytes} [Wed May 6 06:12:36 2026] POST /v2.0/vpn/ipsecpolicies => generated 412 bytes in 54 msecs (HTTP/1.1 201) 4 headers in 162 bytes (1 switches on core 0) [pid: 7|app: 0|req: 1306/2280] 10.0.0.34 () {30 vars in 698 bytes} [Wed May 6 06:12:37 2026] PUT /v2.0/vpn/ipsecpolicies/77dd50a7-5a53-421a-846e-aa509f33b9c2 => generated 431 bytes in 30 msecs (HTTP/1.1 200) 4 headers in 157 bytes (1 switches on core 0) [pid: 7|app: 0|req: 1307/2281] 10.0.0.34 () {32 vars in 743 bytes} [Wed May 6 06:12:37 2026] DELETE /v2.0/vpn/ipsecpolicies/77dd50a7-5a53-421a-846e-aa509f33b9c2 => generated 0 bytes in 31 msecs (HTTP/1.1 204) 2 headers in 112 bytes (1 switches on core 0)
2026-05-06 06:12:37.121 7 INFO neutron.api.v2.resource [None req-3ee78586-2599-42c0-ba81-41af05514361 ddd24da68ade454eb4a5a8a71c58ec38 219c4b9ae7224d24832bd36acdd52ddd - - default default] delete failed (client error): The resource could not be found. [pid: 7|app: 0|req: 1308/2282] 10.0.0.34 () {32 vars in 743 bytes} [Wed May 6 06:12:37 2026] DELETE /v2.0/vpn/ipsecpolicies/77dd50a7-5a53-421a-846e-aa509f33b9c2 => generated 145 bytes in 15 msecs (HTTP/1.1 404) 4 headers in 164 bytes (1 switches on core 0)
2026-05-06 06:12:37.138 7 INFO neutron.api.v2.resource [None req-0bc6aaa0-8086-48bd-95dc-8fb61ed8410f ddd24da68ade454eb4a5a8a71c58ec38 219c4b9ae7224d24832bd36acdd52ddd - - default default] delete failed (client error): The resource could not be found. [pid: 7|app: 0|req: 1309/2283] 10.0.0.34 () {32 vars in 743 bytes} [Wed May 6 06:12:37 2026] DELETE /v2.0/vpn/ipsecpolicies/77dd50a7-5a53-421a-846e-aa509f33b9c2 => generated 145 bytes in 14 msecs (HTTP/1.1 404) 4 headers in 164 bytes (1 switches on core 0) [pid: 8|app: 0|req: 975/2284] 10.0.0.34 () {32 vars in 739 bytes} [Wed May 6 06:12:36 2026] DELETE /v2.0/security-groups/9e918c4c-6bf6-49ff-a29a-e3758b78bf12 => generated 0 bytes in 270 msecs (HTTP/1.1 204) 2 headers in 112 bytes (1 switches on core 0)
2026-05-06 06:12:37.247 7 INFO neutron.db.segments_db [None req-c959be52-9659-4803-9cf2-62badbe1c2d9 ddd24da68ade454eb4a5a8a71c58ec38 219c4b9ae7224d24832bd36acdd52ddd - - default default] Added segment e84e415e-6ed6-4744-998c-b3ec6de27221 of type geneve for network 5db2a44e-a28d-4069-9008-4e6e74aa0d14
2026-05-06 06:12:37.381 7 INFO neutron.db.ovn_revision_numbers_db [None req-c959be52-9659-4803-9cf2-62badbe1c2d9 ddd24da68ade454eb4a5a8a71c58ec38 219c4b9ae7224d24832bd36acdd52ddd - - default default] Successfully bumped revision number for resource 5db2a44e-a28d-4069-9008-4e6e74aa0d14 (type: networks) to 1
2026-05-06 06:12:37.612 7 WARNING neutron.scheduler.dhcp_agent_scheduler [None req-c959be52-9659-4803-9cf2-62badbe1c2d9 ddd24da68ade454eb4a5a8a71c58ec38 219c4b9ae7224d24832bd36acdd52ddd - - default default] No more DHCP agents
2026-05-06 06:12:37.616 7 WARNING neutron.api.rpc.agentnotifiers.dhcp_rpc_agent_api [None req-c959be52-9659-4803-9cf2-62badbe1c2d9 ddd24da68ade454eb4a5a8a71c58ec38 219c4b9ae7224d24832bd36acdd52ddd - - default default] Unable to schedule network 5db2a44e-a28d-4069-9008-4e6e74aa0d14: no agents available; will retry on subsequent port and subnet creation events.
2026-05-06 06:12:37.664 8 INFO neutron.db.ovn_revision_numbers_db [None req-febce4d5-bcec-48ea-9995-c1fc723dbb97 65e05be9578d4d3cb11c35c8cc17620e bd79a8c3283d45a9adbcb4e2e41e33ce - - default default] Successfully bumped revision number for resource c38c2f8f-565a-4c07-9873-a249f551d5b4 (type: security_groups) to 1
2026-05-06 06:12:37.695 8 INFO neutron.db.ovn_revision_numbers_db [None req-febce4d5-bcec-48ea-9995-c1fc723dbb97 65e05be9578d4d3cb11c35c8cc17620e bd79a8c3283d45a9adbcb4e2e41e33ce - - default default] Successfully bumped revision number for resource 449cea60-c545-4537-8d08-06e5ad9f8cb0 (type: security_group_rules) to 0
2026-05-06 06:12:37.718 8 INFO neutron.db.ovn_revision_numbers_db [None req-febce4d5-bcec-48ea-9995-c1fc723dbb97 65e05be9578d4d3cb11c35c8cc17620e bd79a8c3283d45a9adbcb4e2e41e33ce - - default default] Successfully bumped revision number for resource 67bebb8d-edd1-48ca-af5d-889ed69d5fe4 (type: security_group_rules) to 0
2026-05-06 06:12:37.735 8 INFO neutron.db.ovn_revision_numbers_db [None req-febce4d5-bcec-48ea-9995-c1fc723dbb97 65e05be9578d4d3cb11c35c8cc17620e bd79a8c3283d45a9adbcb4e2e41e33ce - - default default] Successfully bumped revision number for resource 7204414c-ccb7-4266-b7de-54541a2e7b85 (type: security_group_rules) to 0
2026-05-06 06:12:37.754 8 INFO neutron.db.ovn_revision_numbers_db [None req-febce4d5-bcec-48ea-9995-c1fc723dbb97 65e05be9578d4d3cb11c35c8cc17620e bd79a8c3283d45a9adbcb4e2e41e33ce - - default default] Successfully bumped revision number for resource d5aebf65-1a26-455a-8551-53894c7c0010 (type: security_group_rules) to 0
2026-05-06 06:12:37.764 7 INFO neutron.db.ovn_revision_numbers_db [None req-c959be52-9659-4803-9cf2-62badbe1c2d9 ddd24da68ade454eb4a5a8a71c58ec38 219c4b9ae7224d24832bd36acdd52ddd - - default default] Successfully bumped revision number for resource f6589391-dedf-4bc4-9738-ac4f5f0a4846 (type: ports) to 1 [pid: 7|app: 0|req: 1310/2285] 10.0.0.34 () {34 vars in 669 bytes} [Wed May 6 06:12:37 2026] POST /v2.0/networks => generated 632 bytes in 649 msecs (HTTP/1.1 201) 4 headers in 162 bytes (1 switches on core 0)
2026-05-06 06:12:37.851 8 INFO neutron.db.segments_db [None req-febce4d5-bcec-48ea-9995-c1fc723dbb97 65e05be9578d4d3cb11c35c8cc17620e bd79a8c3283d45a9adbcb4e2e41e33ce - - default default] Added segment a467163c-54d9-444e-88b9-0282f367132d of type geneve for network 7bda1fd9-7cb8-4e4c-8f57-bd2e90150577
2026-05-06 06:12:38.009 8 INFO neutron.db.ovn_revision_numbers_db [None req-febce4d5-bcec-48ea-9995-c1fc723dbb97 65e05be9578d4d3cb11c35c8cc17620e bd79a8c3283d45a9adbcb4e2e41e33ce - - default default] Successfully bumped revision number for resource 7bda1fd9-7cb8-4e4c-8f57-bd2e90150577 (type: networks) to 1
2026-05-06 06:12:38.041 7 WARNING neutron.scheduler.dhcp_agent_scheduler [None req-962fa484-9cd6-4685-92d0-1f347a2603d9 ddd24da68ade454eb4a5a8a71c58ec38 219c4b9ae7224d24832bd36acdd52ddd - - default default] No more DHCP agents
2026-05-06 06:12:38.042 7 WARNING neutron.api.rpc.agentnotifiers.dhcp_rpc_agent_api [None req-962fa484-9cd6-4685-92d0-1f347a2603d9 ddd24da68ade454eb4a5a8a71c58ec38 219c4b9ae7224d24832bd36acdd52ddd - - default default] Unable to schedule network 5db2a44e-a28d-4069-9008-4e6e74aa0d14: no agents available; will retry on subsequent port and subnet creation events.
2026-05-06 06:12:38.187 8 WARNING neutron.scheduler.dhcp_agent_scheduler [None req-febce4d5-bcec-48ea-9995-c1fc723dbb97 65e05be9578d4d3cb11c35c8cc17620e bd79a8c3283d45a9adbcb4e2e41e33ce - - default default] No more DHCP agents
2026-05-06 06:12:38.190 8 WARNING neutron.api.rpc.agentnotifiers.dhcp_rpc_agent_api [None req-febce4d5-bcec-48ea-9995-c1fc723dbb97 65e05be9578d4d3cb11c35c8cc17620e bd79a8c3283d45a9adbcb4e2e41e33ce - - default default] Unable to schedule network 7bda1fd9-7cb8-4e4c-8f57-bd2e90150577: no agents available; will retry on subsequent port and subnet creation events.
2026-05-06 06:12:38.302 8 INFO neutron.db.ovn_revision_numbers_db [None req-febce4d5-bcec-48ea-9995-c1fc723dbb97 65e05be9578d4d3cb11c35c8cc17620e bd79a8c3283d45a9adbcb4e2e41e33ce - - default default] Successfully bumped revision number for resource 0d576ec1-4486-4b56-9a14-be4ed7fc87cd (type: ports) to 1 [pid: 8|app: 0|req: 976/2286] 10.0.0.34 () {34 vars in 669 bytes} [Wed May 6 06:12:37 2026] POST /v2.0/networks => generated 640 bytes in 1071 msecs (HTTP/1.1 201) 4 headers in 162 bytes (1 switches on core 0)
2026-05-06 06:12:38.383 8 WARNING neutron.plugins.ml2.drivers.ovn.mech_driver.ovsdb.ovn_client [None req-bd21e7d2-5a8c-4a02-bd4a-eb6def2640f1 - - - - - -] No hosting information found for port af230615-3369-4c38-9541-e9704e853681: RuntimeError: No hosting information found for port af230615-3369-4c38-9541-e9704e853681
2026-05-06 06:12:38.570 7 INFO neutron.db.ovn_revision_numbers_db [None req-b75f151d-5245-499b-8b60-3f56e6f2ef57 - - - - - -] Successfully bumped revision number for resource f6589391-dedf-4bc4-9738-ac4f5f0a4846 (type: ports) to 2
2026-05-06 06:12:38.578 8 INFO neutron.db.ovn_revision_numbers_db [None req-bd21e7d2-5a8c-4a02-bd4a-eb6def2640f1 - - - - - -] Successfully bumped revision number for resource af230615-3369-4c38-9541-e9704e853681 (type: router_ports) to 2
2026-05-06 06:12:38.578 8 INFO neutron.plugins.ml2.drivers.ovn.mech_driver.mech_driver [None req-bd21e7d2-5a8c-4a02-bd4a-eb6def2640f1 - - - - - -] OVN reports status down for port: a5ce43b8-4766-455b-b678-c1b73044ac94
2026-05-06 06:12:38.592 7 INFO neutron.db.ovn_revision_numbers_db [None req-b75f151d-5245-499b-8b60-3f56e6f2ef57 - - - - - -] Successfully bumped revision number for resource 3de74e74-7b86-422b-b8a8-a4b303f29ac1 (type: subnets) to 0 [pid: 7|app: 0|req: 1311/2287] 10.0.0.34 () {34 vars in 668 bytes} [Wed May 6 06:12:37 2026] POST /v2.0/subnets => generated 629 bytes in 805 msecs (HTTP/1.1 201) 4 headers in 162 bytes (1 switches on core 0)
2026-05-06 06:12:38.618 8 INFO neutron.plugins.ml2.drivers.ovn.mech_driver.mech_driver [None req-bd21e7d2-5a8c-4a02-bd4a-eb6def2640f1 - - - - - -] OVN reports status down for port: 79b09378-5697-4c7c-b4fb-217402110cb7
2026-05-06 06:12:38.633 8 INFO neutron.plugins.ml2.drivers.ovn.mech_driver.mech_driver [None req-bd21e7d2-5a8c-4a02-bd4a-eb6def2640f1 - - - - - -] OVN reports status down for port: 937294bc-e5b9-47b2-9cf8-c4b4ab06599f
2026-05-06 06:12:38.650 8 INFO neutron.plugins.ml2.drivers.ovn.mech_driver.mech_driver [None req-bd21e7d2-5a8c-4a02-bd4a-eb6def2640f1 - - - - - -] OVN reports status down for port: dc8b09c0-7e09-4017-b352-d0733b00b777
2026-05-06 06:12:38.666 8 INFO neutron.plugins.ml2.drivers.ovn.mech_driver.mech_driver [None req-bd21e7d2-5a8c-4a02-bd4a-eb6def2640f1 - - - - - -] OVN reports status up for port: dc8b09c0-7e09-4017-b352-d0733b00b777
2026-05-06 06:12:38.685 8 WARNING neutron.scheduler.dhcp_agent_scheduler [None req-44552565-b128-43b1-bf05-3ef640e0e9ab 65e05be9578d4d3cb11c35c8cc17620e bd79a8c3283d45a9adbcb4e2e41e33ce - - default default] No more DHCP agents
2026-05-06 06:12:38.691 8 INFO neutron.plugins.ml2.drivers.ovn.mech_driver.mech_driver [None req-bd21e7d2-5a8c-4a02-bd4a-eb6def2640f1 - - - - - -] OVN reports status down for port: f268f66c-6900-4f22-85aa-b59b66e6f509
2026-05-06 06:12:38.693 8 WARNING neutron.api.rpc.agentnotifiers.dhcp_rpc_agent_api [None req-44552565-b128-43b1-bf05-3ef640e0e9ab 65e05be9578d4d3cb11c35c8cc17620e bd79a8c3283d45a9adbcb4e2e41e33ce - - default default] Unable to schedule network 7bda1fd9-7cb8-4e4c-8f57-bd2e90150577: no agents available; will retry on subsequent port and subnet creation events.
2026-05-06 06:12:38.783 8 INFO neutron.plugins.ml2.drivers.ovn.mech_driver.mech_driver [None req-bd21e7d2-5a8c-4a02-bd4a-eb6def2640f1 - - - - - -] OVN reports status down for port: 7177b002-94b3-472a-8f45-259dd87cae92
2026-05-06 06:12:38.799 8 INFO neutron.plugins.ml2.drivers.ovn.mech_driver.mech_driver [None req-bd21e7d2-5a8c-4a02-bd4a-eb6def2640f1 - - - - - -] OVN reports status down for port: d51dfec6-5969-457c-b293-9fa73d7e0161
2026-05-06 06:12:38.810 8 INFO neutron.plugins.ml2.drivers.ovn.mech_driver.mech_driver [None req-bd21e7d2-5a8c-4a02-bd4a-eb6def2640f1 - - - - - -] OVN reports status down for port: f6589391-dedf-4bc4-9738-ac4f5f0a4846
2026-05-06 06:12:38.910 8 INFO neutron.plugins.ml2.drivers.ovn.mech_driver.mech_driver [None req-bd21e7d2-5a8c-4a02-bd4a-eb6def2640f1 - - - - - -] OVN reports status down for port: 0d576ec1-4486-4b56-9a14-be4ed7fc87cd
2026-05-06 06:12:39.251 8 INFO neutron.db.ovn_revision_numbers_db [None req-6c505727-027d-46f7-a63c-82f390a63f5f - - - - - -] Successfully bumped revision number for resource 0d576ec1-4486-4b56-9a14-be4ed7fc87cd (type: ports) to 2
2026-05-06 06:12:39.283 8 INFO neutron.db.ovn_revision_numbers_db [None req-6c505727-027d-46f7-a63c-82f390a63f5f - - - - - -] Successfully bumped revision number for resource 38871458-ad01-4b74-8c98-452b56f0ba93 (type: subnets) to 0 [pid: 8|app: 0|req: 977/2290] 10.0.0.34 () {34 vars in 668 bytes} [Wed May 6 06:12:38 2026] POST /v2.0/subnets => generated 657 bytes in 971 msecs (HTTP/1.1 201) 4 headers in 162 bytes (1 switches on core 0)
2026-05-06 06:12:39.597 8 INFO neutron.db.ovn_revision_numbers_db [None req-df1da001-b247-4989-ab8c-fe874501a883 9b422f725a9c44f6a3004433bae50360 d28878d9ee2445ef9242156f0f0c9adf - - default default] Successfully bumped revision number for resource 2ddb3ad2-8dcd-48e2-9c98-dc5afcae96ec (type: security_groups) to 1
2026-05-06 06:12:39.608 8 INFO neutron.db.ovn_revision_numbers_db [None req-df1da001-b247-4989-ab8c-fe874501a883 9b422f725a9c44f6a3004433bae50360 d28878d9ee2445ef9242156f0f0c9adf - - default default] Successfully bumped revision number for resource 28a9734c-13ef-4b3d-850a-5792d3009268 (type: security_group_rules) to 0
2026-05-06 06:12:39.618 8 INFO neutron.db.ovn_revision_numbers_db [None req-df1da001-b247-4989-ab8c-fe874501a883 9b422f725a9c44f6a3004433bae50360 d28878d9ee2445ef9242156f0f0c9adf - - default default] Successfully bumped revision number for resource 85124f9f-a570-405f-bb2d-1a59ad98f91d (type: security_group_rules) to 0
2026-05-06 06:12:39.620 7 WARNING neutron.scheduler.dhcp_agent_scheduler [None req-4720f4d7-796b-47cd-b9e8-076f4a17c012 ddd24da68ade454eb4a5a8a71c58ec38 219c4b9ae7224d24832bd36acdd52ddd - - default default] No more DHCP agents
2026-05-06 06:12:39.622 7 WARNING neutron.api.rpc.agentnotifiers.dhcp_rpc_agent_api [None req-4720f4d7-796b-47cd-b9e8-076f4a17c012 ddd24da68ade454eb4a5a8a71c58ec38 219c4b9ae7224d24832bd36acdd52ddd - - default default] Unable to schedule network 1fb0c14d-0667-4144-aeb1-aaf420f45370: no agents available; will retry on subsequent port and subnet creation events.
2026-05-06 06:12:39.629 8 INFO neutron.db.ovn_revision_numbers_db [None req-df1da001-b247-4989-ab8c-fe874501a883 9b422f725a9c44f6a3004433bae50360 d28878d9ee2445ef9242156f0f0c9adf - - default default] Successfully bumped revision number for resource 8aa721fb-afe2-4d17-882b-eafa3bb3b215 (type: security_group_rules) to 0
2026-05-06 06:12:39.642 8 INFO neutron.db.ovn_revision_numbers_db [None req-df1da001-b247-4989-ab8c-fe874501a883 9b422f725a9c44f6a3004433bae50360 d28878d9ee2445ef9242156f0f0c9adf - - default default] Successfully bumped revision number for resource a5a87ac2-1939-4a49-9e41-46852a52ee36 (type: security_group_rules) to 0 [pid: 8|app: 0|req: 978/2291] 10.0.0.34 () {32 vars in 773 bytes} [Wed May 6 06:12:39 2026] GET /v2.0/security-groups?tenant_id=d14c8317cfad4660b2772764a8df593c&name=default => generated 2925 bytes in 377 msecs (HTTP/1.1 200) 4 headers in 158 bytes (1 switches on core 0)
2026-05-06 06:12:39.771 8 INFO neutron.plugins.ml2.drivers.ovn.mech_driver.mech_driver [None req-bd21e7d2-5a8c-4a02-bd4a-eb6def2640f1 - - - - - -] OVN reports status down for port: f613cf3b-6261-454b-a5f3-3bcded0b01c2 [pid: 8|app: 0|req: 979/2292] 10.0.0.34 () {32 vars in 721 bytes} [Wed May 6 06:12:39 2026] GET /v2.0/subnetpools?name=shared-default-subnetpool-v6 => generated 19 bytes in 99 msecs (HTTP/1.1 200) 4 headers in 156 bytes (1 switches on core 0)
2026-05-06 06:12:39.802 7 INFO neutron.db.ovn_revision_numbers_db [None req-4720f4d7-796b-47cd-b9e8-076f4a17c012 ddd24da68ade454eb4a5a8a71c58ec38 219c4b9ae7224d24832bd36acdd52ddd - - default default] Successfully bumped revision number for resource f613cf3b-6261-454b-a5f3-3bcded0b01c2 (type: ports) to 1 [pid: 8|app: 0|req: 980/2293] 10.0.0.34 () {32 vars in 739 bytes} [Wed May 6 06:12:39 2026] DELETE /v2.0/security-groups/2ddb3ad2-8dcd-48e2-9c98-dc5afcae96ec => generated 0 bytes in 300 msecs (HTTP/1.1 204) 2 headers in 112 bytes (1 switches on core 0)
2026-05-06 06:12:40.300 8 WARNING neutron.scheduler.dhcp_agent_scheduler [None req-0c2e9bd5-c555-4376-aaaf-d20d34f545fa 65e05be9578d4d3cb11c35c8cc17620e bd79a8c3283d45a9adbcb4e2e41e33ce - - default default] No more DHCP agents
2026-05-06 06:12:40.302 8 WARNING neutron.api.rpc.agentnotifiers.dhcp_rpc_agent_api [None req-0c2e9bd5-c555-4376-aaaf-d20d34f545fa 65e05be9578d4d3cb11c35c8cc17620e bd79a8c3283d45a9adbcb4e2e41e33ce - - default default] Unable to schedule network 7bda1fd9-7cb8-4e4c-8f57-bd2e90150577: no agents available; will retry on subsequent port and subnet creation events.
2026-05-06 06:12:40.331 8 INFO neutron.db.ovn_revision_numbers_db [None req-0c2e9bd5-c555-4376-aaaf-d20d34f545fa 65e05be9578d4d3cb11c35c8cc17620e bd79a8c3283d45a9adbcb4e2e41e33ce - - default default] Successfully bumped revision number for resource e36961bf-8d8a-472e-b173-e2036bc420d1 (type: subnets) to 0 [pid: 8|app: 0|req: 981/2294] 10.0.0.34 () {34 vars in 668 bytes} [Wed May 6 06:12:40 2026] POST /v2.0/subnets => generated 732 bytes in 271 msecs (HTTP/1.1 201) 4 headers in 162 bytes (1 switches on core 0)
2026-05-06 06:12:40.409 7 INFO neutron.plugins.ml2.drivers.ovn.mech_driver.ovsdb.commands [-] Schedule LRP lrp-f613cf3b-6261-454b-a5f3-3bcded0b01c2 on gateway 3f08ff43-cf19-4fb5-b8ae-2eb574fdad4f with priority 1
2026-05-06 06:12:40.451 8 INFO neutron.db.segments_db [None req-ee5fd1d4-b286-4fb6-9e0e-95f47cb039a5 65e05be9578d4d3cb11c35c8cc17620e bd79a8c3283d45a9adbcb4e2e41e33ce - - default default] Added segment 58826a94-e911-470d-9bfb-e576ce3eb846 of type geneve for network 313ad075-8a89-4fe4-b493-da17838a35f6
2026-05-06 06:12:40.502 7 INFO neutron.db.ovn_revision_numbers_db [None req-4720f4d7-796b-47cd-b9e8-076f4a17c012 ddd24da68ade454eb4a5a8a71c58ec38 219c4b9ae7224d24832bd36acdd52ddd - - default default] Successfully bumped revision number for resource f613cf3b-6261-454b-a5f3-3bcded0b01c2 (type: router_ports) to 1
2026-05-06 06:12:40.508 8 INFO neutron.plugins.ml2.drivers.ovn.mech_driver.mech_driver [None req-bd21e7d2-5a8c-4a02-bd4a-eb6def2640f1 - - - - - -] OVN reports status up for port: f613cf3b-6261-454b-a5f3-3bcded0b01c2
2026-05-06 06:12:40.528 8 INFO neutron.plugins.ml2.plugin [None req-bd21e7d2-5a8c-4a02-bd4a-eb6def2640f1 - - - - - -] Attempt 1 to provision port f613cf3b-6261-454b-a5f3-3bcded0b01c2
2026-05-06 06:12:40.619 7 INFO neutron.db.ovn_revision_numbers_db [None req-4720f4d7-796b-47cd-b9e8-076f4a17c012 ddd24da68ade454eb4a5a8a71c58ec38 219c4b9ae7224d24832bd36acdd52ddd - - default default] Successfully bumped revision number for resource 35760316-5484-450e-bf44-0efdb0d42c8b (type: routers) to 2 [pid: 7|app: 0|req: 1314/2295] 10.0.0.34 () {34 vars in 668 bytes} [Wed May 6 06:12:38 2026] POST /v2.0/routers => generated 936 bytes in 2032 msecs (HTTP/1.1 201) 4 headers in 162 bytes (1 switches on core 0)
2026-05-06 06:12:40.679 8 INFO neutron.db.ovn_revision_numbers_db [None req-ee5fd1d4-b286-4fb6-9e0e-95f47cb039a5 65e05be9578d4d3cb11c35c8cc17620e bd79a8c3283d45a9adbcb4e2e41e33ce - - default default] Successfully bumped revision number for resource 313ad075-8a89-4fe4-b493-da17838a35f6 (type: networks) to 1
2026-05-06 06:12:40.830 8 WARNING neutron.scheduler.dhcp_agent_scheduler [None req-ee5fd1d4-b286-4fb6-9e0e-95f47cb039a5 65e05be9578d4d3cb11c35c8cc17620e bd79a8c3283d45a9adbcb4e2e41e33ce - - default default] No more DHCP agents
2026-05-06 06:12:40.832 8 WARNING neutron.api.rpc.agentnotifiers.dhcp_rpc_agent_api [None req-ee5fd1d4-b286-4fb6-9e0e-95f47cb039a5 65e05be9578d4d3cb11c35c8cc17620e bd79a8c3283d45a9adbcb4e2e41e33ce - - default default] Unable to schedule network 313ad075-8a89-4fe4-b493-da17838a35f6: no agents available; will retry on subsequent port and subnet creation events.
2026-05-06 06:12:40.941 8 INFO neutron.db.ovn_revision_numbers_db [None req-ee5fd1d4-b286-4fb6-9e0e-95f47cb039a5 65e05be9578d4d3cb11c35c8cc17620e bd79a8c3283d45a9adbcb4e2e41e33ce - - default default] Successfully bumped revision number for resource 10ebb0f8-a440-4749-95da-9e8a46ac412c (type: ports) to 1 [pid: 8|app: 0|req: 982/2296] 10.0.0.34 () {34 vars in 669 bytes} [Wed May 6 06:12:40 2026] POST /v2.0/networks => generated 638 bytes in 607 msecs (HTTP/1.1 201) 4 headers in 162 bytes (1 switches on core 0)
2026-05-06 06:12:41.135 7 WARNING neutron.scheduler.dhcp_agent_scheduler [None req-d74c7f5e-2cfc-4ddc-a429-d6a0f547228e ddd24da68ade454eb4a5a8a71c58ec38 219c4b9ae7224d24832bd36acdd52ddd - - default default] No more DHCP agents
2026-05-06 06:12:41.136 7 WARNING neutron.api.rpc.agentnotifiers.dhcp_rpc_agent_api [None req-d74c7f5e-2cfc-4ddc-a429-d6a0f547228e ddd24da68ade454eb4a5a8a71c58ec38 219c4b9ae7224d24832bd36acdd52ddd - - default default] Unable to schedule network 5db2a44e-a28d-4069-9008-4e6e74aa0d14: no agents available; will retry on subsequent port and subnet creation events.
2026-05-06 06:12:41.147 8 WARNING neutron.scheduler.dhcp_agent_scheduler [None req-cf808258-0ebb-431f-a2ad-692b770e85d0 65e05be9578d4d3cb11c35c8cc17620e bd79a8c3283d45a9adbcb4e2e41e33ce - - default default] No more DHCP agents
2026-05-06 06:12:41.149 8 WARNING neutron.api.rpc.agentnotifiers.dhcp_rpc_agent_api [None req-cf808258-0ebb-431f-a2ad-692b770e85d0 65e05be9578d4d3cb11c35c8cc17620e bd79a8c3283d45a9adbcb4e2e41e33ce - - default default] Unable to schedule network 313ad075-8a89-4fe4-b493-da17838a35f6: no agents available; will retry on subsequent port and subnet creation events.
2026-05-06 06:12:41.308 7 INFO neutron.db.ovn_revision_numbers_db [None req-d74c7f5e-2cfc-4ddc-a429-d6a0f547228e ddd24da68ade454eb4a5a8a71c58ec38 219c4b9ae7224d24832bd36acdd52ddd - - default default] Successfully bumped revision number for resource 69e35b38-711a-4fcf-8a1a-6339b1fce8e8 (type: ports) to 1
2026-05-06 06:12:41.663 8 INFO neutron.db.ovn_revision_numbers_db [None req-f64da985-aed9-475e-8be0-026f1a536387 - - - - - -] Successfully bumped revision number for resource 10ebb0f8-a440-4749-95da-9e8a46ac412c (type: ports) to 2
2026-05-06 06:12:41.693 8 INFO neutron.db.ovn_revision_numbers_db [None req-f64da985-aed9-475e-8be0-026f1a536387 - - - - - -] Successfully bumped revision number for resource ca61dfa8-8127-4c9e-bd77-81c7114eac7b (type: subnets) to 0 [pid: 8|app: 0|req: 983/2297] 10.0.0.34 () {34 vars in 668 bytes} [Wed May 6 06:12:40 2026] POST /v2.0/subnets => generated 656 bytes in 741 msecs (HTTP/1.1 201) 4 headers in 162 bytes (1 switches on core 0)
2026-05-06 06:12:42.048 8 INFO neutron.db.ovn_revision_numbers_db [None req-0ffa5624-cd5a-4aec-94d0-35c8038e535d 05c5e559b45f4a5fbd68a66f3d16ab8a e7a12026f52c42aeb713207a687ba59c - - default default] Successfully bumped revision number for resource e4f897ac-ecd4-4b5b-aed9-42c91014c022 (type: security_groups) to 1
2026-05-06 06:12:42.059 8 INFO neutron.db.ovn_revision_numbers_db [None req-0ffa5624-cd5a-4aec-94d0-35c8038e535d 05c5e559b45f4a5fbd68a66f3d16ab8a e7a12026f52c42aeb713207a687ba59c - - default default] Successfully bumped revision number for resource 2841189d-00b4-4aa4-9674-08ac7e71cca9 (type: security_group_rules) to 0
2026-05-06 06:12:42.073 8 INFO neutron.db.ovn_revision_numbers_db [None req-0ffa5624-cd5a-4aec-94d0-35c8038e535d 05c5e559b45f4a5fbd68a66f3d16ab8a e7a12026f52c42aeb713207a687ba59c - - default default] Successfully bumped revision number for resource 381b52ba-c2ee-4ebd-bc7d-ab02763c289f (type: security_group_rules) to 0
2026-05-06 06:12:42.084 8 INFO neutron.db.ovn_revision_numbers_db [None req-0ffa5624-cd5a-4aec-94d0-35c8038e535d 05c5e559b45f4a5fbd68a66f3d16ab8a e7a12026f52c42aeb713207a687ba59c - - default default] Successfully bumped revision number for resource 6c81b1ff-9b56-46dc-9fd4-02f2ecb9844a (type: security_group_rules) to 0
2026-05-06 06:12:42.096 8 INFO neutron.db.ovn_revision_numbers_db [None req-0ffa5624-cd5a-4aec-94d0-35c8038e535d 05c5e559b45f4a5fbd68a66f3d16ab8a e7a12026f52c42aeb713207a687ba59c - - default default] Successfully bumped revision number for resource a557aa46-7732-43d1-a750-7c44e7dc0694 (type: security_group_rules) to 0
2026-05-06 06:12:42.096 7 WARNING neutron.scheduler.dhcp_agent_scheduler [None req-d74c7f5e-2cfc-4ddc-a429-d6a0f547228e ddd24da68ade454eb4a5a8a71c58ec38 219c4b9ae7224d24832bd36acdd52ddd - - default default] No more DHCP agents
2026-05-06 06:12:42.097 7 WARNING neutron.api.rpc.agentnotifiers.dhcp_rpc_agent_api [None req-d74c7f5e-2cfc-4ddc-a429-d6a0f547228e ddd24da68ade454eb4a5a8a71c58ec38 219c4b9ae7224d24832bd36acdd52ddd - - default default] Unable to schedule network 5db2a44e-a28d-4069-9008-4e6e74aa0d14: no agents available; will retry on subsequent port and subnet creation events.
2026-05-06 06:12:42.231 8 INFO neutron.db.ovn_revision_numbers_db [None req-0ffa5624-cd5a-4aec-94d0-35c8038e535d 05c5e559b45f4a5fbd68a66f3d16ab8a e7a12026f52c42aeb713207a687ba59c - - default default] Successfully bumped revision number for resource 20250c5f-a9a2-4fc1-84fd-6457b39c43a7 (type: security_groups) to 1
2026-05-06 06:12:42.240 8 INFO neutron.db.ovn_revision_numbers_db [None req-0ffa5624-cd5a-4aec-94d0-35c8038e535d 05c5e559b45f4a5fbd68a66f3d16ab8a e7a12026f52c42aeb713207a687ba59c - - default default] Successfully bumped revision number for resource 5dbb2f3a-5bef-48ef-b79a-2104f0bf6644 (type: security_group_rules) to 0
2026-05-06 06:12:42.250 8 INFO neutron.db.ovn_revision_numbers_db [None req-0ffa5624-cd5a-4aec-94d0-35c8038e535d 05c5e559b45f4a5fbd68a66f3d16ab8a e7a12026f52c42aeb713207a687ba59c - - default default] Successfully bumped revision number for resource 6850f953-2fc4-4907-a990-f2338149a2f4 (type: security_group_rules) to 0 [pid: 8|app: 0|req: 984/2298] 10.0.0.34 () {34 vars in 683 bytes} [Wed May 6 06:12:41 2026] POST /v2.0/security-groups => generated 1624 bytes in 576 msecs (HTTP/1.1 201) 4 headers in 163 bytes (1 switches on core 0)
2026-05-06 06:12:42.419 7 INFO neutron.db.ovn_revision_numbers_db [None req-d74c7f5e-2cfc-4ddc-a429-d6a0f547228e ddd24da68ade454eb4a5a8a71c58ec38 219c4b9ae7224d24832bd36acdd52ddd - - default default] Successfully bumped revision number for resource 69e35b38-711a-4fcf-8a1a-6339b1fce8e8 (type: router_ports) to 1 [pid: 7|app: 0|req: 1315/2299] 10.0.0.34 () {34 vars in 782 bytes} [Wed May 6 06:12:40 2026] PUT /v2.0/routers/35760316-5484-450e-bf44-0efdb0d42c8b/add_router_interface => generated 309 bytes in 1774 msecs (HTTP/1.1 200) 4 headers in 157 bytes (1 switches on core 0) [pid: 7|app: 0|req: 1316/2300] 10.0.0.34 () {32 vars in 662 bytes} [Wed May 6 06:12:42 2026] GET /v2.0/security-groups => generated 4529 bytes in 31 msecs (HTTP/1.1 200) 4 headers in 158 bytes (1 switches on core 0)
2026-05-06 06:12:42.549 8 WARNING neutron.scheduler.dhcp_agent_scheduler [None req-e98093f9-985b-4a82-8da0-8725a4982cc9 65e05be9578d4d3cb11c35c8cc17620e bd79a8c3283d45a9adbcb4e2e41e33ce - - default default] No more DHCP agents
2026-05-06 06:12:42.550 8 WARNING neutron.api.rpc.agentnotifiers.dhcp_rpc_agent_api [None req-e98093f9-985b-4a82-8da0-8725a4982cc9 65e05be9578d4d3cb11c35c8cc17620e bd79a8c3283d45a9adbcb4e2e41e33ce - - default default] Unable to schedule network 313ad075-8a89-4fe4-b493-da17838a35f6: no agents available; will retry on subsequent port and subnet creation events.
2026-05-06 06:12:42.583 8 INFO neutron.db.ovn_revision_numbers_db [None req-e98093f9-985b-4a82-8da0-8725a4982cc9 65e05be9578d4d3cb11c35c8cc17620e bd79a8c3283d45a9adbcb4e2e41e33ce - - default default] Successfully bumped revision number for resource 26d8fb16-24d2-487b-8975-9b765dbb1fab (type: subnets) to 0 [pid: 8|app: 0|req: 985/2301] 10.0.0.34 () {34 vars in 668 bytes} [Wed May 6 06:12:42 2026] POST /v2.0/subnets => generated 726 bytes in 313 msecs (HTTP/1.1 201) 4 headers in 162 bytes (1 switches on core 0)
2026-05-06 06:12:42.665 8 INFO neutron.db.ovn_revision_numbers_db [None req-12473179-4cef-42c4-b9dc-556013a10c80 05c5e559b45f4a5fbd68a66f3d16ab8a e7a12026f52c42aeb713207a687ba59c - - default default] Successfully bumped revision number for resource 20250c5f-a9a2-4fc1-84fd-6457b39c43a7 (type: security_groups) to 2 [pid: 8|app: 0|req: 986/2302] 10.0.0.34 () {34 vars in 757 bytes} [Wed May 6 06:12:42 2026] PUT /v2.0/security-groups/20250c5f-a9a2-4fc1-84fd-6457b39c43a7 => generated 1663 bytes in 90 msecs (HTTP/1.1 200) 4 headers in 158 bytes (1 switches on core 0)
2026-05-06 06:12:42.769 8 INFO neutron.db.segments_db [None req-1036a402-7a93-4a1f-91e9-2ef851d62347 65e05be9578d4d3cb11c35c8cc17620e bd79a8c3283d45a9adbcb4e2e41e33ce - - default default] Added segment 1403650b-e9a0-4c80-8d35-7587629628d0 of type geneve for network 9d6fa6d7-bf20-450a-a1d9-6575936fcfae
2026-05-06 06:12:42.886 8 INFO neutron.db.ovn_revision_numbers_db [None req-1036a402-7a93-4a1f-91e9-2ef851d62347 65e05be9578d4d3cb11c35c8cc17620e bd79a8c3283d45a9adbcb4e2e41e33ce - - default default] Successfully bumped revision number for resource 9d6fa6d7-bf20-450a-a1d9-6575936fcfae (type: networks) to 1
2026-05-06 06:12:42.932 7 WARNING neutron.scheduler.dhcp_agent_scheduler [None req-e612f519-9004-48a4-b285-babaa65ff66f - - - - - -] No more DHCP agents
2026-05-06 06:12:42.933 7 WARNING neutron.api.rpc.agentnotifiers.dhcp_rpc_agent_api [None req-e612f519-9004-48a4-b285-babaa65ff66f - - - - - -] Unable to schedule network 1fb0c14d-0667-4144-aeb1-aaf420f45370: no agents available; will retry on subsequent port and subnet creation events.
2026-05-06 06:12:43.067 8 WARNING neutron.scheduler.dhcp_agent_scheduler [None req-1036a402-7a93-4a1f-91e9-2ef851d62347 65e05be9578d4d3cb11c35c8cc17620e bd79a8c3283d45a9adbcb4e2e41e33ce - - default default] No more DHCP agents
2026-05-06 06:12:43.069 8 WARNING neutron.api.rpc.agentnotifiers.dhcp_rpc_agent_api [None req-1036a402-7a93-4a1f-91e9-2ef851d62347 65e05be9578d4d3cb11c35c8cc17620e bd79a8c3283d45a9adbcb4e2e41e33ce - - default default] Unable to schedule network 9d6fa6d7-bf20-450a-a1d9-6575936fcfae: no agents available; will retry on subsequent port and subnet creation events.
2026-05-06 06:12:43.093 7 INFO neutron.db.ovn_revision_numbers_db [None req-e612f519-9004-48a4-b285-babaa65ff66f - - - - - -] Successfully bumped revision number for resource 26b48165-a8b6-4456-b334-13bb5eaf3f8c (type: ports) to 1
2026-05-06 06:12:43.197 8 INFO neutron.db.ovn_revision_numbers_db [None req-1036a402-7a93-4a1f-91e9-2ef851d62347 65e05be9578d4d3cb11c35c8cc17620e bd79a8c3283d45a9adbcb4e2e41e33ce - - default default] Successfully bumped revision number for resource 1d07bf35-0b65-4601-a381-9b31615dd5c9 (type: ports) to 1 [pid: 8|app: 0|req: 987/2303] 10.0.0.34 () {34 vars in 669 bytes} [Wed May 6 06:12:42 2026] POST /v2.0/networks => generated 638 bytes in 542 msecs (HTTP/1.1 201) 4 headers in 162 bytes (1 switches on core 0) [pid: 8|app: 0|req: 988/2304] 10.0.0.34 () {32 vars in 736 bytes} [Wed May 6 06:12:43 2026] GET /v2.0/security-groups/20250c5f-a9a2-4fc1-84fd-6457b39c43a7 => generated 1663 bytes in 25 msecs (HTTP/1.1 200) 4 headers in 158 bytes (1 switches on core 0)
2026-05-06 06:12:43.377 7 INFO neutron.db.ovn_revision_numbers_db [None req-e612f519-9004-48a4-b285-babaa65ff66f - - - - - -] Successfully bumped revision number for resource 26b48165-a8b6-4456-b334-13bb5eaf3f8c (type: ports) to 3
2026-05-06 06:12:43.449 7 INFO neutron.db.segments_db [None req-e612f519-9004-48a4-b285-babaa65ff66f - - - - - -] Added segment 72c010a5-51b0-4c48-b78d-c76a20936dd1 of type geneve for network b7f0f42a-efc1-4ff9-bc92-e9e58da091e7
2026-05-06 06:12:43.477 8 WARNING neutron.scheduler.dhcp_agent_scheduler [None req-37fdbe30-a1d4-42cb-89a6-15143715f23f 65e05be9578d4d3cb11c35c8cc17620e bd79a8c3283d45a9adbcb4e2e41e33ce - - default default] No more DHCP agents
2026-05-06 06:12:43.478 8 WARNING neutron.api.rpc.agentnotifiers.dhcp_rpc_agent_api [None req-37fdbe30-a1d4-42cb-89a6-15143715f23f 65e05be9578d4d3cb11c35c8cc17620e bd79a8c3283d45a9adbcb4e2e41e33ce - - default default] Unable to schedule network 9d6fa6d7-bf20-450a-a1d9-6575936fcfae: no agents available; will retry on subsequent port and subnet creation events.
2026-05-06 06:12:43.576 7 INFO neutron.db.ovn_revision_numbers_db [None req-e9aa51a3-b73e-4c7d-88c3-79701fad4445 - - - - - -] Successfully bumped revision number for resource b7f0f42a-efc1-4ff9-bc92-e9e58da091e7 (type: networks) to 1
2026-05-06 06:12:43.744 7 WARNING neutron.scheduler.dhcp_agent_scheduler [None req-e9aa51a3-b73e-4c7d-88c3-79701fad4445 - - - - - -] No more DHCP agents
2026-05-06 06:12:43.746 7 WARNING neutron.api.rpc.agentnotifiers.dhcp_rpc_agent_api [None req-e9aa51a3-b73e-4c7d-88c3-79701fad4445 - - - - - -] Unable to schedule network b7f0f42a-efc1-4ff9-bc92-e9e58da091e7: no agents available; will retry on subsequent port and subnet creation events.
2026-05-06 06:12:43.854 7 INFO neutron.db.ovn_revision_numbers_db [None req-e9aa51a3-b73e-4c7d-88c3-79701fad4445 - - - - - -] Successfully bumped revision number for resource fa8af186-9eb7-4e8f-994e-1310541ebc8d (type: ports) to 1
2026-05-06 06:12:43.986 7 WARNING neutron.scheduler.dhcp_agent_scheduler [None req-e9aa51a3-b73e-4c7d-88c3-79701fad4445 - - - - - -] No more DHCP agents
2026-05-06 06:12:43.989 7 WARNING neutron.api.rpc.agentnotifiers.dhcp_rpc_agent_api [None req-e9aa51a3-b73e-4c7d-88c3-79701fad4445 - - - - - -] Unable to schedule network b7f0f42a-efc1-4ff9-bc92-e9e58da091e7: no agents available; will retry on subsequent port and subnet creation events.
2026-05-06 06:12:44.007 8 INFO neutron.db.ovn_revision_numbers_db [None req-c5808334-df6c-49ec-99fc-541f07113ec5 - - - - - -] Successfully bumped revision number for resource 1d07bf35-0b65-4601-a381-9b31615dd5c9 (type: ports) to 2
2026-05-06 06:12:44.014 7 INFO neutron.db.ovn_revision_numbers_db [None req-e9aa51a3-b73e-4c7d-88c3-79701fad4445 - - - - - -] Successfully bumped revision number for resource 8b4472f9-4e79-40ee-852a-272e9199cf68 (type: subnets) to 0
2026-05-06 06:12:44.029 8 INFO neutron.db.ovn_revision_numbers_db [None req-c5808334-df6c-49ec-99fc-541f07113ec5 - - - - - -] Successfully bumped revision number for resource 9ecc6077-5b99-41bc-93fd-5a49c5e56e18 (type: subnets) to 0 [pid: 8|app: 0|req: 989/2305] 10.0.0.34 () {34 vars in 668 bytes} [Wed May 6 06:12:43 2026] POST /v2.0/subnets => generated 656 bytes in 786 msecs (HTTP/1.1 201) 4 headers in 162 bytes (1 switches on core 0) [pid: 8|app: 0|req: 990/2306] 10.0.0.34 () {32 vars in 739 bytes} [Wed May 6 06:12:44 2026] DELETE /v2.0/security-groups/20250c5f-a9a2-4fc1-84fd-6457b39c43a7 => generated 0 bytes in 124 msecs (HTTP/1.1 204) 2 headers in 112 bytes (1 switches on core 0)
2026-05-06 06:12:44.334 8 WARNING neutron.scheduler.dhcp_agent_scheduler [None req-69a4eeac-f870-49cd-8c91-c04877c9e3c8 65e05be9578d4d3cb11c35c8cc17620e bd79a8c3283d45a9adbcb4e2e41e33ce - - default default] No more DHCP agents
2026-05-06 06:12:44.335 8 WARNING neutron.api.rpc.agentnotifiers.dhcp_rpc_agent_api [None req-69a4eeac-f870-49cd-8c91-c04877c9e3c8 65e05be9578d4d3cb11c35c8cc17620e bd79a8c3283d45a9adbcb4e2e41e33ce - - default default] Unable to schedule network 9d6fa6d7-bf20-450a-a1d9-6575936fcfae: no agents available; will retry on subsequent port and subnet creation events.
2026-05-06 06:12:44.373 8 INFO neutron.db.ovn_revision_numbers_db [None req-69a4eeac-f870-49cd-8c91-c04877c9e3c8 65e05be9578d4d3cb11c35c8cc17620e bd79a8c3283d45a9adbcb4e2e41e33ce - - default default] Successfully bumped revision number for resource b5957d3a-d605-4622-a377-ee738ec3cd74 (type: subnets) to 0 [pid: 8|app: 0|req: 991/2307] 10.0.0.34 () {34 vars in 668 bytes} [Wed May 6 06:12:44 2026] POST /v2.0/subnets => generated 729 bytes in 223 msecs (HTTP/1.1 201) 4 headers in 162 bytes (1 switches on core 0)
2026-05-06 06:12:44.416 7 WARNING neutron.scheduler.dhcp_agent_scheduler [None req-e9aa51a3-b73e-4c7d-88c3-79701fad4445 - - - - - -] No more DHCP agents
2026-05-06 06:12:44.417 7 WARNING neutron.api.rpc.agentnotifiers.dhcp_rpc_agent_api [None req-e9aa51a3-b73e-4c7d-88c3-79701fad4445 - - - - - -] Unable to schedule network b7f0f42a-efc1-4ff9-bc92-e9e58da091e7: no agents available; will retry on subsequent port and subnet creation events. [pid: 8|app: 0|req: 992/2308] 10.0.0.34 () {32 vars in 662 bytes} [Wed May 6 06:12:44 2026] GET /v2.0/security-groups => generated 2925 bytes in 28 msecs (HTTP/1.1 200) 4 headers in 158 bytes (1 switches on core 0)
2026-05-06 06:12:44.581 7 INFO neutron.db.ovn_revision_numbers_db [None req-e9aa51a3-b73e-4c7d-88c3-79701fad4445 - - - - - -] Successfully bumped revision number for resource a38033c3-f831-48dd-aead-3009c36b508b (type: ports) to 1
2026-05-06 06:12:44.884 8 WARNING neutron.scheduler.dhcp_agent_scheduler [None req-14a535a0-ce18-4c62-bf1f-ba1c50d14f62 65e05be9578d4d3cb11c35c8cc17620e bd79a8c3283d45a9adbcb4e2e41e33ce - - default default] No more DHCP agents
2026-05-06 06:12:44.886 8 WARNING neutron.api.rpc.agentnotifiers.dhcp_rpc_agent_api [None req-14a535a0-ce18-4c62-bf1f-ba1c50d14f62 65e05be9578d4d3cb11c35c8cc17620e bd79a8c3283d45a9adbcb4e2e41e33ce - - default default] Unable to schedule network 1fb0c14d-0667-4144-aeb1-aaf420f45370: no agents available; will retry on subsequent port and subnet creation events.
2026-05-06 06:12:45.042 8 INFO neutron.db.ovn_revision_numbers_db [None req-14a535a0-ce18-4c62-bf1f-ba1c50d14f62 65e05be9578d4d3cb11c35c8cc17620e bd79a8c3283d45a9adbcb4e2e41e33ce - - default default] Successfully bumped revision number for resource 38d0805a-bbfe-407c-9b9a-f2799b22aae4 (type: ports) to 1
2026-05-06 06:12:45.242 7 WARNING neutron.scheduler.dhcp_agent_scheduler [None req-e9aa51a3-b73e-4c7d-88c3-79701fad4445 - - - - - -] No more DHCP agents
2026-05-06 06:12:45.243 7 WARNING neutron.api.rpc.agentnotifiers.dhcp_rpc_agent_api [None req-e9aa51a3-b73e-4c7d-88c3-79701fad4445 - - - - - -] Unable to schedule network b7f0f42a-efc1-4ff9-bc92-e9e58da091e7: no agents available; will retry on subsequent port and subnet creation events.
2026-05-06 06:12:45.722 7 INFO neutron.db.ovn_revision_numbers_db [None req-e9aa51a3-b73e-4c7d-88c3-79701fad4445 - - - - - -] Successfully bumped revision number for resource a38033c3-f831-48dd-aead-3009c36b508b (type: router_ports) to 1
2026-05-06 06:12:45.808 8 INFO neutron.plugins.ml2.drivers.ovn.mech_driver.ovsdb.commands [None req-6660756c-9582-474e-932d-375f07c5d6a9 - - - - - -] Schedule LRP lrp-38d0805a-bbfe-407c-9b9a-f2799b22aae4 on gateway 3f08ff43-cf19-4fb5-b8ae-2eb574fdad4f with priority 1
2026-05-06 06:12:45.939 8 WARNING neutron.plugins.ml2.drivers.ovn.mech_driver.ovsdb.ovn_client [None req-bd21e7d2-5a8c-4a02-bd4a-eb6def2640f1 - - - - - -] No hosting information found for port f613cf3b-6261-454b-a5f3-3bcded0b01c2: RuntimeError: No hosting information found for port f613cf3b-6261-454b-a5f3-3bcded0b01c2
2026-05-06 06:12:45.940 8 INFO neutron.plugins.ml2.drivers.ovn.mech_driver.mech_driver [None req-bd21e7d2-5a8c-4a02-bd4a-eb6def2640f1 - - - - - -] OVN reports status down for port: 10ebb0f8-a440-4749-95da-9e8a46ac412c
2026-05-06 06:12:45.941 8 INFO neutron.plugins.ml2.drivers.ovn.mech_driver.ovsdb.ovsdb_monitor [None req-8099178b-97ac-4aec-96c1-ea807782baab - - - - - -] Router a675d255-d034-4c05-8c1f-b7b6676592e9 is bound to host instance
2026-05-06 06:12:46.039 8 INFO neutron.db.ovn_revision_numbers_db [None req-14a535a0-ce18-4c62-bf1f-ba1c50d14f62 65e05be9578d4d3cb11c35c8cc17620e bd79a8c3283d45a9adbcb4e2e41e33ce - - default default] Successfully bumped revision number for resource 38d0805a-bbfe-407c-9b9a-f2799b22aae4 (type: router_ports) to 1
2026-05-06 06:12:46.081 7 WARNING neutron.scheduler.dhcp_agent_scheduler [None req-e9aa51a3-b73e-4c7d-88c3-79701fad4445 - - - - - -] No more DHCP agents
2026-05-06 06:12:46.082 7 WARNING neutron.api.rpc.agentnotifiers.dhcp_rpc_agent_api [None req-e9aa51a3-b73e-4c7d-88c3-79701fad4445 - - - - - -] Unable to schedule network b7f0f42a-efc1-4ff9-bc92-e9e58da091e7: no agents available; will retry on subsequent port and subnet creation events.
2026-05-06 06:12:46.149 8 INFO neutron.plugins.ml2.drivers.ovn.mech_driver.mech_driver [None req-bd21e7d2-5a8c-4a02-bd4a-eb6def2640f1 - - - - - -] OVN reports status down for port: 69e35b38-711a-4fcf-8a1a-6339b1fce8e8
2026-05-06 06:12:46.235 7 INFO neutron.db.ovn_revision_numbers_db [None req-e9aa51a3-b73e-4c7d-88c3-79701fad4445 - - - - - -] Successfully bumped revision number for resource 58827ede-907d-4910-8c89-13c8934c1ace (type: ports) to 1
2026-05-06 06:12:46.337 8 INFO neutron.db.ovn_revision_numbers_db [None req-14a535a0-ce18-4c62-bf1f-ba1c50d14f62 65e05be9578d4d3cb11c35c8cc17620e bd79a8c3283d45a9adbcb4e2e41e33ce - - default default] Successfully bumped revision number for resource a675d255-d034-4c05-8c1f-b7b6676592e9 (type: routers) to 2 [pid: 8|app: 0|req: 993/2309] 10.0.0.34 () {34 vars in 668 bytes} [Wed May 6 06:12:44 2026] POST /v2.0/routers => generated 944 bytes in 1964 msecs (HTTP/1.1 201) 4 headers in 162 bytes (1 switches on core 0)
2026-05-06 06:12:46.391 8 WARNING neutron.plugins.ml2.drivers.ovn.mech_driver.ovsdb.ovn_client [None req-bd21e7d2-5a8c-4a02-bd4a-eb6def2640f1 - - - - - -] Logical_Switch_Port 69e35b38-711a-4fcf-8a1a-6339b1fce8e8 host information not removed, the port state is up
2026-05-06 06:12:46.392 8 INFO neutron.plugins.ml2.drivers.ovn.mech_driver.mech_driver [None req-bd21e7d2-5a8c-4a02-bd4a-eb6def2640f1 - - - - - -] OVN reports status up for port: 69e35b38-711a-4fcf-8a1a-6339b1fce8e8
2026-05-06 06:12:46.425 8 INFO neutron.api.v2.resource [None req-f7700c16-1edd-4fff-b935-09981d5064a7 05c5e559b45f4a5fbd68a66f3d16ab8a e7a12026f52c42aeb713207a687ba59c - - default default] delete failed (client error): The resource could not be found. [pid: 8|app: 0|req: 994/2310] 10.0.0.34 () {32 vars in 739 bytes} [Wed May 6 06:12:46 2026] DELETE /v2.0/security-groups/20250c5f-a9a2-4fc1-84fd-6457b39c43a7 => generated 146 bytes in 46 msecs (HTTP/1.1 404) 4 headers in 164 bytes (1 switches on core 0)
2026-05-06 06:12:46.432 8 INFO neutron.plugins.ml2.plugin [None req-bd21e7d2-5a8c-4a02-bd4a-eb6def2640f1 - - - - - -] Attempt 1 to provision port 69e35b38-711a-4fcf-8a1a-6339b1fce8e8
2026-05-06 06:12:46.458 7 INFO neutron.db.ovn_revision_numbers_db [None req-e9aa51a3-b73e-4c7d-88c3-79701fad4445 - - - - - -] Successfully bumped revision number for resource 58827ede-907d-4910-8c89-13c8934c1ace (type: ports) to 3 [pid: 7|app: 0|req: 1317/2311] 10.0.0.34 () {34 vars in 684 bytes} [Wed May 6 06:12:42 2026] POST /v2.0/vpn/vpnservices => generated 458 bytes in 4190 msecs (HTTP/1.1 201) 4 headers in 162 bytes (1 switches on core 0)
2026-05-06 06:12:46.780 7 INFO neutron.db.ovn_revision_numbers_db [None req-0aac5c9a-c643-48da-a44e-f1d21693c29c 05c5e559b45f4a5fbd68a66f3d16ab8a e7a12026f52c42aeb713207a687ba59c - - default default] Successfully bumped revision number for resource 831c651e-6a21-4e64-9040-90eeb0b1c9ca (type: security_groups) to 1
2026-05-06 06:12:46.791 7 INFO neutron.db.ovn_revision_numbers_db [None req-0aac5c9a-c643-48da-a44e-f1d21693c29c 05c5e559b45f4a5fbd68a66f3d16ab8a e7a12026f52c42aeb713207a687ba59c - - default default] Successfully bumped revision number for resource 0e995c53-4395-45e6-a14d-0491be8db185 (type: security_group_rules) to 0
2026-05-06 06:12:46.804 7 INFO neutron.db.ovn_revision_numbers_db [None req-0aac5c9a-c643-48da-a44e-f1d21693c29c 05c5e559b45f4a5fbd68a66f3d16ab8a e7a12026f52c42aeb713207a687ba59c - - default default] Successfully bumped revision number for resource 4d27a434-ff73-4050-b6cd-cd7548bcc526 (type: security_group_rules) to 0 [pid: 7|app: 0|req: 1318/2312] 10.0.0.34 () {34 vars in 683 bytes} [Wed May 6 06:12:46 2026] POST /v2.0/security-groups => generated 1624 bytes in 190 msecs (HTTP/1.1 201) 4 headers in 163 bytes (1 switches on core 0) [pid: 7|app: 0|req: 1319/2313] 10.0.0.34 () {32 vars in 662 bytes} [Wed May 6 06:12:46 2026] GET /v2.0/vpn/vpnservices => generated 1314 bytes in 11 msecs (HTTP/1.1 200) 4 headers in 158 bytes (1 switches on core 0)
2026-05-06 06:12:46.999 7 INFO neutron.db.ovn_revision_numbers_db [None req-5db82a5e-1a0b-4f30-afc7-a702af9cd001 05c5e559b45f4a5fbd68a66f3d16ab8a e7a12026f52c42aeb713207a687ba59c - - default default] Successfully bumped revision number for resource fbfa44fa-88d2-45e6-ba24-ac71eaa33161 (type: security_group_rules) to 0 [pid: 7|app: 0|req: 1320/2314] 10.0.0.34 () {34 vars in 694 bytes} [Wed May 6 06:12:46 2026] POST /v2.0/security-group-rules => generated 601 bytes in 182 msecs (HTTP/1.1 201) 4 headers in 162 bytes (1 switches on core 0)
2026-05-06 06:12:47.304 7 INFO neutron_taas.services.taas.taas_plugin [None req-f31461f5-56d1-4205-9b90-966e9d13deab ddd24da68ade454eb4a5a8a71c58ec38 219c4b9ae7224d24832bd36acdd52ddd - - default default] TaaS: Handle Delete Port: 26b48165-a8b6-4456-b334-13bb5eaf3f8c
2026-05-06 06:12:47.307 7 INFO neutron_taas.services.taas.tap_mirror_plugin [None req-f31461f5-56d1-4205-9b90-966e9d13deab ddd24da68ade454eb4a5a8a71c58ec38 219c4b9ae7224d24832bd36acdd52ddd - - default default] Tap Mirror: Handle Delete Port: 26b48165-a8b6-4456-b334-13bb5eaf3f8c
2026-05-06 06:12:47.577 7 INFO neutron_taas.services.taas.taas_plugin [None req-b298821e-b3d1-4f55-901a-fcc4fe268e11 - - - - - -] TaaS: Handle Delete Port: 58827ede-907d-4910-8c89-13c8934c1ace
2026-05-06 06:12:47.581 7 INFO neutron_taas.services.taas.tap_mirror_plugin [None req-b298821e-b3d1-4f55-901a-fcc4fe268e11 - - - - - -] Tap Mirror: Handle Delete Port: 58827ede-907d-4910-8c89-13c8934c1ace
2026-05-06 06:12:47.858 8 INFO neutron.db.ovn_revision_numbers_db [None req-bd21e7d2-5a8c-4a02-bd4a-eb6def2640f1 - - - - - -] Successfully bumped revision number for resource 69e35b38-711a-4fcf-8a1a-6339b1fce8e8 (type: ports) to 2
2026-05-06 06:12:48.086 7 INFO neutron_taas.services.taas.taas_plugin [None req-7e49e6cb-9ca6-40a1-a9ca-67f9b72c8558 - - - - - -] TaaS: Handle Delete Port: a38033c3-f831-48dd-aead-3009c36b508b
2026-05-06 06:12:48.089 7 INFO neutron_taas.services.taas.tap_mirror_plugin [None req-7e49e6cb-9ca6-40a1-a9ca-67f9b72c8558 - - - - - -] Tap Mirror: Handle Delete Port: a38033c3-f831-48dd-aead-3009c36b508b
2026-05-06 06:12:48.317 8 WARNING neutron.scheduler.dhcp_agent_scheduler [None req-45036aec-611d-463c-9724-08e5093b9d14 65e05be9578d4d3cb11c35c8cc17620e bd79a8c3283d45a9adbcb4e2e41e33ce - - default default] No more DHCP agents
2026-05-06 06:12:48.322 8 WARNING neutron.api.rpc.agentnotifiers.dhcp_rpc_agent_api [None req-45036aec-611d-463c-9724-08e5093b9d14 65e05be9578d4d3cb11c35c8cc17620e bd79a8c3283d45a9adbcb4e2e41e33ce - - default default] Unable to schedule network 7bda1fd9-7cb8-4e4c-8f57-bd2e90150577: no agents available; will retry on subsequent port and subnet creation events.
2026-05-06 06:12:48.672 8 INFO neutron.db.ovn_revision_numbers_db [None req-45036aec-611d-463c-9724-08e5093b9d14 65e05be9578d4d3cb11c35c8cc17620e bd79a8c3283d45a9adbcb4e2e41e33ce - - default default] Successfully bumped revision number for resource 93c8f4dc-a8c3-47b7-90c1-0392a58a2223 (type: ports) to 1
2026-05-06 06:12:48.685 8 INFO neutron.db.ovn_revision_numbers_db [None req-bbc9870c-ecf0-45bb-a6f4-d95d119e60d4 - - - - - -] Successfully bumped revision number for resource 38d0805a-bbfe-407c-9b9a-f2799b22aae4 (type: ports) to 4
2026-05-06 06:12:48.967 7 INFO neutron_taas.services.taas.taas_plugin [None req-7e49e6cb-9ca6-40a1-a9ca-67f9b72c8558 - - - - - -] TaaS: Handle Delete Port: fa8af186-9eb7-4e8f-994e-1310541ebc8d
2026-05-06 06:12:48.971 7 INFO neutron_taas.services.taas.tap_mirror_plugin [None req-7e49e6cb-9ca6-40a1-a9ca-67f9b72c8558 - - - - - -] Tap Mirror: Handle Delete Port: fa8af186-9eb7-4e8f-994e-1310541ebc8d
2026-05-06 06:12:49.181 7 INFO neutron.services.segments.plugin [-] Segment 72c010a5-51b0-4c48-b78d-c76a20936dd1 resource provider aggregate not found
2026-05-06 06:12:49.184 7 INFO neutron.services.segments.plugin [-] Segment 72c010a5-51b0-4c48-b78d-c76a20936dd1 resource provider aggregate not found
2026-05-06 06:12:49.202 7 INFO neutron.services.segments.plugin [-] Segment 72c010a5-51b0-4c48-b78d-c76a20936dd1 resource provider not found; error: Placement Client Error (4xx): {"errors": [{"status": 404, "title": "Not Found", "detail": "The resource could not be found.\n\n No resource provider with uuid 72c010a5-51b0-4c48-b78d-c76a20936dd1 found for delete ", "request_id": "req-62866441-4bcf-4777-bbad-e375b04b6092"}]}
