2026-05-06 10:46:52.799 7 INFO cinder.api.openstack.wsgi [None req-ed9512f2-9095-446c-aa99-0effa4d1954b 505c9ee85f1d4b5190bfb56627ec8265 522ba6c9cbe24bdfa222830ddbbcc43a - - default default] http://cinder-api.openstack.svc.cluster.local:8776/v3/522ba6c9cbe24bdfa222830ddbbcc43a/volumes/detail?all_tenants=true returned with HTTP 200 [pid: 7|app: 0|req: 343/685] 10.0.0.142 () {28 vars in 684 bytes} [Wed May 6 10:46:52 2026] GET /v3/522ba6c9cbe24bdfa222830ddbbcc43a/volumes/detail?all_tenants=true => generated 15 bytes in 22 msecs (HTTP/1.1 200) 7 headers in 284 bytes (1 switches on core 0)
2026-05-06 10:46:52.810 8 INFO cinder.api.openstack.wsgi [None req-4bb06d30-df24-4afa-a0e0-d4e6b1967e6b 505c9ee85f1d4b5190bfb56627ec8265 522ba6c9cbe24bdfa222830ddbbcc43a - - default default] GET http://cinder-api.openstack.svc.cluster.local:8776/v3/522ba6c9cbe24bdfa222830ddbbcc43a/scheduler-stats/get_pools?detail=true
2026-05-06 10:46:53.314 8 INFO cinder.api.openstack.wsgi [None req-4bb06d30-df24-4afa-a0e0-d4e6b1967e6b 505c9ee85f1d4b5190bfb56627ec8265 522ba6c9cbe24bdfa222830ddbbcc43a - - default default] http://cinder-api.openstack.svc.cluster.local:8776/v3/522ba6c9cbe24bdfa222830ddbbcc43a/scheduler-stats/get_pools?detail=true returned with HTTP 200 [pid: 8|app: 0|req: 343/686] 10.0.0.142 () {28 vars in 696 bytes} [Wed May 6 10:46:52 2026] GET /v3/522ba6c9cbe24bdfa222830ddbbcc43a/scheduler-stats/get_pools?detail=true => generated 670 bytes in 514 msecs (HTTP/1.1 200) 7 headers in 285 bytes (1 switches on core 0)
2026-05-06 10:46:53.473 7 INFO cinder.api.openstack.wsgi [None req-e93c747b-478c-4ae3-8728-ba3c76142ed5 505c9ee85f1d4b5190bfb56627ec8265 522ba6c9cbe24bdfa222830ddbbcc43a - - default default] GET http://cinder-api.openstack.svc.cluster.local:8776/v3/522ba6c9cbe24bdfa222830ddbbcc43a/os-quota-sets/1a2b756402e8474d9b9ffb191be2dfbb?usage=true
2026-05-06 10:46:53.498 7 INFO cinder.api.openstack.wsgi [None req-e93c747b-478c-4ae3-8728-ba3c76142ed5 505c9ee85f1d4b5190bfb56627ec8265 522ba6c9cbe24bdfa222830ddbbcc43a - - default default] http://cinder-api.openstack.svc.cluster.local:8776/v3/522ba6c9cbe24bdfa222830ddbbcc43a/os-quota-sets/1a2b756402e8474d9b9ffb191be2dfbb?usage=true returned with HTTP 200 [pid: 7|app: 0|req: 344/687] 10.0.0.142 () {28 vars in 736 bytes} [Wed May 6 10:46:53 2026] GET /v3/522ba6c9cbe24bdfa222830ddbbcc43a/os-quota-sets/1a2b756402e8474d9b9ffb191be2dfbb?usage=true => generated 847 bytes in 31 msecs (HTTP/1.1 200) 7 headers in 285 bytes (1 switches on core 0)
2026-05-06 10:46:53.509 8 INFO cinder.api.openstack.wsgi [None req-69a125a3-2f1e-4e98-bf4a-c1d180557421 505c9ee85f1d4b5190bfb56627ec8265 522ba6c9cbe24bdfa222830ddbbcc43a - - default default] GET http://cinder-api.openstack.svc.cluster.local:8776/v3/522ba6c9cbe24bdfa222830ddbbcc43a/os-quota-sets/30ce1fc444a943aba300d24399dad19a?usage=true
2026-05-06 10:46:53.536 8 INFO cinder.api.openstack.wsgi [None req-69a125a3-2f1e-4e98-bf4a-c1d180557421 505c9ee85f1d4b5190bfb56627ec8265 522ba6c9cbe24bdfa222830ddbbcc43a - - default default] http://cinder-api.openstack.svc.cluster.local:8776/v3/522ba6c9cbe24bdfa222830ddbbcc43a/os-quota-sets/30ce1fc444a943aba300d24399dad19a?usage=true returned with HTTP 200 [pid: 8|app: 0|req: 344/688] 10.0.0.142 () {28 vars in 736 bytes} [Wed May 6 10:46:53 2026] GET /v3/522ba6c9cbe24bdfa222830ddbbcc43a/os-quota-sets/30ce1fc444a943aba300d24399dad19a?usage=true => generated 847 bytes in 35 msecs (HTTP/1.1 200) 7 headers in 285 bytes (1 switches on core 0)
2026-05-06 10:46:53.552 7 INFO cinder.api.openstack.wsgi [None req-c90f34f3-1720-4120-aa1c-52b3c704740d 505c9ee85f1d4b5190bfb56627ec8265 522ba6c9cbe24bdfa222830ddbbcc43a - - default default] GET http://cinder-api.openstack.svc.cluster.local:8776/v3/522ba6c9cbe24bdfa222830ddbbcc43a/os-quota-sets/522ba6c9cbe24bdfa222830ddbbcc43a?usage=true
2026-05-06 10:46:53.580 7 INFO cinder.api.openstack.wsgi [None req-c90f34f3-1720-4120-aa1c-52b3c704740d 505c9ee85f1d4b5190bfb56627ec8265 522ba6c9cbe24bdfa222830ddbbcc43a - - default default] http://cinder-api.openstack.svc.cluster.local:8776/v3/522ba6c9cbe24bdfa222830ddbbcc43a/os-quota-sets/522ba6c9cbe24bdfa222830ddbbcc43a?usage=true returned with HTTP 200 [pid: 7|app: 0|req: 345/689] 10.0.0.142 () {28 vars in 736 bytes} [Wed May 6 10:46:53 2026] GET /v3/522ba6c9cbe24bdfa222830ddbbcc43a/os-quota-sets/522ba6c9cbe24bdfa222830ddbbcc43a?usage=true => generated 845 bytes in 37 msecs (HTTP/1.1 200) 7 headers in 285 bytes (1 switches on core 0)
2026-05-06 10:46:53.594 8 INFO cinder.api.openstack.wsgi [None req-dd90e38d-abf9-4548-be3e-392ff76ea076 505c9ee85f1d4b5190bfb56627ec8265 522ba6c9cbe24bdfa222830ddbbcc43a - - default default] GET http://cinder-api.openstack.svc.cluster.local:8776/v3/522ba6c9cbe24bdfa222830ddbbcc43a/os-quota-sets/b26f7f47c0b2476ca22e725c65088bc3?usage=true
2026-05-06 10:46:53.614 8 INFO cinder.api.openstack.wsgi [None req-dd90e38d-abf9-4548-be3e-392ff76ea076 505c9ee85f1d4b5190bfb56627ec8265 522ba6c9cbe24bdfa222830ddbbcc43a - - default default] http://cinder-api.openstack.svc.cluster.local:8776/v3/522ba6c9cbe24bdfa222830ddbbcc43a/os-quota-sets/b26f7f47c0b2476ca22e725c65088bc3?usage=true returned with HTTP 200 [pid: 8|app: 0|req: 345/690] 10.0.0.142 () {28 vars in 736 bytes} [Wed May 6 10:46:53 2026] GET /v3/522ba6c9cbe24bdfa222830ddbbcc43a/os-quota-sets/b26f7f47c0b2476ca22e725c65088bc3?usage=true => generated 845 bytes in 28 msecs (HTTP/1.1 200) 7 headers in 285 bytes (1 switches on core 0)
2026-05-06 10:46:53.632 7 INFO cinder.api.openstack.wsgi [None req-ce3cd030-a8a5-49ae-bb4b-b1198d361ab6 505c9ee85f1d4b5190bfb56627ec8265 522ba6c9cbe24bdfa222830ddbbcc43a - - default default] GET http://cinder-api.openstack.svc.cluster.local:8776/v3/522ba6c9cbe24bdfa222830ddbbcc43a/os-quota-sets/c3cc39e7a54a4579b0c90fb29a2f0d2b?usage=true
2026-05-06 10:46:53.658 7 INFO cinder.api.openstack.wsgi [None req-ce3cd030-a8a5-49ae-bb4b-b1198d361ab6 505c9ee85f1d4b5190bfb56627ec8265 522ba6c9cbe24bdfa222830ddbbcc43a - - default default] http://cinder-api.openstack.svc.cluster.local:8776/v3/522ba6c9cbe24bdfa222830ddbbcc43a/os-quota-sets/c3cc39e7a54a4579b0c90fb29a2f0d2b?usage=true returned with HTTP 200 [pid: 7|app: 0|req: 346/691] 10.0.0.142 () {28 vars in 736 bytes} [Wed May 6 10:46:53 2026] GET /v3/522ba6c9cbe24bdfa222830ddbbcc43a/os-quota-sets/c3cc39e7a54a4579b0c90fb29a2f0d2b?usage=true => generated 847 bytes in 38 msecs (HTTP/1.1 200) 7 headers in 285 bytes (1 switches on core 0)
2026-05-06 10:46:53.671 8 INFO cinder.api.openstack.wsgi [None req-f4d6af00-f8df-4728-972f-f7bbc5f707e5 505c9ee85f1d4b5190bfb56627ec8265 522ba6c9cbe24bdfa222830ddbbcc43a - - default default] GET http://cinder-api.openstack.svc.cluster.local:8776/v3/522ba6c9cbe24bdfa222830ddbbcc43a/os-quota-sets/d19f7b47d8464472bb757d80f732b977?usage=true
2026-05-06 10:46:53.697 8 INFO cinder.api.openstack.wsgi [None req-f4d6af00-f8df-4728-972f-f7bbc5f707e5 505c9ee85f1d4b5190bfb56627ec8265 522ba6c9cbe24bdfa222830ddbbcc43a - - default default] http://cinder-api.openstack.svc.cluster.local:8776/v3/522ba6c9cbe24bdfa222830ddbbcc43a/os-quota-sets/d19f7b47d8464472bb757d80f732b977?usage=true returned with HTTP 200 [pid: 8|app: 0|req: 346/692] 10.0.0.142 () {28 vars in 736 bytes} [Wed May 6 10:46:53 2026] GET /v3/522ba6c9cbe24bdfa222830ddbbcc43a/os-quota-sets/d19f7b47d8464472bb757d80f732b977?usage=true => generated 847 bytes in 35 msecs (HTTP/1.1 200) 7 headers in 285 bytes (1 switches on core 0)
2026-05-06 10:46:54.255 8 INFO cinder.api.openstack.wsgi [None req-f4d6af00-f8df-4728-972f-f7bbc5f707e5 505c9ee85f1d4b5190bfb56627ec8265 522ba6c9cbe24bdfa222830ddbbcc43a - - default default] GET http://10.0.0.73:8776/
2026-05-06 10:46:54.256 7 INFO cinder.api.openstack.wsgi [None req-ce3cd030-a8a5-49ae-bb4b-b1198d361ab6 505c9ee85f1d4b5190bfb56627ec8265 522ba6c9cbe24bdfa222830ddbbcc43a - - default default] GET http://10.0.0.73:8776/
2026-05-06 10:46:54.256 7 INFO cinder.api.openstack.wsgi [None req-ce3cd030-a8a5-49ae-bb4b-b1198d361ab6 505c9ee85f1d4b5190bfb56627ec8265 522ba6c9cbe24bdfa222830ddbbcc43a - - default default] http://10.0.0.73:8776/ returned with HTTP 300
2026-05-06 10:46:54.257 8 INFO cinder.api.openstack.wsgi [None req-f4d6af00-f8df-4728-972f-f7bbc5f707e5 505c9ee85f1d4b5190bfb56627ec8265 522ba6c9cbe24bdfa222830ddbbcc43a - - default default] http://10.0.0.73:8776/ returned with HTTP 300
2026-05-06 10:47:00.483 7 INFO cinder.api.openstack.wsgi [None req-44e63baa-a086-4758-aabc-e107a18388e1 6aeac79dcfbf436cb92a56f21e83a433 03bf70bdea664a53842cc3e859c0e90a - - default default] POST http://cinder-api.openstack.svc.cluster.local:8776/v3/03bf70bdea664a53842cc3e859c0e90a/volumes
2026-05-06 10:47:00.487 7 INFO cinder.api.v3.volumes [None req-44e63baa-a086-4758-aabc-e107a18388e1 6aeac79dcfbf436cb92a56f21e83a433 03bf70bdea664a53842cc3e859c0e90a - - default default] Create volume of 1 GB
2026-05-06 10:47:00.504 7 INFO cinder.volume.api [None req-44e63baa-a086-4758-aabc-e107a18388e1 6aeac79dcfbf436cb92a56f21e83a433 03bf70bdea664a53842cc3e859c0e90a - - default default] Availability Zones retrieved successfully.
2026-05-06 10:47:00.828 7 INFO cinder.volume.api [None req-44e63baa-a086-4758-aabc-e107a18388e1 6aeac79dcfbf436cb92a56f21e83a433 03bf70bdea664a53842cc3e859c0e90a - - default default] Create volume request issued successfully.
2026-05-06 10:47:00.829 7 INFO cinder.api.openstack.wsgi [None req-44e63baa-a086-4758-aabc-e107a18388e1 6aeac79dcfbf436cb92a56f21e83a433 03bf70bdea664a53842cc3e859c0e90a - - default default] http://cinder-api.openstack.svc.cluster.local:8776/v3/03bf70bdea664a53842cc3e859c0e90a/volumes returned with HTTP 202 [pid: 7|app: 0|req: 348/695] 10.0.0.94 () {34 vars in 721 bytes} [Wed May 6 10:47:00 2026] POST /v3/03bf70bdea664a53842cc3e859c0e90a/volumes => generated 860 bytes in 688 msecs (HTTP/1.1 202) 7 headers in 291 bytes (1 switches on core 0)
2026-05-06 10:47:00.850 8 INFO cinder.api.openstack.wsgi [None req-0a8f47ee-21b1-4ac1-9403-2344eb1013d5 6aeac79dcfbf436cb92a56f21e83a433 03bf70bdea664a53842cc3e859c0e90a - - default default] GET http://cinder-api.openstack.svc.cluster.local:8776/v3/03bf70bdea664a53842cc3e859c0e90a/volumes/a9bd279c-5f50-4ef7-9089-bca35ef2a866 /var/lib/openstack/lib/python3.12/site-packages/oslo_context/context.py:101: DeprecationWarning: Policy enforcement is depending on the value of is_admin. This key is deprecated. Please update your policy file to use the standard policy values. warnings.warn(
2026-05-06 10:47:00.888 8 INFO cinder.volume.api [None req-0a8f47ee-21b1-4ac1-9403-2344eb1013d5 6aeac79dcfbf436cb92a56f21e83a433 03bf70bdea664a53842cc3e859c0e90a - - default default] Volume info retrieved successfully.
2026-05-06 10:47:00.894 8 INFO cinder.api.openstack.wsgi [None req-0a8f47ee-21b1-4ac1-9403-2344eb1013d5 6aeac79dcfbf436cb92a56f21e83a433 03bf70bdea664a53842cc3e859c0e90a - - default default] http://cinder-api.openstack.svc.cluster.local:8776/v3/03bf70bdea664a53842cc3e859c0e90a/volumes/a9bd279c-5f50-4ef7-9089-bca35ef2a866 returned with HTTP 200 [pid: 8|app: 0|req: 348/696] 10.0.0.94 () {32 vars in 774 bytes} [Wed May 6 10:47:00 2026] GET /v3/03bf70bdea664a53842cc3e859c0e90a/volumes/a9bd279c-5f50-4ef7-9089-bca35ef2a866 => generated 928 bytes in 52 msecs (HTTP/1.1 200) 7 headers in 285 bytes (1 switches on core 0) /var/lib/openstack/lib/python3.12/site-packages/pycadf/identifier.py:70: UserWarning: Invalid uuid: cinderv3. To ensure interoperability, identifiers should be a valid uuid. warnings.warn(('Invalid uuid: %s. To ensure interoperability, '
2026-05-06 10:47:01.919 7 INFO cinder.api.openstack.wsgi [None req-cbbd9904-82a6-4195-af9a-2b540afe77b7 6aeac79dcfbf436cb92a56f21e83a433 03bf70bdea664a53842cc3e859c0e90a - - default default] GET http://cinder-api.openstack.svc.cluster.local:8776/v3/03bf70bdea664a53842cc3e859c0e90a/volumes/a9bd279c-5f50-4ef7-9089-bca35ef2a866 /var/lib/openstack/lib/python3.12/site-packages/oslo_context/context.py:101: DeprecationWarning: Policy enforcement is depending on the value of is_admin. This key is deprecated. Please update your policy file to use the standard policy values. warnings.warn(
2026-05-06 10:47:01.939 7 INFO cinder.volume.api [None req-cbbd9904-82a6-4195-af9a-2b540afe77b7 6aeac79dcfbf436cb92a56f21e83a433 03bf70bdea664a53842cc3e859c0e90a - - default default] Volume info retrieved successfully.
2026-05-06 10:47:01.946 7 INFO cinder.api.openstack.wsgi [None req-cbbd9904-82a6-4195-af9a-2b540afe77b7 6aeac79dcfbf436cb92a56f21e83a433 03bf70bdea664a53842cc3e859c0e90a - - default default] http://cinder-api.openstack.svc.cluster.local:8776/v3/03bf70bdea664a53842cc3e859c0e90a/volumes/a9bd279c-5f50-4ef7-9089-bca35ef2a866 returned with HTTP 200 [pid: 7|app: 0|req: 349/697] 10.0.0.94 () {32 vars in 774 bytes} [Wed May 6 10:47:01 2026] GET /v3/03bf70bdea664a53842cc3e859c0e90a/volumes/a9bd279c-5f50-4ef7-9089-bca35ef2a866 => generated 952 bytes in 34 msecs (HTTP/1.1 200) 7 headers in 285 bytes (1 switches on core 0) /var/lib/openstack/lib/python3.12/site-packages/pycadf/identifier.py:70: UserWarning: Invalid uuid: cinderv3. To ensure interoperability, identifiers should be a valid uuid. warnings.warn(('Invalid uuid: %s. To ensure interoperability, '
2026-05-06 10:47:02.971 8 INFO cinder.api.openstack.wsgi [None req-fc3f7c78-4153-4382-9361-357c1bbae8eb 6aeac79dcfbf436cb92a56f21e83a433 03bf70bdea664a53842cc3e859c0e90a - - default default] GET http://cinder-api.openstack.svc.cluster.local:8776/v3/03bf70bdea664a53842cc3e859c0e90a/volumes/a9bd279c-5f50-4ef7-9089-bca35ef2a866 /var/lib/openstack/lib/python3.12/site-packages/oslo_context/context.py:101: DeprecationWarning: Policy enforcement is depending on the value of is_admin. This key is deprecated. Please update your policy file to use the standard policy values. warnings.warn(
2026-05-06 10:47:02.986 8 INFO cinder.volume.api [None req-fc3f7c78-4153-4382-9361-357c1bbae8eb 6aeac79dcfbf436cb92a56f21e83a433 03bf70bdea664a53842cc3e859c0e90a - - default default] Volume info retrieved successfully.
2026-05-06 10:47:02.991 8 INFO cinder.api.openstack.wsgi [None req-fc3f7c78-4153-4382-9361-357c1bbae8eb 6aeac79dcfbf436cb92a56f21e83a433 03bf70bdea664a53842cc3e859c0e90a - - default default] http://cinder-api.openstack.svc.cluster.local:8776/v3/03bf70bdea664a53842cc3e859c0e90a/volumes/a9bd279c-5f50-4ef7-9089-bca35ef2a866 returned with HTTP 200 [pid: 8|app: 0|req: 349/698] 10.0.0.94 () {32 vars in 774 bytes} [Wed May 6 10:47:02 2026] GET /v3/03bf70bdea664a53842cc3e859c0e90a/volumes/a9bd279c-5f50-4ef7-9089-bca35ef2a866 => generated 953 bytes in 24 msecs (HTTP/1.1 200) 7 headers in 285 bytes (1 switches on core 0)
2026-05-06 10:47:04.257 8 INFO cinder.api.openstack.wsgi [None req-fc3f7c78-4153-4382-9361-357c1bbae8eb 6aeac79dcfbf436cb92a56f21e83a433 03bf70bdea664a53842cc3e859c0e90a - - default default] GET http://10.0.0.73:8776/
2026-05-06 10:47:04.257 7 INFO cinder.api.openstack.wsgi [None req-cbbd9904-82a6-4195-af9a-2b540afe77b7 6aeac79dcfbf436cb92a56f21e83a433 03bf70bdea664a53842cc3e859c0e90a - - default default] GET http://10.0.0.73:8776/
2026-05-06 10:47:04.257 8 INFO cinder.api.openstack.wsgi [None req-fc3f7c78-4153-4382-9361-357c1bbae8eb 6aeac79dcfbf436cb92a56f21e83a433 03bf70bdea664a53842cc3e859c0e90a - - default default] http://10.0.0.73:8776/ returned with HTTP 300
2026-05-06 10:47:04.258 7 INFO cinder.api.openstack.wsgi [None req-cbbd9904-82a6-4195-af9a-2b540afe77b7 6aeac79dcfbf436cb92a56f21e83a433 03bf70bdea664a53842cc3e859c0e90a - - default default] http://10.0.0.73:8776/ returned with HTTP 300
2026-05-06 10:47:14.256 7 INFO cinder.api.openstack.wsgi [None req-cbbd9904-82a6-4195-af9a-2b540afe77b7 6aeac79dcfbf436cb92a56f21e83a433 03bf70bdea664a53842cc3e859c0e90a - - default default] GET http://10.0.0.73:8776/
2026-05-06 10:47:14.256 8 INFO cinder.api.openstack.wsgi [None req-fc3f7c78-4153-4382-9361-357c1bbae8eb 6aeac79dcfbf436cb92a56f21e83a433 03bf70bdea664a53842cc3e859c0e90a - - default default] GET http://10.0.0.73:8776/
2026-05-06 10:47:14.257 7 INFO cinder.api.openstack.wsgi [None req-cbbd9904-82a6-4195-af9a-2b540afe77b7 6aeac79dcfbf436cb92a56f21e83a433 03bf70bdea664a53842cc3e859c0e90a - - default default] http://10.0.0.73:8776/ returned with HTTP 300
2026-05-06 10:47:14.257 8 INFO cinder.api.openstack.wsgi [None req-fc3f7c78-4153-4382-9361-357c1bbae8eb 6aeac79dcfbf436cb92a56f21e83a433 03bf70bdea664a53842cc3e859c0e90a - - default default] http://10.0.0.73:8776/ returned with HTTP 300 /var/lib/openstack/lib/python3.12/site-packages/pycadf/identifier.py:70: UserWarning: Invalid uuid: cinderv3. To ensure interoperability, identifiers should be a valid uuid. warnings.warn(('Invalid uuid: %s. To ensure interoperability, '
2026-05-06 10:47:17.501 7 INFO cinder.api.openstack.wsgi [None req-67cc8271-957d-4c29-8635-cdb3ccd78b38 6aeac79dcfbf436cb92a56f21e83a433 03bf70bdea664a53842cc3e859c0e90a - - default default] POST http://cinder-api.openstack.svc.cluster.local:8776/v3/03bf70bdea664a53842cc3e859c0e90a/volumes/a9bd279c-5f50-4ef7-9089-bca35ef2a866/action /var/lib/openstack/lib/python3.12/site-packages/oslo_context/context.py:101: DeprecationWarning: Policy enforcement is depending on the value of is_admin. This key is deprecated. Please update your policy file to use the standard policy values. warnings.warn(
2026-05-06 10:47:17.518 7 INFO cinder.volume.api [None req-67cc8271-957d-4c29-8635-cdb3ccd78b38 6aeac79dcfbf436cb92a56f21e83a433 03bf70bdea664a53842cc3e859c0e90a - - default default] Volume info retrieved successfully.
2026-05-06 10:47:17.532 7 INFO cinder.volume.api [None req-67cc8271-957d-4c29-8635-cdb3ccd78b38 6aeac79dcfbf436cb92a56f21e83a433 03bf70bdea664a53842cc3e859c0e90a - - default default] Update volume admin metadata completed successfully.
2026-05-06 10:47:18.038 7 INFO cinder.volume.api [None req-67cc8271-957d-4c29-8635-cdb3ccd78b38 6aeac79dcfbf436cb92a56f21e83a433 03bf70bdea664a53842cc3e859c0e90a - - default default] Attach volume completed successfully.
2026-05-06 10:47:18.039 7 INFO cinder.api.openstack.wsgi [None req-67cc8271-957d-4c29-8635-cdb3ccd78b38 6aeac79dcfbf436cb92a56f21e83a433 03bf70bdea664a53842cc3e859c0e90a - - default default] http://cinder-api.openstack.svc.cluster.local:8776/v3/03bf70bdea664a53842cc3e859c0e90a/volumes/a9bd279c-5f50-4ef7-9089-bca35ef2a866/action returned with HTTP 202 [pid: 7|app: 0|req: 352/703] 10.0.0.94 () {34 vars in 809 bytes} [Wed May 6 10:47:17 2026] POST /v3/03bf70bdea664a53842cc3e859c0e90a/volumes/a9bd279c-5f50-4ef7-9089-bca35ef2a866/action => generated 0 bytes in 545 msecs (HTTP/1.1 202) 7 headers in 289 bytes (1 switches on core 0) /var/lib/openstack/lib/python3.12/site-packages/pycadf/identifier.py:70: UserWarning: Invalid uuid: cinderv3. To ensure interoperability, identifiers should be a valid uuid. warnings.warn(('Invalid uuid: %s. To ensure interoperability, '
2026-05-06 10:47:18.053 8 INFO cinder.api.openstack.wsgi [None req-126e43eb-2403-49c0-a8af-2caa027ee969 6aeac79dcfbf436cb92a56f21e83a433 03bf70bdea664a53842cc3e859c0e90a - - default default] GET http://cinder-api.openstack.svc.cluster.local:8776/v3/03bf70bdea664a53842cc3e859c0e90a/volumes/a9bd279c-5f50-4ef7-9089-bca35ef2a866 /var/lib/openstack/lib/python3.12/site-packages/oslo_context/context.py:101: DeprecationWarning: Policy enforcement is depending on the value of is_admin. This key is deprecated. Please update your policy file to use the standard policy values. warnings.warn(
2026-05-06 10:47:18.084 8 INFO cinder.volume.api [None req-126e43eb-2403-49c0-a8af-2caa027ee969 6aeac79dcfbf436cb92a56f21e83a433 03bf70bdea664a53842cc3e859c0e90a - - default default] Volume info retrieved successfully.
2026-05-06 10:47:18.089 8 INFO cinder.api.openstack.wsgi [None req-126e43eb-2403-49c0-a8af-2caa027ee969 6aeac79dcfbf436cb92a56f21e83a433 03bf70bdea664a53842cc3e859c0e90a - - default default] http://cinder-api.openstack.svc.cluster.local:8776/v3/03bf70bdea664a53842cc3e859c0e90a/volumes/a9bd279c-5f50-4ef7-9089-bca35ef2a866 returned with HTTP 200 [pid: 8|app: 0|req: 352/704] 10.0.0.94 () {32 vars in 774 bytes} [Wed May 6 10:47:18 2026] GET /v3/03bf70bdea664a53842cc3e859c0e90a/volumes/a9bd279c-5f50-4ef7-9089-bca35ef2a866 => generated 1287 bytes in 44 msecs (HTTP/1.1 200) 7 headers in 286 bytes (1 switches on core 0) /var/lib/openstack/lib/python3.12/site-packages/pycadf/identifier.py:70: UserWarning: Invalid uuid: cinderv3. To ensure interoperability, identifiers should be a valid uuid. warnings.warn(('Invalid uuid: %s. To ensure interoperability, '
2026-05-06 10:47:18.112 7 INFO cinder.api.openstack.wsgi [None req-7de53099-0bde-4ff2-9eda-fe9695916885 6aeac79dcfbf436cb92a56f21e83a433 03bf70bdea664a53842cc3e859c0e90a - - default default] POST http://cinder-api.openstack.svc.cluster.local:8776/v3/03bf70bdea664a53842cc3e859c0e90a/volumes/a9bd279c-5f50-4ef7-9089-bca35ef2a866/action /var/lib/openstack/lib/python3.12/site-packages/oslo_context/context.py:101: DeprecationWarning: Policy enforcement is depending on the value of is_admin. This key is deprecated. Please update your policy file to use the standard policy values. warnings.warn(
2026-05-06 10:47:18.127 7 INFO cinder.volume.api [None req-7de53099-0bde-4ff2-9eda-fe9695916885 6aeac79dcfbf436cb92a56f21e83a433 03bf70bdea664a53842cc3e859c0e90a - - default default] Volume info retrieved successfully.
2026-05-06 10:47:18.632 7 INFO cinder.volume.api [None req-7de53099-0bde-4ff2-9eda-fe9695916885 6aeac79dcfbf436cb92a56f21e83a433 03bf70bdea664a53842cc3e859c0e90a - - default default] Detach volume completed successfully.
2026-05-06 10:47:18.632 7 INFO cinder.api.openstack.wsgi [None req-7de53099-0bde-4ff2-9eda-fe9695916885 6aeac79dcfbf436cb92a56f21e83a433 03bf70bdea664a53842cc3e859c0e90a - - default default] http://cinder-api.openstack.svc.cluster.local:8776/v3/03bf70bdea664a53842cc3e859c0e90a/volumes/a9bd279c-5f50-4ef7-9089-bca35ef2a866/action returned with HTTP 202 [pid: 7|app: 0|req: 353/705] 10.0.0.94 () {34 vars in 809 bytes} [Wed May 6 10:47:18 2026] POST /v3/03bf70bdea664a53842cc3e859c0e90a/volumes/a9bd279c-5f50-4ef7-9089-bca35ef2a866/action => generated 0 bytes in 527 msecs (HTTP/1.1 202) 7 headers in 289 bytes (1 switches on core 0) /var/lib/openstack/lib/python3.12/site-packages/pycadf/identifier.py:70: UserWarning: Invalid uuid: cinderv3. To ensure interoperability, identifiers should be a valid uuid. warnings.warn(('Invalid uuid: %s. To ensure interoperability, '
2026-05-06 10:47:18.649 8 INFO cinder.api.openstack.wsgi [None req-72334a8a-ab51-48f6-94b4-bc50b6b4304e 6aeac79dcfbf436cb92a56f21e83a433 03bf70bdea664a53842cc3e859c0e90a - - default default] GET http://cinder-api.openstack.svc.cluster.local:8776/v3/03bf70bdea664a53842cc3e859c0e90a/volumes/a9bd279c-5f50-4ef7-9089-bca35ef2a866 /var/lib/openstack/lib/python3.12/site-packages/oslo_context/context.py:101: DeprecationWarning: Policy enforcement is depending on the value of is_admin. This key is deprecated. Please update your policy file to use the standard policy values. warnings.warn(
2026-05-06 10:47:18.669 8 INFO cinder.volume.api [None req-72334a8a-ab51-48f6-94b4-bc50b6b4304e 6aeac79dcfbf436cb92a56f21e83a433 03bf70bdea664a53842cc3e859c0e90a - - default default] Volume info retrieved successfully.
2026-05-06 10:47:18.676 8 INFO cinder.api.openstack.wsgi [None req-72334a8a-ab51-48f6-94b4-bc50b6b4304e 6aeac79dcfbf436cb92a56f21e83a433 03bf70bdea664a53842cc3e859c0e90a - - default default] http://cinder-api.openstack.svc.cluster.local:8776/v3/03bf70bdea664a53842cc3e859c0e90a/volumes/a9bd279c-5f50-4ef7-9089-bca35ef2a866 returned with HTTP 200 [pid: 8|app: 0|req: 353/706] 10.0.0.94 () {32 vars in 774 bytes} [Wed May 6 10:47:18 2026] GET /v3/03bf70bdea664a53842cc3e859c0e90a/volumes/a9bd279c-5f50-4ef7-9089-bca35ef2a866 => generated 972 bytes in 33 msecs (HTTP/1.1 200) 7 headers in 285 bytes (1 switches on core 0)
2026-05-06 10:47:24.258 7 INFO cinder.api.openstack.wsgi [None req-7de53099-0bde-4ff2-9eda-fe9695916885 6aeac79dcfbf436cb92a56f21e83a433 03bf70bdea664a53842cc3e859c0e90a - - default default] GET http://10.0.0.73:8776/
2026-05-06 10:47:24.258 8 INFO cinder.api.openstack.wsgi [None req-72334a8a-ab51-48f6-94b4-bc50b6b4304e 6aeac79dcfbf436cb92a56f21e83a433 03bf70bdea664a53842cc3e859c0e90a - - default default] GET http://10.0.0.73:8776/
2026-05-06 10:47:24.259 8 INFO cinder.api.openstack.wsgi [None req-72334a8a-ab51-48f6-94b4-bc50b6b4304e 6aeac79dcfbf436cb92a56f21e83a433 03bf70bdea664a53842cc3e859c0e90a - - default default] http://10.0.0.73:8776/ returned with HTTP 300
2026-05-06 10:47:24.259 7 INFO cinder.api.openstack.wsgi [None req-7de53099-0bde-4ff2-9eda-fe9695916885 6aeac79dcfbf436cb92a56f21e83a433 03bf70bdea664a53842cc3e859c0e90a - - default default] http://10.0.0.73:8776/ returned with HTTP 300 /var/lib/openstack/lib/python3.12/site-packages/pycadf/identifier.py:70: UserWarning: Invalid uuid: cinderv3. To ensure interoperability, identifiers should be a valid uuid. warnings.warn(('Invalid uuid: %s. To ensure interoperability, '
2026-05-06 10:47:24.795 7 INFO cinder.api.openstack.wsgi [None req-4630e573-507d-44d2-bb8b-f7e07628146f 6aeac79dcfbf436cb92a56f21e83a433 03bf70bdea664a53842cc3e859c0e90a - - default default] GET http://cinder-api.openstack.svc.cluster.local:8776/v3/03bf70bdea664a53842cc3e859c0e90a/volumes/a9bd279c-5f50-4ef7-9089-bca35ef2a866 /var/lib/openstack/lib/python3.12/site-packages/oslo_context/context.py:101: DeprecationWarning: Policy enforcement is depending on the value of is_admin. This key is deprecated. Please update your policy file to use the standard policy values. warnings.warn(
2026-05-06 10:47:24.812 7 INFO cinder.volume.api [None req-4630e573-507d-44d2-bb8b-f7e07628146f 6aeac79dcfbf436cb92a56f21e83a433 03bf70bdea664a53842cc3e859c0e90a - - default default] Volume info retrieved successfully.
2026-05-06 10:47:24.818 7 INFO cinder.api.openstack.wsgi [None req-4630e573-507d-44d2-bb8b-f7e07628146f 6aeac79dcfbf436cb92a56f21e83a433 03bf70bdea664a53842cc3e859c0e90a - - default default] http://cinder-api.openstack.svc.cluster.local:8776/v3/03bf70bdea664a53842cc3e859c0e90a/volumes/a9bd279c-5f50-4ef7-9089-bca35ef2a866 returned with HTTP 200 [pid: 7|app: 0|req: 355/709] 10.0.0.94 () {32 vars in 774 bytes} [Wed May 6 10:47:24 2026] GET /v3/03bf70bdea664a53842cc3e859c0e90a/volumes/a9bd279c-5f50-4ef7-9089-bca35ef2a866 => generated 972 bytes in 34 msecs (HTTP/1.1 200) 7 headers in 285 bytes (1 switches on core 0) /var/lib/openstack/lib/python3.12/site-packages/pycadf/identifier.py:70: UserWarning: Invalid uuid: cinderv3. To ensure interoperability, identifiers should be a valid uuid. warnings.warn(('Invalid uuid: %s. To ensure interoperability, '
2026-05-06 10:47:24.840 8 INFO cinder.api.openstack.wsgi [None req-6dfc407d-946a-4012-a09f-374a12f9365d 6aeac79dcfbf436cb92a56f21e83a433 03bf70bdea664a53842cc3e859c0e90a - - default default] DELETE http://cinder-api.openstack.svc.cluster.local:8776/v3/03bf70bdea664a53842cc3e859c0e90a/volumes/a9bd279c-5f50-4ef7-9089-bca35ef2a866
2026-05-06 10:47:24.841 8 INFO cinder.api.v3.volumes [None req-6dfc407d-946a-4012-a09f-374a12f9365d 6aeac79dcfbf436cb92a56f21e83a433 03bf70bdea664a53842cc3e859c0e90a - - default default] Delete volume with id: a9bd279c-5f50-4ef7-9089-bca35ef2a866 /var/lib/openstack/lib/python3.12/site-packages/oslo_context/context.py:101: DeprecationWarning: Policy enforcement is depending on the value of is_admin. This key is deprecated. Please update your policy file to use the standard policy values. warnings.warn(
2026-05-06 10:47:24.850 8 INFO cinder.volume.api [None req-6dfc407d-946a-4012-a09f-374a12f9365d 6aeac79dcfbf436cb92a56f21e83a433 03bf70bdea664a53842cc3e859c0e90a - - default default] Volume info retrieved successfully.
2026-05-06 10:47:24.883 8 INFO cinder.volume.api [None req-6dfc407d-946a-4012-a09f-374a12f9365d 6aeac79dcfbf436cb92a56f21e83a433 03bf70bdea664a53842cc3e859c0e90a - - default default] Delete volume request issued successfully.
2026-05-06 10:47:24.884 8 INFO cinder.api.openstack.wsgi [None req-6dfc407d-946a-4012-a09f-374a12f9365d 6aeac79dcfbf436cb92a56f21e83a433 03bf70bdea664a53842cc3e859c0e90a - - default default] http://cinder-api.openstack.svc.cluster.local:8776/v3/03bf70bdea664a53842cc3e859c0e90a/volumes/a9bd279c-5f50-4ef7-9089-bca35ef2a866 returned with HTTP 202 [pid: 8|app: 0|req: 355/710] 10.0.0.94 () {32 vars in 777 bytes} [Wed May 6 10:47:24 2026] DELETE /v3/03bf70bdea664a53842cc3e859c0e90a/volumes/a9bd279c-5f50-4ef7-9089-bca35ef2a866 => generated 0 bytes in 49 msecs (HTTP/1.1 202) 6 headers in 233 bytes (1 switches on core 0) /var/lib/openstack/lib/python3.12/site-packages/pycadf/identifier.py:70: UserWarning: Invalid uuid: cinderv3. To ensure interoperability, identifiers should be a valid uuid. warnings.warn(('Invalid uuid: %s. To ensure interoperability, '
2026-05-06 10:47:24.902 7 INFO cinder.api.openstack.wsgi [None req-cc627efa-2085-451c-ad49-4398a803fa6f 6aeac79dcfbf436cb92a56f21e83a433 03bf70bdea664a53842cc3e859c0e90a - - default default] GET http://cinder-api.openstack.svc.cluster.local:8776/v3/03bf70bdea664a53842cc3e859c0e90a/volumes/a9bd279c-5f50-4ef7-9089-bca35ef2a866 /var/lib/openstack/lib/python3.12/site-packages/oslo_context/context.py:101: DeprecationWarning: Policy enforcement is depending on the value of is_admin. This key is deprecated. Please update your policy file to use the standard policy values. warnings.warn(
2026-05-06 10:47:24.915 7 INFO cinder.volume.api [None req-cc627efa-2085-451c-ad49-4398a803fa6f 6aeac79dcfbf436cb92a56f21e83a433 03bf70bdea664a53842cc3e859c0e90a - - default default] Volume info retrieved successfully.
2026-05-06 10:47:24.921 7 INFO cinder.api.openstack.wsgi [None req-cc627efa-2085-451c-ad49-4398a803fa6f 6aeac79dcfbf436cb92a56f21e83a433 03bf70bdea664a53842cc3e859c0e90a - - default default] http://cinder-api.openstack.svc.cluster.local:8776/v3/03bf70bdea664a53842cc3e859c0e90a/volumes/a9bd279c-5f50-4ef7-9089-bca35ef2a866 returned with HTTP 200 [pid: 7|app: 0|req: 356/711] 10.0.0.94 () {32 vars in 774 bytes} [Wed May 6 10:47:24 2026] GET /v3/03bf70bdea664a53842cc3e859c0e90a/volumes/a9bd279c-5f50-4ef7-9089-bca35ef2a866 => generated 971 bytes in 31 msecs (HTTP/1.1 200) 7 headers in 285 bytes (1 switches on core 0) /var/lib/openstack/lib/python3.12/site-packages/pycadf/identifier.py:70: UserWarning: Invalid uuid: cinderv3. To ensure interoperability, identifiers should be a valid uuid. warnings.warn(('Invalid uuid: %s. To ensure interoperability, '
2026-05-06 10:47:25.943 8 INFO cinder.api.openstack.wsgi [None req-2678e27d-1bac-4c29-9523-33e30c079616 6aeac79dcfbf436cb92a56f21e83a433 03bf70bdea664a53842cc3e859c0e90a - - default default] GET http://cinder-api.openstack.svc.cluster.local:8776/v3/03bf70bdea664a53842cc3e859c0e90a/volumes/a9bd279c-5f50-4ef7-9089-bca35ef2a866
2026-05-06 10:47:25.951 8 INFO cinder.api.openstack.wsgi [None req-2678e27d-1bac-4c29-9523-33e30c079616 6aeac79dcfbf436cb92a56f21e83a433 03bf70bdea664a53842cc3e859c0e90a - - default default] http://cinder-api.openstack.svc.cluster.local:8776/v3/03bf70bdea664a53842cc3e859c0e90a/volumes/a9bd279c-5f50-4ef7-9089-bca35ef2a866 returned with HTTP 404 [pid: 8|app: 0|req: 356/712] 10.0.0.94 () {32 vars in 774 bytes} [Wed May 6 10:47:25 2026] GET /v3/03bf70bdea664a53842cc3e859c0e90a/volumes/a9bd279c-5f50-4ef7-9089-bca35ef2a866 => generated 109 bytes in 14 msecs (HTTP/1.1 404) 7 headers in 292 bytes (1 switches on core 0) /var/lib/openstack/lib/python3.12/site-packages/pycadf/identifier.py:70: UserWarning: Invalid uuid: cinderv3. To ensure interoperability, identifiers should be a valid uuid. warnings.warn(('Invalid uuid: %s. To ensure interoperability, '
2026-05-06 10:47:26.454 7 INFO cinder.api.openstack.wsgi [None req-e56c04bb-806e-4baa-8dae-26df4c030eff 62fdbc57039e4f18809358579f89b389 de4f32461e5e4ea0b447dc2a52357694 - - default default] POST http://cinder-api.openstack.svc.cluster.local:8776/v3/de4f32461e5e4ea0b447dc2a52357694/volumes
2026-05-06 10:47:27.216 7 INFO cinder.api.v3.volumes [None req-e56c04bb-806e-4baa-8dae-26df4c030eff 62fdbc57039e4f18809358579f89b389 de4f32461e5e4ea0b447dc2a52357694 - - default default] Create volume of 1 GB
2026-05-06 10:47:27.227 7 INFO cinder.volume.api [None req-e56c04bb-806e-4baa-8dae-26df4c030eff 62fdbc57039e4f18809358579f89b389 de4f32461e5e4ea0b447dc2a52357694 - - default default] Availability Zones retrieved successfully.
2026-05-06 10:47:27.502 7 INFO cinder.volume.api [None req-e56c04bb-806e-4baa-8dae-26df4c030eff 62fdbc57039e4f18809358579f89b389 de4f32461e5e4ea0b447dc2a52357694 - - default default] Create volume request issued successfully.
2026-05-06 10:47:27.503 7 INFO cinder.api.openstack.wsgi [None req-e56c04bb-806e-4baa-8dae-26df4c030eff 62fdbc57039e4f18809358579f89b389 de4f32461e5e4ea0b447dc2a52357694 - - default default] http://cinder-api.openstack.svc.cluster.local:8776/v3/de4f32461e5e4ea0b447dc2a52357694/volumes returned with HTTP 202 [pid: 7|app: 0|req: 357/713] 10.0.0.94 () {34 vars in 722 bytes} [Wed May 6 10:47:26 2026] POST /v3/de4f32461e5e4ea0b447dc2a52357694/volumes => generated 865 bytes in 1056 msecs (HTTP/1.1 202) 7 headers in 291 bytes (1 switches on core 0)
2026-05-06 10:47:27.524 8 INFO cinder.api.openstack.wsgi [None req-e783aa3e-7c6d-4dcc-b106-4a2743f0ad63 62fdbc57039e4f18809358579f89b389 de4f32461e5e4ea0b447dc2a52357694 - - default default] GET http://cinder-api.openstack.svc.cluster.local:8776/v3/de4f32461e5e4ea0b447dc2a52357694/volumes/4a99b9f5-9358-4553-8db3-1ce858ba5fe2 /var/lib/openstack/lib/python3.12/site-packages/oslo_context/context.py:101: DeprecationWarning: Policy enforcement is depending on the value of is_admin. This key is deprecated. Please update your policy file to use the standard policy values. warnings.warn(
2026-05-06 10:47:27.544 8 INFO cinder.volume.api [None req-e783aa3e-7c6d-4dcc-b106-4a2743f0ad63 62fdbc57039e4f18809358579f89b389 de4f32461e5e4ea0b447dc2a52357694 - - default default] Volume info retrieved successfully.
2026-05-06 10:47:27.548 8 INFO cinder.api.openstack.wsgi [None req-e783aa3e-7c6d-4dcc-b106-4a2743f0ad63 62fdbc57039e4f18809358579f89b389 de4f32461e5e4ea0b447dc2a52357694 - - default default] http://cinder-api.openstack.svc.cluster.local:8776/v3/de4f32461e5e4ea0b447dc2a52357694/volumes/4a99b9f5-9358-4553-8db3-1ce858ba5fe2 returned with HTTP 200 [pid: 8|app: 0|req: 357/714] 10.0.0.94 () {32 vars in 774 bytes} [Wed May 6 10:47:27 2026] GET /v3/de4f32461e5e4ea0b447dc2a52357694/volumes/4a99b9f5-9358-4553-8db3-1ce858ba5fe2 => generated 933 bytes in 29 msecs (HTTP/1.1 200) 7 headers in 285 bytes (1 switches on core 0) /var/lib/openstack/lib/python3.12/site-packages/pycadf/identifier.py:70: UserWarning: Invalid uuid: cinderv3. To ensure interoperability, identifiers should be a valid uuid. warnings.warn(('Invalid uuid: %s. To ensure interoperability, '
2026-05-06 10:47:28.575 7 INFO cinder.api.openstack.wsgi [None req-278d13b8-dc3b-4ec8-9b1e-db49b4a68a44 62fdbc57039e4f18809358579f89b389 de4f32461e5e4ea0b447dc2a52357694 - - default default] GET http://cinder-api.openstack.svc.cluster.local:8776/v3/de4f32461e5e4ea0b447dc2a52357694/volumes/4a99b9f5-9358-4553-8db3-1ce858ba5fe2 /var/lib/openstack/lib/python3.12/site-packages/oslo_context/context.py:101: DeprecationWarning: Policy enforcement is depending on the value of is_admin. This key is deprecated. Please update your policy file to use the standard policy values. warnings.warn(
2026-05-06 10:47:28.593 7 INFO cinder.volume.api [None req-278d13b8-dc3b-4ec8-9b1e-db49b4a68a44 62fdbc57039e4f18809358579f89b389 de4f32461e5e4ea0b447dc2a52357694 - - default default] Volume info retrieved successfully.
2026-05-06 10:47:28.599 7 INFO cinder.api.openstack.wsgi [None req-278d13b8-dc3b-4ec8-9b1e-db49b4a68a44 62fdbc57039e4f18809358579f89b389 de4f32461e5e4ea0b447dc2a52357694 - - default default] http://cinder-api.openstack.svc.cluster.local:8776/v3/de4f32461e5e4ea0b447dc2a52357694/volumes/4a99b9f5-9358-4553-8db3-1ce858ba5fe2 returned with HTTP 200 [pid: 7|app: 0|req: 358/715] 10.0.0.94 () {32 vars in 774 bytes} [Wed May 6 10:47:28 2026] GET /v3/de4f32461e5e4ea0b447dc2a52357694/volumes/4a99b9f5-9358-4553-8db3-1ce858ba5fe2 => generated 1342 bytes in 32 msecs (HTTP/1.1 200) 7 headers in 286 bytes (1 switches on core 0) /var/lib/openstack/lib/python3.12/site-packages/pycadf/identifier.py:70: UserWarning: Invalid uuid: cinderv3. To ensure interoperability, identifiers should be a valid uuid. warnings.warn(('Invalid uuid: %s. To ensure interoperability, '
2026-05-06 10:47:28.689 8 INFO cinder.api.openstack.wsgi [req-cac8b55e-b155-42db-9635-0de55fa6ca0e req-641e5ad8-0f68-49ad-aeaa-ad2582688651 62fdbc57039e4f18809358579f89b389 de4f32461e5e4ea0b447dc2a52357694 - - default default] GET http://cinder-api.openstack.svc.cluster.local:8776/v3/de4f32461e5e4ea0b447dc2a52357694/volumes/4a99b9f5-9358-4553-8db3-1ce858ba5fe2 /var/lib/openstack/lib/python3.12/site-packages/oslo_context/context.py:101: DeprecationWarning: Policy enforcement is depending on the value of is_admin. This key is deprecated. Please update your policy file to use the standard policy values. warnings.warn(
2026-05-06 10:47:28.714 8 INFO cinder.volume.api [req-cac8b55e-b155-42db-9635-0de55fa6ca0e req-641e5ad8-0f68-49ad-aeaa-ad2582688651 62fdbc57039e4f18809358579f89b389 de4f32461e5e4ea0b447dc2a52357694 - - default default] Volume info retrieved successfully.
2026-05-06 10:47:28.730 8 INFO cinder.api.openstack.wsgi [req-cac8b55e-b155-42db-9635-0de55fa6ca0e req-641e5ad8-0f68-49ad-aeaa-ad2582688651 62fdbc57039e4f18809358579f89b389 de4f32461e5e4ea0b447dc2a52357694 - - default default] http://cinder-api.openstack.svc.cluster.local:8776/v3/de4f32461e5e4ea0b447dc2a52357694/volumes/4a99b9f5-9358-4553-8db3-1ce858ba5fe2 returned with HTTP 200 [pid: 8|app: 0|req: 358/716] 10.0.0.87 () {34 vars in 1027 bytes} [Wed May 6 10:47:28 2026] GET /v3/de4f32461e5e4ea0b447dc2a52357694/volumes/4a99b9f5-9358-4553-8db3-1ce858ba5fe2 => generated 1342 bytes in 52 msecs (HTTP/1.1 200) 7 headers in 286 bytes (1 switches on core 0) /var/lib/openstack/lib/python3.12/site-packages/pycadf/identifier.py:70: UserWarning: Invalid uuid: cinderv3. To ensure interoperability, identifiers should be a valid uuid. warnings.warn(('Invalid uuid: %s. To ensure interoperability, '
2026-05-06 10:47:29.270 7 INFO cinder.api.openstack.wsgi [req-cac8b55e-b155-42db-9635-0de55fa6ca0e req-d563db9e-8d6f-4849-8dbb-5c7e145c195f 62fdbc57039e4f18809358579f89b389 de4f32461e5e4ea0b447dc2a52357694 - - default default] GET http://cinder-api.openstack.svc.cluster.local:8776/v3/de4f32461e5e4ea0b447dc2a52357694/volumes/4a99b9f5-9358-4553-8db3-1ce858ba5fe2 /var/lib/openstack/lib/python3.12/site-packages/oslo_context/context.py:101: DeprecationWarning: Policy enforcement is depending on the value of is_admin. This key is deprecated. Please update your policy file to use the standard policy values. warnings.warn(
2026-05-06 10:47:29.287 7 INFO cinder.volume.api [req-cac8b55e-b155-42db-9635-0de55fa6ca0e req-d563db9e-8d6f-4849-8dbb-5c7e145c195f 62fdbc57039e4f18809358579f89b389 de4f32461e5e4ea0b447dc2a52357694 - - default default] Volume info retrieved successfully.
2026-05-06 10:47:29.302 7 INFO cinder.api.openstack.wsgi [req-cac8b55e-b155-42db-9635-0de55fa6ca0e req-d563db9e-8d6f-4849-8dbb-5c7e145c195f 62fdbc57039e4f18809358579f89b389 de4f32461e5e4ea0b447dc2a52357694 - - default default] http://cinder-api.openstack.svc.cluster.local:8776/v3/de4f32461e5e4ea0b447dc2a52357694/volumes/4a99b9f5-9358-4553-8db3-1ce858ba5fe2 returned with HTTP 200 [pid: 7|app: 0|req: 359/717] 10.0.0.87 () {34 vars in 1027 bytes} [Wed May 6 10:47:29 2026] GET /v3/de4f32461e5e4ea0b447dc2a52357694/volumes/4a99b9f5-9358-4553-8db3-1ce858ba5fe2 => generated 1342 bytes in 38 msecs (HTTP/1.1 200) 7 headers in 286 bytes (1 switches on core 0)
2026-05-06 10:47:29.314 8 INFO cinder.api.openstack.wsgi [req-cac8b55e-b155-42db-9635-0de55fa6ca0e req-641e5ad8-0f68-49ad-aeaa-ad2582688651 62fdbc57039e4f18809358579f89b389 de4f32461e5e4ea0b447dc2a52357694 - - default default] GET http://cinder-api.openstack.svc.cluster.local:8776/
2026-05-06 10:47:29.315 8 INFO cinder.api.openstack.wsgi [req-cac8b55e-b155-42db-9635-0de55fa6ca0e req-641e5ad8-0f68-49ad-aeaa-ad2582688651 62fdbc57039e4f18809358579f89b389 de4f32461e5e4ea0b447dc2a52357694 - - default default] http://cinder-api.openstack.svc.cluster.local:8776/ returned with HTTP 300 [pid: 8|app: 0|req: 359/718] 10.0.0.87 () {32 vars in 828 bytes} [Wed May 6 10:47:29 2026] GET / => generated 411 bytes in 2 msecs (HTTP/1.1 300) 5 headers in 169 bytes (1 switches on core 0) /var/lib/openstack/lib/python3.12/site-packages/pycadf/identifier.py:70: UserWarning: Invalid uuid: cinderv3. To ensure interoperability, identifiers should be a valid uuid. warnings.warn(('Invalid uuid: %s. To ensure interoperability, '
2026-05-06 10:47:29.330 7 INFO cinder.api.openstack.wsgi [req-cac8b55e-b155-42db-9635-0de55fa6ca0e req-616e7fe3-3a89-475f-88fa-d83680165b9a 62fdbc57039e4f18809358579f89b389 de4f32461e5e4ea0b447dc2a52357694 - - default default] POST http://cinder-api.openstack.svc.cluster.local:8776/v3/de4f32461e5e4ea0b447dc2a52357694/attachments /var/lib/openstack/lib/python3.12/site-packages/oslo_context/context.py:101: DeprecationWarning: Policy enforcement is depending on the value of is_admin. This key is deprecated. Please update your policy file to use the standard policy values. warnings.warn(
2026-05-06 10:47:29.407 7 INFO cinder.api.openstack.wsgi [req-cac8b55e-b155-42db-9635-0de55fa6ca0e req-616e7fe3-3a89-475f-88fa-d83680165b9a 62fdbc57039e4f18809358579f89b389 de4f32461e5e4ea0b447dc2a52357694 - - default default] http://cinder-api.openstack.svc.cluster.local:8776/v3/de4f32461e5e4ea0b447dc2a52357694/attachments returned with HTTP 200 [pid: 7|app: 0|req: 360/719] 10.0.0.87 () {40 vars in 1056 bytes} [Wed May 6 10:47:29 2026] POST /v3/de4f32461e5e4ea0b447dc2a52357694/attachments => generated 273 bytes in 84 msecs (HTTP/1.1 200) 7 headers in 286 bytes (1 switches on core 0) /var/lib/openstack/lib/python3.12/site-packages/pycadf/identifier.py:70: UserWarning: Invalid uuid: cinderv3. To ensure interoperability, identifiers should be a valid uuid. warnings.warn(('Invalid uuid: %s. To ensure interoperability, '
2026-05-06 10:47:31.215 8 INFO cinder.api.openstack.wsgi [None req-4daf2030-2581-424b-875a-874db5f58ca8 aa4660c3c6a0476eb9b7773d0d1e22b5 d422f6c6cf9d43c694b5c1e70affb764 - - default default] GET http://cinder-api.openstack.svc.cluster.local:8776/v3/d422f6c6cf9d43c694b5c1e70affb764/volumes
2026-05-06 10:47:31.245 8 INFO cinder.volume.api [None req-4daf2030-2581-424b-875a-874db5f58ca8 aa4660c3c6a0476eb9b7773d0d1e22b5 d422f6c6cf9d43c694b5c1e70affb764 - - default default] Get all volumes completed successfully.
2026-05-06 10:47:31.246 8 INFO cinder.api.openstack.wsgi [None req-4daf2030-2581-424b-875a-874db5f58ca8 aa4660c3c6a0476eb9b7773d0d1e22b5 d422f6c6cf9d43c694b5c1e70affb764 - - default default] http://cinder-api.openstack.svc.cluster.local:8776/v3/d422f6c6cf9d43c694b5c1e70affb764/volumes returned with HTTP 200 [pid: 8|app: 0|req: 360/720] 10.0.0.94 () {32 vars in 700 bytes} [Wed May 6 10:47:31 2026] GET /v3/d422f6c6cf9d43c694b5c1e70affb764/volumes => generated 15 bytes in 193 msecs (HTTP/1.1 200) 7 headers in 284 bytes (1 switches on core 0) /var/lib/openstack/lib/python3.12/site-packages/pycadf/identifier.py:70: UserWarning: Invalid uuid: cinderv3. To ensure interoperability, identifiers should be a valid uuid. warnings.warn(('Invalid uuid: %s. To ensure interoperability, '
2026-05-06 10:47:31.264 7 INFO cinder.api.openstack.wsgi [None req-364fad27-0f08-4870-a131-ce342d28c01a aa4660c3c6a0476eb9b7773d0d1e22b5 d422f6c6cf9d43c694b5c1e70affb764 - - default default] POST http://cinder-api.openstack.svc.cluster.local:8776/v3/d422f6c6cf9d43c694b5c1e70affb764/volumes
2026-05-06 10:47:31.267 7 INFO cinder.api.v3.volumes [None req-364fad27-0f08-4870-a131-ce342d28c01a aa4660c3c6a0476eb9b7773d0d1e22b5 d422f6c6cf9d43c694b5c1e70affb764 - - default default] Create volume of 1 GB /var/lib/openstack/lib/python3.12/site-packages/oslo_context/context.py:101: DeprecationWarning: Policy enforcement is depending on the value of is_admin. This key is deprecated. Please update your policy file to use the standard policy values. warnings.warn(
2026-05-06 10:47:31.272 7 INFO cinder.volume.api [None req-364fad27-0f08-4870-a131-ce342d28c01a aa4660c3c6a0476eb9b7773d0d1e22b5 d422f6c6cf9d43c694b5c1e70affb764 - - default default] Availability Zones retrieved successfully.
2026-05-06 10:47:31.447 7 INFO cinder.volume.api [None req-364fad27-0f08-4870-a131-ce342d28c01a aa4660c3c6a0476eb9b7773d0d1e22b5 d422f6c6cf9d43c694b5c1e70affb764 - - default default] Create volume request issued successfully.
2026-05-06 10:47:31.448 7 INFO cinder.api.openstack.wsgi [None req-364fad27-0f08-4870-a131-ce342d28c01a aa4660c3c6a0476eb9b7773d0d1e22b5 d422f6c6cf9d43c694b5c1e70affb764 - - default default] http://cinder-api.openstack.svc.cluster.local:8776/v3/d422f6c6cf9d43c694b5c1e70affb764/volumes returned with HTTP 202 [pid: 7|app: 0|req: 361/721] 10.0.0.94 () {34 vars in 722 bytes} [Wed May 6 10:47:31 2026] POST /v3/d422f6c6cf9d43c694b5c1e70affb764/volumes => generated 876 bytes in 191 msecs (HTTP/1.1 202) 7 headers in 291 bytes (1 switches on core 0)
2026-05-06 10:47:31.465 8 INFO cinder.api.openstack.wsgi [None req-b102ea61-b0b7-41b7-b417-e3f16094db33 aa4660c3c6a0476eb9b7773d0d1e22b5 d422f6c6cf9d43c694b5c1e70affb764 - - default default] GET http://cinder-api.openstack.svc.cluster.local:8776/v3/d422f6c6cf9d43c694b5c1e70affb764/volumes/a1ef239a-a2c6-41de-9b13-327218e3524b /var/lib/openstack/lib/python3.12/site-packages/oslo_context/context.py:101: DeprecationWarning: Policy enforcement is depending on the value of is_admin. This key is deprecated. Please update your policy file to use the standard policy values. warnings.warn(
2026-05-06 10:47:31.477 8 INFO cinder.volume.api [None req-b102ea61-b0b7-41b7-b417-e3f16094db33 aa4660c3c6a0476eb9b7773d0d1e22b5 d422f6c6cf9d43c694b5c1e70affb764 - - default default] Volume info retrieved successfully.
2026-05-06 10:47:31.483 8 INFO cinder.api.openstack.wsgi [None req-b102ea61-b0b7-41b7-b417-e3f16094db33 aa4660c3c6a0476eb9b7773d0d1e22b5 d422f6c6cf9d43c694b5c1e70affb764 - - default default] http://cinder-api.openstack.svc.cluster.local:8776/v3/d422f6c6cf9d43c694b5c1e70affb764/volumes/a1ef239a-a2c6-41de-9b13-327218e3524b returned with HTTP 200 [pid: 8|app: 0|req: 361/722] 10.0.0.94 () {32 vars in 774 bytes} [Wed May 6 10:47:31 2026] GET /v3/d422f6c6cf9d43c694b5c1e70affb764/volumes/a1ef239a-a2c6-41de-9b13-327218e3524b => generated 944 bytes in 24 msecs (HTTP/1.1 200) 7 headers in 285 bytes (1 switches on core 0) /var/lib/openstack/lib/python3.12/site-packages/pycadf/identifier.py:70: UserWarning: Invalid uuid: cinderv3. To ensure interoperability, identifiers should be a valid uuid. warnings.warn(('Invalid uuid: %s. To ensure interoperability, '
2026-05-06 10:47:32.505 7 INFO cinder.api.openstack.wsgi [None req-641931c7-fd33-4691-8fd9-57bcbae84bcd aa4660c3c6a0476eb9b7773d0d1e22b5 d422f6c6cf9d43c694b5c1e70affb764 - - default default] GET http://cinder-api.openstack.svc.cluster.local:8776/v3/d422f6c6cf9d43c694b5c1e70affb764/volumes/a1ef239a-a2c6-41de-9b13-327218e3524b /var/lib/openstack/lib/python3.12/site-packages/oslo_context/context.py:101: DeprecationWarning: Policy enforcement is depending on the value of is_admin. This key is deprecated. Please update your policy file to use the standard policy values. warnings.warn(
2026-05-06 10:47:32.524 7 INFO cinder.volume.api [None req-641931c7-fd33-4691-8fd9-57bcbae84bcd aa4660c3c6a0476eb9b7773d0d1e22b5 d422f6c6cf9d43c694b5c1e70affb764 - - default default] Volume info retrieved successfully.
2026-05-06 10:47:32.529 7 INFO cinder.api.openstack.wsgi [None req-641931c7-fd33-4691-8fd9-57bcbae84bcd aa4660c3c6a0476eb9b7773d0d1e22b5 d422f6c6cf9d43c694b5c1e70affb764 - - default default] http://cinder-api.openstack.svc.cluster.local:8776/v3/d422f6c6cf9d43c694b5c1e70affb764/volumes/a1ef239a-a2c6-41de-9b13-327218e3524b returned with HTTP 200 [pid: 7|app: 0|req: 362/723] 10.0.0.94 () {32 vars in 774 bytes} [Wed May 6 10:47:32 2026] GET /v3/d422f6c6cf9d43c694b5c1e70affb764/volumes/a1ef239a-a2c6-41de-9b13-327218e3524b => generated 969 bytes in 30 msecs (HTTP/1.1 200) 7 headers in 285 bytes (1 switches on core 0) /var/lib/openstack/lib/python3.12/site-packages/pycadf/identifier.py:70: UserWarning: Invalid uuid: cinderv3. To ensure interoperability, identifiers should be a valid uuid. warnings.warn(('Invalid uuid: %s. To ensure interoperability, '
2026-05-06 10:47:32.549 8 INFO cinder.api.openstack.wsgi [None req-7f38cafd-b2c3-45d9-b8ff-936ffb7ebcf4 aa4660c3c6a0476eb9b7773d0d1e22b5 d422f6c6cf9d43c694b5c1e70affb764 - - default default] GET http://cinder-api.openstack.svc.cluster.local:8776/v3/d422f6c6cf9d43c694b5c1e70affb764/volumes/a1ef239a-a2c6-41de-9b13-327218e3524b /var/lib/openstack/lib/python3.12/site-packages/oslo_context/context.py:101: DeprecationWarning: Policy enforcement is depending on the value of is_admin. This key is deprecated. Please update your policy file to use the standard policy values. warnings.warn(
2026-05-06 10:47:32.566 8 INFO cinder.volume.api [None req-7f38cafd-b2c3-45d9-b8ff-936ffb7ebcf4 aa4660c3c6a0476eb9b7773d0d1e22b5 d422f6c6cf9d43c694b5c1e70affb764 - - default default] Volume info retrieved successfully.
