Jul 14 14:33:38.616270 np0000185153 devstack@neutron-api.service[101923]: DEBUG neutron.plugins.ml2.drivers.ovn.mech_driver.ovsdb.maintenance [-] Touching Hash Ring node "248553a871e4533dad7ac6f559f9722d" from periodic health check thread {{(pid=101923) touch_hash_ring_node /opt/stack/neutron/neutron/plugins/ml2/drivers/ovn/mech_driver/ovsdb/maintenance.py:1417}}
Jul 14 14:33:39.579207 np0000185153 devstack@neutron-api.service[101921]: DEBUG futurist.periodics [-] Submitting periodic callback 'neutron.plugins.ml2.drivers.ovn.mech_driver.ovsdb.maintenance.HashRingHealthCheckPeriodics.touch_hash_ring_node' {{(pid=101921) _process_scheduled /opt/stack/data/venv/lib/python3.12/site-packages/futurist/periodics.py:784}}
Jul 14 14:33:39.579952 np0000185153 devstack@neutron-api.service[101921]: DEBUG neutron.plugins.ml2.drivers.ovn.mech_driver.ovsdb.maintenance [-] Touching Hash Ring node "17be8d13e8ab5e529d5dd8c63f22dd14" from periodic health check thread {{(pid=101921) touch_hash_ring_node /opt/stack/neutron/neutron/plugins/ml2/drivers/ovn/mech_driver/ovsdb/maintenance.py:1417}}
Jul 14 14:33:39.597294 np0000185153 devstack@neutron-api.service[101919]: DEBUG futurist.periodics [-] Submitting periodic callback 'neutron.plugins.ml2.drivers.ovn.mech_driver.ovsdb.maintenance.HashRingHealthCheckPeriodics.touch_hash_ring_node' {{(pid=101919) _process_scheduled /opt/stack/data/venv/lib/python3.12/site-packages/futurist/periodics.py:784}}
Jul 14 14:33:39.597885 np0000185153 devstack@neutron-api.service[101919]: DEBUG neutron.plugins.ml2.drivers.ovn.mech_driver.ovsdb.maintenance [-] Touching Hash Ring node "6ad54e9e8c675b20aa27a987c88f11bc" from periodic health check thread {{(pid=101919) touch_hash_ring_node /opt/stack/neutron/neutron/plugins/ml2/drivers/ovn/mech_driver/ovsdb/maintenance.py:1417}}
Jul 14 14:33:39.659620 np0000185153 devstack@neutron-api.service[101922]: DEBUG futurist.periodics [-] Submitting periodic callback 'neutron.plugins.ml2.drivers.ovn.mech_driver.ovsdb.maintenance.HashRingHealthCheckPeriodics.touch_hash_ring_node' {{(pid=101922) _process_scheduled /opt/stack/data/venv/lib/python3.12/site-packages/futurist/periodics.py:784}}
Jul 14 14:33:39.659991 np0000185153 devstack@neutron-api.service[101922]: DEBUG neutron.plugins.ml2.drivers.ovn.mech_driver.ovsdb.maintenance [-] Touching Hash Ring node "5a4c7b93b7c257b2936d00757be03a12" from periodic health check thread {{(pid=101922) touch_hash_ring_node /opt/stack/neutron/neutron/plugins/ml2/drivers/ovn/mech_driver/ovsdb/maintenance.py:1417}}
Jul 14 14:33:48.643184 np0000185153 devstack@neutron-api.service[101923]: DEBUG dbcounter [-] [101923] Writing DB stats neutron:UPDATE=1,neutron:SELECT=1 {{(pid=101923) stat_writer /opt/stack/data/venv/lib/python3.12/site-packages/dbcounter.py:115}}
Jul 14 14:33:49.590576 np0000185153 devstack@neutron-api.service[101921]: DEBUG dbcounter [-] [101921] Writing DB stats neutron:UPDATE=1,neutron:SELECT=1 {{(pid=101921) stat_writer /opt/stack/data/venv/lib/python3.12/site-packages/dbcounter.py:115}}
Jul 14 14:33:49.608309 np0000185153 devstack@neutron-api.service[101919]: DEBUG dbcounter [-] [101919] Writing DB stats neutron:UPDATE=1,neutron:SELECT=1 {{(pid=101919) stat_writer /opt/stack/data/venv/lib/python3.12/site-packages/dbcounter.py:115}}
Jul 14 14:33:49.670189 np0000185153 devstack@neutron-api.service[101922]: DEBUG dbcounter [-] [101922] Writing DB stats neutron:UPDATE=1,neutron:SELECT=1 {{(pid=101922) stat_writer /opt/stack/data/venv/lib/python3.12/site-packages/dbcounter.py:115}}
Jul 14 14:33:53.616441 np0000185153 devstack@neutron-api.service[101923]: DEBUG futurist.periodics [-] Submitting periodic callback 'neutron.plugins.ml2.drivers.ovn.mech_driver.ovsdb.maintenance.HashRingHealthCheckPeriodics.touch_hash_ring_node' {{(pid=101923) _process_scheduled /opt/stack/data/venv/lib/python3.12/site-packages/futurist/periodics.py:784}}
Jul 14 14:33:53.617338 np0000185153 devstack@neutron-api.service[101923]: DEBUG neutron.plugins.ml2.drivers.ovn.mech_driver.ovsdb.maintenance [-] Touching Hash Ring node "248553a871e4533dad7ac6f559f9722d" from periodic health check thread {{(pid=101923) touch_hash_ring_node /opt/stack/neutron/neutron/plugins/ml2/drivers/ovn/mech_driver/ovsdb/maintenance.py:1417}}
Jul 14 14:33:54.580021 np0000185153 devstack@neutron-api.service[101921]: DEBUG futurist.periodics [-] Submitting periodic callback 'neutron.plugins.ml2.drivers.ovn.mech_driver.ovsdb.maintenance.HashRingHealthCheckPeriodics.touch_hash_ring_node' {{(pid=101921) _process_scheduled /opt/stack/data/venv/lib/python3.12/site-packages/futurist/periodics.py:784}}
Jul 14 14:33:54.580595 np0000185153 devstack@neutron-api.service[101921]: DEBUG neutron.plugins.ml2.drivers.ovn.mech_driver.ovsdb.maintenance [-] Touching Hash Ring node "17be8d13e8ab5e529d5dd8c63f22dd14" from periodic health check thread {{(pid=101921) touch_hash_ring_node /opt/stack/neutron/neutron/plugins/ml2/drivers/ovn/mech_driver/ovsdb/maintenance.py:1417}}
Jul 14 14:33:54.597845 np0000185153 devstack@neutron-api.service[101919]: DEBUG futurist.periodics [-] Submitting periodic callback 'neutron.plugins.ml2.drivers.ovn.mech_driver.ovsdb.maintenance.HashRingHealthCheckPeriodics.touch_hash_ring_node' {{(pid=101919) _process_scheduled /opt/stack/data/venv/lib/python3.12/site-packages/futurist/periodics.py:784}}
Jul 14 14:33:54.598380 np0000185153 devstack@neutron-api.service[101919]: DEBUG neutron.plugins.ml2.drivers.ovn.mech_driver.ovsdb.maintenance [-] Touching Hash Ring node "6ad54e9e8c675b20aa27a987c88f11bc" from periodic health check thread {{(pid=101919) touch_hash_ring_node /opt/stack/neutron/neutron/plugins/ml2/drivers/ovn/mech_driver/ovsdb/maintenance.py:1417}}
Jul 14 14:33:54.660471 np0000185153 devstack@neutron-api.service[101922]: DEBUG futurist.periodics [-] Submitting periodic callback 'neutron.plugins.ml2.drivers.ovn.mech_driver.ovsdb.maintenance.HashRingHealthCheckPeriodics.touch_hash_ring_node' {{(pid=101922) _process_scheduled /opt/stack/data/venv/lib/python3.12/site-packages/futurist/periodics.py:784}}
Jul 14 14:33:54.661076 np0000185153 devstack@neutron-api.service[101922]: DEBUG neutron.plugins.ml2.drivers.ovn.mech_driver.ovsdb.maintenance [-] Touching Hash Ring node "5a4c7b93b7c257b2936d00757be03a12" from periodic health check thread {{(pid=101922) touch_hash_ring_node /opt/stack/neutron/neutron/plugins/ml2/drivers/ovn/mech_driver/ovsdb/maintenance.py:1417}}
Jul 14 14:34:00.628814 np0000185153 devstack@neutron-api.service[101919]: /opt/stack/neutron/neutron/extensions/quotasv2.py:134: UserWarning: "--check-limit" parameter is no longer needed since Epoxy (2025.1) release. By default, Neutron quota engine checks the resource usage before updating the limits
Jul 14 14:34:00.628814 np0000185153 devstack@neutron-api.service[101919]: warnings.warn('"--check-limit" parameter is no longer needed '
Jul 14 14:34:00.629369 np0000185153 devstack@neutron-api.service[101919]: DEBUG neutron.api.v2.base [None req-84fe8788-128e-49f9-b061-b29912954c12 admin admin] Request body: {'quota': {'security_group': 100}} {{(pid=101919) prepare_request_body /opt/stack/neutron/neutron/api/v2/base.py:727}}
Jul 14 14:34:00.651145 np0000185153 devstack@neutron-api.service[101919]: [pid: 101919|app: 0|req: 22/88] 199.204.45.116 () {68 vars in 1449 bytes} [Tue Jul 14 14:34:00 2026] PUT /networking/v2.0/quotas/e7f7df1f9fb14d529f8c1e33de4617ec => generated 195 bytes in 29 msecs (HTTP/1.1 200) 4 headers in 157 bytes (1 switches on core 0)
Jul 14 14:34:00.927987 np0000185153 devstack@neutron-api.service[101922]: /opt/stack/neutron/neutron/extensions/quotasv2.py:134: UserWarning: "--check-limit" parameter is no longer needed since Epoxy (2025.1) release. By default, Neutron quota engine checks the resource usage before updating the limits
Jul 14 14:34:00.927987 np0000185153 devstack@neutron-api.service[101922]: warnings.warn('"--check-limit" parameter is no longer needed '
Jul 14 14:34:00.928768 np0000185153 devstack@neutron-api.service[101922]: DEBUG neutron.api.v2.base [None req-c3b9e5d5-29f0-4a17-adfa-96c14a24e3a1 admin admin] Request body: {'quota': {'security_group_rule': 1000}} {{(pid=101922) prepare_request_body /opt/stack/neutron/neutron/api/v2/base.py:727}}
Jul 14 14:34:00.949813 np0000185153 devstack@neutron-api.service[101922]: [pid: 101922|app: 0|req: 22/89] 199.204.45.116 () {68 vars in 1449 bytes} [Tue Jul 14 14:34:00 2026] PUT /networking/v2.0/quotas/e7f7df1f9fb14d529f8c1e33de4617ec => generated 196 bytes in 28 msecs (HTTP/1.1 200) 4 headers in 157 bytes (1 switches on core 0)
Jul 14 14:34:03.629431 np0000185153 devstack@neutron-api.service[101923]: DEBUG dbcounter [-] [101923] Writing DB stats neutron:UPDATE=1,neutron:SELECT=1 {{(pid=101923) stat_writer /opt/stack/data/venv/lib/python3.12/site-packages/dbcounter.py:115}}
Jul 14 14:34:04.591439 np0000185153 devstack@neutron-api.service[101921]: DEBUG dbcounter [-] [101921] Writing DB stats neutron:UPDATE=1,neutron:SELECT=1 {{(pid=101921) stat_writer /opt/stack/data/venv/lib/python3.12/site-packages/dbcounter.py:115}}
Jul 14 14:34:08.617672 np0000185153 devstack@neutron-api.service[101923]: DEBUG futurist.periodics [-] Submitting periodic callback 'neutron.plugins.ml2.drivers.ovn.mech_driver.ovsdb.maintenance.HashRingHealthCheckPeriodics.touch_hash_ring_node' {{(pid=101923) _process_scheduled /opt/stack/data/venv/lib/python3.12/site-packages/futurist/periodics.py:784}}
Jul 14 14:34:08.618336 np0000185153 devstack@neutron-api.service[101923]: DEBUG neutron.plugins.ml2.drivers.ovn.mech_driver.ovsdb.maintenance [-] Touching Hash Ring node "248553a871e4533dad7ac6f559f9722d" from periodic health check thread {{(pid=101923) touch_hash_ring_node /opt/stack/neutron/neutron/plugins/ml2/drivers/ovn/mech_driver/ovsdb/maintenance.py:1417}}
Jul 14 14:34:09.581044 np0000185153 devstack@neutron-api.service[101921]: DEBUG futurist.periodics [-] Submitting periodic callback 'neutron.plugins.ml2.drivers.ovn.mech_driver.ovsdb.maintenance.HashRingHealthCheckPeriodics.touch_hash_ring_node' {{(pid=101921) _process_scheduled /opt/stack/data/venv/lib/python3.12/site-packages/futurist/periodics.py:784}}
Jul 14 14:34:09.581641 np0000185153 devstack@neutron-api.service[101921]: DEBUG neutron.plugins.ml2.drivers.ovn.mech_driver.ovsdb.maintenance [-] Touching Hash Ring node "17be8d13e8ab5e529d5dd8c63f22dd14" from periodic health check thread {{(pid=101921) touch_hash_ring_node /opt/stack/neutron/neutron/plugins/ml2/drivers/ovn/mech_driver/ovsdb/maintenance.py:1417}}
Jul 14 14:34:09.598445 np0000185153 devstack@neutron-api.service[101919]: DEBUG futurist.periodics [-] Submitting periodic callback 'neutron.plugins.ml2.drivers.ovn.mech_driver.ovsdb.maintenance.HashRingHealthCheckPeriodics.touch_hash_ring_node' {{(pid=101919) _process_scheduled /opt/stack/data/venv/lib/python3.12/site-packages/futurist/periodics.py:784}}
Jul 14 14:34:09.600030 np0000185153 devstack@neutron-api.service[101919]: DEBUG neutron.plugins.ml2.drivers.ovn.mech_driver.ovsdb.maintenance [-] Touching Hash Ring node "6ad54e9e8c675b20aa27a987c88f11bc" from periodic health check thread {{(pid=101919) touch_hash_ring_node /opt/stack/neutron/neutron/plugins/ml2/drivers/ovn/mech_driver/ovsdb/maintenance.py:1417}}
Jul 14 14:34:09.661277 np0000185153 devstack@neutron-api.service[101922]: DEBUG futurist.periodics [-] Submitting periodic callback 'neutron.plugins.ml2.drivers.ovn.mech_driver.ovsdb.maintenance.HashRingHealthCheckPeriodics.touch_hash_ring_node' {{(pid=101922) _process_scheduled /opt/stack/data/venv/lib/python3.12/site-packages/futurist/periodics.py:784}}
Jul 14 14:34:09.662011 np0000185153 devstack@neutron-api.service[101922]: DEBUG neutron.plugins.ml2.drivers.ovn.mech_driver.ovsdb.maintenance [-] Touching Hash Ring node "5a4c7b93b7c257b2936d00757be03a12" from periodic health check thread {{(pid=101922) touch_hash_ring_node /opt/stack/neutron/neutron/plugins/ml2/drivers/ovn/mech_driver/ovsdb/maintenance.py:1417}}
Jul 14 14:34:14.908475 np0000185153 devstack@neutron-api.service[101923]: DEBUG neutron.pecan_wsgi.hooks.policy_enforcement [None req-85951b7e-c4aa-4d06-bbf6-9d1a092e046b admin admin] Attributes excluded by policy engine: ['standard_attr_id'] {{(pid=101923) _exclude_attributes_by_policy /opt/stack/neutron/neutron/pecan_wsgi/hooks/policy_enforcement.py:259}}
Jul 14 14:34:14.911042 np0000185153 devstack@neutron-api.service[101923]: [pid: 101923|app: 0|req: 24/90] 199.204.45.116 () {64 vars in 1378 bytes} [Tue Jul 14 14:34:14 2026] GET /networking/v2.0/ports?device_owner=network%3Adistributed => generated 1650 bytes in 108 msecs (HTTP/1.1 200) 4 headers in 158 bytes (1 switches on core 0)
Jul 14 14:34:15.100635 np0000185153 devstack@neutron-api.service[101923]: DEBUG neutron.common.ovn.hash_ring_manager [None req-d5a28707-2495-49a3-96fe-36989b57c52a None None] Hash Ring loaded. 4 active nodes. 0 offline nodes {{(pid=101923) _load_hash_ring /opt/stack/neutron/neutron/common/ovn/hash_ring_manager.py:110}}
Jul 14 14:34:15.101351 np0000185153 devstack@neutron-api.service[101922]: DEBUG neutron.common.ovn.hash_ring_manager [None req-0efdce49-0fba-4859-8557-21341c858506 None None] Hash Ring loaded. 4 active nodes. 0 offline nodes {{(pid=101922) _load_hash_ring /opt/stack/neutron/neutron/common/ovn/hash_ring_manager.py:110}}
Jul 14 14:34:15.101680 np0000185153 devstack@neutron-api.service[101919]: DEBUG neutron.common.ovn.hash_ring_manager [None req-5724d256-6d13-425e-8e23-2fe6dde83492 None None] Hash Ring loaded. 4 active nodes. 0 offline nodes {{(pid=101919) _load_hash_ring /opt/stack/neutron/neutron/common/ovn/hash_ring_manager.py:110}}
Jul 14 14:34:15.101885 np0000185153 devstack@neutron-api.service[101921]: DEBUG neutron.common.ovn.hash_ring_manager [None req-3d546084-f866-401d-a885-b48057213c0e None None] Hash Ring loaded. 4 active nodes. 0 offline nodes {{(pid=101921) _load_hash_ring /opt/stack/neutron/neutron/common/ovn/hash_ring_manager.py:110}}
Jul 14 14:34:15.101885 np0000185153 devstack@neutron-api.service[101921]: DEBUG neutron.plugins.ml2.drivers.ovn.mech_driver.ovsdb.ovsdb_monitor [None req-3d546084-f866-401d-a885-b48057213c0e None None] Hash Ring: Node 17be8d13e8ab5e529d5dd8c63f22dd14 (host: np0000185153) handling event "update" for row 312bb4f4-fa5c-41c4-8d2b-95d7f0db00f1 (table: Connection) {{(pid=101921) notify /opt/stack/neutron/neutron/plugins/ml2/drivers/ovn/mech_driver/ovsdb/ovsdb_monitor.py:1009}}
Jul 14 14:34:23.618417 np0000185153 devstack@neutron-api.service[101923]: DEBUG futurist.periodics [-] Submitting periodic callback 'neutron.plugins.ml2.drivers.ovn.mech_driver.ovsdb.maintenance.HashRingHealthCheckPeriodics.touch_hash_ring_node' {{(pid=101923) _process_scheduled /opt/stack/data/venv/lib/python3.12/site-packages/futurist/periodics.py:784}}
Jul 14 14:34:23.619161 np0000185153 devstack@neutron-api.service[101923]: DEBUG neutron.plugins.ml2.drivers.ovn.mech_driver.ovsdb.maintenance [-] Touching Hash Ring node "248553a871e4533dad7ac6f559f9722d" from periodic health check thread {{(pid=101923) touch_hash_ring_node /opt/stack/neutron/neutron/plugins/ml2/drivers/ovn/mech_driver/ovsdb/maintenance.py:1417}}
Jul 14 14:34:24.581782 np0000185153 devstack@neutron-api.service[101921]: DEBUG futurist.periodics [-] Submitting periodic callback 'neutron.plugins.ml2.drivers.ovn.mech_driver.ovsdb.maintenance.HashRingHealthCheckPeriodics.touch_hash_ring_node' {{(pid=101921) _process_scheduled /opt/stack/data/venv/lib/python3.12/site-packages/futurist/periodics.py:784}}
Jul 14 14:34:24.582351 np0000185153 devstack@neutron-api.service[101921]: DEBUG neutron.plugins.ml2.drivers.ovn.mech_driver.ovsdb.maintenance [-] Touching Hash Ring node "17be8d13e8ab5e529d5dd8c63f22dd14" from periodic health check thread {{(pid=101921) touch_hash_ring_node /opt/stack/neutron/neutron/plugins/ml2/drivers/ovn/mech_driver/ovsdb/maintenance.py:1417}}
Jul 14 14:34:24.600297 np0000185153 devstack@neutron-api.service[101919]: DEBUG futurist.periodics [-] Submitting periodic callback 'neutron.plugins.ml2.drivers.ovn.mech_driver.ovsdb.maintenance.HashRingHealthCheckPeriodics.touch_hash_ring_node' {{(pid=101919) _process_scheduled /opt/stack/data/venv/lib/python3.12/site-packages/futurist/periodics.py:784}}
Jul 14 14:34:24.602937 np0000185153 devstack@neutron-api.service[101919]: DEBUG neutron.plugins.ml2.drivers.ovn.mech_driver.ovsdb.maintenance [-] Touching Hash Ring node "6ad54e9e8c675b20aa27a987c88f11bc" from periodic health check thread {{(pid=101919) touch_hash_ring_node /opt/stack/neutron/neutron/plugins/ml2/drivers/ovn/mech_driver/ovsdb/maintenance.py:1417}}
Jul 14 14:34:24.662260 np0000185153 devstack@neutron-api.service[101922]: DEBUG futurist.periodics [-] Submitting periodic callback 'neutron.plugins.ml2.drivers.ovn.mech_driver.ovsdb.maintenance.HashRingHealthCheckPeriodics.touch_hash_ring_node' {{(pid=101922) _process_scheduled /opt/stack/data/venv/lib/python3.12/site-packages/futurist/periodics.py:784}}
Jul 14 14:34:24.663369 np0000185153 devstack@neutron-api.service[101922]: DEBUG neutron.plugins.ml2.drivers.ovn.mech_driver.ovsdb.maintenance [-] Touching Hash Ring node "5a4c7b93b7c257b2936d00757be03a12" from periodic health check thread {{(pid=101922) touch_hash_ring_node /opt/stack/neutron/neutron/plugins/ml2/drivers/ovn/mech_driver/ovsdb/maintenance.py:1417}}
Jul 14 14:34:26.229282 np0000185153 devstack@neutron-api.service[101921]: INFO neutron.pecan_wsgi.hooks.translation [None req-e7190247-f99b-4d50-87fc-4e5a1a4086bc admin admin] GET failed (client error): The resource could not be found.
Jul 14 14:34:26.230011 np0000185153 devstack@neutron-api.service[101921]: [pid: 101921|app: 0|req: 23/91] 199.204.45.116 () {64 vars in 1334 bytes} [Tue Jul 14 14:34:26 2026] GET /networking/v2.0/networks/admin_net => generated 111 bytes in 9 msecs (HTTP/1.1 404) 4 headers in 164 bytes (1 switches on core 0)
Jul 14 14:34:26.259947 np0000185153 devstack@neutron-api.service[101919]: [pid: 101919|app: 0|req: 23/92] 199.204.45.116 () {64 vars in 1346 bytes} [Tue Jul 14 14:34:26 2026] GET /networking/v2.0/networks?name=admin_net => generated 15 bytes in 19 msecs (HTTP/1.1 200) 4 headers in 156 bytes (1 switches on core 0)
Jul 14 14:34:26.500097 np0000185153 devstack@neutron-api.service[101922]: DEBUG neutron.api.v2.base [None req-5ad2710c-3972-45b6-8ccc-53aa706e9463 admin admin] Request body: {'network': {'admin_state_up': True, 'name': 'admin_net', 'project_id': 'a52c6d390f7249068d8e303961c5bed0'}} {{(pid=101922) prepare_request_body /opt/stack/neutron/neutron/api/v2/base.py:727}}
Jul 14 14:34:26.516314 np0000185153 devstack@neutron-api.service[101922]: DEBUG neutron.pecan_wsgi.hooks.quota_enforcement [None req-5ad2710c-3972-45b6-8ccc-53aa706e9463 admin admin] Made reservation on behalf of a52c6d390f7249068d8e303961c5bed0 for: {'network': 1} {{(pid=101922) before /opt/stack/neutron/neutron/pecan_wsgi/hooks/quota_enforcement.py:66}}
Jul 14 14:34:26.519400 np0000185153 devstack@neutron-api.service[101922]: DEBUG neutron_lib.callbacks.manager [None req-5ad2710c-3972-45b6-8ccc-53aa706e9463 admin admin] Publish callbacks ['neutron.plugins.ml2.plugin.SecurityGroupDbMixin._ensure_default_security_group_handler-832556'] for network (None), before_create {{(pid=101922) _notify_loop /opt/stack/data/venv/lib/python3.12/site-packages/neutron_lib/callbacks/manager.py:184}}
Jul 14 14:34:26.524159 np0000185153 devstack@neutron-api.service[101922]: DEBUG neutron_lib.callbacks.manager [None req-5ad2710c-3972-45b6-8ccc-53aa706e9463 admin admin] Publish callbacks [] for security_group (None), before_create {{(pid=101922) _notify_loop /opt/stack/data/venv/lib/python3.12/site-packages/neutron_lib/callbacks/manager.py:184}}
Jul 14 14:34:26.592577 np0000185153 devstack@neutron-api.service[101922]: DEBUG neutron_lib.callbacks.manager [None req-5ad2710c-3972-45b6-8ccc-53aa706e9463 admin admin] Publish callbacks ['neutron.plugins.ml2.drivers.ovn.mech_driver.mech_driver.OVNMechanismDriver._create_security_group_precommit-1832939'] for security_group (dba4bf09-fc99-4940-bb37-616a62644b8f), precommit_create {{(pid=101922) _notify_loop /opt/stack/data/venv/lib/python3.12/site-packages/neutron_lib/callbacks/manager.py:184}}
Jul 14 14:34:26.592814 np0000185153 devstack@neutron-api.service[101922]: DEBUG neutron.db.ovn_revision_numbers_db [None req-5ad2710c-3972-45b6-8ccc-53aa706e9463 admin admin] create_initial_revision uuid=dba4bf09-fc99-4940-bb37-616a62644b8f, type=security_groups, rev=-1 {{(pid=101922) create_initial_revision /opt/stack/neutron/neutron/db/ovn_revision_numbers_db.py:98}}
Jul 14 14:34:26.594386 np0000185153 devstack@neutron-api.service[101922]: DEBUG neutron.db.ovn_revision_numbers_db [None req-5ad2710c-3972-45b6-8ccc-53aa706e9463 admin admin] create_initial_revision uuid=2fe21eb6-f5c8-47b6-8179-ff9f16123c65, type=security_group_rules, rev=-1 {{(pid=101922) create_initial_revision /opt/stack/neutron/neutron/db/ovn_revision_numbers_db.py:98}}
Jul 14 14:34:26.595757 np0000185153 devstack@neutron-api.service[101922]: DEBUG neutron.db.ovn_revision_numbers_db [None req-5ad2710c-3972-45b6-8ccc-53aa706e9463 admin admin] create_initial_revision uuid=4856491d-5c31-47b2-8ed3-900fb46f0164, type=security_group_rules, rev=-1 {{(pid=101922) create_initial_revision /opt/stack/neutron/neutron/db/ovn_revision_numbers_db.py:98}}
Jul 14 14:34:26.597145 np0000185153 devstack@neutron-api.service[101922]: DEBUG neutron.db.ovn_revision_numbers_db [None req-5ad2710c-3972-45b6-8ccc-53aa706e9463 admin admin] create_initial_revision uuid=9d743d31-1563-4233-9ffd-607bcff75b12, type=security_group_rules, rev=-1 {{(pid=101922) create_initial_revision /opt/stack/neutron/neutron/db/ovn_revision_numbers_db.py:98}}
Jul 14 14:34:26.598406 np0000185153 devstack@neutron-api.service[101922]: DEBUG neutron.db.ovn_revision_numbers_db [None req-5ad2710c-3972-45b6-8ccc-53aa706e9463 admin admin] create_initial_revision uuid=e9c8baf2-2310-4a81-a3b7-6134606a2319, type=security_group_rules, rev=-1 {{(pid=101922) create_initial_revision /opt/stack/neutron/neutron/db/ovn_revision_numbers_db.py:98}}
Jul 14 14:34:26.605320 np0000185153 devstack@neutron-api.service[101922]: DEBUG neutron_lib.callbacks.manager [None req-5ad2710c-3972-45b6-8ccc-53aa706e9463 admin admin] Publish callbacks ['neutron.plugins.ml2.drivers.ovn.mech_driver.mech_driver.OVNMechanismDriver._create_security_group-1832929', 'neutron.plugins.ml2.ovo_rpc._ObjectChangeHandler.handle_event-2864507'] for security_group (dba4bf09-fc99-4940-bb37-616a62644b8f), after_create {{(pid=101922) _notify_loop /opt/stack/data/venv/lib/python3.12/site-packages/neutron_lib/callbacks/manager.py:184}}
Jul 14 14:34:26.606371 np0000185153 devstack@neutron-api.service[101922]: DEBUG ovsdbapp.backend.ovs_idl.transaction [None req-0efdce49-0fba-4859-8557-21341c858506 None None] Running txn n=1 command(idx=0): PgAddCommand(_result=None, name=pg_dba4bf09_fc99_4940_bb37_616a62644b8f, may_exist=False, columns={'acls': [], 'external_ids': {'neutron:security_group_id': 'dba4bf09-fc99-4940-bb37-616a62644b8f'}}) {{(pid=101922) do_commit /opt/stack/data/venv/lib/python3.12/site-packages/ovsdbapp/backend/ovs_idl/transaction.py:89}}
Jul 14 14:34:26.606738 np0000185153 devstack@neutron-api.service[101922]: DEBUG ovsdbapp.backend.ovs_idl.transaction [None req-0efdce49-0fba-4859-8557-21341c858506 None None] Running txn n=1 command(idx=1): PgAclAddCommand(_result=None, entity=pg_dba4bf09_fc99_4940_bb37_616a62644b8f, direction=to-lport, priority=1002, match=outport == @pg_dba4bf09_fc99_4940_bb37_616a62644b8f && ip4 && ip4.src == $pg_dba4bf09_fc99_4940_bb37_616a62644b8f_ip4, action=allow-related, log=False, may_exist=True, severity=[], name=[], meter=[], external_ids={'neutron:security_group_rule_id': '2fe21eb6-f5c8-47b6-8179-ff9f16123c65'}) {{(pid=101922) do_commit /opt/stack/data/venv/lib/python3.12/site-packages/ovsdbapp/backend/ovs_idl/transaction.py:89}}
Jul 14 14:34:26.607120 np0000185153 devstack@neutron-api.service[101922]: DEBUG ovsdbapp.backend.ovs_idl.transaction [None req-0efdce49-0fba-4859-8557-21341c858506 None None] Running txn n=1 command(idx=2): PgAclAddCommand(_result=None, entity=pg_dba4bf09_fc99_4940_bb37_616a62644b8f, direction=to-lport, priority=1002, match=outport == @pg_dba4bf09_fc99_4940_bb37_616a62644b8f && ip6 && ip6.src == $pg_dba4bf09_fc99_4940_bb37_616a62644b8f_ip6, action=allow-related, log=False, may_exist=True, severity=[], name=[], meter=[], external_ids={'neutron:security_group_rule_id': '4856491d-5c31-47b2-8ed3-900fb46f0164'}) {{(pid=101922) do_commit /opt/stack/data/venv/lib/python3.12/site-packages/ovsdbapp/backend/ovs_idl/transaction.py:89}}
Jul 14 14:34:26.607408 np0000185153 devstack@neutron-api.service[101922]: DEBUG ovsdbapp.backend.ovs_idl.transaction [None req-0efdce49-0fba-4859-8557-21341c858506 None None] Running txn n=1 command(idx=3): PgAclAddCommand(_result=None, entity=pg_dba4bf09_fc99_4940_bb37_616a62644b8f, direction=from-lport, priority=1002, match=inport == @pg_dba4bf09_fc99_4940_bb37_616a62644b8f && ip6, action=allow-related, log=False, may_exist=True, severity=[], name=[], meter=[], external_ids={'neutron:security_group_rule_id': '9d743d31-1563-4233-9ffd-607bcff75b12'}) {{(pid=101922) do_commit /opt/stack/data/venv/lib/python3.12/site-packages/ovsdbapp/backend/ovs_idl/transaction.py:89}}
Jul 14 14:34:26.607686 np0000185153 devstack@neutron-api.service[101922]: DEBUG ovsdbapp.backend.ovs_idl.transaction [None req-0efdce49-0fba-4859-8557-21341c858506 None None] Running txn n=1 command(idx=4): PgAclAddCommand(_result=None, entity=pg_dba4bf09_fc99_4940_bb37_616a62644b8f, direction=from-lport, priority=1002, match=inport == @pg_dba4bf09_fc99_4940_bb37_616a62644b8f && ip4, action=allow-related, log=False, may_exist=True, severity=[], name=[], meter=[], external_ids={'neutron:security_group_rule_id': 'e9c8baf2-2310-4a81-a3b7-6134606a2319'}) {{(pid=101922) do_commit /opt/stack/data/venv/lib/python3.12/site-packages/ovsdbapp/backend/ovs_idl/transaction.py:89}}
Jul 14 14:34:26.614453 np0000185153 devstack@neutron-api.service[101922]: DEBUG neutron.plugins.ml2.drivers.ovn.mech_driver.ovsdb.ovsdb_monitor [None req-0efdce49-0fba-4859-8557-21341c858506 None None] Touching Hash Ring node "5a4c7b93b7c257b2936d00757be03a12" from IDL notify handler {{(pid=101922) notify /opt/stack/neutron/neutron/plugins/ml2/drivers/ovn/mech_driver/ovsdb/ovsdb_monitor.py:1001}}
Jul 14 14:34:26.616531 np0000185153 devstack@neutron-api.service[101923]: DEBUG neutron.plugins.ml2.drivers.ovn.mech_driver.ovsdb.ovsdb_monitor [None req-d5a28707-2495-49a3-96fe-36989b57c52a None None] Touching Hash Ring node "248553a871e4533dad7ac6f559f9722d" from IDL notify handler {{(pid=101923) notify /opt/stack/neutron/neutron/plugins/ml2/drivers/ovn/mech_driver/ovsdb/ovsdb_monitor.py:1001}}
Jul 14 14:34:26.619987 np0000185153 devstack@neutron-api.service[101921]: DEBUG neutron.plugins.ml2.drivers.ovn.mech_driver.ovsdb.ovsdb_monitor [None req-3d546084-f866-401d-a885-b48057213c0e None None] Touching Hash Ring node "17be8d13e8ab5e529d5dd8c63f22dd14" from IDL notify handler {{(pid=101921) notify /opt/stack/neutron/neutron/plugins/ml2/drivers/ovn/mech_driver/ovsdb/ovsdb_monitor.py:1001}}
Jul 14 14:34:26.620790 np0000185153 devstack@neutron-api.service[101922]: DEBUG neutron.plugins.ml2.drivers.ovn.mech_driver.ovsdb.ovsdb_monitor [None req-0efdce49-0fba-4859-8557-21341c858506 None None] Hash Ring: Node 5a4c7b93b7c257b2936d00757be03a12 (host: np0000185153) handling event "create" for row aaf727ff-7c03-46ff-a627-110efc09bc70 (table: ACL) {{(pid=101922) notify /opt/stack/neutron/neutron/plugins/ml2/drivers/ovn/mech_driver/ovsdb/ovsdb_monitor.py:1009}}
Jul 14 14:34:26.624895 np0000185153 devstack@neutron-api.service[101923]: DEBUG neutron.plugins.ml2.drivers.ovn.mech_driver.ovsdb.ovsdb_monitor [None req-d5a28707-2495-49a3-96fe-36989b57c52a None None] Hash Ring: Node 248553a871e4533dad7ac6f559f9722d (host: np0000185153) handling event "create" for row cabbebc7-a24e-4429-89a9-84b682d87e0c (table: ACL) {{(pid=101923) notify /opt/stack/neutron/neutron/plugins/ml2/drivers/ovn/mech_driver/ovsdb/ovsdb_monitor.py:1009}}
Jul 14 14:34:26.626273 np0000185153 devstack@neutron-api.service[101921]: DEBUG neutron.plugins.ml2.drivers.ovn.mech_driver.ovsdb.ovsdb_monitor [None req-3d546084-f866-401d-a885-b48057213c0e None None] Hash Ring: Node 17be8d13e8ab5e529d5dd8c63f22dd14 (host: np0000185153) handling event "create" for row 882ff1c2-deff-4125-b646-185412c32f12 (table: ACL) {{(pid=101921) notify /opt/stack/neutron/neutron/plugins/ml2/drivers/ovn/mech_driver/ovsdb/ovsdb_monitor.py:1009}}
Jul 14 14:34:26.627781 np0000185153 devstack@neutron-api.service[101921]: DEBUG neutron.plugins.ml2.drivers.ovn.mech_driver.ovsdb.ovsdb_monitor [None req-3d546084-f866-401d-a885-b48057213c0e None None] Touching Hash Ring node "17be8d13e8ab5e529d5dd8c63f22dd14" from IDL notify handler {{(pid=101921) notify /opt/stack/neutron/neutron/plugins/ml2/drivers/ovn/mech_driver/ovsdb/ovsdb_monitor.py:1001}}
Jul 14 14:34:26.630203 np0000185153 devstack@neutron-api.service[101921]: DEBUG neutron.plugins.ml2.drivers.ovn.mech_driver.ovsdb.ovsdb_monitor [None req-3d546084-f866-401d-a885-b48057213c0e None None] Hash Ring: Node 17be8d13e8ab5e529d5dd8c63f22dd14 (host: np0000185153) handling event "create" for row fc14b8ae-ad7d-4fe0-be86-7ccefc8e6361 (table: ACL) {{(pid=101921) notify /opt/stack/neutron/neutron/plugins/ml2/drivers/ovn/mech_driver/ovsdb/ovsdb_monitor.py:1009}}
Jul 14 14:34:26.631355 np0000185153 devstack@neutron-api.service[101921]: DEBUG neutron.plugins.ml2.drivers.ovn.mech_driver.ovsdb.ovsdb_monitor [None req-3d546084-f866-401d-a885-b48057213c0e None None] Touching Hash Ring node "17be8d13e8ab5e529d5dd8c63f22dd14" from IDL notify handler {{(pid=101921) notify /opt/stack/neutron/neutron/plugins/ml2/drivers/ovn/mech_driver/ovsdb/ovsdb_monitor.py:1001}}
Jul 14 14:34:26.633801 np0000185153 devstack@neutron-api.service[101921]: DEBUG neutron.plugins.ml2.drivers.ovn.mech_driver.ovsdb.ovsdb_monitor [None req-3d546084-f866-401d-a885-b48057213c0e None None] Hash Ring: Node 17be8d13e8ab5e529d5dd8c63f22dd14 (host: np0000185153) handling event "create" for row 2fa371fb-698e-43d0-b784-983de437fec9 (table: Port_Group) {{(pid=101921) notify /opt/stack/neutron/neutron/plugins/ml2/drivers/ovn/mech_driver/ovsdb/ovsdb_monitor.py:1009}}
Jul 14 14:34:26.639521 np0000185153 devstack@neutron-api.service[101922]: INFO neutron.db.ovn_revision_numbers_db [None req-5ad2710c-3972-45b6-8ccc-53aa706e9463 admin admin] Successfully bumped revision number for resource dba4bf09-fc99-4940-bb37-616a62644b8f (type: security_groups) to 1
Jul 14 14:34:26.652442 np0000185153 devstack@neutron-api.service[101922]: INFO neutron.db.ovn_revision_numbers_db [None req-5ad2710c-3972-45b6-8ccc-53aa706e9463 admin admin] Successfully bumped revision number for resource 2fe21eb6-f5c8-47b6-8179-ff9f16123c65 (type: security_group_rules) to 0
Jul 14 14:34:26.669553 np0000185153 devstack@neutron-api.service[101922]: INFO neutron.db.ovn_revision_numbers_db [None req-5ad2710c-3972-45b6-8ccc-53aa706e9463 admin admin] Successfully bumped revision number for resource 4856491d-5c31-47b2-8ed3-900fb46f0164 (type: security_group_rules) to 0
Jul 14 14:34:26.682838 np0000185153 devstack@neutron-api.service[101922]: INFO neutron.db.ovn_revision_numbers_db [None req-5ad2710c-3972-45b6-8ccc-53aa706e9463 admin admin] Successfully bumped revision number for resource 9d743d31-1563-4233-9ffd-607bcff75b12 (type: security_group_rules) to 0
Jul 14 14:34:26.696188 np0000185153 devstack@neutron-api.service[101922]: INFO neutron.db.ovn_revision_numbers_db [None req-5ad2710c-3972-45b6-8ccc-53aa706e9463 admin admin] Successfully bumped revision number for resource e9c8baf2-2310-4a81-a3b7-6134606a2319 (type: security_group_rules) to 0
Jul 14 14:34:26.725348 np0000185153 devstack@neutron-api.service[101922]: DEBUG neutron.api.rpc.handlers.resources_rpc [None req-5ad2710c-3972-45b6-8ccc-53aa706e9463 admin admin] Pushing event updated for resources: {'SecurityGroup': ['ID=dba4bf09-fc99-4940-bb37-616a62644b8f,revision_number=1']} {{(pid=101922) push /opt/stack/neutron/neutron/api/rpc/handlers/resources_rpc.py:237}}
Jul 14 14:34:26.730643 np0000185153 devstack@neutron-api.service[101922]: DEBUG ovsdbapp.backend.ovs_idl.transaction [None req-0efdce49-0fba-4859-8557-21341c858506 None None] Running txn n=1 command(idx=0): CheckLivenessCommand(_result=None) {{(pid=101922) do_commit /opt/stack/data/venv/lib/python3.12/site-packages/ovsdbapp/backend/ovs_idl/transaction.py:89}}
Jul 14 14:34:26.734301 np0000185153 devstack@neutron-api.service[101922]: DEBUG neutron.api.rpc.callbacks.version_manager [None req-5ad2710c-3972-45b6-8ccc-53aa706e9463 admin admin] Tracked resource versions report:
Jul 14 14:34:26.734301 np0000185153 devstack@neutron-api.service[101922]: pushed versions:
Jul 14 14:34:26.734301 np0000185153 devstack@neutron-api.service[101922]: { 'AddressGroup': {'1.2'},
Jul 14 14:34:26.734301 np0000185153 devstack@neutron-api.service[101922]: 'Agent': {'1.1'},
Jul 14 14:34:26.734301 np0000185153 devstack@neutron-api.service[101922]: 'ConntrackHelper': {'1.0'},
Jul 14 14:34:26.734301 np0000185153 devstack@neutron-api.service[101922]: 'LocalIPAssociation': {'1.0'},
Jul 14 14:34:26.734301 np0000185153 devstack@neutron-api.service[101922]: 'Log': {'1.0'},
Jul 14 14:34:26.734301 np0000185153 devstack@neutron-api.service[101922]: 'NDPProxy': {'1.0'},
Jul 14 14:34:26.734301 np0000185153 devstack@neutron-api.service[101922]: 'Network': {'1.3'},
Jul 14 14:34:26.734301 np0000185153 devstack@neutron-api.service[101922]: 'Port': {'1.11'},
Jul 14 14:34:26.734301 np0000185153 devstack@neutron-api.service[101922]: 'PortForwarding': {'1.3'},
Jul 14 14:34:26.734301 np0000185153 devstack@neutron-api.service[101922]: 'QosPolicy': {'1.10'},
Jul 14 14:34:26.734301 np0000185153 devstack@neutron-api.service[101922]: 'SecurityGroup': {'1.6'},
Jul 14 14:34:26.734301 np0000185153 devstack@neutron-api.service[101922]: 'SecurityGroupRule': {'1.3'},
Jul 14 14:34:26.734301 np0000185153 devstack@neutron-api.service[101922]: 'SubPort': {'1.0'},
Jul 14 14:34:26.734301 np0000185153 devstack@neutron-api.service[101922]: 'Subnet': {'1.2'},
Jul 14 14:34:26.734301 np0000185153 devstack@neutron-api.service[101922]: 'Trunk': {'1.1'}}
Jul 14 14:34:26.734301 np0000185153 devstack@neutron-api.service[101922]: consumer versions:
Jul 14 14:34:26.734301 np0000185153 devstack@neutron-api.service[101922]: { OVN Controller Gateway agent@np0000185153: {},
Jul 14 14:34:26.734301 np0000185153 devstack@neutron-api.service[101922]: OVN Neutron agent@np0000185153: {}}
Jul 14 14:34:26.734301 np0000185153 devstack@neutron-api.service[101922]: {{(pid=101922) report /opt/stack/neutron/neutron/api/rpc/callbacks/version_manager.py:183}}
Jul 14 14:34:26.735993 np0000185153 devstack@neutron-api.service[101923]: DEBUG neutron.plugins.ml2.drivers.ovn.mech_driver.ovsdb.ovsdb_monitor [None req-d5a28707-2495-49a3-96fe-36989b57c52a None None] Touching Hash Ring node "248553a871e4533dad7ac6f559f9722d" from IDL notify handler {{(pid=101923) notify /opt/stack/neutron/neutron/plugins/ml2/drivers/ovn/mech_driver/ovsdb/ovsdb_monitor.py:1001}}
Jul 14 14:34:26.742306 np0000185153 devstack@neutron-api.service[101923]: DEBUG ovsdbapp.backend.ovs_idl.event [None req-40f771dc-ce26-4d8b-b154-ab14c510c12c None None] Matched UPDATE: ChassisAgentWriteEvent(events=('create', 'update'), table='Chassis_Private', conditions=None, old_conditions=None), priority=20 to row=Chassis_Private(uuid=6a7922cf-df25-4f5d-b678-94afebf0d0d7, chassis=e3c7f874-e346-429d-b659-bad3d897436a, external_ids={'neutron:ovn-bridge': 'br-int', 'neutron:ovn-neutron-agent-id': '0b17918f-d72f-5e37-b9c5-90c763c7dfd2', 'neutron:ovn-neutron-agent-sb-cfg': '2'}, name='8e33a411-74f8-46db-8d86-80dee69087aa', nb_cfg=3, nb_cfg_timestamp=1784039666737) old=Chassis_Private(uuid=6a7922cf-df25-4f5d-b678-94afebf0d0d7, nb_cfg=2, nb_cfg_timestamp=1784039560897) {{(pid=101923) matches /opt/stack/data/venv/lib/python3.12/site-packages/ovsdbapp/backend/ovs_idl/event.py:55}}
Jul 14 14:34:26.742545 np0000185153 devstack@neutron-api.service[101921]: DEBUG ovsdbapp.backend.ovs_idl.event [None req-5e300bfc-0353-4b4d-9880-cb46aa917c81 None None] Matched UPDATE: ChassisAgentWriteEvent(events=('create', 'update'), table='Chassis_Private', conditions=None, old_conditions=None), priority=20 to row=Chassis_Private(uuid=6a7922cf-df25-4f5d-b678-94afebf0d0d7, chassis=e3c7f874-e346-429d-b659-bad3d897436a, external_ids={'neutron:ovn-bridge': 'br-int', 'neutron:ovn-neutron-agent-id': '0b17918f-d72f-5e37-b9c5-90c763c7dfd2', 'neutron:ovn-neutron-agent-sb-cfg': '2'}, name='8e33a411-74f8-46db-8d86-80dee69087aa', nb_cfg=3, nb_cfg_timestamp=1784039666737) old=Chassis_Private(uuid=6a7922cf-df25-4f5d-b678-94afebf0d0d7, nb_cfg=2, nb_cfg_timestamp=1784039560897) {{(pid=101921) matches /opt/stack/data/venv/lib/python3.12/site-packages/ovsdbapp/backend/ovs_idl/event.py:55}}
Jul 14 14:34:26.744031 np0000185153 devstack@neutron-api.service[101919]: DEBUG ovsdbapp.backend.ovs_idl.event [None req-42ab44d6-de09-4f57-91d8-4aaccd2cb1ec None None] Matched UPDATE: ChassisAgentWriteEvent(events=('create', 'update'), table='Chassis_Private', conditions=None, old_conditions=None), priority=20 to row=Chassis_Private(uuid=6a7922cf-df25-4f5d-b678-94afebf0d0d7, chassis=e3c7f874-e346-429d-b659-bad3d897436a, external_ids={'neutron:ovn-bridge': 'br-int', 'neutron:ovn-neutron-agent-id': '0b17918f-d72f-5e37-b9c5-90c763c7dfd2', 'neutron:ovn-neutron-agent-sb-cfg': '2'}, name='8e33a411-74f8-46db-8d86-80dee69087aa', nb_cfg=3, nb_cfg_timestamp=1784039666737) old=Chassis_Private(uuid=6a7922cf-df25-4f5d-b678-94afebf0d0d7, nb_cfg=2, nb_cfg_timestamp=1784039560897) {{(pid=101919) matches /opt/stack/data/venv/lib/python3.12/site-packages/ovsdbapp/backend/ovs_idl/event.py:55}}
Jul 14 14:34:26.744504 np0000185153 devstack@neutron-api.service[101922]: DEBUG ovsdbapp.backend.ovs_idl.event [None req-c8922ec1-10bb-46f4-ab3e-e05ce6449b85 None None] Matched UPDATE: ChassisAgentWriteEvent(events=('create', 'update'), table='Chassis_Private', conditions=None, old_conditions=None), priority=20 to row=Chassis_Private(uuid=6a7922cf-df25-4f5d-b678-94afebf0d0d7, chassis=e3c7f874-e346-429d-b659-bad3d897436a, external_ids={'neutron:ovn-bridge': 'br-int', 'neutron:ovn-neutron-agent-id': '0b17918f-d72f-5e37-b9c5-90c763c7dfd2', 'neutron:ovn-neutron-agent-sb-cfg': '2'}, name='8e33a411-74f8-46db-8d86-80dee69087aa', nb_cfg=3, nb_cfg_timestamp=1784039666737) old=Chassis_Private(uuid=6a7922cf-df25-4f5d-b678-94afebf0d0d7, nb_cfg=2, nb_cfg_timestamp=1784039560897) {{(pid=101922) matches /opt/stack/data/venv/lib/python3.12/site-packages/ovsdbapp/backend/ovs_idl/event.py:55}}
Jul 14 14:34:26.745881 np0000185153 devstack@neutron-api.service[101923]: DEBUG neutron.plugins.ml2.drivers.ovn.mech_driver.ovsdb.ovsdb_monitor [None req-d5a28707-2495-49a3-96fe-36989b57c52a None None] Hash Ring: Node 248553a871e4533dad7ac6f559f9722d (host: np0000185153) handling event "update" for row dc0d19fc-200a-4bc9-995e-42e03ba56471 (table: NB_Global) {{(pid=101923) notify /opt/stack/neutron/neutron/plugins/ml2/drivers/ovn/mech_driver/ovsdb/ovsdb_monitor.py:1009}}
Jul 14 14:34:26.749156 np0000185153 devstack@neutron-api.service[101923]: DEBUG neutron.plugins.ml2.drivers.ovn.mech_driver.ovsdb.ovsdb_monitor [None req-d5a28707-2495-49a3-96fe-36989b57c52a None None] Touching Hash Ring node "248553a871e4533dad7ac6f559f9722d" from IDL notify handler {{(pid=101923) notify /opt/stack/neutron/neutron/plugins/ml2/drivers/ovn/mech_driver/ovsdb/ovsdb_monitor.py:1001}}
Jul 14 14:34:26.750589 np0000185153 devstack@neutron-api.service[101921]: DEBUG neutron.common.ovn.hash_ring_manager [None req-5e300bfc-0353-4b4d-9880-cb46aa917c81 None None] Hash Ring loaded. 4 active nodes. 0 offline nodes {{(pid=101921) _load_hash_ring /opt/stack/neutron/neutron/common/ovn/hash_ring_manager.py:110}}
Jul 14 14:34:26.750589 np0000185153 devstack@neutron-api.service[101921]: DEBUG neutron.plugins.ml2.drivers.ovn.mech_driver.ovsdb.ovsdb_monitor [None req-5e300bfc-0353-4b4d-9880-cb46aa917c81 None None] Hash Ring: Node 17be8d13e8ab5e529d5dd8c63f22dd14 (host: np0000185153) handling event "update" for row 6a7922cf-df25-4f5d-b678-94afebf0d0d7 (table: Chassis_Private) {{(pid=101921) notify /opt/stack/neutron/neutron/plugins/ml2/drivers/ovn/mech_driver/ovsdb/ovsdb_monitor.py:1009}}
Jul 14 14:34:26.752209 np0000185153 devstack@neutron-api.service[101919]: DEBUG neutron.common.ovn.hash_ring_manager [None req-42ab44d6-de09-4f57-91d8-4aaccd2cb1ec None None] Hash Ring loaded. 4 active nodes. 0 offline nodes {{(pid=101919) _load_hash_ring /opt/stack/neutron/neutron/common/ovn/hash_ring_manager.py:110}}
Jul 14 14:34:26.754081 np0000185153 devstack@neutron-api.service[101923]: DEBUG neutron.common.ovn.hash_ring_manager [None req-40f771dc-ce26-4d8b-b154-ab14c510c12c None None] Hash Ring loaded. 4 active nodes. 0 offline nodes {{(pid=101923) _load_hash_ring /opt/stack/neutron/neutron/common/ovn/hash_ring_manager.py:110}}
Jul 14 14:34:26.754790 np0000185153 devstack@neutron-api.service[101923]: DEBUG neutron.plugins.ml2.drivers.ovn.mech_driver.ovsdb.ovsdb_monitor [None req-d5a28707-2495-49a3-96fe-36989b57c52a None None] Hash Ring: Node 248553a871e4533dad7ac6f559f9722d (host: np0000185153) handling event "update" for row dc0d19fc-200a-4bc9-995e-42e03ba56471 (table: NB_Global) {{(pid=101923) notify /opt/stack/neutron/neutron/plugins/ml2/drivers/ovn/mech_driver/ovsdb/ovsdb_monitor.py:1009}}
Jul 14 14:34:26.756156 np0000185153 devstack@neutron-api.service[101923]: DEBUG neutron.plugins.ml2.drivers.ovn.mech_driver.ovsdb.ovsdb_monitor [None req-d5a28707-2495-49a3-96fe-36989b57c52a None None] Touching Hash Ring node "248553a871e4533dad7ac6f559f9722d" from IDL notify handler {{(pid=101923) notify /opt/stack/neutron/neutron/plugins/ml2/drivers/ovn/mech_driver/ovsdb/ovsdb_monitor.py:1001}}
Jul 14 14:34:26.756844 np0000185153 devstack@neutron-api.service[101922]: DEBUG neutron.common.ovn.hash_ring_manager [None req-c8922ec1-10bb-46f4-ab3e-e05ce6449b85 None None] Hash Ring loaded. 4 active nodes. 0 offline nodes {{(pid=101922) _load_hash_ring /opt/stack/neutron/neutron/common/ovn/hash_ring_manager.py:110}}
Jul 14 14:34:26.758627 np0000185153 devstack@neutron-api.service[101923]: DEBUG neutron.plugins.ml2.drivers.ovn.mech_driver.ovsdb.ovsdb_monitor [None req-d5a28707-2495-49a3-96fe-36989b57c52a None None] Hash Ring: Node 248553a871e4533dad7ac6f559f9722d (host: np0000185153) handling event "update" for row dc0d19fc-200a-4bc9-995e-42e03ba56471 (table: NB_Global) {{(pid=101923) notify /opt/stack/neutron/neutron/plugins/ml2/drivers/ovn/mech_driver/ovsdb/ovsdb_monitor.py:1009}}
Jul 14 14:34:26.759965 np0000185153 devstack@neutron-api.service[101923]: DEBUG neutron.plugins.ml2.drivers.ovn.mech_driver.ovsdb.ovsdb_monitor [None req-d5a28707-2495-49a3-96fe-36989b57c52a None None] Touching Hash Ring node "248553a871e4533dad7ac6f559f9722d" from IDL notify handler {{(pid=101923) notify /opt/stack/neutron/neutron/plugins/ml2/drivers/ovn/mech_driver/ovsdb/ovsdb_monitor.py:1001}}
Jul 14 14:34:26.762651 np0000185153 devstack@neutron-api.service[101923]: DEBUG neutron.plugins.ml2.drivers.ovn.mech_driver.ovsdb.ovsdb_monitor [None req-d5a28707-2495-49a3-96fe-36989b57c52a None None] Hash Ring: Node 248553a871e4533dad7ac6f559f9722d (host: np0000185153) handling event "update" for row dc0d19fc-200a-4bc9-995e-42e03ba56471 (table: NB_Global) {{(pid=101923) notify /opt/stack/neutron/neutron/plugins/ml2/drivers/ovn/mech_driver/ovsdb/ovsdb_monitor.py:1009}}
Jul 14 14:34:26.783912 np0000185153 devstack@neutron-api.service[101922]: DEBUG neutron.plugins.ml2.drivers.helpers [None req-5ad2710c-3972-45b6-8ccc-53aa706e9463 admin admin] geneve segment allocate from pool success with {'geneve_vni': 2342} {{(pid=101922) allocate_partially_specified_segment /opt/stack/neutron/neutron/plugins/ml2/drivers/helpers.py:142}}
Jul 14 14:34:26.793578 np0000185153 devstack@neutron-api.service[101922]: DEBUG neutron_lib.callbacks.manager [None req-5ad2710c-3972-45b6-8ccc-53aa706e9463 admin admin] Publish callbacks ['neutron.services.segments.db._add_segment_host_mapping_for_segment-8307846099958', 'neutron.plugins.ml2.plugin.Ml2Plugin._handle_segment_change-64682'] for segment (28aad5de-ae1d-4bd0-ac84-a8e4be4e9198), precommit_create {{(pid=101922) _notify_loop /opt/stack/data/venv/lib/python3.12/site-packages/neutron_lib/callbacks/manager.py:184}}
Jul 14 14:34:26.793778 np0000185153 devstack@neutron-api.service[101922]: INFO neutron.db.segments_db [None req-5ad2710c-3972-45b6-8ccc-53aa706e9463 admin admin] Added segment 28aad5de-ae1d-4bd0-ac84-a8e4be4e9198 of type geneve for network 46ce288c-3941-40db-abb9-828c147da1ce
Jul 14 14:34:26.809259 np0000185153 devstack@neutron-api.service[101922]: DEBUG neutron_lib.callbacks.manager [None req-5ad2710c-3972-45b6-8ccc-53aa706e9463 admin admin] Publish callbacks ['neutron.services.auto_allocate.db._ensure_external_network_default_value_callback-8307844372814'] for network (46ce288c-3941-40db-abb9-828c147da1ce), precommit_create {{(pid=101922) _notify_loop /opt/stack/data/venv/lib/python3.12/site-packages/neutron_lib/callbacks/manager.py:184}}
Jul 14 14:34:26.821932 np0000185153 devstack@neutron-api.service[101922]: DEBUG neutron.plugins.ml2.drivers.ovn.mech_driver.mech_driver [None req-5ad2710c-3972-45b6-8ccc-53aa706e9463 admin admin] Validating network segment with type geneve, segmentation ID 2342, physical network None {{(pid=101922) _validate_network_segments /opt/stack/neutron/neutron/plugins/ml2/drivers/ovn/mech_driver/mech_driver.py:646}}
Jul 14 14:34:26.822141 np0000185153 devstack@neutron-api.service[101922]: DEBUG neutron.db.ovn_revision_numbers_db [None req-5ad2710c-3972-45b6-8ccc-53aa706e9463 admin admin] create_initial_revision uuid=46ce288c-3941-40db-abb9-828c147da1ce, type=networks, rev=-1 {{(pid=101922) create_initial_revision /opt/stack/neutron/neutron/db/ovn_revision_numbers_db.py:98}}
Jul 14 14:34:26.831008 np0000185153 devstack@neutron-api.service[101922]: DEBUG neutron_lib.callbacks.manager [None req-5ad2710c-3972-45b6-8ccc-53aa706e9463 admin admin] Publish callbacks ['neutron.plugins.ml2.ovo_rpc._ObjectChangeHandler.handle_event-2864504'] for network (46ce288c-3941-40db-abb9-828c147da1ce), after_create {{(pid=101922) _notify_loop /opt/stack/data/venv/lib/python3.12/site-packages/neutron_lib/callbacks/manager.py:184}}
Jul 14 14:34:26.848979 np0000185153 devstack@neutron-api.service[101922]: DEBUG neutron.api.rpc.handlers.resources_rpc [None req-5ad2710c-3972-45b6-8ccc-53aa706e9463 admin admin] Pushing event updated for resources: {'Network': ['ID=46ce288c-3941-40db-abb9-828c147da1ce,revision_number=1']} {{(pid=101922) push /opt/stack/neutron/neutron/api/rpc/handlers/resources_rpc.py:237}}
Jul 14 14:34:26.857090 np0000185153 devstack@neutron-api.service[101922]: DEBUG ovsdbapp.backend.ovs_idl.transaction [None req-0efdce49-0fba-4859-8557-21341c858506 None None] Running txn n=1 command(idx=0): AddNetworkCommand(_result=None, network_uuid=46ce288c-3941-40db-abb9-828c147da1ce, may_exist=True, columns={'external_ids': {'neutron:network_name': 'admin_net', 'neutron:mtu': '1372', 'neutron:revision_number': '1', 'neutron:availability_zone_hints': '', 'neutron:provnet-network-type': 'geneve'}, 'other_config': {'mcast_snoop': 'false', 'mcast_flood_unregistered': 'false', 'vlan-passthru': 'false'}}) {{(pid=101922) do_commit /opt/stack/data/venv/lib/python3.12/site-packages/ovsdbapp/backend/ovs_idl/transaction.py:89}}
Jul 14 14:34:26.863864 np0000185153 devstack@neutron-api.service[101923]: DEBUG neutron.plugins.ml2.drivers.ovn.mech_driver.ovsdb.ovsdb_monitor [None req-d5a28707-2495-49a3-96fe-36989b57c52a None None] Touching Hash Ring node "248553a871e4533dad7ac6f559f9722d" from IDL notify handler {{(pid=101923) notify /opt/stack/neutron/neutron/plugins/ml2/drivers/ovn/mech_driver/ovsdb/ovsdb_monitor.py:1001}}
Jul 14 14:34:26.868577 np0000185153 devstack@neutron-api.service[101919]: DEBUG neutron.plugins.ml2.drivers.ovn.mech_driver.ovsdb.ovsdb_monitor [None req-42ab44d6-de09-4f57-91d8-4aaccd2cb1ec None None] Hash Ring: Node 6ad54e9e8c675b20aa27a987c88f11bc (host: np0000185153) handling event "create" for row 7318068a-3932-47b5-988e-f82ab83836e8 (table: Datapath_Binding) {{(pid=101919) notify /opt/stack/neutron/neutron/plugins/ml2/drivers/ovn/mech_driver/ovsdb/ovsdb_monitor.py:1009}}
Jul 14 14:34:26.869057 np0000185153 devstack@neutron-api.service[101923]: DEBUG neutron.plugins.ml2.drivers.ovn.mech_driver.ovsdb.ovsdb_monitor [None req-d5a28707-2495-49a3-96fe-36989b57c52a None None] Hash Ring: Node 248553a871e4533dad7ac6f559f9722d (host: np0000185153) handling event "create" for row 46ce288c-3941-40db-abb9-828c147da1ce (table: Logical_Switch) {{(pid=101923) notify /opt/stack/neutron/neutron/plugins/ml2/drivers/ovn/mech_driver/ovsdb/ovsdb_monitor.py:1009}}
Jul 14 14:34:26.882793 np0000185153 devstack@neutron-api.service[101922]: INFO neutron.db.ovn_revision_numbers_db [None req-5ad2710c-3972-45b6-8ccc-53aa706e9463 admin admin] Successfully bumped revision number for resource 46ce288c-3941-40db-abb9-828c147da1ce (type: networks) to 1
Jul 14 14:34:26.897199 np0000185153 devstack@neutron-api.service[101922]: DEBUG neutron_lib.callbacks.manager [None req-5ad2710c-3972-45b6-8ccc-53aa706e9463 admin admin] Publish callbacks ['neutron.plugins.ml2.plugin.SecurityGroupDbMixin._ensure_default_security_group_handler-832556'] for port (None), before_create {{(pid=101922) _notify_loop /opt/stack/data/venv/lib/python3.12/site-packages/neutron_lib/callbacks/manager.py:184}}
