May 06 21:00:29.026364 np0000172314 nova-conductor[110777]: DEBUG cotyledon.oslo_config_glue [-] vmware.vnc_keymap = en-us {{(pid=110777) log_opt_values /opt/stack/data/venv/lib/python3.12/site-packages/oslo_config/cfg.py:3006}}
May 06 21:00:29.026364 np0000172314 nova-conductor[110777]: DEBUG cotyledon.oslo_config_glue [-] vmware.vnc_port = 5900 {{(pid=110777) log_opt_values /opt/stack/data/venv/lib/python3.12/site-packages/oslo_config/cfg.py:3006}}
May 06 21:00:29.026364 np0000172314 nova-conductor[110777]: DEBUG cotyledon.oslo_config_glue [-] vmware.vnc_port_total = 10000 {{(pid=110777) log_opt_values /opt/stack/data/venv/lib/python3.12/site-packages/oslo_config/cfg.py:3006}}
May 06 21:00:29.026364 np0000172314 nova-conductor[110777]: DEBUG cotyledon.oslo_config_glue [-] vnc.auth_schemes = ['none'] {{(pid=110777) log_opt_values /opt/stack/data/venv/lib/python3.12/site-packages/oslo_config/cfg.py:3006}}
May 06 21:00:29.026598 np0000172314 nova-conductor[110777]: DEBUG cotyledon.oslo_config_glue [-] vnc.enabled = True {{(pid=110777) log_opt_values /opt/stack/data/venv/lib/python3.12/site-packages/oslo_config/cfg.py:3006}}
May 06 21:00:29.026598 np0000172314 nova-conductor[110777]: DEBUG cotyledon.oslo_config_glue [-] vnc.novncproxy_base_url = http://127.0.0.1:6080/vnc_auto.html {{(pid=110777) log_opt_values /opt/stack/data/venv/lib/python3.12/site-packages/oslo_config/cfg.py:3006}}
May 06 21:00:29.026598 np0000172314 nova-conductor[110777]: DEBUG cotyledon.oslo_config_glue [-] vnc.novncproxy_host = 0.0.0.0 {{(pid=110777) log_opt_values /opt/stack/data/venv/lib/python3.12/site-packages/oslo_config/cfg.py:3006}}
May 06 21:00:29.026598 np0000172314 nova-conductor[110777]: DEBUG cotyledon.oslo_config_glue [-] vnc.novncproxy_port = 6080 {{(pid=110777) log_opt_values /opt/stack/data/venv/lib/python3.12/site-packages/oslo_config/cfg.py:3006}}
May 06 21:00:29.026598 np0000172314 nova-conductor[110777]: DEBUG cotyledon.oslo_config_glue [-] vnc.server_listen = 127.0.0.1 {{(pid=110777) log_opt_values /opt/stack/data/venv/lib/python3.12/site-packages/oslo_config/cfg.py:3006}}
May 06 21:00:29.026598 np0000172314 nova-conductor[110777]: DEBUG cotyledon.oslo_config_glue [-] vnc.server_proxyclient_address = 127.0.0.1 {{(pid=110777) log_opt_values /opt/stack/data/venv/lib/python3.12/site-packages/oslo_config/cfg.py:3006}}
May 06 21:00:29.026598 np0000172314 nova-conductor[110777]: DEBUG cotyledon.oslo_config_glue [-] vnc.vencrypt_ca_certs = None {{(pid=110777) log_opt_values /opt/stack/data/venv/lib/python3.12/site-packages/oslo_config/cfg.py:3006}}
May 06 21:00:29.026598 np0000172314 nova-conductor[110777]: DEBUG cotyledon.oslo_config_glue [-] vnc.vencrypt_client_cert = None {{(pid=110777) log_opt_values /opt/stack/data/venv/lib/python3.12/site-packages/oslo_config/cfg.py:3006}}
May 06 21:00:29.026598 np0000172314 nova-conductor[110777]: DEBUG cotyledon.oslo_config_glue [-] vnc.vencrypt_client_key = None {{(pid=110777) log_opt_values /opt/stack/data/venv/lib/python3.12/site-packages/oslo_config/cfg.py:3006}}
May 06 21:00:29.026850 np0000172314 nova-conductor[110777]: DEBUG cotyledon.oslo_config_glue [-] workarounds.disable_compute_service_check_for_ffu = False {{(pid=110777) log_opt_values /opt/stack/data/venv/lib/python3.12/site-packages/oslo_config/cfg.py:3006}}
May 06 21:00:29.026850 np0000172314 nova-conductor[110777]: DEBUG cotyledon.oslo_config_glue [-] workarounds.disable_deep_image_inspection = False {{(pid=110777) log_opt_values /opt/stack/data/venv/lib/python3.12/site-packages/oslo_config/cfg.py:3006}}
May 06 21:00:29.026850 np0000172314 nova-conductor[110777]: DEBUG cotyledon.oslo_config_glue [-] workarounds.disable_fallback_pcpu_query = False {{(pid=110777) log_opt_values /opt/stack/data/venv/lib/python3.12/site-packages/oslo_config/cfg.py:3006}}
May 06 21:00:29.026850 np0000172314 nova-conductor[110777]: DEBUG cotyledon.oslo_config_glue [-] workarounds.disable_group_policy_check_upcall = False {{(pid=110777) log_opt_values /opt/stack/data/venv/lib/python3.12/site-packages/oslo_config/cfg.py:3006}}
May 06 21:00:29.026850 np0000172314 nova-conductor[110777]: DEBUG cotyledon.oslo_config_glue [-] workarounds.disable_libvirt_livesnapshot = False {{(pid=110777) log_opt_values /opt/stack/data/venv/lib/python3.12/site-packages/oslo_config/cfg.py:3006}}
May 06 21:00:29.026850 np0000172314 nova-conductor[110777]: DEBUG cotyledon.oslo_config_glue [-] workarounds.disable_rootwrap = False {{(pid=110777) log_opt_values /opt/stack/data/venv/lib/python3.12/site-packages/oslo_config/cfg.py:3006}}
May 06 21:00:29.026850 np0000172314 nova-conductor[110777]: DEBUG cotyledon.oslo_config_glue [-] workarounds.enable_numa_live_migration = False {{(pid=110777) log_opt_values /opt/stack/data/venv/lib/python3.12/site-packages/oslo_config/cfg.py:3006}}
May 06 21:00:29.026850 np0000172314 nova-conductor[110777]: DEBUG cotyledon.oslo_config_glue [-] workarounds.enable_qemu_monitor_announce_self = False {{(pid=110777) log_opt_values /opt/stack/data/venv/lib/python3.12/site-packages/oslo_config/cfg.py:3006}}
May 06 21:00:29.026850 np0000172314 nova-conductor[110777]: DEBUG cotyledon.oslo_config_glue [-] workarounds.ensure_libvirt_rbd_instance_dir_cleanup = False {{(pid=110777) log_opt_values /opt/stack/data/venv/lib/python3.12/site-packages/oslo_config/cfg.py:3006}}
May 06 21:00:29.027076 np0000172314 nova-conductor[110777]: DEBUG cotyledon.oslo_config_glue [-] workarounds.handle_virt_lifecycle_events = True {{(pid=110777) log_opt_values /opt/stack/data/venv/lib/python3.12/site-packages/oslo_config/cfg.py:3006}}
May 06 21:00:29.027076 np0000172314 nova-conductor[110777]: DEBUG cotyledon.oslo_config_glue [-] workarounds.libvirt_disable_apic = False {{(pid=110777) log_opt_values /opt/stack/data/venv/lib/python3.12/site-packages/oslo_config/cfg.py:3006}}
May 06 21:00:29.027076 np0000172314 nova-conductor[110777]: DEBUG cotyledon.oslo_config_glue [-] workarounds.never_download_image_if_on_rbd = False {{(pid=110777) log_opt_values /opt/stack/data/venv/lib/python3.12/site-packages/oslo_config/cfg.py:3006}}
May 06 21:00:29.027076 np0000172314 nova-conductor[110777]: DEBUG cotyledon.oslo_config_glue [-] workarounds.qemu_monitor_announce_self_count = 3 {{(pid=110777) log_opt_values /opt/stack/data/venv/lib/python3.12/site-packages/oslo_config/cfg.py:3006}}
May 06 21:00:29.027076 np0000172314 nova-conductor[110777]: DEBUG cotyledon.oslo_config_glue [-] workarounds.qemu_monitor_announce_self_interval = 1 {{(pid=110777) log_opt_values /opt/stack/data/venv/lib/python3.12/site-packages/oslo_config/cfg.py:3006}}
May 06 21:00:29.027076 np0000172314 nova-conductor[110777]: DEBUG cotyledon.oslo_config_glue [-] workarounds.reserve_disk_resource_for_image_cache = False {{(pid=110777) log_opt_values /opt/stack/data/venv/lib/python3.12/site-packages/oslo_config/cfg.py:3006}}
May 06 21:00:29.027076 np0000172314 nova-conductor[110777]: DEBUG cotyledon.oslo_config_glue [-] workarounds.skip_cpu_compare_at_startup = False {{(pid=110777) log_opt_values /opt/stack/data/venv/lib/python3.12/site-packages/oslo_config/cfg.py:3006}}
May 06 21:00:29.027076 np0000172314 nova-conductor[110777]: DEBUG cotyledon.oslo_config_glue [-] workarounds.skip_cpu_compare_on_dest = False {{(pid=110777) log_opt_values /opt/stack/data/venv/lib/python3.12/site-packages/oslo_config/cfg.py:3006}}
May 06 21:00:29.027076 np0000172314 nova-conductor[110777]: DEBUG cotyledon.oslo_config_glue [-] workarounds.skip_hypervisor_version_check_on_lm = False {{(pid=110777) log_opt_values /opt/stack/data/venv/lib/python3.12/site-packages/oslo_config/cfg.py:3006}}
May 06 21:00:29.027300 np0000172314 nova-conductor[110777]: DEBUG cotyledon.oslo_config_glue [-] workarounds.skip_reserve_in_use_ironic_nodes = False {{(pid=110777) log_opt_values /opt/stack/data/venv/lib/python3.12/site-packages/oslo_config/cfg.py:3006}}
May 06 21:00:29.027300 np0000172314 nova-conductor[110777]: DEBUG cotyledon.oslo_config_glue [-] workarounds.unified_limits_count_pcpu_as_vcpu = False {{(pid=110777) log_opt_values /opt/stack/data/venv/lib/python3.12/site-packages/oslo_config/cfg.py:3006}}
May 06 21:00:29.027300 np0000172314 nova-conductor[110777]: DEBUG cotyledon.oslo_config_glue [-] workarounds.wait_for_vif_plugged_event_during_hard_reboot = [] {{(pid=110777) log_opt_values /opt/stack/data/venv/lib/python3.12/site-packages/oslo_config/cfg.py:3006}}
May 06 21:00:29.027300 np0000172314 nova-conductor[110777]: DEBUG cotyledon.oslo_config_glue [-] wsgi.api_paste_config = /etc/nova/api-paste.ini {{(pid=110777) log_opt_values /opt/stack/data/venv/lib/python3.12/site-packages/oslo_config/cfg.py:3006}}
May 06 21:00:29.027400 np0000172314 nova-conductor[110770]: INFO dbcounter [None req-55a34d02-d106-4519-8595-3fcda255a3e3 None None] Registered counter for database nova_cell0
May 06 21:00:29.027433 np0000172314 nova-conductor[110777]: DEBUG cotyledon.oslo_config_glue [-] wsgi.secure_proxy_ssl_header = None {{(pid=110777) log_opt_values /opt/stack/data/venv/lib/python3.12/site-packages/oslo_config/cfg.py:3006}}
May 06 21:00:29.027433 np0000172314 nova-conductor[110777]: DEBUG cotyledon.oslo_config_glue [-] zvm.ca_file = None {{(pid=110777) log_opt_values /opt/stack/data/venv/lib/python3.12/site-packages/oslo_config/cfg.py:3006}}
May 06 21:00:29.027433 np0000172314 nova-conductor[110777]: DEBUG cotyledon.oslo_config_glue [-] zvm.cloud_connector_url = None {{(pid=110777) log_opt_values /opt/stack/data/venv/lib/python3.12/site-packages/oslo_config/cfg.py:3006}}
May 06 21:00:29.027433 np0000172314 nova-conductor[110777]: DEBUG cotyledon.oslo_config_glue [-] zvm.image_tmp_path = /opt/stack/data/nova/images {{(pid=110777) log_opt_values /opt/stack/data/venv/lib/python3.12/site-packages/oslo_config/cfg.py:3006}}
May 06 21:00:29.027433 np0000172314 nova-conductor[110777]: DEBUG cotyledon.oslo_config_glue [-] zvm.reachable_timeout = 300 {{(pid=110777) log_opt_values /opt/stack/data/venv/lib/python3.12/site-packages/oslo_config/cfg.py:3006}}
May 06 21:00:29.027433 np0000172314 nova-conductor[110777]: DEBUG cotyledon.oslo_config_glue [-] oslo_versionedobjects.fatal_exception_format_errors = False {{(pid=110777) log_opt_values /opt/stack/data/venv/lib/python3.12/site-packages/oslo_config/cfg.py:3006}}
May 06 21:00:29.027433 np0000172314 nova-conductor[110777]: DEBUG cotyledon.oslo_config_glue [-] oslo_middleware.http_basic_auth_user_file = /etc/htpasswd {{(pid=110777) log_opt_values /opt/stack/data/venv/lib/python3.12/site-packages/oslo_config/cfg.py:3006}}
May 06 21:00:29.027433 np0000172314 nova-conductor[110777]: DEBUG cotyledon.oslo_config_glue [-] profiler.connection_string = messaging:// {{(pid=110777) log_opt_values /opt/stack/data/venv/lib/python3.12/site-packages/oslo_config/cfg.py:3006}}
May 06 21:00:29.027433 np0000172314 nova-conductor[110777]: DEBUG cotyledon.oslo_config_glue [-] profiler.enabled = False {{(pid=110777) log_opt_values /opt/stack/data/venv/lib/python3.12/site-packages/oslo_config/cfg.py:3006}}
May 06 21:00:29.027685 np0000172314 nova-conductor[110777]: DEBUG cotyledon.oslo_config_glue [-] profiler.es_doc_type = notification {{(pid=110777) log_opt_values /opt/stack/data/venv/lib/python3.12/site-packages/oslo_config/cfg.py:3006}}
May 06 21:00:29.027685 np0000172314 nova-conductor[110777]: DEBUG cotyledon.oslo_config_glue [-] profiler.es_scroll_size = 10000 {{(pid=110777) log_opt_values /opt/stack/data/venv/lib/python3.12/site-packages/oslo_config/cfg.py:3006}}
May 06 21:00:29.027685 np0000172314 nova-conductor[110777]: DEBUG cotyledon.oslo_config_glue [-] profiler.es_scroll_time = 2m {{(pid=110777) log_opt_values /opt/stack/data/venv/lib/python3.12/site-packages/oslo_config/cfg.py:3006}}
May 06 21:00:29.027685 np0000172314 nova-conductor[110777]: DEBUG cotyledon.oslo_config_glue [-] profiler.filter_error_trace = False {{(pid=110777) log_opt_values /opt/stack/data/venv/lib/python3.12/site-packages/oslo_config/cfg.py:3006}}
May 06 21:00:29.027685 np0000172314 nova-conductor[110777]: DEBUG cotyledon.oslo_config_glue [-] profiler.hmac_keys = **** {{(pid=110777) log_opt_values /opt/stack/data/venv/lib/python3.12/site-packages/oslo_config/cfg.py:3006}}
May 06 21:00:29.027685 np0000172314 nova-conductor[110777]: DEBUG cotyledon.oslo_config_glue [-] profiler.sentinel_service_name = mymaster {{(pid=110777) log_opt_values /opt/stack/data/venv/lib/python3.12/site-packages/oslo_config/cfg.py:3006}}
May 06 21:00:29.027685 np0000172314 nova-conductor[110777]: DEBUG cotyledon.oslo_config_glue [-] profiler.socket_timeout = 0.1 {{(pid=110777) log_opt_values /opt/stack/data/venv/lib/python3.12/site-packages/oslo_config/cfg.py:3006}}
May 06 21:00:29.027685 np0000172314 nova-conductor[110777]: DEBUG cotyledon.oslo_config_glue [-] profiler.trace_requests = False {{(pid=110777) log_opt_values /opt/stack/data/venv/lib/python3.12/site-packages/oslo_config/cfg.py:3006}}
May 06 21:00:29.027685 np0000172314 nova-conductor[110777]: DEBUG cotyledon.oslo_config_glue [-] profiler.trace_sqlalchemy = False {{(pid=110777) log_opt_values /opt/stack/data/venv/lib/python3.12/site-packages/oslo_config/cfg.py:3006}}
May 06 21:00:29.027905 np0000172314 nova-conductor[110777]: DEBUG cotyledon.oslo_config_glue [-] profiler_jaeger.process_tags = {} {{(pid=110777) log_opt_values /opt/stack/data/venv/lib/python3.12/site-packages/oslo_config/cfg.py:3006}}
May 06 21:00:29.027905 np0000172314 nova-conductor[110777]: DEBUG cotyledon.oslo_config_glue [-] profiler_jaeger.service_name_prefix = None {{(pid=110777) log_opt_values /opt/stack/data/venv/lib/python3.12/site-packages/oslo_config/cfg.py:3006}}
May 06 21:00:29.027905 np0000172314 nova-conductor[110777]: DEBUG cotyledon.oslo_config_glue [-] profiler_otlp.service_name_prefix = None {{(pid=110777) log_opt_values /opt/stack/data/venv/lib/python3.12/site-packages/oslo_config/cfg.py:3006}}
May 06 21:00:29.027905 np0000172314 nova-conductor[110777]: DEBUG cotyledon.oslo_config_glue [-] oslo_messaging_rabbit.amqp_auto_delete = False {{(pid=110777) log_opt_values /opt/stack/data/venv/lib/python3.12/site-packages/oslo_config/cfg.py:3006}}
May 06 21:00:29.027905 np0000172314 nova-conductor[110777]: DEBUG cotyledon.oslo_config_glue [-] oslo_messaging_rabbit.amqp_durable_queues = False {{(pid=110777) log_opt_values /opt/stack/data/venv/lib/python3.12/site-packages/oslo_config/cfg.py:3006}}
May 06 21:00:29.027905 np0000172314 nova-conductor[110777]: DEBUG cotyledon.oslo_config_glue [-] oslo_messaging_rabbit.conn_pool_min_size = 2 {{(pid=110777) log_opt_values /opt/stack/data/venv/lib/python3.12/site-packages/oslo_config/cfg.py:3006}}
May 06 21:00:29.027905 np0000172314 nova-conductor[110777]: DEBUG cotyledon.oslo_config_glue [-] oslo_messaging_rabbit.conn_pool_ttl = 1200 {{(pid=110777) log_opt_values /opt/stack/data/venv/lib/python3.12/site-packages/oslo_config/cfg.py:3006}}
May 06 21:00:29.027905 np0000172314 nova-conductor[110777]: DEBUG cotyledon.oslo_config_glue [-] oslo_messaging_rabbit.direct_mandatory_flag = True {{(pid=110777) log_opt_values /opt/stack/data/venv/lib/python3.12/site-packages/oslo_config/cfg.py:3006}}
May 06 21:00:29.027905 np0000172314 nova-conductor[110777]: DEBUG cotyledon.oslo_config_glue [-] oslo_messaging_rabbit.enable_cancel_on_failover = False {{(pid=110777) log_opt_values /opt/stack/data/venv/lib/python3.12/site-packages/oslo_config/cfg.py:3006}}
May 06 21:00:29.028169 np0000172314 nova-conductor[110777]: DEBUG cotyledon.oslo_config_glue [-] oslo_messaging_rabbit.heartbeat_in_pthread = False {{(pid=110777) log_opt_values /opt/stack/data/venv/lib/python3.12/site-packages/oslo_config/cfg.py:3006}}
May 06 21:00:29.028169 np0000172314 nova-conductor[110777]: DEBUG cotyledon.oslo_config_glue [-] oslo_messaging_rabbit.heartbeat_rate = 3 {{(pid=110777) log_opt_values /opt/stack/data/venv/lib/python3.12/site-packages/oslo_config/cfg.py:3006}}
May 06 21:00:29.028169 np0000172314 nova-conductor[110777]: DEBUG cotyledon.oslo_config_glue [-] oslo_messaging_rabbit.heartbeat_timeout_threshold = 60 {{(pid=110777) log_opt_values /opt/stack/data/venv/lib/python3.12/site-packages/oslo_config/cfg.py:3006}}
May 06 21:00:29.028169 np0000172314 nova-conductor[110777]: DEBUG cotyledon.oslo_config_glue [-] oslo_messaging_rabbit.hostname = np0000172314 {{(pid=110777) log_opt_values /opt/stack/data/venv/lib/python3.12/site-packages/oslo_config/cfg.py:3006}}
May 06 21:00:29.028169 np0000172314 nova-conductor[110777]: DEBUG cotyledon.oslo_config_glue [-] oslo_messaging_rabbit.kombu_compression = None {{(pid=110777) log_opt_values /opt/stack/data/venv/lib/python3.12/site-packages/oslo_config/cfg.py:3006}}
May 06 21:00:29.028169 np0000172314 nova-conductor[110777]: DEBUG cotyledon.oslo_config_glue [-] oslo_messaging_rabbit.kombu_failover_strategy = round-robin {{(pid=110777) log_opt_values /opt/stack/data/venv/lib/python3.12/site-packages/oslo_config/cfg.py:3006}}
May 06 21:00:29.028169 np0000172314 nova-conductor[110777]: DEBUG cotyledon.oslo_config_glue [-] oslo_messaging_rabbit.kombu_missing_consumer_retry_timeout = 60 {{(pid=110777) log_opt_values /opt/stack/data/venv/lib/python3.12/site-packages/oslo_config/cfg.py:3006}}
May 06 21:00:29.028169 np0000172314 nova-conductor[110777]: DEBUG cotyledon.oslo_config_glue [-] oslo_messaging_rabbit.kombu_reconnect_delay = 1.0 {{(pid=110777) log_opt_values /opt/stack/data/venv/lib/python3.12/site-packages/oslo_config/cfg.py:3006}}
May 06 21:00:29.028376 np0000172314 nova-conductor[110777]: DEBUG cotyledon.oslo_config_glue [-] oslo_messaging_rabbit.kombu_reconnect_splay = 0.0 {{(pid=110777) log_opt_values /opt/stack/data/venv/lib/python3.12/site-packages/oslo_config/cfg.py:3006}}
May 06 21:00:29.028376 np0000172314 nova-conductor[110777]: DEBUG cotyledon.oslo_config_glue [-] oslo_messaging_rabbit.processname = nova-conductor {{(pid=110777) log_opt_values /opt/stack/data/venv/lib/python3.12/site-packages/oslo_config/cfg.py:3006}}
May 06 21:00:29.028376 np0000172314 nova-conductor[110777]: DEBUG cotyledon.oslo_config_glue [-] oslo_messaging_rabbit.rabbit_ha_queues = False {{(pid=110777) log_opt_values /opt/stack/data/venv/lib/python3.12/site-packages/oslo_config/cfg.py:3006}}
May 06 21:00:29.028376 np0000172314 nova-conductor[110777]: DEBUG cotyledon.oslo_config_glue [-] oslo_messaging_rabbit.rabbit_interval_max = 30 {{(pid=110777) log_opt_values /opt/stack/data/venv/lib/python3.12/site-packages/oslo_config/cfg.py:3006}}
May 06 21:00:29.028376 np0000172314 nova-conductor[110777]: DEBUG cotyledon.oslo_config_glue [-] oslo_messaging_rabbit.rabbit_login_method = AMQPLAIN {{(pid=110777) log_opt_values /opt/stack/data/venv/lib/python3.12/site-packages/oslo_config/cfg.py:3006}}
May 06 21:00:29.028376 np0000172314 nova-conductor[110777]: DEBUG cotyledon.oslo_config_glue [-] oslo_messaging_rabbit.rabbit_qos_prefetch_count = 0 {{(pid=110777) log_opt_values /opt/stack/data/venv/lib/python3.12/site-packages/oslo_config/cfg.py:3006}}
May 06 21:00:29.028376 np0000172314 nova-conductor[110777]: DEBUG cotyledon.oslo_config_glue [-] oslo_messaging_rabbit.rabbit_quorum_delivery_limit = 0 {{(pid=110777) log_opt_values /opt/stack/data/venv/lib/python3.12/site-packages/oslo_config/cfg.py:3006}}
May 06 21:00:29.028376 np0000172314 nova-conductor[110777]: DEBUG cotyledon.oslo_config_glue [-] oslo_messaging_rabbit.rabbit_quorum_max_memory_bytes = 0 {{(pid=110777) log_opt_values /opt/stack/data/venv/lib/python3.12/site-packages/oslo_config/cfg.py:3006}}
May 06 21:00:29.028599 np0000172314 nova-conductor[110777]: DEBUG cotyledon.oslo_config_glue [-] oslo_messaging_rabbit.rabbit_quorum_max_memory_length = 0 {{(pid=110777) log_opt_values /opt/stack/data/venv/lib/python3.12/site-packages/oslo_config/cfg.py:3006}}
May 06 21:00:29.028599 np0000172314 nova-conductor[110777]: DEBUG cotyledon.oslo_config_glue [-] oslo_messaging_rabbit.rabbit_quorum_queue = False {{(pid=110777) log_opt_values /opt/stack/data/venv/lib/python3.12/site-packages/oslo_config/cfg.py:3006}}
May 06 21:00:29.028599 np0000172314 nova-conductor[110777]: DEBUG cotyledon.oslo_config_glue [-] oslo_messaging_rabbit.rabbit_retry_backoff = 2 {{(pid=110777) log_opt_values /opt/stack/data/venv/lib/python3.12/site-packages/oslo_config/cfg.py:3006}}
May 06 21:00:29.028599 np0000172314 nova-conductor[110777]: DEBUG cotyledon.oslo_config_glue [-] oslo_messaging_rabbit.rabbit_retry_interval = 1 {{(pid=110777) log_opt_values /opt/stack/data/venv/lib/python3.12/site-packages/oslo_config/cfg.py:3006}}
May 06 21:00:29.028599 np0000172314 nova-conductor[110777]: DEBUG cotyledon.oslo_config_glue [-] oslo_messaging_rabbit.rabbit_stream_fanout = False {{(pid=110777) log_opt_values /opt/stack/data/venv/lib/python3.12/site-packages/oslo_config/cfg.py:3006}}
May 06 21:00:29.028599 np0000172314 nova-conductor[110777]: DEBUG cotyledon.oslo_config_glue [-] oslo_messaging_rabbit.rabbit_transient_queues_ttl = 1800 {{(pid=110777) log_opt_values /opt/stack/data/venv/lib/python3.12/site-packages/oslo_config/cfg.py:3006}}
May 06 21:00:29.028599 np0000172314 nova-conductor[110777]: DEBUG cotyledon.oslo_config_glue [-] oslo_messaging_rabbit.rabbit_transient_quorum_queue = False {{(pid=110777) log_opt_values /opt/stack/data/venv/lib/python3.12/site-packages/oslo_config/cfg.py:3006}}
May 06 21:00:29.028599 np0000172314 nova-conductor[110777]: DEBUG cotyledon.oslo_config_glue [-] oslo_messaging_rabbit.rpc_conn_pool_size = 30 {{(pid=110777) log_opt_values /opt/stack/data/venv/lib/python3.12/site-packages/oslo_config/cfg.py:3006}}
May 06 21:00:29.028599 np0000172314 nova-conductor[110777]: DEBUG cotyledon.oslo_config_glue [-] oslo_messaging_rabbit.ssl = False {{(pid=110777) log_opt_values /opt/stack/data/venv/lib/python3.12/site-packages/oslo_config/cfg.py:3006}}
May 06 21:00:29.028826 np0000172314 nova-conductor[110777]: DEBUG cotyledon.oslo_config_glue [-] oslo_messaging_rabbit.ssl_ca_file = {{(pid=110777) log_opt_values /opt/stack/data/venv/lib/python3.12/site-packages/oslo_config/cfg.py:3006}}
May 06 21:00:29.028826 np0000172314 nova-conductor[110777]: DEBUG cotyledon.oslo_config_glue [-] oslo_messaging_rabbit.ssl_cert_file = {{(pid=110777) log_opt_values /opt/stack/data/venv/lib/python3.12/site-packages/oslo_config/cfg.py:3006}}
May 06 21:00:29.028826 np0000172314 nova-conductor[110777]: DEBUG cotyledon.oslo_config_glue [-] oslo_messaging_rabbit.ssl_enforce_fips_mode = False {{(pid=110777) log_opt_values /opt/stack/data/venv/lib/python3.12/site-packages/oslo_config/cfg.py:3006}}
May 06 21:00:29.028826 np0000172314 nova-conductor[110777]: DEBUG cotyledon.oslo_config_glue [-] oslo_messaging_rabbit.ssl_key_file = {{(pid=110777) log_opt_values /opt/stack/data/venv/lib/python3.12/site-packages/oslo_config/cfg.py:3006}}
May 06 21:00:29.028826 np0000172314 nova-conductor[110777]: DEBUG cotyledon.oslo_config_glue [-] oslo_messaging_rabbit.ssl_version = {{(pid=110777) log_opt_values /opt/stack/data/venv/lib/python3.12/site-packages/oslo_config/cfg.py:3006}}
May 06 21:00:29.028826 np0000172314 nova-conductor[110777]: DEBUG cotyledon.oslo_config_glue [-] oslo_messaging_rabbit.use_queue_manager = False {{(pid=110777) log_opt_values /opt/stack/data/venv/lib/python3.12/site-packages/oslo_config/cfg.py:3006}}
May 06 21:00:29.028826 np0000172314 nova-conductor[110777]: DEBUG cotyledon.oslo_config_glue [-] oslo_messaging_notifications.driver = ['messagingv2'] {{(pid=110777) log_opt_values /opt/stack/data/venv/lib/python3.12/site-packages/oslo_config/cfg.py:3006}}
May 06 21:00:29.028826 np0000172314 nova-conductor[110777]: DEBUG cotyledon.oslo_config_glue [-] oslo_messaging_notifications.retry = -1 {{(pid=110777) log_opt_values /opt/stack/data/venv/lib/python3.12/site-packages/oslo_config/cfg.py:3006}}
May 06 21:00:29.028826 np0000172314 nova-conductor[110777]: DEBUG cotyledon.oslo_config_glue [-] oslo_messaging_notifications.topics = ['notifications'] {{(pid=110777) log_opt_values /opt/stack/data/venv/lib/python3.12/site-packages/oslo_config/cfg.py:3006}}
May 06 21:00:29.029042 np0000172314 nova-conductor[110777]: DEBUG cotyledon.oslo_config_glue [-] oslo_messaging_notifications.transport_url = **** {{(pid=110777) log_opt_values /opt/stack/data/venv/lib/python3.12/site-packages/oslo_config/cfg.py:3006}}
May 06 21:00:29.029075 np0000172314 nova-conductor[110757]: DEBUG dbcounter [-] [110757] Writer thread running {{(pid=110757) stat_writer /opt/stack/data/venv/lib/python3.12/site-packages/dbcounter.py:102}}
May 06 21:00:29.029110 np0000172314 nova-conductor[110777]: DEBUG cotyledon.oslo_config_glue [-] oslo_limit.auth_section = None {{(pid=110777) log_opt_values /opt/stack/data/venv/lib/python3.12/site-packages/oslo_config/cfg.py:3006}}
May 06 21:00:29.029110 np0000172314 nova-conductor[110777]: DEBUG cotyledon.oslo_config_glue [-] oslo_limit.auth_type = None {{(pid=110777) log_opt_values /opt/stack/data/venv/lib/python3.12/site-packages/oslo_config/cfg.py:3006}}
May 06 21:00:29.029110 np0000172314 nova-conductor[110777]: DEBUG cotyledon.oslo_config_glue [-] oslo_limit.cafile = None {{(pid=110777) log_opt_values /opt/stack/data/venv/lib/python3.12/site-packages/oslo_config/cfg.py:3006}}
May 06 21:00:29.029110 np0000172314 nova-conductor[110777]: DEBUG cotyledon.oslo_config_glue [-] oslo_limit.certfile = None {{(pid=110777) log_opt_values /opt/stack/data/venv/lib/python3.12/site-packages/oslo_config/cfg.py:3006}}
May 06 21:00:29.029110 np0000172314 nova-conductor[110777]: DEBUG cotyledon.oslo_config_glue [-] oslo_limit.collect_timing = False {{(pid=110777) log_opt_values /opt/stack/data/venv/lib/python3.12/site-packages/oslo_config/cfg.py:3006}}
May 06 21:00:29.029110 np0000172314 nova-conductor[110777]: DEBUG cotyledon.oslo_config_glue [-] oslo_limit.connect_retries = None {{(pid=110777) log_opt_values /opt/stack/data/venv/lib/python3.12/site-packages/oslo_config/cfg.py:3006}}
May 06 21:00:29.029110 np0000172314 nova-conductor[110777]: DEBUG cotyledon.oslo_config_glue [-] oslo_limit.connect_retry_delay = None {{(pid=110777) log_opt_values /opt/stack/data/venv/lib/python3.12/site-packages/oslo_config/cfg.py:3006}}
May 06 21:00:29.029110 np0000172314 nova-conductor[110777]: DEBUG cotyledon.oslo_config_glue [-] oslo_limit.endpoint_id = None {{(pid=110777) log_opt_values /opt/stack/data/venv/lib/python3.12/site-packages/oslo_config/cfg.py:3006}}
May 06 21:00:29.029110 np0000172314 nova-conductor[110777]: DEBUG cotyledon.oslo_config_glue [-] oslo_limit.endpoint_interface = public {{(pid=110777) log_opt_values /opt/stack/data/venv/lib/python3.12/site-packages/oslo_config/cfg.py:3006}}
May 06 21:00:29.029327 np0000172314 nova-conductor[110777]: DEBUG cotyledon.oslo_config_glue [-] oslo_limit.endpoint_override = None {{(pid=110777) log_opt_values /opt/stack/data/venv/lib/python3.12/site-packages/oslo_config/cfg.py:3006}}
May 06 21:00:29.029327 np0000172314 nova-conductor[110777]: DEBUG cotyledon.oslo_config_glue [-] oslo_limit.endpoint_region_name = None {{(pid=110777) log_opt_values /opt/stack/data/venv/lib/python3.12/site-packages/oslo_config/cfg.py:3006}}
May 06 21:00:29.029327 np0000172314 nova-conductor[110777]: DEBUG cotyledon.oslo_config_glue [-] oslo_limit.endpoint_service_name = None {{(pid=110777) log_opt_values /opt/stack/data/venv/lib/python3.12/site-packages/oslo_config/cfg.py:3006}}
May 06 21:00:29.029327 np0000172314 nova-conductor[110777]: DEBUG cotyledon.oslo_config_glue [-] oslo_limit.endpoint_service_type = None {{(pid=110777) log_opt_values /opt/stack/data/venv/lib/python3.12/site-packages/oslo_config/cfg.py:3006}}
May 06 21:00:29.029327 np0000172314 nova-conductor[110777]: DEBUG cotyledon.oslo_config_glue [-] oslo_limit.insecure = False {{(pid=110777) log_opt_values /opt/stack/data/venv/lib/python3.12/site-packages/oslo_config/cfg.py:3006}}
May 06 21:00:29.029327 np0000172314 nova-conductor[110777]: DEBUG cotyledon.oslo_config_glue [-] oslo_limit.keyfile = None {{(pid=110777) log_opt_values /opt/stack/data/venv/lib/python3.12/site-packages/oslo_config/cfg.py:3006}}
May 06 21:00:29.029327 np0000172314 nova-conductor[110777]: DEBUG cotyledon.oslo_config_glue [-] oslo_limit.max_version = None {{(pid=110777) log_opt_values /opt/stack/data/venv/lib/python3.12/site-packages/oslo_config/cfg.py:3006}}
May 06 21:00:29.029327 np0000172314 nova-conductor[110777]: DEBUG cotyledon.oslo_config_glue [-] oslo_limit.min_version = None {{(pid=110777) log_opt_values /opt/stack/data/venv/lib/python3.12/site-packages/oslo_config/cfg.py:3006}}
May 06 21:00:29.029327 np0000172314 nova-conductor[110777]: DEBUG cotyledon.oslo_config_glue [-] oslo_limit.region_name = None {{(pid=110777) log_opt_values /opt/stack/data/venv/lib/python3.12/site-packages/oslo_config/cfg.py:3006}}
May 06 21:00:29.029545 np0000172314 nova-conductor[110777]: DEBUG cotyledon.oslo_config_glue [-] oslo_limit.retriable_status_codes = None {{(pid=110777) log_opt_values /opt/stack/data/venv/lib/python3.12/site-packages/oslo_config/cfg.py:3006}}
May 06 21:00:29.029545 np0000172314 nova-conductor[110777]: DEBUG cotyledon.oslo_config_glue [-] oslo_limit.service_name = None {{(pid=110777) log_opt_values /opt/stack/data/venv/lib/python3.12/site-packages/oslo_config/cfg.py:3006}}
May 06 21:00:29.029545 np0000172314 nova-conductor[110777]: DEBUG cotyledon.oslo_config_glue [-] oslo_limit.service_type = None {{(pid=110777) log_opt_values /opt/stack/data/venv/lib/python3.12/site-packages/oslo_config/cfg.py:3006}}
May 06 21:00:29.029545 np0000172314 nova-conductor[110777]: DEBUG cotyledon.oslo_config_glue [-] oslo_limit.split_loggers = False {{(pid=110777) log_opt_values /opt/stack/data/venv/lib/python3.12/site-packages/oslo_config/cfg.py:3006}}
May 06 21:00:29.029545 np0000172314 nova-conductor[110777]: DEBUG cotyledon.oslo_config_glue [-] oslo_limit.status_code_retries = None {{(pid=110777) log_opt_values /opt/stack/data/venv/lib/python3.12/site-packages/oslo_config/cfg.py:3006}}
May 06 21:00:29.029545 np0000172314 nova-conductor[110777]: DEBUG cotyledon.oslo_config_glue [-] oslo_limit.status_code_retry_delay = None {{(pid=110777) log_opt_values /opt/stack/data/venv/lib/python3.12/site-packages/oslo_config/cfg.py:3006}}
May 06 21:00:29.029545 np0000172314 nova-conductor[110777]: DEBUG cotyledon.oslo_config_glue [-] oslo_limit.timeout = None {{(pid=110777) log_opt_values /opt/stack/data/venv/lib/python3.12/site-packages/oslo_config/cfg.py:3006}}
May 06 21:00:29.029545 np0000172314 nova-conductor[110777]: DEBUG cotyledon.oslo_config_glue [-] oslo_limit.valid_interfaces = None {{(pid=110777) log_opt_values /opt/stack/data/venv/lib/python3.12/site-packages/oslo_config/cfg.py:3006}}
May 06 21:00:29.029545 np0000172314 nova-conductor[110777]: DEBUG cotyledon.oslo_config_glue [-] oslo_limit.version = None {{(pid=110777) log_opt_values /opt/stack/data/venv/lib/python3.12/site-packages/oslo_config/cfg.py:3006}}
May 06 21:00:29.029800 np0000172314 nova-conductor[110777]: DEBUG cotyledon.oslo_config_glue [-] oslo_reports.file_event_handler = None {{(pid=110777) log_opt_values /opt/stack/data/venv/lib/python3.12/site-packages/oslo_config/cfg.py:3006}}
May 06 21:00:29.029800 np0000172314 nova-conductor[110777]: DEBUG cotyledon.oslo_config_glue [-] oslo_reports.file_event_handler_interval = 1 {{(pid=110777) log_opt_values /opt/stack/data/venv/lib/python3.12/site-packages/oslo_config/cfg.py:3006}}
May 06 21:00:29.029800 np0000172314 nova-conductor[110777]: DEBUG cotyledon.oslo_config_glue [-] oslo_reports.log_dir = None {{(pid=110777) log_opt_values /opt/stack/data/venv/lib/python3.12/site-packages/oslo_config/cfg.py:3006}}
May 06 21:00:29.029800 np0000172314 nova-conductor[110777]: DEBUG cotyledon.oslo_config_glue [-] ******************************************************************************** {{(pid=110777) log_opt_values /opt/stack/data/venv/lib/python3.12/site-packages/oslo_config/cfg.py:3013}}
May 06 21:00:29.029800 np0000172314 nova-conductor[110777]: DEBUG cotyledon._service_worker [-] Run service ServiceWrapper(3) [110777] {{(pid=110777) wait_forever /opt/stack/data/venv/lib/python3.12/site-packages/cotyledon/_service_worker.py:218}}
May 06 21:00:29.029800 np0000172314 nova-conductor[110777]: INFO nova.service [-] Starting conductor node (version 33.1.0)
May 06 21:00:29.029953 np0000172314 nova-conductor[110757]: DEBUG nova.service [None req-72492dd8-f771-4a68-aea8-4b2302dc8e8b None None] Creating RPC server for service: nova-conductor on topic: conductor {{(pid=110757) start /opt/stack/nova/nova/service.py:195}}
May 06 21:00:29.029986 np0000172314 nova-conductor[110777]: INFO dbcounter [None req-19e1b2ce-096e-40e3-8bb2-25c6267fd07c None None] Registered counter for database nova_cell0
May 06 21:00:29.030013 np0000172314 nova-conductor[110770]: DEBUG oslo_db.sqlalchemy.engines [None req-55a34d02-d106-4519-8595-3fcda255a3e3 None None] MySQL server mode set to STRICT_TRANS_TABLES,STRICT_ALL_TABLES,NO_ZERO_IN_DATE,NO_ZERO_DATE,ERROR_FOR_DIVISION_BY_ZERO,TRADITIONAL,NO_ENGINE_SUBSTITUTION {{(pid=110770) _check_effective_sql_mode /opt/stack/data/venv/lib/python3.12/site-packages/oslo_db/sqlalchemy/engines.py:325}}
May 06 21:00:29.030048 np0000172314 nova-conductor[110748]: DEBUG nova.service [None req-c74b8366-2737-43df-8edf-d6b86d3d5938 None None] Join ServiceGroup membership for this service conductor {{(pid=110748) start /opt/stack/nova/nova/service.py:221}}
May 06 21:00:29.030048 np0000172314 nova-conductor[110748]: DEBUG nova.servicegroup.drivers.db [None req-c74b8366-2737-43df-8edf-d6b86d3d5938 None None] DB_Driver: join new ServiceGroup member np0000172314 to the conductor group, service = {{(pid=110748) join /opt/stack/nova/nova/servicegroup/drivers/db.py:44}}
May 06 21:00:29.030106 np0000172314 nova-conductor[110777]: DEBUG oslo_db.sqlalchemy.engines [None req-19e1b2ce-096e-40e3-8bb2-25c6267fd07c None None] MySQL server mode set to STRICT_TRANS_TABLES,STRICT_ALL_TABLES,NO_ZERO_IN_DATE,NO_ZERO_DATE,ERROR_FOR_DIVISION_BY_ZERO,TRADITIONAL,NO_ENGINE_SUBSTITUTION {{(pid=110777) _check_effective_sql_mode /opt/stack/data/venv/lib/python3.12/site-packages/oslo_db/sqlalchemy/engines.py:325}}
May 06 21:00:29.033489 np0000172314 nova-conductor[110770]: DEBUG dbcounter [-] [110770] Writer thread running {{(pid=110770) stat_writer /opt/stack/data/venv/lib/python3.12/site-packages/dbcounter.py:102}}
May 06 21:00:29.037295 np0000172314 nova-conductor[110770]: DEBUG nova.service [None req-55a34d02-d106-4519-8595-3fcda255a3e3 None None] Creating RPC server for service: nova-conductor on topic: conductor {{(pid=110770) start /opt/stack/nova/nova/service.py:195}}
May 06 21:00:29.040599 np0000172314 nova-conductor[110757]: DEBUG nova.service [None req-72492dd8-f771-4a68-aea8-4b2302dc8e8b None None] Join ServiceGroup membership for this service conductor {{(pid=110757) start /opt/stack/nova/nova/service.py:221}}
May 06 21:00:29.040954 np0000172314 nova-conductor[110757]: DEBUG nova.servicegroup.drivers.db [None req-72492dd8-f771-4a68-aea8-4b2302dc8e8b None None] DB_Driver: join new ServiceGroup member np0000172314 to the conductor group, service = {{(pid=110757) join /opt/stack/nova/nova/servicegroup/drivers/db.py:44}}
May 06 21:00:29.044039 np0000172314 nova-conductor[110777]: DEBUG dbcounter [-] [110777] Writer thread running {{(pid=110777) stat_writer /opt/stack/data/venv/lib/python3.12/site-packages/dbcounter.py:102}}
May 06 21:00:29.046516 np0000172314 nova-conductor[110777]: DEBUG nova.service [None req-19e1b2ce-096e-40e3-8bb2-25c6267fd07c None None] Creating RPC server for service: nova-conductor on topic: conductor {{(pid=110777) start /opt/stack/nova/nova/service.py:195}}
May 06 21:00:29.056314 np0000172314 nova-conductor[110770]: DEBUG nova.service [None req-55a34d02-d106-4519-8595-3fcda255a3e3 None None] Join ServiceGroup membership for this service conductor {{(pid=110770) start /opt/stack/nova/nova/service.py:221}}
May 06 21:00:29.056620 np0000172314 nova-conductor[110770]: DEBUG nova.servicegroup.drivers.db [None req-55a34d02-d106-4519-8595-3fcda255a3e3 None None] DB_Driver: join new ServiceGroup member np0000172314 to the conductor group, service = {{(pid=110770) join /opt/stack/nova/nova/servicegroup/drivers/db.py:44}}
May 06 21:00:29.064982 np0000172314 nova-conductor[110777]: DEBUG nova.service [None req-19e1b2ce-096e-40e3-8bb2-25c6267fd07c None None] Join ServiceGroup membership for this service conductor {{(pid=110777) start /opt/stack/nova/nova/service.py:221}}
May 06 21:00:29.065388 np0000172314 nova-conductor[110777]: DEBUG nova.servicegroup.drivers.db [None req-19e1b2ce-096e-40e3-8bb2-25c6267fd07c None None] DB_Driver: join new ServiceGroup member np0000172314 to the conductor group, service = {{(pid=110777) join /opt/stack/nova/nova/servicegroup/drivers/db.py:44}}
May 06 21:00:34.050106 np0000172314 nova-conductor[110748]: DEBUG oslo.service.backend._threading.loopingcall [-] Fixed interval looping call 'nova.servicegroup.drivers.db.DbDriver._report_state' sleeping for 119.98 seconds {{(pid=110748) _run_loop /opt/stack/data/venv/lib/python3.12/site-packages/oslo_service/backend/_threading/loopingcall.py:125}}
May 06 21:00:34.054450 np0000172314 nova-conductor[110757]: DEBUG oslo.service.backend._threading.loopingcall [-] Fixed interval looping call 'nova.servicegroup.drivers.db.DbDriver._report_state' sleeping for 119.99 seconds {{(pid=110757) _run_loop /opt/stack/data/venv/lib/python3.12/site-packages/oslo_service/backend/_threading/loopingcall.py:125}}
May 06 21:00:34.070195 np0000172314 nova-conductor[110770]: DEBUG oslo.service.backend._threading.loopingcall [-] Fixed interval looping call 'nova.servicegroup.drivers.db.DbDriver._report_state' sleeping for 119.99 seconds {{(pid=110770) _run_loop /opt/stack/data/venv/lib/python3.12/site-packages/oslo_service/backend/_threading/loopingcall.py:125}}
May 06 21:00:34.078879 np0000172314 nova-conductor[110777]: DEBUG oslo.service.backend._threading.loopingcall [-] Fixed interval looping call 'nova.servicegroup.drivers.db.DbDriver._report_state' sleeping for 119.99 seconds {{(pid=110777) _run_loop /opt/stack/data/venv/lib/python3.12/site-packages/oslo_service/backend/_threading/loopingcall.py:125}}
May 06 21:00:37.661610 np0000172314 nova-conductor[109947]: DEBUG dbcounter [-] [109947] Writing DB stats nova_api:SELECT=1 {{(pid=109947) stat_writer /opt/stack/data/venv/lib/python3.12/site-packages/dbcounter.py:115}}
May 06 21:00:37.775160 np0000172314 nova-conductor[109947]: DEBUG dbcounter [-] [109947] Writing DB stats nova_cell1:SELECT=1 {{(pid=109947) stat_writer /opt/stack/data/venv/lib/python3.12/site-packages/dbcounter.py:115}}
May 06 21:00:37.775942 np0000172314 nova-conductor[109947]: DEBUG dbcounter [-] [109947] Writing DB stats nova_cell0:SELECT=1 {{(pid=109947) stat_writer /opt/stack/data/venv/lib/python3.12/site-packages/dbcounter.py:115}}
May 06 21:00:44.045809 np0000172314 nova-conductor[110748]: DEBUG dbcounter [-] [110748] Writing DB stats nova_cell0:SELECT=4,nova_cell0:INSERT=1,nova_cell0:UPDATE=1 {{(pid=110748) stat_writer /opt/stack/data/venv/lib/python3.12/site-packages/dbcounter.py:115}}
May 06 21:00:44.051902 np0000172314 nova-conductor[110757]: DEBUG dbcounter [-] [110757] Writing DB stats nova_cell0:SELECT=3 {{(pid=110757) stat_writer /opt/stack/data/venv/lib/python3.12/site-packages/dbcounter.py:115}}
May 06 21:00:44.068005 np0000172314 nova-conductor[110770]: DEBUG dbcounter [-] [110770] Writing DB stats nova_cell0:SELECT=3 {{(pid=110770) stat_writer /opt/stack/data/venv/lib/python3.12/site-packages/dbcounter.py:115}}
May 06 21:00:44.074930 np0000172314 nova-conductor[110777]: DEBUG dbcounter [-] [110777] Writing DB stats nova_cell0:SELECT=3 {{(pid=110777) stat_writer /opt/stack/data/venv/lib/python3.12/site-packages/dbcounter.py:115}}
May 06 21:00:46.059598 np0000172314 nova-conductor[110770]: DEBUG oslo.service.backend._threading.loopingcall [None req-4ddcf77d-c31c-465e-9e46-6b6049110f89 None None] Dynamic interval looping call 'nova.service.Service.periodic_tasks' sleeping for 60.00 seconds {{(pid=110770) _run_loop /opt/stack/data/venv/lib/python3.12/site-packages/oslo_service/backend/_threading/loopingcall.py:125}}
May 06 21:01:01.033288 np0000172314 nova-conductor[110748]: DEBUG oslo.service.backend._threading.loopingcall [None req-085a3162-0369-48b0-8d55-2815f76eb0c8 None None] Dynamic interval looping call 'nova.service.Service.periodic_tasks' sleeping for 60.00 seconds {{(pid=110748) _run_loop /opt/stack/data/venv/lib/python3.12/site-packages/oslo_service/backend/_threading/loopingcall.py:125}}
May 06 21:01:03.043181 np0000172314 nova-conductor[110757]: DEBUG oslo.service.backend._threading.loopingcall [None req-f62aead4-b8b0-4f1f-956c-a3ea2cc8d969 None None] Dynamic interval looping call 'nova.service.Service.periodic_tasks' sleeping for 60.00 seconds {{(pid=110757) _run_loop /opt/stack/data/venv/lib/python3.12/site-packages/oslo_service/backend/_threading/loopingcall.py:125}}
May 06 21:01:09.068933 np0000172314 nova-conductor[110777]: DEBUG oslo.service.backend._threading.loopingcall [None req-6fff6d6c-6dcb-4655-b92b-7d9f4c82e5f3 None None] Dynamic interval looping call 'nova.service.Service.periodic_tasks' sleeping for 60.00 seconds {{(pid=110777) _run_loop /opt/stack/data/venv/lib/python3.12/site-packages/oslo_service/backend/_threading/loopingcall.py:125}}
May 06 21:01:46.060369 np0000172314 nova-conductor[110770]: DEBUG oslo.service.backend._threading.loopingcall [None req-4ddcf77d-c31c-465e-9e46-6b6049110f89 None None] Dynamic interval looping call 'nova.service.Service.periodic_tasks' sleeping for 60.00 seconds {{(pid=110770) _run_loop /opt/stack/data/venv/lib/python3.12/site-packages/oslo_service/backend/_threading/loopingcall.py:125}}
May 06 21:02:01.035630 np0000172314 nova-conductor[110748]: DEBUG oslo.service.backend._threading.loopingcall [None req-085a3162-0369-48b0-8d55-2815f76eb0c8 None None] Dynamic interval looping call 'nova.service.Service.periodic_tasks' sleeping for 60.00 seconds {{(pid=110748) _run_loop /opt/stack/data/venv/lib/python3.12/site-packages/oslo_service/backend/_threading/loopingcall.py:125}}
May 06 21:02:03.043985 np0000172314 nova-conductor[110757]: DEBUG oslo.service.backend._threading.loopingcall [None req-f62aead4-b8b0-4f1f-956c-a3ea2cc8d969 None None] Dynamic interval looping call 'nova.service.Service.periodic_tasks' sleeping for 60.00 seconds {{(pid=110757) _run_loop /opt/stack/data/venv/lib/python3.12/site-packages/oslo_service/backend/_threading/loopingcall.py:125}}
May 06 21:02:09.070070 np0000172314 nova-conductor[110777]: DEBUG oslo.service.backend._threading.loopingcall [None req-6fff6d6c-6dcb-4655-b92b-7d9f4c82e5f3 None None] Dynamic interval looping call 'nova.service.Service.periodic_tasks' sleeping for 60.00 seconds {{(pid=110777) _run_loop /opt/stack/data/venv/lib/python3.12/site-packages/oslo_service/backend/_threading/loopingcall.py:125}}
May 06 21:02:34.040527 np0000172314 nova-conductor[110748]: DEBUG oslo.service.backend._threading.loopingcall [-] Fixed interval looping call 'nova.servicegroup.drivers.db.DbDriver._report_state' sleeping for 119.99 seconds {{(pid=110748) _run_loop /opt/stack/data/venv/lib/python3.12/site-packages/oslo_service/backend/_threading/loopingcall.py:125}}
May 06 21:02:34.050117 np0000172314 nova-conductor[110757]: DEBUG oslo.service.backend._threading.loopingcall [-] Fixed interval looping call 'nova.servicegroup.drivers.db.DbDriver._report_state' sleeping for 119.99 seconds {{(pid=110757) _run_loop /opt/stack/data/venv/lib/python3.12/site-packages/oslo_service/backend/_threading/loopingcall.py:125}}
May 06 21:02:34.066425 np0000172314 nova-conductor[110770]: DEBUG oslo.service.backend._threading.loopingcall [-] Fixed interval looping call 'nova.servicegroup.drivers.db.DbDriver._report_state' sleeping for 119.99 seconds {{(pid=110770) _run_loop /opt/stack/data/venv/lib/python3.12/site-packages/oslo_service/backend/_threading/loopingcall.py:125}}
May 06 21:02:34.073392 np0000172314 nova-conductor[110777]: DEBUG oslo.service.backend._threading.loopingcall [-] Fixed interval looping call 'nova.servicegroup.drivers.db.DbDriver._report_state' sleeping for 120.00 seconds {{(pid=110777) _run_loop /opt/stack/data/venv/lib/python3.12/site-packages/oslo_service/backend/_threading/loopingcall.py:125}}
May 06 21:02:44.035390 np0000172314 nova-conductor[110748]: DEBUG dbcounter [-] [110748] Writing DB stats nova_cell0:SELECT=1,nova_cell0:UPDATE=1 {{(pid=110748) stat_writer /opt/stack/data/venv/lib/python3.12/site-packages/dbcounter.py:115}}
May 06 21:02:44.047755 np0000172314 nova-conductor[110757]: DEBUG dbcounter [-] [110757] Writing DB stats nova_cell0:SELECT=1 {{(pid=110757) stat_writer /opt/stack/data/venv/lib/python3.12/site-packages/dbcounter.py:115}}
May 06 21:02:44.063446 np0000172314 nova-conductor[110770]: DEBUG dbcounter [-] [110770] Writing DB stats nova_cell0:SELECT=1 {{(pid=110770) stat_writer /opt/stack/data/venv/lib/python3.12/site-packages/dbcounter.py:115}}
May 06 21:02:44.071525 np0000172314 nova-conductor[110777]: DEBUG dbcounter [-] [110777] Writing DB stats nova_cell0:SELECT=1 {{(pid=110777) stat_writer /opt/stack/data/venv/lib/python3.12/site-packages/dbcounter.py:115}}
May 06 21:02:46.061329 np0000172314 nova-conductor[110770]: DEBUG oslo.service.backend._threading.loopingcall [None req-4ddcf77d-c31c-465e-9e46-6b6049110f89 None None] Dynamic interval looping call 'nova.service.Service.periodic_tasks' sleeping for 60.00 seconds {{(pid=110770) _run_loop /opt/stack/data/venv/lib/python3.12/site-packages/oslo_service/backend/_threading/loopingcall.py:125}}
May 06 21:03:01.034875 np0000172314 nova-conductor[110748]: DEBUG oslo.service.backend._threading.loopingcall [None req-085a3162-0369-48b0-8d55-2815f76eb0c8 None None] Dynamic interval looping call 'nova.service.Service.periodic_tasks' sleeping for 60.00 seconds {{(pid=110748) _run_loop /opt/stack/data/venv/lib/python3.12/site-packages/oslo_service/backend/_threading/loopingcall.py:125}}
May 06 21:03:03.044812 np0000172314 nova-conductor[110757]: DEBUG oslo.service.backend._threading.loopingcall [None req-f62aead4-b8b0-4f1f-956c-a3ea2cc8d969 None None] Dynamic interval looping call 'nova.service.Service.periodic_tasks' sleeping for 60.00 seconds {{(pid=110757) _run_loop /opt/stack/data/venv/lib/python3.12/site-packages/oslo_service/backend/_threading/loopingcall.py:125}}
May 06 21:03:09.070841 np0000172314 nova-conductor[110777]: DEBUG oslo.service.backend._threading.loopingcall [None req-6fff6d6c-6dcb-4655-b92b-7d9f4c82e5f3 None None] Dynamic interval looping call 'nova.service.Service.periodic_tasks' sleeping for 60.00 seconds {{(pid=110777) _run_loop /opt/stack/data/venv/lib/python3.12/site-packages/oslo_service/backend/_threading/loopingcall.py:125}}
May 06 21:03:46.062075 np0000172314 nova-conductor[110770]: DEBUG oslo.service.backend._threading.loopingcall [None req-4ddcf77d-c31c-465e-9e46-6b6049110f89 None None] Dynamic interval looping call 'nova.service.Service.periodic_tasks' sleeping for 60.00 seconds {{(pid=110770) _run_loop /opt/stack/data/venv/lib/python3.12/site-packages/oslo_service/backend/_threading/loopingcall.py:125}}
May 06 21:04:01.035389 np0000172314 nova-conductor[110748]: DEBUG oslo.service.backend._threading.loopingcall [None req-085a3162-0369-48b0-8d55-2815f76eb0c8 None None] Dynamic interval looping call 'nova.service.Service.periodic_tasks' sleeping for 60.00 seconds {{(pid=110748) _run_loop /opt/stack/data/venv/lib/python3.12/site-packages/oslo_service/backend/_threading/loopingcall.py:125}}
May 06 21:04:03.045434 np0000172314 nova-conductor[110757]: DEBUG oslo.service.backend._threading.loopingcall [None req-f62aead4-b8b0-4f1f-956c-a3ea2cc8d969 None None] Dynamic interval looping call 'nova.service.Service.periodic_tasks' sleeping for 60.00 seconds {{(pid=110757) _run_loop /opt/stack/data/venv/lib/python3.12/site-packages/oslo_service/backend/_threading/loopingcall.py:125}}
May 06 21:04:09.071589 np0000172314 nova-conductor[110777]: DEBUG oslo.service.backend._threading.loopingcall [None req-6fff6d6c-6dcb-4655-b92b-7d9f4c82e5f3 None None] Dynamic interval looping call 'nova.service.Service.periodic_tasks' sleeping for 60.00 seconds {{(pid=110777) _run_loop /opt/stack/data/venv/lib/python3.12/site-packages/oslo_service/backend/_threading/loopingcall.py:125}}
May 06 21:04:15.735715 np0000172314 nova-conductor[110748]: INFO nova.utils [None req-c99c3807-7d6e-4164-a09c-340dc517e3e2 demo demo] The cell worker thread pool ForkProcess-1.cell_worker is initialized
May 06 21:04:15.736053 np0000172314 nova-conductor[110748]: DEBUG oslo_concurrency.lockutils [None req-c99c3807-7d6e-4164-a09c-340dc517e3e2 demo demo] Acquiring lock "9a0985f5-fa63-49a4-933f-b87e94c0b870" by "nova.context.set_target_cell..get_or_set_cached_cell_and_set_connections" {{(pid=110748) inner /opt/stack/data/venv/lib/python3.12/site-packages/oslo_concurrency/lockutils.py:506}}
May 06 21:04:15.736201 np0000172314 nova-conductor[110748]: DEBUG oslo_concurrency.lockutils [None req-c99c3807-7d6e-4164-a09c-340dc517e3e2 demo demo] Lock "9a0985f5-fa63-49a4-933f-b87e94c0b870" acquired by "nova.context.set_target_cell..get_or_set_cached_cell_and_set_connections" :: waited 0.000s {{(pid=110748) inner /opt/stack/data/venv/lib/python3.12/site-packages/oslo_concurrency/lockutils.py:519}}
May 06 21:04:15.737516 np0000172314 nova-conductor[110748]: DEBUG oslo_concurrency.lockutils [None req-c99c3807-7d6e-4164-a09c-340dc517e3e2 demo demo] Lock "9a0985f5-fa63-49a4-933f-b87e94c0b870" "released" by "nova.context.set_target_cell..get_or_set_cached_cell_and_set_connections" :: held 0.001s {{(pid=110748) inner /opt/stack/data/venv/lib/python3.12/site-packages/oslo_concurrency/lockutils.py:538}}
May 06 21:04:15.745868 np0000172314 nova-conductor[110748]: INFO dbcounter [None req-c99c3807-7d6e-4164-a09c-340dc517e3e2 demo demo] Registered counter for database nova_cell1
