Feb 19 02:39:53.461430 np0000156484 devstack@m-api.service[40406]: INFO manila.api.openstack.wsgi [None req-19b1569d-02bd-45a6-98fa-ad0f0ee3c038 tempest-ShareServersNegativeAdminTest-293786612 tempest-ShareServersNegativeAdminTest-293786612-project-member] HTTP exception thrown: Access was denied to this resource.
Feb 19 02:39:53.461611 np0000156484 devstack@m-api.service[40406]: INFO manila.api.openstack.wsgi [None req-19b1569d-02bd-45a6-98fa-ad0f0ee3c038 tempest-ShareServersNegativeAdminTest-293786612 tempest-ShareServersNegativeAdminTest-293786612-project-member] https://199.19.213.140/share/v2/5fc4bebbd6384731a69e1c2d264f8aac/share-servers/fake_nonexistent_share_server_id returned with HTTP 403
Feb 19 02:39:53.462498 np0000156484 devstack@m-api.service[40406]: [pid: 40406|app: 0|req: 282/512] 199.19.213.140 () {66 vars in 1508 bytes} [Thu Feb 19 02:39:53 2026] DELETE /share/v2/5fc4bebbd6384731a69e1c2d264f8aac/share-servers/fake_nonexistent_share_server_id => generated 78 bytes in 174 msecs (HTTP/1.1 403) 7 headers in 303 bytes (1 switches on core 0)
Feb 19 02:39:53.490510 np0000156484 devstack@m-api.service[40405]: INFO manila.api.openstack.wsgi [None req-0b3672e9-497a-41fa-ba42-6f3aa18006b3 tempest-ShareSnapshotInstancesTest-1801330150 tempest-ShareSnapshotInstancesTest-1801330150-project-admin] https://199.19.213.140/share/v2/071c9288743745438d8c3b9862ed4759/snapshot-instances/ca2e7941-011c-4932-8f4e-42896163a93d/action returned with HTTP 202
Feb 19 02:39:53.491074 np0000156484 devstack@m-api.service[40405]: [pid: 40405|app: 0|req: 231/513] 199.19.213.140 () {68 vars in 1574 bytes} [Thu Feb 19 02:39:53 2026] POST /share/v2/071c9288743745438d8c3b9862ed4759/snapshot-instances/ca2e7941-011c-4932-8f4e-42896163a93d/action => generated 0 bytes in 41 msecs (HTTP/1.1 202) 7 headers in 309 bytes (2 switches on core 0)
Feb 19 02:39:53.501749 np0000156484 devstack@m-api.service[40405]: INFO manila.api.openstack.wsgi [None req-846b5b9f-6c85-42a0-a157-992437f35b18 tempest-ShareSnapshotInstancesTest-1801330150 tempest-ShareSnapshotInstancesTest-1801330150-project-admin] GET https://199.19.213.140/share/v2/071c9288743745438d8c3b9862ed4759/snapshot-instances/ca2e7941-011c-4932-8f4e-42896163a93d
Feb 19 02:39:53.502132 np0000156484 devstack@m-api.service[40405]: DEBUG manila.api.openstack.wsgi [None req-846b5b9f-6c85-42a0-a157-992437f35b18 tempest-ShareSnapshotInstancesTest-1801330150 tempest-ShareSnapshotInstancesTest-1801330150-project-admin] Empty body provided in request {{(pid=40405) get_body /opt/stack/manila/manila/api/openstack/wsgi.py:652}}
Feb 19 02:39:53.502218 np0000156484 devstack@m-api.service[40405]: DEBUG manila.api.openstack.wsgi [None req-846b5b9f-6c85-42a0-a157-992437f35b18 tempest-ShareSnapshotInstancesTest-1801330150 tempest-ShareSnapshotInstancesTest-1801330150-project-admin] Calling method 'Controller.__getattribute__..version_select' {{(pid=40405) _process_stack /opt/stack/manila/manila/api/openstack/wsgi.py:798}}
Feb 19 02:39:53.514975 np0000156484 devstack@m-api.service[40405]: INFO manila.api.openstack.wsgi [None req-846b5b9f-6c85-42a0-a157-992437f35b18 tempest-ShareSnapshotInstancesTest-1801330150 tempest-ShareSnapshotInstancesTest-1801330150-project-admin] https://199.19.213.140/share/v2/071c9288743745438d8c3b9862ed4759/snapshot-instances/ca2e7941-011c-4932-8f4e-42896163a93d returned with HTTP 200
Feb 19 02:39:53.515629 np0000156484 devstack@m-api.service[40405]: [pid: 40405|app: 0|req: 232/514] 199.19.213.140 () {66 vars in 1532 bytes} [Thu Feb 19 02:39:53 2026] GET /share/v2/071c9288743745438d8c3b9862ed4759/snapshot-instances/ca2e7941-011c-4932-8f4e-42896163a93d => generated 494 bytes in 16 msecs (HTTP/1.1 200) 7 headers in 297 bytes (1 switches on core 0)
Feb 19 02:39:53.524863 np0000156484 devstack@m-api.service[40405]: INFO manila.api.openstack.wsgi [None req-77c8ce0d-8f9e-4891-9c80-0a11866bf65d tempest-ShareSnapshotInstancesTest-1801330150 tempest-ShareSnapshotInstancesTest-1801330150-project-admin] POST https://199.19.213.140/share/v2/071c9288743745438d8c3b9862ed4759/snapshot-instances/ca2e7941-011c-4932-8f4e-42896163a93d/action
Feb 19 02:39:53.525196 np0000156484 devstack@m-api.service[40405]: DEBUG manila.api.openstack.wsgi [None req-77c8ce0d-8f9e-4891-9c80-0a11866bf65d tempest-ShareSnapshotInstancesTest-1801330150 tempest-ShareSnapshotInstancesTest-1801330150-project-admin] Action body: b'{"reset_status": {"status": "available"}}' {{(pid=40405) get_method /opt/stack/manila/manila/api/openstack/wsgi.py:912}}
Feb 19 02:39:53.525454 np0000156484 devstack@m-api.service[40405]: DEBUG manila.api.openstack.wsgi [None req-77c8ce0d-8f9e-4891-9c80-0a11866bf65d tempest-ShareSnapshotInstancesTest-1801330150 tempest-ShareSnapshotInstancesTest-1801330150-project-admin] Action: 'action', calling method: ShareSnapshotInstancesController.reset_status, body: {"reset_status": {"status": "available"}} {{(pid=40405) _process_stack /opt/stack/manila/manila/api/openstack/wsgi.py:796}}
Feb 19 02:39:53.525823 np0000156484 devstack@m-api.service[40405]: DEBUG manila.api.openstack.wsgi [None req-77c8ce0d-8f9e-4891-9c80-0a11866bf65d tempest-ShareSnapshotInstancesTest-1801330150 tempest-ShareSnapshotInstancesTest-1801330150-project-admin] Updating share_snapshot_instance 'ca2e7941-011c-4932-8f4e-42896163a93d' with '{'status': 'available'}' {{(pid=40405) _reset_status /opt/stack/manila/manila/api/openstack/wsgi.py:1257}}
Feb 19 02:39:53.545534 np0000156484 devstack@m-api.service[40406]: INFO manila.api.openstack.wsgi [None req-9f2ebb35-0bc1-466e-b48a-8e5e87e19b50 tempest-ShareServersNegativeAdminTest-410574049 tempest-ShareServersNegativeAdminTest-410574049-project-admin] DELETE https://199.19.213.140/share/v2/907e3712e62842c380f95272bf70aab8/share-servers/fake_nonexistent_share_server_id
Feb 19 02:39:53.545786 np0000156484 devstack@m-api.service[40406]: DEBUG manila.api.openstack.wsgi [None req-9f2ebb35-0bc1-466e-b48a-8e5e87e19b50 tempest-ShareServersNegativeAdminTest-410574049 tempest-ShareServersNegativeAdminTest-410574049-project-admin] Empty body provided in request {{(pid=40406) get_body /opt/stack/manila/manila/api/openstack/wsgi.py:652}}
Feb 19 02:39:53.546236 np0000156484 devstack@m-api.service[40406]: DEBUG manila.api.openstack.wsgi [None req-9f2ebb35-0bc1-466e-b48a-8e5e87e19b50 tempest-ShareServersNegativeAdminTest-410574049 tempest-ShareServersNegativeAdminTest-410574049-project-admin] Calling method 'ShareServerController.delete' {{(pid=40406) _process_stack /opt/stack/manila/manila/api/openstack/wsgi.py:798}}
Feb 19 02:39:53.560279 np0000156484 devstack@m-api.service[40405]: INFO manila.api.openstack.wsgi [None req-77c8ce0d-8f9e-4891-9c80-0a11866bf65d tempest-ShareSnapshotInstancesTest-1801330150 tempest-ShareSnapshotInstancesTest-1801330150-project-admin] https://199.19.213.140/share/v2/071c9288743745438d8c3b9862ed4759/snapshot-instances/ca2e7941-011c-4932-8f4e-42896163a93d/action returned with HTTP 202
Feb 19 02:39:53.560818 np0000156484 devstack@m-api.service[40405]: [pid: 40405|app: 0|req: 233/515] 199.19.213.140 () {68 vars in 1574 bytes} [Thu Feb 19 02:39:53 2026] POST /share/v2/071c9288743745438d8c3b9862ed4759/snapshot-instances/ca2e7941-011c-4932-8f4e-42896163a93d/action => generated 0 bytes in 38 msecs (HTTP/1.1 202) 7 headers in 309 bytes (2 switches on core 0)
Feb 19 02:39:53.574066 np0000156484 devstack@m-api.service[40405]: INFO manila.api.openstack.wsgi [None req-b8f7a8ce-83d7-492a-b66b-859e9cf2c4f1 tempest-ShareSnapshotInstancesTest-1801330150 tempest-ShareSnapshotInstancesTest-1801330150-project-admin] GET https://199.19.213.140/share/v2/071c9288743745438d8c3b9862ed4759/snapshot-instances/ca2e7941-011c-4932-8f4e-42896163a93d
Feb 19 02:39:53.574493 np0000156484 devstack@m-api.service[40405]: DEBUG manila.api.openstack.wsgi [None req-b8f7a8ce-83d7-492a-b66b-859e9cf2c4f1 tempest-ShareSnapshotInstancesTest-1801330150 tempest-ShareSnapshotInstancesTest-1801330150-project-admin] Empty body provided in request {{(pid=40405) get_body /opt/stack/manila/manila/api/openstack/wsgi.py:652}}
Feb 19 02:39:53.574823 np0000156484 devstack@m-api.service[40405]: DEBUG manila.api.openstack.wsgi [None req-b8f7a8ce-83d7-492a-b66b-859e9cf2c4f1 tempest-ShareSnapshotInstancesTest-1801330150 tempest-ShareSnapshotInstancesTest-1801330150-project-admin] Calling method 'Controller.__getattribute__..version_select' {{(pid=40405) _process_stack /opt/stack/manila/manila/api/openstack/wsgi.py:798}}
Feb 19 02:39:53.586964 np0000156484 devstack@m-api.service[40406]: INFO manila.api.openstack.wsgi [None req-9f2ebb35-0bc1-466e-b48a-8e5e87e19b50 tempest-ShareServersNegativeAdminTest-410574049 tempest-ShareServersNegativeAdminTest-410574049-project-admin] HTTP exception thrown: Share server fake_nonexistent_share_server_id could not be found.
Feb 19 02:39:53.587192 np0000156484 devstack@m-api.service[40406]: INFO manila.api.openstack.wsgi [None req-9f2ebb35-0bc1-466e-b48a-8e5e87e19b50 tempest-ShareServersNegativeAdminTest-410574049 tempest-ShareServersNegativeAdminTest-410574049-project-admin] https://199.19.213.140/share/v2/907e3712e62842c380f95272bf70aab8/share-servers/fake_nonexistent_share_server_id returned with HTTP 404
Feb 19 02:39:53.588290 np0000156484 devstack@m-api.service[40406]: [pid: 40406|app: 0|req: 283/516] 199.19.213.140 () {66 vars in 1508 bytes} [Thu Feb 19 02:39:53 2026] DELETE /share/v2/907e3712e62842c380f95272bf70aab8/share-servers/fake_nonexistent_share_server_id => generated 111 bytes in 116 msecs (HTTP/1.1 404) 7 headers in 304 bytes (1 switches on core 0)
Feb 19 02:39:53.588550 np0000156484 devstack@m-api.service[40405]: INFO manila.api.openstack.wsgi [None req-b8f7a8ce-83d7-492a-b66b-859e9cf2c4f1 tempest-ShareSnapshotInstancesTest-1801330150 tempest-ShareSnapshotInstancesTest-1801330150-project-admin] https://199.19.213.140/share/v2/071c9288743745438d8c3b9862ed4759/snapshot-instances/ca2e7941-011c-4932-8f4e-42896163a93d returned with HTTP 200
Feb 19 02:39:53.588953 np0000156484 devstack@m-api.service[40405]: [pid: 40405|app: 0|req: 234/517] 199.19.213.140 () {66 vars in 1532 bytes} [Thu Feb 19 02:39:53 2026] GET /share/v2/071c9288743745438d8c3b9862ed4759/snapshot-instances/ca2e7941-011c-4932-8f4e-42896163a93d => generated 498 bytes in 19 msecs (HTTP/1.1 200) 7 headers in 297 bytes (1 switches on core 0)
Feb 19 02:39:53.601264 np0000156484 devstack@m-api.service[40406]: INFO manila.api.openstack.wsgi [None req-d6e3093e-5f1a-4ef7-9ede-552b8ac45faf tempest-ShareServersNegativeAdminTest-410574049 tempest-ShareServersNegativeAdminTest-410574049-project-admin] GET https://199.19.213.140/share/v2/907e3712e62842c380f95272bf70aab8/share-servers?host=tempest-fake_host-1322899300
Feb 19 02:39:53.601984 np0000156484 devstack@m-api.service[40406]: DEBUG manila.api.openstack.wsgi [None req-d6e3093e-5f1a-4ef7-9ede-552b8ac45faf tempest-ShareServersNegativeAdminTest-410574049 tempest-ShareServersNegativeAdminTest-410574049-project-admin] Empty body provided in request {{(pid=40406) get_body /opt/stack/manila/manila/api/openstack/wsgi.py:652}}
Feb 19 02:39:53.601984 np0000156484 devstack@m-api.service[40406]: DEBUG manila.api.openstack.wsgi [None req-d6e3093e-5f1a-4ef7-9ede-552b8ac45faf tempest-ShareServersNegativeAdminTest-410574049 tempest-ShareServersNegativeAdminTest-410574049-project-admin] Calling method 'ShareServerController.index' {{(pid=40406) _process_stack /opt/stack/manila/manila/api/openstack/wsgi.py:798}}
Feb 19 02:39:53.605432 np0000156484 devstack@m-api.service[40405]: INFO manila.api.openstack.wsgi [None req-36125ca5-2332-4fd3-b50c-96a954cace1f tempest-ShareSnapshotInstancesTest-1801330150 tempest-ShareSnapshotInstancesTest-1801330150-project-admin] DELETE https://199.19.213.140/share/v2/071c9288743745438d8c3b9862ed4759/snapshots/15631004-16af-4d2d-a41b-2374fe72f78b
Feb 19 02:39:53.606117 np0000156484 devstack@m-api.service[40405]: DEBUG manila.api.openstack.wsgi [None req-36125ca5-2332-4fd3-b50c-96a954cace1f tempest-ShareSnapshotInstancesTest-1801330150 tempest-ShareSnapshotInstancesTest-1801330150-project-admin] Empty body provided in request {{(pid=40405) get_body /opt/stack/manila/manila/api/openstack/wsgi.py:652}}
Feb 19 02:39:53.606490 np0000156484 devstack@m-api.service[40405]: DEBUG manila.api.openstack.wsgi [None req-36125ca5-2332-4fd3-b50c-96a954cace1f tempest-ShareSnapshotInstancesTest-1801330150 tempest-ShareSnapshotInstancesTest-1801330150-project-admin] Calling method 'ShareSnapshotMixin.delete' {{(pid=40405) _process_stack /opt/stack/manila/manila/api/openstack/wsgi.py:798}}
Feb 19 02:39:53.606728 np0000156484 devstack@m-api.service[40405]: INFO manila.api.v2.share_snapshots [None req-36125ca5-2332-4fd3-b50c-96a954cace1f tempest-ShareSnapshotInstancesTest-1801330150 tempest-ShareSnapshotInstancesTest-1801330150-project-admin] Delete snapshot with id: 15631004-16af-4d2d-a41b-2374fe72f78b
Feb 19 02:39:53.639961 np0000156484 devstack@m-api.service[40406]: INFO manila.api.openstack.wsgi [None req-d6e3093e-5f1a-4ef7-9ede-552b8ac45faf tempest-ShareServersNegativeAdminTest-410574049 tempest-ShareServersNegativeAdminTest-410574049-project-admin] https://199.19.213.140/share/v2/907e3712e62842c380f95272bf70aab8/share-servers?host=tempest-fake_host-1322899300 returned with HTTP 200
Feb 19 02:39:53.640355 np0000156484 devstack@m-api.service[40406]: [pid: 40406|app: 0|req: 284/518] 199.19.213.140 () {66 vars in 1473 bytes} [Thu Feb 19 02:39:53 2026] GET /share/v2/907e3712e62842c380f95272bf70aab8/share-servers?host=tempest-fake_host-1322899300 => generated 21 bytes in 42 msecs (HTTP/1.1 200) 7 headers in 296 bytes (1 switches on core 0)
Feb 19 02:39:53.656385 np0000156484 devstack@m-api.service[40406]: INFO manila.api.openstack.wsgi [None req-5792dd5d-7759-4cc2-a5b9-de319d3b5676 tempest-ShareServersNegativeAdminTest-410574049 tempest-ShareServersNegativeAdminTest-410574049-project-admin] GET https://199.19.213.140/share/v2/907e3712e62842c380f95272bf70aab8/share-servers?project_id=tempest-fake_project_id-754405792
Feb 19 02:39:53.656767 np0000156484 devstack@m-api.service[40406]: DEBUG manila.api.openstack.wsgi [None req-5792dd5d-7759-4cc2-a5b9-de319d3b5676 tempest-ShareServersNegativeAdminTest-410574049 tempest-ShareServersNegativeAdminTest-410574049-project-admin] Empty body provided in request {{(pid=40406) get_body /opt/stack/manila/manila/api/openstack/wsgi.py:652}}
Feb 19 02:39:53.657102 np0000156484 devstack@m-api.service[40406]: DEBUG manila.api.openstack.wsgi [None req-5792dd5d-7759-4cc2-a5b9-de319d3b5676 tempest-ShareServersNegativeAdminTest-410574049 tempest-ShareServersNegativeAdminTest-410574049-project-admin] Calling method 'ShareServerController.index' {{(pid=40406) _process_stack /opt/stack/manila/manila/api/openstack/wsgi.py:798}}
Feb 19 02:39:53.668806 np0000156484 devstack@m-api.service[40406]: INFO manila.api.openstack.wsgi [None req-5792dd5d-7759-4cc2-a5b9-de319d3b5676 tempest-ShareServersNegativeAdminTest-410574049 tempest-ShareServersNegativeAdminTest-410574049-project-admin] https://199.19.213.140/share/v2/907e3712e62842c380f95272bf70aab8/share-servers?project_id=tempest-fake_project_id-754405792 returned with HTTP 200
Feb 19 02:39:53.669326 np0000156484 devstack@m-api.service[40406]: [pid: 40406|app: 0|req: 285/519] 199.19.213.140 () {66 vars in 1495 bytes} [Thu Feb 19 02:39:53 2026] GET /share/v2/907e3712e62842c380f95272bf70aab8/share-servers?project_id=tempest-fake_project_id-754405792 => generated 21 bytes in 17 msecs (HTTP/1.1 200) 7 headers in 296 bytes (1 switches on core 0)
Feb 19 02:39:53.672603 np0000156484 devstack@m-api.service[40405]: INFO manila.api.openstack.wsgi [None req-36125ca5-2332-4fd3-b50c-96a954cace1f tempest-ShareSnapshotInstancesTest-1801330150 tempest-ShareSnapshotInstancesTest-1801330150-project-admin] https://199.19.213.140/share/v2/071c9288743745438d8c3b9862ed4759/snapshots/15631004-16af-4d2d-a41b-2374fe72f78b returned with HTTP 202
Feb 19 02:39:53.672982 np0000156484 devstack@m-api.service[40405]: [pid: 40405|app: 0|req: 235/520] 199.19.213.140 () {66 vars in 1508 bytes} [Thu Feb 19 02:39:53 2026] DELETE /share/v2/071c9288743745438d8c3b9862ed4759/snapshots/15631004-16af-4d2d-a41b-2374fe72f78b => generated 0 bytes in 71 msecs (HTTP/1.1 202) 7 headers in 309 bytes (1 switches on core 0)
Feb 19 02:39:53.684436 np0000156484 devstack@m-api.service[40406]: INFO manila.api.openstack.wsgi [None req-9e6a907e-57cc-4e84-a396-e5e01ae555d2 tempest-ShareServersNegativeAdminTest-410574049 tempest-ShareServersNegativeAdminTest-410574049-project-admin] GET https://199.19.213.140/share/v2/907e3712e62842c380f95272bf70aab8/share-servers?share_network=tempest-fake_share_network-1094436123
Feb 19 02:39:53.684702 np0000156484 devstack@m-api.service[40406]: DEBUG manila.api.openstack.wsgi [None req-9e6a907e-57cc-4e84-a396-e5e01ae555d2 tempest-ShareServersNegativeAdminTest-410574049 tempest-ShareServersNegativeAdminTest-410574049-project-admin] Empty body provided in request {{(pid=40406) get_body /opt/stack/manila/manila/api/openstack/wsgi.py:652}}
Feb 19 02:39:53.684915 np0000156484 devstack@m-api.service[40406]: DEBUG manila.api.openstack.wsgi [None req-9e6a907e-57cc-4e84-a396-e5e01ae555d2 tempest-ShareServersNegativeAdminTest-410574049 tempest-ShareServersNegativeAdminTest-410574049-project-admin] Calling method 'ShareServerController.index' {{(pid=40406) _process_stack /opt/stack/manila/manila/api/openstack/wsgi.py:798}}
Feb 19 02:39:53.685491 np0000156484 devstack@m-api.service[40405]: INFO manila.api.openstack.wsgi [None req-d4ea7a8d-47ce-4372-b382-bde976064047 tempest-ShareSnapshotInstancesTest-1801330150 tempest-ShareSnapshotInstancesTest-1801330150-project-admin] GET https://199.19.213.140/share/v2/071c9288743745438d8c3b9862ed4759/snapshots/15631004-16af-4d2d-a41b-2374fe72f78b
Feb 19 02:39:53.685761 np0000156484 devstack@m-api.service[40405]: DEBUG manila.api.openstack.wsgi [None req-d4ea7a8d-47ce-4372-b382-bde976064047 tempest-ShareSnapshotInstancesTest-1801330150 tempest-ShareSnapshotInstancesTest-1801330150-project-admin] Empty body provided in request {{(pid=40405) get_body /opt/stack/manila/manila/api/openstack/wsgi.py:652}}
Feb 19 02:39:53.686026 np0000156484 devstack@m-api.service[40405]: DEBUG manila.api.openstack.wsgi [None req-d4ea7a8d-47ce-4372-b382-bde976064047 tempest-ShareSnapshotInstancesTest-1801330150 tempest-ShareSnapshotInstancesTest-1801330150-project-admin] Calling method 'ShareSnapshotMixin.show' {{(pid=40405) _process_stack /opt/stack/manila/manila/api/openstack/wsgi.py:798}}
Feb 19 02:39:53.695936 np0000156484 devstack@m-api.service[40406]: INFO manila.api.openstack.wsgi [None req-9e6a907e-57cc-4e84-a396-e5e01ae555d2 tempest-ShareServersNegativeAdminTest-410574049 tempest-ShareServersNegativeAdminTest-410574049-project-admin] https://199.19.213.140/share/v2/907e3712e62842c380f95272bf70aab8/share-servers?share_network=tempest-fake_share_network-1094436123 returned with HTTP 200
Feb 19 02:39:53.696145 np0000156484 devstack@m-api.service[40406]: [pid: 40406|app: 0|req: 286/521] 199.19.213.140 () {66 vars in 1509 bytes} [Thu Feb 19 02:39:53 2026] GET /share/v2/907e3712e62842c380f95272bf70aab8/share-servers?share_network=tempest-fake_share_network-1094436123 => generated 21 bytes in 15 msecs (HTTP/1.1 200) 7 headers in 296 bytes (1 switches on core 0)
Feb 19 02:39:53.711458 np0000156484 devstack@m-api.service[40405]: INFO manila.api.openstack.wsgi [None req-d4ea7a8d-47ce-4372-b382-bde976064047 tempest-ShareSnapshotInstancesTest-1801330150 tempest-ShareSnapshotInstancesTest-1801330150-project-admin] https://199.19.213.140/share/v2/071c9288743745438d8c3b9862ed4759/snapshots/15631004-16af-4d2d-a41b-2374fe72f78b returned with HTTP 200
Feb 19 02:39:53.711859 np0000156484 devstack@m-api.service[40405]: [pid: 40405|app: 0|req: 236/522] 199.19.213.140 () {66 vars in 1505 bytes} [Thu Feb 19 02:39:53 2026] GET /share/v2/071c9288743745438d8c3b9862ed4759/snapshots/15631004-16af-4d2d-a41b-2374fe72f78b => generated 857 bytes in 30 msecs (HTTP/1.1 200) 7 headers in 297 bytes (1 switches on core 0)
Feb 19 02:39:53.713580 np0000156484 devstack@m-api.service[40406]: INFO manila.api.openstack.wsgi [None req-5f1e7dcc-1696-4385-b0fa-1cd9bd3af2a4 tempest-ShareServersNegativeAdminTest-410574049 tempest-ShareServersNegativeAdminTest-410574049-project-admin] GET https://199.19.213.140/share/v2/907e3712e62842c380f95272bf70aab8/share-servers?status=tempest-fake_status-138897645
Feb 19 02:39:53.715073 np0000156484 devstack@m-api.service[40406]: DEBUG manila.api.openstack.wsgi [None req-5f1e7dcc-1696-4385-b0fa-1cd9bd3af2a4 tempest-ShareServersNegativeAdminTest-410574049 tempest-ShareServersNegativeAdminTest-410574049-project-admin] Empty body provided in request {{(pid=40406) get_body /opt/stack/manila/manila/api/openstack/wsgi.py:652}}
Feb 19 02:39:53.715073 np0000156484 devstack@m-api.service[40406]: DEBUG manila.api.openstack.wsgi [None req-5f1e7dcc-1696-4385-b0fa-1cd9bd3af2a4 tempest-ShareServersNegativeAdminTest-410574049 tempest-ShareServersNegativeAdminTest-410574049-project-admin] Calling method 'ShareServerController.index' {{(pid=40406) _process_stack /opt/stack/manila/manila/api/openstack/wsgi.py:798}}
Feb 19 02:39:53.725160 np0000156484 devstack@m-api.service[40406]: INFO manila.api.openstack.wsgi [None req-5f1e7dcc-1696-4385-b0fa-1cd9bd3af2a4 tempest-ShareServersNegativeAdminTest-410574049 tempest-ShareServersNegativeAdminTest-410574049-project-admin] https://199.19.213.140/share/v2/907e3712e62842c380f95272bf70aab8/share-servers?status=tempest-fake_status-138897645 returned with HTTP 200
Feb 19 02:39:53.725862 np0000156484 devstack@m-api.service[40406]: [pid: 40406|app: 0|req: 287/523] 199.19.213.140 () {66 vars in 1479 bytes} [Thu Feb 19 02:39:53 2026] GET /share/v2/907e3712e62842c380f95272bf70aab8/share-servers?status=tempest-fake_status-138897645 => generated 21 bytes in 15 msecs (HTTP/1.1 200) 7 headers in 296 bytes (1 switches on core 0)
Feb 19 02:39:53.739805 np0000156484 devstack@m-api.service[40405]: INFO manila.api.openstack.wsgi [None req-949c831d-ec87-452a-8328-7589a6a367b0 tempest-ShareServersNegativeAdminTest-410574049 tempest-ShareServersNegativeAdminTest-410574049-project-admin] GET https://199.19.213.140/share/v2/907e3712e62842c380f95272bf70aab8/share-servers?fake_filter_key=ACTIVE
Feb 19 02:39:53.740076 np0000156484 devstack@m-api.service[40405]: DEBUG manila.api.openstack.wsgi [None req-949c831d-ec87-452a-8328-7589a6a367b0 tempest-ShareServersNegativeAdminTest-410574049 tempest-ShareServersNegativeAdminTest-410574049-project-admin] Empty body provided in request {{(pid=40405) get_body /opt/stack/manila/manila/api/openstack/wsgi.py:652}}
Feb 19 02:39:53.740320 np0000156484 devstack@m-api.service[40405]: DEBUG manila.api.openstack.wsgi [None req-949c831d-ec87-452a-8328-7589a6a367b0 tempest-ShareServersNegativeAdminTest-410574049 tempest-ShareServersNegativeAdminTest-410574049-project-admin] Calling method 'ShareServerController.index' {{(pid=40405) _process_stack /opt/stack/manila/manila/api/openstack/wsgi.py:798}}
Feb 19 02:39:53.770893 np0000156484 devstack@m-api.service[40405]: INFO manila.api.openstack.wsgi [None req-949c831d-ec87-452a-8328-7589a6a367b0 tempest-ShareServersNegativeAdminTest-410574049 tempest-ShareServersNegativeAdminTest-410574049-project-admin] https://199.19.213.140/share/v2/907e3712e62842c380f95272bf70aab8/share-servers?fake_filter_key=ACTIVE returned with HTTP 200
Feb 19 02:39:53.771578 np0000156484 devstack@m-api.service[40405]: [pid: 40405|app: 0|req: 237/524] 199.19.213.140 () {66 vars in 1451 bytes} [Thu Feb 19 02:39:53 2026] GET /share/v2/907e3712e62842c380f95272bf70aab8/share-servers?fake_filter_key=ACTIVE => generated 21 bytes in 35 msecs (HTTP/1.1 200) 7 headers in 296 bytes (1 switches on core 0)
Feb 19 02:39:53.785271 np0000156484 devstack@m-api.service[40406]: INFO manila.api.openstack.wsgi [None req-3b97f0ab-055f-4fd0-a8b4-805f3c95c967 tempest-ShareServersNegativeAdminTest-410574049 tempest-ShareServersNegativeAdminTest-410574049-project-admin] GET https://199.19.213.140/share/v2/907e3712e62842c380f95272bf70aab8/share-servers?host=123
Feb 19 02:39:53.785506 np0000156484 devstack@m-api.service[40406]: DEBUG manila.api.openstack.wsgi [None req-3b97f0ab-055f-4fd0-a8b4-805f3c95c967 tempest-ShareServersNegativeAdminTest-410574049 tempest-ShareServersNegativeAdminTest-410574049-project-admin] Empty body provided in request {{(pid=40406) get_body /opt/stack/manila/manila/api/openstack/wsgi.py:652}}
Feb 19 02:39:53.785780 np0000156484 devstack@m-api.service[40406]: DEBUG manila.api.openstack.wsgi [None req-3b97f0ab-055f-4fd0-a8b4-805f3c95c967 tempest-ShareServersNegativeAdminTest-410574049 tempest-ShareServersNegativeAdminTest-410574049-project-admin] Calling method 'ShareServerController.index' {{(pid=40406) _process_stack /opt/stack/manila/manila/api/openstack/wsgi.py:798}}
Feb 19 02:39:53.795176 np0000156484 devstack@m-api.service[40406]: INFO manila.api.openstack.wsgi [None req-3b97f0ab-055f-4fd0-a8b4-805f3c95c967 tempest-ShareServersNegativeAdminTest-410574049 tempest-ShareServersNegativeAdminTest-410574049-project-admin] https://199.19.213.140/share/v2/907e3712e62842c380f95272bf70aab8/share-servers?host=123 returned with HTTP 200
Feb 19 02:39:53.795641 np0000156484 devstack@m-api.service[40406]: [pid: 40406|app: 0|req: 288/525] 199.19.213.140 () {66 vars in 1423 bytes} [Thu Feb 19 02:39:53 2026] GET /share/v2/907e3712e62842c380f95272bf70aab8/share-servers?host=123 => generated 21 bytes in 14 msecs (HTTP/1.1 200) 7 headers in 296 bytes (1 switches on core 0)
Feb 19 02:39:53.805156 np0000156484 devstack@m-api.service[40405]: INFO manila.api.openstack.wsgi [None req-ddfd76ae-2338-4ef3-ba49-c3c2987955cc tempest-ShareServersNegativeAdminTest-410574049 tempest-ShareServersNegativeAdminTest-410574049-project-admin] GET https://199.19.213.140/share/v2/907e3712e62842c380f95272bf70aab8/share-servers/fake_id/details
Feb 19 02:39:53.805386 np0000156484 devstack@m-api.service[40405]: DEBUG manila.api.openstack.wsgi [None req-ddfd76ae-2338-4ef3-ba49-c3c2987955cc tempest-ShareServersNegativeAdminTest-410574049 tempest-ShareServersNegativeAdminTest-410574049-project-admin] Empty body provided in request {{(pid=40405) get_body /opt/stack/manila/manila/api/openstack/wsgi.py:652}}
Feb 19 02:39:53.805491 np0000156484 devstack@m-api.service[40405]: DEBUG manila.api.openstack.wsgi [None req-ddfd76ae-2338-4ef3-ba49-c3c2987955cc tempest-ShareServersNegativeAdminTest-410574049 tempest-ShareServersNegativeAdminTest-410574049-project-admin] Calling method 'ShareServerController.details' {{(pid=40405) _process_stack /opt/stack/manila/manila/api/openstack/wsgi.py:798}}
Feb 19 02:39:53.843672 np0000156484 devstack@m-api.service[40405]: INFO manila.api.openstack.wsgi [None req-ddfd76ae-2338-4ef3-ba49-c3c2987955cc tempest-ShareServersNegativeAdminTest-410574049 tempest-ShareServersNegativeAdminTest-410574049-project-admin] HTTP exception thrown: Share server fake_id could not be found.
Feb 19 02:39:53.843887 np0000156484 devstack@m-api.service[40405]: INFO manila.api.openstack.wsgi [None req-ddfd76ae-2338-4ef3-ba49-c3c2987955cc tempest-ShareServersNegativeAdminTest-410574049 tempest-ShareServersNegativeAdminTest-410574049-project-admin] https://199.19.213.140/share/v2/907e3712e62842c380f95272bf70aab8/share-servers/fake_id/details returned with HTTP 404
Feb 19 02:39:53.844810 np0000156484 devstack@m-api.service[40405]: [pid: 40405|app: 0|req: 238/526] 199.19.213.140 () {66 vars in 1454 bytes} [Thu Feb 19 02:39:53 2026] GET /share/v2/907e3712e62842c380f95272bf70aab8/share-servers/fake_id/details => generated 86 bytes in 42 msecs (HTTP/1.1 404) 7 headers in 303 bytes (1 switches on core 0)
Feb 19 02:39:53.861488 np0000156484 devstack@m-api.service[40406]: INFO manila.api.openstack.wsgi [None req-d1e1459b-4942-477d-a290-52549a2d0f03 tempest-ShareServersNegativeAdminTest-410574049 tempest-ShareServersNegativeAdminTest-410574049-project-admin] GET https://199.19.213.140/share/v2/907e3712e62842c380f95272bf70aab8/share-servers/fake_id
Feb 19 02:39:53.862273 np0000156484 devstack@m-api.service[40406]: DEBUG manila.api.openstack.wsgi [None req-d1e1459b-4942-477d-a290-52549a2d0f03 tempest-ShareServersNegativeAdminTest-410574049 tempest-ShareServersNegativeAdminTest-410574049-project-admin] Empty body provided in request {{(pid=40406) get_body /opt/stack/manila/manila/api/openstack/wsgi.py:652}}
Feb 19 02:39:53.862596 np0000156484 devstack@m-api.service[40406]: DEBUG manila.api.openstack.wsgi [None req-d1e1459b-4942-477d-a290-52549a2d0f03 tempest-ShareServersNegativeAdminTest-410574049 tempest-ShareServersNegativeAdminTest-410574049-project-admin] Calling method 'ShareServerController.show' {{(pid=40406) _process_stack /opt/stack/manila/manila/api/openstack/wsgi.py:798}}
Feb 19 02:39:53.874393 np0000156484 devstack@m-api.service[40406]: INFO manila.api.openstack.wsgi [None req-d1e1459b-4942-477d-a290-52549a2d0f03 tempest-ShareServersNegativeAdminTest-410574049 tempest-ShareServersNegativeAdminTest-410574049-project-admin] HTTP exception thrown: Share server fake_id could not be found.
Feb 19 02:39:53.874610 np0000156484 devstack@m-api.service[40406]: INFO manila.api.openstack.wsgi [None req-d1e1459b-4942-477d-a290-52549a2d0f03 tempest-ShareServersNegativeAdminTest-410574049 tempest-ShareServersNegativeAdminTest-410574049-project-admin] https://199.19.213.140/share/v2/907e3712e62842c380f95272bf70aab8/share-servers/fake_id returned with HTTP 404
Feb 19 02:39:53.875206 np0000156484 devstack@m-api.service[40406]: [pid: 40406|app: 0|req: 289/527] 199.19.213.140 () {66 vars in 1430 bytes} [Thu Feb 19 02:39:53 2026] GET /share/v2/907e3712e62842c380f95272bf70aab8/share-servers/fake_id => generated 86 bytes in 19 msecs (HTTP/1.1 404) 7 headers in 303 bytes (1 switches on core 0)
Feb 19 02:39:53.892230 np0000156484 devstack@m-api.service[40405]: INFO manila.api.openstack.wsgi [None req-be826849-521a-421a-a2f3-7ae92f7ab328 tempest-ShareServersNegativeAdminTest-293786612 tempest-ShareServersNegativeAdminTest-293786612-project-member] GET https://199.19.213.140/share/v2/5fc4bebbd6384731a69e1c2d264f8aac/share-servers
Feb 19 02:39:53.892501 np0000156484 devstack@m-api.service[40405]: DEBUG manila.api.openstack.wsgi [None req-be826849-521a-421a-a2f3-7ae92f7ab328 tempest-ShareServersNegativeAdminTest-293786612 tempest-ShareServersNegativeAdminTest-293786612-project-member] Empty body provided in request {{(pid=40405) get_body /opt/stack/manila/manila/api/openstack/wsgi.py:652}}
Feb 19 02:39:53.892716 np0000156484 devstack@m-api.service[40405]: DEBUG manila.api.openstack.wsgi [None req-be826849-521a-421a-a2f3-7ae92f7ab328 tempest-ShareServersNegativeAdminTest-293786612 tempest-ShareServersNegativeAdminTest-293786612-project-member] Calling method 'ShareServerController.index' {{(pid=40405) _process_stack /opt/stack/manila/manila/api/openstack/wsgi.py:798}}
Feb 19 02:39:53.893352 np0000156484 devstack@m-api.service[40405]: DEBUG manila.policy [None req-be826849-521a-421a-a2f3-7ae92f7ab328 tempest-ShareServersNegativeAdminTest-293786612 tempest-ShareServersNegativeAdminTest-293786612-project-member] Policy check for share_server:index failed with credentials {'is_admin': False, 'user_id': '183126231bbb40ddaa9fa0eab946999d', 'user_domain_id': 'default', 'system_scope': None, 'domain_id': None, 'project_id': '5fc4bebbd6384731a69e1c2d264f8aac', 'project_domain_id': 'default', 'roles': ['member', 'reader'], 'is_admin_project': True, 'service_user_id': None, 'service_user_domain_id': None, 'service_project_id': None, 'service_project_domain_id': None, 'service_roles': []} {{(pid=40405) authorize /opt/stack/manila/manila/policy.py:200}}
Feb 19 02:39:53.893556 np0000156484 devstack@m-api.service[40405]: INFO manila.api.openstack.wsgi [None req-be826849-521a-421a-a2f3-7ae92f7ab328 tempest-ShareServersNegativeAdminTest-293786612 tempest-ShareServersNegativeAdminTest-293786612-project-member] HTTP exception thrown: Access was denied to this resource.
Feb 19 02:39:53.893754 np0000156484 devstack@m-api.service[40405]: INFO manila.api.openstack.wsgi [None req-be826849-521a-421a-a2f3-7ae92f7ab328 tempest-ShareServersNegativeAdminTest-293786612 tempest-ShareServersNegativeAdminTest-293786612-project-member] https://199.19.213.140/share/v2/5fc4bebbd6384731a69e1c2d264f8aac/share-servers returned with HTTP 403
Feb 19 02:39:53.894320 np0000156484 devstack@m-api.service[40405]: [pid: 40405|app: 0|req: 239/528] 199.19.213.140 () {66 vars in 1406 bytes} [Thu Feb 19 02:39:53 2026] GET /share/v2/5fc4bebbd6384731a69e1c2d264f8aac/share-servers => generated 78 bytes in 7 msecs (HTTP/1.1 403) 7 headers in 303 bytes (1 switches on core 0)
Feb 19 02:39:53.907940 np0000156484 devstack@m-api.service[40406]: INFO manila.api.openstack.wsgi [None req-e7acc841-d2c5-4037-8394-81ea52770b46 tempest-ShareServersNegativeAdminTest-293786612 tempest-ShareServersNegativeAdminTest-293786612-project-member] GET https://199.19.213.140/share/v2/5fc4bebbd6384731a69e1c2d264f8aac/share-servers/fake_id/details
Feb 19 02:39:53.908140 np0000156484 devstack@m-api.service[40406]: DEBUG manila.api.openstack.wsgi [None req-e7acc841-d2c5-4037-8394-81ea52770b46 tempest-ShareServersNegativeAdminTest-293786612 tempest-ShareServersNegativeAdminTest-293786612-project-member] Empty body provided in request {{(pid=40406) get_body /opt/stack/manila/manila/api/openstack/wsgi.py:652}}
Feb 19 02:39:53.908297 np0000156484 devstack@m-api.service[40406]: DEBUG manila.api.openstack.wsgi [None req-e7acc841-d2c5-4037-8394-81ea52770b46 tempest-ShareServersNegativeAdminTest-293786612 tempest-ShareServersNegativeAdminTest-293786612-project-member] Calling method 'ShareServerController.details' {{(pid=40406) _process_stack /opt/stack/manila/manila/api/openstack/wsgi.py:798}}
Feb 19 02:39:53.908724 np0000156484 devstack@m-api.service[40406]: DEBUG manila.policy [None req-e7acc841-d2c5-4037-8394-81ea52770b46 tempest-ShareServersNegativeAdminTest-293786612 tempest-ShareServersNegativeAdminTest-293786612-project-member] Policy check for share_server:details failed with credentials {'is_admin': False, 'user_id': '183126231bbb40ddaa9fa0eab946999d', 'user_domain_id': 'default', 'system_scope': None, 'domain_id': None, 'project_id': '5fc4bebbd6384731a69e1c2d264f8aac', 'project_domain_id': 'default', 'roles': ['member', 'reader'], 'is_admin_project': True, 'service_user_id': None, 'service_user_domain_id': None, 'service_project_id': None, 'service_project_domain_id': None, 'service_roles': []} {{(pid=40406) authorize /opt/stack/manila/manila/policy.py:200}}
Feb 19 02:39:53.908876 np0000156484 devstack@m-api.service[40406]: INFO manila.api.openstack.wsgi [None req-e7acc841-d2c5-4037-8394-81ea52770b46 tempest-ShareServersNegativeAdminTest-293786612 tempest-ShareServersNegativeAdminTest-293786612-project-member] HTTP exception thrown: Access was denied to this resource.
Feb 19 02:39:53.909038 np0000156484 devstack@m-api.service[40406]: INFO manila.api.openstack.wsgi [None req-e7acc841-d2c5-4037-8394-81ea52770b46 tempest-ShareServersNegativeAdminTest-293786612 tempest-ShareServersNegativeAdminTest-293786612-project-member] https://199.19.213.140/share/v2/5fc4bebbd6384731a69e1c2d264f8aac/share-servers/fake_id/details returned with HTTP 403
Feb 19 02:39:53.909407 np0000156484 devstack@m-api.service[40406]: [pid: 40406|app: 0|req: 290/529] 199.19.213.140 () {66 vars in 1454 bytes} [Thu Feb 19 02:39:53 2026] GET /share/v2/5fc4bebbd6384731a69e1c2d264f8aac/share-servers/fake_id/details => generated 78 bytes in 4 msecs (HTTP/1.1 403) 7 headers in 303 bytes (1 switches on core 0)
Feb 19 02:39:53.922645 np0000156484 devstack@m-api.service[40405]: INFO manila.api.openstack.wsgi [None req-043857d4-f3f1-43c5-bdec-614c399a5494 tempest-ShareServersNegativeAdminTest-293786612 tempest-ShareServersNegativeAdminTest-293786612-project-member] GET https://199.19.213.140/share/v2/5fc4bebbd6384731a69e1c2d264f8aac/share-servers/fake_id
Feb 19 02:39:53.922906 np0000156484 devstack@m-api.service[40405]: DEBUG manila.api.openstack.wsgi [None req-043857d4-f3f1-43c5-bdec-614c399a5494 tempest-ShareServersNegativeAdminTest-293786612 tempest-ShareServersNegativeAdminTest-293786612-project-member] Empty body provided in request {{(pid=40405) get_body /opt/stack/manila/manila/api/openstack/wsgi.py:652}}
Feb 19 02:39:53.923197 np0000156484 devstack@m-api.service[40405]: DEBUG manila.api.openstack.wsgi [None req-043857d4-f3f1-43c5-bdec-614c399a5494 tempest-ShareServersNegativeAdminTest-293786612 tempest-ShareServersNegativeAdminTest-293786612-project-member] Calling method 'ShareServerController.show' {{(pid=40405) _process_stack /opt/stack/manila/manila/api/openstack/wsgi.py:798}}
Feb 19 02:39:53.923901 np0000156484 devstack@m-api.service[40405]: DEBUG manila.policy [None req-043857d4-f3f1-43c5-bdec-614c399a5494 tempest-ShareServersNegativeAdminTest-293786612 tempest-ShareServersNegativeAdminTest-293786612-project-member] Policy check for share_server:show failed with credentials {'is_admin': False, 'user_id': '183126231bbb40ddaa9fa0eab946999d', 'user_domain_id': 'default', 'system_scope': None, 'domain_id': None, 'project_id': '5fc4bebbd6384731a69e1c2d264f8aac', 'project_domain_id': 'default', 'roles': ['member', 'reader'], 'is_admin_project': True, 'service_user_id': None, 'service_user_domain_id': None, 'service_project_id': None, 'service_project_domain_id': None, 'service_roles': []} {{(pid=40405) authorize /opt/stack/manila/manila/policy.py:200}}
Feb 19 02:39:53.924100 np0000156484 devstack@m-api.service[40405]: INFO manila.api.openstack.wsgi [None req-043857d4-f3f1-43c5-bdec-614c399a5494 tempest-ShareServersNegativeAdminTest-293786612 tempest-ShareServersNegativeAdminTest-293786612-project-member] HTTP exception thrown: Access was denied to this resource.
Feb 19 02:39:53.924307 np0000156484 devstack@m-api.service[40405]: INFO manila.api.openstack.wsgi [None req-043857d4-f3f1-43c5-bdec-614c399a5494 tempest-ShareServersNegativeAdminTest-293786612 tempest-ShareServersNegativeAdminTest-293786612-project-member] https://199.19.213.140/share/v2/5fc4bebbd6384731a69e1c2d264f8aac/share-servers/fake_id returned with HTTP 403
Feb 19 02:39:53.925018 np0000156484 devstack@m-api.service[40405]: [pid: 40405|app: 0|req: 240/530] 199.19.213.140 () {66 vars in 1430 bytes} [Thu Feb 19 02:39:53 2026] GET /share/v2/5fc4bebbd6384731a69e1c2d264f8aac/share-servers/fake_id => generated 78 bytes in 5 msecs (HTTP/1.1 403) 7 headers in 303 bytes (1 switches on core 0)
Feb 19 02:39:54.021691 np0000156484 devstack@m-api.service[40406]: INFO manila.api.openstack.wsgi [None req-ea27246b-7d95-449c-b568-cf3126351a46 tempest-ExportLocationsNegativeTest-575085266 tempest-ExportLocationsNegativeTest-575085266-project-admin] GET https://199.19.213.140/share/v2/1e3c614673094163a62a8d5872844830/shares/bca9e22e-ed8b-4387-83fe-c7ce4fa4cba9
Feb 19 02:39:54.021943 np0000156484 devstack@m-api.service[40406]: DEBUG manila.api.openstack.wsgi [None req-ea27246b-7d95-449c-b568-cf3126351a46 tempest-ExportLocationsNegativeTest-575085266 tempest-ExportLocationsNegativeTest-575085266-project-admin] Empty body provided in request {{(pid=40406) get_body /opt/stack/manila/manila/api/openstack/wsgi.py:652}}
Feb 19 02:39:54.022151 np0000156484 devstack@m-api.service[40406]: DEBUG manila.api.openstack.wsgi [None req-ea27246b-7d95-449c-b568-cf3126351a46 tempest-ExportLocationsNegativeTest-575085266 tempest-ExportLocationsNegativeTest-575085266-project-admin] Calling method 'ShareMixin.show' {{(pid=40406) _process_stack /opt/stack/manila/manila/api/openstack/wsgi.py:798}}
Feb 19 02:39:54.028703 np0000156484 devstack@m-api.service[40406]: INFO manila.api.openstack.wsgi [None req-ea27246b-7d95-449c-b568-cf3126351a46 tempest-ExportLocationsNegativeTest-575085266 tempest-ExportLocationsNegativeTest-575085266-project-admin] HTTP exception thrown: The resource could not be found.
Feb 19 02:39:54.028871 np0000156484 devstack@m-api.service[40406]: INFO manila.api.openstack.wsgi [None req-ea27246b-7d95-449c-b568-cf3126351a46 tempest-ExportLocationsNegativeTest-575085266 tempest-ExportLocationsNegativeTest-575085266-project-admin] https://199.19.213.140/share/v2/1e3c614673094163a62a8d5872844830/shares/bca9e22e-ed8b-4387-83fe-c7ce4fa4cba9 returned with HTTP 404
Feb 19 02:39:54.029437 np0000156484 devstack@m-api.service[40406]: [pid: 40406|app: 0|req: 291/531] 199.19.213.140 () {66 vars in 1496 bytes} [Thu Feb 19 02:39:54 2026] GET /share/v2/1e3c614673094163a62a8d5872844830/shares/bca9e22e-ed8b-4387-83fe-c7ce4fa4cba9 => generated 78 bytes in 11 msecs (HTTP/1.1 404) 7 headers in 303 bytes (1 switches on core 0)
Feb 19 02:39:54.041592 np0000156484 devstack@m-api.service[40405]: INFO manila.api.openstack.wsgi [None req-ec253068-efeb-4185-8fe6-ebfe4459d25f tempest-ExportLocationsNegativeTest-575085266 tempest-ExportLocationsNegativeTest-575085266-project-admin] GET https://199.19.213.140/share/v2/1e3c614673094163a62a8d5872844830/shares?share_type_id=0a0de468-810c-4e20-bd23-3f51ec623a99
Feb 19 02:39:54.041935 np0000156484 devstack@m-api.service[40405]: DEBUG manila.api.openstack.wsgi [None req-ec253068-efeb-4185-8fe6-ebfe4459d25f tempest-ExportLocationsNegativeTest-575085266 tempest-ExportLocationsNegativeTest-575085266-project-admin] Empty body provided in request {{(pid=40405) get_body /opt/stack/manila/manila/api/openstack/wsgi.py:652}}
Feb 19 02:39:54.042204 np0000156484 devstack@m-api.service[40405]: DEBUG manila.api.openstack.wsgi [None req-ec253068-efeb-4185-8fe6-ebfe4459d25f tempest-ExportLocationsNegativeTest-575085266 tempest-ExportLocationsNegativeTest-575085266-project-admin] Calling method 'Controller.__getattribute__..version_select' {{(pid=40405) _process_stack /opt/stack/manila/manila/api/openstack/wsgi.py:798}}
Feb 19 02:39:54.042934 np0000156484 devstack@m-api.service[40405]: DEBUG manila.share.api [None req-ec253068-efeb-4185-8fe6-ebfe4459d25f tempest-ExportLocationsNegativeTest-575085266 tempest-ExportLocationsNegativeTest-575085266-project-admin] Searching for shares by: {'share_type_id': '0a0de468-810c-4e20-bd23-3f51ec623a99'} {{(pid=40405) _get_all /opt/stack/manila/manila/share/api.py:2372}}
Feb 19 02:39:54.048272 np0000156484 devstack@m-api.service[40405]: INFO manila.api.openstack.wsgi [None req-ec253068-efeb-4185-8fe6-ebfe4459d25f tempest-ExportLocationsNegativeTest-575085266 tempest-ExportLocationsNegativeTest-575085266-project-admin] https://199.19.213.140/share/v2/1e3c614673094163a62a8d5872844830/shares?share_type_id=0a0de468-810c-4e20-bd23-3f51ec623a99 returned with HTTP 200
Feb 19 02:39:54.048855 np0000156484 devstack@m-api.service[40405]: [pid: 40405|app: 0|req: 241/532] 199.19.213.140 () {66 vars in 1486 bytes} [Thu Feb 19 02:39:54 2026] GET /share/v2/1e3c614673094163a62a8d5872844830/shares?share_type_id=0a0de468-810c-4e20-bd23-3f51ec623a99 => generated 14 bytes in 10 msecs (HTTP/1.1 200) 7 headers in 296 bytes (1 switches on core 0)
Feb 19 02:39:54.062943 np0000156484 devstack@m-api.service[40406]: INFO manila.api.openstack.wsgi [None req-b78be1d6-0577-40cf-bf51-731944806b4f tempest-ExportLocationsNegativeTest-575085266 tempest-ExportLocationsNegativeTest-575085266-project-admin] DELETE https://199.19.213.140/share/v2/1e3c614673094163a62a8d5872844830/types/0a0de468-810c-4e20-bd23-3f51ec623a99
Feb 19 02:39:54.063239 np0000156484 devstack@m-api.service[40406]: DEBUG manila.api.openstack.wsgi [None req-b78be1d6-0577-40cf-bf51-731944806b4f tempest-ExportLocationsNegativeTest-575085266 tempest-ExportLocationsNegativeTest-575085266-project-admin] Empty body provided in request {{(pid=40406) get_body /opt/stack/manila/manila/api/openstack/wsgi.py:652}}
Feb 19 02:39:54.063513 np0000156484 devstack@m-api.service[40406]: DEBUG manila.api.openstack.wsgi [None req-b78be1d6-0577-40cf-bf51-731944806b4f tempest-ExportLocationsNegativeTest-575085266 tempest-ExportLocationsNegativeTest-575085266-project-admin] Calling method 'ShareTypesController._delete' {{(pid=40406) _process_stack /opt/stack/manila/manila/api/openstack/wsgi.py:798}}
Feb 19 02:39:54.088697 np0000156484 devstack@m-api.service[40406]: INFO manila.api.openstack.wsgi [None req-b78be1d6-0577-40cf-bf51-731944806b4f tempest-ExportLocationsNegativeTest-575085266 tempest-ExportLocationsNegativeTest-575085266-project-admin] https://199.19.213.140/share/v2/1e3c614673094163a62a8d5872844830/types/0a0de468-810c-4e20-bd23-3f51ec623a99 returned with HTTP 202
Feb 19 02:39:54.089325 np0000156484 devstack@m-api.service[40406]: [pid: 40406|app: 0|req: 292/533] 199.19.213.140 () {66 vars in 1496 bytes} [Thu Feb 19 02:39:54 2026] DELETE /share/v2/1e3c614673094163a62a8d5872844830/types/0a0de468-810c-4e20-bd23-3f51ec623a99 => generated 0 bytes in 30 msecs (HTTP/1.1 202) 7 headers in 309 bytes (1 switches on core 0)
Feb 19 02:39:54.101267 np0000156484 devstack@m-api.service[40405]: INFO manila.api.openstack.wsgi [None req-78820dba-ffba-409f-a993-713452b53d49 tempest-ExportLocationsNegativeTest-575085266 tempest-ExportLocationsNegativeTest-575085266-project-admin] GET https://199.19.213.140/share/v2/1e3c614673094163a62a8d5872844830/types/0a0de468-810c-4e20-bd23-3f51ec623a99
Feb 19 02:39:54.101766 np0000156484 devstack@m-api.service[40405]: DEBUG manila.api.openstack.wsgi [None req-78820dba-ffba-409f-a993-713452b53d49 tempest-ExportLocationsNegativeTest-575085266 tempest-ExportLocationsNegativeTest-575085266-project-admin] Empty body provided in request {{(pid=40405) get_body /opt/stack/manila/manila/api/openstack/wsgi.py:652}}
Feb 19 02:39:54.101766 np0000156484 devstack@m-api.service[40405]: DEBUG manila.api.openstack.wsgi [None req-78820dba-ffba-409f-a993-713452b53d49 tempest-ExportLocationsNegativeTest-575085266 tempest-ExportLocationsNegativeTest-575085266-project-admin] Calling method 'ShareTypesController.show' {{(pid=40405) _process_stack /opt/stack/manila/manila/api/openstack/wsgi.py:798}}
Feb 19 02:39:54.107011 np0000156484 devstack@m-api.service[40405]: INFO manila.api.openstack.wsgi [None req-78820dba-ffba-409f-a993-713452b53d49 tempest-ExportLocationsNegativeTest-575085266 tempest-ExportLocationsNegativeTest-575085266-project-admin] HTTP exception thrown: Share type not found.
Feb 19 02:39:54.107232 np0000156484 devstack@m-api.service[40405]: INFO manila.api.openstack.wsgi [None req-78820dba-ffba-409f-a993-713452b53d49 tempest-ExportLocationsNegativeTest-575085266 tempest-ExportLocationsNegativeTest-575085266-project-admin] https://199.19.213.140/share/v2/1e3c614673094163a62a8d5872844830/types/0a0de468-810c-4e20-bd23-3f51ec623a99 returned with HTTP 404
Feb 19 02:39:54.107793 np0000156484 devstack@m-api.service[40405]: [pid: 40405|app: 0|req: 242/534] 199.19.213.140 () {66 vars in 1493 bytes} [Thu Feb 19 02:39:54 2026] GET /share/v2/1e3c614673094163a62a8d5872844830/types/0a0de468-810c-4e20-bd23-3f51ec623a99 => generated 67 bytes in 10 msecs (HTTP/1.1 404) 7 headers in 303 bytes (1 switches on core 0)
Feb 19 02:39:54.401632 np0000156484 devstack@m-api.service[40406]: INFO manila.api.openstack.wsgi [None req-f7c84aff-002b-4922-8f18-0d285ba85935 tempest-MigrationCancelNFSTest-1101008603 tempest-MigrationCancelNFSTest-1101008603-project-admin] GET https://199.19.213.140/share/v2/4d2a980305ea4e58ba7da3025b2675fe/shares/6c263e7f-2351-44df-a575-67f94a24aa1e
Feb 19 02:39:54.401924 np0000156484 devstack@m-api.service[40406]: DEBUG manila.api.openstack.wsgi [None req-f7c84aff-002b-4922-8f18-0d285ba85935 tempest-MigrationCancelNFSTest-1101008603 tempest-MigrationCancelNFSTest-1101008603-project-admin] Empty body provided in request {{(pid=40406) get_body /opt/stack/manila/manila/api/openstack/wsgi.py:652}}
Feb 19 02:39:54.402188 np0000156484 devstack@m-api.service[40406]: DEBUG manila.api.openstack.wsgi [None req-f7c84aff-002b-4922-8f18-0d285ba85935 tempest-MigrationCancelNFSTest-1101008603 tempest-MigrationCancelNFSTest-1101008603-project-admin] Calling method 'ShareMixin.show' {{(pid=40406) _process_stack /opt/stack/manila/manila/api/openstack/wsgi.py:798}}
Feb 19 02:39:54.421002 np0000156484 devstack@m-api.service[40406]: INFO manila.api.openstack.wsgi [None req-f7c84aff-002b-4922-8f18-0d285ba85935 tempest-MigrationCancelNFSTest-1101008603 tempest-MigrationCancelNFSTest-1101008603-project-admin] https://199.19.213.140/share/v2/4d2a980305ea4e58ba7da3025b2675fe/shares/6c263e7f-2351-44df-a575-67f94a24aa1e returned with HTTP 200
Feb 19 02:39:54.421421 np0000156484 devstack@m-api.service[40406]: [pid: 40406|app: 0|req: 293/535] 199.19.213.140 () {66 vars in 1496 bytes} [Thu Feb 19 02:39:54 2026] GET /share/v2/4d2a980305ea4e58ba7da3025b2675fe/shares/6c263e7f-2351-44df-a575-67f94a24aa1e => generated 1471 bytes in 23 msecs (HTTP/1.1 200) 7 headers in 298 bytes (1 switches on core 0)
Feb 19 02:39:54.432968 np0000156484 devstack@m-api.service[40405]: INFO manila.api.openstack.wsgi [None req-9587d59a-10c1-4462-8af6-3d556d48933c tempest-MigrationCancelNFSTest-1101008603 tempest-MigrationCancelNFSTest-1101008603-project-admin] GET https://199.19.213.140/share/v2/4d2a980305ea4e58ba7da3025b2675fe/shares/6c263e7f-2351-44df-a575-67f94a24aa1e
Feb 19 02:39:54.433355 np0000156484 devstack@m-api.service[40405]: DEBUG manila.api.openstack.wsgi [None req-9587d59a-10c1-4462-8af6-3d556d48933c tempest-MigrationCancelNFSTest-1101008603 tempest-MigrationCancelNFSTest-1101008603-project-admin] Empty body provided in request {{(pid=40405) get_body /opt/stack/manila/manila/api/openstack/wsgi.py:652}}
Feb 19 02:39:54.433659 np0000156484 devstack@m-api.service[40405]: DEBUG manila.api.openstack.wsgi [None req-9587d59a-10c1-4462-8af6-3d556d48933c tempest-MigrationCancelNFSTest-1101008603 tempest-MigrationCancelNFSTest-1101008603-project-admin] Calling method 'ShareMixin.show' {{(pid=40405) _process_stack /opt/stack/manila/manila/api/openstack/wsgi.py:798}}
