Feb 19 02:39:56.923066 np0000156484 devstack@m-api.service[40405]: DEBUG manila.api.openstack.wsgi [None req-afc5906b-1eb8-457b-8365-a8b34177a501 tempest-ShareSnapshotInstancesTest-1801330150 tempest-ShareSnapshotInstancesTest-1801330150-project-admin] Empty body provided in request {{(pid=40405) get_body /opt/stack/manila/manila/api/openstack/wsgi.py:652}}
Feb 19 02:39:56.923220 np0000156484 devstack@m-api.service[40405]: DEBUG manila.api.openstack.wsgi [None req-afc5906b-1eb8-457b-8365-a8b34177a501 tempest-ShareSnapshotInstancesTest-1801330150 tempest-ShareSnapshotInstancesTest-1801330150-project-admin] Calling method 'ShareSnapshotMixin.delete' {{(pid=40405) _process_stack /opt/stack/manila/manila/api/openstack/wsgi.py:798}}
Feb 19 02:39:56.923314 np0000156484 devstack@m-api.service[40405]: INFO manila.api.v2.share_snapshots [None req-afc5906b-1eb8-457b-8365-a8b34177a501 tempest-ShareSnapshotInstancesTest-1801330150 tempest-ShareSnapshotInstancesTest-1801330150-project-admin] Delete snapshot with id: 15631004-16af-4d2d-a41b-2374fe72f78b
Feb 19 02:39:56.929235 np0000156484 devstack@m-api.service[40405]: INFO manila.api.openstack.wsgi [None req-afc5906b-1eb8-457b-8365-a8b34177a501 tempest-ShareSnapshotInstancesTest-1801330150 tempest-ShareSnapshotInstancesTest-1801330150-project-admin] HTTP exception thrown: The resource could not be found.
Feb 19 02:39:56.929336 np0000156484 devstack@m-api.service[40405]: INFO manila.api.openstack.wsgi [None req-afc5906b-1eb8-457b-8365-a8b34177a501 tempest-ShareSnapshotInstancesTest-1801330150 tempest-ShareSnapshotInstancesTest-1801330150-project-admin] https://199.19.213.140/share/v2/071c9288743745438d8c3b9862ed4759/snapshots/15631004-16af-4d2d-a41b-2374fe72f78b returned with HTTP 404
Feb 19 02:39:56.929666 np0000156484 devstack@m-api.service[40405]: [pid: 40405|app: 0|req: 290/610] 199.19.213.140 () {66 vars in 1508 bytes} [Thu Feb 19 02:39:56 2026] DELETE /share/v2/071c9288743745438d8c3b9862ed4759/snapshots/15631004-16af-4d2d-a41b-2374fe72f78b => generated 78 bytes in 8 msecs (HTTP/1.1 404) 7 headers in 303 bytes (1 switches on core 0)
Feb 19 02:39:57.023328 np0000156484 devstack@m-api.service[40405]: INFO manila.api.openstack.wsgi [None req-039c43b2-9cf2-47ff-a63f-f01677adc6be tempest-SnapshotInstancesNegativeNoResourceTest-1623243849 tempest-SnapshotInstancesNegativeNoResourceTest-1623243849-project-member] GET https://199.19.213.140/share/v2/c96a3b8d02fa434483b159088b7ab9e5/snapshot-instances
Feb 19 02:39:57.024803 np0000156484 devstack@m-api.service[40405]: DEBUG manila.api.openstack.wsgi [None req-039c43b2-9cf2-47ff-a63f-f01677adc6be tempest-SnapshotInstancesNegativeNoResourceTest-1623243849 tempest-SnapshotInstancesNegativeNoResourceTest-1623243849-project-member] Empty body provided in request {{(pid=40405) get_body /opt/stack/manila/manila/api/openstack/wsgi.py:652}}
Feb 19 02:39:57.024803 np0000156484 devstack@m-api.service[40405]: DEBUG manila.api.openstack.wsgi [None req-039c43b2-9cf2-47ff-a63f-f01677adc6be tempest-SnapshotInstancesNegativeNoResourceTest-1623243849 tempest-SnapshotInstancesNegativeNoResourceTest-1623243849-project-member] Calling method 'Controller.__getattribute__..version_select' {{(pid=40405) _process_stack /opt/stack/manila/manila/api/openstack/wsgi.py:798}}
Feb 19 02:39:57.025721 np0000156484 devstack@m-api.service[40405]: DEBUG manila.policy [None req-039c43b2-9cf2-47ff-a63f-f01677adc6be tempest-SnapshotInstancesNegativeNoResourceTest-1623243849 tempest-SnapshotInstancesNegativeNoResourceTest-1623243849-project-member] Policy check for share_snapshot_instance:index failed with credentials {'is_admin': False, 'user_id': '65ac08cfb1cb44cbb3b41a1ff709f328', 'user_domain_id': 'default', 'system_scope': None, 'domain_id': None, 'project_id': 'c96a3b8d02fa434483b159088b7ab9e5', 'project_domain_id': 'default', 'roles': ['member', 'reader'], 'is_admin_project': True, 'service_user_id': None, 'service_user_domain_id': None, 'service_project_id': None, 'service_project_domain_id': None, 'service_roles': []} {{(pid=40405) authorize /opt/stack/manila/manila/policy.py:200}}
Feb 19 02:39:57.025861 np0000156484 devstack@m-api.service[40405]: INFO manila.api.openstack.wsgi [None req-039c43b2-9cf2-47ff-a63f-f01677adc6be tempest-SnapshotInstancesNegativeNoResourceTest-1623243849 tempest-SnapshotInstancesNegativeNoResourceTest-1623243849-project-member] HTTP exception thrown: Access was denied to this resource.
Feb 19 02:39:57.026000 np0000156484 devstack@m-api.service[40405]: INFO manila.api.openstack.wsgi [None req-039c43b2-9cf2-47ff-a63f-f01677adc6be tempest-SnapshotInstancesNegativeNoResourceTest-1623243849 tempest-SnapshotInstancesNegativeNoResourceTest-1623243849-project-member] https://199.19.213.140/share/v2/c96a3b8d02fa434483b159088b7ab9e5/snapshot-instances returned with HTTP 403
Feb 19 02:39:57.026416 np0000156484 devstack@m-api.service[40405]: [pid: 40405|app: 0|req: 291/611] 199.19.213.140 () {66 vars in 1421 bytes} [Thu Feb 19 02:39:56 2026] GET /share/v2/c96a3b8d02fa434483b159088b7ab9e5/snapshot-instances => generated 78 bytes in 86 msecs (HTTP/1.1 403) 7 headers in 303 bytes (1 switches on core 0)
Feb 19 02:39:57.028125 np0000156484 devstack@m-api.service[40405]: INFO manila.api.openstack.wsgi [None req-2cf6be7a-fa63-41e3-97ae-341c53111807 tempest-ShareSnapshotInstancesTest-1801330150 tempest-ShareSnapshotInstancesTest-1801330150-project-admin] DELETE https://199.19.213.140/share/v2/071c9288743745438d8c3b9862ed4759/snapshots/d2dd9e56-49b2-4ad0-9cf9-bfadc99cfeef
Feb 19 02:39:57.029146 np0000156484 devstack@m-api.service[40405]: DEBUG manila.api.openstack.wsgi [None req-2cf6be7a-fa63-41e3-97ae-341c53111807 tempest-ShareSnapshotInstancesTest-1801330150 tempest-ShareSnapshotInstancesTest-1801330150-project-admin] Empty body provided in request {{(pid=40405) get_body /opt/stack/manila/manila/api/openstack/wsgi.py:652}}
Feb 19 02:39:57.029146 np0000156484 devstack@m-api.service[40405]: DEBUG manila.api.openstack.wsgi [None req-2cf6be7a-fa63-41e3-97ae-341c53111807 tempest-ShareSnapshotInstancesTest-1801330150 tempest-ShareSnapshotInstancesTest-1801330150-project-admin] Calling method 'ShareSnapshotMixin.delete' {{(pid=40405) _process_stack /opt/stack/manila/manila/api/openstack/wsgi.py:798}}
Feb 19 02:39:57.029146 np0000156484 devstack@m-api.service[40405]: INFO manila.api.v2.share_snapshots [None req-2cf6be7a-fa63-41e3-97ae-341c53111807 tempest-ShareSnapshotInstancesTest-1801330150 tempest-ShareSnapshotInstancesTest-1801330150-project-admin] Delete snapshot with id: d2dd9e56-49b2-4ad0-9cf9-bfadc99cfeef
Feb 19 02:39:57.092450 np0000156484 devstack@m-api.service[40405]: INFO manila.api.openstack.wsgi [None req-2cf6be7a-fa63-41e3-97ae-341c53111807 tempest-ShareSnapshotInstancesTest-1801330150 tempest-ShareSnapshotInstancesTest-1801330150-project-admin] https://199.19.213.140/share/v2/071c9288743745438d8c3b9862ed4759/snapshots/d2dd9e56-49b2-4ad0-9cf9-bfadc99cfeef returned with HTTP 202
Feb 19 02:39:57.092749 np0000156484 devstack@m-api.service[40405]: [pid: 40405|app: 0|req: 292/612] 199.19.213.140 () {66 vars in 1508 bytes} [Thu Feb 19 02:39:57 2026] DELETE /share/v2/071c9288743745438d8c3b9862ed4759/snapshots/d2dd9e56-49b2-4ad0-9cf9-bfadc99cfeef => generated 0 bytes in 66 msecs (HTTP/1.1 202) 7 headers in 309 bytes (1 switches on core 0)
Feb 19 02:39:57.107830 np0000156484 devstack@m-api.service[40405]: INFO manila.api.openstack.wsgi [None req-adba15e2-58ae-41f5-b561-e4fa32d30794 tempest-ShareSnapshotInstancesTest-1801330150 tempest-ShareSnapshotInstancesTest-1801330150-project-admin] GET https://199.19.213.140/share/v2/071c9288743745438d8c3b9862ed4759/snapshots/d2dd9e56-49b2-4ad0-9cf9-bfadc99cfeef
Feb 19 02:39:57.108689 np0000156484 devstack@m-api.service[40405]: DEBUG manila.api.openstack.wsgi [None req-adba15e2-58ae-41f5-b561-e4fa32d30794 tempest-ShareSnapshotInstancesTest-1801330150 tempest-ShareSnapshotInstancesTest-1801330150-project-admin] Empty body provided in request {{(pid=40405) get_body /opt/stack/manila/manila/api/openstack/wsgi.py:652}}
Feb 19 02:39:57.108689 np0000156484 devstack@m-api.service[40405]: DEBUG manila.api.openstack.wsgi [None req-adba15e2-58ae-41f5-b561-e4fa32d30794 tempest-ShareSnapshotInstancesTest-1801330150 tempest-ShareSnapshotInstancesTest-1801330150-project-admin] Calling method 'ShareSnapshotMixin.show' {{(pid=40405) _process_stack /opt/stack/manila/manila/api/openstack/wsgi.py:798}}
Feb 19 02:39:57.135436 np0000156484 devstack@m-api.service[40405]: INFO manila.api.openstack.wsgi [None req-adba15e2-58ae-41f5-b561-e4fa32d30794 tempest-ShareSnapshotInstancesTest-1801330150 tempest-ShareSnapshotInstancesTest-1801330150-project-admin] https://199.19.213.140/share/v2/071c9288743745438d8c3b9862ed4759/snapshots/d2dd9e56-49b2-4ad0-9cf9-bfadc99cfeef returned with HTTP 200
Feb 19 02:39:57.135436 np0000156484 devstack@m-api.service[40405]: [pid: 40405|app: 0|req: 293/613] 199.19.213.140 () {66 vars in 1505 bytes} [Thu Feb 19 02:39:57 2026] GET /share/v2/071c9288743745438d8c3b9862ed4759/snapshots/d2dd9e56-49b2-4ad0-9cf9-bfadc99cfeef => generated 857 bytes in 30 msecs (HTTP/1.1 200) 7 headers in 297 bytes (1 switches on core 0)
Feb 19 02:39:57.216501 np0000156484 devstack@m-api.service[40406]: INFO manila.api.openstack.wsgi [None req-082e1e64-0e0a-4308-bb32-e078bc8e1430 tempest-MigrationTwoPhaseNFSTest-800639344 tempest-MigrationTwoPhaseNFSTest-800639344-project-admin] https://199.19.213.140/share/v2/eed3541f1df84c60b0bf7dcc8ac1d771/scheduler-stats/pools/detail returned with HTTP 200
Feb 19 02:39:57.217541 np0000156484 devstack@m-api.service[40406]: [pid: 40406|app: 0|req: 321/614] 199.19.213.140 () {66 vars in 1451 bytes} [Thu Feb 19 02:39:56 2026] GET /share/v2/eed3541f1df84c60b0bf7dcc8ac1d771/scheduler-stats/pools/detail => generated 3240 bytes in 621 msecs (HTTP/1.1 200) 7 headers in 298 bytes (1 switches on core 0)
Feb 19 02:39:57.232420 np0000156484 devstack@m-api.service[40405]: INFO manila.api.openstack.wsgi [None req-d7cc4ffe-f253-4882-b14c-f69b3e021d60 tempest-MigrationTwoPhaseNFSTest-800639344 tempest-MigrationTwoPhaseNFSTest-800639344-project-admin] POST https://199.19.213.140/share/v2/eed3541f1df84c60b0bf7dcc8ac1d771/types
Feb 19 02:39:57.232821 np0000156484 devstack@m-api.service[40405]: DEBUG manila.api.openstack.wsgi [None req-d7cc4ffe-f253-4882-b14c-f69b3e021d60 tempest-MigrationTwoPhaseNFSTest-800639344 tempest-MigrationTwoPhaseNFSTest-800639344-project-admin] Action: 'create', calling method: Controller.__getattribute__..version_select, body: {"share_type": {"name": "tempest-original_share_type_for_migration-1657044220", "extra_specs": {"driver_handles_share_servers": false, "storage_protocol": "NFS_CIFS", "snapshot_support": true, "create_share_from_snapshot_support": true}, "share_type_access:is_public": true}} {{(pid=40405) _process_stack /opt/stack/manila/manila/api/openstack/wsgi.py:796}}
Feb 19 02:39:57.253293 np0000156484 devstack@m-api.service[40405]: INFO manila.api.openstack.wsgi [None req-d7cc4ffe-f253-4882-b14c-f69b3e021d60 tempest-MigrationTwoPhaseNFSTest-800639344 tempest-MigrationTwoPhaseNFSTest-800639344-project-admin] https://199.19.213.140/share/v2/eed3541f1df84c60b0bf7dcc8ac1d771/types returned with HTTP 200
Feb 19 02:39:57.254018 np0000156484 devstack@m-api.service[40405]: [pid: 40405|app: 0|req: 294/615] 199.19.213.140 () {68 vars in 1404 bytes} [Thu Feb 19 02:39:57 2026] POST /share/v2/eed3541f1df84c60b0bf7dcc8ac1d771/types => generated 869 bytes in 29 msecs (HTTP/1.1 200) 7 headers in 297 bytes (1 switches on core 0)
Feb 19 02:39:57.283350 np0000156484 devstack@m-api.service[40406]: INFO manila.api.openstack.wsgi [None req-ac86e159-dcbd-4a4d-84ed-9ba906a9ad17 tempest-MigrationTwoPhaseNFSTest-800639344 tempest-MigrationTwoPhaseNFSTest-800639344-project-admin] POST https://199.19.213.140/share/v2/eed3541f1df84c60b0bf7dcc8ac1d771/types
Feb 19 02:39:57.283715 np0000156484 devstack@m-api.service[40406]: DEBUG manila.api.openstack.wsgi [None req-ac86e159-dcbd-4a4d-84ed-9ba906a9ad17 tempest-MigrationTwoPhaseNFSTest-800639344 tempest-MigrationTwoPhaseNFSTest-800639344-project-admin] Action: 'create', calling method: Controller.__getattribute__..version_select, body: {"share_type": {"name": "tempest-new_share_type_for_migration-564077965", "extra_specs": {"driver_handles_share_servers": false, "storage_protocol": "NFS_CIFS", "snapshot_support": true, "create_share_from_snapshot_support": true}, "share_type_access:is_public": true}} {{(pid=40406) _process_stack /opt/stack/manila/manila/api/openstack/wsgi.py:796}}
Feb 19 02:39:57.300216 np0000156484 devstack@m-api.service[40406]: INFO manila.api.openstack.wsgi [None req-ac86e159-dcbd-4a4d-84ed-9ba906a9ad17 tempest-MigrationTwoPhaseNFSTest-800639344 tempest-MigrationTwoPhaseNFSTest-800639344-project-admin] https://199.19.213.140/share/v2/eed3541f1df84c60b0bf7dcc8ac1d771/types returned with HTTP 200
Feb 19 02:39:57.301148 np0000156484 devstack@m-api.service[40406]: [pid: 40406|app: 0|req: 322/616] 199.19.213.140 () {68 vars in 1404 bytes} [Thu Feb 19 02:39:57 2026] POST /share/v2/eed3541f1df84c60b0bf7dcc8ac1d771/types => generated 857 bytes in 21 msecs (HTTP/1.1 200) 7 headers in 297 bytes (2 switches on core 0)
Feb 19 02:39:57.316339 np0000156484 devstack@m-api.service[40405]: INFO manila.api.openstack.wsgi [None req-4435d058-21fe-4128-9b01-9bd1918e40e2 tempest-MigrationTwoPhaseNFSTest-800639344 tempest-MigrationTwoPhaseNFSTest-800639344-project-admin] POST https://199.19.213.140/share/v2/eed3541f1df84c60b0bf7dcc8ac1d771/types
Feb 19 02:39:57.316339 np0000156484 devstack@m-api.service[40405]: DEBUG manila.api.openstack.wsgi [None req-4435d058-21fe-4128-9b01-9bd1918e40e2 tempest-MigrationTwoPhaseNFSTest-800639344 tempest-MigrationTwoPhaseNFSTest-800639344-project-admin] Action: 'create', calling method: Controller.__getattribute__..version_select, body: {"share_type": {"name": "tempest-new_share_type_for_migration_opposite-1048957750", "extra_specs": {"driver_handles_share_servers": true, "storage_protocol": "NFS_CIFS", "snapshot_support": true}, "share_type_access:is_public": true}} {{(pid=40405) _process_stack /opt/stack/manila/manila/api/openstack/wsgi.py:796}}
Feb 19 02:39:57.333944 np0000156484 devstack@m-api.service[40405]: INFO manila.api.openstack.wsgi [None req-4435d058-21fe-4128-9b01-9bd1918e40e2 tempest-MigrationTwoPhaseNFSTest-800639344 tempest-MigrationTwoPhaseNFSTest-800639344-project-admin] https://199.19.213.140/share/v2/eed3541f1df84c60b0bf7dcc8ac1d771/types returned with HTTP 200
Feb 19 02:39:57.334408 np0000156484 devstack@m-api.service[40405]: [pid: 40405|app: 0|req: 295/617] 199.19.213.140 () {68 vars in 1404 bytes} [Thu Feb 19 02:39:57 2026] POST /share/v2/eed3541f1df84c60b0bf7dcc8ac1d771/types => generated 781 bytes in 23 msecs (HTTP/1.1 200) 7 headers in 297 bytes (1 switches on core 0)
Feb 19 02:39:57.351060 np0000156484 devstack@m-api.service[40406]: INFO manila.api.openstack.wsgi [None req-c8de20d1-14b1-4253-80ed-a70443bed504 tempest-MigrationTwoPhaseNFSTest-800639344 tempest-MigrationTwoPhaseNFSTest-800639344-project-admin] POST https://199.19.213.140/share/v2/eed3541f1df84c60b0bf7dcc8ac1d771/shares
Feb 19 02:39:57.351407 np0000156484 devstack@m-api.service[40406]: DEBUG manila.api.openstack.wsgi [None req-c8de20d1-14b1-4253-80ed-a70443bed504 tempest-MigrationTwoPhaseNFSTest-800639344 tempest-MigrationTwoPhaseNFSTest-800639344-project-admin] Action: 'create', calling method: Controller.__getattribute__..version_select, body: {"share": {"share_proto": "nfs", "description": "Tempest's share", "snapshot_id": null, "name": "tempest-tempest-created-share-662542951", "size": 1, "metadata": {}, "is_public": false, "share_type": "9b5e28de-c20a-44e3-92ac-3d81fcdfbf94"}} {{(pid=40406) _process_stack /opt/stack/manila/manila/api/openstack/wsgi.py:796}}
Feb 19 02:39:57.352495 np0000156484 devstack@m-api.service[40406]: INFO manila.api.v2.shares [None req-c8de20d1-14b1-4253-80ed-a70443bed504 tempest-MigrationTwoPhaseNFSTest-800639344 tempest-MigrationTwoPhaseNFSTest-800639344-project-admin] Create NFS share of 1 GB
Feb 19 02:39:57.432533 np0000156484 devstack@m-api.service[40406]: DEBUG manila.quota [None req-c8de20d1-14b1-4253-80ed-a70443bed504 tempest-MigrationTwoPhaseNFSTest-800639344 tempest-MigrationTwoPhaseNFSTest-800639344-project-admin] Created reservations ['0dcf28a0-4ba5-44dd-a0f4-ca3a59e77dee', '7642d054-1387-4924-a2fe-2f3e5c1bb2b9', '6704371d-f51d-4a0d-98c3-2827a7b871d5', '2cdabb2f-e445-4431-b310-92a6829f5205'] {{(pid=40406) reserve /opt/stack/manila/manila/quota.py:1038}}
Feb 19 02:39:57.470356 np0000156484 devstack@m-api.service[40406]: DEBUG manila.quota [None req-c8de20d1-14b1-4253-80ed-a70443bed504 tempest-MigrationTwoPhaseNFSTest-800639344 tempest-MigrationTwoPhaseNFSTest-800639344-project-admin] Committed reservations ['0dcf28a0-4ba5-44dd-a0f4-ca3a59e77dee', '7642d054-1387-4924-a2fe-2f3e5c1bb2b9', '6704371d-f51d-4a0d-98c3-2827a7b871d5', '2cdabb2f-e445-4431-b310-92a6829f5205'] {{(pid=40406) commit /opt/stack/manila/manila/quota.py:1066}}
Feb 19 02:39:57.518302 np0000156484 devstack@m-api.service[40405]: INFO manila.api.openstack.wsgi [None req-069abba2-3e2f-4ca6-96a6-c352c24a215b tempest-MigrationWithDifferentSnapshotSupportNFSTest-115740485 tempest-MigrationWithDifferentSnapshotSupportNFSTest-115740485-project-admin] GET https://199.19.213.140/share/v2/97d8dafee3df47cc83be5ec859a93f16/shares/20dde227-be83-4b72-be74-9ad66e263c24
Feb 19 02:39:57.518559 np0000156484 devstack@m-api.service[40405]: DEBUG manila.api.openstack.wsgi [None req-069abba2-3e2f-4ca6-96a6-c352c24a215b tempest-MigrationWithDifferentSnapshotSupportNFSTest-115740485 tempest-MigrationWithDifferentSnapshotSupportNFSTest-115740485-project-admin] Empty body provided in request {{(pid=40405) get_body /opt/stack/manila/manila/api/openstack/wsgi.py:652}}
Feb 19 02:39:57.518780 np0000156484 devstack@m-api.service[40405]: DEBUG manila.api.openstack.wsgi [None req-069abba2-3e2f-4ca6-96a6-c352c24a215b tempest-MigrationWithDifferentSnapshotSupportNFSTest-115740485 tempest-MigrationWithDifferentSnapshotSupportNFSTest-115740485-project-admin] Calling method 'ShareMixin.show' {{(pid=40405) _process_stack /opt/stack/manila/manila/api/openstack/wsgi.py:798}}
Feb 19 02:39:57.532194 np0000156484 devstack@m-api.service[40406]: INFO manila.api.openstack.wsgi [None req-c8de20d1-14b1-4253-80ed-a70443bed504 tempest-MigrationTwoPhaseNFSTest-800639344 tempest-MigrationTwoPhaseNFSTest-800639344-project-admin] https://199.19.213.140/share/v2/eed3541f1df84c60b0bf7dcc8ac1d771/shares returned with HTTP 200
Feb 19 02:39:57.532532 np0000156484 devstack@m-api.service[40406]: [pid: 40406|app: 0|req: 323/618] 199.19.213.140 () {68 vars in 1407 bytes} [Thu Feb 19 02:39:57 2026] POST /share/v2/eed3541f1df84c60b0bf7dcc8ac1d771/shares => generated 1418 bytes in 184 msecs (HTTP/1.1 200) 7 headers in 298 bytes (1 switches on core 0)
Feb 19 02:39:57.534458 np0000156484 devstack@m-api.service[40405]: INFO manila.api.openstack.wsgi [None req-069abba2-3e2f-4ca6-96a6-c352c24a215b tempest-MigrationWithDifferentSnapshotSupportNFSTest-115740485 tempest-MigrationWithDifferentSnapshotSupportNFSTest-115740485-project-admin] https://199.19.213.140/share/v2/97d8dafee3df47cc83be5ec859a93f16/shares/20dde227-be83-4b72-be74-9ad66e263c24 returned with HTTP 200
Feb 19 02:39:57.535013 np0000156484 devstack@m-api.service[40405]: [pid: 40405|app: 0|req: 296/619] 199.19.213.140 () {66 vars in 1496 bytes} [Thu Feb 19 02:39:57 2026] GET /share/v2/97d8dafee3df47cc83be5ec859a93f16/shares/20dde227-be83-4b72-be74-9ad66e263c24 => generated 1513 bytes in 19 msecs (HTTP/1.1 200) 7 headers in 298 bytes (1 switches on core 0)
Feb 19 02:39:57.546874 np0000156484 devstack@m-api.service[40406]: INFO manila.api.openstack.wsgi [None req-adb705df-7227-41a6-b3b5-9129e2c03b0d tempest-MigrationTwoPhaseNFSTest-800639344 tempest-MigrationTwoPhaseNFSTest-800639344-project-admin] GET https://199.19.213.140/share/v2/eed3541f1df84c60b0bf7dcc8ac1d771/shares/53a44be4-6249-48b2-886b-71f09c96c9e6
Feb 19 02:39:57.547181 np0000156484 devstack@m-api.service[40406]: DEBUG manila.api.openstack.wsgi [None req-adb705df-7227-41a6-b3b5-9129e2c03b0d tempest-MigrationTwoPhaseNFSTest-800639344 tempest-MigrationTwoPhaseNFSTest-800639344-project-admin] Empty body provided in request {{(pid=40406) get_body /opt/stack/manila/manila/api/openstack/wsgi.py:652}}
Feb 19 02:39:57.547453 np0000156484 devstack@m-api.service[40406]: DEBUG manila.api.openstack.wsgi [None req-adb705df-7227-41a6-b3b5-9129e2c03b0d tempest-MigrationTwoPhaseNFSTest-800639344 tempest-MigrationTwoPhaseNFSTest-800639344-project-admin] Calling method 'ShareMixin.show' {{(pid=40406) _process_stack /opt/stack/manila/manila/api/openstack/wsgi.py:798}}
Feb 19 02:39:57.566012 np0000156484 devstack@m-api.service[40406]: INFO manila.api.openstack.wsgi [None req-adb705df-7227-41a6-b3b5-9129e2c03b0d tempest-MigrationTwoPhaseNFSTest-800639344 tempest-MigrationTwoPhaseNFSTest-800639344-project-admin] https://199.19.213.140/share/v2/eed3541f1df84c60b0bf7dcc8ac1d771/shares/53a44be4-6249-48b2-886b-71f09c96c9e6 returned with HTTP 200
Feb 19 02:39:57.566395 np0000156484 devstack@m-api.service[40406]: [pid: 40406|app: 0|req: 324/620] 199.19.213.140 () {66 vars in 1496 bytes} [Thu Feb 19 02:39:57 2026] GET /share/v2/eed3541f1df84c60b0bf7dcc8ac1d771/shares/53a44be4-6249-48b2-886b-71f09c96c9e6 => generated 1418 bytes in 22 msecs (HTTP/1.1 200) 7 headers in 298 bytes (1 switches on core 0)
Feb 19 02:39:57.682278 np0000156484 devstack@m-api.service[40405]: INFO manila.api.openstack.wsgi [None req-d4a5b0bb-8a2c-449d-a62b-1cffd3c99318 tempest-MigrationCancelNFSTest-1101008603 tempest-MigrationCancelNFSTest-1101008603-project-admin] GET https://199.19.213.140/share/v2/4d2a980305ea4e58ba7da3025b2675fe/shares/6c263e7f-2351-44df-a575-67f94a24aa1e
Feb 19 02:39:57.683009 np0000156484 devstack@m-api.service[40405]: DEBUG manila.api.openstack.wsgi [None req-d4a5b0bb-8a2c-449d-a62b-1cffd3c99318 tempest-MigrationCancelNFSTest-1101008603 tempest-MigrationCancelNFSTest-1101008603-project-admin] Empty body provided in request {{(pid=40405) get_body /opt/stack/manila/manila/api/openstack/wsgi.py:652}}
Feb 19 02:39:57.683297 np0000156484 devstack@m-api.service[40405]: DEBUG manila.api.openstack.wsgi [None req-d4a5b0bb-8a2c-449d-a62b-1cffd3c99318 tempest-MigrationCancelNFSTest-1101008603 tempest-MigrationCancelNFSTest-1101008603-project-admin] Calling method 'ShareMixin.show' {{(pid=40405) _process_stack /opt/stack/manila/manila/api/openstack/wsgi.py:798}}
Feb 19 02:39:57.699659 np0000156484 devstack@m-api.service[40405]: INFO manila.api.openstack.wsgi [None req-d4a5b0bb-8a2c-449d-a62b-1cffd3c99318 tempest-MigrationCancelNFSTest-1101008603 tempest-MigrationCancelNFSTest-1101008603-project-admin] https://199.19.213.140/share/v2/4d2a980305ea4e58ba7da3025b2675fe/shares/6c263e7f-2351-44df-a575-67f94a24aa1e returned with HTTP 200
Feb 19 02:39:57.700005 np0000156484 devstack@m-api.service[40405]: [pid: 40405|app: 0|req: 297/621] 199.19.213.140 () {66 vars in 1496 bytes} [Thu Feb 19 02:39:57 2026] GET /share/v2/4d2a980305ea4e58ba7da3025b2675fe/shares/6c263e7f-2351-44df-a575-67f94a24aa1e => generated 1497 bytes in 22 msecs (HTTP/1.1 200) 7 headers in 298 bytes (1 switches on core 0)
Feb 19 02:39:57.851560 np0000156484 devstack@m-api.service[40406]: INFO manila.api.openstack.wsgi [None req-1515b6f1-2c16-4411-a0ad-d61472c6a7ea tempest-MigrationWithShareExtendingNFSTest-1172899060 tempest-MigrationWithShareExtendingNFSTest-1172899060-project-admin] GET https://199.19.213.140/share/v2/9115f27f33174c608dbe283bbe758823/shares/3002b8d9-3b04-432c-a912-4aa2b17afbd3
Feb 19 02:39:57.851958 np0000156484 devstack@m-api.service[40406]: DEBUG manila.api.openstack.wsgi [None req-1515b6f1-2c16-4411-a0ad-d61472c6a7ea tempest-MigrationWithShareExtendingNFSTest-1172899060 tempest-MigrationWithShareExtendingNFSTest-1172899060-project-admin] Empty body provided in request {{(pid=40406) get_body /opt/stack/manila/manila/api/openstack/wsgi.py:652}}
Feb 19 02:39:57.852352 np0000156484 devstack@m-api.service[40406]: DEBUG manila.api.openstack.wsgi [None req-1515b6f1-2c16-4411-a0ad-d61472c6a7ea tempest-MigrationWithShareExtendingNFSTest-1172899060 tempest-MigrationWithShareExtendingNFSTest-1172899060-project-admin] Calling method 'ShareMixin.show' {{(pid=40406) _process_stack /opt/stack/manila/manila/api/openstack/wsgi.py:798}}
Feb 19 02:39:57.866589 np0000156484 devstack@m-api.service[40406]: INFO manila.api.openstack.wsgi [None req-1515b6f1-2c16-4411-a0ad-d61472c6a7ea tempest-MigrationWithShareExtendingNFSTest-1172899060 tempest-MigrationWithShareExtendingNFSTest-1172899060-project-admin] https://199.19.213.140/share/v2/9115f27f33174c608dbe283bbe758823/shares/3002b8d9-3b04-432c-a912-4aa2b17afbd3 returned with HTTP 200
Feb 19 02:39:57.866925 np0000156484 devstack@m-api.service[40406]: [pid: 40406|app: 0|req: 325/622] 199.19.213.140 () {66 vars in 1496 bytes} [Thu Feb 19 02:39:57 2026] GET /share/v2/9115f27f33174c608dbe283bbe758823/shares/3002b8d9-3b04-432c-a912-4aa2b17afbd3 => generated 1495 bytes in 19 msecs (HTTP/1.1 200) 7 headers in 298 bytes (1 switches on core 0)
Feb 19 02:39:57.926300 np0000156484 devstack@m-api.service[40405]: INFO manila.api.openstack.wsgi [None req-9464407b-8cb3-4383-ac38-fcf7b055a467 tempest-AccessRulesMetadataTest-1596626470 tempest-AccessRulesMetadataTest-1596626470-project-member] GET https://199.19.213.140/share/v2/001f85d472d942589ac1bad4cc54b19d/share-access-rules?share_id=a8212d34-8f68-49d6-a456-71b201a94e86
Feb 19 02:39:57.926557 np0000156484 devstack@m-api.service[40405]: DEBUG manila.api.openstack.wsgi [None req-9464407b-8cb3-4383-ac38-fcf7b055a467 tempest-AccessRulesMetadataTest-1596626470 tempest-AccessRulesMetadataTest-1596626470-project-member] Empty body provided in request {{(pid=40405) get_body /opt/stack/manila/manila/api/openstack/wsgi.py:652}}
Feb 19 02:39:57.926775 np0000156484 devstack@m-api.service[40405]: DEBUG manila.api.openstack.wsgi [None req-9464407b-8cb3-4383-ac38-fcf7b055a467 tempest-AccessRulesMetadataTest-1596626470 tempest-AccessRulesMetadataTest-1596626470-project-member] Calling method 'Controller.__getattribute__..version_select' {{(pid=40405) _process_stack /opt/stack/manila/manila/api/openstack/wsgi.py:798}}
Feb 19 02:39:57.954460 np0000156484 devstack@m-api.service[40405]: DEBUG manila.lock.api [None req-9464407b-8cb3-4383-ac38-fcf7b055a467 tempest-AccessRulesMetadataTest-1596626470 tempest-AccessRulesMetadataTest-1596626470-project-member] Searching for locks by: {'resource_id': '07e1373f-8adf-4609-ac2c-be85494403b4', 'resource_action': 'show', 'resource_type': 'access_rule', 'all_projects': True} {{(pid=40405) get_all /opt/stack/manila/manila/lock/api.py:112}}
Feb 19 02:39:57.959414 np0000156484 devstack@m-api.service[40405]: INFO manila.api.openstack.wsgi [None req-9464407b-8cb3-4383-ac38-fcf7b055a467 tempest-AccessRulesMetadataTest-1596626470 tempest-AccessRulesMetadataTest-1596626470-project-member] https://199.19.213.140/share/v2/001f85d472d942589ac1bad4cc54b19d/share-access-rules?share_id=a8212d34-8f68-49d6-a456-71b201a94e86 returned with HTTP 200
Feb 19 02:39:57.959801 np0000156484 devstack@m-api.service[40405]: [pid: 40405|app: 0|req: 298/623] 199.19.213.140 () {66 vars in 1512 bytes} [Thu Feb 19 02:39:57 2026] GET /share/v2/001f85d472d942589ac1bad4cc54b19d/share-access-rules?share_id=a8212d34-8f68-49d6-a456-71b201a94e86 => generated 341 bytes in 39 msecs (HTTP/1.1 200) 7 headers in 297 bytes (1 switches on core 0)
Feb 19 02:39:57.970862 np0000156484 devstack@m-api.service[40406]: INFO manila.api.openstack.wsgi [None req-82a93f55-15fa-4533-87b2-5780ce30be35 tempest-AccessRulesMetadataTest-1596626470 tempest-AccessRulesMetadataTest-1596626470-project-member] POST https://199.19.213.140/share/v2/001f85d472d942589ac1bad4cc54b19d/shares/a8212d34-8f68-49d6-a456-71b201a94e86/action
Feb 19 02:39:57.970995 np0000156484 devstack@m-api.service[40406]: DEBUG manila.api.openstack.wsgi [None req-82a93f55-15fa-4533-87b2-5780ce30be35 tempest-AccessRulesMetadataTest-1596626470 tempest-AccessRulesMetadataTest-1596626470-project-member] Action body: b'{"allow_access": {"access_type": "ip", "access_to": "2001:0DB8:ead8:671:c1b9:2b6a:837b:a984", "access_level": "rw", "metadata": {"key3": "v3", "key4": "value4"}}}' {{(pid=40406) get_method /opt/stack/manila/manila/api/openstack/wsgi.py:912}}
Feb 19 02:39:57.971176 np0000156484 devstack@m-api.service[40406]: DEBUG manila.api.openstack.wsgi [None req-82a93f55-15fa-4533-87b2-5780ce30be35 tempest-AccessRulesMetadataTest-1596626470 tempest-AccessRulesMetadataTest-1596626470-project-member] Action: 'action', calling method: ShareController.allow_access, body: {"allow_access": {"access_type": "ip", "access_to": "2001:0DB8:ead8:671:c1b9:2b6a:837b:a984", "access_level": "rw", "metadata": {"key3": "v3", "key4": "value4"}}} {{(pid=40406) _process_stack /opt/stack/manila/manila/api/openstack/wsgi.py:796}}
Feb 19 02:39:58.015070 np0000156484 devstack@m-api.service[40406]: DEBUG oslo_concurrency.lockutils [None req-82a93f55-15fa-4533-87b2-5780ce30be35 tempest-AccessRulesMetadataTest-1596626470 tempest-AccessRulesMetadataTest-1596626470-project-member] Acquiring lock "locked_access_rules_operation_by_share_instance_0add689b-d82c-43f8-8353-ccc9379f9272" by "manila.share.access.locked_access_rules_operation..wrapped..locked_operation" {{(pid=40406) inner /opt/stack/data/venv/lib/python3.12/site-packages/oslo_concurrency/lockutils.py:506}}
Feb 19 02:39:58.015399 np0000156484 devstack@m-api.service[40406]: DEBUG oslo_concurrency.lockutils [None req-82a93f55-15fa-4533-87b2-5780ce30be35 tempest-AccessRulesMetadataTest-1596626470 tempest-AccessRulesMetadataTest-1596626470-project-member] Lock "locked_access_rules_operation_by_share_instance_0add689b-d82c-43f8-8353-ccc9379f9272" acquired by "manila.share.access.locked_access_rules_operation..wrapped..locked_operation" :: waited 0.000s {{(pid=40406) inner /opt/stack/data/venv/lib/python3.12/site-packages/oslo_concurrency/lockutils.py:519}}
Feb 19 02:39:58.087140 np0000156484 devstack@m-api.service[40406]: DEBUG oslo_concurrency.lockutils [None req-82a93f55-15fa-4533-87b2-5780ce30be35 tempest-AccessRulesMetadataTest-1596626470 tempest-AccessRulesMetadataTest-1596626470-project-member] Lock "locked_access_rules_operation_by_share_instance_0add689b-d82c-43f8-8353-ccc9379f9272" "released" by "manila.share.access.locked_access_rules_operation..wrapped..locked_operation" :: held 0.072s {{(pid=40406) inner /opt/stack/data/venv/lib/python3.12/site-packages/oslo_concurrency/lockutils.py:538}}
Feb 19 02:39:58.089123 np0000156484 devstack@m-api.service[40406]: INFO manila.api.openstack.wsgi [None req-82a93f55-15fa-4533-87b2-5780ce30be35 tempest-AccessRulesMetadataTest-1596626470 tempest-AccessRulesMetadataTest-1596626470-project-member] https://199.19.213.140/share/v2/001f85d472d942589ac1bad4cc54b19d/shares/a8212d34-8f68-49d6-a456-71b201a94e86/action returned with HTTP 200
Feb 19 02:39:58.089514 np0000156484 devstack@m-api.service[40406]: [pid: 40406|app: 0|req: 326/624] 199.19.213.140 () {68 vars in 1539 bytes} [Thu Feb 19 02:39:57 2026] POST /share/v2/001f85d472d942589ac1bad4cc54b19d/shares/a8212d34-8f68-49d6-a456-71b201a94e86/action => generated 366 bytes in 122 msecs (HTTP/1.1 200) 7 headers in 297 bytes (1 switches on core 0)
Feb 19 02:39:58.104750 np0000156484 devstack@m-api.service[40405]: INFO manila.api.openstack.wsgi [None req-0d92e7d1-4c32-4dee-b771-436dd47692ab tempest-AdminActionsNegativeTest-1452164957 tempest-AdminActionsNegativeTest-1452164957-project-admin] GET https://199.19.213.140/share/v2/54fd080efa6840f784d878ecf3cc7d12/shares/beb09ba7-f53e-4858-8076-dcf9585f36de
Feb 19 02:39:58.105022 np0000156484 devstack@m-api.service[40405]: DEBUG manila.api.openstack.wsgi [None req-0d92e7d1-4c32-4dee-b771-436dd47692ab tempest-AdminActionsNegativeTest-1452164957 tempest-AdminActionsNegativeTest-1452164957-project-admin] Empty body provided in request {{(pid=40405) get_body /opt/stack/manila/manila/api/openstack/wsgi.py:652}}
Feb 19 02:39:58.105256 np0000156484 devstack@m-api.service[40405]: DEBUG manila.api.openstack.wsgi [None req-0d92e7d1-4c32-4dee-b771-436dd47692ab tempest-AdminActionsNegativeTest-1452164957 tempest-AdminActionsNegativeTest-1452164957-project-admin] Calling method 'ShareMixin.show' {{(pid=40405) _process_stack /opt/stack/manila/manila/api/openstack/wsgi.py:798}}
Feb 19 02:39:58.110110 np0000156484 devstack@m-api.service[40406]: INFO manila.api.openstack.wsgi [None req-08fe6ebe-433b-4a5e-82d4-408f5a0ff4eb tempest-AccessRulesMetadataTest-1596626470 tempest-AccessRulesMetadataTest-1596626470-project-member] GET https://199.19.213.140/share/v2/001f85d472d942589ac1bad4cc54b19d/share-access-rules?share_id=a8212d34-8f68-49d6-a456-71b201a94e86
Feb 19 02:39:58.110428 np0000156484 devstack@m-api.service[40406]: DEBUG manila.api.openstack.wsgi [None req-08fe6ebe-433b-4a5e-82d4-408f5a0ff4eb tempest-AccessRulesMetadataTest-1596626470 tempest-AccessRulesMetadataTest-1596626470-project-member] Empty body provided in request {{(pid=40406) get_body /opt/stack/manila/manila/api/openstack/wsgi.py:652}}
Feb 19 02:39:58.110761 np0000156484 devstack@m-api.service[40406]: DEBUG manila.api.openstack.wsgi [None req-08fe6ebe-433b-4a5e-82d4-408f5a0ff4eb tempest-AccessRulesMetadataTest-1596626470 tempest-AccessRulesMetadataTest-1596626470-project-member] Calling method 'Controller.__getattribute__..version_select' {{(pid=40406) _process_stack /opt/stack/manila/manila/api/openstack/wsgi.py:798}}
Feb 19 02:39:58.110838 np0000156484 devstack@m-api.service[40405]: INFO manila.api.openstack.wsgi [None req-0d92e7d1-4c32-4dee-b771-436dd47692ab tempest-AdminActionsNegativeTest-1452164957 tempest-AdminActionsNegativeTest-1452164957-project-admin] HTTP exception thrown: The resource could not be found.
Feb 19 02:39:58.111031 np0000156484 devstack@m-api.service[40405]: INFO manila.api.openstack.wsgi [None req-0d92e7d1-4c32-4dee-b771-436dd47692ab tempest-AdminActionsNegativeTest-1452164957 tempest-AdminActionsNegativeTest-1452164957-project-admin] https://199.19.213.140/share/v2/54fd080efa6840f784d878ecf3cc7d12/shares/beb09ba7-f53e-4858-8076-dcf9585f36de returned with HTTP 404
Feb 19 02:39:58.111612 np0000156484 devstack@m-api.service[40405]: [pid: 40405|app: 0|req: 299/625] 199.19.213.140 () {66 vars in 1496 bytes} [Thu Feb 19 02:39:58 2026] GET /share/v2/54fd080efa6840f784d878ecf3cc7d12/shares/beb09ba7-f53e-4858-8076-dcf9585f36de => generated 78 bytes in 9 msecs (HTTP/1.1 404) 7 headers in 303 bytes (1 switches on core 0)
Feb 19 02:39:58.126498 np0000156484 devstack@m-api.service[40405]: INFO manila.api.openstack.wsgi [None req-70158a4c-8c29-42cf-a2c5-d3d11d59d97a tempest-AdminActionsNegativeTest-1452164957 tempest-AdminActionsNegativeTest-1452164957-project-admin] GET https://199.19.213.140/share/v2/54fd080efa6840f784d878ecf3cc7d12/shares?share_type_id=7dd5345c-bb88-4786-aaa8-519ab9006722
Feb 19 02:39:58.127429 np0000156484 devstack@m-api.service[40405]: DEBUG manila.api.openstack.wsgi [None req-70158a4c-8c29-42cf-a2c5-d3d11d59d97a tempest-AdminActionsNegativeTest-1452164957 tempest-AdminActionsNegativeTest-1452164957-project-admin] Empty body provided in request {{(pid=40405) get_body /opt/stack/manila/manila/api/openstack/wsgi.py:652}}
Feb 19 02:39:58.127429 np0000156484 devstack@m-api.service[40405]: DEBUG manila.api.openstack.wsgi [None req-70158a4c-8c29-42cf-a2c5-d3d11d59d97a tempest-AdminActionsNegativeTest-1452164957 tempest-AdminActionsNegativeTest-1452164957-project-admin] Calling method 'Controller.__getattribute__..version_select' {{(pid=40405) _process_stack /opt/stack/manila/manila/api/openstack/wsgi.py:798}}
Feb 19 02:39:58.127650 np0000156484 devstack@m-api.service[40405]: DEBUG manila.share.api [None req-70158a4c-8c29-42cf-a2c5-d3d11d59d97a tempest-AdminActionsNegativeTest-1452164957 tempest-AdminActionsNegativeTest-1452164957-project-admin] Searching for shares by: {'share_type_id': '7dd5345c-bb88-4786-aaa8-519ab9006722'} {{(pid=40405) _get_all /opt/stack/manila/manila/share/api.py:2372}}
Feb 19 02:39:58.134966 np0000156484 devstack@m-api.service[40405]: INFO manila.api.openstack.wsgi [None req-70158a4c-8c29-42cf-a2c5-d3d11d59d97a tempest-AdminActionsNegativeTest-1452164957 tempest-AdminActionsNegativeTest-1452164957-project-admin] https://199.19.213.140/share/v2/54fd080efa6840f784d878ecf3cc7d12/shares?share_type_id=7dd5345c-bb88-4786-aaa8-519ab9006722 returned with HTTP 200
Feb 19 02:39:58.135326 np0000156484 devstack@m-api.service[40405]: [pid: 40405|app: 0|req: 300/626] 199.19.213.140 () {66 vars in 1486 bytes} [Thu Feb 19 02:39:58 2026] GET /share/v2/54fd080efa6840f784d878ecf3cc7d12/shares?share_type_id=7dd5345c-bb88-4786-aaa8-519ab9006722 => generated 14 bytes in 12 msecs (HTTP/1.1 200) 7 headers in 296 bytes (1 switches on core 0)
Feb 19 02:39:58.146625 np0000156484 devstack@m-api.service[40405]: INFO manila.api.openstack.wsgi [None req-6ef35737-3433-4204-8854-c3f014abe00f tempest-AdminActionsNegativeTest-1452164957 tempest-AdminActionsNegativeTest-1452164957-project-admin] DELETE https://199.19.213.140/share/v2/54fd080efa6840f784d878ecf3cc7d12/types/7dd5345c-bb88-4786-aaa8-519ab9006722
Feb 19 02:39:58.146884 np0000156484 devstack@m-api.service[40405]: DEBUG manila.api.openstack.wsgi [None req-6ef35737-3433-4204-8854-c3f014abe00f tempest-AdminActionsNegativeTest-1452164957 tempest-AdminActionsNegativeTest-1452164957-project-admin] Empty body provided in request {{(pid=40405) get_body /opt/stack/manila/manila/api/openstack/wsgi.py:652}}
Feb 19 02:39:58.147156 np0000156484 devstack@m-api.service[40405]: DEBUG manila.api.openstack.wsgi [None req-6ef35737-3433-4204-8854-c3f014abe00f tempest-AdminActionsNegativeTest-1452164957 tempest-AdminActionsNegativeTest-1452164957-project-admin] Calling method 'ShareTypesController._delete' {{(pid=40405) _process_stack /opt/stack/manila/manila/api/openstack/wsgi.py:798}}
Feb 19 02:39:58.173107 np0000156484 devstack@m-api.service[40406]: DEBUG manila.lock.api [None req-08fe6ebe-433b-4a5e-82d4-408f5a0ff4eb tempest-AccessRulesMetadataTest-1596626470 tempest-AccessRulesMetadataTest-1596626470-project-member] Searching for locks by: {'resource_id': '07e1373f-8adf-4609-ac2c-be85494403b4', 'resource_action': 'show', 'resource_type': 'access_rule', 'all_projects': True} {{(pid=40406) get_all /opt/stack/manila/manila/lock/api.py:112}}
Feb 19 02:39:58.175616 np0000156484 devstack@m-api.service[40405]: INFO manila.api.openstack.wsgi [None req-6ef35737-3433-4204-8854-c3f014abe00f tempest-AdminActionsNegativeTest-1452164957 tempest-AdminActionsNegativeTest-1452164957-project-admin] https://199.19.213.140/share/v2/54fd080efa6840f784d878ecf3cc7d12/types/7dd5345c-bb88-4786-aaa8-519ab9006722 returned with HTTP 202
Feb 19 02:39:58.176334 np0000156484 devstack@m-api.service[40405]: [pid: 40405|app: 0|req: 301/627] 199.19.213.140 () {66 vars in 1496 bytes} [Thu Feb 19 02:39:58 2026] DELETE /share/v2/54fd080efa6840f784d878ecf3cc7d12/types/7dd5345c-bb88-4786-aaa8-519ab9006722 => generated 0 bytes in 32 msecs (HTTP/1.1 202) 7 headers in 309 bytes (2 switches on core 0)
Feb 19 02:39:58.181120 np0000156484 devstack@m-api.service[40406]: DEBUG manila.lock.api [None req-08fe6ebe-433b-4a5e-82d4-408f5a0ff4eb tempest-AccessRulesMetadataTest-1596626470 tempest-AccessRulesMetadataTest-1596626470-project-member] Searching for locks by: {'resource_id': 'ca82f861-00fb-4eeb-96f9-b12c1d904a39', 'resource_action': 'show', 'resource_type': 'access_rule', 'all_projects': True} {{(pid=40406) get_all /opt/stack/manila/manila/lock/api.py:112}}
Feb 19 02:39:58.185164 np0000156484 devstack@m-api.service[40406]: INFO manila.api.openstack.wsgi [None req-08fe6ebe-433b-4a5e-82d4-408f5a0ff4eb tempest-AccessRulesMetadataTest-1596626470 tempest-AccessRulesMetadataTest-1596626470-project-member] https://199.19.213.140/share/v2/001f85d472d942589ac1bad4cc54b19d/share-access-rules?share_id=a8212d34-8f68-49d6-a456-71b201a94e86 returned with HTTP 200
Feb 19 02:39:58.186573 np0000156484 devstack@m-api.service[40406]: [pid: 40406|app: 0|req: 327/628] 199.19.213.140 () {66 vars in 1512 bytes} [Thu Feb 19 02:39:58 2026] GET /share/v2/001f85d472d942589ac1bad4cc54b19d/share-access-rules?share_id=a8212d34-8f68-49d6-a456-71b201a94e86 => generated 645 bytes in 81 msecs (HTTP/1.1 200) 7 headers in 297 bytes (1 switches on core 0)
Feb 19 02:39:58.191698 np0000156484 devstack@m-api.service[40405]: INFO manila.api.openstack.wsgi [None req-2a45a942-6303-43ef-86c6-ff72417059c8 tempest-AdminActionsNegativeTest-1452164957 tempest-AdminActionsNegativeTest-1452164957-project-admin] GET https://199.19.213.140/share/v2/54fd080efa6840f784d878ecf3cc7d12/types/7dd5345c-bb88-4786-aaa8-519ab9006722
Feb 19 02:39:58.191881 np0000156484 devstack@m-api.service[40405]: DEBUG manila.api.openstack.wsgi [None req-2a45a942-6303-43ef-86c6-ff72417059c8 tempest-AdminActionsNegativeTest-1452164957 tempest-AdminActionsNegativeTest-1452164957-project-admin] Empty body provided in request {{(pid=40405) get_body /opt/stack/manila/manila/api/openstack/wsgi.py:652}}
Feb 19 02:39:58.192169 np0000156484 devstack@m-api.service[40405]: DEBUG manila.api.openstack.wsgi [None req-2a45a942-6303-43ef-86c6-ff72417059c8 tempest-AdminActionsNegativeTest-1452164957 tempest-AdminActionsNegativeTest-1452164957-project-admin] Calling method 'ShareTypesController.show' {{(pid=40405) _process_stack /opt/stack/manila/manila/api/openstack/wsgi.py:798}}
Feb 19 02:39:58.196976 np0000156484 devstack@m-api.service[40405]: INFO manila.api.openstack.wsgi [None req-2a45a942-6303-43ef-86c6-ff72417059c8 tempest-AdminActionsNegativeTest-1452164957 tempest-AdminActionsNegativeTest-1452164957-project-admin] HTTP exception thrown: Share type not found.
Feb 19 02:39:58.197195 np0000156484 devstack@m-api.service[40405]: INFO manila.api.openstack.wsgi [None req-2a45a942-6303-43ef-86c6-ff72417059c8 tempest-AdminActionsNegativeTest-1452164957 tempest-AdminActionsNegativeTest-1452164957-project-admin] https://199.19.213.140/share/v2/54fd080efa6840f784d878ecf3cc7d12/types/7dd5345c-bb88-4786-aaa8-519ab9006722 returned with HTTP 404
Feb 19 02:39:58.197834 np0000156484 devstack@m-api.service[40405]: [pid: 40405|app: 0|req: 302/629] 199.19.213.140 () {66 vars in 1493 bytes} [Thu Feb 19 02:39:58 2026] GET /share/v2/54fd080efa6840f784d878ecf3cc7d12/types/7dd5345c-bb88-4786-aaa8-519ab9006722 => generated 67 bytes in 10 msecs (HTTP/1.1 404) 7 headers in 303 bytes (1 switches on core 0)
Feb 19 02:39:58.317749 np0000156484 devstack@m-api.service[40406]: INFO manila.api.openstack.wsgi [None req-4ea23ea9-a2f0-4004-8f2f-f33ef8c2341a tempest-MigrationNegativeTest-1654195191 tempest-MigrationNegativeTest-1654195191-project-admin] GET https://199.19.213.140/share/v2/8f5208b8b5c5442788d692c2c485c928/snapshots/4414e514-8dcc-4745-969b-ab0955692ff0
Feb 19 02:39:58.318185 np0000156484 devstack@m-api.service[40406]: DEBUG manila.api.openstack.wsgi [None req-4ea23ea9-a2f0-4004-8f2f-f33ef8c2341a tempest-MigrationNegativeTest-1654195191 tempest-MigrationNegativeTest-1654195191-project-admin] Empty body provided in request {{(pid=40406) get_body /opt/stack/manila/manila/api/openstack/wsgi.py:652}}
Feb 19 02:39:58.318234 np0000156484 devstack@m-api.service[40406]: DEBUG manila.api.openstack.wsgi [None req-4ea23ea9-a2f0-4004-8f2f-f33ef8c2341a tempest-MigrationNegativeTest-1654195191 tempest-MigrationNegativeTest-1654195191-project-admin] Calling method 'ShareSnapshotMixin.show' {{(pid=40406) _process_stack /opt/stack/manila/manila/api/openstack/wsgi.py:798}}
Feb 19 02:39:58.326131 np0000156484 devstack@m-api.service[40406]: INFO manila.api.openstack.wsgi [None req-4ea23ea9-a2f0-4004-8f2f-f33ef8c2341a tempest-MigrationNegativeTest-1654195191 tempest-MigrationNegativeTest-1654195191-project-admin] HTTP exception thrown: The resource could not be found.
Feb 19 02:39:58.326258 np0000156484 devstack@m-api.service[40406]: INFO manila.api.openstack.wsgi [None req-4ea23ea9-a2f0-4004-8f2f-f33ef8c2341a tempest-MigrationNegativeTest-1654195191 tempest-MigrationNegativeTest-1654195191-project-admin] https://199.19.213.140/share/v2/8f5208b8b5c5442788d692c2c485c928/snapshots/4414e514-8dcc-4745-969b-ab0955692ff0 returned with HTTP 404
Feb 19 02:39:58.326668 np0000156484 devstack@m-api.service[40406]: [pid: 40406|app: 0|req: 328/630] 199.19.213.140 () {66 vars in 1505 bytes} [Thu Feb 19 02:39:58 2026] GET /share/v2/8f5208b8b5c5442788d692c2c485c928/snapshots/4414e514-8dcc-4745-969b-ab0955692ff0 => generated 78 bytes in 12 msecs (HTTP/1.1 404) 7 headers in 303 bytes (1 switches on core 0)
Feb 19 02:39:58.338581 np0000156484 devstack@m-api.service[40405]: INFO manila.api.openstack.wsgi [None req-836fcc98-7e38-49d9-8d0e-2ec8947a491c tempest-MigrationNegativeTest-1654195191 tempest-MigrationNegativeTest-1654195191-project-admin] POST https://199.19.213.140/share/v2/8f5208b8b5c5442788d692c2c485c928/shares/ec903078-d235-4a03-afc6-0a7c5e2b42ea/action
Feb 19 02:39:58.338896 np0000156484 devstack@m-api.service[40405]: DEBUG manila.api.openstack.wsgi [None req-836fcc98-7e38-49d9-8d0e-2ec8947a491c tempest-MigrationNegativeTest-1654195191 tempest-MigrationNegativeTest-1654195191-project-admin] Action body: b'{"migration_cancel": null}' {{(pid=40405) get_method /opt/stack/manila/manila/api/openstack/wsgi.py:912}}
Feb 19 02:39:58.338995 np0000156484 devstack@m-api.service[40405]: DEBUG manila.api.openstack.wsgi [None req-836fcc98-7e38-49d9-8d0e-2ec8947a491c tempest-MigrationNegativeTest-1654195191 tempest-MigrationNegativeTest-1654195191-project-admin] Action: 'action', calling method: Controller.__getattribute__..version_select, body: {"migration_cancel": null} {{(pid=40405) _process_stack /opt/stack/manila/manila/api/openstack/wsgi.py:796}}
Feb 19 02:39:58.356365 np0000156484 devstack@m-api.service[40405]: ERROR manila.share.api [None req-836fcc98-7e38-49d9-8d0e-2ec8947a491c tempest-MigrationNegativeTest-1654195191 tempest-MigrationNegativeTest-1654195191-project-admin] Migration of share ec903078-d235-4a03-afc6-0a7c5e2b42ea has already completed.
Feb 19 02:39:58.356499 np0000156484 devstack@m-api.service[40405]: INFO manila.api.openstack.wsgi [None req-836fcc98-7e38-49d9-8d0e-2ec8947a491c tempest-MigrationNegativeTest-1654195191 tempest-MigrationNegativeTest-1654195191-project-admin] https://199.19.213.140/share/v2/8f5208b8b5c5442788d692c2c485c928/shares/ec903078-d235-4a03-afc6-0a7c5e2b42ea/action returned with HTTP 400
Feb 19 02:39:58.357036 np0000156484 devstack@m-api.service[40405]: [pid: 40405|app: 0|req: 303/631] 199.19.213.140 () {70 vars in 1586 bytes} [Thu Feb 19 02:39:58 2026] POST /share/v2/8f5208b8b5c5442788d692c2c485c928/shares/ec903078-d235-4a03-afc6-0a7c5e2b42ea/action => generated 137 bytes in 21 msecs (HTTP/1.1 400) 8 headers in 349 bytes (1 switches on core 0)
Feb 19 02:39:58.369483 np0000156484 devstack@m-api.service[40406]: INFO manila.api.openstack.wsgi [None req-3148ba66-1223-441e-9ba8-cd1c295937a6 tempest-MigrationNegativeTest-1654195191 tempest-MigrationNegativeTest-1654195191-project-admin] POST https://199.19.213.140/share/v2/8f5208b8b5c5442788d692c2c485c928/shares/invalid_share_id/action
Feb 19 02:39:58.369785 np0000156484 devstack@m-api.service[40406]: DEBUG manila.api.openstack.wsgi [None req-3148ba66-1223-441e-9ba8-cd1c295937a6 tempest-MigrationNegativeTest-1654195191 tempest-MigrationNegativeTest-1654195191-project-admin] Action body: b'{"migration_cancel": null}' {{(pid=40406) get_method /opt/stack/manila/manila/api/openstack/wsgi.py:912}}
Feb 19 02:39:58.369890 np0000156484 devstack@m-api.service[40406]: DEBUG manila.api.openstack.wsgi [None req-3148ba66-1223-441e-9ba8-cd1c295937a6 tempest-MigrationNegativeTest-1654195191 tempest-MigrationNegativeTest-1654195191-project-admin] Action: 'action', calling method: Controller.__getattribute__..version_select, body: {"migration_cancel": null} {{(pid=40406) _process_stack /opt/stack/manila/manila/api/openstack/wsgi.py:796}}
Feb 19 02:39:58.374794 np0000156484 devstack@m-api.service[40406]: INFO manila.api.openstack.wsgi [None req-3148ba66-1223-441e-9ba8-cd1c295937a6 tempest-MigrationNegativeTest-1654195191 tempest-MigrationNegativeTest-1654195191-project-admin] HTTP exception thrown: Share invalid_share_id not found.
Feb 19 02:39:58.374917 np0000156484 devstack@m-api.service[40406]: INFO manila.api.openstack.wsgi [None req-3148ba66-1223-441e-9ba8-cd1c295937a6 tempest-MigrationNegativeTest-1654195191 tempest-MigrationNegativeTest-1654195191-project-admin] https://199.19.213.140/share/v2/8f5208b8b5c5442788d692c2c485c928/shares/invalid_share_id/action returned with HTTP 404
Feb 19 02:39:58.375317 np0000156484 devstack@m-api.service[40406]: [pid: 40406|app: 0|req: 329/632] 199.19.213.140 () {70 vars in 1526 bytes} [Thu Feb 19 02:39:58 2026] POST /share/v2/8f5208b8b5c5442788d692c2c485c928/shares/invalid_share_id/action => generated 79 bytes in 8 msecs (HTTP/1.1 404) 8 headers in 346 bytes (2 switches on core 0)
Feb 19 02:39:58.386112 np0000156484 devstack@m-api.service[40405]: INFO manila.api.openstack.wsgi [None req-3fa8d807-93aa-468d-b4c2-d96f4e6939f7 tempest-MigrationNegativeTest-1654195191 tempest-MigrationNegativeTest-1654195191-project-admin] POST https://199.19.213.140/share/v2/8f5208b8b5c5442788d692c2c485c928/shares/ec903078-d235-4a03-afc6-0a7c5e2b42ea/action
Feb 19 02:39:58.386567 np0000156484 devstack@m-api.service[40405]: DEBUG manila.api.openstack.wsgi [None req-3fa8d807-93aa-468d-b4c2-d96f4e6939f7 tempest-MigrationNegativeTest-1654195191 tempest-MigrationNegativeTest-1654195191-project-admin] Action body: b'{"migration_complete": null}' {{(pid=40405) get_method /opt/stack/manila/manila/api/openstack/wsgi.py:912}}
