Feb 19 02:40:04.337163 np0000156484 devstack@m-api.service[40405]: [pid: 40405|app: 0|req: 413/877] 199.19.213.140 () {68 vars in 1404 bytes} [Thu Feb 19 02:40:04 2026] POST /share/v2/82cf767b9cf242d980fdc11d45469d13/types => generated 623 bytes in 27 msecs (HTTP/1.1 200) 7 headers in 297 bytes (1 switches on core 0)
Feb 19 02:40:04.345411 np0000156484 devstack@m-api.service[40406]: INFO manila.api.openstack.wsgi [None req-3050dc8d-8750-4931-84ef-4a6ea82a2f68 tempest-ExtraSpecsAdminNegativeTest-477141184 tempest-ExtraSpecsAdminNegativeTest-477141184-project-admin] DELETE https://199.19.213.140/share/v2/21f0ef7d5cc64740a91643f7113e7ccb/types/ca7754da-a2bd-4ade-a705-d6e21d38b7d0
Feb 19 02:40:04.345702 np0000156484 devstack@m-api.service[40406]: DEBUG manila.api.openstack.wsgi [None req-3050dc8d-8750-4931-84ef-4a6ea82a2f68 tempest-ExtraSpecsAdminNegativeTest-477141184 tempest-ExtraSpecsAdminNegativeTest-477141184-project-admin] Empty body provided in request {{(pid=40406) get_body /opt/stack/manila/manila/api/openstack/wsgi.py:652}}
Feb 19 02:40:04.346029 np0000156484 devstack@m-api.service[40406]: DEBUG manila.api.openstack.wsgi [None req-3050dc8d-8750-4931-84ef-4a6ea82a2f68 tempest-ExtraSpecsAdminNegativeTest-477141184 tempest-ExtraSpecsAdminNegativeTest-477141184-project-admin] Calling method 'ShareTypesController._delete' {{(pid=40406) _process_stack /opt/stack/manila/manila/api/openstack/wsgi.py:798}}
Feb 19 02:40:04.350884 np0000156484 devstack@m-api.service[40405]: INFO manila.api.openstack.wsgi [None req-56a37f66-69c2-492e-bf8e-4575b4ab592d tempest-SharesAdminQuotasUpdateTest-586085797 tempest-SharesAdminQuotasUpdateTest-586085797-project-admin] PUT https://199.19.213.140/share/v2/82cf767b9cf242d980fdc11d45469d13/quota-sets/82cf767b9cf242d980fdc11d45469d13
Feb 19 02:40:04.351075 np0000156484 devstack@m-api.service[40405]: DEBUG manila.api.openstack.wsgi [None req-56a37f66-69c2-492e-bf8e-4575b4ab592d tempest-SharesAdminQuotasUpdateTest-586085797 tempest-SharesAdminQuotasUpdateTest-586085797-project-admin] Action: 'update', calling method: Controller.__getattribute__..version_select, body: {"quota_set": {"tenant_id": "82cf767b9cf242d980fdc11d45469d13", "shares": 13}} {{(pid=40405) _process_stack /opt/stack/manila/manila/api/openstack/wsgi.py:796}}
Feb 19 02:40:04.370305 np0000156484 devstack@m-api.service[40405]: DEBUG manila.api.v2.quota_sets [None req-56a37f66-69c2-492e-bf8e-4575b4ab592d tempest-SharesAdminQuotasUpdateTest-586085797 tempest-SharesAdminQuotasUpdateTest-586085797-project-admin] Force update quotas: False. {{(pid=40405) _update /opt/stack/manila/manila/api/v2/quota_sets.py:199}}
Feb 19 02:40:04.374791 np0000156484 devstack@m-api.service[40406]: INFO manila.api.openstack.wsgi [None req-3050dc8d-8750-4931-84ef-4a6ea82a2f68 tempest-ExtraSpecsAdminNegativeTest-477141184 tempest-ExtraSpecsAdminNegativeTest-477141184-project-admin] https://199.19.213.140/share/v2/21f0ef7d5cc64740a91643f7113e7ccb/types/ca7754da-a2bd-4ade-a705-d6e21d38b7d0 returned with HTTP 202
Feb 19 02:40:04.374880 np0000156484 devstack@m-api.service[40405]: DEBUG manila.api.v2.quota_sets [None req-56a37f66-69c2-492e-bf8e-4575b4ab592d tempest-SharesAdminQuotasUpdateTest-586085797 tempest-SharesAdminQuotasUpdateTest-586085797-project-admin] Quota shares used: 0, value: 13. {{(pid=40405) _update /opt/stack/manila/manila/api/v2/quota_sets.py:231}}
Feb 19 02:40:04.375409 np0000156484 devstack@m-api.service[40406]: [pid: 40406|app: 0|req: 465/878] 199.19.213.140 () {66 vars in 1496 bytes} [Thu Feb 19 02:40:04 2026] DELETE /share/v2/21f0ef7d5cc64740a91643f7113e7ccb/types/ca7754da-a2bd-4ade-a705-d6e21d38b7d0 => generated 0 bytes in 33 msecs (HTTP/1.1 202) 7 headers in 309 bytes (1 switches on core 0)
Feb 19 02:40:04.388802 np0000156484 devstack@m-api.service[40406]: INFO manila.api.openstack.wsgi [None req-31bee4bb-fc86-4bed-8e07-1cdf8f53721f tempest-ExtraSpecsAdminNegativeTest-477141184 tempest-ExtraSpecsAdminNegativeTest-477141184-project-admin] GET https://199.19.213.140/share/v2/21f0ef7d5cc64740a91643f7113e7ccb/types/ca7754da-a2bd-4ade-a705-d6e21d38b7d0
Feb 19 02:40:04.389121 np0000156484 devstack@m-api.service[40406]: DEBUG manila.api.openstack.wsgi [None req-31bee4bb-fc86-4bed-8e07-1cdf8f53721f tempest-ExtraSpecsAdminNegativeTest-477141184 tempest-ExtraSpecsAdminNegativeTest-477141184-project-admin] Empty body provided in request {{(pid=40406) get_body /opt/stack/manila/manila/api/openstack/wsgi.py:652}}
Feb 19 02:40:04.389360 np0000156484 devstack@m-api.service[40406]: DEBUG manila.api.openstack.wsgi [None req-31bee4bb-fc86-4bed-8e07-1cdf8f53721f tempest-ExtraSpecsAdminNegativeTest-477141184 tempest-ExtraSpecsAdminNegativeTest-477141184-project-admin] Calling method 'ShareTypesController.show' {{(pid=40406) _process_stack /opt/stack/manila/manila/api/openstack/wsgi.py:798}}
Feb 19 02:40:04.394579 np0000156484 devstack@m-api.service[40406]: INFO manila.api.openstack.wsgi [None req-31bee4bb-fc86-4bed-8e07-1cdf8f53721f tempest-ExtraSpecsAdminNegativeTest-477141184 tempest-ExtraSpecsAdminNegativeTest-477141184-project-admin] HTTP exception thrown: Share type not found.
Feb 19 02:40:04.394772 np0000156484 devstack@m-api.service[40406]: INFO manila.api.openstack.wsgi [None req-31bee4bb-fc86-4bed-8e07-1cdf8f53721f tempest-ExtraSpecsAdminNegativeTest-477141184 tempest-ExtraSpecsAdminNegativeTest-477141184-project-admin] https://199.19.213.140/share/v2/21f0ef7d5cc64740a91643f7113e7ccb/types/ca7754da-a2bd-4ade-a705-d6e21d38b7d0 returned with HTTP 404
Feb 19 02:40:04.395431 np0000156484 devstack@m-api.service[40405]: INFO manila.api.openstack.wsgi [None req-56a37f66-69c2-492e-bf8e-4575b4ab592d tempest-SharesAdminQuotasUpdateTest-586085797 tempest-SharesAdminQuotasUpdateTest-586085797-project-admin] https://199.19.213.140/share/v2/82cf767b9cf242d980fdc11d45469d13/quota-sets/82cf767b9cf242d980fdc11d45469d13 returned with HTTP 200
Feb 19 02:40:04.395716 np0000156484 devstack@m-api.service[40406]: [pid: 40406|app: 0|req: 466/880] 199.19.213.140 () {66 vars in 1493 bytes} [Thu Feb 19 02:40:04 2026] GET /share/v2/21f0ef7d5cc64740a91643f7113e7ccb/types/ca7754da-a2bd-4ade-a705-d6e21d38b7d0 => generated 67 bytes in 11 msecs (HTTP/1.1 404) 7 headers in 303 bytes (1 switches on core 0)
Feb 19 02:40:04.395814 np0000156484 devstack@m-api.service[40405]: [pid: 40405|app: 0|req: 414/880] 199.19.213.140 () {68 vars in 1516 bytes} [Thu Feb 19 02:40:04 2026] PUT /share/v2/82cf767b9cf242d980fdc11d45469d13/quota-sets/82cf767b9cf242d980fdc11d45469d13 => generated 306 bytes in 49 msecs (HTTP/1.1 200) 7 headers in 297 bytes (1 switches on core 0)
Feb 19 02:40:04.406648 np0000156484 devstack@m-api.service[40406]: INFO manila.api.openstack.wsgi [None req-a1e2f6d5-65ba-4c56-8c9d-e22fb2465923 tempest-ExtraSpecsAdminNegativeTest-477141184 tempest-ExtraSpecsAdminNegativeTest-477141184-project-admin] GET https://199.19.213.140/share/v2/21f0ef7d5cc64740a91643f7113e7ccb/shares?share_type_id=6ff5e7ac-d3ac-443c-9954-ac681a7354e0
Feb 19 02:40:04.406939 np0000156484 devstack@m-api.service[40406]: DEBUG manila.api.openstack.wsgi [None req-a1e2f6d5-65ba-4c56-8c9d-e22fb2465923 tempest-ExtraSpecsAdminNegativeTest-477141184 tempest-ExtraSpecsAdminNegativeTest-477141184-project-admin] Empty body provided in request {{(pid=40406) get_body /opt/stack/manila/manila/api/openstack/wsgi.py:652}}
Feb 19 02:40:04.407194 np0000156484 devstack@m-api.service[40406]: DEBUG manila.api.openstack.wsgi [None req-a1e2f6d5-65ba-4c56-8c9d-e22fb2465923 tempest-ExtraSpecsAdminNegativeTest-477141184 tempest-ExtraSpecsAdminNegativeTest-477141184-project-admin] Calling method 'Controller.__getattribute__..version_select' {{(pid=40406) _process_stack /opt/stack/manila/manila/api/openstack/wsgi.py:798}}
Feb 19 02:40:04.407357 np0000156484 devstack@m-api.service[40405]: INFO manila.api.openstack.wsgi [None req-2f2886b5-da67-48bf-b8c2-4245dd47d9ba tempest-SharesAdminQuotasUpdateTest-586085797 tempest-SharesAdminQuotasUpdateTest-586085797-project-admin] PUT https://199.19.213.140/share/v2/82cf767b9cf242d980fdc11d45469d13/quota-sets/82cf767b9cf242d980fdc11d45469d13?user_id=70be6d3a37f34dc5985e7aa515e4eb81
Feb 19 02:40:04.407658 np0000156484 devstack@m-api.service[40405]: DEBUG manila.api.openstack.wsgi [None req-2f2886b5-da67-48bf-b8c2-4245dd47d9ba tempest-SharesAdminQuotasUpdateTest-586085797 tempest-SharesAdminQuotasUpdateTest-586085797-project-admin] Action: 'update', calling method: Controller.__getattribute__..version_select, body: {"quota_set": {"tenant_id": "82cf767b9cf242d980fdc11d45469d13", "force": "true", "shares": 11}} {{(pid=40405) _process_stack /opt/stack/manila/manila/api/openstack/wsgi.py:796}}
Feb 19 02:40:04.407880 np0000156484 devstack@m-api.service[40406]: DEBUG manila.share.api [None req-a1e2f6d5-65ba-4c56-8c9d-e22fb2465923 tempest-ExtraSpecsAdminNegativeTest-477141184 tempest-ExtraSpecsAdminNegativeTest-477141184-project-admin] Searching for shares by: {'share_type_id': '6ff5e7ac-d3ac-443c-9954-ac681a7354e0'} {{(pid=40406) _get_all /opt/stack/manila/manila/share/api.py:2372}}
Feb 19 02:40:04.414147 np0000156484 devstack@m-api.service[40406]: INFO manila.api.openstack.wsgi [None req-a1e2f6d5-65ba-4c56-8c9d-e22fb2465923 tempest-ExtraSpecsAdminNegativeTest-477141184 tempest-ExtraSpecsAdminNegativeTest-477141184-project-admin] https://199.19.213.140/share/v2/21f0ef7d5cc64740a91643f7113e7ccb/shares?share_type_id=6ff5e7ac-d3ac-443c-9954-ac681a7354e0 returned with HTTP 200
Feb 19 02:40:04.414737 np0000156484 devstack@m-api.service[40406]: [pid: 40406|app: 0|req: 467/881] 199.19.213.140 () {66 vars in 1486 bytes} [Thu Feb 19 02:40:04 2026] GET /share/v2/21f0ef7d5cc64740a91643f7113e7ccb/shares?share_type_id=6ff5e7ac-d3ac-443c-9954-ac681a7354e0 => generated 14 bytes in 10 msecs (HTTP/1.1 200) 7 headers in 296 bytes (1 switches on core 0)
Feb 19 02:40:04.419546 np0000156484 devstack@m-api.service[40405]: DEBUG manila.api.v2.quota_sets [None req-2f2886b5-da67-48bf-b8c2-4245dd47d9ba tempest-SharesAdminQuotasUpdateTest-586085797 tempest-SharesAdminQuotasUpdateTest-586085797-project-admin] Force update quotas: True. {{(pid=40405) _update /opt/stack/manila/manila/api/v2/quota_sets.py:199}}
Feb 19 02:40:04.432226 np0000156484 devstack@m-api.service[40406]: INFO manila.api.openstack.wsgi [None req-0766476c-cb94-45b3-81b8-772705111b3f tempest-ExtraSpecsAdminNegativeTest-477141184 tempest-ExtraSpecsAdminNegativeTest-477141184-project-admin] DELETE https://199.19.213.140/share/v2/21f0ef7d5cc64740a91643f7113e7ccb/types/6ff5e7ac-d3ac-443c-9954-ac681a7354e0
Feb 19 02:40:04.432822 np0000156484 devstack@m-api.service[40406]: DEBUG manila.api.openstack.wsgi [None req-0766476c-cb94-45b3-81b8-772705111b3f tempest-ExtraSpecsAdminNegativeTest-477141184 tempest-ExtraSpecsAdminNegativeTest-477141184-project-admin] Empty body provided in request {{(pid=40406) get_body /opt/stack/manila/manila/api/openstack/wsgi.py:652}}
Feb 19 02:40:04.433061 np0000156484 devstack@m-api.service[40406]: DEBUG manila.api.openstack.wsgi [None req-0766476c-cb94-45b3-81b8-772705111b3f tempest-ExtraSpecsAdminNegativeTest-477141184 tempest-ExtraSpecsAdminNegativeTest-477141184-project-admin] Calling method 'ShareTypesController._delete' {{(pid=40406) _process_stack /opt/stack/manila/manila/api/openstack/wsgi.py:798}}
Feb 19 02:40:04.444042 np0000156484 devstack@m-api.service[40405]: INFO manila.api.openstack.wsgi [None req-2f2886b5-da67-48bf-b8c2-4245dd47d9ba tempest-SharesAdminQuotasUpdateTest-586085797 tempest-SharesAdminQuotasUpdateTest-586085797-project-admin] https://199.19.213.140/share/v2/82cf767b9cf242d980fdc11d45469d13/quota-sets/82cf767b9cf242d980fdc11d45469d13?user_id=70be6d3a37f34dc5985e7aa515e4eb81 returned with HTTP 200
Feb 19 02:40:04.444589 np0000156484 devstack@m-api.service[40405]: [pid: 40405|app: 0|req: 415/882] 199.19.213.140 () {68 vars in 1597 bytes} [Thu Feb 19 02:40:04 2026] PUT /share/v2/82cf767b9cf242d980fdc11d45469d13/quota-sets/82cf767b9cf242d980fdc11d45469d13?user_id=70be6d3a37f34dc5985e7aa515e4eb81 => generated 306 bytes in 39 msecs (HTTP/1.1 200) 7 headers in 297 bytes (2 switches on core 0)
Feb 19 02:40:04.466568 np0000156484 devstack@m-api.service[40406]: INFO manila.api.openstack.wsgi [None req-0766476c-cb94-45b3-81b8-772705111b3f tempest-ExtraSpecsAdminNegativeTest-477141184 tempest-ExtraSpecsAdminNegativeTest-477141184-project-admin] https://199.19.213.140/share/v2/21f0ef7d5cc64740a91643f7113e7ccb/types/6ff5e7ac-d3ac-443c-9954-ac681a7354e0 returned with HTTP 202
Feb 19 02:40:04.467166 np0000156484 devstack@m-api.service[40406]: [pid: 40406|app: 0|req: 468/883] 199.19.213.140 () {66 vars in 1496 bytes} [Thu Feb 19 02:40:04 2026] DELETE /share/v2/21f0ef7d5cc64740a91643f7113e7ccb/types/6ff5e7ac-d3ac-443c-9954-ac681a7354e0 => generated 0 bytes in 40 msecs (HTTP/1.1 202) 7 headers in 309 bytes (1 switches on core 0)
Feb 19 02:40:04.472167 np0000156484 devstack@m-api.service[40406]: INFO manila.api.openstack.wsgi [None req-7269c987-2021-4a07-9913-6e0ba9c627b9 tempest-SharesAdminQuotasUpdateTest-586085797 tempest-SharesAdminQuotasUpdateTest-586085797-project-admin] PUT https://199.19.213.140/share/v2/82cf767b9cf242d980fdc11d45469d13/quota-sets/82cf767b9cf242d980fdc11d45469d13?share_type=tempest-typeshare-type-1124674300
Feb 19 02:40:04.472815 np0000156484 devstack@m-api.service[40406]: DEBUG manila.api.openstack.wsgi [None req-7269c987-2021-4a07-9913-6e0ba9c627b9 tempest-SharesAdminQuotasUpdateTest-586085797 tempest-SharesAdminQuotasUpdateTest-586085797-project-admin] Action: 'update', calling method: Controller.__getattribute__..version_select, body: {"quota_set": {"tenant_id": "82cf767b9cf242d980fdc11d45469d13", "shares": 12}} {{(pid=40406) _process_stack /opt/stack/manila/manila/api/openstack/wsgi.py:796}}
Feb 19 02:40:04.496733 np0000156484 devstack@m-api.service[40406]: DEBUG manila.api.v2.quota_sets [None req-7269c987-2021-4a07-9913-6e0ba9c627b9 tempest-SharesAdminQuotasUpdateTest-586085797 tempest-SharesAdminQuotasUpdateTest-586085797-project-admin] Force update quotas: False. {{(pid=40406) _update /opt/stack/manila/manila/api/v2/quota_sets.py:199}}
Feb 19 02:40:04.507531 np0000156484 devstack@m-api.service[40406]: DEBUG manila.api.v2.quota_sets [None req-7269c987-2021-4a07-9913-6e0ba9c627b9 tempest-SharesAdminQuotasUpdateTest-586085797 tempest-SharesAdminQuotasUpdateTest-586085797-project-admin] Quota shares used: 0, value: 12. {{(pid=40406) _update /opt/stack/manila/manila/api/v2/quota_sets.py:231}}
Feb 19 02:40:04.524703 np0000156484 devstack@m-api.service[40406]: INFO manila.api.openstack.wsgi [None req-7269c987-2021-4a07-9913-6e0ba9c627b9 tempest-SharesAdminQuotasUpdateTest-586085797 tempest-SharesAdminQuotasUpdateTest-586085797-project-admin] https://199.19.213.140/share/v2/82cf767b9cf242d980fdc11d45469d13/quota-sets/82cf767b9cf242d980fdc11d45469d13?share_type=tempest-typeshare-type-1124674300 returned with HTTP 200
Feb 19 02:40:04.525286 np0000156484 devstack@m-api.service[40406]: [pid: 40406|app: 0|req: 469/884] 199.19.213.140 () {68 vars in 1605 bytes} [Thu Feb 19 02:40:04 2026] PUT /share/v2/82cf767b9cf242d980fdc11d45469d13/quota-sets/82cf767b9cf242d980fdc11d45469d13?share_type=tempest-typeshare-type-1124674300 => generated 235 bytes in 58 msecs (HTTP/1.1 200) 7 headers in 297 bytes (1 switches on core 0)
Feb 19 02:40:04.533248 np0000156484 devstack@m-api.service[40406]: INFO manila.api.openstack.wsgi [None req-f231315e-1cdd-4a58-90fc-deecf0e2ff99 tempest-ExtraSpecsAdminNegativeTest-477141184 tempest-ExtraSpecsAdminNegativeTest-477141184-project-admin] GET https://199.19.213.140/share/v2/21f0ef7d5cc64740a91643f7113e7ccb/types/6ff5e7ac-d3ac-443c-9954-ac681a7354e0
Feb 19 02:40:04.533472 np0000156484 devstack@m-api.service[40406]: DEBUG manila.api.openstack.wsgi [None req-f231315e-1cdd-4a58-90fc-deecf0e2ff99 tempest-ExtraSpecsAdminNegativeTest-477141184 tempest-ExtraSpecsAdminNegativeTest-477141184-project-admin] Empty body provided in request {{(pid=40406) get_body /opt/stack/manila/manila/api/openstack/wsgi.py:652}}
Feb 19 02:40:04.533758 np0000156484 devstack@m-api.service[40406]: DEBUG manila.api.openstack.wsgi [None req-f231315e-1cdd-4a58-90fc-deecf0e2ff99 tempest-ExtraSpecsAdminNegativeTest-477141184 tempest-ExtraSpecsAdminNegativeTest-477141184-project-admin] Calling method 'ShareTypesController.show' {{(pid=40406) _process_stack /opt/stack/manila/manila/api/openstack/wsgi.py:798}}
Feb 19 02:40:04.538935 np0000156484 devstack@m-api.service[40406]: INFO manila.api.openstack.wsgi [None req-f231315e-1cdd-4a58-90fc-deecf0e2ff99 tempest-ExtraSpecsAdminNegativeTest-477141184 tempest-ExtraSpecsAdminNegativeTest-477141184-project-admin] HTTP exception thrown: Share type not found.
Feb 19 02:40:04.539140 np0000156484 devstack@m-api.service[40406]: INFO manila.api.openstack.wsgi [None req-f231315e-1cdd-4a58-90fc-deecf0e2ff99 tempest-ExtraSpecsAdminNegativeTest-477141184 tempest-ExtraSpecsAdminNegativeTest-477141184-project-admin] https://199.19.213.140/share/v2/21f0ef7d5cc64740a91643f7113e7ccb/types/6ff5e7ac-d3ac-443c-9954-ac681a7354e0 returned with HTTP 404
Feb 19 02:40:04.539775 np0000156484 devstack@m-api.service[40406]: [pid: 40406|app: 0|req: 470/885] 199.19.213.140 () {66 vars in 1493 bytes} [Thu Feb 19 02:40:04 2026] GET /share/v2/21f0ef7d5cc64740a91643f7113e7ccb/types/6ff5e7ac-d3ac-443c-9954-ac681a7354e0 => generated 67 bytes in 14 msecs (HTTP/1.1 404) 7 headers in 303 bytes (1 switches on core 0)
Feb 19 02:40:04.542122 np0000156484 devstack@m-api.service[40406]: INFO manila.api.openstack.wsgi [None req-72c98126-e671-4ab8-98ab-caf0262f23d1 tempest-SharesAdminQuotasUpdateTest-586085797 tempest-SharesAdminQuotasUpdateTest-586085797-project-admin] DELETE https://199.19.213.140/share/v2/82cf767b9cf242d980fdc11d45469d13/quota-sets/82cf767b9cf242d980fdc11d45469d13?user_id=70be6d3a37f34dc5985e7aa515e4eb81
Feb 19 02:40:04.542365 np0000156484 devstack@m-api.service[40406]: DEBUG manila.api.openstack.wsgi [None req-72c98126-e671-4ab8-98ab-caf0262f23d1 tempest-SharesAdminQuotasUpdateTest-586085797 tempest-SharesAdminQuotasUpdateTest-586085797-project-admin] Empty body provided in request {{(pid=40406) get_body /opt/stack/manila/manila/api/openstack/wsgi.py:652}}
Feb 19 02:40:04.542559 np0000156484 devstack@m-api.service[40406]: DEBUG manila.api.openstack.wsgi [None req-72c98126-e671-4ab8-98ab-caf0262f23d1 tempest-SharesAdminQuotasUpdateTest-586085797 tempest-SharesAdminQuotasUpdateTest-586085797-project-admin] Calling method 'Controller.__getattribute__..version_select' {{(pid=40406) _process_stack /opt/stack/manila/manila/api/openstack/wsgi.py:798}}
Feb 19 02:40:04.557530 np0000156484 devstack@m-api.service[40406]: INFO manila.api.openstack.wsgi [None req-72c98126-e671-4ab8-98ab-caf0262f23d1 tempest-SharesAdminQuotasUpdateTest-586085797 tempest-SharesAdminQuotasUpdateTest-586085797-project-admin] https://199.19.213.140/share/v2/82cf767b9cf242d980fdc11d45469d13/quota-sets/82cf767b9cf242d980fdc11d45469d13?user_id=70be6d3a37f34dc5985e7aa515e4eb81 returned with HTTP 202
Feb 19 02:40:04.558360 np0000156484 devstack@m-api.service[40406]: [pid: 40406|app: 0|req: 471/886] 199.19.213.140 () {66 vars in 1580 bytes} [Thu Feb 19 02:40:04 2026] DELETE /share/v2/82cf767b9cf242d980fdc11d45469d13/quota-sets/82cf767b9cf242d980fdc11d45469d13?user_id=70be6d3a37f34dc5985e7aa515e4eb81 => generated 0 bytes in 18 msecs (HTTP/1.1 202) 7 headers in 309 bytes (1 switches on core 0)
Feb 19 02:40:04.562495 np0000156484 devstack@m-api.service[40406]: INFO manila.api.openstack.wsgi [None req-7f588dfa-c269-45e7-b30a-27ad50c7dd04 tempest-ExtraSpecsAdminNegativeTest-477141184 tempest-ExtraSpecsAdminNegativeTest-477141184-project-admin] GET https://199.19.213.140/share/v2/21f0ef7d5cc64740a91643f7113e7ccb/shares?share_type_id=68f454ca-d522-46bf-97ba-9ebfc6da2b77
Feb 19 02:40:04.562495 np0000156484 devstack@m-api.service[40406]: DEBUG manila.api.openstack.wsgi [None req-7f588dfa-c269-45e7-b30a-27ad50c7dd04 tempest-ExtraSpecsAdminNegativeTest-477141184 tempest-ExtraSpecsAdminNegativeTest-477141184-project-admin] Empty body provided in request {{(pid=40406) get_body /opt/stack/manila/manila/api/openstack/wsgi.py:652}}
Feb 19 02:40:04.562495 np0000156484 devstack@m-api.service[40406]: DEBUG manila.api.openstack.wsgi [None req-7f588dfa-c269-45e7-b30a-27ad50c7dd04 tempest-ExtraSpecsAdminNegativeTest-477141184 tempest-ExtraSpecsAdminNegativeTest-477141184-project-admin] Calling method 'Controller.__getattribute__..version_select' {{(pid=40406) _process_stack /opt/stack/manila/manila/api/openstack/wsgi.py:798}}
Feb 19 02:40:04.562808 np0000156484 devstack@m-api.service[40406]: DEBUG manila.share.api [None req-7f588dfa-c269-45e7-b30a-27ad50c7dd04 tempest-ExtraSpecsAdminNegativeTest-477141184 tempest-ExtraSpecsAdminNegativeTest-477141184-project-admin] Searching for shares by: {'share_type_id': '68f454ca-d522-46bf-97ba-9ebfc6da2b77'} {{(pid=40406) _get_all /opt/stack/manila/manila/share/api.py:2372}}
Feb 19 02:40:04.568705 np0000156484 devstack@m-api.service[40406]: INFO manila.api.openstack.wsgi [None req-7f588dfa-c269-45e7-b30a-27ad50c7dd04 tempest-ExtraSpecsAdminNegativeTest-477141184 tempest-ExtraSpecsAdminNegativeTest-477141184-project-admin] https://199.19.213.140/share/v2/21f0ef7d5cc64740a91643f7113e7ccb/shares?share_type_id=68f454ca-d522-46bf-97ba-9ebfc6da2b77 returned with HTTP 200
Feb 19 02:40:04.569077 np0000156484 devstack@m-api.service[40406]: [pid: 40406|app: 0|req: 472/887] 199.19.213.140 () {66 vars in 1486 bytes} [Thu Feb 19 02:40:04 2026] GET /share/v2/21f0ef7d5cc64740a91643f7113e7ccb/shares?share_type_id=68f454ca-d522-46bf-97ba-9ebfc6da2b77 => generated 14 bytes in 10 msecs (HTTP/1.1 200) 7 headers in 296 bytes (1 switches on core 0)
Feb 19 02:40:04.571379 np0000156484 devstack@m-api.service[40406]: INFO manila.api.openstack.wsgi [None req-d1c64a32-2a25-4c0b-a389-1ad99b7c99fa tempest-SharesAdminQuotasUpdateTest-586085797 tempest-SharesAdminQuotasUpdateTest-586085797-project-admin] DELETE https://199.19.213.140/share/v2/82cf767b9cf242d980fdc11d45469d13/quota-sets/82cf767b9cf242d980fdc11d45469d13
Feb 19 02:40:04.571550 np0000156484 devstack@m-api.service[40406]: DEBUG manila.api.openstack.wsgi [None req-d1c64a32-2a25-4c0b-a389-1ad99b7c99fa tempest-SharesAdminQuotasUpdateTest-586085797 tempest-SharesAdminQuotasUpdateTest-586085797-project-admin] Empty body provided in request {{(pid=40406) get_body /opt/stack/manila/manila/api/openstack/wsgi.py:652}}
Feb 19 02:40:04.571695 np0000156484 devstack@m-api.service[40406]: DEBUG manila.api.openstack.wsgi [None req-d1c64a32-2a25-4c0b-a389-1ad99b7c99fa tempest-SharesAdminQuotasUpdateTest-586085797 tempest-SharesAdminQuotasUpdateTest-586085797-project-admin] Calling method 'Controller.__getattribute__..version_select' {{(pid=40406) _process_stack /opt/stack/manila/manila/api/openstack/wsgi.py:798}}
Feb 19 02:40:04.581609 np0000156484 devstack@m-api.service[40406]: INFO manila.api.openstack.wsgi [None req-d1c64a32-2a25-4c0b-a389-1ad99b7c99fa tempest-SharesAdminQuotasUpdateTest-586085797 tempest-SharesAdminQuotasUpdateTest-586085797-project-admin] https://199.19.213.140/share/v2/82cf767b9cf242d980fdc11d45469d13/quota-sets/82cf767b9cf242d980fdc11d45469d13 returned with HTTP 202
Feb 19 02:40:04.582247 np0000156484 devstack@m-api.service[40406]: [pid: 40406|app: 0|req: 473/888] 199.19.213.140 () {66 vars in 1499 bytes} [Thu Feb 19 02:40:04 2026] DELETE /share/v2/82cf767b9cf242d980fdc11d45469d13/quota-sets/82cf767b9cf242d980fdc11d45469d13 => generated 0 bytes in 13 msecs (HTTP/1.1 202) 7 headers in 309 bytes (1 switches on core 0)
Feb 19 02:40:04.583983 np0000156484 devstack@m-api.service[40405]: INFO manila.api.openstack.wsgi [None req-13f1bfba-09cd-48fb-b36a-c2c676303dd9 tempest-SharesAdminQuotasNegativeTest-1469859099 tempest-SharesAdminQuotasNegativeTest-1469859099-project-admin] POST https://199.19.213.140/share/v2/a55ef1f24efa461da061d032978ad22b/types
Feb 19 02:40:04.585517 np0000156484 devstack@m-api.service[40405]: DEBUG manila.api.openstack.wsgi [None req-13f1bfba-09cd-48fb-b36a-c2c676303dd9 tempest-SharesAdminQuotasNegativeTest-1469859099 tempest-SharesAdminQuotasNegativeTest-1469859099-project-admin] Action: 'create', calling method: Controller.__getattribute__..version_select, body: {"share_type": {"name": "tempest-typeshare-type-497327709", "extra_specs": {"driver_handles_share_servers": "False"}, "share_type_access:is_public": true}} {{(pid=40405) _process_stack /opt/stack/manila/manila/api/openstack/wsgi.py:796}}
Feb 19 02:40:04.585688 np0000156484 devstack@m-api.service[40406]: INFO manila.api.openstack.wsgi [None req-13d35fa3-607d-4161-a1d8-694369509cd0 tempest-ExtraSpecsAdminNegativeTest-477141184 tempest-ExtraSpecsAdminNegativeTest-477141184-project-admin] DELETE https://199.19.213.140/share/v2/21f0ef7d5cc64740a91643f7113e7ccb/types/68f454ca-d522-46bf-97ba-9ebfc6da2b77
Feb 19 02:40:04.585688 np0000156484 devstack@m-api.service[40406]: DEBUG manila.api.openstack.wsgi [None req-13d35fa3-607d-4161-a1d8-694369509cd0 tempest-ExtraSpecsAdminNegativeTest-477141184 tempest-ExtraSpecsAdminNegativeTest-477141184-project-admin] Empty body provided in request {{(pid=40406) get_body /opt/stack/manila/manila/api/openstack/wsgi.py:652}}
Feb 19 02:40:04.585688 np0000156484 devstack@m-api.service[40406]: DEBUG manila.api.openstack.wsgi [None req-13d35fa3-607d-4161-a1d8-694369509cd0 tempest-ExtraSpecsAdminNegativeTest-477141184 tempest-ExtraSpecsAdminNegativeTest-477141184-project-admin] Calling method 'ShareTypesController._delete' {{(pid=40406) _process_stack /opt/stack/manila/manila/api/openstack/wsgi.py:798}}
Feb 19 02:40:04.600929 np0000156484 devstack@m-api.service[40405]: INFO manila.api.openstack.wsgi [None req-13f1bfba-09cd-48fb-b36a-c2c676303dd9 tempest-SharesAdminQuotasNegativeTest-1469859099 tempest-SharesAdminQuotasNegativeTest-1469859099-project-admin] https://199.19.213.140/share/v2/a55ef1f24efa461da061d032978ad22b/types returned with HTTP 200
Feb 19 02:40:04.601383 np0000156484 devstack@m-api.service[40405]: [pid: 40405|app: 0|req: 416/889] 199.19.213.140 () {68 vars in 1404 bytes} [Thu Feb 19 02:40:04 2026] POST /share/v2/a55ef1f24efa461da061d032978ad22b/types => generated 621 bytes in 156 msecs (HTTP/1.1 200) 7 headers in 297 bytes (1 switches on core 0)
Feb 19 02:40:04.603320 np0000156484 devstack@m-api.service[40405]: INFO manila.api.openstack.wsgi [None req-500f42ac-441c-42ac-8e30-a9a49657cb9f tempest-SharesAdminQuotasUpdateTest-586085797 tempest-SharesAdminQuotasUpdateTest-586085797-project-admin] PUT https://199.19.213.140/share/v2/82cf767b9cf242d980fdc11d45469d13/quota-sets/82cf767b9cf242d980fdc11d45469d13
Feb 19 02:40:04.603631 np0000156484 devstack@m-api.service[40405]: DEBUG manila.api.openstack.wsgi [None req-500f42ac-441c-42ac-8e30-a9a49657cb9f tempest-SharesAdminQuotasUpdateTest-586085797 tempest-SharesAdminQuotasUpdateTest-586085797-project-admin] Action: 'update', calling method: Controller.__getattribute__..version_select, body: {"quota_set": {"tenant_id": "82cf767b9cf242d980fdc11d45469d13", "force": "true", "share_groups": 3, "share_group_snapshots": 1}} {{(pid=40405) _process_stack /opt/stack/manila/manila/api/openstack/wsgi.py:796}}
Feb 19 02:40:04.610524 np0000156484 devstack@m-api.service[40405]: DEBUG manila.api.v2.quota_sets [None req-500f42ac-441c-42ac-8e30-a9a49657cb9f tempest-SharesAdminQuotasUpdateTest-586085797 tempest-SharesAdminQuotasUpdateTest-586085797-project-admin] Force update quotas: True. {{(pid=40405) _update /opt/stack/manila/manila/api/v2/quota_sets.py:199}}
Feb 19 02:40:04.619479 np0000156484 devstack@m-api.service[40406]: INFO manila.api.openstack.wsgi [None req-13d35fa3-607d-4161-a1d8-694369509cd0 tempest-ExtraSpecsAdminNegativeTest-477141184 tempest-ExtraSpecsAdminNegativeTest-477141184-project-admin] https://199.19.213.140/share/v2/21f0ef7d5cc64740a91643f7113e7ccb/types/68f454ca-d522-46bf-97ba-9ebfc6da2b77 returned with HTTP 202
Feb 19 02:40:04.620233 np0000156484 devstack@m-api.service[40406]: [pid: 40406|app: 0|req: 474/890] 199.19.213.140 () {66 vars in 1496 bytes} [Thu Feb 19 02:40:04 2026] DELETE /share/v2/21f0ef7d5cc64740a91643f7113e7ccb/types/68f454ca-d522-46bf-97ba-9ebfc6da2b77 => generated 0 bytes in 37 msecs (HTTP/1.1 202) 7 headers in 309 bytes (1 switches on core 0)
Feb 19 02:40:04.624062 np0000156484 devstack@m-api.service[40406]: INFO manila.api.openstack.wsgi [None req-b54ddc02-710b-4497-a289-79d874a6e31a tempest-AccessRulesMetadataTest-1596626470 tempest-AccessRulesMetadataTest-1596626470-project-member] GET https://199.19.213.140/share/v2/001f85d472d942589ac1bad4cc54b19d/share-access-rules?share_id=a8212d34-8f68-49d6-a456-71b201a94e86
Feb 19 02:40:04.624392 np0000156484 devstack@m-api.service[40406]: DEBUG manila.api.openstack.wsgi [None req-b54ddc02-710b-4497-a289-79d874a6e31a tempest-AccessRulesMetadataTest-1596626470 tempest-AccessRulesMetadataTest-1596626470-project-member] Empty body provided in request {{(pid=40406) get_body /opt/stack/manila/manila/api/openstack/wsgi.py:652}}
Feb 19 02:40:04.624621 np0000156484 devstack@m-api.service[40406]: DEBUG manila.api.openstack.wsgi [None req-b54ddc02-710b-4497-a289-79d874a6e31a tempest-AccessRulesMetadataTest-1596626470 tempest-AccessRulesMetadataTest-1596626470-project-member] Calling method 'Controller.__getattribute__..version_select' {{(pid=40406) _process_stack /opt/stack/manila/manila/api/openstack/wsgi.py:798}}
Feb 19 02:40:04.630431 np0000156484 devstack@m-api.service[40405]: INFO manila.api.openstack.wsgi [None req-500f42ac-441c-42ac-8e30-a9a49657cb9f tempest-SharesAdminQuotasUpdateTest-586085797 tempest-SharesAdminQuotasUpdateTest-586085797-project-admin] https://199.19.213.140/share/v2/82cf767b9cf242d980fdc11d45469d13/quota-sets/82cf767b9cf242d980fdc11d45469d13 returned with HTTP 200
Feb 19 02:40:04.630764 np0000156484 devstack@m-api.service[40405]: [pid: 40405|app: 0|req: 417/891] 199.19.213.140 () {68 vars in 1517 bytes} [Thu Feb 19 02:40:04 2026] PUT /share/v2/82cf767b9cf242d980fdc11d45469d13/quota-sets/82cf767b9cf242d980fdc11d45469d13 => generated 304 bytes in 29 msecs (HTTP/1.1 200) 7 headers in 297 bytes (1 switches on core 0)
Feb 19 02:40:04.633177 np0000156484 devstack@m-api.service[40405]: INFO manila.api.openstack.wsgi [None req-0d2b7b0b-39a8-40de-9425-cd41119e1a1b tempest-SharesAdminQuotasNegativeTest-1469859099 tempest-SharesAdminQuotasNegativeTest-1469859099-project-admin] POST https://199.19.213.140/share/v2/a55ef1f24efa461da061d032978ad22b/share-group-types
Feb 19 02:40:04.633452 np0000156484 devstack@m-api.service[40405]: DEBUG manila.api.openstack.wsgi [None req-0d2b7b0b-39a8-40de-9425-cd41119e1a1b tempest-SharesAdminQuotasNegativeTest-1469859099 tempest-SharesAdminQuotasNegativeTest-1469859099-project-admin] Action: 'create', calling method: Controller.__getattribute__..version_select, body: {"share_group_type": {"name": "tempest-unique_sgtype_name-231676741", "share_types": ["a2cb5f23-2c43-4149-9f06-634e4f236a6b"], "group_specs": {"consistent_snapshot_support": "pool"}}} {{(pid=40405) _process_stack /opt/stack/manila/manila/api/openstack/wsgi.py:796}}
Feb 19 02:40:04.644821 np0000156484 devstack@m-api.service[40405]: INFO manila.api.openstack.wsgi [None req-0d2b7b0b-39a8-40de-9425-cd41119e1a1b tempest-SharesAdminQuotasNegativeTest-1469859099 tempest-SharesAdminQuotasNegativeTest-1469859099-project-admin] https://199.19.213.140/share/v2/a55ef1f24efa461da061d032978ad22b/share-group-types returned with HTTP 200
Feb 19 02:40:04.645171 np0000156484 devstack@m-api.service[40405]: [pid: 40405|app: 0|req: 418/892] 199.19.213.140 () {68 vars in 1440 bytes} [Thu Feb 19 02:40:04 2026] POST /share/v2/a55ef1f24efa461da061d032978ad22b/share-group-types => generated 269 bytes in 14 msecs (HTTP/1.1 200) 7 headers in 297 bytes (1 switches on core 0)
Feb 19 02:40:04.647135 np0000156484 devstack@m-api.service[40405]: INFO manila.api.openstack.wsgi [None req-e40fef87-afd0-439b-9b22-0eddefa0dabd tempest-ExtraSpecsAdminNegativeTest-477141184 tempest-ExtraSpecsAdminNegativeTest-477141184-project-admin] GET https://199.19.213.140/share/v2/21f0ef7d5cc64740a91643f7113e7ccb/types/68f454ca-d522-46bf-97ba-9ebfc6da2b77
Feb 19 02:40:04.647665 np0000156484 devstack@m-api.service[40405]: DEBUG manila.api.openstack.wsgi [None req-e40fef87-afd0-439b-9b22-0eddefa0dabd tempest-ExtraSpecsAdminNegativeTest-477141184 tempest-ExtraSpecsAdminNegativeTest-477141184-project-admin] Empty body provided in request {{(pid=40405) get_body /opt/stack/manila/manila/api/openstack/wsgi.py:652}}
Feb 19 02:40:04.647665 np0000156484 devstack@m-api.service[40405]: DEBUG manila.api.openstack.wsgi [None req-e40fef87-afd0-439b-9b22-0eddefa0dabd tempest-ExtraSpecsAdminNegativeTest-477141184 tempest-ExtraSpecsAdminNegativeTest-477141184-project-admin] Calling method 'ShareTypesController.show' {{(pid=40405) _process_stack /opt/stack/manila/manila/api/openstack/wsgi.py:798}}
Feb 19 02:40:04.650786 np0000156484 devstack@m-api.service[40405]: INFO manila.api.openstack.wsgi [None req-e40fef87-afd0-439b-9b22-0eddefa0dabd tempest-ExtraSpecsAdminNegativeTest-477141184 tempest-ExtraSpecsAdminNegativeTest-477141184-project-admin] HTTP exception thrown: Share type not found.
Feb 19 02:40:04.650924 np0000156484 devstack@m-api.service[40405]: INFO manila.api.openstack.wsgi [None req-e40fef87-afd0-439b-9b22-0eddefa0dabd tempest-ExtraSpecsAdminNegativeTest-477141184 tempest-ExtraSpecsAdminNegativeTest-477141184-project-admin] https://199.19.213.140/share/v2/21f0ef7d5cc64740a91643f7113e7ccb/types/68f454ca-d522-46bf-97ba-9ebfc6da2b77 returned with HTTP 404
Feb 19 02:40:04.651244 np0000156484 devstack@m-api.service[40405]: [pid: 40405|app: 0|req: 419/893] 199.19.213.140 () {66 vars in 1493 bytes} [Thu Feb 19 02:40:04 2026] GET /share/v2/21f0ef7d5cc64740a91643f7113e7ccb/types/68f454ca-d522-46bf-97ba-9ebfc6da2b77 => generated 67 bytes in 6 msecs (HTTP/1.1 404) 7 headers in 303 bytes (1 switches on core 0)
Feb 19 02:40:04.652636 np0000156484 devstack@m-api.service[40405]: INFO manila.api.openstack.wsgi [None req-77c3fcea-f968-470b-84b0-5b08e96a3a10 tempest-SharesAdminQuotasUpdateTest-586085797 tempest-SharesAdminQuotasUpdateTest-586085797-project-admin] PUT https://199.19.213.140/share/v2/82cf767b9cf242d980fdc11d45469d13/quota-sets/82cf767b9cf242d980fdc11d45469d13?user_id=70be6d3a37f34dc5985e7aa515e4eb81
Feb 19 02:40:04.653230 np0000156484 devstack@m-api.service[40405]: DEBUG manila.api.openstack.wsgi [None req-77c3fcea-f968-470b-84b0-5b08e96a3a10 tempest-SharesAdminQuotasUpdateTest-586085797 tempest-SharesAdminQuotasUpdateTest-586085797-project-admin] Action: 'update', calling method: Controller.__getattribute__..version_select, body: {"quota_set": {"tenant_id": "82cf767b9cf242d980fdc11d45469d13", "force": "true", "share_groups": 2, "share_group_snapshots": 1}} {{(pid=40405) _process_stack /opt/stack/manila/manila/api/openstack/wsgi.py:796}}
Feb 19 02:40:04.657070 np0000156484 devstack@m-api.service[40406]: DEBUG manila.lock.api [None req-b54ddc02-710b-4497-a289-79d874a6e31a tempest-AccessRulesMetadataTest-1596626470 tempest-AccessRulesMetadataTest-1596626470-project-member] Searching for locks by: {'resource_id': '07e1373f-8adf-4609-ac2c-be85494403b4', 'resource_action': 'show', 'resource_type': 'access_rule', 'all_projects': True} {{(pid=40406) get_all /opt/stack/manila/manila/lock/api.py:112}}
Feb 19 02:40:04.664457 np0000156484 devstack@m-api.service[40406]: INFO manila.api.openstack.wsgi [None req-b54ddc02-710b-4497-a289-79d874a6e31a tempest-AccessRulesMetadataTest-1596626470 tempest-AccessRulesMetadataTest-1596626470-project-member] https://199.19.213.140/share/v2/001f85d472d942589ac1bad4cc54b19d/share-access-rules?share_id=a8212d34-8f68-49d6-a456-71b201a94e86 returned with HTTP 200
Feb 19 02:40:04.665277 np0000156484 devstack@m-api.service[40406]: [pid: 40406|app: 0|req: 475/894] 199.19.213.140 () {66 vars in 1512 bytes} [Thu Feb 19 02:40:04 2026] GET /share/v2/001f85d472d942589ac1bad4cc54b19d/share-access-rules?share_id=a8212d34-8f68-49d6-a456-71b201a94e86 => generated 341 bytes in 44 msecs (HTTP/1.1 200) 7 headers in 297 bytes (1 switches on core 0)
Feb 19 02:40:04.665354 np0000156484 devstack@m-api.service[40405]: DEBUG manila.api.v2.quota_sets [None req-77c3fcea-f968-470b-84b0-5b08e96a3a10 tempest-SharesAdminQuotasUpdateTest-586085797 tempest-SharesAdminQuotasUpdateTest-586085797-project-admin] Force update quotas: True. {{(pid=40405) _update /opt/stack/manila/manila/api/v2/quota_sets.py:199}}
Feb 19 02:40:04.668942 np0000156484 devstack@m-api.service[40406]: INFO manila.api.openstack.wsgi [None req-4ef2c12c-c349-4261-8eb3-6e63d8dd2887 tempest-SharesAdminQuotasNegativeTest-1469859099 tempest-SharesAdminQuotasNegativeTest-1469859099-project-admin] PUT https://199.19.213.140/share/v2/a55ef1f24efa461da061d032978ad22b/quota-sets/a55ef1f24efa461da061d032978ad22b
Feb 19 02:40:04.669223 np0000156484 devstack@m-api.service[40406]: DEBUG manila.api.openstack.wsgi [None req-4ef2c12c-c349-4261-8eb3-6e63d8dd2887 tempest-SharesAdminQuotasNegativeTest-1469859099 tempest-SharesAdminQuotasNegativeTest-1469859099-project-admin] Action: 'update', calling method: Controller.__getattribute__..version_select, body: {"quota_set": {"tenant_id": "a55ef1f24efa461da061d032978ad22b", "force": "true", "share_groups": 0}} {{(pid=40406) _process_stack /opt/stack/manila/manila/api/openstack/wsgi.py:796}}
Feb 19 02:40:04.675595 np0000156484 devstack@m-api.service[40406]: DEBUG manila.api.v2.quota_sets [None req-4ef2c12c-c349-4261-8eb3-6e63d8dd2887 tempest-SharesAdminQuotasNegativeTest-1469859099 tempest-SharesAdminQuotasNegativeTest-1469859099-project-admin] Force update quotas: True. {{(pid=40406) _update /opt/stack/manila/manila/api/v2/quota_sets.py:199}}
Feb 19 02:40:04.690669 np0000156484 devstack@m-api.service[40406]: INFO manila.api.openstack.wsgi [None req-4ef2c12c-c349-4261-8eb3-6e63d8dd2887 tempest-SharesAdminQuotasNegativeTest-1469859099 tempest-SharesAdminQuotasNegativeTest-1469859099-project-admin] https://199.19.213.140/share/v2/a55ef1f24efa461da061d032978ad22b/quota-sets/a55ef1f24efa461da061d032978ad22b returned with HTTP 200
Feb 19 02:40:04.691140 np0000156484 devstack@m-api.service[40406]: [pid: 40406|app: 0|req: 476/895] 199.19.213.140 () {68 vars in 1517 bytes} [Thu Feb 19 02:40:04 2026] PUT /share/v2/a55ef1f24efa461da061d032978ad22b/quota-sets/a55ef1f24efa461da061d032978ad22b => generated 305 bytes in 25 msecs (HTTP/1.1 200) 7 headers in 297 bytes (1 switches on core 0)
Feb 19 02:40:04.693461 np0000156484 devstack@m-api.service[40406]: INFO manila.api.openstack.wsgi [None req-ff564c5d-78b5-4602-906e-62ac9063537d tempest-ExtraSpecsAdminNegativeTest-477141184 tempest-ExtraSpecsAdminNegativeTest-477141184-project-admin] GET https://199.19.213.140/share/v2/21f0ef7d5cc64740a91643f7113e7ccb/shares?share_type_id=852597cd-4626-4bcd-afed-5f38fbde0346
Feb 19 02:40:04.693703 np0000156484 devstack@m-api.service[40406]: DEBUG manila.api.openstack.wsgi [None req-ff564c5d-78b5-4602-906e-62ac9063537d tempest-ExtraSpecsAdminNegativeTest-477141184 tempest-ExtraSpecsAdminNegativeTest-477141184-project-admin] Empty body provided in request {{(pid=40406) get_body /opt/stack/manila/manila/api/openstack/wsgi.py:652}}
Feb 19 02:40:04.693900 np0000156484 devstack@m-api.service[40406]: DEBUG manila.api.openstack.wsgi [None req-ff564c5d-78b5-4602-906e-62ac9063537d tempest-ExtraSpecsAdminNegativeTest-477141184 tempest-ExtraSpecsAdminNegativeTest-477141184-project-admin] Calling method 'Controller.__getattribute__..version_select' {{(pid=40406) _process_stack /opt/stack/manila/manila/api/openstack/wsgi.py:798}}
Feb 19 02:40:04.694700 np0000156484 devstack@m-api.service[40406]: DEBUG manila.share.api [None req-ff564c5d-78b5-4602-906e-62ac9063537d tempest-ExtraSpecsAdminNegativeTest-477141184 tempest-ExtraSpecsAdminNegativeTest-477141184-project-admin] Searching for shares by: {'share_type_id': '852597cd-4626-4bcd-afed-5f38fbde0346'} {{(pid=40406) _get_all /opt/stack/manila/manila/share/api.py:2372}}
Feb 19 02:40:04.698707 np0000156484 devstack@m-api.service[40406]: INFO manila.api.openstack.wsgi [None req-ff564c5d-78b5-4602-906e-62ac9063537d tempest-ExtraSpecsAdminNegativeTest-477141184 tempest-ExtraSpecsAdminNegativeTest-477141184-project-admin] https://199.19.213.140/share/v2/21f0ef7d5cc64740a91643f7113e7ccb/shares?share_type_id=852597cd-4626-4bcd-afed-5f38fbde0346 returned with HTTP 200
Feb 19 02:40:04.698912 np0000156484 devstack@m-api.service[40406]: [pid: 40406|app: 0|req: 477/896] 199.19.213.140 () {66 vars in 1486 bytes} [Thu Feb 19 02:40:04 2026] GET /share/v2/21f0ef7d5cc64740a91643f7113e7ccb/shares?share_type_id=852597cd-4626-4bcd-afed-5f38fbde0346 => generated 14 bytes in 7 msecs (HTTP/1.1 200) 7 headers in 296 bytes (1 switches on core 0)
Feb 19 02:40:04.700598 np0000156484 devstack@m-api.service[40406]: INFO manila.api.openstack.wsgi [None req-eef6143c-672f-4cb5-a231-f84a28e91228 tempest-AccessRulesMetadataTest-1596626470 tempest-AccessRulesMetadataTest-1596626470-project-member] POST https://199.19.213.140/share/v2/001f85d472d942589ac1bad4cc54b19d/shares/a8212d34-8f68-49d6-a456-71b201a94e86/action
Feb 19 02:40:04.700774 np0000156484 devstack@m-api.service[40406]: DEBUG manila.api.openstack.wsgi [None req-eef6143c-672f-4cb5-a231-f84a28e91228 tempest-AccessRulesMetadataTest-1596626470 tempest-AccessRulesMetadataTest-1596626470-project-member] Action body: b'{"allow_access": {"access_type": "ip", "access_to": "2001:0DB8:3d73:c847:451c:45a:ffef:e525", "access_level": "rw", "metadata": {"key1": "vvvvvvvvvvvvvvvvvvvvvvvvvvvvvvvvvvvvvvvvvvvvvvvvvvvvvvvvvvvvvvvvvvvvvvvvvvvvvvvvvvvvvvvvvvvvvvvvvvvvvvvvvvvvvvvvvvvvvvvvvvvvvvvvvvvvvvvvvvvvvvvvvvvvvvvvvvvvvvvvvvvvvvvvvvvvvvvvvvvvvvvvvvvvvvvvvvvvvvvvvvvvvvvvvvvvvvvvvvvvvvvvvvvvvvvvvvvvvvvvvvvvvvvvvvvvvvv", "kkkkkkkkkkkkkkkkkkkkkkkkkkkkkkkkkkkkkkkkkkkkkkkkkkkkkkkkkkkkkkkkkkkkkkkkkkkkkkkkkkkkkkkkkkkkkkkkkkkkkkkkkkkkkkkkkkkkkkkkkkkkkkkkkkkkkkkkkkkkkkkkkkkkkkkkkkkkkkkkkkkkkkkkkkkkkkkkkkkkkkkkkkkkkkkkkkkkkkkkkkkkkkkkkkkkkkkkkkkkkkkkkkkkkkkkkkkkkkkkkkkkkkkkkkkkkkk": "value2"}}}' {{(pid=40406) get_method /opt/stack/manila/manila/api/openstack/wsgi.py:912}}
Feb 19 02:40:04.700916 np0000156484 devstack@m-api.service[40406]: DEBUG manila.api.openstack.wsgi [None req-eef6143c-672f-4cb5-a231-f84a28e91228 tempest-AccessRulesMetadataTest-1596626470 tempest-AccessRulesMetadataTest-1596626470-project-member] Action: 'action', calling method: ShareController.allow_access, body: {"allow_access": {"access_type": "ip", "access_to": "2001:0DB8:3d73:c847:451c:45a:ffef:e525", "access_level": "rw", "metadata": {"key1": "vvvvvvvvvvvvvvvvvvvvvvvvvvvvvvvvvvvvvvvvvvvvvvvvvvvvvvvvvvvvvvvvvvvvvvvvvvvvvvvvvvvvvvvvvvvvvvvvvvvvvvvvvvvvvvvvvvvvvvvvvvvvvvvvvvvvvvvvvvvvvvvvvvvvvvvvvvvvvvvvvvvvvvvvvvvvvvvvvvvvvvvvvvvvvvvvvvvvvvvvvvvvvvvvvvvvvvvvvvvvvvvvvvvvvvvvvvvvvvvvvvvvvvvvvvvvvvv", "kkkkkkkkkkkkkkkkkkkkkkkkkkkkkkkkkkkkkkkkkkkkkkkkkkkkkkkkkkkkkkkkkkkkkkkkkkkkkkkkkkkkkkkkkkkkkkkkkkkkkkkkkkkkkkkkkkkkkkkkkkkkkkkkkkkkkkkkkkkkkkkkkkkkkkkkkkkkkkkkkkkkkkkkkkkkkkkkkkkkkkkkkkkkkkkkkkkkkkkkkkkkkkkkkkkkkkkkkkkkkkkkkkkkkkkkkkkkkkkkkkkkkkkkkkkkkkk": "value2"}}} {{(pid=40406) _process_stack /opt/stack/manila/manila/api/openstack/wsgi.py:796}}
Feb 19 02:40:04.702387 np0000156484 devstack@m-api.service[40405]: INFO manila.api.openstack.wsgi [None req-77c3fcea-f968-470b-84b0-5b08e96a3a10 tempest-SharesAdminQuotasUpdateTest-586085797 tempest-SharesAdminQuotasUpdateTest-586085797-project-admin] https://199.19.213.140/share/v2/82cf767b9cf242d980fdc11d45469d13/quota-sets/82cf767b9cf242d980fdc11d45469d13?user_id=70be6d3a37f34dc5985e7aa515e4eb81 returned with HTTP 200
Feb 19 02:40:04.702679 np0000156484 devstack@m-api.service[40405]: [pid: 40405|app: 0|req: 420/897] 199.19.213.140 () {68 vars in 1598 bytes} [Thu Feb 19 02:40:04 2026] PUT /share/v2/82cf767b9cf242d980fdc11d45469d13/quota-sets/82cf767b9cf242d980fdc11d45469d13?user_id=70be6d3a37f34dc5985e7aa515e4eb81 => generated 304 bytes in 51 msecs (HTTP/1.1 200) 7 headers in 297 bytes (1 switches on core 0)
Feb 19 02:40:04.708922 np0000156484 devstack@m-api.service[40405]: INFO manila.api.openstack.wsgi [None req-c4c53313-25f7-491d-a634-e4a3a746dbed tempest-SharesAdminQuotasNegativeTest-1469859099 tempest-SharesAdminQuotasNegativeTest-1469859099-project-admin] POST https://199.19.213.140/share/v2/a55ef1f24efa461da061d032978ad22b/share-groups
Feb 19 02:40:04.709362 np0000156484 devstack@m-api.service[40405]: DEBUG manila.api.openstack.wsgi [None req-c4c53313-25f7-491d-a634-e4a3a746dbed tempest-SharesAdminQuotasNegativeTest-1469859099 tempest-SharesAdminQuotasNegativeTest-1469859099-project-admin] Action: 'create', calling method: Controller.__getattribute__..version_select, body: {"share_group": {"share_group_type_id": "878249fd-e537-4212-b60f-0b3c0ca5a2d9", "share_types": ["a2cb5f23-2c43-4149-9f06-634e4f236a6b"]}} {{(pid=40405) _process_stack /opt/stack/manila/manila/api/openstack/wsgi.py:796}}
Feb 19 02:40:04.734951 np0000156484 devstack@m-api.service[40405]: WARNING manila.share_group.api [None req-c4c53313-25f7-491d-a634-e4a3a746dbed tempest-SharesAdminQuotasNegativeTest-1469859099 tempest-SharesAdminQuotasNegativeTest-1469859099-project-admin] Quota exceeded for 'd319c304e17146fa8176200bd5ac30b1' user in 'a55ef1f24efa461da061d032978ad22b' project. (0 of 0 already consumed).: manila.exception.OverQuota: Quota exceeded for resources: ['share_groups'].
Feb 19 02:40:04.740918 np0000156484 devstack@m-api.service[40405]: ERROR manila.api.middleware.fault [None req-c4c53313-25f7-491d-a634-e4a3a746dbed tempest-SharesAdminQuotasNegativeTest-1469859099 tempest-SharesAdminQuotasNegativeTest-1469859099-project-admin] Caught error: Maximum number of allowed share-groups is exceeded.: manila.exception.ShareGroupsLimitExceeded: Maximum number of allowed share-groups is exceeded.
Feb 19 02:40:04.740918 np0000156484 devstack@m-api.service[40405]: ERROR manila.api.middleware.fault
Traceback (most recent call last):
Feb 19 02:40:04.740918 np0000156484 devstack@m-api.service[40405]: ERROR manila.api.middleware.fault
File "/opt/stack/manila/manila/share_group/api.py", line 182, in create
Feb 19 02:40:04.740918 np0000156484 devstack@m-api.service[40405]: ERROR manila.api.middleware.fault reservations = QUOTAS.reserve(context, share_groups=1)
Feb 19 02:40:04.740918 np0000156484 devstack@m-api.service[40405]: ERROR manila.api.middleware.fault ^^^^^^^^^^^^^^^^^^^^^^^^^^^^^^^^^^^^^^^
Feb 19 02:40:04.740918 np0000156484 devstack@m-api.service[40405]: ERROR manila.api.middleware.fault
File "/opt/stack/manila/manila/quota.py", line 1029, in reserve
Feb 19 02:40:04.740918 np0000156484 devstack@m-api.service[40405]: ERROR manila.api.middleware.fault reservations = self._driver.reserve(
Feb 19 02:40:04.740918 np0000156484 devstack@m-api.service[40405]: ERROR manila.api.middleware.fault ^^^^^^^^^^^^^^^^^^^^^
Feb 19 02:40:04.740918 np0000156484 devstack@m-api.service[40405]: ERROR manila.api.middleware.fault
File "/opt/stack/manila/manila/quota.py", line 550, in reserve
Feb 19 02:40:04.740918 np0000156484 devstack@m-api.service[40405]: ERROR manila.api.middleware.fault return db.quota_reserve(
Feb 19 02:40:04.740918 np0000156484 devstack@m-api.service[40405]: ERROR manila.api.middleware.fault ^^^^^^^^^^^^^^^^^
Feb 19 02:40:04.740918 np0000156484 devstack@m-api.service[40405]: ERROR manila.api.middleware.fault
File "/opt/stack/manila/manila/db/api.py", line 260, in quota_reserve
Feb 19 02:40:04.740918 np0000156484 devstack@m-api.service[40405]: ERROR manila.api.middleware.fault return IMPL.quota_reserve(
Feb 19 02:40:04.740918 np0000156484 devstack@m-api.service[40405]: ERROR manila.api.middleware.fault ^^^^^^^^^^^^^^^^^^^
Feb 19 02:40:04.740918 np0000156484 devstack@m-api.service[40405]: ERROR manila.api.middleware.fault
File "/opt/stack/manila/manila/db/sqlalchemy/api.py", line 175, in wrapper
Feb 19 02:40:04.740918 np0000156484 devstack@m-api.service[40405]: ERROR manila.api.middleware.fault return f(*args, **kwargs)
Feb 19 02:40:04.740918 np0000156484 devstack@m-api.service[40405]: ERROR manila.api.middleware.fault ^^^^^^^^^^^^^^^^^^
Feb 19 02:40:04.740918 np0000156484 devstack@m-api.service[40405]: ERROR manila.api.middleware.fault
File "/opt/stack/manila/manila/db/sqlalchemy/api.py", line 1174, in quota_reserve
Feb 19 02:40:04.741812 np0000156484 devstack@m-api.service[40405]: ERROR manila.api.middleware.fault user_reservations = _quota_reserve(
Feb 19 02:40:04.741812 np0000156484 devstack@m-api.service[40405]: ERROR manila.api.middleware.fault ^^^^^^^^^^^^^^^
Feb 19 02:40:04.741812 np0000156484 devstack@m-api.service[40405]: ERROR manila.api.middleware.fault
File "/opt/stack/data/venv/lib/python3.12/site-packages/oslo_db/api.py", line 144, in wrapper
Feb 19 02:40:04.741812 np0000156484 devstack@m-api.service[40405]: ERROR manila.api.middleware.fault with excutils.save_and_reraise_exception() as ectxt:
Feb 19 02:40:04.741812 np0000156484 devstack@m-api.service[40405]: ERROR manila.api.middleware.fault
File "/opt/stack/data/venv/lib/python3.12/site-packages/oslo_utils/excutils.py", line 256, in __exit__
Feb 19 02:40:04.741812 np0000156484 devstack@m-api.service[40405]: ERROR manila.api.middleware.fault self.force_reraise()
Feb 19 02:40:04.741812 np0000156484 devstack@m-api.service[40405]: ERROR manila.api.middleware.fault
File "/opt/stack/data/venv/lib/python3.12/site-packages/oslo_utils/excutils.py", line 222, in force_reraise
Feb 19 02:40:04.741812 np0000156484 devstack@m-api.service[40405]: ERROR manila.api.middleware.fault raise self.value
Feb 19 02:40:04.741812 np0000156484 devstack@m-api.service[40405]: ERROR manila.api.middleware.fault
File "/opt/stack/data/venv/lib/python3.12/site-packages/oslo_db/api.py", line 142, in wrapper
Feb 19 02:40:04.741812 np0000156484 devstack@m-api.service[40405]: ERROR manila.api.middleware.fault return f(*args, **kwargs)
