2026-06-09 18:19:02.223 8 INFO placement.requestlog [None req-b84b75de-64e6-45d8-9b1c-b8994b42970e - - - - - -] 10.0.0.64 "GET /" status: 200 len: 136 microversion: 1.0
2026-06-09 18:19:02.223 7 INFO placement.requestlog [None req-30cae342-c31e-49d2-8734-817aada30f7c - - - - - -] 10.0.0.64 "GET /" status: 200 len: 136 microversion: 1.0
2026-06-09 18:19:12.222 8 INFO placement.requestlog [None req-53995cf6-2b61-4c77-ae88-879d95ab2f40 - - - - - -] 10.0.0.64 "GET /" status: 200 len: 136 microversion: 1.0
2026-06-09 18:19:12.222 7 INFO placement.requestlog [None req-73167abd-2313-4acb-9a39-6ae6bf6ff666 - - - - - -] 10.0.0.64 "GET /" status: 200 len: 136 microversion: 1.0
2026-06-09 18:19:22.222 8 INFO placement.requestlog [None req-b2a29969-5311-4b66-88b0-373b7d579959 - - - - - -] 10.0.0.64 "GET /" status: 200 len: 136 microversion: 1.0
2026-06-09 18:19:22.222 7 INFO placement.requestlog [None req-aefd656d-93ad-4e05-9eda-dc8e32702b01 - - - - - -] 10.0.0.64 "GET /" status: 200 len: 136 microversion: 1.0
2026-06-09 18:19:31.422 8 INFO placement.requestlog [req-d36bd9fd-1349-47c4-94e0-3452171d0dbd req-787cb5a3-2621-442c-95e4-254f16f15ed3 673a7a25a5f8440ab79d01906689256b 7cf09646d0e542b18154d887c9dd3e4f - - c9125d810fef4a32af72aead5a56271b c9125d810fef4a32af72aead5a56271b] 10.0.0.181 "GET /allocation_candidates?limit=1000&resources=DISK_GB%3A1%2CMEMORY_MB%3A512%2CVCPU%3A1&root_required=%21COMPUTE_STATUS_DISABLED" status: 200 len: 2188 microversion: 1.36 [pid: 8|app: 0|req: 295/588] 10.0.0.181 () {34 vars in 1012 bytes} [Tue Jun 9 18:19:31 2026] GET /allocation_candidates?limit=1000&resources=DISK_GB%3A1%2CMEMORY_MB%3A512%2CVCPU%3A1&root_required=%21COMPUTE_STATUS_DISABLED => generated 2188 bytes in 176 msecs (HTTP/1.1 200) 8 headers in 297 bytes (1 switches on core 0)
2026-06-09 18:19:31.469 7 INFO placement.requestlog [req-d36bd9fd-1349-47c4-94e0-3452171d0dbd req-4eb1bcd6-edb3-431c-ae00-4843f3010840 673a7a25a5f8440ab79d01906689256b 7cf09646d0e542b18154d887c9dd3e4f - - c9125d810fef4a32af72aead5a56271b c9125d810fef4a32af72aead5a56271b] 10.0.0.181 "GET /allocations/189ea17d-c2a4-4991-ab6d-683b17f866b7" status: 200 len: 19 microversion: 1.28 [pid: 7|app: 0|req: 294/589] 10.0.0.181 () {34 vars in 861 bytes} [Tue Jun 9 18:19:31 2026] GET /allocations/189ea17d-c2a4-4991-ab6d-683b17f866b7 => generated 19 bytes in 14 msecs (HTTP/1.1 200) 8 headers in 295 bytes (1 switches on core 0)
2026-06-09 18:19:31.566 8 INFO placement.requestlog [req-d36bd9fd-1349-47c4-94e0-3452171d0dbd req-e1983967-5f2d-40ba-a3c5-c4da6c5edbaa 673a7a25a5f8440ab79d01906689256b 7cf09646d0e542b18154d887c9dd3e4f - - c9125d810fef4a32af72aead5a56271b c9125d810fef4a32af72aead5a56271b] 10.0.0.181 "PUT /allocations/189ea17d-c2a4-4991-ab6d-683b17f866b7" status: 204 len: 0 microversion: 1.36 [pid: 8|app: 0|req: 296/590] 10.0.0.181 () {38 vars in 914 bytes} [Tue Jun 9 18:19:31 2026] PUT /allocations/189ea17d-c2a4-4991-ab6d-683b17f866b7 => generated 0 bytes in 91 msecs (HTTP/1.1 204) 5 headers in 199 bytes (1 switches on core 0)
2026-06-09 18:19:32.139 7 INFO placement.requestlog [req-d36bd9fd-1349-47c4-94e0-3452171d0dbd req-5c76acc5-bfab-4fd8-b352-7bc8148fdf5b 673a7a25a5f8440ab79d01906689256b 7cf09646d0e542b18154d887c9dd3e4f - - c9125d810fef4a32af72aead5a56271b c9125d810fef4a32af72aead5a56271b] 199.19.213.151 "GET /allocations/189ea17d-c2a4-4991-ab6d-683b17f866b7" status: 200 len: 257 microversion: 1.28 [pid: 7|app: 0|req: 295/591] 199.19.213.151 () {34 vars in 863 bytes} [Tue Jun 9 18:19:32 2026] GET /allocations/189ea17d-c2a4-4991-ab6d-683b17f866b7 => generated 257 bytes in 16 msecs (HTTP/1.1 200) 8 headers in 296 bytes (1 switches on core 0)
2026-06-09 18:19:32.223 8 INFO placement.requestlog [None req-f11f5ce9-2ef1-421a-9a31-378e1563c915 - - - - - -] 10.0.0.64 "GET /" status: 200 len: 136 microversion: 1.0
2026-06-09 18:19:32.223 7 INFO placement.requestlog [None req-ed02f877-277d-4296-be69-26f50a70babd - - - - - -] 10.0.0.64 "GET /" status: 200 len: 136 microversion: 1.0
2026-06-09 18:19:32.295 7 INFO placement.requestlog [req-d36bd9fd-1349-47c4-94e0-3452171d0dbd req-51c29c2c-753e-4d61-a0a0-91978e1a957d 673a7a25a5f8440ab79d01906689256b 7cf09646d0e542b18154d887c9dd3e4f - - c9125d810fef4a32af72aead5a56271b c9125d810fef4a32af72aead5a56271b] 199.19.213.151 "GET /resource_providers/aff5a411-c9c1-47cb-ab04-0df51ca6c7af/allocations" status: 200 len: 152 microversion: 1.0 [pid: 7|app: 0|req: 297/594] 199.19.213.151 () {32 vars in 857 bytes} [Tue Jun 9 18:19:32 2026] GET /resource_providers/aff5a411-c9c1-47cb-ab04-0df51ca6c7af/allocations => generated 152 bytes in 19 msecs (HTTP/1.1 200) 6 headers in 224 bytes (1 switches on core 0)
2026-06-09 18:19:32.318 8 INFO placement.requestlog [req-d36bd9fd-1349-47c4-94e0-3452171d0dbd req-71dde16b-7d19-4343-b653-401273d76086 673a7a25a5f8440ab79d01906689256b 7cf09646d0e542b18154d887c9dd3e4f - - c9125d810fef4a32af72aead5a56271b c9125d810fef4a32af72aead5a56271b] 199.19.213.151 "GET /allocations/189ea17d-c2a4-4991-ab6d-683b17f866b7" status: 200 len: 257 microversion: 1.28 [pid: 8|app: 0|req: 298/595] 199.19.213.151 () {34 vars in 863 bytes} [Tue Jun 9 18:19:32 2026] GET /allocations/189ea17d-c2a4-4991-ab6d-683b17f866b7 => generated 257 bytes in 15 msecs (HTTP/1.1 200) 8 headers in 296 bytes (1 switches on core 0)
2026-06-09 18:19:32.699 7 INFO placement.requestlog [None req-f0e7dcc0-92e9-4b57-9571-8d2b73ecfd95 ab43c5b7f13a471688cdd4c399e9eb12 7cf09646d0e542b18154d887c9dd3e4f - - c9125d810fef4a32af72aead5a56271b c9125d810fef4a32af72aead5a56271b] 10.0.0.1 "GET /resource_providers/282d86d1-4f9e-45a9-b3f3-de7fdd9d37aa/aggregates" status: 404 len: 235 microversion: 1.1 [pid: 7|app: 0|req: 298/596] 10.0.0.1 () {32 vars in 814 bytes} [Tue Jun 9 18:19:32 2026] GET /resource_providers/282d86d1-4f9e-45a9-b3f3-de7fdd9d37aa/aggregates => generated 235 bytes in 73 msecs (HTTP/1.1 404) 5 headers in 202 bytes (1 switches on core 0)
2026-06-09 18:19:32.713 7 INFO placement.requestlog [None req-666f3b25-541b-4e4d-b5ff-d0772b303b4b ab43c5b7f13a471688cdd4c399e9eb12 7cf09646d0e542b18154d887c9dd3e4f - - c9125d810fef4a32af72aead5a56271b c9125d810fef4a32af72aead5a56271b] 10.0.0.1 "DELETE /resource_providers/282d86d1-4f9e-45a9-b3f3-de7fdd9d37aa" status: 404 len: 246 microversion: 1.1 [pid: 7|app: 0|req: 299/597] 10.0.0.1 () {34 vars in 814 bytes} [Tue Jun 9 18:19:32 2026] DELETE /resource_providers/282d86d1-4f9e-45a9-b3f3-de7fdd9d37aa => generated 246 bytes in 7 msecs (HTTP/1.1 404) 6 headers in 231 bytes (1 switches on core 0)
2026-06-09 18:19:32.716 8 INFO placement.requestlog [None req-f0dfd874-51a7-4cab-be4c-f5e8c571973e ab43c5b7f13a471688cdd4c399e9eb12 7cf09646d0e542b18154d887c9dd3e4f - - c9125d810fef4a32af72aead5a56271b c9125d810fef4a32af72aead5a56271b] 10.0.0.1 "GET /resource_providers/282d86d1-4f9e-45a9-b3f3-de7fdd9d37aa/aggregates" status: 404 len: 235 microversion: 1.1 [pid: 8|app: 0|req: 299/598] 10.0.0.1 () {32 vars in 814 bytes} [Tue Jun 9 18:19:32 2026] GET /resource_providers/282d86d1-4f9e-45a9-b3f3-de7fdd9d37aa/aggregates => generated 235 bytes in 90 msecs (HTTP/1.1 404) 5 headers in 202 bytes (1 switches on core 0)
2026-06-09 18:19:32.732 7 INFO placement.requestlog [None req-e4e8d341-5a22-4601-9fb5-1d0310d230fd ab43c5b7f13a471688cdd4c399e9eb12 7cf09646d0e542b18154d887c9dd3e4f - - c9125d810fef4a32af72aead5a56271b c9125d810fef4a32af72aead5a56271b] 10.0.0.1 "DELETE /resource_providers/282d86d1-4f9e-45a9-b3f3-de7fdd9d37aa" status: 404 len: 246 microversion: 1.1 [pid: 7|app: 0|req: 300/599] 10.0.0.1 () {34 vars in 814 bytes} [Tue Jun 9 18:19:32 2026] DELETE /resource_providers/282d86d1-4f9e-45a9-b3f3-de7fdd9d37aa => generated 246 bytes in 10 msecs (HTTP/1.1 404) 6 headers in 231 bytes (1 switches on core 0)
2026-06-09 18:19:34.749 8 INFO placement.requestlog [None req-e7fd354a-f0fc-45ef-be08-a3247c0f768b ab43c5b7f13a471688cdd4c399e9eb12 7cf09646d0e542b18154d887c9dd3e4f - - c9125d810fef4a32af72aead5a56271b c9125d810fef4a32af72aead5a56271b] 10.0.0.1 "GET /resource_providers/3e1088b4-5454-4029-a81e-b334e4577be7/aggregates" status: 404 len: 235 microversion: 1.1 [pid: 8|app: 0|req: 300/600] 10.0.0.1 () {32 vars in 814 bytes} [Tue Jun 9 18:19:34 2026] GET /resource_providers/3e1088b4-5454-4029-a81e-b334e4577be7/aggregates => generated 235 bytes in 21 msecs (HTTP/1.1 404) 5 headers in 202 bytes (1 switches on core 0)
2026-06-09 18:19:34.764 7 INFO placement.requestlog [None req-6060c678-7c10-4385-bcfe-99c3834f0293 ab43c5b7f13a471688cdd4c399e9eb12 7cf09646d0e542b18154d887c9dd3e4f - - c9125d810fef4a32af72aead5a56271b c9125d810fef4a32af72aead5a56271b] 10.0.0.1 "GET /resource_providers/3e1088b4-5454-4029-a81e-b334e4577be7/aggregates" status: 404 len: 235 microversion: 1.1 [pid: 7|app: 0|req: 301/601] 10.0.0.1 () {32 vars in 814 bytes} [Tue Jun 9 18:19:34 2026] GET /resource_providers/3e1088b4-5454-4029-a81e-b334e4577be7/aggregates => generated 235 bytes in 19 msecs (HTTP/1.1 404) 5 headers in 202 bytes (1 switches on core 0)
2026-06-09 18:19:34.776 8 INFO placement.requestlog [None req-b5a0ebfb-adc9-47c9-927c-9416029d68e4 ab43c5b7f13a471688cdd4c399e9eb12 7cf09646d0e542b18154d887c9dd3e4f - - c9125d810fef4a32af72aead5a56271b c9125d810fef4a32af72aead5a56271b] 10.0.0.1 "DELETE /resource_providers/3e1088b4-5454-4029-a81e-b334e4577be7" status: 404 len: 246 microversion: 1.1 [pid: 8|app: 0|req: 301/602] 10.0.0.1 () {34 vars in 814 bytes} [Tue Jun 9 18:19:34 2026] DELETE /resource_providers/3e1088b4-5454-4029-a81e-b334e4577be7 => generated 246 bytes in 17 msecs (HTTP/1.1 404) 6 headers in 231 bytes (1 switches on core 0)
2026-06-09 18:19:34.800 7 INFO placement.requestlog [None req-d1612550-8e5d-4571-b67b-45b120e5e62c ab43c5b7f13a471688cdd4c399e9eb12 7cf09646d0e542b18154d887c9dd3e4f - - c9125d810fef4a32af72aead5a56271b c9125d810fef4a32af72aead5a56271b] 10.0.0.1 "DELETE /resource_providers/3e1088b4-5454-4029-a81e-b334e4577be7" status: 404 len: 246 microversion: 1.1 [pid: 7|app: 0|req: 302/603] 10.0.0.1 () {34 vars in 814 bytes} [Tue Jun 9 18:19:34 2026] DELETE /resource_providers/3e1088b4-5454-4029-a81e-b334e4577be7 => generated 246 bytes in 28 msecs (HTTP/1.1 404) 6 headers in 231 bytes (1 switches on core 0)
2026-06-09 18:19:36.008 7 INFO placement.requestlog [req-fdaec140-caee-4710-9461-9ed014ba9963 req-7a23b700-d30e-4ee3-8676-812d479ac070 673a7a25a5f8440ab79d01906689256b 7cf09646d0e542b18154d887c9dd3e4f - - c9125d810fef4a32af72aead5a56271b c9125d810fef4a32af72aead5a56271b] 199.19.213.151 "GET /resource_providers/aff5a411-c9c1-47cb-ab04-0df51ca6c7af/allocations" status: 200 len: 152 microversion: 1.0 [pid: 7|app: 0|req: 303/604] 199.19.213.151 () {32 vars in 857 bytes} [Tue Jun 9 18:19:35 2026] GET /resource_providers/aff5a411-c9c1-47cb-ab04-0df51ca6c7af/allocations => generated 152 bytes in 14 msecs (HTTP/1.1 200) 6 headers in 224 bytes (1 switches on core 0)
2026-06-09 18:19:36.083 8 INFO placement.requestlog [None req-951d2715-0b75-4778-8544-589ece815a88 ab43c5b7f13a471688cdd4c399e9eb12 7cf09646d0e542b18154d887c9dd3e4f - - c9125d810fef4a32af72aead5a56271b c9125d810fef4a32af72aead5a56271b] 10.0.0.1 "GET /resource_providers/9cd82cd9-9485-4a0d-8157-d6595ea1abff/aggregates" status: 404 len: 235 microversion: 1.1 [pid: 8|app: 0|req: 302/605] 10.0.0.1 () {32 vars in 814 bytes} [Tue Jun 9 18:19:35 2026] GET /resource_providers/9cd82cd9-9485-4a0d-8157-d6595ea1abff/aggregates => generated 235 bytes in 91 msecs (HTTP/1.1 404) 5 headers in 202 bytes (1 switches on core 0)
2026-06-09 18:19:36.102 8 INFO placement.requestlog [req-fdaec140-caee-4710-9461-9ed014ba9963 req-65a033bd-c52d-4e83-8e52-949a5db4499e 673a7a25a5f8440ab79d01906689256b 7cf09646d0e542b18154d887c9dd3e4f - - c9125d810fef4a32af72aead5a56271b c9125d810fef4a32af72aead5a56271b] 199.19.213.151 "GET /resource_providers/aff5a411-c9c1-47cb-ab04-0df51ca6c7af/allocations" status: 200 len: 152 microversion: 1.0 [pid: 8|app: 0|req: 303/606] 199.19.213.151 () {32 vars in 857 bytes} [Tue Jun 9 18:19:36 2026] GET /resource_providers/aff5a411-c9c1-47cb-ab04-0df51ca6c7af/allocations => generated 152 bytes in 19 msecs (HTTP/1.1 200) 6 headers in 224 bytes (1 switches on core 0)
2026-06-09 18:19:36.112 8 INFO placement.requestlog [None req-a891a632-eb12-44ce-a489-1e95865dcf48 ab43c5b7f13a471688cdd4c399e9eb12 7cf09646d0e542b18154d887c9dd3e4f - - c9125d810fef4a32af72aead5a56271b c9125d810fef4a32af72aead5a56271b] 10.0.0.1 "DELETE /resource_providers/9cd82cd9-9485-4a0d-8157-d6595ea1abff" status: 404 len: 246 microversion: 1.1 [pid: 8|app: 0|req: 304/607] 10.0.0.1 () {34 vars in 814 bytes} [Tue Jun 9 18:19:36 2026] DELETE /resource_providers/9cd82cd9-9485-4a0d-8157-d6595ea1abff => generated 246 bytes in 8 msecs (HTTP/1.1 404) 6 headers in 231 bytes (1 switches on core 0)
2026-06-09 18:19:36.129 8 INFO placement.requestlog [req-fdaec140-caee-4710-9461-9ed014ba9963 req-9d7246e9-4a0e-4b10-952f-0d09d6989a71 673a7a25a5f8440ab79d01906689256b 7cf09646d0e542b18154d887c9dd3e4f - - c9125d810fef4a32af72aead5a56271b c9125d810fef4a32af72aead5a56271b] 199.19.213.151 "GET /allocations/189ea17d-c2a4-4991-ab6d-683b17f866b7" status: 200 len: 257 microversion: 1.28 [pid: 8|app: 0|req: 305/608] 199.19.213.151 () {34 vars in 863 bytes} [Tue Jun 9 18:19:36 2026] GET /allocations/189ea17d-c2a4-4991-ab6d-683b17f866b7 => generated 257 bytes in 12 msecs (HTTP/1.1 200) 8 headers in 296 bytes (1 switches on core 0)
2026-06-09 18:19:36.259 7 INFO placement.requestlog [None req-9783f865-f4fa-4bd8-b987-0408a89f449e ab43c5b7f13a471688cdd4c399e9eb12 7cf09646d0e542b18154d887c9dd3e4f - - c9125d810fef4a32af72aead5a56271b c9125d810fef4a32af72aead5a56271b] 10.0.0.1 "GET /resource_providers/9cd82cd9-9485-4a0d-8157-d6595ea1abff/aggregates" status: 404 len: 235 microversion: 1.1 [pid: 7|app: 0|req: 304/609] 10.0.0.1 () {32 vars in 814 bytes} [Tue Jun 9 18:19:36 2026] GET /resource_providers/9cd82cd9-9485-4a0d-8157-d6595ea1abff/aggregates => generated 235 bytes in 250 msecs (HTTP/1.1 404) 5 headers in 202 bytes (1 switches on core 0)
2026-06-09 18:19:36.294 8 INFO placement.requestlog [None req-39c16388-4d9a-47de-9089-9ec8b55b853d ab43c5b7f13a471688cdd4c399e9eb12 7cf09646d0e542b18154d887c9dd3e4f - - c9125d810fef4a32af72aead5a56271b c9125d810fef4a32af72aead5a56271b] 10.0.0.1 "DELETE /resource_providers/9cd82cd9-9485-4a0d-8157-d6595ea1abff" status: 404 len: 246 microversion: 1.1 [pid: 8|app: 0|req: 306/610] 10.0.0.1 () {34 vars in 814 bytes} [Tue Jun 9 18:19:36 2026] DELETE /resource_providers/9cd82cd9-9485-4a0d-8157-d6595ea1abff => generated 246 bytes in 12 msecs (HTTP/1.1 404) 6 headers in 231 bytes (1 switches on core 0)
2026-06-09 18:19:36.708 7 INFO placement.requestlog [req-caab870f-7500-4993-abcc-f1db9c32bfff req-e7f798aa-0689-43cb-9b12-a7ced02c2f41 673a7a25a5f8440ab79d01906689256b 7cf09646d0e542b18154d887c9dd3e4f - - c9125d810fef4a32af72aead5a56271b c9125d810fef4a32af72aead5a56271b] 10.0.0.181 "GET /allocation_candidates?limit=1000&resources=MEMORY_MB%3A512%2CVCPU%3A1&root_required=%21COMPUTE_STATUS_DISABLED" status: 200 len: 2176 microversion: 1.36 [pid: 7|app: 0|req: 305/611] 10.0.0.181 () {34 vars in 984 bytes} [Tue Jun 9 18:19:36 2026] GET /allocation_candidates?limit=1000&resources=MEMORY_MB%3A512%2CVCPU%3A1&root_required=%21COMPUTE_STATUS_DISABLED => generated 2176 bytes in 49 msecs (HTTP/1.1 200) 8 headers in 297 bytes (1 switches on core 0)
2026-06-09 18:19:36.754 8 INFO placement.requestlog [req-caab870f-7500-4993-abcc-f1db9c32bfff req-bda3c556-2447-42ce-831d-6bb9679c0bac 673a7a25a5f8440ab79d01906689256b 7cf09646d0e542b18154d887c9dd3e4f - - c9125d810fef4a32af72aead5a56271b c9125d810fef4a32af72aead5a56271b] 10.0.0.181 "GET /allocations/6db5f522-6555-43a8-9b45-ad1a4531370d" status: 200 len: 19 microversion: 1.28 [pid: 8|app: 0|req: 307/612] 10.0.0.181 () {34 vars in 861 bytes} [Tue Jun 9 18:19:36 2026] GET /allocations/6db5f522-6555-43a8-9b45-ad1a4531370d => generated 19 bytes in 12 msecs (HTTP/1.1 200) 8 headers in 295 bytes (1 switches on core 0)
2026-06-09 18:19:36.802 8 INFO placement.requestlog [None req-d5d5da4a-b0a5-4076-9667-f22cb80a01f1 ab43c5b7f13a471688cdd4c399e9eb12 7cf09646d0e542b18154d887c9dd3e4f - - c9125d810fef4a32af72aead5a56271b c9125d810fef4a32af72aead5a56271b] 10.0.0.1 "GET /resource_providers/6fb900b3-2d0e-496d-9f48-f4fc869eb12e/aggregates" status: 404 len: 235 microversion: 1.1 [pid: 8|app: 0|req: 308/613] 10.0.0.1 () {32 vars in 814 bytes} [Tue Jun 9 18:19:36 2026] GET /resource_providers/6fb900b3-2d0e-496d-9f48-f4fc869eb12e/aggregates => generated 235 bytes in 17 msecs (HTTP/1.1 404) 5 headers in 202 bytes (1 switches on core 0)
2026-06-09 18:19:36.826 8 INFO placement.requestlog [None req-dd08cc40-5b4b-408d-b663-fc17611eeb21 ab43c5b7f13a471688cdd4c399e9eb12 7cf09646d0e542b18154d887c9dd3e4f - - c9125d810fef4a32af72aead5a56271b c9125d810fef4a32af72aead5a56271b] 10.0.0.1 "DELETE /resource_providers/6fb900b3-2d0e-496d-9f48-f4fc869eb12e" status: 404 len: 246 microversion: 1.1
2026-06-09 18:19:36.827 7 INFO placement.requestlog [req-caab870f-7500-4993-abcc-f1db9c32bfff req-792fe113-133b-42c9-96ab-2661fdcf6ff8 673a7a25a5f8440ab79d01906689256b 7cf09646d0e542b18154d887c9dd3e4f - - c9125d810fef4a32af72aead5a56271b c9125d810fef4a32af72aead5a56271b] 10.0.0.181 "PUT /allocations/6db5f522-6555-43a8-9b45-ad1a4531370d" status: 204 len: 0 microversion: 1.36 [pid: 8|app: 0|req: 309/614] 10.0.0.1 () {34 vars in 814 bytes} [Tue Jun 9 18:19:36 2026] DELETE /resource_providers/6fb900b3-2d0e-496d-9f48-f4fc869eb12e => generated 246 bytes in 14 msecs (HTTP/1.1 404) 6 headers in 231 bytes (1 switches on core 0) [pid: 7|app: 0|req: 306/615] 10.0.0.181 () {38 vars in 914 bytes} [Tue Jun 9 18:19:36 2026] PUT /allocations/6db5f522-6555-43a8-9b45-ad1a4531370d => generated 0 bytes in 65 msecs (HTTP/1.1 204) 5 headers in 199 bytes (1 switches on core 0)
2026-06-09 18:19:36.833 8 INFO placement.requestlog [None req-5fb9786e-4fcc-4ddc-afff-b3a382f36abc ab43c5b7f13a471688cdd4c399e9eb12 7cf09646d0e542b18154d887c9dd3e4f - - c9125d810fef4a32af72aead5a56271b c9125d810fef4a32af72aead5a56271b] 10.0.0.1 "GET /resource_providers/6fb900b3-2d0e-496d-9f48-f4fc869eb12e/aggregates" status: 404 len: 235 microversion: 1.1 [pid: 8|app: 0|req: 310/616] 10.0.0.1 () {32 vars in 814 bytes} [Tue Jun 9 18:19:36 2026] GET /resource_providers/6fb900b3-2d0e-496d-9f48-f4fc869eb12e/aggregates => generated 235 bytes in 6 msecs (HTTP/1.1 404) 5 headers in 202 bytes (1 switches on core 0)
2026-06-09 18:19:36.857 7 INFO placement.requestlog [None req-70852a37-d02d-4cd4-a47e-ebbeac2f2503 ab43c5b7f13a471688cdd4c399e9eb12 7cf09646d0e542b18154d887c9dd3e4f - - c9125d810fef4a32af72aead5a56271b c9125d810fef4a32af72aead5a56271b] 10.0.0.1 "DELETE /resource_providers/6fb900b3-2d0e-496d-9f48-f4fc869eb12e" status: 404 len: 246 microversion: 1.1 [pid: 7|app: 0|req: 307/617] 10.0.0.1 () {34 vars in 814 bytes} [Tue Jun 9 18:19:36 2026] DELETE /resource_providers/6fb900b3-2d0e-496d-9f48-f4fc869eb12e => generated 246 bytes in 11 msecs (HTTP/1.1 404) 6 headers in 231 bytes (1 switches on core 0)
2026-06-09 18:19:37.126 8 INFO placement.requestlog [req-caab870f-7500-4993-abcc-f1db9c32bfff req-9f247545-d0e7-42bb-a1eb-c6db52fc4fa2 673a7a25a5f8440ab79d01906689256b 7cf09646d0e542b18154d887c9dd3e4f - - c9125d810fef4a32af72aead5a56271b c9125d810fef4a32af72aead5a56271b] 199.19.213.151 "GET /allocations/6db5f522-6555-43a8-9b45-ad1a4531370d" status: 200 len: 243 microversion: 1.28 [pid: 8|app: 0|req: 311/618] 199.19.213.151 () {34 vars in 863 bytes} [Tue Jun 9 18:19:37 2026] GET /allocations/6db5f522-6555-43a8-9b45-ad1a4531370d => generated 243 bytes in 30 msecs (HTTP/1.1 200) 8 headers in 296 bytes (1 switches on core 0)
2026-06-09 18:19:37.243 7 INFO placement.requestlog [req-caab870f-7500-4993-abcc-f1db9c32bfff req-7c6f6402-0b5c-4e52-8f90-d8a4e7ffba5c 673a7a25a5f8440ab79d01906689256b 7cf09646d0e542b18154d887c9dd3e4f - - c9125d810fef4a32af72aead5a56271b c9125d810fef4a32af72aead5a56271b] 199.19.213.151 "GET /resource_providers/aff5a411-c9c1-47cb-ab04-0df51ca6c7af/allocations" status: 200 len: 238 microversion: 1.0 [pid: 7|app: 0|req: 308/619] 199.19.213.151 () {32 vars in 857 bytes} [Tue Jun 9 18:19:37 2026] GET /resource_providers/aff5a411-c9c1-47cb-ab04-0df51ca6c7af/allocations => generated 238 bytes in 22 msecs (HTTP/1.1 200) 6 headers in 224 bytes (1 switches on core 0)
2026-06-09 18:19:37.270 8 INFO placement.requestlog [req-caab870f-7500-4993-abcc-f1db9c32bfff req-e6222f30-8e9f-4bcf-8196-42e13bf5ccbe 673a7a25a5f8440ab79d01906689256b 7cf09646d0e542b18154d887c9dd3e4f - - c9125d810fef4a32af72aead5a56271b c9125d810fef4a32af72aead5a56271b] 199.19.213.151 "GET /allocations/6db5f522-6555-43a8-9b45-ad1a4531370d" status: 200 len: 243 microversion: 1.28 [pid: 8|app: 0|req: 312/620] 199.19.213.151 () {34 vars in 863 bytes} [Tue Jun 9 18:19:37 2026] GET /allocations/6db5f522-6555-43a8-9b45-ad1a4531370d => generated 243 bytes in 18 msecs (HTTP/1.1 200) 8 headers in 296 bytes (1 switches on core 0)
2026-06-09 18:19:37.299 7 INFO placement.requestlog [req-caab870f-7500-4993-abcc-f1db9c32bfff req-57bd08ad-4c86-492e-8b14-f8d379f363b4 673a7a25a5f8440ab79d01906689256b 7cf09646d0e542b18154d887c9dd3e4f - - c9125d810fef4a32af72aead5a56271b c9125d810fef4a32af72aead5a56271b] 199.19.213.151 "GET /allocations/189ea17d-c2a4-4991-ab6d-683b17f866b7" status: 200 len: 257 microversion: 1.28 [pid: 7|app: 0|req: 309/621] 199.19.213.151 () {34 vars in 863 bytes} [Tue Jun 9 18:19:37 2026] GET /allocations/189ea17d-c2a4-4991-ab6d-683b17f866b7 => generated 257 bytes in 17 msecs (HTTP/1.1 200) 8 headers in 296 bytes (1 switches on core 0)
2026-06-09 18:19:42.227 7 INFO placement.requestlog [None req-e20a7aef-f349-498d-a116-ebc4458bd877 - - - - - -] 10.0.0.64 "GET /" status: 200 len: 136 microversion: 1.0
2026-06-09 18:19:42.227 8 INFO placement.requestlog [None req-a6db0144-8161-47ae-8e64-6b84c02f6150 - - - - - -] 10.0.0.64 "GET /" status: 200 len: 136 microversion: 1.0
2026-06-09 18:19:45.809 7 INFO placement.requestlog [req-0654bc04-b1a9-471b-843d-2e58c826feb1 req-7998ec54-df70-4c13-9102-916656b8f258 673a7a25a5f8440ab79d01906689256b 7cf09646d0e542b18154d887c9dd3e4f - - c9125d810fef4a32af72aead5a56271b c9125d810fef4a32af72aead5a56271b] 10.0.0.181 "GET /allocation_candidates?limit=1000&resources=DISK_GB%3A1%2CMEMORY_MB%3A512%2CVCPU%3A1&root_required=%21COMPUTE_STATUS_DISABLED" status: 200 len: 2191 microversion: 1.36 [pid: 7|app: 0|req: 311/624] 10.0.0.181 () {34 vars in 1012 bytes} [Tue Jun 9 18:19:45 2026] GET /allocation_candidates?limit=1000&resources=DISK_GB%3A1%2CMEMORY_MB%3A512%2CVCPU%3A1&root_required=%21COMPUTE_STATUS_DISABLED => generated 2191 bytes in 68 msecs (HTTP/1.1 200) 8 headers in 297 bytes (1 switches on core 0)
2026-06-09 18:19:45.843 8 INFO placement.requestlog [req-0654bc04-b1a9-471b-843d-2e58c826feb1 req-beecba67-1120-433e-842f-f9c0ee491279 673a7a25a5f8440ab79d01906689256b 7cf09646d0e542b18154d887c9dd3e4f - - c9125d810fef4a32af72aead5a56271b c9125d810fef4a32af72aead5a56271b] 10.0.0.181 "GET /allocations/1d9b9005-12d8-4420-ab63-6a388c28bb64" status: 200 len: 19 microversion: 1.28 [pid: 8|app: 0|req: 314/625] 10.0.0.181 () {34 vars in 861 bytes} [Tue Jun 9 18:19:45 2026] GET /allocations/1d9b9005-12d8-4420-ab63-6a388c28bb64 => generated 19 bytes in 12 msecs (HTTP/1.1 200) 8 headers in 295 bytes (1 switches on core 0)
2026-06-09 18:19:45.918 7 INFO placement.requestlog [req-0654bc04-b1a9-471b-843d-2e58c826feb1 req-4f2c228b-7c60-4598-ae03-806e23508d84 673a7a25a5f8440ab79d01906689256b 7cf09646d0e542b18154d887c9dd3e4f - - c9125d810fef4a32af72aead5a56271b c9125d810fef4a32af72aead5a56271b] 10.0.0.181 "PUT /allocations/1d9b9005-12d8-4420-ab63-6a388c28bb64" status: 204 len: 0 microversion: 1.36 [pid: 7|app: 0|req: 312/626] 10.0.0.181 () {38 vars in 914 bytes} [Tue Jun 9 18:19:45 2026] PUT /allocations/1d9b9005-12d8-4420-ab63-6a388c28bb64 => generated 0 bytes in 66 msecs (HTTP/1.1 204) 5 headers in 199 bytes (1 switches on core 0)
2026-06-09 18:19:46.375 8 INFO placement.requestlog [req-0654bc04-b1a9-471b-843d-2e58c826feb1 req-bde0b7b1-3d79-41fa-83b9-5eda64369849 673a7a25a5f8440ab79d01906689256b 7cf09646d0e542b18154d887c9dd3e4f - - c9125d810fef4a32af72aead5a56271b c9125d810fef4a32af72aead5a56271b] 199.19.213.151 "GET /allocations/1d9b9005-12d8-4420-ab63-6a388c28bb64" status: 200 len: 257 microversion: 1.28 [pid: 8|app: 0|req: 315/627] 199.19.213.151 () {34 vars in 863 bytes} [Tue Jun 9 18:19:46 2026] GET /allocations/1d9b9005-12d8-4420-ab63-6a388c28bb64 => generated 257 bytes in 28 msecs (HTTP/1.1 200) 8 headers in 296 bytes (1 switches on core 0)
2026-06-09 18:19:46.492 7 INFO placement.requestlog [req-0654bc04-b1a9-471b-843d-2e58c826feb1 req-a44b4b6e-c1e3-456d-9bf6-c89ab10b84b4 673a7a25a5f8440ab79d01906689256b 7cf09646d0e542b18154d887c9dd3e4f - - c9125d810fef4a32af72aead5a56271b c9125d810fef4a32af72aead5a56271b] 199.19.213.151 "GET /resource_providers/aff5a411-c9c1-47cb-ab04-0df51ca6c7af/allocations" status: 200 len: 338 microversion: 1.0 [pid: 7|app: 0|req: 313/628] 199.19.213.151 () {32 vars in 857 bytes} [Tue Jun 9 18:19:46 2026] GET /resource_providers/aff5a411-c9c1-47cb-ab04-0df51ca6c7af/allocations => generated 338 bytes in 22 msecs (HTTP/1.1 200) 6 headers in 224 bytes (1 switches on core 0)
2026-06-09 18:19:46.514 8 INFO placement.requestlog [req-0654bc04-b1a9-471b-843d-2e58c826feb1 req-df3bf84a-1c8a-4b1f-9a0e-40e308d1f68c 673a7a25a5f8440ab79d01906689256b 7cf09646d0e542b18154d887c9dd3e4f - - c9125d810fef4a32af72aead5a56271b c9125d810fef4a32af72aead5a56271b] 199.19.213.151 "GET /allocations/6db5f522-6555-43a8-9b45-ad1a4531370d" status: 200 len: 243 microversion: 1.28 [pid: 8|app: 0|req: 316/629] 199.19.213.151 () {34 vars in 863 bytes} [Tue Jun 9 18:19:46 2026] GET /allocations/6db5f522-6555-43a8-9b45-ad1a4531370d => generated 243 bytes in 16 msecs (HTTP/1.1 200) 8 headers in 296 bytes (1 switches on core 0)
2026-06-09 18:19:46.539 7 INFO placement.requestlog [req-0654bc04-b1a9-471b-843d-2e58c826feb1 req-6913f69b-2804-4292-8174-36430cc07a42 673a7a25a5f8440ab79d01906689256b 7cf09646d0e542b18154d887c9dd3e4f - - c9125d810fef4a32af72aead5a56271b c9125d810fef4a32af72aead5a56271b] 199.19.213.151 "GET /allocations/1d9b9005-12d8-4420-ab63-6a388c28bb64" status: 200 len: 257 microversion: 1.28 [pid: 7|app: 0|req: 314/630] 199.19.213.151 () {34 vars in 863 bytes} [Tue Jun 9 18:19:46 2026] GET /allocations/1d9b9005-12d8-4420-ab63-6a388c28bb64 => generated 257 bytes in 18 msecs (HTTP/1.1 200) 8 headers in 296 bytes (1 switches on core 0)
2026-06-09 18:19:46.565 8 INFO placement.requestlog [req-0654bc04-b1a9-471b-843d-2e58c826feb1 req-d1cc90a7-1123-4ee6-b6c1-d58ffad848ae 673a7a25a5f8440ab79d01906689256b 7cf09646d0e542b18154d887c9dd3e4f - - c9125d810fef4a32af72aead5a56271b c9125d810fef4a32af72aead5a56271b] 199.19.213.151 "GET /allocations/189ea17d-c2a4-4991-ab6d-683b17f866b7" status: 200 len: 257 microversion: 1.28 [pid: 8|app: 0|req: 317/631] 199.19.213.151 () {34 vars in 863 bytes} [Tue Jun 9 18:19:46 2026] GET /allocations/189ea17d-c2a4-4991-ab6d-683b17f866b7 => generated 257 bytes in 13 msecs (HTTP/1.1 200) 8 headers in 296 bytes (1 switches on core 0)
2026-06-09 18:19:47.668 7 INFO placement.requestlog [req-f42d029a-72b6-4bd7-ba85-d3c236d8efc3 req-af3df006-5fe0-49c2-abab-5f1757802ac5 673a7a25a5f8440ab79d01906689256b 7cf09646d0e542b18154d887c9dd3e4f - - c9125d810fef4a32af72aead5a56271b c9125d810fef4a32af72aead5a56271b] 199.19.213.151 "GET /resource_providers/aff5a411-c9c1-47cb-ab04-0df51ca6c7af/allocations" status: 200 len: 338 microversion: 1.0 [pid: 7|app: 0|req: 315/632] 199.19.213.151 () {32 vars in 857 bytes} [Tue Jun 9 18:19:47 2026] GET /resource_providers/aff5a411-c9c1-47cb-ab04-0df51ca6c7af/allocations => generated 338 bytes in 24 msecs (HTTP/1.1 200) 6 headers in 224 bytes (1 switches on core 0)
2026-06-09 18:19:47.697 8 INFO placement.requestlog [req-f42d029a-72b6-4bd7-ba85-d3c236d8efc3 req-3ed2f064-ed75-44d9-a5c7-aea4883e5b04 673a7a25a5f8440ab79d01906689256b 7cf09646d0e542b18154d887c9dd3e4f - - c9125d810fef4a32af72aead5a56271b c9125d810fef4a32af72aead5a56271b] 199.19.213.151 "GET /allocations/6db5f522-6555-43a8-9b45-ad1a4531370d" status: 200 len: 243 microversion: 1.28 [pid: 8|app: 0|req: 318/633] 199.19.213.151 () {34 vars in 863 bytes} [Tue Jun 9 18:19:47 2026] GET /allocations/6db5f522-6555-43a8-9b45-ad1a4531370d => generated 243 bytes in 14 msecs (HTTP/1.1 200) 8 headers in 296 bytes (1 switches on core 0)
2026-06-09 18:19:47.724 7 INFO placement.requestlog [req-f42d029a-72b6-4bd7-ba85-d3c236d8efc3 req-2175a982-d6a7-4ce6-a386-e9a8db2f1f9b 673a7a25a5f8440ab79d01906689256b 7cf09646d0e542b18154d887c9dd3e4f - - c9125d810fef4a32af72aead5a56271b c9125d810fef4a32af72aead5a56271b] 199.19.213.151 "GET /allocations/1d9b9005-12d8-4420-ab63-6a388c28bb64" status: 200 len: 257 microversion: 1.28 [pid: 7|app: 0|req: 316/634] 199.19.213.151 () {34 vars in 863 bytes} [Tue Jun 9 18:19:47 2026] GET /allocations/1d9b9005-12d8-4420-ab63-6a388c28bb64 => generated 257 bytes in 19 msecs (HTTP/1.1 200) 8 headers in 296 bytes (1 switches on core 0)
2026-06-09 18:19:47.749 8 INFO placement.requestlog [req-f42d029a-72b6-4bd7-ba85-d3c236d8efc3 req-8c972e5e-1485-40b9-b0f9-02a952d59564 673a7a25a5f8440ab79d01906689256b 7cf09646d0e542b18154d887c9dd3e4f - - c9125d810fef4a32af72aead5a56271b c9125d810fef4a32af72aead5a56271b] 199.19.213.151 "GET /allocations/189ea17d-c2a4-4991-ab6d-683b17f866b7" status: 200 len: 257 microversion: 1.28 [pid: 8|app: 0|req: 319/635] 199.19.213.151 () {34 vars in 863 bytes} [Tue Jun 9 18:19:47 2026] GET /allocations/189ea17d-c2a4-4991-ab6d-683b17f866b7 => generated 257 bytes in 14 msecs (HTTP/1.1 200) 8 headers in 296 bytes (1 switches on core 0)
2026-06-09 18:19:47.866 7 INFO placement.requestlog [req-f42d029a-72b6-4bd7-ba85-d3c236d8efc3 req-1b97ce69-183c-47cd-a1a0-a6130513600c 673a7a25a5f8440ab79d01906689256b 7cf09646d0e542b18154d887c9dd3e4f - - c9125d810fef4a32af72aead5a56271b c9125d810fef4a32af72aead5a56271b] 199.19.213.151 "DELETE /allocations/189ea17d-c2a4-4991-ab6d-683b17f866b7" status: 204 len: 0 microversion: 1.0 [pid: 7|app: 0|req: 317/636] 199.19.213.151 () {34 vars in 841 bytes} [Tue Jun 9 18:19:47 2026] DELETE /allocations/189ea17d-c2a4-4991-ab6d-683b17f866b7 => generated 0 bytes in 28 msecs (HTTP/1.1 204) 5 headers in 198 bytes (1 switches on core 0)
2026-06-09 18:19:49.419 8 INFO placement.requestlog [req-7422cc57-68ac-4be2-8b23-408ea29409ba req-b38668bb-034d-4e37-8cc8-edfc74e8bebd 673a7a25a5f8440ab79d01906689256b 7cf09646d0e542b18154d887c9dd3e4f - - c9125d810fef4a32af72aead5a56271b c9125d810fef4a32af72aead5a56271b] 10.0.0.181 "GET /allocation_candidates?limit=1000&resources=DISK_GB%3A1%2CMEMORY_MB%3A512%2CVCPU%3A1&root_required=%21COMPUTE_STATUS_DISABLED" status: 200 len: 2191 microversion: 1.36 [pid: 8|app: 0|req: 320/637] 10.0.0.181 () {34 vars in 1012 bytes} [Tue Jun 9 18:19:49 2026] GET /allocation_candidates?limit=1000&resources=DISK_GB%3A1%2CMEMORY_MB%3A512%2CVCPU%3A1&root_required=%21COMPUTE_STATUS_DISABLED => generated 2191 bytes in 44 msecs (HTTP/1.1 200) 8 headers in 297 bytes (1 switches on core 0)
2026-06-09 18:19:49.457 7 INFO placement.requestlog [req-7422cc57-68ac-4be2-8b23-408ea29409ba req-a8044433-1ab7-49be-9504-1bf1da1f9d92 673a7a25a5f8440ab79d01906689256b 7cf09646d0e542b18154d887c9dd3e4f - - c9125d810fef4a32af72aead5a56271b c9125d810fef4a32af72aead5a56271b] 10.0.0.181 "GET /allocations/85731b99-b2c3-43fc-85b2-a20fe93395f0" status: 200 len: 19 microversion: 1.28 [pid: 7|app: 0|req: 318/638] 10.0.0.181 () {34 vars in 861 bytes} [Tue Jun 9 18:19:49 2026] GET /allocations/85731b99-b2c3-43fc-85b2-a20fe93395f0 => generated 19 bytes in 14 msecs (HTTP/1.1 200) 8 headers in 295 bytes (1 switches on core 0)
2026-06-09 18:19:49.523 8 INFO placement.requestlog [req-7422cc57-68ac-4be2-8b23-408ea29409ba req-98176ae1-49a7-442d-94d9-e02c59ff45e3 673a7a25a5f8440ab79d01906689256b 7cf09646d0e542b18154d887c9dd3e4f - - c9125d810fef4a32af72aead5a56271b c9125d810fef4a32af72aead5a56271b] 10.0.0.181 "PUT /allocations/85731b99-b2c3-43fc-85b2-a20fe93395f0" status: 204 len: 0 microversion: 1.36 [pid: 8|app: 0|req: 321/639] 10.0.0.181 () {38 vars in 914 bytes} [Tue Jun 9 18:19:49 2026] PUT /allocations/85731b99-b2c3-43fc-85b2-a20fe93395f0 => generated 0 bytes in 60 msecs (HTTP/1.1 204) 5 headers in 199 bytes (1 switches on core 0)
2026-06-09 18:19:50.068 7 INFO placement.requestlog [req-7422cc57-68ac-4be2-8b23-408ea29409ba req-9f3dddf9-b33c-47a3-9e86-1db19da3d902 673a7a25a5f8440ab79d01906689256b 7cf09646d0e542b18154d887c9dd3e4f - - c9125d810fef4a32af72aead5a56271b c9125d810fef4a32af72aead5a56271b] 199.19.213.151 "GET /allocations/85731b99-b2c3-43fc-85b2-a20fe93395f0" status: 200 len: 257 microversion: 1.28 [pid: 7|app: 0|req: 319/640] 199.19.213.151 () {34 vars in 863 bytes} [Tue Jun 9 18:19:50 2026] GET /allocations/85731b99-b2c3-43fc-85b2-a20fe93395f0 => generated 257 bytes in 18 msecs (HTTP/1.1 200) 8 headers in 296 bytes (1 switches on core 0)
2026-06-09 18:19:50.176 8 INFO placement.requestlog [req-7422cc57-68ac-4be2-8b23-408ea29409ba req-0b589c97-2aad-49ab-8c9d-8d8faf08af03 673a7a25a5f8440ab79d01906689256b 7cf09646d0e542b18154d887c9dd3e4f - - c9125d810fef4a32af72aead5a56271b c9125d810fef4a32af72aead5a56271b] 199.19.213.151 "GET /resource_providers/aff5a411-c9c1-47cb-ab04-0df51ca6c7af/allocations" status: 200 len: 338 microversion: 1.0 [pid: 8|app: 0|req: 322/641] 199.19.213.151 () {32 vars in 857 bytes} [Tue Jun 9 18:19:50 2026] GET /resource_providers/aff5a411-c9c1-47cb-ab04-0df51ca6c7af/allocations => generated 338 bytes in 18 msecs (HTTP/1.1 200) 6 headers in 224 bytes (1 switches on core 0)
2026-06-09 18:19:50.200 7 INFO placement.requestlog [req-7422cc57-68ac-4be2-8b23-408ea29409ba req-f0a34e01-b662-4186-ae92-e1de9d7c9d21 673a7a25a5f8440ab79d01906689256b 7cf09646d0e542b18154d887c9dd3e4f - - c9125d810fef4a32af72aead5a56271b c9125d810fef4a32af72aead5a56271b] 199.19.213.151 "GET /allocations/6db5f522-6555-43a8-9b45-ad1a4531370d" status: 200 len: 243 microversion: 1.28 [pid: 7|app: 0|req: 320/642] 199.19.213.151 () {34 vars in 863 bytes} [Tue Jun 9 18:19:50 2026] GET /allocations/6db5f522-6555-43a8-9b45-ad1a4531370d => generated 243 bytes in 14 msecs (HTTP/1.1 200) 8 headers in 296 bytes (1 switches on core 0)
2026-06-09 18:19:50.219 8 INFO placement.requestlog [req-7422cc57-68ac-4be2-8b23-408ea29409ba req-b8e0116a-c124-453a-8033-f0f7af88a39a 673a7a25a5f8440ab79d01906689256b 7cf09646d0e542b18154d887c9dd3e4f - - c9125d810fef4a32af72aead5a56271b c9125d810fef4a32af72aead5a56271b] 199.19.213.151 "GET /allocations/85731b99-b2c3-43fc-85b2-a20fe93395f0" status: 200 len: 257 microversion: 1.28 [pid: 8|app: 0|req: 323/643] 199.19.213.151 () {34 vars in 863 bytes} [Tue Jun 9 18:19:50 2026] GET /allocations/85731b99-b2c3-43fc-85b2-a20fe93395f0 => generated 257 bytes in 12 msecs (HTTP/1.1 200) 8 headers in 296 bytes (1 switches on core 0)
2026-06-09 18:19:50.250 7 INFO placement.requestlog [req-7422cc57-68ac-4be2-8b23-408ea29409ba req-ccd82372-5c34-4170-a090-0ed4832da095 673a7a25a5f8440ab79d01906689256b 7cf09646d0e542b18154d887c9dd3e4f - - c9125d810fef4a32af72aead5a56271b c9125d810fef4a32af72aead5a56271b] 199.19.213.151 "GET /allocations/1d9b9005-12d8-4420-ab63-6a388c28bb64" status: 200 len: 257 microversion: 1.28 [pid: 7|app: 0|req: 321/644] 199.19.213.151 () {34 vars in 863 bytes} [Tue Jun 9 18:19:50 2026] GET /allocations/1d9b9005-12d8-4420-ab63-6a388c28bb64 => generated 257 bytes in 16 msecs (HTTP/1.1 200) 8 headers in 296 bytes (1 switches on core 0)
2026-06-09 18:19:51.593 8 INFO placement.requestlog [req-8e076b51-4f4b-4be6-b156-22dd9db37513 req-9aaa5f72-8f31-4fd0-9840-aedfedd33838 673a7a25a5f8440ab79d01906689256b 7cf09646d0e542b18154d887c9dd3e4f - - c9125d810fef4a32af72aead5a56271b c9125d810fef4a32af72aead5a56271b] 199.19.213.151 "GET /resource_providers/aff5a411-c9c1-47cb-ab04-0df51ca6c7af/allocations" status: 200 len: 338 microversion: 1.0 [pid: 8|app: 0|req: 324/645] 199.19.213.151 () {32 vars in 857 bytes} [Tue Jun 9 18:19:51 2026] GET /resource_providers/aff5a411-c9c1-47cb-ab04-0df51ca6c7af/allocations => generated 338 bytes in 37 msecs (HTTP/1.1 200) 6 headers in 224 bytes (1 switches on core 0)
2026-06-09 18:19:51.618 7 INFO placement.requestlog [req-8e076b51-4f4b-4be6-b156-22dd9db37513 req-400a8232-a8c9-4911-826e-a230255dcb10 673a7a25a5f8440ab79d01906689256b 7cf09646d0e542b18154d887c9dd3e4f - - c9125d810fef4a32af72aead5a56271b c9125d810fef4a32af72aead5a56271b] 199.19.213.151 "GET /allocations/6db5f522-6555-43a8-9b45-ad1a4531370d" status: 200 len: 243 microversion: 1.28 [pid: 7|app: 0|req: 322/646] 199.19.213.151 () {34 vars in 863 bytes} [Tue Jun 9 18:19:51 2026] GET /allocations/6db5f522-6555-43a8-9b45-ad1a4531370d => generated 243 bytes in 16 msecs (HTTP/1.1 200) 8 headers in 296 bytes (1 switches on core 0)
2026-06-09 18:19:51.644 8 INFO placement.requestlog [req-8e076b51-4f4b-4be6-b156-22dd9db37513 req-ddb7335f-6fe9-4ee7-973b-ea7563805ed2 673a7a25a5f8440ab79d01906689256b 7cf09646d0e542b18154d887c9dd3e4f - - c9125d810fef4a32af72aead5a56271b c9125d810fef4a32af72aead5a56271b] 199.19.213.151 "GET /allocations/85731b99-b2c3-43fc-85b2-a20fe93395f0" status: 200 len: 257 microversion: 1.28 [pid: 8|app: 0|req: 325/647] 199.19.213.151 () {34 vars in 863 bytes} [Tue Jun 9 18:19:51 2026] GET /allocations/85731b99-b2c3-43fc-85b2-a20fe93395f0 => generated 257 bytes in 12 msecs (HTTP/1.1 200) 8 headers in 296 bytes (1 switches on core 0)
2026-06-09 18:19:51.697 7 INFO placement.requestlog [req-8e076b51-4f4b-4be6-b156-22dd9db37513 req-a50153c4-992e-4155-b6ef-68b0686f9bae 673a7a25a5f8440ab79d01906689256b 7cf09646d0e542b18154d887c9dd3e4f - - c9125d810fef4a32af72aead5a56271b c9125d810fef4a32af72aead5a56271b] 199.19.213.151 "GET /allocations/1d9b9005-12d8-4420-ab63-6a388c28bb64" status: 200 len: 257 microversion: 1.28 [pid: 7|app: 0|req: 323/648] 199.19.213.151 () {34 vars in 863 bytes} [Tue Jun 9 18:19:51 2026] GET /allocations/1d9b9005-12d8-4420-ab63-6a388c28bb64 => generated 257 bytes in 46 msecs (HTTP/1.1 200) 8 headers in 296 bytes (1 switches on core 0)
2026-06-09 18:19:51.796 8 INFO placement.requestlog [req-8e076b51-4f4b-4be6-b156-22dd9db37513 req-74251cce-d11c-4ca6-82c4-852436741442 673a7a25a5f8440ab79d01906689256b 7cf09646d0e542b18154d887c9dd3e4f - - c9125d810fef4a32af72aead5a56271b c9125d810fef4a32af72aead5a56271b] 199.19.213.151 "DELETE /allocations/6db5f522-6555-43a8-9b45-ad1a4531370d" status: 204 len: 0 microversion: 1.0 [pid: 8|app: 0|req: 326/649] 199.19.213.151 () {34 vars in 841 bytes} [Tue Jun 9 18:19:51 2026] DELETE /allocations/6db5f522-6555-43a8-9b45-ad1a4531370d => generated 0 bytes in 24 msecs (HTTP/1.1 204) 5 headers in 198 bytes (1 switches on core 0)
2026-06-09 18:19:52.226 8 INFO placement.requestlog [None req-81ba766f-d343-4330-a287-187c834c59c1 - - - - - -] 10.0.0.64 "GET /" status: 200 len: 136 microversion: 1.0
2026-06-09 18:19:52.227 7 INFO placement.requestlog [None req-7d0a8a2d-bd49-4d14-a6be-ab73a946f5d8 - - - - - -] 10.0.0.64 "GET /" status: 200 len: 136 microversion: 1.0
2026-06-09 18:19:52.782 8 INFO placement.requestlog [None req-e5945b1f-88e4-4900-9ca6-f407fe25efda ab43c5b7f13a471688cdd4c399e9eb12 7cf09646d0e542b18154d887c9dd3e4f - - c9125d810fef4a32af72aead5a56271b c9125d810fef4a32af72aead5a56271b] 10.0.0.1 "GET /resource_providers/f33ded93-8d34-429b-a7cc-28b603263bfb/aggregates" status: 404 len: 235 microversion: 1.1 [pid: 8|app: 0|req: 328/652] 10.0.0.1 () {32 vars in 814 bytes} [Tue Jun 9 18:19:52 2026] GET /resource_providers/f33ded93-8d34-429b-a7cc-28b603263bfb/aggregates => generated 235 bytes in 10 msecs (HTTP/1.1 404) 5 headers in 202 bytes (1 switches on core 0)
2026-06-09 18:19:52.783 7 INFO placement.requestlog [None req-cd64b803-d551-4b8d-bca2-963d9b2e9d1b ab43c5b7f13a471688cdd4c399e9eb12 7cf09646d0e542b18154d887c9dd3e4f - - c9125d810fef4a32af72aead5a56271b c9125d810fef4a32af72aead5a56271b] 10.0.0.1 "GET /resource_providers/f33ded93-8d34-429b-a7cc-28b603263bfb/aggregates" status: 404 len: 235 microversion: 1.1 [pid: 7|app: 0|req: 325/653] 10.0.0.1 () {32 vars in 814 bytes} [Tue Jun 9 18:19:52 2026] GET /resource_providers/f33ded93-8d34-429b-a7cc-28b603263bfb/aggregates => generated 235 bytes in 11 msecs (HTTP/1.1 404) 5 headers in 202 bytes (1 switches on core 0)
2026-06-09 18:19:52.813 8 INFO placement.requestlog [None req-41397782-130e-4295-a0eb-c1818fbc3d80 ab43c5b7f13a471688cdd4c399e9eb12 7cf09646d0e542b18154d887c9dd3e4f - - c9125d810fef4a32af72aead5a56271b c9125d810fef4a32af72aead5a56271b] 10.0.0.1 "DELETE /resource_providers/f33ded93-8d34-429b-a7cc-28b603263bfb" status: 404 len: 246 microversion: 1.1 [pid: 8|app: 0|req: 329/654] 10.0.0.1 () {34 vars in 814 bytes} [Tue Jun 9 18:19:52 2026] DELETE /resource_providers/f33ded93-8d34-429b-a7cc-28b603263bfb => generated 246 bytes in 11 msecs (HTTP/1.1 404) 6 headers in 231 bytes (1 switches on core 0)
2026-06-09 18:19:52.818 7 INFO placement.requestlog [None req-c1ab723a-3791-41d4-a9e0-075f04e71a59 ab43c5b7f13a471688cdd4c399e9eb12 7cf09646d0e542b18154d887c9dd3e4f - - c9125d810fef4a32af72aead5a56271b c9125d810fef4a32af72aead5a56271b] 10.0.0.1 "DELETE /resource_providers/f33ded93-8d34-429b-a7cc-28b603263bfb" status: 404 len: 246 microversion: 1.1 [pid: 7|app: 0|req: 326/655] 10.0.0.1 () {34 vars in 814 bytes} [Tue Jun 9 18:19:52 2026] DELETE /resource_providers/f33ded93-8d34-429b-a7cc-28b603263bfb => generated 246 bytes in 15 msecs (HTTP/1.1 404) 6 headers in 231 bytes (1 switches on core 0)
2026-06-09 18:19:55.132 8 INFO placement.requestlog [None req-4e610dc7-bceb-48ae-ae83-a48e149b0fae ab43c5b7f13a471688cdd4c399e9eb12 7cf09646d0e542b18154d887c9dd3e4f - - c9125d810fef4a32af72aead5a56271b c9125d810fef4a32af72aead5a56271b] 10.0.0.1 "GET /resource_providers/ccf23815-06c8-4bdb-b7e7-a7512129029a/aggregates" status: 404 len: 235 microversion: 1.1 [pid: 8|app: 0|req: 330/656] 10.0.0.1 () {32 vars in 814 bytes} [Tue Jun 9 18:19:55 2026] GET /resource_providers/ccf23815-06c8-4bdb-b7e7-a7512129029a/aggregates => generated 235 bytes in 8 msecs (HTTP/1.1 404) 5 headers in 202 bytes (1 switches on core 0)
2026-06-09 18:19:55.141 7 INFO placement.requestlog [None req-d3ba1b5d-84b6-433c-aa5a-6f58add00e82 ab43c5b7f13a471688cdd4c399e9eb12 7cf09646d0e542b18154d887c9dd3e4f - - c9125d810fef4a32af72aead5a56271b c9125d810fef4a32af72aead5a56271b] 10.0.0.1 "GET /resource_providers/ccf23815-06c8-4bdb-b7e7-a7512129029a/aggregates" status: 404 len: 235 microversion: 1.1 [pid: 7|app: 0|req: 327/657] 10.0.0.1 () {32 vars in 814 bytes} [Tue Jun 9 18:19:55 2026] GET /resource_providers/ccf23815-06c8-4bdb-b7e7-a7512129029a/aggregates => generated 235 bytes in 17 msecs (HTTP/1.1 404) 5 headers in 202 bytes (1 switches on core 0)
2026-06-09 18:19:55.159 8 INFO placement.requestlog [None req-58a5fea5-973b-49f0-980c-82f85a1aa688 ab43c5b7f13a471688cdd4c399e9eb12 7cf09646d0e542b18154d887c9dd3e4f - - c9125d810fef4a32af72aead5a56271b c9125d810fef4a32af72aead5a56271b] 10.0.0.1 "DELETE /resource_providers/ccf23815-06c8-4bdb-b7e7-a7512129029a" status: 404 len: 246 microversion: 1.1 [pid: 8|app: 0|req: 331/658] 10.0.0.1 () {34 vars in 814 bytes} [Tue Jun 9 18:19:55 2026] DELETE /resource_providers/ccf23815-06c8-4bdb-b7e7-a7512129029a => generated 246 bytes in 11 msecs (HTTP/1.1 404) 6 headers in 231 bytes (1 switches on core 0)
2026-06-09 18:19:55.171 7 INFO placement.requestlog [None req-e63d7a4d-3e55-4a95-90c6-49b6bf8faedd ab43c5b7f13a471688cdd4c399e9eb12 7cf09646d0e542b18154d887c9dd3e4f - - c9125d810fef4a32af72aead5a56271b c9125d810fef4a32af72aead5a56271b] 10.0.0.1 "DELETE /resource_providers/ccf23815-06c8-4bdb-b7e7-a7512129029a" status: 404 len: 246 microversion: 1.1 [pid: 7|app: 0|req: 328/659] 10.0.0.1 () {34 vars in 814 bytes} [Tue Jun 9 18:19:55 2026] DELETE /resource_providers/ccf23815-06c8-4bdb-b7e7-a7512129029a => generated 246 bytes in 14 msecs (HTTP/1.1 404) 6 headers in 231 bytes (1 switches on core 0)
2026-06-09 18:19:57.577 8 INFO placement.requestlog [None req-85155b0b-25f8-4521-932d-5c44a5906527 ab43c5b7f13a471688cdd4c399e9eb12 7cf09646d0e542b18154d887c9dd3e4f - - c9125d810fef4a32af72aead5a56271b c9125d810fef4a32af72aead5a56271b] 10.0.0.1 "GET /resource_providers/bc36e674-d2da-4ae2-9855-ecfcc266ac62/aggregates" status: 404 len: 235 microversion: 1.1 [pid: 8|app: 0|req: 332/660] 10.0.0.1 () {32 vars in 814 bytes} [Tue Jun 9 18:19:57 2026] GET /resource_providers/bc36e674-d2da-4ae2-9855-ecfcc266ac62/aggregates => generated 235 bytes in 20 msecs (HTTP/1.1 404) 5 headers in 202 bytes (1 switches on core 0)
2026-06-09 18:19:57.582 7 INFO placement.requestlog [None req-753651f0-beab-4368-9c2c-f770ab31d517 ab43c5b7f13a471688cdd4c399e9eb12 7cf09646d0e542b18154d887c9dd3e4f - - c9125d810fef4a32af72aead5a56271b c9125d810fef4a32af72aead5a56271b] 10.0.0.1 "GET /resource_providers/bc36e674-d2da-4ae2-9855-ecfcc266ac62/aggregates" status: 404 len: 235 microversion: 1.1 [pid: 7|app: 0|req: 329/661] 10.0.0.1 () {32 vars in 814 bytes} [Tue Jun 9 18:19:57 2026] GET /resource_providers/bc36e674-d2da-4ae2-9855-ecfcc266ac62/aggregates => generated 235 bytes in 21 msecs (HTTP/1.1 404) 5 headers in 202 bytes (1 switches on core 0)
2026-06-09 18:19:57.589 8 INFO placement.requestlog [None req-7a92b710-65e5-4326-ae11-ab1c3a860e22 ab43c5b7f13a471688cdd4c399e9eb12 7cf09646d0e542b18154d887c9dd3e4f - - c9125d810fef4a32af72aead5a56271b c9125d810fef4a32af72aead5a56271b] 10.0.0.1 "DELETE /resource_providers/bc36e674-d2da-4ae2-9855-ecfcc266ac62" status: 404 len: 246 microversion: 1.1 [pid: 8|app: 0|req: 333/662] 10.0.0.1 () {34 vars in 814 bytes} [Tue Jun 9 18:19:57 2026] DELETE /resource_providers/bc36e674-d2da-4ae2-9855-ecfcc266ac62 => generated 246 bytes in 6 msecs (HTTP/1.1 404) 6 headers in 231 bytes (1 switches on core 0)
2026-06-09 18:19:57.614 7 INFO placement.requestlog [None req-60bfc6d8-002e-4540-8558-974d8d32cb2a ab43c5b7f13a471688cdd4c399e9eb12 7cf09646d0e542b18154d887c9dd3e4f - - c9125d810fef4a32af72aead5a56271b c9125d810fef4a32af72aead5a56271b] 10.0.0.1 "DELETE /resource_providers/bc36e674-d2da-4ae2-9855-ecfcc266ac62" status: 404 len: 246 microversion: 1.1 [pid: 7|app: 0|req: 330/663] 10.0.0.1 () {34 vars in 814 bytes} [Tue Jun 9 18:19:57 2026] DELETE /resource_providers/bc36e674-d2da-4ae2-9855-ecfcc266ac62 => generated 246 bytes in 16 msecs (HTTP/1.1 404) 6 headers in 231 bytes (1 switches on core 0)
2026-06-09 18:19:59.626 8 INFO placement.requestlog [None req-ad833d46-115f-4b7a-9fd3-5d528ce70c5a ab43c5b7f13a471688cdd4c399e9eb12 7cf09646d0e542b18154d887c9dd3e4f - - c9125d810fef4a32af72aead5a56271b c9125d810fef4a32af72aead5a56271b] 10.0.0.1 "GET /resource_providers/d3b95a15-efad-49e3-9fec-3b587e7b888e/aggregates" status: 404 len: 235 microversion: 1.1 [pid: 8|app: 0|req: 334/664] 10.0.0.1 () {32 vars in 814 bytes} [Tue Jun 9 18:19:59 2026] GET /resource_providers/d3b95a15-efad-49e3-9fec-3b587e7b888e/aggregates => generated 235 bytes in 18 msecs (HTTP/1.1 404) 5 headers in 202 bytes (1 switches on core 0)
2026-06-09 18:19:59.645 7 INFO placement.requestlog [None req-81783e87-248b-44f4-823a-d68aa2ba185b ab43c5b7f13a471688cdd4c399e9eb12 7cf09646d0e542b18154d887c9dd3e4f - - c9125d810fef4a32af72aead5a56271b c9125d810fef4a32af72aead5a56271b] 10.0.0.1 "GET /resource_providers/d3b95a15-efad-49e3-9fec-3b587e7b888e/aggregates" status: 404 len: 235 microversion: 1.1 [pid: 7|app: 0|req: 331/665] 10.0.0.1 () {32 vars in 814 bytes} [Tue Jun 9 18:19:59 2026] GET /resource_providers/d3b95a15-efad-49e3-9fec-3b587e7b888e/aggregates => generated 235 bytes in 14 msecs (HTTP/1.1 404) 5 headers in 202 bytes (1 switches on core 0)
2026-06-09 18:19:59.668 7 INFO placement.requestlog [None req-f28a2950-6736-4992-998e-e56ffd442c88 ab43c5b7f13a471688cdd4c399e9eb12 7cf09646d0e542b18154d887c9dd3e4f - - c9125d810fef4a32af72aead5a56271b c9125d810fef4a32af72aead5a56271b] 10.0.0.1 "DELETE /resource_providers/d3b95a15-efad-49e3-9fec-3b587e7b888e" status: 404 len: 246 microversion: 1.1 [pid: 7|app: 0|req: 332/666] 10.0.0.1 () {34 vars in 814 bytes} [Tue Jun 9 18:19:59 2026] DELETE /resource_providers/d3b95a15-efad-49e3-9fec-3b587e7b888e => generated 246 bytes in 17 msecs (HTTP/1.1 404) 6 headers in 231 bytes (1 switches on core 0)
2026-06-09 18:19:59.670 8 INFO placement.requestlog [None req-97a303eb-1e76-4140-820f-f3b68c62153f ab43c5b7f13a471688cdd4c399e9eb12 7cf09646d0e542b18154d887c9dd3e4f - - c9125d810fef4a32af72aead5a56271b c9125d810fef4a32af72aead5a56271b] 10.0.0.1 "DELETE /resource_providers/d3b95a15-efad-49e3-9fec-3b587e7b888e" status: 404 len: 246 microversion: 1.1 [pid: 8|app: 0|req: 335/667] 10.0.0.1 () {34 vars in 814 bytes} [Tue Jun 9 18:19:59 2026] DELETE /resource_providers/d3b95a15-efad-49e3-9fec-3b587e7b888e => generated 246 bytes in 27 msecs (HTTP/1.1 404) 6 headers in 231 bytes (1 switches on core 0)
2026-06-09 18:19:59.729 7 INFO placement.requestlog [req-b81400a9-fbb1-4d30-ac43-a134bf246f5a req-ef3b901e-f962-44da-866c-1f9042d2ae8e 673a7a25a5f8440ab79d01906689256b 7cf09646d0e542b18154d887c9dd3e4f - - c9125d810fef4a32af72aead5a56271b c9125d810fef4a32af72aead5a56271b] 199.19.213.151 "GET /resource_providers/aff5a411-c9c1-47cb-ab04-0df51ca6c7af/allocations" status: 200 len: 252 microversion: 1.0 [pid: 7|app: 0|req: 333/668] 199.19.213.151 () {32 vars in 857 bytes} [Tue Jun 9 18:19:59 2026] GET /resource_providers/aff5a411-c9c1-47cb-ab04-0df51ca6c7af/allocations => generated 252 bytes in 22 msecs (HTTP/1.1 200) 6 headers in 224 bytes (1 switches on core 0)
2026-06-09 18:19:59.777 8 INFO placement.requestlog [req-b81400a9-fbb1-4d30-ac43-a134bf246f5a req-d909bdac-6137-4ae0-be5e-0c3ee2db8550 673a7a25a5f8440ab79d01906689256b 7cf09646d0e542b18154d887c9dd3e4f - - c9125d810fef4a32af72aead5a56271b c9125d810fef4a32af72aead5a56271b] 199.19.213.151 "GET /allocations/85731b99-b2c3-43fc-85b2-a20fe93395f0" status: 200 len: 257 microversion: 1.28 [pid: 8|app: 0|req: 336/669] 199.19.213.151 () {34 vars in 863 bytes} [Tue Jun 9 18:19:59 2026] GET /allocations/85731b99-b2c3-43fc-85b2-a20fe93395f0 => generated 257 bytes in 39 msecs (HTTP/1.1 200) 8 headers in 296 bytes (1 switches on core 0)
