2026-04-14 07:09:36.160 9 INFO neutron.services.segments.plugin [-] Segment d743abfb-2cd7-4c38-add2-25ab17eec633 resource provider not found; error: Placement Client Error (4xx): {"errors": [{"status": 404, "title": "Not Found", "detail": "The resource could not be found.\n\n No resource provider with uuid d743abfb-2cd7-4c38-add2-25ab17eec633 found for delete ", "request_id": "req-4398dff9-56ed-4560-858b-cc315eaff98e"}]}
2026-04-14 07:09:36.219 9 INFO neutron.wsgi [None req-5524f1aa-1abe-4e61-81d1-1368e08efe37 16277fb5d7884f50a8a8c3bd8022b3d1 a508bef9c314408bb29906de29db4586 - - default default] 10.0.0.60 "DELETE /v2.0/networks/2737347b-24ca-4608-8bcf-e3c10bfcf3c1 HTTP/1.1" status: 204 len: 168 time: 0.7051957
2026-04-14 07:09:36.274 10 INFO neutron.wsgi [None req-cf493951-81ee-4db1-b94b-301c81954a2d add9338a2b714f62b7234c94dba39f9b 82ded0903dba40858a978235e9bb2eb7 - - default default] 10.0.0.60 "DELETE /v2.0/security-groups/3fdea2e7-1b5d-4961-8699-6666599c28e9 HTTP/1.1" status: 204 len: 168 time: 0.2462363
2026-04-14 07:09:36.368 10 INFO neutron.services.segments.plugin [-] Segment 6fe1c592-68c9-4045-a1fe-71689625ac93 resource provider aggregate not found
2026-04-14 07:09:36.388 10 INFO neutron.services.segments.plugin [-] Segment 6fe1c592-68c9-4045-a1fe-71689625ac93 resource provider not found; error: Placement Client Error (4xx): {"errors": [{"status": 404, "title": "Not Found", "detail": "The resource could not be found.\n\n No resource provider with uuid 6fe1c592-68c9-4045-a1fe-71689625ac93 found for delete ", "request_id": "req-61302696-9737-44b4-904b-56c8cc6ca299"}]}
2026-04-14 07:09:36.419 9 INFO neutron.wsgi [None req-b94b4d61-f684-42e1-8338-dc9c46c3db82 3d07966bbb4d4a2ea28dfd429175cc60 5ea7b66d83324306bab386ac35cc2f69 - - default default] 10.0.0.60 "DELETE /v2.0/routers/18f1f9ef-21cf-4e8a-8694-2110c0bb1bfc HTTP/1.1" status: 204 len: 168 time: 1.2755070
2026-04-14 07:09:36.448 10 INFO neutron.wsgi [None req-acdfa4fa-df29-41b2-b248-5d31bc82cfe2 3d07966bbb4d4a2ea28dfd429175cc60 5ea7b66d83324306bab386ac35cc2f69 - - default default] 10.0.0.60 "GET /v2.0/ports?device_id=18f1f9ef-21cf-4e8a-8694-2110c0bb1bfc HTTP/1.1" status: 200 len: 205 time: 0.0211854
2026-04-14 07:09:36.477 10 INFO neutron.api.v2.resource [None req-7bcea650-69cb-4eef-9a57-1991638f23dd 3d07966bbb4d4a2ea28dfd429175cc60 5ea7b66d83324306bab386ac35cc2f69 - - default default] delete failed (client error): The resource could not be found.
2026-04-14 07:09:36.478 10 INFO neutron.wsgi [None req-7bcea650-69cb-4eef-9a57-1991638f23dd 3d07966bbb4d4a2ea28dfd429175cc60 5ea7b66d83324306bab386ac35cc2f69 - - default default] 10.0.0.60 "DELETE /v2.0/routers/18f1f9ef-21cf-4e8a-8694-2110c0bb1bfc HTTP/1.1" status: 404 len: 336 time: 0.0252001
2026-04-14 07:09:36.504 9 INFO neutron.wsgi [None req-268725d5-670d-4054-b046-69109d2ec6ad 3d07966bbb4d4a2ea28dfd429175cc60 5ea7b66d83324306bab386ac35cc2f69 - - default default] 10.0.0.60 "GET /v2.0/ports?device_id=70f16edc-99e0-4c31-ab5c-4ea3538a9876 HTTP/1.1" status: 200 len: 205 time: 0.0180440
2026-04-14 07:09:36.539 10 INFO neutron.api.v2.resource [None req-a16d03b5-ed72-4c97-afd3-d8e8d2ccd8d9 3d07966bbb4d4a2ea28dfd429175cc60 5ea7b66d83324306bab386ac35cc2f69 - - default default] delete failed (client error): The resource could not be found.
2026-04-14 07:09:36.540 10 INFO neutron.wsgi [None req-a16d03b5-ed72-4c97-afd3-d8e8d2ccd8d9 3d07966bbb4d4a2ea28dfd429175cc60 5ea7b66d83324306bab386ac35cc2f69 - - default default] 10.0.0.60 "DELETE /v2.0/routers/70f16edc-99e0-4c31-ab5c-4ea3538a9876 HTTP/1.1" status: 404 len: 336 time: 0.0293272
2026-04-14 07:09:36.559 10 INFO neutron.pecan_wsgi.hooks.translation [None req-ae57efd2-dbf7-4c1b-a333-ad796a92f73d 3d07966bbb4d4a2ea28dfd429175cc60 5ea7b66d83324306bab386ac35cc2f69 - - default default] DELETE failed (client error): The resource could not be found.
2026-04-14 07:09:36.562 10 INFO neutron.wsgi [None req-ae57efd2-dbf7-4c1b-a333-ad796a92f73d 3d07966bbb4d4a2ea28dfd429175cc60 5ea7b66d83324306bab386ac35cc2f69 - - default default] 10.0.0.60 "DELETE /v2.0/subnets/a54ddccc-c245-4a3d-8146-0cade30391f4 HTTP/1.1" status: 404 len: 337 time: 0.0184476
2026-04-14 07:09:36.585 10 INFO neutron.wsgi [None req-12e46349-668c-4923-94d6-11aa844979e1 3d07966bbb4d4a2ea28dfd429175cc60 5ea7b66d83324306bab386ac35cc2f69 - - default default] 10.0.0.60 "GET /v2.0/ports?device_id=0958429c-6438-4db3-9513-2cb5d79ac0a9 HTTP/1.1" status: 200 len: 205 time: 0.0188408
2026-04-14 07:09:36.613 10 INFO neutron.api.v2.resource [None req-2d5f8947-3f40-4e29-bed4-ba39b40a7ee5 3d07966bbb4d4a2ea28dfd429175cc60 5ea7b66d83324306bab386ac35cc2f69 - - default default] delete failed (client error): The resource could not be found.
2026-04-14 07:09:36.614 10 INFO neutron.wsgi [None req-2d5f8947-3f40-4e29-bed4-ba39b40a7ee5 3d07966bbb4d4a2ea28dfd429175cc60 5ea7b66d83324306bab386ac35cc2f69 - - default default] 10.0.0.60 "DELETE /v2.0/routers/0958429c-6438-4db3-9513-2cb5d79ac0a9 HTTP/1.1" status: 404 len: 336 time: 0.0242345
2026-04-14 07:09:36.633 10 INFO neutron.pecan_wsgi.hooks.translation [None req-c4e3e23a-506a-4735-b4ad-e8f203e571a0 3d07966bbb4d4a2ea28dfd429175cc60 5ea7b66d83324306bab386ac35cc2f69 - - default default] DELETE failed (client error): The resource could not be found.
2026-04-14 07:09:36.635 10 INFO neutron.wsgi [None req-c4e3e23a-506a-4735-b4ad-e8f203e571a0 3d07966bbb4d4a2ea28dfd429175cc60 5ea7b66d83324306bab386ac35cc2f69 - - default default] 10.0.0.60 "DELETE /v2.0/subnets/eb535422-f256-4281-8a0c-ff24d7552b87 HTTP/1.1" status: 404 len: 337 time: 0.0173309
2026-04-14 07:09:36.640 9 INFO neutron.db.ovn_revision_numbers_db [None req-bda76f32-197a-419d-a5e8-a737bb369daf add9338a2b714f62b7234c94dba39f9b 82ded0903dba40858a978235e9bb2eb7 - - default default] Successfully bumped revision number for resource 01455517-c83f-4775-ba6e-94b896ba2dc6 (type: security_groups) to 1
2026-04-14 07:09:36.656 9 INFO neutron.db.ovn_revision_numbers_db [None req-bda76f32-197a-419d-a5e8-a737bb369daf add9338a2b714f62b7234c94dba39f9b 82ded0903dba40858a978235e9bb2eb7 - - default default] Successfully bumped revision number for resource 2485d05a-aaa6-46d8-a84b-2deabb5b8771 (type: security_group_rules) to 0
2026-04-14 07:09:36.661 10 INFO neutron.wsgi [None req-4fc9627c-db31-4636-ae11-ca03c4bd2ac4 3d07966bbb4d4a2ea28dfd429175cc60 5ea7b66d83324306bab386ac35cc2f69 - - default default] 10.0.0.60 "GET /v2.0/ports?device_id=d3e3467e-3bd2-4e3a-8b98-a03e38185ab6 HTTP/1.1" status: 200 len: 205 time: 0.0203807
2026-04-14 07:09:36.683 9 INFO neutron.db.ovn_revision_numbers_db [None req-bda76f32-197a-419d-a5e8-a737bb369daf add9338a2b714f62b7234c94dba39f9b 82ded0903dba40858a978235e9bb2eb7 - - default default] Successfully bumped revision number for resource 32673720-ba1e-462c-bc86-921bc1514c58 (type: security_group_rules) to 0
2026-04-14 07:09:36.688 10 INFO neutron.api.v2.resource [None req-cf560d0e-83f7-493c-ab4c-9e59f7360d80 3d07966bbb4d4a2ea28dfd429175cc60 5ea7b66d83324306bab386ac35cc2f69 - - default default] delete failed (client error): The resource could not be found.
2026-04-14 07:09:36.689 10 INFO neutron.wsgi [None req-cf560d0e-83f7-493c-ab4c-9e59f7360d80 3d07966bbb4d4a2ea28dfd429175cc60 5ea7b66d83324306bab386ac35cc2f69 - - default default] 10.0.0.60 "DELETE /v2.0/routers/d3e3467e-3bd2-4e3a-8b98-a03e38185ab6 HTTP/1.1" status: 404 len: 336 time: 0.0229585
2026-04-14 07:09:36.707 9 INFO neutron.wsgi [None req-33a87eab-8e96-4ec5-a8d7-f5790fc90296 16277fb5d7884f50a8a8c3bd8022b3d1 a508bef9c314408bb29906de29db4586 - - default default] 10.0.0.60 "DELETE /v2.0/networks/033db0e8-c815-4084-b958-c75510d134e9 HTTP/1.1" status: 204 len: 168 time: 0.4733689
2026-04-14 07:09:36.708 9 INFO neutron.db.ovn_revision_numbers_db [None req-bda76f32-197a-419d-a5e8-a737bb369daf add9338a2b714f62b7234c94dba39f9b 82ded0903dba40858a978235e9bb2eb7 - - default default] Successfully bumped revision number for resource afb53f80-9707-40f7-8fa4-add9c3915f26 (type: security_group_rules) to 0
2026-04-14 07:09:36.708 10 INFO neutron.pecan_wsgi.hooks.translation [None req-752ecb40-0809-4e24-b2aa-a2e7e94d5d68 3d07966bbb4d4a2ea28dfd429175cc60 5ea7b66d83324306bab386ac35cc2f69 - - default default] DELETE failed (client error): The resource could not be found.
2026-04-14 07:09:36.710 10 INFO neutron.wsgi [None req-752ecb40-0809-4e24-b2aa-a2e7e94d5d68 3d07966bbb4d4a2ea28dfd429175cc60 5ea7b66d83324306bab386ac35cc2f69 - - default default] 10.0.0.60 "DELETE /v2.0/subnets/3ebccfcc-1382-4ef9-97cf-37a394ccd526 HTTP/1.1" status: 404 len: 337 time: 0.0168631
2026-04-14 07:09:36.733 9 INFO neutron.pecan_wsgi.hooks.translation [None req-6fb1656e-4062-4d9f-a1e2-d02dfaa2fe04 3d07966bbb4d4a2ea28dfd429175cc60 5ea7b66d83324306bab386ac35cc2f69 - - default default] DELETE failed (client error): The resource could not be found.
2026-04-14 07:09:36.735 9 INFO neutron.wsgi [None req-6fb1656e-4062-4d9f-a1e2-d02dfaa2fe04 3d07966bbb4d4a2ea28dfd429175cc60 5ea7b66d83324306bab386ac35cc2f69 - - default default] 10.0.0.60 "DELETE /v2.0/subnets/bbbbf7f3-af48-427a-90ab-cc7f383426d7 HTTP/1.1" status: 404 len: 337 time: 0.0193157
2026-04-14 07:09:36.737 9 INFO neutron.db.ovn_revision_numbers_db [None req-bda76f32-197a-419d-a5e8-a737bb369daf add9338a2b714f62b7234c94dba39f9b 82ded0903dba40858a978235e9bb2eb7 - - default default] Successfully bumped revision number for resource d0f09c5e-f938-49fd-a19b-639c2e8bd4d1 (type: security_group_rules) to 0
2026-04-14 07:09:36.758 9 INFO neutron.wsgi [None req-bda76f32-197a-419d-a5e8-a737bb369daf add9338a2b714f62b7234c94dba39f9b 82ded0903dba40858a978235e9bb2eb7 - - default default] 10.0.0.60 "GET /v2.0/security-groups?tenant_id=dcc899be0be34f6c952bfc4a573723da&name=default HTTP/1.1" status: 200 len: 2996 time: 0.2801962
2026-04-14 07:09:36.912 10 INFO neutron.services.segments.plugin [-] Segment 6fe1c592-68c9-4045-a1fe-71689625ac93 resource provider aggregate not found
2026-04-14 07:09:36.932 10 INFO neutron.services.segments.plugin [-] Segment 6fe1c592-68c9-4045-a1fe-71689625ac93 resource provider not found; error: Placement Client Error (4xx): {"errors": [{"status": 404, "title": "Not Found", "detail": "The resource could not be found.\n\n No resource provider with uuid 6fe1c592-68c9-4045-a1fe-71689625ac93 found for delete ", "request_id": "req-3c875bde-0bab-48b0-a7f7-d3d8ee71d69a"}]}
2026-04-14 07:09:37.230 10 INFO neutron.wsgi [None req-69c5e1ca-c6b1-4079-9e39-fffda67e9111 add9338a2b714f62b7234c94dba39f9b 82ded0903dba40858a978235e9bb2eb7 - - default default] 10.0.0.60 "DELETE /v2.0/security-groups/01455517-c83f-4775-ba6e-94b896ba2dc6 HTTP/1.1" status: 204 len: 168 time: 0.4665744
2026-04-14 07:09:37.315 10 INFO neutron.wsgi [None req-ff063d3f-ac1e-4342-8255-2869a1f0218c 16277fb5d7884f50a8a8c3bd8022b3d1 a508bef9c314408bb29906de29db4586 - - default default] 10.0.0.60 "DELETE /v2.0/networks/91fc0f67-c74d-42cc-bb49-4cdcb5f3d803 HTTP/1.1" status: 204 len: 168 time: 0.6032004
2026-04-14 07:09:37.466 10 INFO neutron.wsgi [None req-0cb661bb-69c4-4d5d-a4a5-1a784347f2cb add9338a2b714f62b7234c94dba39f9b 82ded0903dba40858a978235e9bb2eb7 - - default default] 10.0.0.60 "GET /v2.0/security-groups?tenant_id=5ea7b66d83324306bab386ac35cc2f69&name=default HTTP/1.1" status: 200 len: 2996 time: 0.2106016
2026-04-14 07:09:37.529 10 INFO neutron.db.ovn_revision_numbers_db [None req-ba98b208-5f89-4510-a1dc-d27028dba529 add9338a2b714f62b7234c94dba39f9b 82ded0903dba40858a978235e9bb2eb7 - - default default] Successfully bumped revision number for resource 2c3c96be-0e0d-4d42-8de0-b8e12f57c1fb (type: security_groups) to 1
2026-04-14 07:09:37.546 10 INFO neutron.db.ovn_revision_numbers_db [None req-ba98b208-5f89-4510-a1dc-d27028dba529 add9338a2b714f62b7234c94dba39f9b 82ded0903dba40858a978235e9bb2eb7 - - default default] Successfully bumped revision number for resource 66f21cde-50eb-47bd-a014-fa1ebf40fcbd (type: security_group_rules) to 0
2026-04-14 07:09:37.562 10 INFO neutron.db.ovn_revision_numbers_db [None req-ba98b208-5f89-4510-a1dc-d27028dba529 add9338a2b714f62b7234c94dba39f9b 82ded0903dba40858a978235e9bb2eb7 - - default default] Successfully bumped revision number for resource b28ddc59-8ae4-425c-8137-138186586ab1 (type: security_group_rules) to 0
2026-04-14 07:09:37.576 10 INFO neutron.db.ovn_revision_numbers_db [None req-ba98b208-5f89-4510-a1dc-d27028dba529 add9338a2b714f62b7234c94dba39f9b 82ded0903dba40858a978235e9bb2eb7 - - default default] Successfully bumped revision number for resource c87ef89d-3ca9-4a97-98fb-e98b03bc1b5c (type: security_group_rules) to 0
2026-04-14 07:09:37.596 10 INFO neutron.db.ovn_revision_numbers_db [None req-ba98b208-5f89-4510-a1dc-d27028dba529 add9338a2b714f62b7234c94dba39f9b 82ded0903dba40858a978235e9bb2eb7 - - default default] Successfully bumped revision number for resource d191e6fc-8818-44ac-9130-ed195da6e307 (type: security_group_rules) to 0
2026-04-14 07:09:37.618 10 INFO neutron.wsgi [None req-ba98b208-5f89-4510-a1dc-d27028dba529 add9338a2b714f62b7234c94dba39f9b 82ded0903dba40858a978235e9bb2eb7 - - default default] 10.0.0.60 "GET /v2.0/security-groups?tenant_id=c3dded49b1d14753988dd406c4c08cef&name=default HTTP/1.1" status: 200 len: 2996 time: 0.2332158
2026-04-14 07:09:37.693 10 INFO neutron.wsgi [None req-edab0394-d2a4-4f04-98d1-e29af2c685f5 add9338a2b714f62b7234c94dba39f9b 82ded0903dba40858a978235e9bb2eb7 - - default default] 10.0.0.60 "DELETE /v2.0/security-groups/d5465232-c342-48f2-a7f1-7f524dfc3879 HTTP/1.1" status: 204 len: 168 time: 0.2233701
2026-04-14 07:09:37.804 10 INFO neutron.wsgi [None req-7ae7cd3e-72b9-487f-a48c-f1824f828a3d add9338a2b714f62b7234c94dba39f9b 82ded0903dba40858a978235e9bb2eb7 - - default default] 10.0.0.60 "DELETE /v2.0/security-groups/2c3c96be-0e0d-4d42-8de0-b8e12f57c1fb HTTP/1.1" status: 204 len: 168 time: 0.1812954
2026-04-14 07:09:38.160 9 INFO neutron.services.segments.plugin [-] Segment b20870af-a5c3-4fde-9ce2-5915e15f8291 resource provider aggregate not found
2026-04-14 07:09:38.179 9 INFO neutron.services.segments.plugin [-] Segment b20870af-a5c3-4fde-9ce2-5915e15f8291 resource provider not found; error: Placement Client Error (4xx): {"errors": [{"status": 404, "title": "Not Found", "detail": "The resource could not be found.\n\n No resource provider with uuid b20870af-a5c3-4fde-9ce2-5915e15f8291 found for delete ", "request_id": "req-b7d60ead-6000-451b-8909-cb8c31180dcf"}]}
2026-04-14 07:09:38.180 9 INFO neutron.services.segments.plugin [-] Segment b20870af-a5c3-4fde-9ce2-5915e15f8291 resource provider aggregate not found
2026-04-14 07:09:38.193 9 INFO neutron.services.segments.plugin [-] Segment b20870af-a5c3-4fde-9ce2-5915e15f8291 resource provider not found; error: Placement Client Error (4xx): {"errors": [{"status": 404, "title": "Not Found", "detail": "The resource could not be found.\n\n No resource provider with uuid b20870af-a5c3-4fde-9ce2-5915e15f8291 found for delete ", "request_id": "req-54884549-0e1e-441e-816d-c349a5ae82d2"}]}
2026-04-14 07:09:38.409 10 INFO neutron.services.segments.plugin [-] Segment 1d93b159-6d79-4feb-9ac7-c5ab970a1042 resource provider aggregate not found
2026-04-14 07:09:38.425 9 INFO neutron.db.ovn_revision_numbers_db [None req-78936a09-8a45-4d48-a9d0-e0e0ae653074 add9338a2b714f62b7234c94dba39f9b 82ded0903dba40858a978235e9bb2eb7 - - default default] Successfully bumped revision number for resource 918e7967-8196-4d6d-9d24-4e65959a05a3 (type: security_groups) to 1
2026-04-14 07:09:38.438 10 INFO neutron.services.segments.plugin [-] Segment 1d93b159-6d79-4feb-9ac7-c5ab970a1042 resource provider not found; error: Placement Client Error (4xx): {"errors": [{"status": 404, "title": "Not Found", "detail": "The resource could not be found.\n\n No resource provider with uuid 1d93b159-6d79-4feb-9ac7-c5ab970a1042 found for delete ", "request_id": "req-3e847dd0-1955-4a12-a174-daed930891d5"}]}
2026-04-14 07:09:38.445 9 INFO neutron.db.ovn_revision_numbers_db [None req-78936a09-8a45-4d48-a9d0-e0e0ae653074 add9338a2b714f62b7234c94dba39f9b 82ded0903dba40858a978235e9bb2eb7 - - default default] Successfully bumped revision number for resource 354e7104-c8a9-4de2-9bcf-1601e67efeac (type: security_group_rules) to 0
2026-04-14 07:09:38.464 9 INFO neutron.db.ovn_revision_numbers_db [None req-78936a09-8a45-4d48-a9d0-e0e0ae653074 add9338a2b714f62b7234c94dba39f9b 82ded0903dba40858a978235e9bb2eb7 - - default default] Successfully bumped revision number for resource 3f56b3af-7343-485c-bd49-20a83786293d (type: security_group_rules) to 0
2026-04-14 07:09:38.482 9 INFO neutron.db.ovn_revision_numbers_db [None req-78936a09-8a45-4d48-a9d0-e0e0ae653074 add9338a2b714f62b7234c94dba39f9b 82ded0903dba40858a978235e9bb2eb7 - - default default] Successfully bumped revision number for resource 61ec3b89-364a-4d0d-949a-1c8be7fdf9ab (type: security_group_rules) to 0
2026-04-14 07:09:38.500 9 INFO neutron.db.ovn_revision_numbers_db [None req-78936a09-8a45-4d48-a9d0-e0e0ae653074 add9338a2b714f62b7234c94dba39f9b 82ded0903dba40858a978235e9bb2eb7 - - default default] Successfully bumped revision number for resource bf4a4ac8-dbad-413b-88a1-d465b5a22228 (type: security_group_rules) to 0
2026-04-14 07:09:38.527 9 INFO neutron.db.ovn_revision_numbers_db [None req-ffdb53d9-29b6-4cb4-9b80-461ea4c5adc8 add9338a2b714f62b7234c94dba39f9b 82ded0903dba40858a978235e9bb2eb7 - - default default] Successfully bumped revision number for resource cc2269c3-60cb-4688-97ea-9fde4a78b1ac (type: security_groups) to 1
2026-04-14 07:09:38.534 9 INFO neutron.wsgi [None req-78936a09-8a45-4d48-a9d0-e0e0ae653074 add9338a2b714f62b7234c94dba39f9b 82ded0903dba40858a978235e9bb2eb7 - - default default] 10.0.0.60 "GET /v2.0/security-groups?tenant_id=247aa838bfb4476d99206ae2d4bdbf81&name=default HTTP/1.1" status: 200 len: 2996 time: 0.3035803
2026-04-14 07:09:38.543 9 INFO neutron.db.ovn_revision_numbers_db [None req-ffdb53d9-29b6-4cb4-9b80-461ea4c5adc8 add9338a2b714f62b7234c94dba39f9b 82ded0903dba40858a978235e9bb2eb7 - - default default] Successfully bumped revision number for resource baf26b54-9bee-4f96-9ade-cef901056df2 (type: security_group_rules) to 0
2026-04-14 07:09:38.566 9 INFO neutron.db.ovn_revision_numbers_db [None req-ffdb53d9-29b6-4cb4-9b80-461ea4c5adc8 add9338a2b714f62b7234c94dba39f9b 82ded0903dba40858a978235e9bb2eb7 - - default default] Successfully bumped revision number for resource d2b8ee2c-1438-4eac-8c1b-8ea218a29ad2 (type: security_group_rules) to 0
2026-04-14 07:09:38.583 9 INFO neutron.db.ovn_revision_numbers_db [None req-ffdb53d9-29b6-4cb4-9b80-461ea4c5adc8 add9338a2b714f62b7234c94dba39f9b 82ded0903dba40858a978235e9bb2eb7 - - default default] Successfully bumped revision number for resource d83f6e8b-a9ba-4c28-8881-73a528844e08 (type: security_group_rules) to 0
2026-04-14 07:09:38.602 9 INFO neutron.db.ovn_revision_numbers_db [None req-ffdb53d9-29b6-4cb4-9b80-461ea4c5adc8 add9338a2b714f62b7234c94dba39f9b 82ded0903dba40858a978235e9bb2eb7 - - default default] Successfully bumped revision number for resource f98a12fa-ddad-45eb-9363-dfc7ee682288 (type: security_group_rules) to 0
2026-04-14 07:09:38.626 9 INFO neutron.wsgi [None req-ffdb53d9-29b6-4cb4-9b80-461ea4c5adc8 add9338a2b714f62b7234c94dba39f9b 82ded0903dba40858a978235e9bb2eb7 - - default default] 10.0.0.60 "GET /v2.0/security-groups?tenant_id=d5fdefd88701450e9219f03bcf03a1b3&name=default HTTP/1.1" status: 200 len: 2996 time: 0.3527184
2026-04-14 07:09:38.748 9 INFO neutron.wsgi [None req-d48ae234-4322-48fd-951d-3a42b275d4e1 add9338a2b714f62b7234c94dba39f9b 82ded0903dba40858a978235e9bb2eb7 - - default default] 10.0.0.60 "DELETE /v2.0/security-groups/918e7967-8196-4d6d-9d24-4e65959a05a3 HTTP/1.1" status: 204 len: 168 time: 0.2105906
2026-04-14 07:09:38.826 10 INFO neutron.wsgi [None req-5ce1e1bd-2d3c-469d-8aa9-e8ba64c75998 add9338a2b714f62b7234c94dba39f9b 82ded0903dba40858a978235e9bb2eb7 - - default default] 10.0.0.60 "DELETE /v2.0/security-groups/cc2269c3-60cb-4688-97ea-9fde4a78b1ac HTTP/1.1" status: 204 len: 168 time: 0.1948411
2026-04-14 07:09:38.949 10 INFO neutron.services.segments.plugin [-] Segment 1d93b159-6d79-4feb-9ac7-c5ab970a1042 resource provider aggregate not found
2026-04-14 07:09:38.975 10 INFO neutron.services.segments.plugin [-] Segment 1d93b159-6d79-4feb-9ac7-c5ab970a1042 resource provider not found; error: Placement Client Error (4xx): {"errors": [{"status": 404, "title": "Not Found", "detail": "The resource could not be found.\n\n No resource provider with uuid 1d93b159-6d79-4feb-9ac7-c5ab970a1042 found for delete ", "request_id": "req-5fd9a2a5-0577-454b-911d-6f0097ed29b3"}]}
2026-04-14 07:09:39.066 9 WARNING neutron.plugins.ml2.drivers.ovn.mech_driver.ovsdb.ovn_client [None req-ee58eb2f-c570-44b1-8998-618c0370270b - - - - - -] No port found with ID 80cb42a0-6598-47f5-b9cd-ae3b71174fe5: RuntimeError: No port found with ID 80cb42a0-6598-47f5-b9cd-ae3b71174fe5
2026-04-14 07:09:39.071 10 INFO neutron.db.ovn_revision_numbers_db [None req-22a3fd6c-f48c-4f6d-aca4-4d8527d33ac7 add9338a2b714f62b7234c94dba39f9b 82ded0903dba40858a978235e9bb2eb7 - - default default] Successfully bumped revision number for resource 029836c5-c920-4c17-8f1d-b56ef136e3d8 (type: security_groups) to 1
2026-04-14 07:09:39.089 10 INFO neutron.db.ovn_revision_numbers_db [None req-22a3fd6c-f48c-4f6d-aca4-4d8527d33ac7 add9338a2b714f62b7234c94dba39f9b 82ded0903dba40858a978235e9bb2eb7 - - default default] Successfully bumped revision number for resource 097509c1-126e-4ed7-8b28-0183cce18f58 (type: security_group_rules) to 0
2026-04-14 07:09:39.103 10 INFO neutron.db.ovn_revision_numbers_db [None req-22a3fd6c-f48c-4f6d-aca4-4d8527d33ac7 add9338a2b714f62b7234c94dba39f9b 82ded0903dba40858a978235e9bb2eb7 - - default default] Successfully bumped revision number for resource 0e820555-2b21-4a9a-8129-54a51a97d610 (type: security_group_rules) to 0
2026-04-14 07:09:39.118 10 INFO neutron.db.ovn_revision_numbers_db [None req-22a3fd6c-f48c-4f6d-aca4-4d8527d33ac7 add9338a2b714f62b7234c94dba39f9b 82ded0903dba40858a978235e9bb2eb7 - - default default] Successfully bumped revision number for resource 690dfd80-07a7-4aef-a4a7-e1acd15009cc (type: security_group_rules) to 0
2026-04-14 07:09:39.137 10 INFO neutron.db.ovn_revision_numbers_db [None req-22a3fd6c-f48c-4f6d-aca4-4d8527d33ac7 add9338a2b714f62b7234c94dba39f9b 82ded0903dba40858a978235e9bb2eb7 - - default default] Successfully bumped revision number for resource 787c22ea-c287-4fea-b210-250fe8675263 (type: security_group_rules) to 0
2026-04-14 07:09:39.162 10 INFO neutron.wsgi [None req-22a3fd6c-f48c-4f6d-aca4-4d8527d33ac7 add9338a2b714f62b7234c94dba39f9b 82ded0903dba40858a978235e9bb2eb7 - - default default] 10.0.0.60 "GET /v2.0/security-groups?tenant_id=978caadc3055420ea9b20bd09e31410f&name=default HTTP/1.1" status: 200 len: 2996 time: 0.2598512
2026-04-14 07:09:39.383 10 INFO neutron.wsgi [None req-f98e3d25-681f-4983-a07e-7f3427b1a13d add9338a2b714f62b7234c94dba39f9b 82ded0903dba40858a978235e9bb2eb7 - - default default] 10.0.0.60 "DELETE /v2.0/security-groups/029836c5-c920-4c17-8f1d-b56ef136e3d8 HTTP/1.1" status: 204 len: 168 time: 0.2141688
2026-04-14 07:09:39.571 10 INFO neutron.wsgi [None req-8704a188-a29c-4d95-8654-8f5ef8e2a52f add9338a2b714f62b7234c94dba39f9b 82ded0903dba40858a978235e9bb2eb7 - - default default] 10.0.0.60 "GET /v2.0/security-groups?tenant_id=a508bef9c314408bb29906de29db4586&name=default HTTP/1.1" status: 200 len: 2996 time: 0.0383205
2026-04-14 07:09:39.725 9 WARNING neutron_lib.context [None req-c99af909-a601-4cb9-b778-96a5b071316b 5c3dd5da0f344218956d4703a303c393 b54a6e6dc5884974b86b0daf3c4242b2 - - default default] Method 'is_advsvc' is deprecated since 2023.2 release (neutron-lib 3.8.0) and will be removed once support for the old RBAC API policies will be removed from Neutron. Please use method 'is_service_role' instead.
2026-04-14 07:09:39.780 10 INFO neutron.wsgi [None req-f8e146de-07c7-45b6-81ca-32928201b0eb add9338a2b714f62b7234c94dba39f9b 82ded0903dba40858a978235e9bb2eb7 - - default default] 10.0.0.60 "DELETE /v2.0/security-groups/78e7555c-8dc2-464e-b94c-10e8745fe48a HTTP/1.1" status: 204 len: 168 time: 0.2030129
2026-04-14 07:09:39.810 9 INFO neutron.wsgi [None req-c99af909-a601-4cb9-b778-96a5b071316b 5c3dd5da0f344218956d4703a303c393 b54a6e6dc5884974b86b0daf3c4242b2 - - default default] 10.0.0.60 "POST /v2.0/subnetpools HTTP/1.1" status: 201 len: 747 time: 0.3006694
2026-04-14 07:09:39.859 9 INFO neutron.wsgi [None req-09d4809c-c305-4dc4-a4ae-ff140d93bc16 5c3dd5da0f344218956d4703a303c393 b54a6e6dc5884974b86b0daf3c4242b2 - - default default] 10.0.0.60 "GET /v2.0/subnetpools/3f98daa8-46dc-419d-91e4-1af2f7dae8cd HTTP/1.1" status: 200 len: 742 time: 0.0451219
2026-04-14 07:09:39.953 9 INFO neutron.wsgi [None req-822cec06-8f0f-4dec-b2f5-407c72af0ef6 5c3dd5da0f344218956d4703a303c393 b54a6e6dc5884974b86b0daf3c4242b2 - - default default] 10.0.0.60 "PUT /v2.0/subnetpools/3f98daa8-46dc-419d-91e4-1af2f7dae8cd HTTP/1.1" status: 200 len: 695 time: 0.0890074
2026-04-14 07:09:40.015 9 INFO neutron.wsgi [None req-786da12c-2f20-4745-afea-eb81a2b2dcec 5c3dd5da0f344218956d4703a303c393 b54a6e6dc5884974b86b0daf3c4242b2 - - default default] 10.0.0.60 "DELETE /v2.0/subnetpools/3f98daa8-46dc-419d-91e4-1af2f7dae8cd HTTP/1.1" status: 204 len: 168 time: 0.0567505
2026-04-14 07:09:40.032 9 INFO neutron.api.v2.resource [None req-dd5349f2-a485-4e9a-beda-41f592c16fcc 5c3dd5da0f344218956d4703a303c393 b54a6e6dc5884974b86b0daf3c4242b2 - - default default] show failed (client error): The resource could not be found.
2026-04-14 07:09:40.033 9 INFO neutron.wsgi [None req-dd5349f2-a485-4e9a-beda-41f592c16fcc 5c3dd5da0f344218956d4703a303c393 b54a6e6dc5884974b86b0daf3c4242b2 - - default default] 10.0.0.60 "GET /v2.0/subnetpools/3f98daa8-46dc-419d-91e4-1af2f7dae8cd HTTP/1.1" status: 404 len: 346 time: 0.0125458
2026-04-14 07:09:40.049 9 INFO neutron.api.v2.resource [None req-75e790cc-8fb0-41df-a7b6-d618b0aac5a0 5c3dd5da0f344218956d4703a303c393 b54a6e6dc5884974b86b0daf3c4242b2 - - default default] delete failed (client error): The resource could not be found.
2026-04-14 07:09:40.050 9 INFO neutron.wsgi [None req-75e790cc-8fb0-41df-a7b6-d618b0aac5a0 5c3dd5da0f344218956d4703a303c393 b54a6e6dc5884974b86b0daf3c4242b2 - - default default] 10.0.0.60 "DELETE /v2.0/subnetpools/3f98daa8-46dc-419d-91e4-1af2f7dae8cd HTTP/1.1" status: 404 len: 346 time: 0.0114641
2026-04-14 07:09:40.668 10 INFO neutron.wsgi [-] 10.0.0.187 "GET / HTTP/1.1" status: 200 len: 246 time: 0.0045235
2026-04-14 07:09:40.667 9 INFO neutron.wsgi [-] 10.0.0.187 "GET / HTTP/1.1" status: 200 len: 246 time: 0.0031874
2026-04-14 07:09:40.916 9 WARNING neutron_lib.context [None req-db03d46f-143b-481d-a1d8-7406b3b51ef8 a1d025acd7624fd983e2ebac283c9195 6f5a99ff4569479680cc609a11e519e7 - - default default] Method 'is_advsvc' is deprecated since 2023.2 release (neutron-lib 3.8.0) and will be removed once support for the old RBAC API policies will be removed from Neutron. Please use method 'is_service_role' instead.
2026-04-14 07:09:40.979 9 INFO neutron.db.ovn_revision_numbers_db [None req-396df27b-21a4-40d2-9dbc-3bd17d1e69ce add9338a2b714f62b7234c94dba39f9b 82ded0903dba40858a978235e9bb2eb7 - - default default] Successfully bumped revision number for resource 56a02a2c-714d-4f08-ac64-91216674a6b2 (type: security_groups) to 1
2026-04-14 07:09:40.995 9 INFO neutron.db.ovn_revision_numbers_db [None req-396df27b-21a4-40d2-9dbc-3bd17d1e69ce add9338a2b714f62b7234c94dba39f9b 82ded0903dba40858a978235e9bb2eb7 - - default default] Successfully bumped revision number for resource 1084858e-abc1-40b3-8e46-260ecf39fb53 (type: security_group_rules) to 0
2026-04-14 07:09:41.013 9 INFO neutron.db.ovn_revision_numbers_db [None req-396df27b-21a4-40d2-9dbc-3bd17d1e69ce add9338a2b714f62b7234c94dba39f9b 82ded0903dba40858a978235e9bb2eb7 - - default default] Successfully bumped revision number for resource 197f36e2-639f-49c4-8bad-53d28290b0c4 (type: security_group_rules) to 0
2026-04-14 07:09:41.028 9 INFO neutron.db.ovn_revision_numbers_db [None req-396df27b-21a4-40d2-9dbc-3bd17d1e69ce add9338a2b714f62b7234c94dba39f9b 82ded0903dba40858a978235e9bb2eb7 - - default default] Successfully bumped revision number for resource a9006e77-e89b-4811-9d8b-6b8a7880ec16 (type: security_group_rules) to 0
2026-04-14 07:09:41.051 9 INFO neutron.db.ovn_revision_numbers_db [None req-396df27b-21a4-40d2-9dbc-3bd17d1e69ce add9338a2b714f62b7234c94dba39f9b 82ded0903dba40858a978235e9bb2eb7 - - default default] Successfully bumped revision number for resource fbcd2972-4ca9-40a2-bd7b-959dabfa2dd4 (type: security_group_rules) to 0
2026-04-14 07:09:41.064 9 INFO neutron.db.ovn_revision_numbers_db [None req-db03d46f-143b-481d-a1d8-7406b3b51ef8 a1d025acd7624fd983e2ebac283c9195 6f5a99ff4569479680cc609a11e519e7 - - default default] Successfully bumped revision number for resource 402bcca7-53f4-4491-bd4c-2f75ebbe353a (type: security_groups) to 1
2026-04-14 07:09:41.079 9 INFO neutron.wsgi [None req-396df27b-21a4-40d2-9dbc-3bd17d1e69ce add9338a2b714f62b7234c94dba39f9b 82ded0903dba40858a978235e9bb2eb7 - - default default] 10.0.0.60 "GET /v2.0/security-groups?tenant_id=b54a6e6dc5884974b86b0daf3c4242b2&name=default HTTP/1.1" status: 200 len: 2996 time: 0.4692657
2026-04-14 07:09:41.083 9 INFO neutron.db.ovn_revision_numbers_db [None req-db03d46f-143b-481d-a1d8-7406b3b51ef8 a1d025acd7624fd983e2ebac283c9195 6f5a99ff4569479680cc609a11e519e7 - - default default] Successfully bumped revision number for resource 322e31ab-6759-44f8-bfe0-b12daea6456a (type: security_group_rules) to 0
2026-04-14 07:09:41.101 9 INFO neutron.db.ovn_revision_numbers_db [None req-db03d46f-143b-481d-a1d8-7406b3b51ef8 a1d025acd7624fd983e2ebac283c9195 6f5a99ff4569479680cc609a11e519e7 - - default default] Successfully bumped revision number for resource 36c742c6-a2b7-453e-a571-183f3e01999f (type: security_group_rules) to 0
2026-04-14 07:09:41.118 9 INFO neutron.db.ovn_revision_numbers_db [None req-db03d46f-143b-481d-a1d8-7406b3b51ef8 a1d025acd7624fd983e2ebac283c9195 6f5a99ff4569479680cc609a11e519e7 - - default default] Successfully bumped revision number for resource cc97dedc-a41b-461d-bed7-33ef1e137c9b (type: security_group_rules) to 0
2026-04-14 07:09:41.134 9 INFO neutron.db.ovn_revision_numbers_db [None req-db03d46f-143b-481d-a1d8-7406b3b51ef8 a1d025acd7624fd983e2ebac283c9195 6f5a99ff4569479680cc609a11e519e7 - - default default] Successfully bumped revision number for resource ecb164a3-dd23-475f-afc6-11ae2bc19e9d (type: security_group_rules) to 0
2026-04-14 07:09:41.192 9 INFO neutron.db.segments_db [None req-db03d46f-143b-481d-a1d8-7406b3b51ef8 a1d025acd7624fd983e2ebac283c9195 6f5a99ff4569479680cc609a11e519e7 - - default default] Added segment 6d0f793d-224a-47e6-8095-c9cdb50cd906 of type geneve for network 4c8a6066-6baa-411c-87e4-e2cd3e89819e
2026-04-14 07:09:41.327 10 INFO neutron.wsgi [None req-3478c783-fe1c-4149-ab3d-f5fd218542e4 add9338a2b714f62b7234c94dba39f9b 82ded0903dba40858a978235e9bb2eb7 - - default default] 10.0.0.60 "DELETE /v2.0/security-groups/56a02a2c-714d-4f08-ac64-91216674a6b2 HTTP/1.1" status: 204 len: 168 time: 0.2428570
2026-04-14 07:09:41.337 9 INFO neutron.db.ovn_revision_numbers_db [None req-db03d46f-143b-481d-a1d8-7406b3b51ef8 a1d025acd7624fd983e2ebac283c9195 6f5a99ff4569479680cc609a11e519e7 - - default default] Successfully bumped revision number for resource 4c8a6066-6baa-411c-87e4-e2cd3e89819e (type: networks) to 1
2026-04-14 07:09:41.822 9 WARNING neutron.scheduler.dhcp_agent_scheduler [None req-db03d46f-143b-481d-a1d8-7406b3b51ef8 a1d025acd7624fd983e2ebac283c9195 6f5a99ff4569479680cc609a11e519e7 - - default default] No more DHCP agents
2026-04-14 07:09:41.824 9 WARNING neutron.api.rpc.agentnotifiers.dhcp_rpc_agent_api [None req-db03d46f-143b-481d-a1d8-7406b3b51ef8 a1d025acd7624fd983e2ebac283c9195 6f5a99ff4569479680cc609a11e519e7 - - default default] Unable to schedule network 4c8a6066-6baa-411c-87e4-e2cd3e89819e: no agents available; will retry on subsequent port and subnet creation events.
2026-04-14 07:09:41.915 9 INFO neutron.db.ovn_revision_numbers_db [None req-db03d46f-143b-481d-a1d8-7406b3b51ef8 a1d025acd7624fd983e2ebac283c9195 6f5a99ff4569479680cc609a11e519e7 - - default default] Successfully bumped revision number for resource dbd5dc66-2d45-4e1a-a0c8-5cc967d00c09 (type: ports) to 1
2026-04-14 07:09:41.944 9 INFO neutron.wsgi [None req-db03d46f-143b-481d-a1d8-7406b3b51ef8 a1d025acd7624fd983e2ebac283c9195 6f5a99ff4569479680cc609a11e519e7 - - default default] 10.0.0.60 "POST /v2.0/networks HTTP/1.1" status: 201 len: 847 time: 1.2383521
2026-04-14 07:09:42.427 10 INFO neutron.wsgi [None req-98f34d73-fe79-494e-a9a5-60a47d4b8817 fe17b0bbd5be4fb3a73fed3eb7c4ff12 36bd88944def4445b27954921d6d60ad - - default default] 10.0.0.60 "POST /v2.0/qos/policies HTTP/1.1" status: 201 len: 558 time: 0.1435137
2026-04-14 07:09:43.227 10 INFO neutron.wsgi [None req-889458af-743f-4f6d-8632-c5d7119dca97 fe17b0bbd5be4fb3a73fed3eb7c4ff12 36bd88944def4445b27954921d6d60ad - - default default] 10.0.0.60 "POST /v2.0/qos/policies HTTP/1.1" status: 201 len: 558 time: 0.1076458
2026-04-14 07:09:43.271 10 INFO neutron.wsgi [None req-9879a815-96fd-45d2-8c4e-e9b56ed11c51 fe17b0bbd5be4fb3a73fed3eb7c4ff12 36bd88944def4445b27954921d6d60ad - - default default] 10.0.0.60 "POST /v2.0/qos/policies HTTP/1.1" status: 201 len: 558 time: 0.0406623
2026-04-14 07:09:43.347 9 INFO neutron.wsgi [None req-d070ae7e-3d03-4ad0-b75f-85bdda8e11c7 fe17b0bbd5be4fb3a73fed3eb7c4ff12 36bd88944def4445b27954921d6d60ad - - default default] 10.0.0.60 "POST /v2.0/qos/policies HTTP/1.1" status: 201 len: 558 time: 0.0687933
2026-04-14 07:09:43.391 9 INFO neutron.wsgi [None req-6872068a-e776-4d64-99ea-879fe085cf7e fe17b0bbd5be4fb3a73fed3eb7c4ff12 36bd88944def4445b27954921d6d60ad - - default default] 10.0.0.60 "POST /v2.0/qos/policies HTTP/1.1" status: 201 len: 558 time: 0.0383885
2026-04-14 07:09:43.425 9 INFO neutron.wsgi [None req-23b76c91-9ac7-457f-b4fe-3395436d0f13 fe17b0bbd5be4fb3a73fed3eb7c4ff12 36bd88944def4445b27954921d6d60ad - - default default] 10.0.0.60 "PUT /v2.0/policies/a97c748e-5d22-4328-9cd9-bcc9e46b1433/tags HTTP/1.1" status: 200 len: 210 time: 0.0275748
2026-04-14 07:09:43.456 9 INFO neutron.wsgi [None req-f80995b4-6efd-42d9-bc81-91792f5e3f5c fe17b0bbd5be4fb3a73fed3eb7c4ff12 36bd88944def4445b27954921d6d60ad - - default default] 10.0.0.60 "PUT /v2.0/policies/a52a7976-48e0-4a5b-881d-85462c0b05c7/tags HTTP/1.1" status: 200 len: 218 time: 0.0279150
2026-04-14 07:09:43.488 9 INFO neutron.wsgi [None req-45213579-118d-4528-88df-1e3989e577e7 fe17b0bbd5be4fb3a73fed3eb7c4ff12 36bd88944def4445b27954921d6d60ad - - default default] 10.0.0.60 "PUT /v2.0/policies/6b0a9dc4-4ebd-4e27-b314-43dec7fc0ae9/tags HTTP/1.1" status: 200 len: 227 time: 0.0277691
2026-04-14 07:09:43.509 10 WARNING neutron_lib.context [None req-8b382dd0-737f-42af-88ec-3dece39da99a a1d025acd7624fd983e2ebac283c9195 6f5a99ff4569479680cc609a11e519e7 - - default default] Method 'is_advsvc' is deprecated since 2023.2 release (neutron-lib 3.8.0) and will be removed once support for the old RBAC API policies will be removed from Neutron. Please use method 'is_service_role' instead.
2026-04-14 07:09:43.510 9 INFO neutron.wsgi [-] 10.0.0.60 "GET / HTTP/1.1" status: 200 len: 279 time: 0.0029051
2026-04-14 07:09:43.540 9 INFO neutron.wsgi [None req-69dad1e8-76cb-4d53-8c95-4c7a5dbc7640 fe17b0bbd5be4fb3a73fed3eb7c4ff12 36bd88944def4445b27954921d6d60ad - - default default] 10.0.0.60 "PUT /v2.0/policies/4bc1b1c3-2890-45ff-8283-9aca5af83f4b/tags HTTP/1.1" status: 200 len: 212 time: 0.0481458
2026-04-14 07:09:43.788 10 INFO neutron.wsgi [None req-214c3eeb-5c65-49b5-ac4e-e9fe6573ef2d 8248cda367c245e6a970dab1be61125b 64fb8ebb044a45ebb6d6a5070accd885 - - default default] 10.0.0.60 "GET /v2.0/ HTTP/1.1" status: 200 len: 826 time: 0.2637360
2026-04-14 07:09:43.806 10 WARNING neutron.scheduler.dhcp_agent_scheduler [None req-8b382dd0-737f-42af-88ec-3dece39da99a a1d025acd7624fd983e2ebac283c9195 6f5a99ff4569479680cc609a11e519e7 - - default default] No more DHCP agents
2026-04-14 07:09:43.808 10 WARNING neutron.api.rpc.agentnotifiers.dhcp_rpc_agent_api [None req-8b382dd0-737f-42af-88ec-3dece39da99a a1d025acd7624fd983e2ebac283c9195 6f5a99ff4569479680cc609a11e519e7 - - default default] Unable to schedule network 4c8a6066-6baa-411c-87e4-e2cd3e89819e: no agents available; will retry on subsequent port and subnet creation events.
2026-04-14 07:09:43.849 10 INFO neutron.db.ovn_revision_numbers_db [None req-8b382dd0-737f-42af-88ec-3dece39da99a a1d025acd7624fd983e2ebac283c9195 6f5a99ff4569479680cc609a11e519e7 - - default default] Successfully bumped revision number for resource fdc21231-830a-4454-a78c-2cbc26ed2007 (type: subnets) to 0
2026-04-14 07:09:43.866 10 INFO neutron.wsgi [None req-8b382dd0-737f-42af-88ec-3dece39da99a a1d025acd7624fd983e2ebac283c9195 6f5a99ff4569479680cc609a11e519e7 - - default default] 10.0.0.60 "POST /v2.0/subnets HTTP/1.1" status: 201 len: 848 time: 0.3623514
2026-04-14 07:09:43.878 10 WARNING neutron_lib.context [None req-1238be13-7b52-4ff5-b7a0-1a65ffbad632 a1d025acd7624fd983e2ebac283c9195 6f5a99ff4569479680cc609a11e519e7 - - default default] Method 'is_advsvc' is deprecated since 2023.2 release (neutron-lib 3.8.0) and will be removed once support for the old RBAC API policies will be removed from Neutron. Please use method 'is_service_role' instead.
2026-04-14 07:09:43.975 10 INFO neutron.db.segments_db [None req-1238be13-7b52-4ff5-b7a0-1a65ffbad632 a1d025acd7624fd983e2ebac283c9195 6f5a99ff4569479680cc609a11e519e7 - - default default] Added segment 3a22984f-83c7-41a9-abab-9e1f0579e814 of type geneve for network 269ee753-e491-471d-8ecd-41ff1f7d6913
2026-04-14 07:09:44.128 10 INFO neutron.db.ovn_revision_numbers_db [None req-1238be13-7b52-4ff5-b7a0-1a65ffbad632 a1d025acd7624fd983e2ebac283c9195 6f5a99ff4569479680cc609a11e519e7 - - default default] Successfully bumped revision number for resource 269ee753-e491-471d-8ecd-41ff1f7d6913 (type: networks) to 1
2026-04-14 07:09:44.149 9 INFO neutron.wsgi [None req-ca0f4672-9827-45d3-8365-b01a2702b6ed b61ea5648626489e81d690f666ab1134 9699d72604a046ad9c75399e68b9b404 - - default default] 10.0.0.60 "GET /v2.0/qos/policies?tags=red HTTP/1.1" status: 200 len: 1296 time: 0.2440703
2026-04-14 07:09:44.209 9 INFO neutron.wsgi [None req-205681a7-8e8a-42bb-a745-4df1fd3ce693 b61ea5648626489e81d690f666ab1134 9699d72604a046ad9c75399e68b9b404 - - default default] 10.0.0.60 "GET /v2.0/qos/policies?tags=red%2Cblue HTTP/1.1" status: 200 len: 941 time: 0.0548325
2026-04-14 07:09:44.258 9 INFO neutron.wsgi [None req-bee99fcf-3638-4e00-9b5c-e158f803311d b61ea5648626489e81d690f666ab1134 9699d72604a046ad9c75399e68b9b404 - - default default] 10.0.0.60 "GET /v2.0/qos/policies?tags-any=blue HTTP/1.1" status: 200 len: 941 time: 0.0445905
2026-04-14 07:09:44.326 9 INFO neutron.wsgi [None req-240cb713-d640-4ef8-81ae-8b65da40d83d b61ea5648626489e81d690f666ab1134 9699d72604a046ad9c75399e68b9b404 - - default default] 10.0.0.60 "GET /v2.0/qos/policies?tags-any=red%2Cblue HTTP/1.1" status: 200 len: 1296 time: 0.0627522
2026-04-14 07:09:44.369 10 WARNING neutron.scheduler.dhcp_agent_scheduler [None req-1238be13-7b52-4ff5-b7a0-1a65ffbad632 a1d025acd7624fd983e2ebac283c9195 6f5a99ff4569479680cc609a11e519e7 - - default default] No more DHCP agents
2026-04-14 07:09:44.372 10 WARNING neutron.api.rpc.agentnotifiers.dhcp_rpc_agent_api [None req-1238be13-7b52-4ff5-b7a0-1a65ffbad632 a1d025acd7624fd983e2ebac283c9195 6f5a99ff4569479680cc609a11e519e7 - - default default] Unable to schedule network 269ee753-e491-471d-8ecd-41ff1f7d6913: no agents available; will retry on subsequent port and subnet creation events.
2026-04-14 07:09:44.421 10 INFO neutron.wsgi [None req-ba589f9a-0aa6-48f4-97c1-00a6c925fd72 b61ea5648626489e81d690f666ab1134 9699d72604a046ad9c75399e68b9b404 - - default default] 10.0.0.60 "GET /v2.0/qos/policies?not-tags=red HTTP/1.1" status: 200 len: 913 time: 0.0903065
2026-04-14 07:09:44.465 10 INFO neutron.db.ovn_revision_numbers_db [None req-1238be13-7b52-4ff5-b7a0-1a65ffbad632 a1d025acd7624fd983e2ebac283c9195 6f5a99ff4569479680cc609a11e519e7 - - default default] Successfully bumped revision number for resource 94ebd6fd-5ddf-426d-bc96-295f947260d9 (type: ports) to 1
2026-04-14 07:09:44.487 10 INFO neutron.wsgi [None req-1238be13-7b52-4ff5-b7a0-1a65ffbad632 a1d025acd7624fd983e2ebac283c9195 6f5a99ff4569479680cc609a11e519e7 - - default default] 10.0.0.60 "POST /v2.0/networks HTTP/1.1" status: 201 len: 847 time: 0.6132014
2026-04-14 07:09:44.491 9 WARNING neutron_lib.context [None req-35385997-4fef-43c6-ae75-ca2e30dde9ad 3adfe6b6ca1f4a9aabb3ccbcfd98877b 9c601240910145f9b7a904bc00f101e3 - - default default] Method 'is_advsvc' is deprecated since 2023.2 release (neutron-lib 3.8.0) and will be removed once support for the old RBAC API policies will be removed from Neutron. Please use method 'is_service_role' instead.
2026-04-14 07:09:44.534 10 INFO neutron.wsgi [None req-cf544baa-6537-4625-8f9f-c8f25e2ede4f b61ea5648626489e81d690f666ab1134 9699d72604a046ad9c75399e68b9b404 - - default default] 10.0.0.60 "GET /v2.0/qos/policies?not-tags=red%2Cblue HTTP/1.1" status: 200 len: 1268 time: 0.1034095
2026-04-14 07:09:44.607 9 INFO neutron.db.ovn_revision_numbers_db [None req-4141b642-88b3-4d94-bd56-07e7f344c05a add9338a2b714f62b7234c94dba39f9b 82ded0903dba40858a978235e9bb2eb7 - - default default] Successfully bumped revision number for resource 3c2eee9d-d34d-4bce-ad04-ea8a5bd11bff (type: security_groups) to 1
2026-04-14 07:09:44.629 9 INFO neutron.db.ovn_revision_numbers_db [None req-4141b642-88b3-4d94-bd56-07e7f344c05a add9338a2b714f62b7234c94dba39f9b 82ded0903dba40858a978235e9bb2eb7 - - default default] Successfully bumped revision number for resource 096a9241-14fc-4b84-9597-5f3393a9f7cb (type: security_group_rules) to 0
2026-04-14 07:09:44.643 9 INFO neutron.db.ovn_revision_numbers_db [None req-35385997-4fef-43c6-ae75-ca2e30dde9ad 3adfe6b6ca1f4a9aabb3ccbcfd98877b 9c601240910145f9b7a904bc00f101e3 - - default default] Successfully bumped revision number for resource 79b755d8-976c-4d64-a790-b51c4248a02d (type: security_groups) to 1
2026-04-14 07:09:44.645 9 INFO neutron.db.ovn_revision_numbers_db [None req-4141b642-88b3-4d94-bd56-07e7f344c05a add9338a2b714f62b7234c94dba39f9b 82ded0903dba40858a978235e9bb2eb7 - - default default] Successfully bumped revision number for resource 269185eb-aa97-4e84-90cb-15dcbe258783 (type: security_group_rules) to 0
2026-04-14 07:09:44.656 10 INFO neutron.wsgi [None req-f85e0e90-b75b-44da-9ac8-a4397e3adbbc b61ea5648626489e81d690f666ab1134 9699d72604a046ad9c75399e68b9b404 - - default default] 10.0.0.60 "GET /v2.0/qos/policies?not-tags-any=blue HTTP/1.1" status: 200 len: 1268 time: 0.1162724
2026-04-14 07:09:44.659 9 INFO neutron.db.ovn_revision_numbers_db [None req-35385997-4fef-43c6-ae75-ca2e30dde9ad 3adfe6b6ca1f4a9aabb3ccbcfd98877b 9c601240910145f9b7a904bc00f101e3 - - default default] Successfully bumped revision number for resource 854d3c89-71d5-4b0c-9160-a28a12753ab7 (type: security_group_rules) to 0
2026-04-14 07:09:44.675 9 INFO neutron.db.ovn_revision_numbers_db [None req-4141b642-88b3-4d94-bd56-07e7f344c05a add9338a2b714f62b7234c94dba39f9b 82ded0903dba40858a978235e9bb2eb7 - - default default] Successfully bumped revision number for resource 82840e4a-8386-427f-b826-8ca81931015a (type: security_group_rules) to 0
2026-04-14 07:09:44.686 9 INFO neutron.db.ovn_revision_numbers_db [None req-35385997-4fef-43c6-ae75-ca2e30dde9ad 3adfe6b6ca1f4a9aabb3ccbcfd98877b 9c601240910145f9b7a904bc00f101e3 - - default default] Successfully bumped revision number for resource 9be8c835-b564-4cd1-b976-ab54929e74bc (type: security_group_rules) to 0
2026-04-14 07:09:44.694 9 INFO neutron.db.ovn_revision_numbers_db [None req-4141b642-88b3-4d94-bd56-07e7f344c05a add9338a2b714f62b7234c94dba39f9b 82ded0903dba40858a978235e9bb2eb7 - - default default] Successfully bumped revision number for resource f599dbd1-2b90-44aa-bee5-01d090d4943e (type: security_group_rules) to 0
2026-04-14 07:09:44.695 10 INFO neutron.db.ovn_revision_numbers_db [None req-5abb5e04-a1e5-467a-bb6e-be0c316eec2d a1d025acd7624fd983e2ebac283c9195 6f5a99ff4569479680cc609a11e519e7 - - default default] Successfully bumped revision number for resource 269ee753-e491-471d-8ecd-41ff1f7d6913 (type: networks) to 2
2026-04-14 07:09:44.700 10 INFO neutron.wsgi [None req-5abb5e04-a1e5-467a-bb6e-be0c316eec2d a1d025acd7624fd983e2ebac283c9195 6f5a99ff4569479680cc609a11e519e7 - - default default] 10.0.0.60 "PUT /v2.0/networks/269ee753-e491-471d-8ecd-41ff1f7d6913 HTTP/1.1" status: 200 len: 792 time: 0.2069616
2026-04-14 07:09:44.707 9 INFO neutron.db.ovn_revision_numbers_db [None req-35385997-4fef-43c6-ae75-ca2e30dde9ad 3adfe6b6ca1f4a9aabb3ccbcfd98877b 9c601240910145f9b7a904bc00f101e3 - - default default] Successfully bumped revision number for resource bcbca205-f764-4700-b247-046875b6d166 (type: security_group_rules) to 0
2026-04-14 07:09:44.708 10 WARNING neutron_lib.context [None req-4c48c3ce-01f0-4b9b-9282-e4e3f1084954 a1d025acd7624fd983e2ebac283c9195 6f5a99ff4569479680cc609a11e519e7 - - default default] Method 'is_advsvc' is deprecated since 2023.2 release (neutron-lib 3.8.0) and will be removed once support for the old RBAC API policies will be removed from Neutron. Please use method 'is_service_role' instead.
2026-04-14 07:09:44.727 9 INFO neutron.wsgi [None req-4141b642-88b3-4d94-bd56-07e7f344c05a add9338a2b714f62b7234c94dba39f9b 82ded0903dba40858a978235e9bb2eb7 - - default default] 10.0.0.60 "GET /v2.0/security-groups?tenant_id=64fb8ebb044a45ebb6d6a5070accd885&name=default HTTP/1.1" status: 200 len: 2996 time: 0.3658054
2026-04-14 07:09:44.739 9 INFO neutron.db.ovn_revision_numbers_db [None req-35385997-4fef-43c6-ae75-ca2e30dde9ad 3adfe6b6ca1f4a9aabb3ccbcfd98877b 9c601240910145f9b7a904bc00f101e3 - - default default] Successfully bumped revision number for resource c9bd0607-f164-4394-be50-ab6de243f18a (type: security_group_rules) to 0
2026-04-14 07:09:44.770 9 INFO neutron.wsgi [None req-3c792e0e-51a4-416a-b7a3-20d41a12d764 b61ea5648626489e81d690f666ab1134 9699d72604a046ad9c75399e68b9b404 - - default default] 10.0.0.60 "GET /v2.0/qos/policies?not-tags-any=red%2Cblue HTTP/1.1" status: 200 len: 913 time: 0.1072106
2026-04-14 07:09:44.801 9 INFO neutron.db.segments_db [None req-35385997-4fef-43c6-ae75-ca2e30dde9ad 3adfe6b6ca1f4a9aabb3ccbcfd98877b 9c601240910145f9b7a904bc00f101e3 - - default default] Added segment fba0a2ff-da46-4ac1-92b8-3abbe6c5a604 of type geneve for network 14ae586a-2eb1-4a89-bdfd-f51a636f1b9a
2026-04-14 07:09:44.895 9 INFO neutron.wsgi [None req-53982d87-3352-45d2-87db-4e8debe9ea92 fe17b0bbd5be4fb3a73fed3eb7c4ff12 36bd88944def4445b27954921d6d60ad - - default default] 10.0.0.60 "DELETE /v2.0/qos/policies/a97c748e-5d22-4328-9cd9-bcc9e46b1433 HTTP/1.1" status: 204 len: 168 time: 0.1150541
2026-04-14 07:09:44.955 10 WARNING neutron.scheduler.dhcp_agent_scheduler [None req-4c48c3ce-01f0-4b9b-9282-e4e3f1084954 a1d025acd7624fd983e2ebac283c9195 6f5a99ff4569479680cc609a11e519e7 - - default default] No more DHCP agents
2026-04-14 07:09:44.957 10 WARNING neutron.api.rpc.agentnotifiers.dhcp_rpc_agent_api [None req-4c48c3ce-01f0-4b9b-9282-e4e3f1084954 a1d025acd7624fd983e2ebac283c9195 6f5a99ff4569479680cc609a11e519e7 - - default default] Unable to schedule network 269ee753-e491-471d-8ecd-41ff1f7d6913: no agents available; will retry on subsequent port and subnet creation events.
2026-04-14 07:09:44.991 10 INFO neutron.db.ovn_revision_numbers_db [None req-4c48c3ce-01f0-4b9b-9282-e4e3f1084954 a1d025acd7624fd983e2ebac283c9195 6f5a99ff4569479680cc609a11e519e7 - - default default] Successfully bumped revision number for resource 417de771-3d7e-433a-917c-f7bd3236bd92 (type: subnets) to 0
2026-04-14 07:09:45.009 10 INFO neutron.wsgi [None req-4c48c3ce-01f0-4b9b-9282-e4e3f1084954 a1d025acd7624fd983e2ebac283c9195 6f5a99ff4569479680cc609a11e519e7 - - default default] 10.0.0.60 "POST /v2.0/subnets HTTP/1.1" status: 201 len: 821 time: 0.3047967
2026-04-14 07:09:45.011 9 INFO neutron.db.ovn_revision_numbers_db [None req-35385997-4fef-43c6-ae75-ca2e30dde9ad 3adfe6b6ca1f4a9aabb3ccbcfd98877b 9c601240910145f9b7a904bc00f101e3 - - default default] Successfully bumped revision number for resource 14ae586a-2eb1-4a89-bdfd-f51a636f1b9a (type: networks) to 1
2026-04-14 07:09:45.016 9 INFO neutron.wsgi [None req-ce302d78-bab8-433f-94ba-b4b9d67e5245 fe17b0bbd5be4fb3a73fed3eb7c4ff12 36bd88944def4445b27954921d6d60ad - - default default] 10.0.0.60 "DELETE /v2.0/qos/policies/a52a7976-48e0-4a5b-881d-85462c0b05c7 HTTP/1.1" status: 204 len: 168 time: 0.1114855
2026-04-14 07:09:45.079 9 INFO neutron.wsgi [None req-26b1b624-4b03-4890-bf71-3210b6b51a97 add9338a2b714f62b7234c94dba39f9b 82ded0903dba40858a978235e9bb2eb7 - - default default] 10.0.0.60 "DELETE /v2.0/security-groups/3c2eee9d-d34d-4bce-ad04-ea8a5bd11bff HTTP/1.1" status: 204 len: 168 time: 0.3473263
2026-04-14 07:09:45.137 10 INFO neutron.wsgi [None req-c5aff5d1-0a22-41cf-aeee-09e86c13db8c fe17b0bbd5be4fb3a73fed3eb7c4ff12 36bd88944def4445b27954921d6d60ad - - default default] 10.0.0.60 "DELETE /v2.0/qos/policies/6b0a9dc4-4ebd-4e27-b314-43dec7fc0ae9 HTTP/1.1" status: 204 len: 168 time: 0.1152158
2026-04-14 07:09:45.225 9 WARNING neutron.scheduler.dhcp_agent_scheduler [None req-35385997-4fef-43c6-ae75-ca2e30dde9ad 3adfe6b6ca1f4a9aabb3ccbcfd98877b 9c601240910145f9b7a904bc00f101e3 - - default default] No more DHCP agents
2026-04-14 07:09:45.232 9 WARNING neutron.api.rpc.agentnotifiers.dhcp_rpc_agent_api [None req-35385997-4fef-43c6-ae75-ca2e30dde9ad 3adfe6b6ca1f4a9aabb3ccbcfd98877b 9c601240910145f9b7a904bc00f101e3 - - default default] Unable to schedule network 14ae586a-2eb1-4a89-bdfd-f51a636f1b9a: no agents available; will retry on subsequent port and subnet creation events.
