2026-04-14 07:10:33.643 10 INFO neutron.wsgi [None req-c387b158-2df6-41ce-8c00-00a878c8b382 add9338a2b714f62b7234c94dba39f9b 82ded0903dba40858a978235e9bb2eb7 - - default default] 10.0.0.60 "GET /v2.0/security-groups?tenant_id=32f97597071f4490b90c0adaafb6ba73&name=default HTTP/1.1" status: 200 len: 3000 time: 0.2247744
2026-04-14 07:10:33.711 10 INFO neutron.wsgi [req-4aff4a5b-07a9-41a5-ac9b-86409c52b9e8 req-2701733f-8042-4fd9-a324-b2b2ce5ca6d7 934d5eed026c4bdd8e6573a3124f88cf 568f6d1da0764b62adea60542e474c4f - - default default] 10.0.0.182 "GET /v2.0/ports?device_id=d3b51818-9df0-4517-9074-bfd5aea0032a HTTP/1.1" status: 200 len: 1210 time: 0.0578544
2026-04-14 07:10:33.746 9 INFO neutron.db.ovn_revision_numbers_db [None req-e70d784f-214d-4b54-8e2b-9664cc7033f8 ffca82879f894cb5ae026e0be90e31f6 abcf6ce79ee34e79ae5e2fef069f29e9 - - default default] Successfully bumped revision number for resource b577c7da-367d-4cfd-a607-c84b29aa7b5e (type: ports) to 1
2026-04-14 07:10:33.802 9 INFO neutron.wsgi [None req-e70d784f-214d-4b54-8e2b-9664cc7033f8 ffca82879f894cb5ae026e0be90e31f6 abcf6ce79ee34e79ae5e2fef069f29e9 - - default default] 10.0.0.60 "POST /v2.0/networks HTTP/1.1" status: 201 len: 831 time: 1.0804272
2026-04-14 07:10:33.999 10 INFO neutron.wsgi [None req-310f581e-9db3-412c-ba15-3056a9df41c2 ffca82879f894cb5ae026e0be90e31f6 abcf6ce79ee34e79ae5e2fef069f29e9 - - default default] 10.0.0.60 "PUT /v2.0/networks/11690723-48d5-41da-b31d-536a7df5acce/tags HTTP/1.1" status: 200 len: 218 time: 0.1913791
2026-04-14 07:10:34.061 9 INFO neutron.db.l3_db [None req-069ff2fb-75d8-4352-864e-123911cf1b06 934d5eed026c4bdd8e6573a3124f88cf 568f6d1da0764b62adea60542e474c4f - - default default] Floating IP 216e6389-3d42-4fc4-baf7-465fa64b440a associated. External IP: 10.96.250.220, port: 276b10c6-ac98-4b27-a8c3-97fd93c1cf48.
2026-04-14 07:10:34.099 10 INFO neutron.wsgi [None req-2a1c004e-8f69-45e8-857a-0076d99e2bc1 ffca82879f894cb5ae026e0be90e31f6 abcf6ce79ee34e79ae5e2fef069f29e9 - - default default] 10.0.0.60 "GET /v2.0/networks/11690723-48d5-41da-b31d-536a7df5acce/tags HTTP/1.1" status: 200 len: 218 time: 0.0776913
2026-04-14 07:10:34.164 10 INFO neutron.wsgi [None req-7a2aad19-f177-4ed0-aace-3f2dd34dba75 add9338a2b714f62b7234c94dba39f9b 82ded0903dba40858a978235e9bb2eb7 - - default default] 10.0.0.60 "DELETE /v2.0/security-groups/b4588719-8765-4dd2-8169-b7397fc716c7 HTTP/1.1" status: 204 len: 168 time: 0.5175653
2026-04-14 07:10:34.207 10 INFO neutron.services.segments.plugin [-] Segment 59b0d7bc-62a3-4a76-ad92-f8acfd8c746f resource provider aggregate not found
2026-04-14 07:10:34.221 10 INFO neutron.services.segments.plugin [-] Segment 59b0d7bc-62a3-4a76-ad92-f8acfd8c746f resource provider aggregate not found
2026-04-14 07:10:34.229 10 INFO neutron.services.segments.plugin [-] Segment 59b0d7bc-62a3-4a76-ad92-f8acfd8c746f resource provider not found; error: Placement Client Error (4xx): {"errors": [{"status": 404, "title": "Not Found", "detail": "The resource could not be found.\n\n No resource provider with uuid 59b0d7bc-62a3-4a76-ad92-f8acfd8c746f found for delete ", "request_id": "req-4ddcd645-a7b7-441c-976f-6621cb70a33a"}]}
2026-04-14 07:10:34.233 10 INFO neutron.wsgi [None req-febd7070-cc0f-4eaf-b30c-4a713f70a5d6 ffca82879f894cb5ae026e0be90e31f6 abcf6ce79ee34e79ae5e2fef069f29e9 - - default default] 10.0.0.60 "PUT /v2.0/networks/cccee344-02e7-4000-8309-e71696203392/tags HTTP/1.1" status: 200 len: 210 time: 0.1281915
2026-04-14 07:10:34.244 10 INFO neutron.services.segments.plugin [-] Segment 59b0d7bc-62a3-4a76-ad92-f8acfd8c746f resource provider not found; error: Placement Client Error (4xx): {"errors": [{"status": 404, "title": "Not Found", "detail": "The resource could not be found.\n\n No resource provider with uuid 59b0d7bc-62a3-4a76-ad92-f8acfd8c746f found for delete ", "request_id": "req-c1a110a2-b774-4cef-9c58-964c33cf15bb"}]}
2026-04-14 07:10:34.273 10 INFO neutron.wsgi [None req-38550ef2-296c-4f4a-a8f0-9b5927583ea3 ffca82879f894cb5ae026e0be90e31f6 abcf6ce79ee34e79ae5e2fef069f29e9 - - default default] 10.0.0.60 "GET /v2.0/networks/cccee344-02e7-4000-8309-e71696203392/tags HTTP/1.1" status: 200 len: 210 time: 0.0350604
2026-04-14 07:10:34.682 9 INFO neutron.db.ovn_revision_numbers_db [None req-069ff2fb-75d8-4352-864e-123911cf1b06 934d5eed026c4bdd8e6573a3124f88cf 568f6d1da0764b62adea60542e474c4f - - default default] Successfully bumped revision number for resource 216e6389-3d42-4fc4-baf7-465fa64b440a (type: floatingips) to 1
2026-04-14 07:10:34.689 10 INFO neutron.wsgi [None req-ccac1592-9a2b-4030-a96a-e8b914344b51 9375c8fb5a4249fa8bde3149ec33b7cf b8607d03d16f43b582292d7c15182536 - - default default] 10.0.0.60 "DELETE /v2.0/networks/329ea622-7d1f-40af-8694-9cb7878e19bc HTTP/1.1" status: 204 len: 168 time: 1.1873407
2026-04-14 07:10:34.707 9 INFO neutron.wsgi [None req-b4df5c69-f9ca-4b60-9ffb-a3bf7077253d ffca82879f894cb5ae026e0be90e31f6 abcf6ce79ee34e79ae5e2fef069f29e9 - - default default] 10.0.0.60 "PUT /v2.0/networks/cccee344-02e7-4000-8309-e71696203392/tags HTTP/1.1" status: 200 len: 205 time: 0.4268513 /var/lib/openstack/lib/python3.10/site-packages/pycadf/identifier.py:71: UserWarning: Invalid uuid: neutron. To ensure interoperability, identifiers should be a valid uuid. warnings.warn(('Invalid uuid: %s. To ensure interoperability, '
2026-04-14 07:10:34.785 9 INFO neutron.wsgi [None req-65bbbb6c-1b9f-4faf-8261-a070c0b67cc6 ffca82879f894cb5ae026e0be90e31f6 abcf6ce79ee34e79ae5e2fef069f29e9 - - default default] 10.0.0.60 "GET /v2.0/networks/cccee344-02e7-4000-8309-e71696203392/tags HTTP/1.1" status: 200 len: 205 time: 0.0727124
2026-04-14 07:10:34.834 9 INFO neutron.wsgi [None req-298c6190-17e1-436a-8229-faa9ac0c709f ffca82879f894cb5ae026e0be90e31f6 abcf6ce79ee34e79ae5e2fef069f29e9 - - default default] 10.0.0.60 "GET /v2.0/networks/11690723-48d5-41da-b31d-536a7df5acce/tags HTTP/1.1" status: 200 len: 218 time: 0.0429034
2026-04-14 07:10:34.977 10 INFO neutron.db.ovn_revision_numbers_db [None req-502f395b-beed-4800-b466-5f045cfb75de add9338a2b714f62b7234c94dba39f9b 82ded0903dba40858a978235e9bb2eb7 - - default default] Successfully bumped revision number for resource 6dc62742-66c4-4115-9bcc-43d3aedbb35b (type: security_groups) to 1
2026-04-14 07:10:35.192 9 INFO neutron.db.ovn_revision_numbers_db [None req-069ff2fb-75d8-4352-864e-123911cf1b06 934d5eed026c4bdd8e6573a3124f88cf 568f6d1da0764b62adea60542e474c4f - - default default] Successfully bumped revision number for resource 216e6389-3d42-4fc4-baf7-465fa64b440a (type: floatingips) to 2
2026-04-14 07:10:35.222 9 INFO neutron.wsgi [None req-069ff2fb-75d8-4352-864e-123911cf1b06 934d5eed026c4bdd8e6573a3124f88cf 568f6d1da0764b62adea60542e474c4f - - default default] 10.0.0.60 "PUT /v2.0/floatingips/216e6389-3d42-4fc4-baf7-465fa64b440a HTTP/1.1" status: 200 len: 1049 time: 1.4974444
2026-04-14 07:10:35.248 10 INFO neutron.db.ovn_revision_numbers_db [None req-502f395b-beed-4800-b466-5f045cfb75de add9338a2b714f62b7234c94dba39f9b 82ded0903dba40858a978235e9bb2eb7 - - default default] Successfully bumped revision number for resource 2ba543f4-c44a-4b77-b98c-5f666115ffb8 (type: security_group_rules) to 0
2026-04-14 07:10:35.265 9 INFO neutron.notifiers.nova [-] Nova event matching ['req-b7ff1e57-7364-45bc-819f-1b462606be58'] response: {'name': 'network-changed', 'server_uuid': 'd3b51818-9df0-4517-9074-bfd5aea0032a', 'tag': '276b10c6-ac98-4b27-a8c3-97fd93c1cf48', 'status': 'completed', 'code': 200}
2026-04-14 07:10:35.336 10 INFO neutron.db.ovn_revision_numbers_db [None req-502f395b-beed-4800-b466-5f045cfb75de add9338a2b714f62b7234c94dba39f9b 82ded0903dba40858a978235e9bb2eb7 - - default default] Successfully bumped revision number for resource 6b4dcfe9-e62b-40fc-9584-fe40e5daa41d (type: security_group_rules) to 0
2026-04-14 07:10:35.353 10 INFO neutron.wsgi [req-27cca9e5-c2c2-461a-8161-d1b09727bbef req-5c1b6ae5-4036-4ce7-b115-d5c45ada034b 7071519e53d54dbca5cddcd54c87f29c cbe7e2eda50c40fd93d79d22a50a0674 - - 57dfbdfe5cbc4cfe88327dd0941f775f 57dfbdfe5cbc4cfe88327dd0941f775f] 199.204.45.222 "GET /v2.0/ports?tenant_id=568f6d1da0764b62adea60542e474c4f&device_id=d3b51818-9df0-4517-9074-bfd5aea0032a HTTP/1.1" status: 200 len: 1448 time: 0.0574436
2026-04-14 07:10:35.450 10 INFO neutron.wsgi [req-27cca9e5-c2c2-461a-8161-d1b09727bbef req-39337c51-bc07-4f7a-83d9-4a34b5f4760b 7071519e53d54dbca5cddcd54c87f29c cbe7e2eda50c40fd93d79d22a50a0674 - - 57dfbdfe5cbc4cfe88327dd0941f775f 57dfbdfe5cbc4cfe88327dd0941f775f] 199.204.45.222 "GET /v2.0/networks?id=72c3737d-e68f-4e62-9000-67fadd360d36 HTTP/1.1" status: 200 len: 971 time: 0.0864897
2026-04-14 07:10:35.450 10 INFO neutron.db.ovn_revision_numbers_db [None req-502f395b-beed-4800-b466-5f045cfb75de add9338a2b714f62b7234c94dba39f9b 82ded0903dba40858a978235e9bb2eb7 - - default default] Successfully bumped revision number for resource a45a24ab-d7a7-48dd-918c-86035910c44c (type: security_group_rules) to 0
2026-04-14 07:10:35.705 10 INFO neutron.db.ovn_revision_numbers_db [None req-502f395b-beed-4800-b466-5f045cfb75de add9338a2b714f62b7234c94dba39f9b 82ded0903dba40858a978235e9bb2eb7 - - default default] Successfully bumped revision number for resource dda872ea-8983-473c-9d56-b85ba360f999 (type: security_group_rules) to 0
2026-04-14 07:10:35.713 10 INFO neutron.wsgi [req-27cca9e5-c2c2-461a-8161-d1b09727bbef req-f78f9959-df36-4c52-824b-4a0a2a37e996 7071519e53d54dbca5cddcd54c87f29c cbe7e2eda50c40fd93d79d22a50a0674 - - 57dfbdfe5cbc4cfe88327dd0941f775f 57dfbdfe5cbc4cfe88327dd0941f775f] 199.204.45.222 "GET /v2.0/floatingips?fixed_ip_address=10.100.0.3&port_id=276b10c6-ac98-4b27-a8c3-97fd93c1cf48 HTTP/1.1" status: 200 len: 1059 time: 0.2567005
2026-04-14 07:10:35.755 10 INFO neutron.wsgi [None req-502f395b-beed-4800-b466-5f045cfb75de add9338a2b714f62b7234c94dba39f9b 82ded0903dba40858a978235e9bb2eb7 - - default default] 10.0.0.60 "GET /v2.0/security-groups?tenant_id=478d67327b8f400cb991c172758eee19&name=default HTTP/1.1" status: 200 len: 3000 time: 1.1004288
2026-04-14 07:10:35.796 10 INFO neutron.wsgi [req-27cca9e5-c2c2-461a-8161-d1b09727bbef req-5d5e4b08-26ea-4ffb-9a6f-63725b941848 7071519e53d54dbca5cddcd54c87f29c cbe7e2eda50c40fd93d79d22a50a0674 - - 57dfbdfe5cbc4cfe88327dd0941f775f 57dfbdfe5cbc4cfe88327dd0941f775f] 199.204.45.222 "GET /v2.0/subnets?id=c3e9117c-f499-459d-99de-9903669c27b7 HTTP/1.1" status: 200 len: 866 time: 0.0706661
2026-04-14 07:10:35.836 10 INFO neutron.wsgi [req-27cca9e5-c2c2-461a-8161-d1b09727bbef req-4d2216bd-65bb-4af8-84dd-28442862f95b 7071519e53d54dbca5cddcd54c87f29c cbe7e2eda50c40fd93d79d22a50a0674 - - 57dfbdfe5cbc4cfe88327dd0941f775f 57dfbdfe5cbc4cfe88327dd0941f775f] 199.204.45.222 "GET /v2.0/ports?network_id=72c3737d-e68f-4e62-9000-67fadd360d36&device_owner=network%3Adhcp HTTP/1.1" status: 200 len: 210 time: 0.0295460
2026-04-14 07:10:35.896 10 INFO neutron.wsgi [req-27cca9e5-c2c2-461a-8161-d1b09727bbef req-83c7b590-244f-470a-bbbb-3ca3e4c69a09 7071519e53d54dbca5cddcd54c87f29c cbe7e2eda50c40fd93d79d22a50a0674 - - 57dfbdfe5cbc4cfe88327dd0941f775f 57dfbdfe5cbc4cfe88327dd0941f775f] 199.204.45.222 "GET /v2.0/networks/72c3737d-e68f-4e62-9000-67fadd360d36?fields=segments HTTP/1.1" status: 200 len: 212 time: 0.0509965
2026-04-14 07:10:35.967 10 INFO neutron.wsgi [req-27cca9e5-c2c2-461a-8161-d1b09727bbef req-303584b4-a662-40b7-8d35-fb162ba450f4 7071519e53d54dbca5cddcd54c87f29c cbe7e2eda50c40fd93d79d22a50a0674 - - 57dfbdfe5cbc4cfe88327dd0941f775f 57dfbdfe5cbc4cfe88327dd0941f775f] 199.204.45.222 "GET /v2.0/networks/72c3737d-e68f-4e62-9000-67fadd360d36?fields=provider%3Aphysical_network&fields=provider%3Anetwork_type HTTP/1.1" status: 200 len: 277 time: 0.0614810
2026-04-14 07:10:36.026 10 INFO neutron.wsgi [None req-b3690f12-a502-4f7c-85f2-5b31861faa20 ffca82879f894cb5ae026e0be90e31f6 abcf6ce79ee34e79ae5e2fef069f29e9 - - default default] 10.0.0.60 "DELETE /v2.0/networks/11690723-48d5-41da-b31d-536a7df5acce HTTP/1.1" status: 204 len: 168 time: 1.1718628
2026-04-14 07:10:36.195 9 INFO neutron.wsgi [None req-51f86689-39bd-425f-ac19-139c4d944a9b add9338a2b714f62b7234c94dba39f9b 82ded0903dba40858a978235e9bb2eb7 - - default default] 10.0.0.60 "DELETE /v2.0/security-groups/6dc62742-66c4-4115-9bcc-43d3aedbb35b HTTP/1.1" status: 204 len: 168 time: 0.4330616
2026-04-14 07:10:36.253 10 INFO neutron.services.segments.plugin [-] Segment 945d12a6-aa1a-45c2-80e2-60e7d260e13a resource provider aggregate not found
2026-04-14 07:10:36.262 10 INFO neutron.services.segments.plugin [-] Segment 945d12a6-aa1a-45c2-80e2-60e7d260e13a resource provider aggregate not found
2026-04-14 07:10:36.267 10 INFO neutron.services.segments.plugin [-] Segment 945d12a6-aa1a-45c2-80e2-60e7d260e13a resource provider not found; error: Placement Client Error (4xx): {"errors": [{"status": 404, "title": "Not Found", "detail": "The resource could not be found.\n\n No resource provider with uuid 945d12a6-aa1a-45c2-80e2-60e7d260e13a found for delete ", "request_id": "req-0a715174-ece6-43cc-adbb-34023007cad4"}]}
2026-04-14 07:10:36.276 10 INFO neutron.services.segments.plugin [-] Segment 945d12a6-aa1a-45c2-80e2-60e7d260e13a resource provider not found; error: Placement Client Error (4xx): {"errors": [{"status": 404, "title": "Not Found", "detail": "The resource could not be found.\n\n No resource provider with uuid 945d12a6-aa1a-45c2-80e2-60e7d260e13a found for delete ", "request_id": "req-38c63123-5964-47e7-ad9b-aa23c2957321"}]}
2026-04-14 07:10:36.516 9 INFO neutron.db.ovn_revision_numbers_db [None req-f50341d4-20c9-4d8e-a846-57042f30bba7 add9338a2b714f62b7234c94dba39f9b 82ded0903dba40858a978235e9bb2eb7 - - default default] Successfully bumped revision number for resource c1f11654-b7cf-4d89-9215-0b287c782b28 (type: security_groups) to 1
2026-04-14 07:10:36.637 9 INFO neutron.db.ovn_revision_numbers_db [None req-f50341d4-20c9-4d8e-a846-57042f30bba7 add9338a2b714f62b7234c94dba39f9b 82ded0903dba40858a978235e9bb2eb7 - - default default] Successfully bumped revision number for resource 15dbec28-b87f-4d20-bdd3-f69d94ed2352 (type: security_group_rules) to 0
2026-04-14 07:10:36.674 10 INFO neutron.wsgi [None req-c29f262f-112c-4d4f-9df7-0c07a636a499 ffca82879f894cb5ae026e0be90e31f6 abcf6ce79ee34e79ae5e2fef069f29e9 - - default default] 10.0.0.60 "DELETE /v2.0/networks/cccee344-02e7-4000-8309-e71696203392 HTTP/1.1" status: 204 len: 168 time: 0.6137359
2026-04-14 07:10:36.729 9 INFO neutron.db.ovn_revision_numbers_db [None req-f50341d4-20c9-4d8e-a846-57042f30bba7 add9338a2b714f62b7234c94dba39f9b 82ded0903dba40858a978235e9bb2eb7 - - default default] Successfully bumped revision number for resource 1afb33cc-5792-43c3-9e45-d48669913627 (type: security_group_rules) to 0
2026-04-14 07:10:36.813 9 INFO neutron.db.ovn_revision_numbers_db [None req-f50341d4-20c9-4d8e-a846-57042f30bba7 add9338a2b714f62b7234c94dba39f9b 82ded0903dba40858a978235e9bb2eb7 - - default default] Successfully bumped revision number for resource 52153bae-4694-444a-afa6-50d1536cf541 (type: security_group_rules) to 0
2026-04-14 07:10:36.877 9 INFO neutron.db.ovn_revision_numbers_db [None req-f50341d4-20c9-4d8e-a846-57042f30bba7 add9338a2b714f62b7234c94dba39f9b 82ded0903dba40858a978235e9bb2eb7 - - default default] Successfully bumped revision number for resource 64e001af-5344-4b15-9d9d-e315cbcbb6f8 (type: security_group_rules) to 0
2026-04-14 07:10:36.905 9 INFO neutron.wsgi [None req-f50341d4-20c9-4d8e-a846-57042f30bba7 add9338a2b714f62b7234c94dba39f9b 82ded0903dba40858a978235e9bb2eb7 - - default default] 10.0.0.60 "GET /v2.0/security-groups?tenant_id=29026efff32d4b5a8d83e6a91b28903c&name=default HTTP/1.1" status: 200 len: 3000 time: 0.7900853
2026-04-14 07:10:37.414 9 INFO neutron.wsgi [None req-622ae81a-b9c2-44d6-b614-0081fc2f7ad3 add9338a2b714f62b7234c94dba39f9b 82ded0903dba40858a978235e9bb2eb7 - - default default] 10.0.0.60 "DELETE /v2.0/security-groups/c1f11654-b7cf-4d89-9215-0b287c782b28 HTTP/1.1" status: 204 len: 168 time: 0.5048037
2026-04-14 07:10:37.680 9 INFO neutron.wsgi [None req-583017df-d71e-4624-9e24-3a8c19671116 add9338a2b714f62b7234c94dba39f9b 82ded0903dba40858a978235e9bb2eb7 - - default default] 10.0.0.60 "GET /v2.0/security-groups?tenant_id=abcf6ce79ee34e79ae5e2fef069f29e9&name=default HTTP/1.1" status: 200 len: 3000 time: 0.1398761
2026-04-14 07:10:37.851 10 INFO neutron.wsgi [None req-285d1e72-9832-4eae-89bb-13716f3a2290 add9338a2b714f62b7234c94dba39f9b 82ded0903dba40858a978235e9bb2eb7 - - default default] 10.0.0.60 "GET /v2.0/security-groups?tenant_id=b8607d03d16f43b582292d7c15182536&name=default HTTP/1.1" status: 200 len: 3000 time: 0.0408788
2026-04-14 07:10:38.037 9 INFO neutron.wsgi [None req-98fb66a3-d5ff-42d3-ad86-4d2a5822969c add9338a2b714f62b7234c94dba39f9b 82ded0903dba40858a978235e9bb2eb7 - - default default] 10.0.0.60 "DELETE /v2.0/security-groups/d8631e19-d67e-4bed-8198-e9db1b5d21be HTTP/1.1" status: 204 len: 168 time: 0.3523431
2026-04-14 07:10:38.169 10 INFO neutron.wsgi [None req-1f564c30-d7fd-4074-9f5b-5a7fefe0bb09 add9338a2b714f62b7234c94dba39f9b 82ded0903dba40858a978235e9bb2eb7 - - default default] 10.0.0.60 "DELETE /v2.0/security-groups/af9db54d-5533-4625-ae99-e8f98f2c4864 HTTP/1.1" status: 204 len: 168 time: 0.3133588
2026-04-14 07:10:38.285 10 INFO neutron.services.segments.plugin [-] Segment 47b9c833-cee3-455d-900c-cdc32a57a44f resource provider aggregate not found
2026-04-14 07:10:38.294 10 INFO neutron.services.segments.plugin [-] Segment 47b9c833-cee3-455d-900c-cdc32a57a44f resource provider aggregate not found
2026-04-14 07:10:38.301 10 INFO neutron.services.segments.plugin [-] Segment 47b9c833-cee3-455d-900c-cdc32a57a44f resource provider not found; error: Placement Client Error (4xx): {"errors": [{"status": 404, "title": "Not Found", "detail": "The resource could not be found.\n\n No resource provider with uuid 47b9c833-cee3-455d-900c-cdc32a57a44f found for delete ", "request_id": "req-5ef7eee4-d9d8-4115-9806-cbd354e5e8c2"}]}
2026-04-14 07:10:38.311 10 INFO neutron.services.segments.plugin [-] Segment 47b9c833-cee3-455d-900c-cdc32a57a44f resource provider not found; error: Placement Client Error (4xx): {"errors": [{"status": 404, "title": "Not Found", "detail": "The resource could not be found.\n\n No resource provider with uuid 47b9c833-cee3-455d-900c-cdc32a57a44f found for delete ", "request_id": "req-856d4d9a-de9d-4e77-8b4a-ff1261016b88"}]}
2026-04-14 07:10:38.492 9 INFO neutron.db.ovn_revision_numbers_db [None req-c408f455-cf00-4501-94d0-b0c68ac8a3ce add9338a2b714f62b7234c94dba39f9b 82ded0903dba40858a978235e9bb2eb7 - - default default] Successfully bumped revision number for resource 0d5cef05-f4cd-4d4f-bc24-cc59d9965128 (type: security_groups) to 1
2026-04-14 07:10:38.527 9 INFO neutron.db.ovn_revision_numbers_db [None req-c408f455-cf00-4501-94d0-b0c68ac8a3ce add9338a2b714f62b7234c94dba39f9b 82ded0903dba40858a978235e9bb2eb7 - - default default] Successfully bumped revision number for resource 17827e16-6380-4f9a-8913-94e735466ece (type: security_group_rules) to 0
2026-04-14 07:10:38.571 9 INFO neutron.db.ovn_revision_numbers_db [None req-c408f455-cf00-4501-94d0-b0c68ac8a3ce add9338a2b714f62b7234c94dba39f9b 82ded0903dba40858a978235e9bb2eb7 - - default default] Successfully bumped revision number for resource a8cd6c54-a778-464e-9dd7-5e44e0422909 (type: security_group_rules) to 0
2026-04-14 07:10:38.640 9 INFO neutron.db.ovn_revision_numbers_db [None req-c408f455-cf00-4501-94d0-b0c68ac8a3ce add9338a2b714f62b7234c94dba39f9b 82ded0903dba40858a978235e9bb2eb7 - - default default] Successfully bumped revision number for resource d058d8c4-666e-4aaf-a6c3-ae95d3646040 (type: security_group_rules) to 0
2026-04-14 07:10:38.713 9 INFO neutron.db.ovn_revision_numbers_db [None req-c408f455-cf00-4501-94d0-b0c68ac8a3ce add9338a2b714f62b7234c94dba39f9b 82ded0903dba40858a978235e9bb2eb7 - - default default] Successfully bumped revision number for resource d0a488ea-ca9c-4880-9255-525354ede361 (type: security_group_rules) to 0
2026-04-14 07:10:38.741 9 INFO neutron.wsgi [None req-c408f455-cf00-4501-94d0-b0c68ac8a3ce add9338a2b714f62b7234c94dba39f9b 82ded0903dba40858a978235e9bb2eb7 - - default default] 10.0.0.60 "GET /v2.0/security-groups?tenant_id=7f582350d181456f989fabef1b1b9c19&name=default HTTP/1.1" status: 200 len: 3000 time: 0.4787893
2026-04-14 07:10:39.176 10 INFO neutron.wsgi [None req-17c52183-a78a-475d-8175-f1b68c172299 add9338a2b714f62b7234c94dba39f9b 82ded0903dba40858a978235e9bb2eb7 - - default default] 10.0.0.60 "DELETE /v2.0/security-groups/0d5cef05-f4cd-4d4f-bc24-cc59d9965128 HTTP/1.1" status: 204 len: 168 time: 0.4295018
2026-04-14 07:10:40.581 9 WARNING neutron_lib.context [None req-b7214183-9888-43dd-bb82-0656bdd277b1 1e9b2a4063e54f809d6e62bf647c2df6 7800678579ad443582b12fd6bb42d7b5 - - default default] Method 'is_advsvc' is deprecated since 2023.2 release (neutron-lib 3.8.0) and will be removed once support for the old RBAC API policies will be removed from Neutron. Please use method 'is_service_role' instead.
2026-04-14 07:10:40.666 10 INFO neutron.wsgi [-] 10.0.0.187 "GET / HTTP/1.1" status: 200 len: 246 time: 0.0027673
2026-04-14 07:10:40.668 10 INFO neutron.wsgi [-] 10.0.0.187 "GET / HTTP/1.1" status: 200 len: 246 time: 0.0015843
2026-04-14 07:10:40.788 9 INFO neutron.db.ovn_revision_numbers_db [None req-b7214183-9888-43dd-bb82-0656bdd277b1 1e9b2a4063e54f809d6e62bf647c2df6 7800678579ad443582b12fd6bb42d7b5 - - default default] Successfully bumped revision number for resource 9f561a36-5231-4b3b-8d64-28635bb48148 (type: security_groups) to 1
2026-04-14 07:10:40.813 9 INFO neutron.db.ovn_revision_numbers_db [None req-b7214183-9888-43dd-bb82-0656bdd277b1 1e9b2a4063e54f809d6e62bf647c2df6 7800678579ad443582b12fd6bb42d7b5 - - default default] Successfully bumped revision number for resource 210a6a4b-88c9-45f0-a4f4-8827d934b094 (type: security_group_rules) to 0
2026-04-14 07:10:40.901 9 INFO neutron.db.ovn_revision_numbers_db [None req-b7214183-9888-43dd-bb82-0656bdd277b1 1e9b2a4063e54f809d6e62bf647c2df6 7800678579ad443582b12fd6bb42d7b5 - - default default] Successfully bumped revision number for resource 7c2a1f8b-7af8-4d9f-ada9-c5bd69b28265 (type: security_group_rules) to 0
2026-04-14 07:10:41.008 9 INFO neutron.db.ovn_revision_numbers_db [None req-b7214183-9888-43dd-bb82-0656bdd277b1 1e9b2a4063e54f809d6e62bf647c2df6 7800678579ad443582b12fd6bb42d7b5 - - default default] Successfully bumped revision number for resource 920cc153-3767-41df-9ccb-ea0a4aa91368 (type: security_group_rules) to 0
2026-04-14 07:10:41.058 9 INFO neutron.db.ovn_revision_numbers_db [None req-b7214183-9888-43dd-bb82-0656bdd277b1 1e9b2a4063e54f809d6e62bf647c2df6 7800678579ad443582b12fd6bb42d7b5 - - default default] Successfully bumped revision number for resource dd2ebff0-bbad-443a-806f-32ce5a58bf36 (type: security_group_rules) to 0
2026-04-14 07:10:41.118 9 INFO neutron.db.segments_db [None req-b7214183-9888-43dd-bb82-0656bdd277b1 1e9b2a4063e54f809d6e62bf647c2df6 7800678579ad443582b12fd6bb42d7b5 - - default default] Added segment 73a878e2-06a9-437a-aadc-b7a9f541006b of type geneve for network 86f4470f-2565-4666-8940-37899d131442
2026-04-14 07:10:41.298 9 INFO neutron.db.ovn_revision_numbers_db [None req-b7214183-9888-43dd-bb82-0656bdd277b1 1e9b2a4063e54f809d6e62bf647c2df6 7800678579ad443582b12fd6bb42d7b5 - - default default] Successfully bumped revision number for resource 86f4470f-2565-4666-8940-37899d131442 (type: networks) to 1
2026-04-14 07:10:41.498 9 WARNING neutron.scheduler.dhcp_agent_scheduler [None req-b7214183-9888-43dd-bb82-0656bdd277b1 1e9b2a4063e54f809d6e62bf647c2df6 7800678579ad443582b12fd6bb42d7b5 - - default default] No more DHCP agents
2026-04-14 07:10:41.499 9 WARNING neutron.api.rpc.agentnotifiers.dhcp_rpc_agent_api [None req-b7214183-9888-43dd-bb82-0656bdd277b1 1e9b2a4063e54f809d6e62bf647c2df6 7800678579ad443582b12fd6bb42d7b5 - - default default] Unable to schedule network 86f4470f-2565-4666-8940-37899d131442: no agents available; will retry on subsequent port and subnet creation events.
2026-04-14 07:10:41.582 9 INFO neutron.db.ovn_revision_numbers_db [None req-b7214183-9888-43dd-bb82-0656bdd277b1 1e9b2a4063e54f809d6e62bf647c2df6 7800678579ad443582b12fd6bb42d7b5 - - default default] Successfully bumped revision number for resource c0d4622c-e31f-4f5c-a08d-68407b086116 (type: ports) to 1
2026-04-14 07:10:41.608 9 INFO neutron.wsgi [None req-b7214183-9888-43dd-bb82-0656bdd277b1 1e9b2a4063e54f809d6e62bf647c2df6 7800678579ad443582b12fd6bb42d7b5 - - default default] 10.0.0.60 "POST /v2.0/networks HTTP/1.1" status: 201 len: 830 time: 1.1998050
2026-04-14 07:10:41.620 10 WARNING neutron_lib.context [None req-b1b95514-6d70-4389-a123-ee0b87fc53d6 1e9b2a4063e54f809d6e62bf647c2df6 7800678579ad443582b12fd6bb42d7b5 - - default default] Method 'is_advsvc' is deprecated since 2023.2 release (neutron-lib 3.8.0) and will be removed once support for the old RBAC API policies will be removed from Neutron. Please use method 'is_service_role' instead. /var/lib/openstack/lib/python3.10/site-packages/pycadf/identifier.py:71: UserWarning: Invalid uuid: neutron. To ensure interoperability, identifiers should be a valid uuid. warnings.warn(('Invalid uuid: %s. To ensure interoperability, '
2026-04-14 07:10:41.908 10 WARNING neutron_lib.context [None req-017c3943-42ea-4d33-aa7e-99e7b942a112 ea3cf783199b4a01b0d175156b03740e 0a04465590f04641afc289727f96b7eb - - default default] Method 'is_advsvc' is deprecated since 2023.2 release (neutron-lib 3.8.0) and will be removed once support for the old RBAC API policies will be removed from Neutron. Please use method 'is_service_role' instead.
2026-04-14 07:10:41.915 10 WARNING neutron.scheduler.dhcp_agent_scheduler [None req-b1b95514-6d70-4389-a123-ee0b87fc53d6 1e9b2a4063e54f809d6e62bf647c2df6 7800678579ad443582b12fd6bb42d7b5 - - default default] No more DHCP agents
2026-04-14 07:10:41.920 10 WARNING neutron.api.rpc.agentnotifiers.dhcp_rpc_agent_api [None req-b1b95514-6d70-4389-a123-ee0b87fc53d6 1e9b2a4063e54f809d6e62bf647c2df6 7800678579ad443582b12fd6bb42d7b5 - - default default] Unable to schedule network 86f4470f-2565-4666-8940-37899d131442: no agents available; will retry on subsequent port and subnet creation events.
2026-04-14 07:10:42.018 10 INFO neutron.wsgi [None req-017c3943-42ea-4d33-aa7e-99e7b942a112 ea3cf783199b4a01b0d175156b03740e 0a04465590f04641afc289727f96b7eb - - default default] 10.0.0.60 "POST /v2.0/subnetpools HTTP/1.1" status: 201 len: 715 time: 0.2931199
2026-04-14 07:10:42.020 10 INFO neutron.db.ovn_revision_numbers_db [None req-b1b95514-6d70-4389-a123-ee0b87fc53d6 1e9b2a4063e54f809d6e62bf647c2df6 7800678579ad443582b12fd6bb42d7b5 - - default default] Successfully bumped revision number for resource 55cb7bc6-8d9c-45a7-a12a-8e5dc80f3592 (type: ports) to 1 /var/lib/openstack/lib/python3.10/site-packages/pycadf/identifier.py:71: UserWarning: Invalid uuid: neutron. To ensure interoperability, identifiers should be a valid uuid. warnings.warn(('Invalid uuid: %s. To ensure interoperability, '
2026-04-14 07:10:42.063 10 INFO neutron.wsgi [None req-b1b95514-6d70-4389-a123-ee0b87fc53d6 1e9b2a4063e54f809d6e62bf647c2df6 7800678579ad443582b12fd6bb42d7b5 - - default default] 10.0.0.60 "POST /v2.0/ports HTTP/1.1" status: 201 len: 942 time: 0.4484432
2026-04-14 07:10:42.080 9 WARNING neutron_lib.context [None req-7350b3fe-2c4e-4169-9b6b-ec05fb7b03c3 1e9b2a4063e54f809d6e62bf647c2df6 7800678579ad443582b12fd6bb42d7b5 - - default default] Method 'is_advsvc' is deprecated since 2023.2 release (neutron-lib 3.8.0) and will be removed once support for the old RBAC API policies will be removed from Neutron. Please use method 'is_service_role' instead.
2026-04-14 07:10:42.105 10 INFO neutron.wsgi [None req-d55b03bf-9f07-492b-ad2f-6b0b8de797f0 ea3cf783199b4a01b0d175156b03740e 0a04465590f04641afc289727f96b7eb - - default default] 10.0.0.60 "PUT /v2.0/subnetpools/3a3180a9-f304-4ae3-89f0-58e7719b7929/tags HTTP/1.1" status: 200 len: 218 time: 0.0728118
2026-04-14 07:10:42.148 9 INFO neutron.wsgi [None req-8866ffd3-cca0-4545-a21c-086e9775b65d ea3cf783199b4a01b0d175156b03740e 0a04465590f04641afc289727f96b7eb - - default default] 10.0.0.60 "GET /v2.0/subnetpools/3a3180a9-f304-4ae3-89f0-58e7719b7929/tags HTTP/1.1" status: 200 len: 218 time: 0.0358145
2026-04-14 07:10:42.231 10 INFO neutron.wsgi [None req-70a75092-3cb5-4d32-abd2-1788866ae541 ea3cf783199b4a01b0d175156b03740e 0a04465590f04641afc289727f96b7eb - - default default] 10.0.0.60 "PUT /v2.0/subnetpools/3a3180a9-f304-4ae3-89f0-58e7719b7929/tags/green HTTP/1.1" status: 201 len: 201 time: 0.0769150
2026-04-14 07:10:42.263 10 INFO neutron.wsgi [None req-c81ca06e-3eae-4bc6-ba52-05eecc1b71b0 ea3cf783199b4a01b0d175156b03740e 0a04465590f04641afc289727f96b7eb - - default default] 10.0.0.60 "GET /v2.0/subnetpools/3a3180a9-f304-4ae3-89f0-58e7719b7929/tags HTTP/1.1" status: 200 len: 227 time: 0.0272520
2026-04-14 07:10:42.321 10 INFO neutron.wsgi [None req-eacd8609-cdea-42cf-a7af-a8fa62469f9a ea3cf783199b4a01b0d175156b03740e 0a04465590f04641afc289727f96b7eb - - default default] 10.0.0.60 "PUT /v2.0/subnetpools/3a3180a9-f304-4ae3-89f0-58e7719b7929/tags/red HTTP/1.1" status: 201 len: 201 time: 0.0509207
2026-04-14 07:10:42.355 10 INFO neutron.wsgi [None req-f60d86af-6aa6-4a35-bd7a-b5021e8b4f3b ea3cf783199b4a01b0d175156b03740e 0a04465590f04641afc289727f96b7eb - - default default] 10.0.0.60 "GET /v2.0/subnetpools/3a3180a9-f304-4ae3-89f0-58e7719b7929/tags HTTP/1.1" status: 200 len: 227 time: 0.0282457
2026-04-14 07:10:42.366 9 INFO neutron.wsgi [None req-7350b3fe-2c4e-4169-9b6b-ec05fb7b03c3 1e9b2a4063e54f809d6e62bf647c2df6 7800678579ad443582b12fd6bb42d7b5 - - default default] 10.0.0.60 "POST /v2.0/trunks HTTP/1.1" status: 201 len: 608 time: 0.2927084
2026-04-14 07:10:42.410 10 INFO neutron.wsgi [None req-db0ab39e-8738-4adb-aac9-a246c90fd51e ea3cf783199b4a01b0d175156b03740e 0a04465590f04641afc289727f96b7eb - - default default] 10.0.0.60 "PUT /v2.0/subnetpools/3a3180a9-f304-4ae3-89f0-58e7719b7929/tags/black.or.white HTTP/1.1" status: 201 len: 201 time: 0.0498145
2026-04-14 07:10:42.412 9 INFO neutron.wsgi [None req-401d517d-e132-41af-b6c6-ff07d92f94db 1e9b2a4063e54f809d6e62bf647c2df6 7800678579ad443582b12fd6bb42d7b5 - - default default] 10.0.0.60 "PUT /v2.0/trunks/f25fc621-d57b-43cf-b81d-7ded2a24dc60/tags HTTP/1.1" status: 200 len: 218 time: 0.0380137
2026-04-14 07:10:42.442 9 INFO neutron.wsgi [None req-84e953fb-8a10-421e-b21a-fb96b6d88780 ea3cf783199b4a01b0d175156b03740e 0a04465590f04641afc289727f96b7eb - - default default] 10.0.0.60 "GET /v2.0/subnetpools/3a3180a9-f304-4ae3-89f0-58e7719b7929/tags HTTP/1.1" status: 200 len: 245 time: 0.0274253
2026-04-14 07:10:42.442 10 INFO neutron.wsgi [None req-76bb7981-03ae-455b-b38e-9be8d63eb689 1e9b2a4063e54f809d6e62bf647c2df6 7800678579ad443582b12fd6bb42d7b5 - - default default] 10.0.0.60 "GET /v2.0/trunks/f25fc621-d57b-43cf-b81d-7ded2a24dc60/tags HTTP/1.1" status: 200 len: 218 time: 0.0267205
2026-04-14 07:10:42.494 10 INFO neutron.wsgi [None req-82fe5751-434d-4b82-afb2-0085cb27fe72 1e9b2a4063e54f809d6e62bf647c2df6 7800678579ad443582b12fd6bb42d7b5 - - default default] 10.0.0.60 "PUT /v2.0/trunks/f25fc621-d57b-43cf-b81d-7ded2a24dc60/tags/green HTTP/1.1" status: 201 len: 201 time: 0.0469537
2026-04-14 07:10:42.499 9 INFO neutron.wsgi [None req-9917503e-6a5a-4259-a476-dd656dd04025 ea3cf783199b4a01b0d175156b03740e 0a04465590f04641afc289727f96b7eb - - default default] 10.0.0.60 "PUT /v2.0/subnetpools/3a3180a9-f304-4ae3-89f0-58e7719b7929/tags HTTP/1.1" status: 200 len: 230 time: 0.0481954
2026-04-14 07:10:42.520 10 INFO neutron.wsgi [None req-62a4da70-d461-4c8c-87b7-36306364d0b5 1e9b2a4063e54f809d6e62bf647c2df6 7800678579ad443582b12fd6bb42d7b5 - - default default] 10.0.0.60 "GET /v2.0/trunks/f25fc621-d57b-43cf-b81d-7ded2a24dc60/tags HTTP/1.1" status: 200 len: 227 time: 0.0217428
2026-04-14 07:10:42.533 9 INFO neutron.wsgi [None req-94705388-3340-4575-906a-5c6986861a32 ea3cf783199b4a01b0d175156b03740e 0a04465590f04641afc289727f96b7eb - - default default] 10.0.0.60 "GET /v2.0/subnetpools/3a3180a9-f304-4ae3-89f0-58e7719b7929/tags HTTP/1.1" status: 200 len: 230 time: 0.0291796
2026-04-14 07:10:42.549 9 INFO neutron.wsgi [None req-46231d1b-247c-4b5e-a07e-9cbf67d45b6d 1e9b2a4063e54f809d6e62bf647c2df6 7800678579ad443582b12fd6bb42d7b5 - - default default] 10.0.0.60 "PUT /v2.0/trunks/f25fc621-d57b-43cf-b81d-7ded2a24dc60/tags/red HTTP/1.1" status: 201 len: 201 time: 0.0234733
2026-04-14 07:10:42.564 10 INFO neutron.wsgi [None req-cf707522-3544-4f22-bbab-655b82075900 ea3cf783199b4a01b0d175156b03740e 0a04465590f04641afc289727f96b7eb - - default default] 10.0.0.60 "GET /v2.0/subnetpools/3a3180a9-f304-4ae3-89f0-58e7719b7929/tags/red HTTP/1.1" status: 204 len: 168 time: 0.0261738
2026-04-14 07:10:42.576 10 INFO neutron.wsgi [None req-8fc99460-a14b-40c1-a355-a9de71c02cf8 1e9b2a4063e54f809d6e62bf647c2df6 7800678579ad443582b12fd6bb42d7b5 - - default default] 10.0.0.60 "GET /v2.0/trunks/f25fc621-d57b-43cf-b81d-7ded2a24dc60/tags HTTP/1.1" status: 200 len: 227 time: 0.0234654
2026-04-14 07:10:42.589 10 INFO neutron.api.v2.resource [None req-ce43b169-32e0-4b15-b316-effd5277b293 ea3cf783199b4a01b0d175156b03740e 0a04465590f04641afc289727f96b7eb - - default default] show failed (client error): The resource could not be found.
2026-04-14 07:10:42.591 10 INFO neutron.wsgi [None req-ce43b169-32e0-4b15-b316-effd5277b293 ea3cf783199b4a01b0d175156b03740e 0a04465590f04641afc289727f96b7eb - - default default] 10.0.0.60 "GET /v2.0/subnetpools/3a3180a9-f304-4ae3-89f0-58e7719b7929/tags/green HTTP/1.1" status: 404 len: 299 time: 0.0222137
2026-04-14 07:10:42.628 9 INFO neutron.wsgi [None req-c8aefe45-2552-4857-bfb4-ffb2fc6698a1 1e9b2a4063e54f809d6e62bf647c2df6 7800678579ad443582b12fd6bb42d7b5 - - default default] 10.0.0.60 "PUT /v2.0/trunks/f25fc621-d57b-43cf-b81d-7ded2a24dc60/tags/black.or.white HTTP/1.1" status: 201 len: 201 time: 0.0459235
2026-04-14 07:10:42.652 10 INFO neutron.wsgi [None req-6c9016c3-f5d2-40c5-a590-833202351091 ea3cf783199b4a01b0d175156b03740e 0a04465590f04641afc289727f96b7eb - - default default] 10.0.0.60 "DELETE /v2.0/subnetpools/3a3180a9-f304-4ae3-89f0-58e7719b7929/tags/red HTTP/1.1" status: 204 len: 168 time: 0.0514107
2026-04-14 07:10:42.653 10 INFO neutron.wsgi [None req-04de4514-201d-407b-958a-6b0e43beb392 1e9b2a4063e54f809d6e62bf647c2df6 7800678579ad443582b12fd6bb42d7b5 - - default default] 10.0.0.60 "GET /v2.0/trunks/f25fc621-d57b-43cf-b81d-7ded2a24dc60/tags HTTP/1.1" status: 200 len: 245 time: 0.0217009
2026-04-14 07:10:42.681 10 INFO neutron.wsgi [None req-4f96fee5-14eb-452b-90e2-f013b7580847 ea3cf783199b4a01b0d175156b03740e 0a04465590f04641afc289727f96b7eb - - default default] 10.0.0.60 "GET /v2.0/subnetpools/3a3180a9-f304-4ae3-89f0-58e7719b7929/tags HTTP/1.1" status: 200 len: 223 time: 0.0227854
2026-04-14 07:10:42.702 9 INFO neutron.wsgi [None req-bf35dc1b-1acb-4c5a-b9b2-92625db319af 1e9b2a4063e54f809d6e62bf647c2df6 7800678579ad443582b12fd6bb42d7b5 - - default default] 10.0.0.60 "PUT /v2.0/trunks/f25fc621-d57b-43cf-b81d-7ded2a24dc60/tags HTTP/1.1" status: 200 len: 230 time: 0.0426075
2026-04-14 07:10:42.709 10 INFO neutron.api.v2.resource [None req-87b2b4da-538d-4295-a0b8-4726a9aefe9c ea3cf783199b4a01b0d175156b03740e 0a04465590f04641afc289727f96b7eb - - default default] delete failed (client error): The resource could not be found.
2026-04-14 07:10:42.711 10 INFO neutron.wsgi [None req-87b2b4da-538d-4295-a0b8-4726a9aefe9c ea3cf783199b4a01b0d175156b03740e 0a04465590f04641afc289727f96b7eb - - default default] 10.0.0.60 "DELETE /v2.0/subnetpools/3a3180a9-f304-4ae3-89f0-58e7719b7929/tags/green HTTP/1.1" status: 404 len: 299 time: 0.0254238
2026-04-14 07:10:42.748 9 INFO neutron.wsgi [None req-5d69f5fb-b379-4ec9-9017-1a5ff2801c8a 1e9b2a4063e54f809d6e62bf647c2df6 7800678579ad443582b12fd6bb42d7b5 - - default default] 10.0.0.60 "GET /v2.0/trunks/f25fc621-d57b-43cf-b81d-7ded2a24dc60/tags HTTP/1.1" status: 200 len: 230 time: 0.0403285
2026-04-14 07:10:42.769 9 INFO neutron.wsgi [None req-6edb70ba-9c26-4800-affd-d63929e20e48 ea3cf783199b4a01b0d175156b03740e 0a04465590f04641afc289727f96b7eb - - default default] 10.0.0.60 "DELETE /v2.0/subnetpools/3a3180a9-f304-4ae3-89f0-58e7719b7929/tags HTTP/1.1" status: 204 len: 168 time: 0.0539720
2026-04-14 07:10:42.777 10 INFO neutron.wsgi [None req-cb0103cf-06f8-4b5b-b8f2-746e3fd0c10e 1e9b2a4063e54f809d6e62bf647c2df6 7800678579ad443582b12fd6bb42d7b5 - - default default] 10.0.0.60 "GET /v2.0/trunks/f25fc621-d57b-43cf-b81d-7ded2a24dc60/tags/red HTTP/1.1" status: 204 len: 168 time: 0.0235026
2026-04-14 07:10:42.801 9 INFO neutron.wsgi [None req-5e344179-8092-4c79-9a8a-b812de568d67 ea3cf783199b4a01b0d175156b03740e 0a04465590f04641afc289727f96b7eb - - default default] 10.0.0.60 "GET /v2.0/subnetpools/3a3180a9-f304-4ae3-89f0-58e7719b7929/tags HTTP/1.1" status: 200 len: 205 time: 0.0273201
2026-04-14 07:10:42.808 10 INFO neutron.api.v2.resource [None req-d532153a-0f2d-4f97-995e-a79eacc6c4ab 1e9b2a4063e54f809d6e62bf647c2df6 7800678579ad443582b12fd6bb42d7b5 - - default default] show failed (client error): The resource could not be found.
2026-04-14 07:10:42.810 10 INFO neutron.wsgi [None req-d532153a-0f2d-4f97-995e-a79eacc6c4ab 1e9b2a4063e54f809d6e62bf647c2df6 7800678579ad443582b12fd6bb42d7b5 - - default default] 10.0.0.60 "GET /v2.0/trunks/f25fc621-d57b-43cf-b81d-7ded2a24dc60/tags/green HTTP/1.1" status: 404 len: 299 time: 0.0276518
2026-04-14 07:10:43.026 9 INFO neutron.wsgi [None req-d42ebb3f-7adc-48ca-8b0e-e40f530f1635 1e9b2a4063e54f809d6e62bf647c2df6 7800678579ad443582b12fd6bb42d7b5 - - default default] 10.0.0.60 "DELETE /v2.0/trunks/f25fc621-d57b-43cf-b81d-7ded2a24dc60/tags/red HTTP/1.1" status: 204 len: 168 time: 0.2113178
2026-04-14 07:10:43.052 9 INFO neutron.wsgi [None req-64081e4b-289b-4009-8e54-31dd5159737c 1e9b2a4063e54f809d6e62bf647c2df6 7800678579ad443582b12fd6bb42d7b5 - - default default] 10.0.0.60 "GET /v2.0/trunks/f25fc621-d57b-43cf-b81d-7ded2a24dc60/tags HTTP/1.1" status: 200 len: 223 time: 0.0210657
2026-04-14 07:10:43.078 9 INFO neutron.api.v2.resource [None req-b15a297d-cd00-4ea3-a22f-873edd57b037 1e9b2a4063e54f809d6e62bf647c2df6 7800678579ad443582b12fd6bb42d7b5 - - default default] delete failed (client error): The resource could not be found.
2026-04-14 07:10:43.080 9 INFO neutron.wsgi [None req-b15a297d-cd00-4ea3-a22f-873edd57b037 1e9b2a4063e54f809d6e62bf647c2df6 7800678579ad443582b12fd6bb42d7b5 - - default default] 10.0.0.60 "DELETE /v2.0/trunks/f25fc621-d57b-43cf-b81d-7ded2a24dc60/tags/green HTTP/1.1" status: 404 len: 299 time: 0.0233655
2026-04-14 07:10:43.111 10 INFO neutron.wsgi [None req-1baaa844-32b5-44c0-a4c3-0595ecc49582 ea3cf783199b4a01b0d175156b03740e 0a04465590f04641afc289727f96b7eb - - default default] 10.0.0.60 "DELETE /v2.0/subnetpools/3a3180a9-f304-4ae3-89f0-58e7719b7929 HTTP/1.1" status: 204 len: 168 time: 0.3042471
2026-04-14 07:10:43.146 9 INFO neutron.wsgi [None req-7333365e-812e-4eca-a82f-5c308d2b5ab5 1e9b2a4063e54f809d6e62bf647c2df6 7800678579ad443582b12fd6bb42d7b5 - - default default] 10.0.0.60 "DELETE /v2.0/trunks/f25fc621-d57b-43cf-b81d-7ded2a24dc60/tags HTTP/1.1" status: 204 len: 168 time: 0.0601225
2026-04-14 07:10:43.174 9 INFO neutron.wsgi [None req-3b038f86-c716-428c-b862-9641345e768e 1e9b2a4063e54f809d6e62bf647c2df6 7800678579ad443582b12fd6bb42d7b5 - - default default] 10.0.0.60 "GET /v2.0/trunks/f25fc621-d57b-43cf-b81d-7ded2a24dc60/tags HTTP/1.1" status: 200 len: 205 time: 0.0223408
2026-04-14 07:10:43.217 9 INFO neutron.wsgi [None req-d03d6c69-acce-4ed5-8e43-ebda59e3302d 1e9b2a4063e54f809d6e62bf647c2df6 7800678579ad443582b12fd6bb42d7b5 - - default default] 10.0.0.60 "GET /v2.0/trunks/f25fc621-d57b-43cf-b81d-7ded2a24dc60 HTTP/1.1" status: 200 len: 603 time: 0.0187070
2026-04-14 07:10:43.310 9 INFO neutron.wsgi [None req-87091cce-9ad3-4af6-89da-373cdca7b7d4 1e9b2a4063e54f809d6e62bf647c2df6 7800678579ad443582b12fd6bb42d7b5 - - default default] 10.0.0.60 "GET /v2.0/ports/55cb7bc6-8d9c-45a7-a12a-8e5dc80f3592 HTTP/1.1" status: 200 len: 1020 time: 0.0881224
2026-04-14 07:10:43.456 9 INFO neutron.wsgi [None req-c5b40271-54ab-4f89-9b48-42dd6b78bbc5 1e9b2a4063e54f809d6e62bf647c2df6 7800678579ad443582b12fd6bb42d7b5 - - default default] 10.0.0.60 "DELETE /v2.0/trunks/f25fc621-d57b-43cf-b81d-7ded2a24dc60 HTTP/1.1" status: 204 len: 168 time: 0.1255941
2026-04-14 07:10:44.017 9 INFO neutron.wsgi [None req-d13605b1-508b-4a89-92d8-e01c777a244b 1e9b2a4063e54f809d6e62bf647c2df6 7800678579ad443582b12fd6bb42d7b5 - - default default] 10.0.0.60 "DELETE /v2.0/ports/55cb7bc6-8d9c-45a7-a12a-8e5dc80f3592 HTTP/1.1" status: 204 len: 168 time: 0.5561275
2026-04-14 07:10:44.113 10 INFO neutron.db.ovn_revision_numbers_db [None req-a5f3b2d2-dda2-4a2a-badb-fa5f7a01e924 add9338a2b714f62b7234c94dba39f9b 82ded0903dba40858a978235e9bb2eb7 - - default default] Successfully bumped revision number for resource 750936af-7e76-4adf-9f0b-91cf767d9d2a (type: security_groups) to 1
2026-04-14 07:10:44.127 10 INFO neutron.db.ovn_revision_numbers_db [None req-a5f3b2d2-dda2-4a2a-badb-fa5f7a01e924 add9338a2b714f62b7234c94dba39f9b 82ded0903dba40858a978235e9bb2eb7 - - default default] Successfully bumped revision number for resource 37eb6068-6975-42b3-9c37-f4572e3607f4 (type: security_group_rules) to 0
2026-04-14 07:10:44.148 10 INFO neutron.db.ovn_revision_numbers_db [None req-a5f3b2d2-dda2-4a2a-badb-fa5f7a01e924 add9338a2b714f62b7234c94dba39f9b 82ded0903dba40858a978235e9bb2eb7 - - default default] Successfully bumped revision number for resource 6b187ca0-e182-4bfa-be9f-da1756f561ca (type: security_group_rules) to 0
2026-04-14 07:10:44.173 10 INFO neutron.db.ovn_revision_numbers_db [None req-a5f3b2d2-dda2-4a2a-badb-fa5f7a01e924 add9338a2b714f62b7234c94dba39f9b 82ded0903dba40858a978235e9bb2eb7 - - default default] Successfully bumped revision number for resource bed48792-2685-4c39-b8c8-3c13bf485cee (type: security_group_rules) to 0
2026-04-14 07:10:44.190 10 INFO neutron.db.ovn_revision_numbers_db [None req-a5f3b2d2-dda2-4a2a-badb-fa5f7a01e924 add9338a2b714f62b7234c94dba39f9b 82ded0903dba40858a978235e9bb2eb7 - - default default] Successfully bumped revision number for resource cfdcfeec-86f4-4160-92b7-a2828d6e77ce (type: security_group_rules) to 0
2026-04-14 07:10:44.219 10 INFO neutron.wsgi [None req-a5f3b2d2-dda2-4a2a-badb-fa5f7a01e924 add9338a2b714f62b7234c94dba39f9b 82ded0903dba40858a978235e9bb2eb7 - - default default] 10.0.0.60 "GET /v2.0/security-groups?tenant_id=0a04465590f04641afc289727f96b7eb&name=default HTTP/1.1" status: 200 len: 3000 time: 0.3588970
2026-04-14 07:10:44.399 9 INFO neutron.services.segments.plugin [-] Segment 73a878e2-06a9-437a-aadc-b7a9f541006b resource provider aggregate not found
2026-04-14 07:10:44.405 9 INFO neutron.services.segments.plugin [-] Segment 73a878e2-06a9-437a-aadc-b7a9f541006b resource provider aggregate not found
2026-04-14 07:10:44.423 9 INFO neutron.services.segments.plugin [-] Segment 73a878e2-06a9-437a-aadc-b7a9f541006b resource provider not found; error: Placement Client Error (4xx): {"errors": [{"status": 404, "title": "Not Found", "detail": "The resource could not be found.\n\n No resource provider with uuid 73a878e2-06a9-437a-aadc-b7a9f541006b found for delete ", "request_id": "req-93e9512f-1f44-414d-af31-05d3703648e7"}]}
2026-04-14 07:10:44.428 9 INFO neutron.services.segments.plugin [-] Segment 73a878e2-06a9-437a-aadc-b7a9f541006b resource provider not found; error: Placement Client Error (4xx): {"errors": [{"status": 404, "title": "Not Found", "detail": "The resource could not be found.\n\n No resource provider with uuid 73a878e2-06a9-437a-aadc-b7a9f541006b found for delete ", "request_id": "req-7b8ead26-4d03-4f9c-b621-6ecd87fe38fe"}]}
2026-04-14 07:10:44.458 9 INFO neutron.wsgi [None req-686153a0-e131-48ef-80da-c74fa547cfee 1e9b2a4063e54f809d6e62bf647c2df6 7800678579ad443582b12fd6bb42d7b5 - - default default] 10.0.0.60 "DELETE /v2.0/networks/86f4470f-2565-4666-8940-37899d131442 HTTP/1.1" status: 204 len: 168 time: 0.4362471
2026-04-14 07:10:44.514 9 INFO neutron.wsgi [None req-b64634e1-3187-4cdd-96dd-19090dfe5b78 add9338a2b714f62b7234c94dba39f9b 82ded0903dba40858a978235e9bb2eb7 - - default default] 10.0.0.60 "DELETE /v2.0/security-groups/750936af-7e76-4adf-9f0b-91cf767d9d2a HTTP/1.1" status: 204 len: 168 time: 0.2899535
2026-04-14 07:10:44.845 10 INFO neutron.db.ovn_revision_numbers_db [None req-722b9986-5b48-46d7-a5f8-95be2cb5a3df add9338a2b714f62b7234c94dba39f9b 82ded0903dba40858a978235e9bb2eb7 - - default default] Successfully bumped revision number for resource 0523dcd8-9d6a-440c-8d60-bb5c85fb6cd6 (type: security_groups) to 1
2026-04-14 07:10:44.865 10 INFO neutron.db.ovn_revision_numbers_db [None req-722b9986-5b48-46d7-a5f8-95be2cb5a3df add9338a2b714f62b7234c94dba39f9b 82ded0903dba40858a978235e9bb2eb7 - - default default] Successfully bumped revision number for resource 182e0b05-7e5e-4aa1-a457-1ba88326156a (type: security_group_rules) to 0
2026-04-14 07:10:44.883 10 INFO neutron.db.ovn_revision_numbers_db [None req-722b9986-5b48-46d7-a5f8-95be2cb5a3df add9338a2b714f62b7234c94dba39f9b 82ded0903dba40858a978235e9bb2eb7 - - default default] Successfully bumped revision number for resource 34fb54a5-3336-4fcf-9a97-8fd0a10b90e0 (type: security_group_rules) to 0
2026-04-14 07:10:44.902 10 INFO neutron.db.ovn_revision_numbers_db [None req-722b9986-5b48-46d7-a5f8-95be2cb5a3df add9338a2b714f62b7234c94dba39f9b 82ded0903dba40858a978235e9bb2eb7 - - default default] Successfully bumped revision number for resource 848b7872-d02a-41f1-bc7a-200d98c84f9f (type: security_group_rules) to 0
2026-04-14 07:10:44.917 10 INFO neutron.db.ovn_revision_numbers_db [None req-722b9986-5b48-46d7-a5f8-95be2cb5a3df add9338a2b714f62b7234c94dba39f9b 82ded0903dba40858a978235e9bb2eb7 - - default default] Successfully bumped revision number for resource a791fa17-54a7-461b-8977-41dfec32e20f (type: security_group_rules) to 0
2026-04-14 07:10:44.940 10 INFO neutron.wsgi [None req-722b9986-5b48-46d7-a5f8-95be2cb5a3df add9338a2b714f62b7234c94dba39f9b 82ded0903dba40858a978235e9bb2eb7 - - default default] 10.0.0.60 "GET /v2.0/security-groups?tenant_id=d844250adaad4a1196d121a0ae0c75d5&name=default HTTP/1.1" status: 200 len: 3000 time: 0.2298365
2026-04-14 07:10:45.159 10 INFO neutron.wsgi [None req-1ec8feeb-416f-4c68-90ec-d33714e332c0 add9338a2b714f62b7234c94dba39f9b 82ded0903dba40858a978235e9bb2eb7 - - default default] 10.0.0.60 "DELETE /v2.0/security-groups/0523dcd8-9d6a-440c-8d60-bb5c85fb6cd6 HTTP/1.1" status: 204 len: 168 time: 0.2149003
2026-04-14 07:10:45.237 10 INFO neutron.wsgi [None req-5e0e1450-ace2-4109-9381-1c87d86644c1 add9338a2b714f62b7234c94dba39f9b 82ded0903dba40858a978235e9bb2eb7 - - default default] 10.0.0.60 "GET /v2.0/security-groups?tenant_id=7800678579ad443582b12fd6bb42d7b5&name=default HTTP/1.1" status: 200 len: 3000 time: 0.1759191
2026-04-14 07:10:45.449 10 INFO neutron.wsgi [None req-ca76d216-e5ed-4242-8742-1ceaaaa76e76 add9338a2b714f62b7234c94dba39f9b 82ded0903dba40858a978235e9bb2eb7 - - default default] 10.0.0.60 "DELETE /v2.0/security-groups/9f561a36-5231-4b3b-8d64-28635bb48148 HTTP/1.1" status: 204 len: 168 time: 0.2085822
2026-04-14 07:10:45.586 10 INFO neutron.wsgi [None req-784d5bec-1e74-4f64-b84c-d16105271279 add9338a2b714f62b7234c94dba39f9b 82ded0903dba40858a978235e9bb2eb7 - - default default] 10.0.0.93 "GET /v2.0/security-groups HTTP/1.1" status: 200 len: 30197 time: 0.2155232
2026-04-14 07:10:45.643 10 INFO neutron.wsgi [None req-ef8de4d8-94eb-4289-892a-3846b6ef1376 add9338a2b714f62b7234c94dba39f9b 82ded0903dba40858a978235e9bb2eb7 - - default default] 10.0.0.93 "GET /v2.0/subnets HTTP/1.1" status: 200 len: 2745 time: 0.0481381
2026-04-14 07:10:45.654 10 INFO neutron.wsgi [None req-708928e3-c147-493b-a53b-682aaed233d5 add9338a2b714f62b7234c94dba39f9b 82ded0903dba40858a978235e9bb2eb7 - - default default] 10.0.0.93 "GET /v2.0/subnetpools HTTP/1.1" status: 200 len: 193 time: 0.0097396
2026-04-14 07:10:45.698 10 INFO neutron.wsgi [None req-e0eb66e9-b8d8-4ee0-a6bd-62187377119b add9338a2b714f62b7234c94dba39f9b 82ded0903dba40858a978235e9bb2eb7 - - default default] 10.0.0.93 "GET /v2.0/subnets HTTP/1.1" status: 200 len: 2745 time: 0.0429981
2026-04-14 07:10:45.734 9 INFO neutron.db.ovn_revision_numbers_db [None req-e5b44e05-7402-483b-bd9d-97f9d2208f3b add9338a2b714f62b7234c94dba39f9b 82ded0903dba40858a978235e9bb2eb7 - - default default] Successfully bumped revision number for resource 5fcd9b75-fb1c-4c8b-8b5b-f5a252d47ad3 (type: security_groups) to 1
2026-04-14 07:10:45.759 9 INFO neutron.db.ovn_revision_numbers_db [None req-e5b44e05-7402-483b-bd9d-97f9d2208f3b add9338a2b714f62b7234c94dba39f9b 82ded0903dba40858a978235e9bb2eb7 - - default default] Successfully bumped revision number for resource 527c1776-8982-494b-91a6-d400f4b9be8d (type: security_group_rules) to 0
2026-04-14 07:10:45.790 9 INFO neutron.db.ovn_revision_numbers_db [None req-e5b44e05-7402-483b-bd9d-97f9d2208f3b add9338a2b714f62b7234c94dba39f9b 82ded0903dba40858a978235e9bb2eb7 - - default default] Successfully bumped revision number for resource 5a83f6b1-9bb2-4f94-a36e-efaff40345ec (type: security_group_rules) to 0
2026-04-14 07:10:45.808 9 INFO neutron.db.ovn_revision_numbers_db [None req-e5b44e05-7402-483b-bd9d-97f9d2208f3b add9338a2b714f62b7234c94dba39f9b 82ded0903dba40858a978235e9bb2eb7 - - default default] Successfully bumped revision number for resource d0dedbc7-f79a-4fed-a302-7316761e72d2 (type: security_group_rules) to 0
2026-04-14 07:10:45.828 10 INFO neutron.wsgi [None req-22f2988d-1b4b-4168-95ef-e82699ce347d add9338a2b714f62b7234c94dba39f9b 82ded0903dba40858a978235e9bb2eb7 - - default default] 10.0.0.93 "GET /v2.0/networks HTTP/1.1" status: 200 len: 3865 time: 0.1284564
2026-04-14 07:10:45.829 9 INFO neutron.db.ovn_revision_numbers_db [None req-e5b44e05-7402-483b-bd9d-97f9d2208f3b add9338a2b714f62b7234c94dba39f9b 82ded0903dba40858a978235e9bb2eb7 - - default default] Successfully bumped revision number for resource f844164c-5399-4732-9f76-ddc29e13cd49 (type: security_group_rules) to 0
