2026-04-14 07:08:24.606 9 INFO neutron.wsgi [None req-36e69584-326c-4265-958b-afd0ff77e40f e27b5067055a4ec484a8b06992b6e83c 571edfe8c9fc4d40b7640fe9885efaa0 - - default default] 10.0.0.60 "POST /v2.0/security-group-rules HTTP/1.1" status: 201 len: 764 time: 0.7200234
2026-04-14 07:08:24.617 9 WARNING neutron_lib.context [None req-f5b50ba2-ee98-492b-9cc1-759936a82cbb e27b5067055a4ec484a8b06992b6e83c 571edfe8c9fc4d40b7640fe9885efaa0 - - default default] Method 'is_advsvc' is deprecated since 2023.2 release (neutron-lib 3.8.0) and will be removed once support for the old RBAC API policies will be removed from Neutron. Please use method 'is_service_role' instead.
2026-04-14 07:08:24.625 10 INFO neutron.wsgi [req-32b0dc75-0924-4c75-8cbe-b566d120afda req-1cfdc022-20b9-43c8-b9b0-841564cbe105 580e1e56f9cc4b398e2b9bbf2b5333cb 2107a27446e947298937c00ba74a63b1 - - default default] 10.0.0.182 "GET /v2.0/security-groups?id=922b17ef-061d-491a-994d-ea5439430759&fields=id&fields=name HTTP/1.1" status: 200 len: 312 time: 0.0434320
2026-04-14 07:08:25.286 10 INFO neutron.wsgi [req-25aa84e7-c3e3-496c-8c29-042d43976152 req-a4c7bf6a-24db-48e6-99a1-d831e412e88e 580e1e56f9cc4b398e2b9bbf2b5333cb 2107a27446e947298937c00ba74a63b1 - - default default] 10.0.0.182 "GET /v2.0/ports?device_id=0515e155-895d-475b-864a-92e0c5c51167 HTTP/1.1" status: 200 len: 1170 time: 0.0425515
2026-04-14 07:08:25.296 9 INFO neutron.db.ovn_revision_numbers_db [None req-f5b50ba2-ee98-492b-9cc1-759936a82cbb e27b5067055a4ec484a8b06992b6e83c 571edfe8c9fc4d40b7640fe9885efaa0 - - default default] Successfully bumped revision number for resource 83e9f682-2aba-4978-8266-03792549720e (type: security_group_rules) to 0
2026-04-14 07:08:25.316 9 INFO neutron.plugins.ml2.drivers.ovn.mech_driver.mech_driver [None req-ee58eb2f-c570-44b1-8998-618c0370270b - - - - - -] OVN reports status down for port: f8ffaa83-d87e-4931-bb59-4a8e976cd24b
2026-04-14 07:08:25.334 10 INFO neutron.wsgi [req-25aa84e7-c3e3-496c-8c29-042d43976152 req-85159d33-1f2f-4da4-b081-acca6e68fb03 580e1e56f9cc4b398e2b9bbf2b5333cb 2107a27446e947298937c00ba74a63b1 - - default default] 10.0.0.182 "GET /v2.0/security-groups?id=922b17ef-061d-491a-994d-ea5439430759&fields=id&fields=name HTTP/1.1" status: 200 len: 312 time: 0.0434613
2026-04-14 07:08:25.506 9 INFO neutron.wsgi [None req-f5b50ba2-ee98-492b-9cc1-759936a82cbb e27b5067055a4ec484a8b06992b6e83c 571edfe8c9fc4d40b7640fe9885efaa0 - - default default] 10.0.0.60 "POST /v2.0/security-group-rules HTTP/1.1" status: 201 len: 763 time: 0.8944440
2026-04-14 07:08:25.532 9 WARNING neutron_lib.context [None req-36b49994-9ab0-4aab-a551-e5f8322442ca e27b5067055a4ec484a8b06992b6e83c 571edfe8c9fc4d40b7640fe9885efaa0 - - default default] Method 'is_advsvc' is deprecated since 2023.2 release (neutron-lib 3.8.0) and will be removed once support for the old RBAC API policies will be removed from Neutron. Please use method 'is_service_role' instead.
2026-04-14 07:08:25.665 10 INFO neutron.wsgi [-] 10.0.0.187 "GET / HTTP/1.1" status: 200 len: 246 time: 0.0024364
2026-04-14 07:08:25.667 10 INFO neutron.wsgi [-] 10.0.0.187 "GET / HTTP/1.1" status: 200 len: 246 time: 0.0013001
2026-04-14 07:08:25.706 9 INFO neutron.notifiers.nova [-] Nova event matching ['req-d0220da2-bd78-4a25-995a-a83fc17baefd'] response: {'server_uuid': '0515e155-895d-475b-864a-92e0c5c51167', 'name': 'network-vif-unplugged', 'status': 'completed', 'tag': 'f8ffaa83-d87e-4931-bb59-4a8e976cd24b', 'code': 200}
2026-04-14 07:08:26.445 10 INFO neutron.wsgi [req-94ff39c5-ec75-4d94-92b2-798a0718f9dc req-42586280-5f69-4848-9a17-fc6991a47fa8 580e1e56f9cc4b398e2b9bbf2b5333cb 2107a27446e947298937c00ba74a63b1 - - default default] 10.0.0.182 "GET /v2.0/ports?device_id=0515e155-895d-475b-864a-92e0c5c51167 HTTP/1.1" status: 200 len: 1170 time: 0.0469933
2026-04-14 07:08:26.498 10 INFO neutron.wsgi [req-61c17a85-bc43-469e-abd4-d8c1a811cb00 req-79a141db-5a63-4da5-bf44-ea1b4c2a92a0 580e1e56f9cc4b398e2b9bbf2b5333cb 2107a27446e947298937c00ba74a63b1 - - default default] 199.204.45.222 "GET /v2.0/ports?device_id=0515e155-895d-475b-864a-92e0c5c51167 HTTP/1.1" status: 200 len: 1168 time: 0.0583515
2026-04-14 07:08:26.508 9 INFO neutron.db.ovn_revision_numbers_db [None req-36b49994-9ab0-4aab-a551-e5f8322442ca e27b5067055a4ec484a8b06992b6e83c 571edfe8c9fc4d40b7640fe9885efaa0 - - default default] Successfully bumped revision number for resource 026fc699-da60-4357-a961-330842f3db27 (type: security_group_rules) to 0
2026-04-14 07:08:26.527 10 INFO neutron.wsgi [req-94ff39c5-ec75-4d94-92b2-798a0718f9dc req-94708a4b-3aa5-43bd-8461-1ba8e556e74d 580e1e56f9cc4b398e2b9bbf2b5333cb 2107a27446e947298937c00ba74a63b1 - - default default] 10.0.0.182 "GET /v2.0/security-groups?id=922b17ef-061d-491a-994d-ea5439430759&fields=id&fields=name HTTP/1.1" status: 200 len: 312 time: 0.0741582
2026-04-14 07:08:26.613 9 INFO neutron.wsgi [None req-36b49994-9ab0-4aab-a551-e5f8322442ca e27b5067055a4ec484a8b06992b6e83c 571edfe8c9fc4d40b7640fe9885efaa0 - - default default] 10.0.0.60 "POST /v2.0/security-group-rules HTTP/1.1" status: 201 len: 769 time: 1.0858479
2026-04-14 07:08:26.624 9 WARNING neutron_lib.context [None req-666503b6-029d-450a-8a53-e6a8fec7d525 e27b5067055a4ec484a8b06992b6e83c 571edfe8c9fc4d40b7640fe9885efaa0 - - default default] Method 'is_advsvc' is deprecated since 2023.2 release (neutron-lib 3.8.0) and will be removed once support for the old RBAC API policies will be removed from Neutron. Please use method 'is_service_role' instead.
2026-04-14 07:08:26.648 9 INFO neutron.db.ovn_revision_numbers_db [None req-ee58eb2f-c570-44b1-8998-618c0370270b - - - - - -] Successfully bumped revision number for resource f8ffaa83-d87e-4931-bb59-4a8e976cd24b (type: ports) to 7
2026-04-14 07:08:26.873 10 INFO neutron.db.l3_db [req-61c17a85-bc43-469e-abd4-d8c1a811cb00 req-2d12f9e3-1686-4419-880a-d87967fafb02 580e1e56f9cc4b398e2b9bbf2b5333cb 2107a27446e947298937c00ba74a63b1 - - default default] Floating IP b84a04c6-a828-4d54-88a9-7e444e19d9fa disassociated. External IP: 10.96.250.204, port: f8ffaa83-d87e-4931-bb59-4a8e976cd24b.
2026-04-14 07:08:27.131 9 INFO neutron.db.ovn_revision_numbers_db [None req-666503b6-029d-450a-8a53-e6a8fec7d525 e27b5067055a4ec484a8b06992b6e83c 571edfe8c9fc4d40b7640fe9885efaa0 - - default default] Successfully bumped revision number for resource 54c65328-2e45-4e18-a9a2-1c9fbdecbf94 (type: security_group_rules) to 0
2026-04-14 07:08:27.279 9 INFO neutron.wsgi [None req-666503b6-029d-450a-8a53-e6a8fec7d525 e27b5067055a4ec484a8b06992b6e83c 571edfe8c9fc4d40b7640fe9885efaa0 - - default default] 10.0.0.60 "POST /v2.0/security-group-rules HTTP/1.1" status: 201 len: 768 time: 0.6589730 /var/lib/openstack/lib/python3.10/site-packages/pycadf/identifier.py:71: UserWarning: Invalid uuid: neutron. To ensure interoperability, identifiers should be a valid uuid. warnings.warn(('Invalid uuid: %s. To ensure interoperability, '
2026-04-14 07:08:27.290 9 WARNING neutron_lib.context [None req-9b7224a1-400c-4106-adec-deb6f064cbbb e27b5067055a4ec484a8b06992b6e83c 571edfe8c9fc4d40b7640fe9885efaa0 - - default default] Method 'is_advsvc' is deprecated since 2023.2 release (neutron-lib 3.8.0) and will be removed once support for the old RBAC API policies will be removed from Neutron. Please use method 'is_service_role' instead.
2026-04-14 07:08:27.382 10 INFO neutron.wsgi [req-61c17a85-bc43-469e-abd4-d8c1a811cb00 req-2d12f9e3-1686-4419-880a-d87967fafb02 580e1e56f9cc4b398e2b9bbf2b5333cb 2107a27446e947298937c00ba74a63b1 - - default default] 199.204.45.222 "DELETE /v2.0/ports/f8ffaa83-d87e-4931-bb59-4a8e976cd24b HTTP/1.1" status: 204 len: 173 time: 0.8794513
2026-04-14 07:08:27.415 10 INFO neutron.notifiers.nova [-] Nova event matching ['req-f9344648-c972-468f-a109-9e6536700f1d'] response: {'server_uuid': '0515e155-895d-475b-864a-92e0c5c51167', 'name': 'network-vif-deleted', 'tag': 'f8ffaa83-d87e-4931-bb59-4a8e976cd24b', 'status': 'completed', 'code': 200}
2026-04-14 07:08:27.444 9 INFO neutron.db.securitygroups_db [None req-9b7224a1-400c-4106-adec-deb6f064cbbb e27b5067055a4ec484a8b06992b6e83c 571edfe8c9fc4d40b7640fe9885efaa0 - - default default] Project 571edfe8c9fc4d40b7640fe9885efaa0 added a security group rule with legacy IPv6 ICMP protocol name icmp, ipv6-icmp should be used instead. It was automatically converted.
2026-04-14 07:08:27.621 10 INFO neutron.wsgi [req-c5c4ec29-491c-4d0f-9cec-74a40462639f req-e90be9ef-2369-49dd-b6d8-a8f38aaf6c06 580e1e56f9cc4b398e2b9bbf2b5333cb 2107a27446e947298937c00ba74a63b1 - - default default] 10.0.0.182 "GET /v2.0/ports?device_id=0515e155-895d-475b-864a-92e0c5c51167 HTTP/1.1" status: 200 len: 210 time: 0.0220771
2026-04-14 07:08:27.743 9 INFO neutron.notifiers.nova [-] Nova event matching ['req-cdf1a3c7-42d9-4f11-ba17-a33a4fbda257'] response: {'server_uuid': '0515e155-895d-475b-864a-92e0c5c51167', 'name': 'network-vif-plugged', 'status': 'completed', 'tag': 'f8ffaa83-d87e-4931-bb59-4a8e976cd24b', 'code': 200}
2026-04-14 07:08:28.072 10 WARNING neutron_lib.context [None req-89fbca21-1f7d-491e-a394-1d576336556d 07920babcdf44b3d88fa49553ce19332 1776942c6e2641f8a8df09cced6098a7 - - default default] Method 'is_advsvc' is deprecated since 2023.2 release (neutron-lib 3.8.0) and will be removed once support for the old RBAC API policies will be removed from Neutron. Please use method 'is_service_role' instead.
2026-04-14 07:08:28.439 9 INFO neutron.db.ovn_revision_numbers_db [None req-9b7224a1-400c-4106-adec-deb6f064cbbb e27b5067055a4ec484a8b06992b6e83c 571edfe8c9fc4d40b7640fe9885efaa0 - - default default] Successfully bumped revision number for resource 6d39acb4-5623-4042-bbf8-e327a70752a4 (type: security_group_rules) to 0
2026-04-14 07:08:28.664 9 INFO neutron.wsgi [None req-9b7224a1-400c-4106-adec-deb6f064cbbb e27b5067055a4ec484a8b06992b6e83c 571edfe8c9fc4d40b7640fe9885efaa0 - - default default] 10.0.0.60 "POST /v2.0/security-group-rules HTTP/1.1" status: 201 len: 774 time: 1.3801832
2026-04-14 07:08:28.673 9 WARNING neutron_lib.context [None req-7183c519-c85a-4699-ba8d-8363ee7137df e27b5067055a4ec484a8b06992b6e83c 571edfe8c9fc4d40b7640fe9885efaa0 - - default default] Method 'is_advsvc' is deprecated since 2023.2 release (neutron-lib 3.8.0) and will be removed once support for the old RBAC API policies will be removed from Neutron. Please use method 'is_service_role' instead.
2026-04-14 07:08:28.733 10 INFO neutron.wsgi [req-8594508e-cbb1-46b3-85df-732cc19910c1 req-01acfc77-e160-4013-9876-14f9d22b72b5 580e1e56f9cc4b398e2b9bbf2b5333cb 2107a27446e947298937c00ba74a63b1 - - default default] 10.0.0.182 "GET /v2.0/ports?device_id=0515e155-895d-475b-864a-92e0c5c51167 HTTP/1.1" status: 200 len: 210 time: 0.0299270
2026-04-14 07:08:28.940 9 INFO neutron.db.securitygroups_db [None req-7183c519-c85a-4699-ba8d-8363ee7137df e27b5067055a4ec484a8b06992b6e83c 571edfe8c9fc4d40b7640fe9885efaa0 - - default default] Project 571edfe8c9fc4d40b7640fe9885efaa0 added a security group rule with legacy IPv6 ICMP protocol name icmp, ipv6-icmp should be used instead. It was automatically converted.
2026-04-14 07:08:29.047 10 INFO neutron.db.ovn_revision_numbers_db [None req-89fbca21-1f7d-491e-a394-1d576336556d 07920babcdf44b3d88fa49553ce19332 1776942c6e2641f8a8df09cced6098a7 - - default default] Successfully bumped revision number for resource 3f16e694-b94c-4b92-9102-b9a7ac2220f5 (type: security_groups) to 1
2026-04-14 07:08:29.104 10 INFO neutron.db.ovn_revision_numbers_db [None req-89fbca21-1f7d-491e-a394-1d576336556d 07920babcdf44b3d88fa49553ce19332 1776942c6e2641f8a8df09cced6098a7 - - default default] Successfully bumped revision number for resource 42cccc14-c80e-42c7-9277-fd6d57424d92 (type: security_group_rules) to 0
2026-04-14 07:08:29.126 10 INFO neutron.db.ovn_revision_numbers_db [None req-89fbca21-1f7d-491e-a394-1d576336556d 07920babcdf44b3d88fa49553ce19332 1776942c6e2641f8a8df09cced6098a7 - - default default] Successfully bumped revision number for resource 69c6dc4b-1ff5-4d55-af2e-10c28ac273ab (type: security_group_rules) to 0
2026-04-14 07:08:29.165 10 INFO neutron.db.ovn_revision_numbers_db [None req-89fbca21-1f7d-491e-a394-1d576336556d 07920babcdf44b3d88fa49553ce19332 1776942c6e2641f8a8df09cced6098a7 - - default default] Successfully bumped revision number for resource 7eb2f3a1-eb8b-42bb-a89e-faae7efa9648 (type: security_group_rules) to 0
2026-04-14 07:08:29.170 9 INFO neutron.db.ovn_revision_numbers_db [None req-7183c519-c85a-4699-ba8d-8363ee7137df e27b5067055a4ec484a8b06992b6e83c 571edfe8c9fc4d40b7640fe9885efaa0 - - default default] Successfully bumped revision number for resource 7f014754-6632-43ba-b671-fd85c5527a5d (type: security_group_rules) to 0
2026-04-14 07:08:29.207 10 INFO neutron.db.ovn_revision_numbers_db [None req-89fbca21-1f7d-491e-a394-1d576336556d 07920babcdf44b3d88fa49553ce19332 1776942c6e2641f8a8df09cced6098a7 - - default default] Successfully bumped revision number for resource cea1e637-f6ed-4cc6-ac57-6c9e298527bc (type: security_group_rules) to 0
2026-04-14 07:08:29.215 9 INFO neutron.wsgi [None req-7183c519-c85a-4699-ba8d-8363ee7137df e27b5067055a4ec484a8b06992b6e83c 571edfe8c9fc4d40b7640fe9885efaa0 - - default default] 10.0.0.60 "POST /v2.0/security-group-rules HTTP/1.1" status: 201 len: 773 time: 0.5475123
2026-04-14 07:08:29.265 10 INFO neutron.db.segments_db [None req-89fbca21-1f7d-491e-a394-1d576336556d 07920babcdf44b3d88fa49553ce19332 1776942c6e2641f8a8df09cced6098a7 - - default default] Added segment c70b1add-c820-4259-9ec9-9a069f5bee08 of type geneve for network 77e37f61-e529-4664-a989-fb56b2f51dc3
2026-04-14 07:08:29.479 10 INFO neutron.db.ovn_revision_numbers_db [None req-89fbca21-1f7d-491e-a394-1d576336556d 07920babcdf44b3d88fa49553ce19332 1776942c6e2641f8a8df09cced6098a7 - - default default] Successfully bumped revision number for resource 77e37f61-e529-4664-a989-fb56b2f51dc3 (type: networks) to 1
2026-04-14 07:08:29.704 10 WARNING neutron.scheduler.dhcp_agent_scheduler [None req-89fbca21-1f7d-491e-a394-1d576336556d 07920babcdf44b3d88fa49553ce19332 1776942c6e2641f8a8df09cced6098a7 - - default default] No more DHCP agents
2026-04-14 07:08:29.707 10 WARNING neutron.api.rpc.agentnotifiers.dhcp_rpc_agent_api [None req-89fbca21-1f7d-491e-a394-1d576336556d 07920babcdf44b3d88fa49553ce19332 1776942c6e2641f8a8df09cced6098a7 - - default default] Unable to schedule network 77e37f61-e529-4664-a989-fb56b2f51dc3: no agents available; will retry on subsequent port and subnet creation events.
2026-04-14 07:08:29.778 9 INFO neutron.wsgi [None req-2c22577a-6d21-4487-8e32-ec91a77efb67 e27b5067055a4ec484a8b06992b6e83c 571edfe8c9fc4d40b7640fe9885efaa0 - - default default] 10.0.0.60 "GET /v2.0/networks HTTP/1.1" status: 200 len: 1491 time: 0.1540568
2026-04-14 07:08:29.828 10 INFO neutron.db.ovn_revision_numbers_db [None req-89fbca21-1f7d-491e-a394-1d576336556d 07920babcdf44b3d88fa49553ce19332 1776942c6e2641f8a8df09cced6098a7 - - default default] Successfully bumped revision number for resource 8ab499b2-a10b-4447-ac8f-cf3337a8b461 (type: ports) to 1
2026-04-14 07:08:29.863 10 INFO neutron.wsgi [None req-89fbca21-1f7d-491e-a394-1d576336556d 07920babcdf44b3d88fa49553ce19332 1776942c6e2641f8a8df09cced6098a7 - - default default] 10.0.0.60 "POST /v2.0/networks HTTP/1.1" status: 201 len: 833 time: 1.9505789
2026-04-14 07:08:29.877 9 WARNING neutron_lib.context [None req-f3ee46ff-f3f9-4c5b-9e45-0b9834872da0 07920babcdf44b3d88fa49553ce19332 1776942c6e2641f8a8df09cced6098a7 - - default default] Method 'is_advsvc' is deprecated since 2023.2 release (neutron-lib 3.8.0) and will be removed once support for the old RBAC API policies will be removed from Neutron. Please use method 'is_service_role' instead.
2026-04-14 07:08:29.917 10 INFO neutron.wsgi [req-086cd1cb-832a-47e4-91dc-ed35c0642f90 req-b84f884d-ca4c-4dde-a808-f2c28d6199eb e27b5067055a4ec484a8b06992b6e83c 571edfe8c9fc4d40b7640fe9885efaa0 - - default default] 10.0.0.182 "GET /v2.0/security-groups?name=tempest-secgroup-smoke-874686198&fields=id&tenant_id=571edfe8c9fc4d40b7640fe9885efaa0 HTTP/1.1" status: 200 len: 267 time: 0.0519643
2026-04-14 07:08:30.003 9 INFO neutron.db.segments_db [None req-f3ee46ff-f3f9-4c5b-9e45-0b9834872da0 07920babcdf44b3d88fa49553ce19332 1776942c6e2641f8a8df09cced6098a7 - - default default] Added segment ecd9e876-886a-4eea-8e24-240915589777 of type geneve for network e9cfe3e6-aa17-48a2-9359-4074519f8e3a
2026-04-14 07:08:30.009 10 INFO neutron.wsgi [req-086cd1cb-832a-47e4-91dc-ed35c0642f90 req-0207d4ab-f490-4f59-a011-a3a013d1530e e27b5067055a4ec484a8b06992b6e83c 571edfe8c9fc4d40b7640fe9885efaa0 - - default default] 10.0.0.182 "GET /v2.0/networks?id=8e05b118-b466-44ca-9ec8-c320f2ae299b HTTP/1.1" status: 200 len: 858 time: 0.0845168
2026-04-14 07:08:30.025 10 INFO neutron.wsgi [req-086cd1cb-832a-47e4-91dc-ed35c0642f90 req-a0bc9c70-2cce-432c-aacf-1c48e9dd8075 e27b5067055a4ec484a8b06992b6e83c 571edfe8c9fc4d40b7640fe9885efaa0 - - default default] 10.0.0.182 "GET /v2.0/quotas/571edfe8c9fc4d40b7640fe9885efaa0 HTTP/1.1" status: 200 len: 386 time: 0.0087092
2026-04-14 07:08:30.131 10 INFO neutron.wsgi [req-086cd1cb-832a-47e4-91dc-ed35c0642f90 req-5238d71d-b935-4b00-a387-06fe95a601e9 e27b5067055a4ec484a8b06992b6e83c 571edfe8c9fc4d40b7640fe9885efaa0 - - default default] 10.0.0.182 "GET /v2.0/ports?tenant_id=571edfe8c9fc4d40b7640fe9885efaa0&fields=id HTTP/1.1" status: 200 len: 348 time: 0.0993800
2026-04-14 07:08:30.141 10 INFO neutron.wsgi [None req-0af01364-9a0e-4e5d-8dcb-e416c8ebc3ff 580e1e56f9cc4b398e2b9bbf2b5333cb 2107a27446e947298937c00ba74a63b1 - - default default] 10.0.0.60 "DELETE /v2.0/security-groups/922b17ef-061d-491a-994d-ea5439430759 HTTP/1.1" status: 204 len: 168 time: 0.2880726
2026-04-14 07:08:30.166 10 INFO neutron.api.v2.resource [None req-4261d3a6-62e0-489a-b250-d42b1712e64c 580e1e56f9cc4b398e2b9bbf2b5333cb 2107a27446e947298937c00ba74a63b1 - - default default] show failed (client error): The resource could not be found.
2026-04-14 07:08:30.167 10 INFO neutron.wsgi [None req-4261d3a6-62e0-489a-b250-d42b1712e64c 580e1e56f9cc4b398e2b9bbf2b5333cb 2107a27446e947298937c00ba74a63b1 - - default default] 10.0.0.60 "GET /v2.0/security-groups/922b17ef-061d-491a-994d-ea5439430759 HTTP/1.1" status: 404 len: 347 time: 0.0199063
2026-04-14 07:08:30.232 10 INFO neutron.wsgi [req-086cd1cb-832a-47e4-91dc-ed35c0642f90 req-e616ae7e-33c9-408a-aa26-007a15c4e223 7071519e53d54dbca5cddcd54c87f29c cbe7e2eda50c40fd93d79d22a50a0674 - - 57dfbdfe5cbc4cfe88327dd0941f775f 57dfbdfe5cbc4cfe88327dd0941f775f] 10.0.0.182 "GET /v2.0/networks/8e05b118-b466-44ca-9ec8-c320f2ae299b?fields=segments HTTP/1.1" status: 200 len: 212 time: 0.0770476
2026-04-14 07:08:30.308 9 INFO neutron.db.ovn_revision_numbers_db [None req-f3ee46ff-f3f9-4c5b-9e45-0b9834872da0 07920babcdf44b3d88fa49553ce19332 1776942c6e2641f8a8df09cced6098a7 - - default default] Successfully bumped revision number for resource e9cfe3e6-aa17-48a2-9359-4074519f8e3a (type: networks) to 1
2026-04-14 07:08:30.355 10 INFO neutron.wsgi [req-086cd1cb-832a-47e4-91dc-ed35c0642f90 req-f8baeef9-ca73-45fd-84fa-3a9c3ebeac3e 7071519e53d54dbca5cddcd54c87f29c cbe7e2eda50c40fd93d79d22a50a0674 - - 57dfbdfe5cbc4cfe88327dd0941f775f 57dfbdfe5cbc4cfe88327dd0941f775f] 10.0.0.182 "GET /v2.0/networks/8e05b118-b466-44ca-9ec8-c320f2ae299b?fields=provider%3Aphysical_network&fields=provider%3Anetwork_type HTTP/1.1" status: 200 len: 277 time: 0.1150558
2026-04-14 07:08:30.806 9 WARNING neutron.scheduler.dhcp_agent_scheduler [None req-f3ee46ff-f3f9-4c5b-9e45-0b9834872da0 07920babcdf44b3d88fa49553ce19332 1776942c6e2641f8a8df09cced6098a7 - - default default] No more DHCP agents
2026-04-14 07:08:30.810 9 WARNING neutron.api.rpc.agentnotifiers.dhcp_rpc_agent_api [None req-f3ee46ff-f3f9-4c5b-9e45-0b9834872da0 07920babcdf44b3d88fa49553ce19332 1776942c6e2641f8a8df09cced6098a7 - - default default] Unable to schedule network e9cfe3e6-aa17-48a2-9359-4074519f8e3a: no agents available; will retry on subsequent port and subnet creation events.
2026-04-14 07:08:30.939 9 INFO neutron.db.ovn_revision_numbers_db [None req-f3ee46ff-f3f9-4c5b-9e45-0b9834872da0 07920babcdf44b3d88fa49553ce19332 1776942c6e2641f8a8df09cced6098a7 - - default default] Successfully bumped revision number for resource 147f003d-ff27-4ecf-8f93-67c99a92db76 (type: ports) to 1
2026-04-14 07:08:30.952 9 INFO neutron.wsgi [req-3883294f-172f-4c1e-a499-e63367f6e3a5 req-111742bc-4dd0-4f5b-91b2-077923f5c9f2 e27b5067055a4ec484a8b06992b6e83c 571edfe8c9fc4d40b7640fe9885efaa0 - - default default] 10.0.0.182 "GET /v2.0/ports?device_id=f1f07b67-b56c-4030-ba09-53ee2b5a2374 HTTP/1.1" status: 200 len: 210 time: 0.0248432
2026-04-14 07:08:30.976 10 INFO neutron.wsgi [None req-d9977eee-69e6-46f5-a92c-ee8d8425a88a 580e1e56f9cc4b398e2b9bbf2b5333cb 2107a27446e947298937c00ba74a63b1 - - default default] 10.0.0.60 "DELETE /v2.0/floatingips/b84a04c6-a828-4d54-88a9-7e444e19d9fa HTTP/1.1" status: 204 len: 168 time: 0.8023858
2026-04-14 07:08:30.986 9 INFO neutron.wsgi [None req-f3ee46ff-f3f9-4c5b-9e45-0b9834872da0 07920babcdf44b3d88fa49553ce19332 1776942c6e2641f8a8df09cced6098a7 - - default default] 10.0.0.60 "POST /v2.0/networks HTTP/1.1" status: 201 len: 833 time: 1.1159437
2026-04-14 07:08:30.996 9 WARNING neutron_lib.context [None req-73f46a5e-9fcb-4755-9696-a0b881b8463e 07920babcdf44b3d88fa49553ce19332 1776942c6e2641f8a8df09cced6098a7 - - default default] Method 'is_advsvc' is deprecated since 2023.2 release (neutron-lib 3.8.0) and will be removed once support for the old RBAC API policies will be removed from Neutron. Please use method 'is_service_role' instead.
2026-04-14 07:08:31.424 9 WARNING neutron.scheduler.dhcp_agent_scheduler [None req-73f46a5e-9fcb-4755-9696-a0b881b8463e 07920babcdf44b3d88fa49553ce19332 1776942c6e2641f8a8df09cced6098a7 - - default default] No more DHCP agents
2026-04-14 07:08:31.426 9 WARNING neutron.api.rpc.agentnotifiers.dhcp_rpc_agent_api [None req-73f46a5e-9fcb-4755-9696-a0b881b8463e 07920babcdf44b3d88fa49553ce19332 1776942c6e2641f8a8df09cced6098a7 - - default default] Unable to schedule network 77e37f61-e529-4664-a989-fb56b2f51dc3: no agents available; will retry on subsequent port and subnet creation events.
2026-04-14 07:08:31.543 9 INFO neutron.db.ovn_revision_numbers_db [None req-73f46a5e-9fcb-4755-9696-a0b881b8463e 07920babcdf44b3d88fa49553ce19332 1776942c6e2641f8a8df09cced6098a7 - - default default] Successfully bumped revision number for resource bccd91a8-cad8-43a1-8c5d-e7893b9574fd (type: subnets) to 0
2026-04-14 07:08:31.570 9 INFO neutron.wsgi [None req-73f46a5e-9fcb-4755-9696-a0b881b8463e 07920babcdf44b3d88fa49553ce19332 1776942c6e2641f8a8df09cced6098a7 - - default default] 10.0.0.60 "POST /v2.0/subnets HTTP/1.1" status: 201 len: 821 time: 0.5792162
2026-04-14 07:08:31.581 9 WARNING neutron_lib.context [None req-8ef2cc7f-8362-4104-bb56-d5055da4a0c3 07920babcdf44b3d88fa49553ce19332 1776942c6e2641f8a8df09cced6098a7 - - default default] Method 'is_advsvc' is deprecated since 2023.2 release (neutron-lib 3.8.0) and will be removed once support for the old RBAC API policies will be removed from Neutron. Please use method 'is_service_role' instead.
2026-04-14 07:08:31.858 9 WARNING neutron.scheduler.dhcp_agent_scheduler [None req-8ef2cc7f-8362-4104-bb56-d5055da4a0c3 07920babcdf44b3d88fa49553ce19332 1776942c6e2641f8a8df09cced6098a7 - - default default] No more DHCP agents
2026-04-14 07:08:31.861 9 WARNING neutron.api.rpc.agentnotifiers.dhcp_rpc_agent_api [None req-8ef2cc7f-8362-4104-bb56-d5055da4a0c3 07920babcdf44b3d88fa49553ce19332 1776942c6e2641f8a8df09cced6098a7 - - default default] Unable to schedule network e9cfe3e6-aa17-48a2-9359-4074519f8e3a: no agents available; will retry on subsequent port and subnet creation events.
2026-04-14 07:08:31.908 9 INFO neutron.db.ovn_revision_numbers_db [None req-8ef2cc7f-8362-4104-bb56-d5055da4a0c3 07920babcdf44b3d88fa49553ce19332 1776942c6e2641f8a8df09cced6098a7 - - default default] Successfully bumped revision number for resource eb431147-7141-4dae-afe2-ae67622f0722 (type: subnets) to 0
2026-04-14 07:08:31.928 9 INFO neutron.wsgi [None req-8ef2cc7f-8362-4104-bb56-d5055da4a0c3 07920babcdf44b3d88fa49553ce19332 1776942c6e2641f8a8df09cced6098a7 - - default default] 10.0.0.60 "POST /v2.0/subnets HTTP/1.1" status: 201 len: 830 time: 0.3525651
2026-04-14 07:08:31.951 10 WARNING neutron_lib.context [None req-72703bbe-ed5f-46af-b73f-04163ca4787d 07920babcdf44b3d88fa49553ce19332 1776942c6e2641f8a8df09cced6098a7 - - default default] Method 'is_advsvc' is deprecated since 2023.2 release (neutron-lib 3.8.0) and will be removed once support for the old RBAC API policies will be removed from Neutron. Please use method 'is_service_role' instead.
2026-04-14 07:08:32.065 10 INFO neutron.wsgi [req-9111267d-c1cf-4047-b1b4-56c6ebd087cb req-d2b97971-ecad-4d54-8cae-44867ace7d6c e27b5067055a4ec484a8b06992b6e83c 571edfe8c9fc4d40b7640fe9885efaa0 - - default default] 10.0.0.182 "GET /v2.0/ports?device_id=f1f07b67-b56c-4030-ba09-53ee2b5a2374 HTTP/1.1" status: 200 len: 210 time: 0.0268190
2026-04-14 07:08:32.170 9 INFO neutron.db.ovn_revision_numbers_db [None req-88b43317-2a89-4108-9e59-60c04784018b add9338a2b714f62b7234c94dba39f9b 82ded0903dba40858a978235e9bb2eb7 - - default default] Successfully bumped revision number for resource eb30b078-27f8-40ed-a9af-46fedc9baa6b (type: security_groups) to 1
2026-04-14 07:08:32.203 9 INFO neutron.db.ovn_revision_numbers_db [None req-88b43317-2a89-4108-9e59-60c04784018b add9338a2b714f62b7234c94dba39f9b 82ded0903dba40858a978235e9bb2eb7 - - default default] Successfully bumped revision number for resource 2bd82d2a-d7be-47b9-995c-dbabf593e2d9 (type: security_group_rules) to 0
2026-04-14 07:08:32.221 10 INFO neutron.db.ovn_revision_numbers_db [None req-72703bbe-ed5f-46af-b73f-04163ca4787d 07920babcdf44b3d88fa49553ce19332 1776942c6e2641f8a8df09cced6098a7 - - default default] Successfully bumped revision number for resource 9e4e6234-826b-45f1-a8ff-497a9a02596d (type: routers) to 1
2026-04-14 07:08:32.242 10 INFO neutron.wsgi [req-086cd1cb-832a-47e4-91dc-ed35c0642f90 req-215681fb-94b3-4815-a189-cf6d1bb041d5 e27b5067055a4ec484a8b06992b6e83c 571edfe8c9fc4d40b7640fe9885efaa0 - - default default] 199.204.45.222 "GET /v2.0/networks?id=8e05b118-b466-44ca-9ec8-c320f2ae299b HTTP/1.1" status: 200 len: 858 time: 0.1231160
2026-04-14 07:08:32.246 9 INFO neutron.db.ovn_revision_numbers_db [None req-88b43317-2a89-4108-9e59-60c04784018b add9338a2b714f62b7234c94dba39f9b 82ded0903dba40858a978235e9bb2eb7 - - default default] Successfully bumped revision number for resource 3f771fab-69c9-4b47-b520-d06dc104c0a5 (type: security_group_rules) to 0
2026-04-14 07:08:32.265 10 INFO neutron.wsgi [None req-72703bbe-ed5f-46af-b73f-04163ca4787d 07920babcdf44b3d88fa49553ce19332 1776942c6e2641f8a8df09cced6098a7 - - default default] 10.0.0.60 "POST /v2.0/routers HTTP/1.1" status: 201 len: 691 time: 0.3315542
2026-04-14 07:08:32.328 9 INFO neutron.db.ovn_revision_numbers_db [None req-88b43317-2a89-4108-9e59-60c04784018b add9338a2b714f62b7234c94dba39f9b 82ded0903dba40858a978235e9bb2eb7 - - default default] Successfully bumped revision number for resource 8137976d-8875-449d-8833-9c0b1e5b8d77 (type: security_group_rules) to 0
2026-04-14 07:08:32.351 9 INFO neutron.db.ovn_revision_numbers_db [None req-88b43317-2a89-4108-9e59-60c04784018b add9338a2b714f62b7234c94dba39f9b 82ded0903dba40858a978235e9bb2eb7 - - default default] Successfully bumped revision number for resource b2a0d5d8-6424-4e3a-826a-5826e0f95d68 (type: security_group_rules) to 0
2026-04-14 07:08:32.361 10 INFO neutron.wsgi [req-086cd1cb-832a-47e4-91dc-ed35c0642f90 req-94ec8e74-d153-4ab2-8576-1e149e664cae e27b5067055a4ec484a8b06992b6e83c 571edfe8c9fc4d40b7640fe9885efaa0 - - default default] 199.204.45.222 "GET /v2.0/security-groups?fields=id&fields=name&tenant_id=571edfe8c9fc4d40b7640fe9885efaa0 HTTP/1.1" status: 200 len: 471 time: 0.1132317
2026-04-14 07:08:32.367 10 INFO neutron.wsgi [None req-16b5d65e-941f-46ec-90db-2a004e4837a9 add9338a2b714f62b7234c94dba39f9b 82ded0903dba40858a978235e9bb2eb7 - - default default] 10.0.0.60 "PUT /v2.0/routers/27c930d2-429d-4ca3-8de9-ab8fd1a8cf43/remove_router_interface HTTP/1.1" status: 200 len: 503 time: 1.3805299
2026-04-14 07:08:32.385 9 INFO neutron.wsgi [None req-88b43317-2a89-4108-9e59-60c04784018b add9338a2b714f62b7234c94dba39f9b 82ded0903dba40858a978235e9bb2eb7 - - default default] 10.0.0.60 "GET /v2.0/security-groups?tenant_id=172618fafad64218aebbd9d7d48c5d31&name=default HTTP/1.1" status: 200 len: 2996 time: 0.5159876 /var/lib/openstack/lib/python3.10/site-packages/pycadf/identifier.py:71: UserWarning: Invalid uuid: neutron. To ensure interoperability, identifiers should be a valid uuid. warnings.warn(('Invalid uuid: %s. To ensure interoperability, '
2026-04-14 07:08:32.400 10 WARNING neutron_lib.context [req-086cd1cb-832a-47e4-91dc-ed35c0642f90 req-9464137d-0dbf-4bb0-b017-b3f943b16886 e27b5067055a4ec484a8b06992b6e83c 571edfe8c9fc4d40b7640fe9885efaa0 - - default default] Method 'is_advsvc' is deprecated since 2023.2 release (neutron-lib 3.8.0) and will be removed once support for the old RBAC API policies will be removed from Neutron. Please use method 'is_service_role' instead.
2026-04-14 07:08:32.608 9 INFO neutron.wsgi [None req-c4538ee1-ccca-409c-9585-9e6bf8d74e7b add9338a2b714f62b7234c94dba39f9b 82ded0903dba40858a978235e9bb2eb7 - - default default] 10.0.0.60 "DELETE /v2.0/security-groups/eb30b078-27f8-40ed-a9af-46fedc9baa6b HTTP/1.1" status: 204 len: 168 time: 0.2171702
2026-04-14 07:08:32.849 9 INFO neutron.db.ovn_revision_numbers_db [None req-17eed3fd-20c5-424d-9326-3116f76660a2 add9338a2b714f62b7234c94dba39f9b 82ded0903dba40858a978235e9bb2eb7 - - default default] Successfully bumped revision number for resource 1d338ade-e96f-4212-b9d0-5a9cb5ec1fe7 (type: security_groups) to 1
2026-04-14 07:08:32.868 9 INFO neutron.db.ovn_revision_numbers_db [None req-17eed3fd-20c5-424d-9326-3116f76660a2 add9338a2b714f62b7234c94dba39f9b 82ded0903dba40858a978235e9bb2eb7 - - default default] Successfully bumped revision number for resource 09f8dad7-8c2d-437e-a8d8-dc4658caca06 (type: security_group_rules) to 0
2026-04-14 07:08:32.884 9 INFO neutron.db.ovn_revision_numbers_db [None req-17eed3fd-20c5-424d-9326-3116f76660a2 add9338a2b714f62b7234c94dba39f9b 82ded0903dba40858a978235e9bb2eb7 - - default default] Successfully bumped revision number for resource 27bdde50-ebd8-4c94-9b8a-4a2fdb129407 (type: security_group_rules) to 0
2026-04-14 07:08:32.901 9 INFO neutron.db.ovn_revision_numbers_db [None req-17eed3fd-20c5-424d-9326-3116f76660a2 add9338a2b714f62b7234c94dba39f9b 82ded0903dba40858a978235e9bb2eb7 - - default default] Successfully bumped revision number for resource 8ea49183-840c-456e-bf41-7fa32b1b1301 (type: security_group_rules) to 0
2026-04-14 07:08:32.917 9 INFO neutron.db.ovn_revision_numbers_db [None req-17eed3fd-20c5-424d-9326-3116f76660a2 add9338a2b714f62b7234c94dba39f9b 82ded0903dba40858a978235e9bb2eb7 - - default default] Successfully bumped revision number for resource d03201be-de46-4725-8cd6-3ad05808d7f1 (type: security_group_rules) to 0
2026-04-14 07:08:32.942 9 INFO neutron.wsgi [None req-17eed3fd-20c5-424d-9326-3116f76660a2 add9338a2b714f62b7234c94dba39f9b 82ded0903dba40858a978235e9bb2eb7 - - default default] 10.0.0.60 "GET /v2.0/security-groups?tenant_id=d129bbda68124f68a6fe26c03ce491b6&name=default HTTP/1.1" status: 200 len: 2996 time: 0.2171979
2026-04-14 07:08:32.995 10 WARNING neutron.scheduler.dhcp_agent_scheduler [None req-999f11d8-cda8-4d05-ad12-db0a192a1b46 07920babcdf44b3d88fa49553ce19332 1776942c6e2641f8a8df09cced6098a7 - - default default] No more DHCP agents
2026-04-14 07:08:33.000 10 WARNING neutron.api.rpc.agentnotifiers.dhcp_rpc_agent_api [None req-999f11d8-cda8-4d05-ad12-db0a192a1b46 07920babcdf44b3d88fa49553ce19332 1776942c6e2641f8a8df09cced6098a7 - - default default] Unable to schedule network 77e37f61-e529-4664-a989-fb56b2f51dc3: no agents available; will retry on subsequent port and subnet creation events.
2026-04-14 07:08:33.053 10 WARNING neutron.scheduler.dhcp_agent_scheduler [req-086cd1cb-832a-47e4-91dc-ed35c0642f90 req-9464137d-0dbf-4bb0-b017-b3f943b16886 e27b5067055a4ec484a8b06992b6e83c 571edfe8c9fc4d40b7640fe9885efaa0 - - default default] No more DHCP agents
2026-04-14 07:08:33.057 10 WARNING neutron.api.rpc.agentnotifiers.dhcp_rpc_agent_api [req-086cd1cb-832a-47e4-91dc-ed35c0642f90 req-9464137d-0dbf-4bb0-b017-b3f943b16886 e27b5067055a4ec484a8b06992b6e83c 571edfe8c9fc4d40b7640fe9885efaa0 - - default default] Unable to schedule network 8e05b118-b466-44ca-9ec8-c320f2ae299b: no agents available; will retry on subsequent port and subnet creation events.
2026-04-14 07:08:33.243 9 INFO neutron.wsgi [req-3c0df03b-5711-4109-beb6-47e0ea1f23dc req-4f9681c9-75f6-4340-a89c-bb99ac0c3d22 e27b5067055a4ec484a8b06992b6e83c 571edfe8c9fc4d40b7640fe9885efaa0 - - default default] 10.0.0.182 "GET /v2.0/ports?device_id=f1f07b67-b56c-4030-ba09-53ee2b5a2374 HTTP/1.1" status: 200 len: 1156 time: 0.1032705
2026-04-14 07:08:33.272 9 INFO neutron.wsgi [None req-cbc73629-1018-4a5c-b83a-e0086cd94789 add9338a2b714f62b7234c94dba39f9b 82ded0903dba40858a978235e9bb2eb7 - - default default] 10.0.0.60 "DELETE /v2.0/security-groups/1d338ade-e96f-4212-b9d0-5a9cb5ec1fe7 HTTP/1.1" status: 204 len: 168 time: 0.3260381
2026-04-14 07:08:33.291 9 INFO neutron.wsgi [req-3c0df03b-5711-4109-beb6-47e0ea1f23dc req-508d89c7-5433-4739-9730-3dbd87f225c1 e27b5067055a4ec484a8b06992b6e83c 571edfe8c9fc4d40b7640fe9885efaa0 - - default default] 10.0.0.182 "GET /v2.0/security-groups?id=4c8ded6c-ee86-41e9-9c08-5acf724724d3&fields=id&fields=name HTTP/1.1" status: 200 len: 312 time: 0.0413311
2026-04-14 07:08:33.587 10 INFO neutron.db.ovn_revision_numbers_db [None req-999f11d8-cda8-4d05-ad12-db0a192a1b46 07920babcdf44b3d88fa49553ce19332 1776942c6e2641f8a8df09cced6098a7 - - default default] Successfully bumped revision number for resource 971a5f09-5a8b-478d-b26c-df1f90283086 (type: ports) to 1
2026-04-14 07:08:33.681 10 INFO neutron.db.ovn_revision_numbers_db [req-086cd1cb-832a-47e4-91dc-ed35c0642f90 req-9464137d-0dbf-4bb0-b017-b3f943b16886 e27b5067055a4ec484a8b06992b6e83c 571edfe8c9fc4d40b7640fe9885efaa0 - - default default] Successfully bumped revision number for resource 6e0c0f63-1723-4e6c-aef2-b81b5a6c6daf (type: ports) to 1
2026-04-14 07:08:33.752 10 INFO neutron.wsgi [req-086cd1cb-832a-47e4-91dc-ed35c0642f90 req-9464137d-0dbf-4bb0-b017-b3f943b16886 e27b5067055a4ec484a8b06992b6e83c 571edfe8c9fc4d40b7640fe9885efaa0 - - default default] 199.204.45.222 "POST /v2.0/ports HTTP/1.1" status: 201 len: 1158 time: 1.3586788 /var/lib/openstack/lib/python3.10/site-packages/pycadf/identifier.py:71: UserWarning: Invalid uuid: neutron. To ensure interoperability, identifiers should be a valid uuid. warnings.warn(('Invalid uuid: %s. To ensure interoperability, '
2026-04-14 07:08:34.362 9 INFO neutron.plugins.ml2.drivers.ovn.mech_driver.mech_driver [None req-ee58eb2f-c570-44b1-8998-618c0370270b - - - - - -] OVN reports status up for port: 971a5f09-5a8b-478d-b26c-df1f90283086
2026-04-14 07:08:34.370 9 INFO neutron.plugins.ml2.plugin [None req-ee58eb2f-c570-44b1-8998-618c0370270b - - - - - -] Attempt 1 to provision port 971a5f09-5a8b-478d-b26c-df1f90283086
2026-04-14 07:08:34.411 10 INFO neutron.wsgi [req-edcd9039-a982-46ab-b217-cdbd7b84174c req-de4cca81-75b5-4668-9430-bc45d7ea1ba6 e27b5067055a4ec484a8b06992b6e83c 571edfe8c9fc4d40b7640fe9885efaa0 - - default default] 10.0.0.182 "GET /v2.0/ports?device_id=f1f07b67-b56c-4030-ba09-53ee2b5a2374 HTTP/1.1" status: 200 len: 1156 time: 0.0401173
2026-04-14 07:08:34.414 10 INFO neutron.wsgi [None req-c5786f89-d6d3-4f34-a6a2-043d8b01de60 add9338a2b714f62b7234c94dba39f9b 82ded0903dba40858a978235e9bb2eb7 - - default default] 10.0.0.60 "DELETE /v2.0/routers/27c930d2-429d-4ca3-8de9-ab8fd1a8cf43 HTTP/1.1" status: 204 len: 168 time: 2.0408509
2026-04-14 07:08:34.439 10 INFO neutron.db.ovn_revision_numbers_db [None req-999f11d8-cda8-4d05-ad12-db0a192a1b46 07920babcdf44b3d88fa49553ce19332 1776942c6e2641f8a8df09cced6098a7 - - default default] Successfully bumped revision number for resource 971a5f09-5a8b-478d-b26c-df1f90283086 (type: router_ports) to 1
2026-04-14 07:08:34.518 10 INFO neutron.wsgi [req-edcd9039-a982-46ab-b217-cdbd7b84174c req-cd42669e-688a-4e11-b279-5df3a8b8276a e27b5067055a4ec484a8b06992b6e83c 571edfe8c9fc4d40b7640fe9885efaa0 - - default default] 10.0.0.182 "GET /v2.0/security-groups?id=4c8ded6c-ee86-41e9-9c08-5acf724724d3&fields=id&fields=name HTTP/1.1" status: 200 len: 312 time: 0.0972555
2026-04-14 07:08:34.676 10 INFO neutron.db.ovn_revision_numbers_db [None req-999f11d8-cda8-4d05-ad12-db0a192a1b46 07920babcdf44b3d88fa49553ce19332 1776942c6e2641f8a8df09cced6098a7 - - default default] Successfully bumped revision number for resource 971a5f09-5a8b-478d-b26c-df1f90283086 (type: ports) to 1
2026-04-14 07:08:34.703 9 INFO neutron.db.ovn_revision_numbers_db [None req-ee58eb2f-c570-44b1-8998-618c0370270b - - - - - -] Successfully bumped revision number for resource 971a5f09-5a8b-478d-b26c-df1f90283086 (type: ports) to 2
2026-04-14 07:08:34.796 9 INFO neutron.db.ovn_revision_numbers_db [None req-ee58eb2f-c570-44b1-8998-618c0370270b - - - - - -] Successfully bumped revision number for resource 971a5f09-5a8b-478d-b26c-df1f90283086 (type: router_ports) to 2
2026-04-14 07:08:34.798 10 INFO neutron.wsgi [None req-39ca7875-1e89-4ece-bd4e-c11bc89448b5 add9338a2b714f62b7234c94dba39f9b 82ded0903dba40858a978235e9bb2eb7 - - default default] 10.0.0.60 "DELETE /v2.0/subnets/675e7914-234f-4b73-bbe7-2fc7525cecc1 HTTP/1.1" status: 204 len: 168 time: 0.3792734
2026-04-14 07:08:34.802 10 INFO neutron.db.ovn_revision_numbers_db [req-086cd1cb-832a-47e4-91dc-ed35c0642f90 req-a0ff8734-9cc3-4455-95d9-7098785f908c 7071519e53d54dbca5cddcd54c87f29c cbe7e2eda50c40fd93d79d22a50a0674 - - 57dfbdfe5cbc4cfe88327dd0941f775f 57dfbdfe5cbc4cfe88327dd0941f775f] Successfully bumped revision number for resource 6e0c0f63-1723-4e6c-aef2-b81b5a6c6daf (type: ports) to 2
2026-04-14 07:08:34.813 10 WARNING neutron.scheduler.dhcp_agent_scheduler [None req-999f11d8-cda8-4d05-ad12-db0a192a1b46 07920babcdf44b3d88fa49553ce19332 1776942c6e2641f8a8df09cced6098a7 - - default default] No more DHCP agents
2026-04-14 07:08:34.815 10 WARNING neutron.api.rpc.agentnotifiers.dhcp_rpc_agent_api [None req-999f11d8-cda8-4d05-ad12-db0a192a1b46 07920babcdf44b3d88fa49553ce19332 1776942c6e2641f8a8df09cced6098a7 - - default default] Unable to schedule network 77e37f61-e529-4664-a989-fb56b2f51dc3: no agents available; will retry on subsequent port and subnet creation events.
2026-04-14 07:08:35.027 10 INFO neutron.db.ovn_revision_numbers_db [None req-999f11d8-cda8-4d05-ad12-db0a192a1b46 07920babcdf44b3d88fa49553ce19332 1776942c6e2641f8a8df09cced6098a7 - - default default] Successfully bumped revision number for resource 971a5f09-5a8b-478d-b26c-df1f90283086 (type: router_ports) to 2
2026-04-14 07:08:35.029 10 INFO neutron.wsgi [None req-999f11d8-cda8-4d05-ad12-db0a192a1b46 07920babcdf44b3d88fa49553ce19332 1776942c6e2641f8a8df09cced6098a7 - - default default] 10.0.0.60 "PUT /v2.0/routers/9e4e6234-826b-45f1-a8ff-497a9a02596d/add_router_interface HTTP/1.1" status: 200 len: 503 time: 2.7585335
2026-04-14 07:08:35.047 10 INFO neutron.db.ovn_revision_numbers_db [req-086cd1cb-832a-47e4-91dc-ed35c0642f90 req-a0ff8734-9cc3-4455-95d9-7098785f908c 7071519e53d54dbca5cddcd54c87f29c cbe7e2eda50c40fd93d79d22a50a0674 - - 57dfbdfe5cbc4cfe88327dd0941f775f 57dfbdfe5cbc4cfe88327dd0941f775f] Successfully bumped revision number for resource 6e0c0f63-1723-4e6c-aef2-b81b5a6c6daf (type: ports) to 2
2026-04-14 07:08:35.061 10 INFO neutron.wsgi [req-086cd1cb-832a-47e4-91dc-ed35c0642f90 req-a0ff8734-9cc3-4455-95d9-7098785f908c 7071519e53d54dbca5cddcd54c87f29c cbe7e2eda50c40fd93d79d22a50a0674 - - 57dfbdfe5cbc4cfe88327dd0941f775f 57dfbdfe5cbc4cfe88327dd0941f775f] 199.204.45.222 "PUT /v2.0/ports/6e0c0f63-1723-4e6c-aef2-b81b5a6c6daf HTTP/1.1" status: 200 len: 1376 time: 1.2892423
2026-04-14 07:08:35.098 10 INFO neutron.notifiers.nova [-] Nova event matching ['req-c94bf749-2d88-4eb8-8035-67510c2794e6'] response: {'name': 'network-changed', 'server_uuid': 'f1f07b67-b56c-4030-ba09-53ee2b5a2374', 'tag': '6e0c0f63-1723-4e6c-aef2-b81b5a6c6daf', 'status': 'completed', 'code': 200} /var/lib/openstack/lib/python3.10/site-packages/pycadf/identifier.py:71: UserWarning: Invalid uuid: neutron. To ensure interoperability, identifiers should be a valid uuid. warnings.warn(('Invalid uuid: %s. To ensure interoperability, '
2026-04-14 07:08:35.141 10 INFO neutron.wsgi [req-086cd1cb-832a-47e4-91dc-ed35c0642f90 req-5deaa736-6493-4839-ab93-4a211296a769 7071519e53d54dbca5cddcd54c87f29c cbe7e2eda50c40fd93d79d22a50a0674 - - 57dfbdfe5cbc4cfe88327dd0941f775f 57dfbdfe5cbc4cfe88327dd0941f775f] 199.204.45.222 "GET /v2.0/ports?tenant_id=571edfe8c9fc4d40b7640fe9885efaa0&device_id=f1f07b67-b56c-4030-ba09-53ee2b5a2374 HTTP/1.1" status: 200 len: 1407 time: 0.0354238
2026-04-14 07:08:35.176 10 INFO neutron.wsgi [req-086cd1cb-832a-47e4-91dc-ed35c0642f90 req-04728762-e4fe-4e0f-b450-5bcdc0c9f5e6 7071519e53d54dbca5cddcd54c87f29c cbe7e2eda50c40fd93d79d22a50a0674 - - 57dfbdfe5cbc4cfe88327dd0941f775f 57dfbdfe5cbc4cfe88327dd0941f775f] 199.204.45.222 "GET /v2.0/floatingips?fixed_ip_address=10.100.0.8&port_id=6e0c0f63-1723-4e6c-aef2-b81b5a6c6daf HTTP/1.1" status: 200 len: 217 time: 0.0271115
2026-04-14 07:08:35.217 10 INFO neutron.wsgi [req-086cd1cb-832a-47e4-91dc-ed35c0642f90 req-26db4f65-66f1-4e92-acc6-7c1062e6cc1f 7071519e53d54dbca5cddcd54c87f29c cbe7e2eda50c40fd93d79d22a50a0674 - - 57dfbdfe5cbc4cfe88327dd0941f775f 57dfbdfe5cbc4cfe88327dd0941f775f] 199.204.45.222 "GET /v2.0/subnets?id=513652b6-ae0a-44f6-85d5-871e4d619800 HTTP/1.1" status: 200 len: 853 time: 0.0333509
2026-04-14 07:08:35.229 9 INFO neutron.wsgi [None req-93aee5e0-0a8b-48c4-b1d7-a71e1a45533b 07920babcdf44b3d88fa49553ce19332 1776942c6e2641f8a8df09cced6098a7 - - default default] 10.0.0.60 "GET /v2.0/ports/971a5f09-5a8b-478d-b26c-df1f90283086 HTTP/1.1" status: 200 len: 1141 time: 0.1938882
2026-04-14 07:08:35.244 10 INFO neutron.wsgi [req-086cd1cb-832a-47e4-91dc-ed35c0642f90 req-01ca82bf-af41-4154-8a02-7b357a8e758c 7071519e53d54dbca5cddcd54c87f29c cbe7e2eda50c40fd93d79d22a50a0674 - - 57dfbdfe5cbc4cfe88327dd0941f775f 57dfbdfe5cbc4cfe88327dd0941f775f] 199.204.45.222 "GET /v2.0/ports?network_id=8e05b118-b466-44ca-9ec8-c320f2ae299b&device_owner=network%3Adhcp HTTP/1.1" status: 200 len: 210 time: 0.0193110
2026-04-14 07:08:35.332 10 INFO neutron.wsgi [req-086cd1cb-832a-47e4-91dc-ed35c0642f90 req-4ef39cbc-cf3f-43b5-a1c1-bd7186dd28c6 7071519e53d54dbca5cddcd54c87f29c cbe7e2eda50c40fd93d79d22a50a0674 - - 57dfbdfe5cbc4cfe88327dd0941f775f 57dfbdfe5cbc4cfe88327dd0941f775f] 199.204.45.222 "GET /v2.0/networks/8e05b118-b466-44ca-9ec8-c320f2ae299b?fields=segments HTTP/1.1" status: 200 len: 212 time: 0.0681450
2026-04-14 07:08:35.430 9 INFO neutron.services.segments.plugin [-] Segment e9301f8b-be8a-449e-8b8c-f1f4353acc64 resource provider aggregate not found
2026-04-14 07:08:35.434 9 INFO neutron.services.segments.plugin [-] Segment e9301f8b-be8a-449e-8b8c-f1f4353acc64 resource provider aggregate not found
2026-04-14 07:08:35.436 10 INFO neutron.wsgi [req-086cd1cb-832a-47e4-91dc-ed35c0642f90 req-fedc6550-ceed-4770-86bb-6462425360d7 7071519e53d54dbca5cddcd54c87f29c cbe7e2eda50c40fd93d79d22a50a0674 - - 57dfbdfe5cbc4cfe88327dd0941f775f 57dfbdfe5cbc4cfe88327dd0941f775f] 199.204.45.222 "GET /v2.0/networks/8e05b118-b466-44ca-9ec8-c320f2ae299b?fields=provider%3Aphysical_network&fields=provider%3Anetwork_type HTTP/1.1" status: 200 len: 277 time: 0.0966067
2026-04-14 07:08:35.450 9 INFO neutron.services.segments.plugin [-] Segment e9301f8b-be8a-449e-8b8c-f1f4353acc64 resource provider not found; error: Placement Client Error (4xx): {"errors": [{"status": 404, "title": "Not Found", "detail": "The resource could not be found.\n\n No resource provider with uuid e9301f8b-be8a-449e-8b8c-f1f4353acc64 found for delete ", "request_id": "req-faee80d9-ffff-4252-bcc3-5d6015ecc2ef"}]}
2026-04-14 07:08:35.452 9 INFO neutron.services.segments.plugin [-] Segment e9301f8b-be8a-449e-8b8c-f1f4353acc64 resource provider not found; error: Placement Client Error (4xx): {"errors": [{"status": 404, "title": "Not Found", "detail": "The resource could not be found.\n\n No resource provider with uuid e9301f8b-be8a-449e-8b8c-f1f4353acc64 found for delete ", "request_id": "req-2b9b8876-c977-4e56-9979-161434fa2200"}]}
2026-04-14 07:08:35.480 9 INFO neutron.wsgi [None req-cf6ed27b-d25c-46fb-93c4-cfce0b6e8bef add9338a2b714f62b7234c94dba39f9b 82ded0903dba40858a978235e9bb2eb7 - - default default] 10.0.0.60 "DELETE /v2.0/networks/23997c13-e861-4003-a648-6c805795acbe HTTP/1.1" status: 204 len: 168 time: 0.6780987
2026-04-14 07:08:35.532 10 INFO neutron.wsgi [req-60a53c6f-d0e3-4b6e-9207-0d05ec4653fa req-c54e3b10-d4f1-4d21-8261-39984efe26b9 7071519e53d54dbca5cddcd54c87f29c cbe7e2eda50c40fd93d79d22a50a0674 - - 57dfbdfe5cbc4cfe88327dd0941f775f 57dfbdfe5cbc4cfe88327dd0941f775f] 199.204.45.222 "GET /v2.0/ports?tenant_id=571edfe8c9fc4d40b7640fe9885efaa0&device_id=f1f07b67-b56c-4030-ba09-53ee2b5a2374 HTTP/1.1" status: 200 len: 1407 time: 0.0503869
2026-04-14 07:08:35.620 10 INFO neutron.wsgi [req-60a53c6f-d0e3-4b6e-9207-0d05ec4653fa req-2519b819-ba5f-4c38-acfd-7442481c9f6c 7071519e53d54dbca5cddcd54c87f29c cbe7e2eda50c40fd93d79d22a50a0674 - - 57dfbdfe5cbc4cfe88327dd0941f775f 57dfbdfe5cbc4cfe88327dd0941f775f] 199.204.45.222 "GET /v2.0/networks?id=8e05b118-b466-44ca-9ec8-c320f2ae299b HTTP/1.1" status: 200 len: 957 time: 0.0818980
2026-04-14 07:08:35.649 10 INFO neutron.plugins.ml2.drivers.ovn.mech_driver.mech_driver [None req-7ccfdceb-07a4-42c5-97a9-55fa53fa2b74 - - - - - -] OVN reports status up for port: 6e0c0f63-1723-4e6c-aef2-b81b5a6c6daf
2026-04-14 07:08:35.655 10 INFO neutron.wsgi [req-60a53c6f-d0e3-4b6e-9207-0d05ec4653fa req-5d73de30-df6a-47c3-ac86-0b76e1786cba 7071519e53d54dbca5cddcd54c87f29c cbe7e2eda50c40fd93d79d22a50a0674 - - 57dfbdfe5cbc4cfe88327dd0941f775f 57dfbdfe5cbc4cfe88327dd0941f775f] 199.204.45.222 "GET /v2.0/floatingips?fixed_ip_address=10.100.0.8&port_id=6e0c0f63-1723-4e6c-aef2-b81b5a6c6daf HTTP/1.1" status: 200 len: 217 time: 0.0276103
2026-04-14 07:08:35.672 10 INFO neutron.plugins.ml2.plugin [None req-7ccfdceb-07a4-42c5-97a9-55fa53fa2b74 - - - - - -] Attempt 1 to provision port 6e0c0f63-1723-4e6c-aef2-b81b5a6c6daf
2026-04-14 07:08:35.734 10 INFO neutron.wsgi [req-60a53c6f-d0e3-4b6e-9207-0d05ec4653fa req-0e738f50-f118-4c70-b0c6-b03b2d3e077c 7071519e53d54dbca5cddcd54c87f29c cbe7e2eda50c40fd93d79d22a50a0674 - - 57dfbdfe5cbc4cfe88327dd0941f775f 57dfbdfe5cbc4cfe88327dd0941f775f] 199.204.45.222 "GET /v2.0/subnets?id=513652b6-ae0a-44f6-85d5-871e4d619800 HTTP/1.1" status: 200 len: 853 time: 0.0716043
2026-04-14 07:08:35.753 9 INFO neutron.wsgi [None req-1ddd41ed-8b9c-4b20-b987-d57e82763a73 add9338a2b714f62b7234c94dba39f9b 82ded0903dba40858a978235e9bb2eb7 - - default default] 10.0.0.60 "GET /v2.0/security-groups?tenant_id=2107a27446e947298937c00ba74a63b1&name=default HTTP/1.1" status: 200 len: 2996 time: 0.0660133
2026-04-14 07:08:35.761 10 INFO neutron.wsgi [req-60a53c6f-d0e3-4b6e-9207-0d05ec4653fa req-015f829f-80cf-4bda-848c-f08907635bf5 7071519e53d54dbca5cddcd54c87f29c cbe7e2eda50c40fd93d79d22a50a0674 - - 57dfbdfe5cbc4cfe88327dd0941f775f 57dfbdfe5cbc4cfe88327dd0941f775f] 199.204.45.222 "GET /v2.0/ports?network_id=8e05b118-b466-44ca-9ec8-c320f2ae299b&device_owner=network%3Adhcp HTTP/1.1" status: 200 len: 210 time: 0.0229142
2026-04-14 07:08:35.784 10 INFO neutron.wsgi [req-447dd948-1183-494a-bf1a-790e96eff612 req-a4dfd5a0-1c05-430d-9a74-b47057eabfca e27b5067055a4ec484a8b06992b6e83c 571edfe8c9fc4d40b7640fe9885efaa0 - - default default] 10.0.0.182 "GET /v2.0/ports?device_id=f1f07b67-b56c-4030-ba09-53ee2b5a2374 HTTP/1.1" status: 200 len: 1168 time: 0.1965117
2026-04-14 07:08:35.965 9 WARNING neutron.scheduler.dhcp_agent_scheduler [None req-d6d02858-e254-444c-91a8-8a746a24db32 07920babcdf44b3d88fa49553ce19332 1776942c6e2641f8a8df09cced6098a7 - - default default] No more DHCP agents
2026-04-14 07:08:35.969 9 WARNING neutron.api.rpc.agentnotifiers.dhcp_rpc_agent_api [None req-d6d02858-e254-444c-91a8-8a746a24db32 07920babcdf44b3d88fa49553ce19332 1776942c6e2641f8a8df09cced6098a7 - - default default] Unable to schedule network e9cfe3e6-aa17-48a2-9359-4074519f8e3a: no agents available; will retry on subsequent port and subnet creation events.
2026-04-14 07:08:36.099 9 INFO neutron.db.ovn_revision_numbers_db [None req-d6d02858-e254-444c-91a8-8a746a24db32 07920babcdf44b3d88fa49553ce19332 1776942c6e2641f8a8df09cced6098a7 - - default default] Successfully bumped revision number for resource ade3da3d-2cc7-4bcf-9833-98159f7d33da (type: ports) to 1
2026-04-14 07:08:36.139 9 INFO neutron.wsgi [None req-f31b4523-e835-4c1c-a2c6-2a4e210ed7bc add9338a2b714f62b7234c94dba39f9b 82ded0903dba40858a978235e9bb2eb7 - - default default] 10.0.0.60 "DELETE /v2.0/security-groups/d6f61481-1401-4539-af21-415f210c128e HTTP/1.1" status: 204 len: 168 time: 0.3804908
2026-04-14 07:08:36.168 10 INFO neutron.wsgi [req-447dd948-1183-494a-bf1a-790e96eff612 req-b81072fa-f374-4464-b391-8db63b2f6692 e27b5067055a4ec484a8b06992b6e83c 571edfe8c9fc4d40b7640fe9885efaa0 - - default default] 10.0.0.182 "GET /v2.0/security-groups?id=4c8ded6c-ee86-41e9-9c08-5acf724724d3&fields=id&fields=name HTTP/1.1" status: 200 len: 312 time: 0.0843089
2026-04-14 07:08:36.173 10 INFO neutron.wsgi [req-60a53c6f-d0e3-4b6e-9207-0d05ec4653fa req-cc8016f0-9f80-45c9-a3a4-8e1f2c0fcd99 7071519e53d54dbca5cddcd54c87f29c cbe7e2eda50c40fd93d79d22a50a0674 - - 57dfbdfe5cbc4cfe88327dd0941f775f 57dfbdfe5cbc4cfe88327dd0941f775f] 199.204.45.222 "GET /v2.0/networks/8e05b118-b466-44ca-9ec8-c320f2ae299b?fields=segments HTTP/1.1" status: 200 len: 212 time: 0.3986354
