2026-04-14 07:08:45.745 9 INFO neutron.wsgi [None req-af59c4e1-726b-4841-bdba-c5ca3b7ea772 07920babcdf44b3d88fa49553ce19332 1776942c6e2641f8a8df09cced6098a7 - - default default] 10.0.0.60 "PUT /v2.0/routers/3cdf5391-dce9-451a-9332-383b56702d77/add_router_interface HTTP/1.1" status: 200 len: 503 time: 2.2475493
2026-04-14 07:08:45.881 10 INFO neutron.wsgi [None req-89688f55-ebe4-4922-b159-6df103fb5849 add9338a2b714f62b7234c94dba39f9b 82ded0903dba40858a978235e9bb2eb7 - - default default] 10.0.0.93 "GET /v2.0/routers HTTP/1.1" status: 200 len: 2507 time: 0.1201680 /var/lib/openstack/lib/python3.10/site-packages/pycadf/identifier.py:71: UserWarning: Invalid uuid: neutron. To ensure interoperability, identifiers should be a valid uuid. warnings.warn(('Invalid uuid: %s. To ensure interoperability, '
2026-04-14 07:08:45.897 10 INFO neutron.wsgi [None req-abaf0f03-5a29-4e98-8a36-28959f706044 add9338a2b714f62b7234c94dba39f9b 82ded0903dba40858a978235e9bb2eb7 - - default default] 10.0.0.93 "GET /v2.0/agents?binary=ovn-controller HTTP/1.1" status: 200 len: 591 time: 0.0147569
2026-04-14 07:08:45.907 10 INFO neutron.wsgi [None req-dd06f34d-7535-4a95-b8ca-6e508994241f 07920babcdf44b3d88fa49553ce19332 1776942c6e2641f8a8df09cced6098a7 - - default default] 10.0.0.60 "GET /v2.0/ports/5954ea1b-b79f-485d-9aed-cfbe2d021d6f HTTP/1.1" status: 200 len: 1221 time: 0.1466472
2026-04-14 07:08:45.913 10 INFO neutron.wsgi [None req-12c551a2-381e-41f0-9c88-783945d3d8bb add9338a2b714f62b7234c94dba39f9b 82ded0903dba40858a978235e9bb2eb7 - - default default] 10.0.0.93 "GET /v2.0/agents HTTP/1.1" status: 200 len: 997 time: 0.0133653
2026-04-14 07:08:45.957 10 INFO neutron.wsgi [None req-bb06707b-6fb8-4b54-88b5-93188bd8f8c8 add9338a2b714f62b7234c94dba39f9b 82ded0903dba40858a978235e9bb2eb7 - - default default] 10.0.0.93 "GET /v2.0/floatingips HTTP/1.1" status: 200 len: 1035 time: 0.0438972
2026-04-14 07:08:45.972 10 INFO neutron.wsgi [None req-29aa434f-5e11-48ea-8228-4ce52c04d070 add9338a2b714f62b7234c94dba39f9b 82ded0903dba40858a978235e9bb2eb7 - - default default] 10.0.0.93 "GET /v2.0/network-ip-availabilities HTTP/1.1" status: 200 len: 3132 time: 0.0135429
2026-04-14 07:08:46.011 10 INFO neutron.wsgi [None req-247f15d4-8761-4c2b-a973-cd1ae1316f7d add9338a2b714f62b7234c94dba39f9b 82ded0903dba40858a978235e9bb2eb7 - - default default] 10.0.0.93 "GET /v2.0/subnets HTTP/1.1" status: 200 len: 4021 time: 0.0381947
2026-04-14 07:08:46.023 10 INFO neutron.wsgi [None req-70fe1df7-7c85-4bdc-8566-8689f27a27c9 add9338a2b714f62b7234c94dba39f9b 82ded0903dba40858a978235e9bb2eb7 - - default default] 10.0.0.93 "GET /v2.0/subnetpools HTTP/1.1" status: 200 len: 193 time: 0.0089114
2026-04-14 07:08:46.133 9 INFO neutron.wsgi [req-9cf244cb-ce52-4636-96d4-a5a306dd7008 req-e7338ad5-6445-4c06-a708-b9e6f2a7d817 939187aa0e67436495f0742d9d0def3f 1924e0526efe4ee9ac0e7a279f3e5f5d - - default default] 10.0.0.182 "GET /v2.0/networks?id=09759995-7b00-4235-ad0d-84ea4d31afc2 HTTP/1.1" status: 200 len: 877 time: 0.1465523 /var/lib/openstack/lib/python3.10/site-packages/pycadf/identifier.py:71: UserWarning: Invalid uuid: neutron. To ensure interoperability, identifiers should be a valid uuid. warnings.warn(('Invalid uuid: %s. To ensure interoperability, '
2026-04-14 07:08:46.166 9 INFO neutron.wsgi [req-9cf244cb-ce52-4636-96d4-a5a306dd7008 req-c8563723-95fc-4929-91fb-fd685d84f5c4 939187aa0e67436495f0742d9d0def3f 1924e0526efe4ee9ac0e7a279f3e5f5d - - default default] 10.0.0.182 "GET /v2.0/quotas/1924e0526efe4ee9ac0e7a279f3e5f5d HTTP/1.1" status: 200 len: 386 time: 0.0255964
2026-04-14 07:08:46.295 9 INFO neutron.wsgi [req-9cf244cb-ce52-4636-96d4-a5a306dd7008 req-742f8d4d-36bb-4777-9dc8-50ea28c0f8cb 939187aa0e67436495f0742d9d0def3f 1924e0526efe4ee9ac0e7a279f3e5f5d - - default default] 10.0.0.182 "GET /v2.0/ports?tenant_id=1924e0526efe4ee9ac0e7a279f3e5f5d&fields=id HTTP/1.1" status: 200 len: 302 time: 0.1122713
2026-04-14 07:08:46.573 9 WARNING neutron.scheduler.dhcp_agent_scheduler [None req-5870b9f0-bfeb-48b5-a6b8-b068a6384f70 add9338a2b714f62b7234c94dba39f9b 82ded0903dba40858a978235e9bb2eb7 - - default default] No more DHCP agents
2026-04-14 07:08:46.579 9 WARNING neutron.api.rpc.agentnotifiers.dhcp_rpc_agent_api [None req-5870b9f0-bfeb-48b5-a6b8-b068a6384f70 add9338a2b714f62b7234c94dba39f9b 82ded0903dba40858a978235e9bb2eb7 - - default default] Unable to schedule network c3f27773-0091-4883-b44e-15bc25a9428c: no agents available; will retry on subsequent port and subnet creation events.
2026-04-14 07:08:46.618 9 INFO neutron.wsgi [req-9cf244cb-ce52-4636-96d4-a5a306dd7008 req-a6b6b779-e474-442d-9432-1dc0c53857a1 7071519e53d54dbca5cddcd54c87f29c cbe7e2eda50c40fd93d79d22a50a0674 - - 57dfbdfe5cbc4cfe88327dd0941f775f 57dfbdfe5cbc4cfe88327dd0941f775f] 10.0.0.182 "GET /v2.0/networks/09759995-7b00-4235-ad0d-84ea4d31afc2?fields=segments HTTP/1.1" status: 200 len: 212 time: 0.1089606
2026-04-14 07:08:46.758 9 INFO neutron.wsgi [req-9cf244cb-ce52-4636-96d4-a5a306dd7008 req-8bd25e37-afeb-484f-8a02-03f20b25ab28 7071519e53d54dbca5cddcd54c87f29c cbe7e2eda50c40fd93d79d22a50a0674 - - 57dfbdfe5cbc4cfe88327dd0941f775f 57dfbdfe5cbc4cfe88327dd0941f775f] 10.0.0.182 "GET /v2.0/networks/09759995-7b00-4235-ad0d-84ea4d31afc2?fields=provider%3Aphysical_network&fields=provider%3Anetwork_type HTTP/1.1" status: 200 len: 277 time: 0.1278918
2026-04-14 07:08:47.016 9 INFO neutron.db.ovn_revision_numbers_db [None req-5870b9f0-bfeb-48b5-a6b8-b068a6384f70 add9338a2b714f62b7234c94dba39f9b 82ded0903dba40858a978235e9bb2eb7 - - default default] Successfully bumped revision number for resource c3a9d8cd-ccec-4874-912c-89dca31f0811 (type: ports) to 1
2026-04-14 07:08:47.090 10 INFO neutron.wsgi [req-ef6febe4-1df9-4575-bd27-0f22c2e86bdd req-51779559-d2f2-400a-b19b-d3fcf140a9f3 939187aa0e67436495f0742d9d0def3f 1924e0526efe4ee9ac0e7a279f3e5f5d - - default default] 10.0.0.182 "GET /v2.0/ports?device_id=7d580b6a-452e-4a24-b52f-aca772fc22c6 HTTP/1.1" status: 200 len: 210 time: 0.0273910
2026-04-14 07:08:47.250 9 INFO neutron.wsgi [None req-83bf1ccc-922f-4858-8a93-3dc284a2dc2b 07920babcdf44b3d88fa49553ce19332 1776942c6e2641f8a8df09cced6098a7 - - default default] 10.0.0.60 "PUT /v2.0/routers/3cdf5391-dce9-451a-9332-383b56702d77/remove_router_interface HTTP/1.1" status: 200 len: 503 time: 1.3376586
2026-04-14 07:08:47.335 10 INFO neutron.api.v2.resource [None req-c697bae5-470c-45cb-9b62-6cf382d787ca 07920babcdf44b3d88fa49553ce19332 1776942c6e2641f8a8df09cced6098a7 - - default default] remove_router_interface failed (client error): The resource could not be found.
2026-04-14 07:08:47.337 10 INFO neutron.wsgi [None req-c697bae5-470c-45cb-9b62-6cf382d787ca 07920babcdf44b3d88fa49553ce19332 1776942c6e2641f8a8df09cced6098a7 - - default default] 10.0.0.60 "PUT /v2.0/routers/3cdf5391-dce9-451a-9332-383b56702d77/remove_router_interface HTTP/1.1" status: 404 len: 398 time: 0.0795841
2026-04-14 07:08:47.360 10 INFO neutron.wsgi [None req-f29d6e6e-4420-4255-a240-85468f15dc4c 07920babcdf44b3d88fa49553ce19332 1776942c6e2641f8a8df09cced6098a7 - - default default] 10.0.0.60 "GET /v2.0/ports?device_id=3cdf5391-dce9-451a-9332-383b56702d77 HTTP/1.1" status: 200 len: 205 time: 0.0171666
2026-04-14 07:08:47.850 10 INFO neutron.plugins.ml2.drivers.ovn.mech_driver.ovsdb.ovsdb_monitor [None req-4056a20a-2af7-46a2-9552-cf7814d23e06 - - - - - -] Router 6340bb30-0331-446b-ba85-84e65e83893e is bound to host instance
2026-04-14 07:08:47.860 9 INFO neutron.db.ovn_revision_numbers_db [None req-5870b9f0-bfeb-48b5-a6b8-b068a6384f70 add9338a2b714f62b7234c94dba39f9b 82ded0903dba40858a978235e9bb2eb7 - - default default] Successfully bumped revision number for resource c3a9d8cd-ccec-4874-912c-89dca31f0811 (type: router_ports) to 1
2026-04-14 07:08:47.932 10 INFO neutron.wsgi [None req-eb3d4a8f-7755-4e2b-a335-3dfd6b6d6cef 07920babcdf44b3d88fa49553ce19332 1776942c6e2641f8a8df09cced6098a7 - - default default] 10.0.0.60 "DELETE /v2.0/routers/3cdf5391-dce9-451a-9332-383b56702d77 HTTP/1.1" status: 204 len: 168 time: 0.5672181 /var/lib/openstack/lib/python3.10/site-packages/pycadf/identifier.py:71: UserWarning: Invalid uuid: neutron. To ensure interoperability, identifiers should be a valid uuid. warnings.warn(('Invalid uuid: %s. To ensure interoperability, '
2026-04-14 07:08:47.976 9 INFO neutron.db.ovn_revision_numbers_db [None req-5870b9f0-bfeb-48b5-a6b8-b068a6384f70 add9338a2b714f62b7234c94dba39f9b 82ded0903dba40858a978235e9bb2eb7 - - default default] Successfully bumped revision number for resource 6340bb30-0331-446b-ba85-84e65e83893e (type: routers) to 2
2026-04-14 07:08:48.032 9 INFO neutron.wsgi [None req-5870b9f0-bfeb-48b5-a6b8-b068a6384f70 add9338a2b714f62b7234c94dba39f9b 82ded0903dba40858a978235e9bb2eb7 - - default default] 10.0.0.60 "POST /v2.0/routers HTTP/1.1" status: 201 len: 874 time: 2.5752554
2026-04-14 07:08:48.179 9 INFO neutron.wsgi [None req-7d7d0ca0-4009-431b-8301-0fbe58e955fc 07920babcdf44b3d88fa49553ce19332 1776942c6e2641f8a8df09cced6098a7 - - default default] 10.0.0.60 "DELETE /v2.0/subnets/f3c3926a-c089-416f-af0c-12b27e01bfde HTTP/1.1" status: 204 len: 168 time: 0.2410402
2026-04-14 07:08:48.205 9 INFO neutron.wsgi [req-e56655f8-540e-4f7e-9e61-def8bbe72b75 req-0fccc67f-c0fc-4b08-9b3d-c9e4c5e71d79 939187aa0e67436495f0742d9d0def3f 1924e0526efe4ee9ac0e7a279f3e5f5d - - default default] 10.0.0.182 "GET /v2.0/ports?device_id=7d580b6a-452e-4a24-b52f-aca772fc22c6 HTTP/1.1" status: 200 len: 210 time: 0.0250344
2026-04-14 07:08:48.560 10 INFO neutron.wsgi [req-9cf244cb-ce52-4636-96d4-a5a306dd7008 req-7b83bfa8-6c8e-428c-bc0b-4ae03d41a8d9 939187aa0e67436495f0742d9d0def3f 1924e0526efe4ee9ac0e7a279f3e5f5d - - default default] 199.204.45.222 "GET /v2.0/networks?id=09759995-7b00-4235-ad0d-84ea4d31afc2 HTTP/1.1" status: 200 len: 877 time: 0.1666391
2026-04-14 07:08:48.590 10 WARNING neutron_lib.context [req-9cf244cb-ce52-4636-96d4-a5a306dd7008 req-e368f351-c06a-4069-8188-84ee131c4729 939187aa0e67436495f0742d9d0def3f 1924e0526efe4ee9ac0e7a279f3e5f5d - - default default] Method 'is_advsvc' is deprecated since 2023.2 release (neutron-lib 3.8.0) and will be removed once support for the old RBAC API policies will be removed from Neutron. Please use method 'is_service_role' instead.
2026-04-14 07:08:48.706 10 INFO neutron.db.ovn_revision_numbers_db [None req-4056a20a-2af7-46a2-9552-cf7814d23e06 - - - - - -] Successfully bumped revision number for resource c3a9d8cd-ccec-4874-912c-89dca31f0811 (type: ports) to 1
2026-04-14 07:08:49.030 10 INFO neutron.services.segments.plugin [-] Segment 103e6867-b03b-42b3-a138-e02368311b7d resource provider aggregate not found
2026-04-14 07:08:49.037 10 INFO neutron.services.segments.plugin [-] Segment 103e6867-b03b-42b3-a138-e02368311b7d resource provider aggregate not found
2026-04-14 07:08:49.064 10 INFO neutron.services.segments.plugin [-] Segment 103e6867-b03b-42b3-a138-e02368311b7d resource provider not found; error: Placement Client Error (4xx): {"errors": [{"status": 404, "title": "Not Found", "detail": "The resource could not be found.\n\n No resource provider with uuid 103e6867-b03b-42b3-a138-e02368311b7d found for delete ", "request_id": "req-0a6eb146-cf62-49b2-b676-f079f3aef73d"}]}
2026-04-14 07:08:49.078 10 INFO neutron.services.segments.plugin [-] Segment 103e6867-b03b-42b3-a138-e02368311b7d resource provider not found; error: Placement Client Error (4xx): {"errors": [{"status": 404, "title": "Not Found", "detail": "The resource could not be found.\n\n No resource provider with uuid 103e6867-b03b-42b3-a138-e02368311b7d found for delete ", "request_id": "req-95e6e8fa-143f-4313-aa0e-cabd696f1ff7"}]}
2026-04-14 07:08:49.148 10 WARNING neutron.scheduler.dhcp_agent_scheduler [None req-61560efd-dc94-4dc6-8617-4787e7ca109e add9338a2b714f62b7234c94dba39f9b 82ded0903dba40858a978235e9bb2eb7 - - default default] No more DHCP agents
2026-04-14 07:08:49.155 10 WARNING neutron.api.rpc.agentnotifiers.dhcp_rpc_agent_api [None req-61560efd-dc94-4dc6-8617-4787e7ca109e add9338a2b714f62b7234c94dba39f9b 82ded0903dba40858a978235e9bb2eb7 - - default default] Unable to schedule network a83956da-7d7d-43d3-9488-e4c67fdd7c6a: no agents available; will retry on subsequent port and subnet creation events. /var/lib/openstack/lib/python3.10/site-packages/pycadf/identifier.py:71: UserWarning: Invalid uuid: neutron. To ensure interoperability, identifiers should be a valid uuid. warnings.warn(('Invalid uuid: %s. To ensure interoperability, '
2026-04-14 07:08:49.325 10 INFO neutron.wsgi [req-74e66d21-8524-4839-8897-f43806d7642c req-303c4dbe-7f3c-4557-ba9e-fee27a400e72 939187aa0e67436495f0742d9d0def3f 1924e0526efe4ee9ac0e7a279f3e5f5d - - default default] 10.0.0.182 "GET /v2.0/ports?device_id=7d580b6a-452e-4a24-b52f-aca772fc22c6 HTTP/1.1" status: 200 len: 210 time: 0.0312963
2026-04-14 07:08:49.436 10 INFO neutron.db.ovn_revision_numbers_db [None req-4056a20a-2af7-46a2-9552-cf7814d23e06 - - - - - -] Successfully bumped revision number for resource c3a9d8cd-ccec-4874-912c-89dca31f0811 (type: router_ports) to 3
2026-04-14 07:08:49.493 10 INFO neutron.db.ovn_revision_numbers_db [None req-61560efd-dc94-4dc6-8617-4787e7ca109e add9338a2b714f62b7234c94dba39f9b 82ded0903dba40858a978235e9bb2eb7 - - default default] Successfully bumped revision number for resource 86162839-f047-4764-b933-68ec073c2001 (type: ports) to 1
2026-04-14 07:08:49.507 10 INFO neutron.wsgi [None req-6f2602d6-44d0-4fed-855b-b6200b971241 07920babcdf44b3d88fa49553ce19332 1776942c6e2641f8a8df09cced6098a7 - - default default] 10.0.0.60 "DELETE /v2.0/networks/4e81d381-246a-4df9-b335-57ed49e14e85 HTTP/1.1" status: 204 len: 168 time: 1.3195868
2026-04-14 07:08:49.519 9 WARNING neutron_lib.context [None req-74192f3f-3c64-4661-9916-5292837d9ed0 07920babcdf44b3d88fa49553ce19332 1776942c6e2641f8a8df09cced6098a7 - - default default] Method 'is_advsvc' is deprecated since 2023.2 release (neutron-lib 3.8.0) and will be removed once support for the old RBAC API policies will be removed from Neutron. Please use method 'is_service_role' instead.
2026-04-14 07:08:49.562 10 WARNING neutron.scheduler.dhcp_agent_scheduler [req-9cf244cb-ce52-4636-96d4-a5a306dd7008 req-e368f351-c06a-4069-8188-84ee131c4729 939187aa0e67436495f0742d9d0def3f 1924e0526efe4ee9ac0e7a279f3e5f5d - - default default] No more DHCP agents
2026-04-14 07:08:49.571 10 WARNING neutron.api.rpc.agentnotifiers.dhcp_rpc_agent_api [req-9cf244cb-ce52-4636-96d4-a5a306dd7008 req-e368f351-c06a-4069-8188-84ee131c4729 939187aa0e67436495f0742d9d0def3f 1924e0526efe4ee9ac0e7a279f3e5f5d - - default default] Unable to schedule network 09759995-7b00-4235-ad0d-84ea4d31afc2: no agents available; will retry on subsequent port and subnet creation events.
2026-04-14 07:08:49.633 9 INFO neutron.db.segments_db [None req-74192f3f-3c64-4661-9916-5292837d9ed0 07920babcdf44b3d88fa49553ce19332 1776942c6e2641f8a8df09cced6098a7 - - default default] Added segment 6ad3e1f2-f600-430b-8865-571924d863ce of type geneve for network 07ee74b0-2784-4e0b-92e5-7cb588ed7f92
2026-04-14 07:08:49.871 9 INFO neutron.db.ovn_revision_numbers_db [None req-74192f3f-3c64-4661-9916-5292837d9ed0 07920babcdf44b3d88fa49553ce19332 1776942c6e2641f8a8df09cced6098a7 - - default default] Successfully bumped revision number for resource 07ee74b0-2784-4e0b-92e5-7cb588ed7f92 (type: networks) to 1
2026-04-14 07:08:50.028 10 INFO neutron.db.ovn_revision_numbers_db [None req-4056a20a-2af7-46a2-9552-cf7814d23e06 - - - - - -] Successfully bumped revision number for resource c3a9d8cd-ccec-4874-912c-89dca31f0811 (type: ports) to 2
2026-04-14 07:08:50.133 9 WARNING neutron.scheduler.dhcp_agent_scheduler [None req-74192f3f-3c64-4661-9916-5292837d9ed0 07920babcdf44b3d88fa49553ce19332 1776942c6e2641f8a8df09cced6098a7 - - default default] No more DHCP agents
2026-04-14 07:08:50.138 10 INFO neutron.db.ovn_revision_numbers_db [req-9cf244cb-ce52-4636-96d4-a5a306dd7008 req-e368f351-c06a-4069-8188-84ee131c4729 939187aa0e67436495f0742d9d0def3f 1924e0526efe4ee9ac0e7a279f3e5f5d - - default default] Successfully bumped revision number for resource 24c072d8-f900-4c00-aa46-480ba19fadf2 (type: ports) to 1
2026-04-14 07:08:50.139 9 WARNING neutron.api.rpc.agentnotifiers.dhcp_rpc_agent_api [None req-74192f3f-3c64-4661-9916-5292837d9ed0 07920babcdf44b3d88fa49553ce19332 1776942c6e2641f8a8df09cced6098a7 - - default default] Unable to schedule network 07ee74b0-2784-4e0b-92e5-7cb588ed7f92: no agents available; will retry on subsequent port and subnet creation events.
2026-04-14 07:08:50.150 9 INFO neutron.wsgi [req-549bdb75-6a80-4e61-985c-565a8a629273 req-c20b6710-d17d-4ab0-ab69-15467641a8cd 7071519e53d54dbca5cddcd54c87f29c cbe7e2eda50c40fd93d79d22a50a0674 - - 57dfbdfe5cbc4cfe88327dd0941f775f 57dfbdfe5cbc4cfe88327dd0941f775f] 10.0.0.155 "GET /v2.0/ports?device_id=f1f07b67-b56c-4030-ba09-53ee2b5a2374 HTTP/1.1" status: 200 len: 1409 time: 0.0695295
2026-04-14 07:08:50.193 10 INFO neutron.wsgi [req-9cf244cb-ce52-4636-96d4-a5a306dd7008 req-e368f351-c06a-4069-8188-84ee131c4729 939187aa0e67436495f0742d9d0def3f 1924e0526efe4ee9ac0e7a279f3e5f5d - - default default] 199.204.45.222 "POST /v2.0/ports HTTP/1.1" status: 201 len: 1162 time: 1.6220369 /var/lib/openstack/lib/python3.10/site-packages/pycadf/identifier.py:71: UserWarning: Invalid uuid: neutron. To ensure interoperability, identifiers should be a valid uuid. warnings.warn(('Invalid uuid: %s. To ensure interoperability, '
2026-04-14 07:08:50.219 9 INFO neutron.wsgi [req-549bdb75-6a80-4e61-985c-565a8a629273 req-01fb41e8-cac6-4ad9-9b22-4a1eb2f4a565 7071519e53d54dbca5cddcd54c87f29c cbe7e2eda50c40fd93d79d22a50a0674 - - 57dfbdfe5cbc4cfe88327dd0941f775f 57dfbdfe5cbc4cfe88327dd0941f775f] 10.0.0.155 "GET /v2.0/security-groups?id=4c8ded6c-ee86-41e9-9c08-5acf724724d3&fields=id&fields=name HTTP/1.1" status: 200 len: 312 time: 0.0608242
2026-04-14 07:08:50.299 9 INFO neutron.db.ovn_revision_numbers_db [None req-74192f3f-3c64-4661-9916-5292837d9ed0 07920babcdf44b3d88fa49553ce19332 1776942c6e2641f8a8df09cced6098a7 - - default default] Successfully bumped revision number for resource 6603bc27-266d-423a-86a7-99a04c03cb68 (type: ports) to 1
2026-04-14 07:08:50.338 9 WARNING neutron.plugins.ml2.drivers.ovn.mech_driver.ovsdb.ovn_client [None req-ee58eb2f-c570-44b1-8998-618c0370270b - - - - - -] No hosting information found for port 57371f43-cde7-4067-9fb2-bf0b6938de25: RuntimeError: No hosting information found for port 57371f43-cde7-4067-9fb2-bf0b6938de25
2026-04-14 07:08:50.338 9 INFO neutron.plugins.ml2.drivers.ovn.mech_driver.mech_driver [None req-ee58eb2f-c570-44b1-8998-618c0370270b - - - - - -] OVN reports status up for port: c3a9d8cd-ccec-4874-912c-89dca31f0811
2026-04-14 07:08:50.373 9 INFO neutron.wsgi [None req-74192f3f-3c64-4661-9916-5292837d9ed0 07920babcdf44b3d88fa49553ce19332 1776942c6e2641f8a8df09cced6098a7 - - default default] 10.0.0.60 "POST /v2.0/networks HTTP/1.1" status: 201 len: 832 time: 0.8595626
2026-04-14 07:08:50.376 9 INFO neutron.plugins.ml2.plugin [None req-ee58eb2f-c570-44b1-8998-618c0370270b - - - - - -] Attempt 1 to provision port c3a9d8cd-ccec-4874-912c-89dca31f0811
2026-04-14 07:08:50.384 9 WARNING neutron_lib.context [None req-3691b7a4-78b7-4c14-b343-5eb50987153e 07920babcdf44b3d88fa49553ce19332 1776942c6e2641f8a8df09cced6098a7 - - default default] Method 'is_advsvc' is deprecated since 2023.2 release (neutron-lib 3.8.0) and will be removed once support for the old RBAC API policies will be removed from Neutron. Please use method 'is_service_role' instead.
2026-04-14 07:08:50.641 10 INFO neutron.wsgi [req-c4e421fd-bea0-441d-8038-27b8c5f336cd req-2d164a56-b17b-4d6b-88bb-a28be48ebb9a 939187aa0e67436495f0742d9d0def3f 1924e0526efe4ee9ac0e7a279f3e5f5d - - default default] 10.0.0.182 "GET /v2.0/ports?device_id=7d580b6a-452e-4a24-b52f-aca772fc22c6 HTTP/1.1" status: 200 len: 1160 time: 0.2380760
2026-04-14 07:08:50.649 10 INFO neutron.db.ovn_revision_numbers_db [None req-4056a20a-2af7-46a2-9552-cf7814d23e06 - - - - - -] Successfully bumped revision number for resource c3a9d8cd-ccec-4874-912c-89dca31f0811 (type: ports) to 4
2026-04-14 07:08:50.683 9 INFO neutron.plugins.ml2.drivers.ovn.mech_driver.mech_driver [None req-ee58eb2f-c570-44b1-8998-618c0370270b - - - - - -] OVN reports status up for port: 86162839-f047-4764-b933-68ec073c2001
2026-04-14 07:08:50.698 9 INFO neutron.plugins.ml2.plugin [None req-ee58eb2f-c570-44b1-8998-618c0370270b - - - - - -] Attempt 1 to provision port 86162839-f047-4764-b933-68ec073c2001
2026-04-14 07:08:50.713 9 WARNING neutron.scheduler.dhcp_agent_scheduler [None req-3691b7a4-78b7-4c14-b343-5eb50987153e 07920babcdf44b3d88fa49553ce19332 1776942c6e2641f8a8df09cced6098a7 - - default default] No more DHCP agents
2026-04-14 07:08:50.717 9 WARNING neutron.api.rpc.agentnotifiers.dhcp_rpc_agent_api [None req-3691b7a4-78b7-4c14-b343-5eb50987153e 07920babcdf44b3d88fa49553ce19332 1776942c6e2641f8a8df09cced6098a7 - - default default] Unable to schedule network 07ee74b0-2784-4e0b-92e5-7cb588ed7f92: no agents available; will retry on subsequent port and subnet creation events.
2026-04-14 07:08:50.772 9 INFO neutron.db.ovn_revision_numbers_db [None req-3691b7a4-78b7-4c14-b343-5eb50987153e 07920babcdf44b3d88fa49553ce19332 1776942c6e2641f8a8df09cced6098a7 - - default default] Successfully bumped revision number for resource de7decfa-55c3-47ed-919d-475bb0160286 (type: subnets) to 0
2026-04-14 07:08:50.786 10 INFO neutron.wsgi [req-c4e421fd-bea0-441d-8038-27b8c5f336cd req-b69ca66e-10f5-43a0-97a2-d0d2e5908005 939187aa0e67436495f0742d9d0def3f 1924e0526efe4ee9ac0e7a279f3e5f5d - - default default] 10.0.0.182 "GET /v2.0/security-groups?id=ccd621b6-ee8d-4bc6-8c55-e396e1538b7b&fields=id&fields=name HTTP/1.1" status: 200 len: 286 time: 0.1336372
2026-04-14 07:08:50.807 9 INFO neutron.wsgi [None req-3691b7a4-78b7-4c14-b343-5eb50987153e 07920babcdf44b3d88fa49553ce19332 1776942c6e2641f8a8df09cced6098a7 - - default default] 10.0.0.60 "POST /v2.0/subnets HTTP/1.1" status: 201 len: 821 time: 0.4286106
2026-04-14 07:08:50.821 9 WARNING neutron_lib.context [None req-01d6f049-f450-4ccd-8bac-8f6d4af5e03f 07920babcdf44b3d88fa49553ce19332 1776942c6e2641f8a8df09cced6098a7 - - default default] Method 'is_advsvc' is deprecated since 2023.2 release (neutron-lib 3.8.0) and will be removed once support for the old RBAC API policies will be removed from Neutron. Please use method 'is_service_role' instead.
2026-04-14 07:08:50.822 10 INFO neutron.db.ovn_revision_numbers_db [None req-61560efd-dc94-4dc6-8617-4787e7ca109e add9338a2b714f62b7234c94dba39f9b 82ded0903dba40858a978235e9bb2eb7 - - default default] Successfully bumped revision number for resource 86162839-f047-4764-b933-68ec073c2001 (type: router_ports) to 1
2026-04-14 07:08:50.856 10 WARNING neutron.plugins.ml2.drivers.ovn.mech_driver.ovsdb.ovn_client [None req-7ccfdceb-07a4-42c5-97a9-55fa53fa2b74 - - - - - -] No port found with ID 5954ea1b-b79f-485d-9aed-cfbe2d021d6f: RuntimeError: No port found with ID 5954ea1b-b79f-485d-9aed-cfbe2d021d6f
2026-04-14 07:08:51.054 10 INFO neutron.db.ovn_revision_numbers_db [None req-61560efd-dc94-4dc6-8617-4787e7ca109e add9338a2b714f62b7234c94dba39f9b 82ded0903dba40858a978235e9bb2eb7 - - default default] Successfully bumped revision number for resource 86162839-f047-4764-b933-68ec073c2001 (type: ports) to 1
2026-04-14 07:08:51.077 10 INFO neutron.db.ovn_revision_numbers_db [None req-4056a20a-2af7-46a2-9552-cf7814d23e06 - - - - - -] Successfully bumped revision number for resource c3a9d8cd-ccec-4874-912c-89dca31f0811 (type: router_ports) to 4
2026-04-14 07:08:51.095 9 INFO neutron.db.ovn_revision_numbers_db [None req-01d6f049-f450-4ccd-8bac-8f6d4af5e03f 07920babcdf44b3d88fa49553ce19332 1776942c6e2641f8a8df09cced6098a7 - - default default] Successfully bumped revision number for resource e258b427-2a0c-4a59-a488-23cdd7b82caa (type: routers) to 1
2026-04-14 07:08:51.136 9 INFO neutron.wsgi [None req-01d6f049-f450-4ccd-8bac-8f6d4af5e03f 07920babcdf44b3d88fa49553ce19332 1776942c6e2641f8a8df09cced6098a7 - - default default] 10.0.0.60 "POST /v2.0/routers HTTP/1.1" status: 201 len: 687 time: 0.3232777
2026-04-14 07:08:51.141 9 INFO neutron.db.ovn_revision_numbers_db [None req-ee58eb2f-c570-44b1-8998-618c0370270b - - - - - -] Successfully bumped revision number for resource 86162839-f047-4764-b933-68ec073c2001 (type: ports) to 2
2026-04-14 07:08:51.176 10 WARNING neutron.scheduler.dhcp_agent_scheduler [None req-61560efd-dc94-4dc6-8617-4787e7ca109e add9338a2b714f62b7234c94dba39f9b 82ded0903dba40858a978235e9bb2eb7 - - default default] No more DHCP agents
2026-04-14 07:08:51.186 10 WARNING neutron.api.rpc.agentnotifiers.dhcp_rpc_agent_api [None req-61560efd-dc94-4dc6-8617-4787e7ca109e add9338a2b714f62b7234c94dba39f9b 82ded0903dba40858a978235e9bb2eb7 - - default default] Unable to schedule network a83956da-7d7d-43d3-9488-e4c67fdd7c6a: no agents available; will retry on subsequent port and subnet creation events.
2026-04-14 07:08:51.188 10 INFO neutron.db.ovn_revision_numbers_db [req-9cf244cb-ce52-4636-96d4-a5a306dd7008 req-359d603d-bb42-4216-b4df-de0c40c3d943 7071519e53d54dbca5cddcd54c87f29c cbe7e2eda50c40fd93d79d22a50a0674 - - 57dfbdfe5cbc4cfe88327dd0941f775f 57dfbdfe5cbc4cfe88327dd0941f775f] Successfully bumped revision number for resource 24c072d8-f900-4c00-aa46-480ba19fadf2 (type: ports) to 2
2026-04-14 07:08:51.580 9 INFO neutron.db.ovn_revision_numbers_db [None req-ee58eb2f-c570-44b1-8998-618c0370270b - - - - - -] Successfully bumped revision number for resource 86162839-f047-4764-b933-68ec073c2001 (type: router_ports) to 2
2026-04-14 07:08:51.584 10 INFO neutron.db.ovn_revision_numbers_db [req-9cf244cb-ce52-4636-96d4-a5a306dd7008 req-359d603d-bb42-4216-b4df-de0c40c3d943 7071519e53d54dbca5cddcd54c87f29c cbe7e2eda50c40fd93d79d22a50a0674 - - 57dfbdfe5cbc4cfe88327dd0941f775f 57dfbdfe5cbc4cfe88327dd0941f775f] Successfully bumped revision number for resource 24c072d8-f900-4c00-aa46-480ba19fadf2 (type: ports) to 2
2026-04-14 07:08:51.613 10 INFO neutron.wsgi [req-9cf244cb-ce52-4636-96d4-a5a306dd7008 req-359d603d-bb42-4216-b4df-de0c40c3d943 7071519e53d54dbca5cddcd54c87f29c cbe7e2eda50c40fd93d79d22a50a0674 - - 57dfbdfe5cbc4cfe88327dd0941f775f 57dfbdfe5cbc4cfe88327dd0941f775f] 199.204.45.222 "PUT /v2.0/ports/24c072d8-f900-4c00-aa46-480ba19fadf2 HTTP/1.1" status: 200 len: 1380 time: 1.4112117
2026-04-14 07:08:51.647 10 INFO neutron.notifiers.nova [-] Nova event matching ['req-3b28f1dd-95ce-473a-a3fe-5c8ba1659e6b'] response: {'name': 'network-changed', 'server_uuid': '7d580b6a-452e-4a24-b52f-aca772fc22c6', 'tag': '24c072d8-f900-4c00-aa46-480ba19fadf2', 'status': 'completed', 'code': 200} /var/lib/openstack/lib/python3.10/site-packages/pycadf/identifier.py:71: UserWarning: Invalid uuid: neutron. To ensure interoperability, identifiers should be a valid uuid. warnings.warn(('Invalid uuid: %s. To ensure interoperability, '
2026-04-14 07:08:51.711 10 INFO neutron.wsgi [req-9cf244cb-ce52-4636-96d4-a5a306dd7008 req-b7228597-68b5-447b-a952-4848d55ea3b0 7071519e53d54dbca5cddcd54c87f29c cbe7e2eda50c40fd93d79d22a50a0674 - - 57dfbdfe5cbc4cfe88327dd0941f775f 57dfbdfe5cbc4cfe88327dd0941f775f] 199.204.45.222 "GET /v2.0/ports?tenant_id=1924e0526efe4ee9ac0e7a279f3e5f5d&device_id=7d580b6a-452e-4a24-b52f-aca772fc22c6 HTTP/1.1" status: 200 len: 1411 time: 0.0569236
2026-04-14 07:08:51.757 10 INFO neutron.wsgi [req-9cf244cb-ce52-4636-96d4-a5a306dd7008 req-cd758fcc-85d7-40e8-ae38-4319f161c530 7071519e53d54dbca5cddcd54c87f29c cbe7e2eda50c40fd93d79d22a50a0674 - - 57dfbdfe5cbc4cfe88327dd0941f775f 57dfbdfe5cbc4cfe88327dd0941f775f] 199.204.45.222 "GET /v2.0/floatingips?fixed_ip_address=10.100.0.11&port_id=24c072d8-f900-4c00-aa46-480ba19fadf2 HTTP/1.1" status: 200 len: 217 time: 0.0298598
2026-04-14 07:08:51.806 10 INFO neutron.wsgi [req-9cf244cb-ce52-4636-96d4-a5a306dd7008 req-d89e99d0-0344-42f6-975c-56bd642606a3 7071519e53d54dbca5cddcd54c87f29c cbe7e2eda50c40fd93d79d22a50a0674 - - 57dfbdfe5cbc4cfe88327dd0941f775f 57dfbdfe5cbc4cfe88327dd0941f775f] 199.204.45.222 "GET /v2.0/subnets?id=a3c7a501-837c-4791-a996-55253ab3be7f HTTP/1.1" status: 200 len: 871 time: 0.0405891
2026-04-14 07:08:51.850 10 INFO neutron.wsgi [req-9cf244cb-ce52-4636-96d4-a5a306dd7008 req-b271d60a-ce9b-4581-b826-0e9cf4bb71f6 7071519e53d54dbca5cddcd54c87f29c cbe7e2eda50c40fd93d79d22a50a0674 - - 57dfbdfe5cbc4cfe88327dd0941f775f 57dfbdfe5cbc4cfe88327dd0941f775f] 199.204.45.222 "GET /v2.0/ports?network_id=09759995-7b00-4235-ad0d-84ea4d31afc2&device_owner=network%3Adhcp HTTP/1.1" status: 200 len: 210 time: 0.0345986
2026-04-14 07:08:51.861 9 WARNING neutron.scheduler.dhcp_agent_scheduler [None req-56a9232b-4ff4-4c2f-87d4-531dda963d10 07920babcdf44b3d88fa49553ce19332 1776942c6e2641f8a8df09cced6098a7 - - default default] No more DHCP agents
2026-04-14 07:08:51.865 9 WARNING neutron.api.rpc.agentnotifiers.dhcp_rpc_agent_api [None req-56a9232b-4ff4-4c2f-87d4-531dda963d10 07920babcdf44b3d88fa49553ce19332 1776942c6e2641f8a8df09cced6098a7 - - default default] Unable to schedule network 07ee74b0-2784-4e0b-92e5-7cb588ed7f92: no agents available; will retry on subsequent port and subnet creation events.
2026-04-14 07:08:51.920 10 INFO neutron.wsgi [req-e4738a18-719c-4521-9a84-361fb2c03a15 req-4da3ac3c-95f6-400e-8d86-7724127d36dc 939187aa0e67436495f0742d9d0def3f 1924e0526efe4ee9ac0e7a279f3e5f5d - - default default] 10.0.0.182 "GET /v2.0/ports?device_id=7d580b6a-452e-4a24-b52f-aca772fc22c6 HTTP/1.1" status: 200 len: 1172 time: 0.0694809
2026-04-14 07:08:51.967 9 INFO neutron.db.ovn_revision_numbers_db [None req-56a9232b-4ff4-4c2f-87d4-531dda963d10 07920babcdf44b3d88fa49553ce19332 1776942c6e2641f8a8df09cced6098a7 - - default default] Successfully bumped revision number for resource 676aa2d3-4a49-4083-9b41-5d670c6200c9 (type: ports) to 1
2026-04-14 07:08:51.977 10 INFO neutron.wsgi [req-9cf244cb-ce52-4636-96d4-a5a306dd7008 req-13fa32e1-e058-40bc-93d1-182aa4010eff 7071519e53d54dbca5cddcd54c87f29c cbe7e2eda50c40fd93d79d22a50a0674 - - 57dfbdfe5cbc4cfe88327dd0941f775f 57dfbdfe5cbc4cfe88327dd0941f775f] 199.204.45.222 "GET /v2.0/networks/09759995-7b00-4235-ad0d-84ea4d31afc2?fields=segments HTTP/1.1" status: 200 len: 212 time: 0.1178303
2026-04-14 07:08:52.233 10 INFO neutron.wsgi [req-e4738a18-719c-4521-9a84-361fb2c03a15 req-c585df92-94e0-438d-801c-29b3dcf62dec 939187aa0e67436495f0742d9d0def3f 1924e0526efe4ee9ac0e7a279f3e5f5d - - default default] 10.0.0.182 "GET /v2.0/security-groups?id=ccd621b6-ee8d-4bc6-8c55-e396e1538b7b&fields=id&fields=name HTTP/1.1" status: 200 len: 286 time: 0.3033750
2026-04-14 07:08:52.286 10 INFO neutron.wsgi [req-9cf244cb-ce52-4636-96d4-a5a306dd7008 req-0e2d73b7-7a29-41c4-a620-edd19ea90b08 7071519e53d54dbca5cddcd54c87f29c cbe7e2eda50c40fd93d79d22a50a0674 - - 57dfbdfe5cbc4cfe88327dd0941f775f 57dfbdfe5cbc4cfe88327dd0941f775f] 199.204.45.222 "GET /v2.0/networks/09759995-7b00-4235-ad0d-84ea4d31afc2?fields=provider%3Aphysical_network&fields=provider%3Anetwork_type HTTP/1.1" status: 200 len: 277 time: 0.0697558
2026-04-14 07:08:52.316 10 INFO neutron.db.ovn_revision_numbers_db [None req-61560efd-dc94-4dc6-8617-4787e7ca109e add9338a2b714f62b7234c94dba39f9b 82ded0903dba40858a978235e9bb2eb7 - - default default] Successfully bumped revision number for resource 86162839-f047-4764-b933-68ec073c2001 (type: router_ports) to 2
2026-04-14 07:08:52.318 10 INFO neutron.wsgi [None req-61560efd-dc94-4dc6-8617-4787e7ca109e add9338a2b714f62b7234c94dba39f9b 82ded0903dba40858a978235e9bb2eb7 - - default default] 10.0.0.60 "PUT /v2.0/routers/6340bb30-0331-446b-ba85-84e65e83893e/add_router_interface HTTP/1.1" status: 200 len: 503 time: 4.2782135
2026-04-14 07:08:52.362 10 INFO neutron.plugins.ml2.drivers.ovn.mech_driver.mech_driver [None req-7ccfdceb-07a4-42c5-97a9-55fa53fa2b74 - - - - - -] OVN reports status up for port: 676aa2d3-4a49-4083-9b41-5d670c6200c9
2026-04-14 07:08:52.368 9 INFO neutron.db.ovn_revision_numbers_db [None req-56a9232b-4ff4-4c2f-87d4-531dda963d10 07920babcdf44b3d88fa49553ce19332 1776942c6e2641f8a8df09cced6098a7 - - default default] Successfully bumped revision number for resource 676aa2d3-4a49-4083-9b41-5d670c6200c9 (type: router_ports) to 1
2026-04-14 07:08:52.370 10 INFO neutron.plugins.ml2.plugin [None req-7ccfdceb-07a4-42c5-97a9-55fa53fa2b74 - - - - - -] Attempt 1 to provision port 676aa2d3-4a49-4083-9b41-5d670c6200c9
2026-04-14 07:08:52.385 10 INFO neutron.wsgi [req-33dd3267-a721-4d96-af56-1758d2aa8c5f req-30e333d6-4f3e-4620-99d2-58d238f327b3 7071519e53d54dbca5cddcd54c87f29c cbe7e2eda50c40fd93d79d22a50a0674 - - 57dfbdfe5cbc4cfe88327dd0941f775f 57dfbdfe5cbc4cfe88327dd0941f775f] 199.204.45.222 "GET /v2.0/ports?tenant_id=1924e0526efe4ee9ac0e7a279f3e5f5d&device_id=7d580b6a-452e-4a24-b52f-aca772fc22c6 HTTP/1.1" status: 200 len: 1411 time: 0.0421784
2026-04-14 07:08:52.457 10 INFO neutron.wsgi [req-33dd3267-a721-4d96-af56-1758d2aa8c5f req-f3a6932b-b115-4ba4-925f-d5df486d5f37 7071519e53d54dbca5cddcd54c87f29c cbe7e2eda50c40fd93d79d22a50a0674 - - 57dfbdfe5cbc4cfe88327dd0941f775f 57dfbdfe5cbc4cfe88327dd0941f775f] 199.204.45.222 "GET /v2.0/networks?id=09759995-7b00-4235-ad0d-84ea4d31afc2 HTTP/1.1" status: 200 len: 975 time: 0.0652299
2026-04-14 07:08:52.488 9 INFO neutron.db.ovn_revision_numbers_db [None req-56a9232b-4ff4-4c2f-87d4-531dda963d10 07920babcdf44b3d88fa49553ce19332 1776942c6e2641f8a8df09cced6098a7 - - default default] Successfully bumped revision number for resource 676aa2d3-4a49-4083-9b41-5d670c6200c9 (type: ports) to 1
2026-04-14 07:08:52.498 10 INFO neutron.wsgi [req-33dd3267-a721-4d96-af56-1758d2aa8c5f req-6c948030-bbe4-416d-b03e-d36d0e8008fb 7071519e53d54dbca5cddcd54c87f29c cbe7e2eda50c40fd93d79d22a50a0674 - - 57dfbdfe5cbc4cfe88327dd0941f775f 57dfbdfe5cbc4cfe88327dd0941f775f] 199.204.45.222 "GET /v2.0/floatingips?fixed_ip_address=10.100.0.11&port_id=24c072d8-f900-4c00-aa46-480ba19fadf2 HTTP/1.1" status: 200 len: 217 time: 0.0365086
2026-04-14 07:08:52.556 10 INFO neutron.wsgi [req-33dd3267-a721-4d96-af56-1758d2aa8c5f req-aa856f6d-0436-46e9-9e5e-e8164d73b36a 7071519e53d54dbca5cddcd54c87f29c cbe7e2eda50c40fd93d79d22a50a0674 - - 57dfbdfe5cbc4cfe88327dd0941f775f 57dfbdfe5cbc4cfe88327dd0941f775f] 199.204.45.222 "GET /v2.0/subnets?id=a3c7a501-837c-4791-a996-55253ab3be7f HTTP/1.1" status: 200 len: 871 time: 0.0461826
2026-04-14 07:08:52.572 9 WARNING neutron.scheduler.dhcp_agent_scheduler [None req-56a9232b-4ff4-4c2f-87d4-531dda963d10 07920babcdf44b3d88fa49553ce19332 1776942c6e2641f8a8df09cced6098a7 - - default default] No more DHCP agents
2026-04-14 07:08:52.574 9 WARNING neutron.api.rpc.agentnotifiers.dhcp_rpc_agent_api [None req-56a9232b-4ff4-4c2f-87d4-531dda963d10 07920babcdf44b3d88fa49553ce19332 1776942c6e2641f8a8df09cced6098a7 - - default default] Unable to schedule network 07ee74b0-2784-4e0b-92e5-7cb588ed7f92: no agents available; will retry on subsequent port and subnet creation events.
2026-04-14 07:08:52.582 10 INFO neutron.wsgi [req-33dd3267-a721-4d96-af56-1758d2aa8c5f req-e63c9e2a-ad2d-4bf5-a772-df1f87d7274f 7071519e53d54dbca5cddcd54c87f29c cbe7e2eda50c40fd93d79d22a50a0674 - - 57dfbdfe5cbc4cfe88327dd0941f775f 57dfbdfe5cbc4cfe88327dd0941f775f] 199.204.45.222 "GET /v2.0/ports?network_id=09759995-7b00-4235-ad0d-84ea4d31afc2&device_owner=network%3Adhcp HTTP/1.1" status: 200 len: 210 time: 0.0218754
2026-04-14 07:08:52.713 10 INFO neutron.wsgi [req-33dd3267-a721-4d96-af56-1758d2aa8c5f req-32b8d527-d395-4603-853f-7ca30f8a7e20 7071519e53d54dbca5cddcd54c87f29c cbe7e2eda50c40fd93d79d22a50a0674 - - 57dfbdfe5cbc4cfe88327dd0941f775f 57dfbdfe5cbc4cfe88327dd0941f775f] 199.204.45.222 "GET /v2.0/networks/09759995-7b00-4235-ad0d-84ea4d31afc2?fields=segments HTTP/1.1" status: 200 len: 212 time: 0.1120448
2026-04-14 07:08:52.743 9 INFO neutron.db.ovn_revision_numbers_db [None req-56a9232b-4ff4-4c2f-87d4-531dda963d10 07920babcdf44b3d88fa49553ce19332 1776942c6e2641f8a8df09cced6098a7 - - default default] Successfully bumped revision number for resource 676aa2d3-4a49-4083-9b41-5d670c6200c9 (type: router_ports) to 2
2026-04-14 07:08:52.746 9 INFO neutron.wsgi [None req-56a9232b-4ff4-4c2f-87d4-531dda963d10 07920babcdf44b3d88fa49553ce19332 1776942c6e2641f8a8df09cced6098a7 - - default default] 10.0.0.60 "PUT /v2.0/routers/e258b427-2a0c-4a59-a488-23cdd7b82caa/add_router_interface HTTP/1.1" status: 200 len: 503 time: 1.6005225
2026-04-14 07:08:52.788 9 INFO neutron.wsgi [None req-32e7cf53-4d05-42c9-92cd-d3aaae7fc76b 07920babcdf44b3d88fa49553ce19332 1776942c6e2641f8a8df09cced6098a7 - - default default] 10.0.0.60 "GET /v2.0/ports/676aa2d3-4a49-4083-9b41-5d670c6200c9 HTTP/1.1" status: 200 len: 1141 time: 0.0374289
2026-04-14 07:08:52.806 10 INFO neutron.wsgi [req-33dd3267-a721-4d96-af56-1758d2aa8c5f req-400838e7-b8b1-430b-ad10-64261feacb86 7071519e53d54dbca5cddcd54c87f29c cbe7e2eda50c40fd93d79d22a50a0674 - - 57dfbdfe5cbc4cfe88327dd0941f775f 57dfbdfe5cbc4cfe88327dd0941f775f] 199.204.45.222 "GET /v2.0/networks/09759995-7b00-4235-ad0d-84ea4d31afc2?fields=provider%3Aphysical_network&fields=provider%3Anetwork_type HTTP/1.1" status: 200 len: 277 time: 0.0880451
2026-04-14 07:08:52.832 9 INFO neutron.wsgi [None req-8d19fedc-6230-4d72-bf4d-bbb28379030c 07920babcdf44b3d88fa49553ce19332 1776942c6e2641f8a8df09cced6098a7 - - default default] 10.0.0.60 "GET /v2.0/ports/676aa2d3-4a49-4083-9b41-5d670c6200c9 HTTP/1.1" status: 200 len: 1141 time: 0.0392423
2026-04-14 07:08:52.888 10 INFO neutron.db.ovn_revision_numbers_db [None req-7ccfdceb-07a4-42c5-97a9-55fa53fa2b74 - - - - - -] Successfully bumped revision number for resource 676aa2d3-4a49-4083-9b41-5d670c6200c9 (type: ports) to 2
2026-04-14 07:08:52.958 10 INFO neutron.db.ovn_revision_numbers_db [None req-7ccfdceb-07a4-42c5-97a9-55fa53fa2b74 - - - - - -] Successfully bumped revision number for resource 676aa2d3-4a49-4083-9b41-5d670c6200c9 (type: router_ports) to 2
2026-04-14 07:08:53.076 10 INFO neutron.wsgi [req-ab4363b5-80e1-4337-ba37-f15303aa9e44 req-63b6919b-1841-4c72-8935-dc1a7b4d28dc e27b5067055a4ec484a8b06992b6e83c 571edfe8c9fc4d40b7640fe9885efaa0 - - default default] 10.0.0.182 "GET /v2.0/ports?device_id=f1f07b67-b56c-4030-ba09-53ee2b5a2374 HTTP/1.1" status: 200 len: 1170 time: 0.1043112
2026-04-14 07:08:53.134 10 INFO neutron.wsgi [req-ab4363b5-80e1-4337-ba37-f15303aa9e44 req-8baf0563-f08e-4848-aa4e-fafa46d5554b e27b5067055a4ec484a8b06992b6e83c 571edfe8c9fc4d40b7640fe9885efaa0 - - default default] 10.0.0.182 "GET /v2.0/security-groups?id=4c8ded6c-ee86-41e9-9c08-5acf724724d3&fields=id&fields=name HTTP/1.1" status: 200 len: 312 time: 0.0491900
2026-04-14 07:08:53.389 10 INFO neutron.wsgi [req-7cea58dd-5c05-449d-8480-d77a0b03cabb req-6876b318-1f0a-4a1e-bb04-7057a5fe984f e27b5067055a4ec484a8b06992b6e83c 571edfe8c9fc4d40b7640fe9885efaa0 - - default default] 199.204.45.222 "GET /v2.0/ports?device_id=f1f07b67-b56c-4030-ba09-53ee2b5a2374 HTTP/1.1" status: 200 len: 1170 time: 0.0513875
2026-04-14 07:08:53.448 9 INFO neutron.wsgi [req-c4509d5b-3b8b-4e0c-9da5-d939e5854720 req-d19c149a-5a2b-4026-8809-4e1dd1cfd798 939187aa0e67436495f0742d9d0def3f 1924e0526efe4ee9ac0e7a279f3e5f5d - - default default] 10.0.0.182 "GET /v2.0/ports?device_id=7d580b6a-452e-4a24-b52f-aca772fc22c6 HTTP/1.1" status: 200 len: 1172 time: 0.1356657
2026-04-14 07:08:53.533 9 INFO neutron.wsgi [req-c4509d5b-3b8b-4e0c-9da5-d939e5854720 req-fbd7e13a-57aa-4559-adac-1e03d7794eac 939187aa0e67436495f0742d9d0def3f 1924e0526efe4ee9ac0e7a279f3e5f5d - - default default] 10.0.0.182 "GET /v2.0/security-groups?id=ccd621b6-ee8d-4bc6-8c55-e396e1538b7b&fields=id&fields=name HTTP/1.1" status: 200 len: 286 time: 0.0782483
2026-04-14 07:08:53.661 9 INFO neutron.wsgi [None req-d345479f-bcd5-4b41-a19b-f9ec0df8bc90 07920babcdf44b3d88fa49553ce19332 1776942c6e2641f8a8df09cced6098a7 - - default default] 10.0.0.60 "PUT /v2.0/routers/e258b427-2a0c-4a59-a488-23cdd7b82caa/remove_router_interface HTTP/1.1" status: 200 len: 503 time: 0.8231740 /var/lib/openstack/lib/python3.10/site-packages/pycadf/identifier.py:71: UserWarning: Invalid uuid: neutron. To ensure interoperability, identifiers should be a valid uuid. warnings.warn(('Invalid uuid: %s. To ensure interoperability, '
2026-04-14 07:08:53.691 9 INFO neutron.wsgi [None req-5f49f49d-9f8e-46ea-8d30-34ba4f6ca9d5 07920babcdf44b3d88fa49553ce19332 1776942c6e2641f8a8df09cced6098a7 - - default default] 10.0.0.60 "GET /v2.0/ports?device_id=e258b427-2a0c-4a59-a488-23cdd7b82caa HTTP/1.1" status: 200 len: 205 time: 0.0249298
2026-04-14 07:08:53.754 10 INFO neutron.db.l3_db [req-7cea58dd-5c05-449d-8480-d77a0b03cabb req-76f1a3a5-a24d-48ab-b1c4-d5e00cc4cad4 e27b5067055a4ec484a8b06992b6e83c 571edfe8c9fc4d40b7640fe9885efaa0 - - default default] Floating IP 3b95368a-4a64-4279-9cf4-d3ea63adf5b7 disassociated. External IP: 10.96.250.218, port: 6e0c0f63-1723-4e6c-aef2-b81b5a6c6daf.
2026-04-14 07:08:53.932 10 INFO neutron.wsgi [req-7cea58dd-5c05-449d-8480-d77a0b03cabb req-76f1a3a5-a24d-48ab-b1c4-d5e00cc4cad4 e27b5067055a4ec484a8b06992b6e83c 571edfe8c9fc4d40b7640fe9885efaa0 - - default default] 199.204.45.222 "DELETE /v2.0/ports/6e0c0f63-1723-4e6c-aef2-b81b5a6c6daf HTTP/1.1" status: 204 len: 173 time: 0.5381289
2026-04-14 07:08:53.970 10 INFO neutron.notifiers.nova [-] Nova event matching ['req-f51c871e-3655-4121-b6e6-2341880a67b4'] response: {'server_uuid': 'f1f07b67-b56c-4030-ba09-53ee2b5a2374', 'name': 'network-vif-deleted', 'tag': '6e0c0f63-1723-4e6c-aef2-b81b5a6c6daf', 'status': 'completed', 'code': 200}
2026-04-14 07:08:54.019 9 INFO neutron.wsgi [None req-f73cfb9d-557b-42fb-9d83-c47571efdfea 07920babcdf44b3d88fa49553ce19332 1776942c6e2641f8a8df09cced6098a7 - - default default] 10.0.0.60 "DELETE /v2.0/routers/e258b427-2a0c-4a59-a488-23cdd7b82caa HTTP/1.1" status: 204 len: 168 time: 0.3231301
2026-04-14 07:08:54.249 9 INFO neutron.wsgi [req-4def829d-c05f-4c47-8d50-c1593e72cd72 req-a4dde7e8-1f6a-4599-81d3-c1582fa907bf e27b5067055a4ec484a8b06992b6e83c 571edfe8c9fc4d40b7640fe9885efaa0 - - default default] 10.0.0.182 "GET /v2.0/ports?device_id=f1f07b67-b56c-4030-ba09-53ee2b5a2374 HTTP/1.1" status: 200 len: 210 time: 0.0253267
2026-04-14 07:08:54.258 9 INFO neutron.wsgi [None req-663a4f93-4eb9-401e-a5bd-ed5ef3248904 07920babcdf44b3d88fa49553ce19332 1776942c6e2641f8a8df09cced6098a7 - - default default] 10.0.0.60 "DELETE /v2.0/subnets/de7decfa-55c3-47ed-919d-475bb0160286 HTTP/1.1" status: 204 len: 168 time: 0.2316737
2026-04-14 07:08:54.629 9 INFO neutron.services.segments.plugin [-] Segment 6ad3e1f2-f600-430b-8865-571924d863ce resource provider aggregate not found
2026-04-14 07:08:54.637 9 INFO neutron.services.segments.plugin [-] Segment 6ad3e1f2-f600-430b-8865-571924d863ce resource provider aggregate not found
2026-04-14 07:08:54.649 10 INFO neutron.wsgi [req-9334e001-386a-4a68-bb34-ffd1d3b3a025 req-1dc206ae-5116-485e-b664-98e5de97062c 939187aa0e67436495f0742d9d0def3f 1924e0526efe4ee9ac0e7a279f3e5f5d - - default default] 10.0.0.182 "GET /v2.0/ports?device_id=7d580b6a-452e-4a24-b52f-aca772fc22c6 HTTP/1.1" status: 200 len: 1172 time: 0.0448966
2026-04-14 07:08:54.658 9 INFO neutron.services.segments.plugin [-] Segment 6ad3e1f2-f600-430b-8865-571924d863ce resource provider not found; error: Placement Client Error (4xx): {"errors": [{"status": 404, "title": "Not Found", "detail": "The resource could not be found.\n\n No resource provider with uuid 6ad3e1f2-f600-430b-8865-571924d863ce found for delete ", "request_id": "req-0c9e6b41-48cd-4ed2-bcb5-a09980045cda"}]}
2026-04-14 07:08:54.662 9 INFO neutron.services.segments.plugin [-] Segment 6ad3e1f2-f600-430b-8865-571924d863ce resource provider not found; error: Placement Client Error (4xx): {"errors": [{"status": 404, "title": "Not Found", "detail": "The resource could not be found.\n\n No resource provider with uuid 6ad3e1f2-f600-430b-8865-571924d863ce found for delete ", "request_id": "req-3319fb8d-d556-4c5a-a176-968dfbaadfd6"}]}
2026-04-14 07:08:54.697 9 INFO neutron.wsgi [None req-50065fef-db19-49e1-81bf-9b55b06d33af 07920babcdf44b3d88fa49553ce19332 1776942c6e2641f8a8df09cced6098a7 - - default default] 10.0.0.60 "DELETE /v2.0/networks/07ee74b0-2784-4e0b-92e5-7cb588ed7f92 HTTP/1.1" status: 204 len: 168 time: 0.4335430
2026-04-14 07:08:54.699 10 INFO neutron.wsgi [req-9334e001-386a-4a68-bb34-ffd1d3b3a025 req-86c81485-10ad-487b-9251-cf42237ccabb 939187aa0e67436495f0742d9d0def3f 1924e0526efe4ee9ac0e7a279f3e5f5d - - default default] 10.0.0.182 "GET /v2.0/security-groups?id=ccd621b6-ee8d-4bc6-8c55-e396e1538b7b&fields=id&fields=name HTTP/1.1" status: 200 len: 286 time: 0.0405273
2026-04-14 07:08:54.707 10 WARNING neutron_lib.context [None req-998f276f-5ea0-4e96-b7ec-7ad07f0ffe5a 07920babcdf44b3d88fa49553ce19332 1776942c6e2641f8a8df09cced6098a7 - - default default] Method 'is_advsvc' is deprecated since 2023.2 release (neutron-lib 3.8.0) and will be removed once support for the old RBAC API policies will be removed from Neutron. Please use method 'is_service_role' instead.
2026-04-14 07:08:54.822 9 INFO neutron.wsgi [req-83de963d-7bd1-4d4b-86ee-3adcc3a0aecf req-6389f2ff-bdde-4668-b5a0-dbc32d8a84c5 033bd60d3c5c4cc4b37b52f45bf9e3fa 046a87c2b3d2420796d1931b04e759a5 - - default default] 10.0.0.182 "GET /v2.0/networks?id=a83956da-7d7d-43d3-9488-e4c67fdd7c6a HTTP/1.1" status: 200 len: 872 time: 0.0740871
2026-04-14 07:08:54.840 9 INFO neutron.wsgi [req-83de963d-7bd1-4d4b-86ee-3adcc3a0aecf req-235cb65a-504c-4388-8ddc-daeee66c9059 033bd60d3c5c4cc4b37b52f45bf9e3fa 046a87c2b3d2420796d1931b04e759a5 - - default default] 10.0.0.182 "GET /v2.0/quotas/046a87c2b3d2420796d1931b04e759a5 HTTP/1.1" status: 200 len: 386 time: 0.0103440
2026-04-14 07:08:54.935 9 INFO neutron.wsgi [req-83de963d-7bd1-4d4b-86ee-3adcc3a0aecf req-fb5af143-b9c1-409c-b254-cd8aa928dec4 033bd60d3c5c4cc4b37b52f45bf9e3fa 046a87c2b3d2420796d1931b04e759a5 - - default default] 10.0.0.182 "GET /v2.0/ports?tenant_id=046a87c2b3d2420796d1931b04e759a5&fields=id HTTP/1.1" status: 200 len: 302 time: 0.0887916
2026-04-14 07:08:54.995 9 INFO neutron.wsgi [req-83de963d-7bd1-4d4b-86ee-3adcc3a0aecf req-d7a8767a-f3af-4b53-a3cc-8d56ce5a3635 7071519e53d54dbca5cddcd54c87f29c cbe7e2eda50c40fd93d79d22a50a0674 - - 57dfbdfe5cbc4cfe88327dd0941f775f 57dfbdfe5cbc4cfe88327dd0941f775f] 10.0.0.182 "GET /v2.0/networks/a83956da-7d7d-43d3-9488-e4c67fdd7c6a?fields=segments HTTP/1.1" status: 200 len: 212 time: 0.0507863
2026-04-14 07:08:55.065 9 INFO neutron.wsgi [req-83de963d-7bd1-4d4b-86ee-3adcc3a0aecf req-89f22a12-a720-4f89-9953-2eb00cae7a9f 7071519e53d54dbca5cddcd54c87f29c cbe7e2eda50c40fd93d79d22a50a0674 - - 57dfbdfe5cbc4cfe88327dd0941f775f 57dfbdfe5cbc4cfe88327dd0941f775f] 10.0.0.182 "GET /v2.0/networks/a83956da-7d7d-43d3-9488-e4c67fdd7c6a?fields=provider%3Aphysical_network&fields=provider%3Anetwork_type HTTP/1.1" status: 200 len: 277 time: 0.0625811
2026-04-14 07:08:55.181 10 WARNING neutron.scheduler.dhcp_agent_scheduler [None req-998f276f-5ea0-4e96-b7ec-7ad07f0ffe5a 07920babcdf44b3d88fa49553ce19332 1776942c6e2641f8a8df09cced6098a7 - - default default] No more DHCP agents
2026-04-14 07:08:55.182 10 WARNING neutron.api.rpc.agentnotifiers.dhcp_rpc_agent_api [None req-998f276f-5ea0-4e96-b7ec-7ad07f0ffe5a 07920babcdf44b3d88fa49553ce19332 1776942c6e2641f8a8df09cced6098a7 - - default default] Unable to schedule network c3f27773-0091-4883-b44e-15bc25a9428c: no agents available; will retry on subsequent port and subnet creation events.
2026-04-14 07:08:55.221 10 INFO neutron.wsgi [req-b31d729f-71eb-408e-a760-78953b72387d req-d3921ec3-307e-4862-9415-6c8fa1fd0d90 033bd60d3c5c4cc4b37b52f45bf9e3fa 046a87c2b3d2420796d1931b04e759a5 - - default default] 10.0.0.182 "GET /v2.0/ports?device_id=e7390b04-8a84-47e8-af83-16c10d725777 HTTP/1.1" status: 200 len: 210 time: 0.0215034
2026-04-14 07:08:55.365 10 INFO neutron.db.ovn_revision_numbers_db [None req-998f276f-5ea0-4e96-b7ec-7ad07f0ffe5a 07920babcdf44b3d88fa49553ce19332 1776942c6e2641f8a8df09cced6098a7 - - default default] Successfully bumped revision number for resource 33da1fec-8ac4-461b-ab96-6ae0157b43ac (type: ports) to 1
2026-04-14 07:08:55.481 9 INFO neutron.wsgi [None req-93a04a3d-9613-406c-8cb9-65a57a5459e3 e27b5067055a4ec484a8b06992b6e83c 571edfe8c9fc4d40b7640fe9885efaa0 - - default default] 10.0.0.60 "DELETE /v2.0/security-groups/4c8ded6c-ee86-41e9-9c08-5acf724724d3 HTTP/1.1" status: 204 len: 168 time: 0.1623580
2026-04-14 07:08:55.674 10 INFO neutron.wsgi [-] 10.0.0.187 "GET / HTTP/1.1" status: 200 len: 246 time: 0.0074525
2026-04-14 07:08:55.678 10 INFO neutron.wsgi [-] 10.0.0.187 "GET / HTTP/1.1" status: 200 len: 246 time: 0.0027478
2026-04-14 07:08:55.899 9 INFO neutron.wsgi [req-46fd1859-e1d4-45af-9e01-bfcdeec0e35e req-c0a77de7-ca2b-4156-bd3f-7c34dafca3a8 939187aa0e67436495f0742d9d0def3f 1924e0526efe4ee9ac0e7a279f3e5f5d - - default default] 10.0.0.182 "GET /v2.0/ports?device_id=7d580b6a-452e-4a24-b52f-aca772fc22c6 HTTP/1.1" status: 200 len: 1172 time: 0.0527685
2026-04-14 07:08:55.960 9 INFO neutron.wsgi [req-46fd1859-e1d4-45af-9e01-bfcdeec0e35e req-8458e0f8-2645-40d8-b053-e73e5bd75136 939187aa0e67436495f0742d9d0def3f 1924e0526efe4ee9ac0e7a279f3e5f5d - - default default] 10.0.0.182 "GET /v2.0/security-groups?id=ccd621b6-ee8d-4bc6-8c55-e396e1538b7b&fields=id&fields=name HTTP/1.1" status: 200 len: 286 time: 0.0528891
2026-04-14 07:08:56.048 10 INFO neutron.wsgi [req-83de963d-7bd1-4d4b-86ee-3adcc3a0aecf req-a9119a09-88d2-411e-ada1-0cbc82d289df 033bd60d3c5c4cc4b37b52f45bf9e3fa 046a87c2b3d2420796d1931b04e759a5 - - default default] 199.204.45.222 "GET /v2.0/networks?id=a83956da-7d7d-43d3-9488-e4c67fdd7c6a HTTP/1.1" status: 200 len: 872 time: 0.0784290
2026-04-14 07:08:56.061 10 WARNING neutron_lib.context [req-83de963d-7bd1-4d4b-86ee-3adcc3a0aecf req-5ba6639e-ac81-4773-9184-50eb119898a1 033bd60d3c5c4cc4b37b52f45bf9e3fa 046a87c2b3d2420796d1931b04e759a5 - - default default] Method 'is_advsvc' is deprecated since 2023.2 release (neutron-lib 3.8.0) and will be removed once support for the old RBAC API policies will be removed from Neutron. Please use method 'is_service_role' instead.
