2026-04-14 07:08:36.275 10 INFO neutron.wsgi [req-60a53c6f-d0e3-4b6e-9207-0d05ec4653fa req-621f8bff-c711-4f05-a8e9-4d44160f7386 7071519e53d54dbca5cddcd54c87f29c cbe7e2eda50c40fd93d79d22a50a0674 - - 57dfbdfe5cbc4cfe88327dd0941f775f 57dfbdfe5cbc4cfe88327dd0941f775f] 199.204.45.222 "GET /v2.0/networks/8e05b118-b466-44ca-9ec8-c320f2ae299b?fields=provider%3Aphysical_network&fields=provider%3Anetwork_type HTTP/1.1" status: 200 len: 277 time: 0.0938478
2026-04-14 07:08:36.411 10 INFO neutron.db.ovn_revision_numbers_db [None req-7ccfdceb-07a4-42c5-97a9-55fa53fa2b74 - - - - - -] Successfully bumped revision number for resource 6e0c0f63-1723-4e6c-aef2-b81b5a6c6daf (type: ports) to 4
2026-04-14 07:08:36.583 10 INFO neutron.plugins.ml2.drivers.ovn.mech_driver.mech_driver [None req-7ccfdceb-07a4-42c5-97a9-55fa53fa2b74 - - - - - -] OVN reports status up for port: ade3da3d-2cc7-4bcf-9833-98159f7d33da
2026-04-14 07:08:36.592 10 INFO neutron.plugins.ml2.plugin [None req-7ccfdceb-07a4-42c5-97a9-55fa53fa2b74 - - - - - -] Attempt 1 to provision port ade3da3d-2cc7-4bcf-9833-98159f7d33da
2026-04-14 07:08:36.608 9 INFO neutron.db.ovn_revision_numbers_db [None req-d6d02858-e254-444c-91a8-8a746a24db32 07920babcdf44b3d88fa49553ce19332 1776942c6e2641f8a8df09cced6098a7 - - default default] Successfully bumped revision number for resource ade3da3d-2cc7-4bcf-9833-98159f7d33da (type: router_ports) to 1
2026-04-14 07:08:36.717 9 INFO neutron.db.ovn_revision_numbers_db [None req-d6d02858-e254-444c-91a8-8a746a24db32 07920babcdf44b3d88fa49553ce19332 1776942c6e2641f8a8df09cced6098a7 - - default default] Successfully bumped revision number for resource ade3da3d-2cc7-4bcf-9833-98159f7d33da (type: ports) to 1
2026-04-14 07:08:36.790 9 WARNING neutron.scheduler.dhcp_agent_scheduler [None req-d6d02858-e254-444c-91a8-8a746a24db32 07920babcdf44b3d88fa49553ce19332 1776942c6e2641f8a8df09cced6098a7 - - default default] No more DHCP agents
2026-04-14 07:08:36.791 9 WARNING neutron.api.rpc.agentnotifiers.dhcp_rpc_agent_api [None req-d6d02858-e254-444c-91a8-8a746a24db32 07920babcdf44b3d88fa49553ce19332 1776942c6e2641f8a8df09cced6098a7 - - default default] Unable to schedule network e9cfe3e6-aa17-48a2-9359-4074519f8e3a: no agents available; will retry on subsequent port and subnet creation events.
2026-04-14 07:08:36.871 10 INFO neutron.db.ovn_revision_numbers_db [None req-7ccfdceb-07a4-42c5-97a9-55fa53fa2b74 - - - - - -] Successfully bumped revision number for resource ade3da3d-2cc7-4bcf-9833-98159f7d33da (type: ports) to 2
2026-04-14 07:08:36.934 9 INFO neutron.db.ovn_revision_numbers_db [None req-d6d02858-e254-444c-91a8-8a746a24db32 07920babcdf44b3d88fa49553ce19332 1776942c6e2641f8a8df09cced6098a7 - - default default] Successfully bumped revision number for resource ade3da3d-2cc7-4bcf-9833-98159f7d33da (type: router_ports) to 2
2026-04-14 07:08:36.936 9 INFO neutron.wsgi [None req-d6d02858-e254-444c-91a8-8a746a24db32 07920babcdf44b3d88fa49553ce19332 1776942c6e2641f8a8df09cced6098a7 - - default default] 10.0.0.60 "PUT /v2.0/routers/9e4e6234-826b-45f1-a8ff-497a9a02596d/add_router_interface HTTP/1.1" status: 200 len: 503 time: 1.6965950 /var/lib/openstack/lib/python3.10/site-packages/pycadf/identifier.py:71: UserWarning: Invalid uuid: neutron. To ensure interoperability, identifiers should be a valid uuid. warnings.warn(('Invalid uuid: %s. To ensure interoperability, '
2026-04-14 07:08:37.002 9 INFO neutron.db.ovn_revision_numbers_db [None req-0ea3c322-d160-4826-8bb3-911bbacdff51 add9338a2b714f62b7234c94dba39f9b 82ded0903dba40858a978235e9bb2eb7 - - default default] Successfully bumped revision number for resource 7586be73-05cb-41fb-bf6b-1cd94abaf193 (type: security_groups) to 1
2026-04-14 07:08:37.016 9 INFO neutron.db.ovn_revision_numbers_db [None req-0ea3c322-d160-4826-8bb3-911bbacdff51 add9338a2b714f62b7234c94dba39f9b 82ded0903dba40858a978235e9bb2eb7 - - default default] Successfully bumped revision number for resource 0f14bc38-357d-45d2-8457-094789b11734 (type: security_group_rules) to 0
2026-04-14 07:08:37.031 9 INFO neutron.db.ovn_revision_numbers_db [None req-0ea3c322-d160-4826-8bb3-911bbacdff51 add9338a2b714f62b7234c94dba39f9b 82ded0903dba40858a978235e9bb2eb7 - - default default] Successfully bumped revision number for resource 26cba03e-1d76-491d-9097-070b83e65ce8 (type: security_group_rules) to 0
2026-04-14 07:08:37.033 10 INFO neutron.wsgi [None req-868cd056-9b8a-4013-9632-e3a922121b00 07920babcdf44b3d88fa49553ce19332 1776942c6e2641f8a8df09cced6098a7 - - default default] 10.0.0.60 "GET /v2.0/ports/ade3da3d-2cc7-4bcf-9833-98159f7d33da HTTP/1.1" status: 200 len: 1149 time: 0.0913267
2026-04-14 07:08:37.045 9 INFO neutron.db.ovn_revision_numbers_db [None req-0ea3c322-d160-4826-8bb3-911bbacdff51 add9338a2b714f62b7234c94dba39f9b 82ded0903dba40858a978235e9bb2eb7 - - default default] Successfully bumped revision number for resource b80d23ff-a85a-4b5d-9559-97e479a3f18e (type: security_group_rules) to 0
2026-04-14 07:08:37.057 9 INFO neutron.db.ovn_revision_numbers_db [None req-0ea3c322-d160-4826-8bb3-911bbacdff51 add9338a2b714f62b7234c94dba39f9b 82ded0903dba40858a978235e9bb2eb7 - - default default] Successfully bumped revision number for resource dedb5fea-47bd-4634-81e3-ed51143a6e6f (type: security_group_rules) to 0
2026-04-14 07:08:37.071 10 INFO neutron.wsgi [None req-18492e18-8b60-4b72-b1af-c4233c021d48 07920babcdf44b3d88fa49553ce19332 1776942c6e2641f8a8df09cced6098a7 - - default default] 10.0.0.60 "GET /v2.0/ports/ade3da3d-2cc7-4bcf-9833-98159f7d33da HTTP/1.1" status: 200 len: 1149 time: 0.0340807
2026-04-14 07:08:37.079 9 INFO neutron.wsgi [None req-0ea3c322-d160-4826-8bb3-911bbacdff51 add9338a2b714f62b7234c94dba39f9b 82ded0903dba40858a978235e9bb2eb7 - - default default] 10.0.0.60 "GET /v2.0/security-groups?tenant_id=3752df8058a0456eb4119ba79a11b77e&name=default HTTP/1.1" status: 200 len: 2996 time: 0.2813458
2026-04-14 07:08:37.136 10 INFO neutron.notifiers.nova [-] Nova event matching ['req-ae68df4f-8c58-4522-a82e-c838883869cf'] response: {'server_uuid': 'f1f07b67-b56c-4030-ba09-53ee2b5a2374', 'name': 'network-vif-plugged', 'status': 'completed', 'tag': '6e0c0f63-1723-4e6c-aef2-b81b5a6c6daf', 'code': 200}
2026-04-14 07:08:37.136 10 INFO neutron.notifiers.nova [-] Nova event matching ['req-ae68df4f-8c58-4522-a82e-c838883869cf'] response: {'server_uuid': 'f1f07b67-b56c-4030-ba09-53ee2b5a2374', 'name': 'network-vif-plugged', 'status': 'completed', 'tag': '6e0c0f63-1723-4e6c-aef2-b81b5a6c6daf', 'code': 200}
2026-04-14 07:08:37.285 9 INFO neutron.wsgi [req-b2a1fb93-f1af-4ab0-80f5-c52565c8d055 req-98202cc3-5536-4cea-be2f-dbea2bfee552 e27b5067055a4ec484a8b06992b6e83c 571edfe8c9fc4d40b7640fe9885efaa0 - - default default] 10.0.0.182 "GET /v2.0/ports?device_id=f1f07b67-b56c-4030-ba09-53ee2b5a2374 HTTP/1.1" status: 200 len: 1170 time: 0.0474529
2026-04-14 07:08:37.328 9 INFO neutron.wsgi [req-b2a1fb93-f1af-4ab0-80f5-c52565c8d055 req-9bb9d65b-c482-4e28-ba47-7862e4557824 e27b5067055a4ec484a8b06992b6e83c 571edfe8c9fc4d40b7640fe9885efaa0 - - default default] 10.0.0.182 "GET /v2.0/security-groups?id=4c8ded6c-ee86-41e9-9c08-5acf724724d3&fields=id&fields=name HTTP/1.1" status: 200 len: 312 time: 0.0352902
2026-04-14 07:08:37.423 10 INFO neutron.wsgi [None req-0bdf4735-b03f-4d68-b59b-a2046f574449 add9338a2b714f62b7234c94dba39f9b 82ded0903dba40858a978235e9bb2eb7 - - default default] 10.0.0.60 "DELETE /v2.0/security-groups/7586be73-05cb-41fb-bf6b-1cd94abaf193 HTTP/1.1" status: 204 len: 168 time: 0.3406556
2026-04-14 07:08:37.813 10 INFO neutron.wsgi [None req-f4925a56-77d9-40c6-be33-6274fda2d0d5 07920babcdf44b3d88fa49553ce19332 1776942c6e2641f8a8df09cced6098a7 - - default default] 10.0.0.60 "PUT /v2.0/routers/9e4e6234-826b-45f1-a8ff-497a9a02596d/remove_router_interface HTTP/1.1" status: 200 len: 503 time: 0.7375901
2026-04-14 07:08:37.920 9 INFO neutron.wsgi [None req-8eb86c07-f693-407e-a64b-7f5975e9ea78 07920babcdf44b3d88fa49553ce19332 1776942c6e2641f8a8df09cced6098a7 - - default default] 10.0.0.60 "GET /v2.0/ports/971a5f09-5a8b-478d-b26c-df1f90283086 HTTP/1.1" status: 200 len: 1141 time: 0.0995226 /var/lib/openstack/lib/python3.10/site-packages/pycadf/identifier.py:71: UserWarning: Invalid uuid: neutron. To ensure interoperability, identifiers should be a valid uuid. warnings.warn(('Invalid uuid: %s. To ensure interoperability, '
2026-04-14 07:08:38.233 10 INFO neutron.db.ovn_revision_numbers_db [None req-dcafdce4-bb64-4084-ba3a-c7eeb6281a2a add9338a2b714f62b7234c94dba39f9b 82ded0903dba40858a978235e9bb2eb7 - - default default] Successfully bumped revision number for resource ccd621b6-ee8d-4bc6-8c55-e396e1538b7b (type: security_groups) to 1
2026-04-14 07:08:38.248 10 INFO neutron.db.ovn_revision_numbers_db [None req-dcafdce4-bb64-4084-ba3a-c7eeb6281a2a add9338a2b714f62b7234c94dba39f9b 82ded0903dba40858a978235e9bb2eb7 - - default default] Successfully bumped revision number for resource 39232d49-1ff8-46c1-8c77-54571f82b15e (type: security_group_rules) to 0
2026-04-14 07:08:38.260 10 INFO neutron.db.ovn_revision_numbers_db [None req-dcafdce4-bb64-4084-ba3a-c7eeb6281a2a add9338a2b714f62b7234c94dba39f9b 82ded0903dba40858a978235e9bb2eb7 - - default default] Successfully bumped revision number for resource abc98a3a-aaee-4a0f-99b7-ea0601a4b27f (type: security_group_rules) to 0
2026-04-14 07:08:38.274 10 INFO neutron.db.ovn_revision_numbers_db [None req-dcafdce4-bb64-4084-ba3a-c7eeb6281a2a add9338a2b714f62b7234c94dba39f9b 82ded0903dba40858a978235e9bb2eb7 - - default default] Successfully bumped revision number for resource d75d90ee-7403-46fc-84a3-96d4407ac418 (type: security_group_rules) to 0
2026-04-14 07:08:38.297 10 INFO neutron.db.ovn_revision_numbers_db [None req-dcafdce4-bb64-4084-ba3a-c7eeb6281a2a add9338a2b714f62b7234c94dba39f9b 82ded0903dba40858a978235e9bb2eb7 - - default default] Successfully bumped revision number for resource fce91945-871c-4978-9d51-b6b4c733a17e (type: security_group_rules) to 0
2026-04-14 07:08:38.362 10 INFO neutron.db.segments_db [None req-dcafdce4-bb64-4084-ba3a-c7eeb6281a2a add9338a2b714f62b7234c94dba39f9b 82ded0903dba40858a978235e9bb2eb7 - - default default] Added segment ca4d92d9-2e01-4431-ba07-75733c1cd8a8 of type geneve for network 09759995-7b00-4235-ad0d-84ea4d31afc2
2026-04-14 07:08:38.472 10 INFO neutron.wsgi [req-aca44908-080b-49c1-a531-f2997d18d793 req-440bd4be-f7ba-4f95-9c60-706dc5e231b3 e27b5067055a4ec484a8b06992b6e83c 571edfe8c9fc4d40b7640fe9885efaa0 - - default default] 10.0.0.182 "GET /v2.0/ports?device_id=f1f07b67-b56c-4030-ba09-53ee2b5a2374 HTTP/1.1" status: 200 len: 1170 time: 0.0545297
2026-04-14 07:08:38.552 10 INFO neutron.wsgi [req-aca44908-080b-49c1-a531-f2997d18d793 req-6273f46d-e752-4f2a-ae20-4c192f3feba0 e27b5067055a4ec484a8b06992b6e83c 571edfe8c9fc4d40b7640fe9885efaa0 - - default default] 10.0.0.182 "GET /v2.0/security-groups?id=4c8ded6c-ee86-41e9-9c08-5acf724724d3&fields=id&fields=name HTTP/1.1" status: 200 len: 312 time: 0.0708895
2026-04-14 07:08:38.563 10 INFO neutron.db.ovn_revision_numbers_db [None req-dcafdce4-bb64-4084-ba3a-c7eeb6281a2a add9338a2b714f62b7234c94dba39f9b 82ded0903dba40858a978235e9bb2eb7 - - default default] Successfully bumped revision number for resource 09759995-7b00-4235-ad0d-84ea4d31afc2 (type: networks) to 1
2026-04-14 07:08:38.726 9 INFO neutron.wsgi [req-e10e75ff-6d73-48ab-9448-1d6ffe54877a req-560e3957-8002-46df-9e40-29e576bcf868 e27b5067055a4ec484a8b06992b6e83c 571edfe8c9fc4d40b7640fe9885efaa0 - - default default] 10.0.0.182 "GET /v2.0/ports?device_id=f1f07b67-b56c-4030-ba09-53ee2b5a2374 HTTP/1.1" status: 200 len: 1170 time: 0.1110151
2026-04-14 07:08:38.757 10 WARNING neutron.scheduler.dhcp_agent_scheduler [None req-dcafdce4-bb64-4084-ba3a-c7eeb6281a2a add9338a2b714f62b7234c94dba39f9b 82ded0903dba40858a978235e9bb2eb7 - - default default] No more DHCP agents
2026-04-14 07:08:38.760 10 WARNING neutron.api.rpc.agentnotifiers.dhcp_rpc_agent_api [None req-dcafdce4-bb64-4084-ba3a-c7eeb6281a2a add9338a2b714f62b7234c94dba39f9b 82ded0903dba40858a978235e9bb2eb7 - - default default] Unable to schedule network 09759995-7b00-4235-ad0d-84ea4d31afc2: no agents available; will retry on subsequent port and subnet creation events.
2026-04-14 07:08:38.821 9 INFO neutron.wsgi [None req-825d13fc-b0c6-4e85-9079-eedebf7705c4 07920babcdf44b3d88fa49553ce19332 1776942c6e2641f8a8df09cced6098a7 - - default default] 10.0.0.60 "PUT /v2.0/routers/9e4e6234-826b-45f1-a8ff-497a9a02596d/remove_router_interface HTTP/1.1" status: 200 len: 503 time: 0.8959031
2026-04-14 07:08:38.825 9 INFO neutron.wsgi [req-e10e75ff-6d73-48ab-9448-1d6ffe54877a req-450e9cee-c698-41b4-935f-4f61fd188edb e27b5067055a4ec484a8b06992b6e83c 571edfe8c9fc4d40b7640fe9885efaa0 - - default default] 10.0.0.182 "GET /v2.0/security-groups?id=4c8ded6c-ee86-41e9-9c08-5acf724724d3&fields=id&fields=name HTTP/1.1" status: 200 len: 312 time: 0.0862508 /var/lib/openstack/lib/python3.10/site-packages/pycadf/identifier.py:71: UserWarning: Invalid uuid: neutron. To ensure interoperability, identifiers should be a valid uuid. warnings.warn(('Invalid uuid: %s. To ensure interoperability, '
2026-04-14 07:08:38.844 9 INFO neutron.wsgi [None req-a86cce96-3fb4-4af8-8f3c-ef31aa9f68e3 07920babcdf44b3d88fa49553ce19332 1776942c6e2641f8a8df09cced6098a7 - - default default] 10.0.0.60 "GET /v2.0/ports?device_id=9e4e6234-826b-45f1-a8ff-497a9a02596d HTTP/1.1" status: 200 len: 205 time: 0.0187294
2026-04-14 07:08:38.867 10 INFO neutron.db.ovn_revision_numbers_db [None req-dcafdce4-bb64-4084-ba3a-c7eeb6281a2a add9338a2b714f62b7234c94dba39f9b 82ded0903dba40858a978235e9bb2eb7 - - default default] Successfully bumped revision number for resource 3e2a8ce7-9969-4b64-ab03-377678467e40 (type: ports) to 1
2026-04-14 07:08:38.887 10 INFO neutron.wsgi [None req-1590babb-415d-4c44-b526-daec31fd8307 a5c83e17fd8846fbb007943118bd1709 c3119be65c76401a82434a40f853cb3b - - default default] 10.0.0.60 "GET /v2.0/ports?device_id=f1f07b67-b56c-4030-ba09-53ee2b5a2374 HTTP/1.1" status: 200 len: 1404 time: 0.0430713
2026-04-14 07:08:38.903 10 INFO neutron.wsgi [None req-dcafdce4-bb64-4084-ba3a-c7eeb6281a2a add9338a2b714f62b7234c94dba39f9b 82ded0903dba40858a978235e9bb2eb7 - - default default] 10.0.0.60 "POST /v2.0/networks HTTP/1.1" status: 201 len: 947 time: 0.9390228
2026-04-14 07:08:39.201 10 INFO neutron.db.l3_db [None req-de00c9d1-46da-41f6-be9d-233d24734be7 e27b5067055a4ec484a8b06992b6e83c 571edfe8c9fc4d40b7640fe9885efaa0 - - default default] Floating IP 3b95368a-4a64-4279-9cf4-d3ea63adf5b7 associated. External IP: 10.96.250.218, port: 6e0c0f63-1723-4e6c-aef2-b81b5a6c6daf.
2026-04-14 07:08:39.223 9 INFO neutron.wsgi [None req-f89964ae-7b1c-4d35-a74a-eec7df6e873a 07920babcdf44b3d88fa49553ce19332 1776942c6e2641f8a8df09cced6098a7 - - default default] 10.0.0.60 "DELETE /v2.0/routers/9e4e6234-826b-45f1-a8ff-497a9a02596d HTTP/1.1" status: 204 len: 168 time: 0.3747761
2026-04-14 07:08:39.263 9 WARNING neutron.scheduler.dhcp_agent_scheduler [None req-b1c6f2de-7259-4133-ad70-79b4c7c914a6 add9338a2b714f62b7234c94dba39f9b 82ded0903dba40858a978235e9bb2eb7 - - default default] No more DHCP agents
2026-04-14 07:08:39.267 9 WARNING neutron.api.rpc.agentnotifiers.dhcp_rpc_agent_api [None req-b1c6f2de-7259-4133-ad70-79b4c7c914a6 add9338a2b714f62b7234c94dba39f9b 82ded0903dba40858a978235e9bb2eb7 - - default default] Unable to schedule network 09759995-7b00-4235-ad0d-84ea4d31afc2: no agents available; will retry on subsequent port and subnet creation events.
2026-04-14 07:08:39.464 10 INFO neutron.db.ovn_revision_numbers_db [None req-de00c9d1-46da-41f6-be9d-233d24734be7 e27b5067055a4ec484a8b06992b6e83c 571edfe8c9fc4d40b7640fe9885efaa0 - - default default] Successfully bumped revision number for resource 3b95368a-4a64-4279-9cf4-d3ea63adf5b7 (type: floatingips) to 4
2026-04-14 07:08:39.501 9 INFO neutron.wsgi [None req-0ef7bd91-b22a-4c2b-91c8-e502fad9fd30 07920babcdf44b3d88fa49553ce19332 1776942c6e2641f8a8df09cced6098a7 - - default default] 10.0.0.60 "DELETE /v2.0/subnets/eb431147-7141-4dae-afe2-ae67622f0722 HTTP/1.1" status: 204 len: 168 time: 0.2684364
2026-04-14 07:08:39.574 10 INFO neutron.db.ovn_revision_numbers_db [None req-de00c9d1-46da-41f6-be9d-233d24734be7 e27b5067055a4ec484a8b06992b6e83c 571edfe8c9fc4d40b7640fe9885efaa0 - - default default] Successfully bumped revision number for resource 3b95368a-4a64-4279-9cf4-d3ea63adf5b7 (type: floatingips) to 5
2026-04-14 07:08:39.597 10 INFO neutron.wsgi [None req-de00c9d1-46da-41f6-be9d-233d24734be7 e27b5067055a4ec484a8b06992b6e83c 571edfe8c9fc4d40b7640fe9885efaa0 - - default default] 10.0.0.60 "PUT /v2.0/floatingips/3b95368a-4a64-4279-9cf4-d3ea63adf5b7 HTTP/1.1" status: 200 len: 1049 time: 0.7027709
2026-04-14 07:08:39.635 10 INFO neutron.notifiers.nova [-] Nova event matching ['req-2a9214c0-1821-4054-a77a-df63f44fbc05'] response: {'name': 'network-changed', 'server_uuid': 'f1f07b67-b56c-4030-ba09-53ee2b5a2374', 'tag': '6e0c0f63-1723-4e6c-aef2-b81b5a6c6daf', 'status': 'completed', 'code': 200}
2026-04-14 07:08:39.645 10 INFO neutron.wsgi [None req-957f1a89-049b-45de-bba6-cc2b04e8856d e27b5067055a4ec484a8b06992b6e83c 571edfe8c9fc4d40b7640fe9885efaa0 - - default default] 10.0.0.60 "GET /v2.0/floatingips/3b95368a-4a64-4279-9cf4-d3ea63adf5b7 HTTP/1.1" status: 200 len: 1051 time: 0.0422409
2026-04-14 07:08:39.716 10 INFO neutron.wsgi [req-ec37daad-c2b9-40d6-8b0d-5b00ebb4048f req-f3adff69-2b68-4e6d-bc46-42029581afaf 7071519e53d54dbca5cddcd54c87f29c cbe7e2eda50c40fd93d79d22a50a0674 - - 57dfbdfe5cbc4cfe88327dd0941f775f 57dfbdfe5cbc4cfe88327dd0941f775f] 199.204.45.222 "GET /v2.0/ports?tenant_id=571edfe8c9fc4d40b7640fe9885efaa0&device_id=f1f07b67-b56c-4030-ba09-53ee2b5a2374 HTTP/1.1" status: 200 len: 1409 time: 0.0601647
2026-04-14 07:08:39.781 10 INFO neutron.wsgi [req-ec37daad-c2b9-40d6-8b0d-5b00ebb4048f req-6900250c-0bc2-401e-bf49-b650c82018c4 7071519e53d54dbca5cddcd54c87f29c cbe7e2eda50c40fd93d79d22a50a0674 - - 57dfbdfe5cbc4cfe88327dd0941f775f 57dfbdfe5cbc4cfe88327dd0941f775f] 199.204.45.222 "GET /v2.0/networks?id=8e05b118-b466-44ca-9ec8-c320f2ae299b HTTP/1.1" status: 200 len: 957 time: 0.0601966
2026-04-14 07:08:39.824 10 INFO neutron.wsgi [req-ec37daad-c2b9-40d6-8b0d-5b00ebb4048f req-60f1587d-8117-42b3-95ab-545e323c96ca 7071519e53d54dbca5cddcd54c87f29c cbe7e2eda50c40fd93d79d22a50a0674 - - 57dfbdfe5cbc4cfe88327dd0941f775f 57dfbdfe5cbc4cfe88327dd0941f775f] 199.204.45.222 "GET /v2.0/floatingips?fixed_ip_address=10.100.0.8&port_id=6e0c0f63-1723-4e6c-aef2-b81b5a6c6daf HTTP/1.1" status: 200 len: 1059 time: 0.0370831
2026-04-14 07:08:39.864 10 INFO neutron.wsgi [req-ec37daad-c2b9-40d6-8b0d-5b00ebb4048f req-65cb9685-fa07-436c-851f-fc6a093a601a 7071519e53d54dbca5cddcd54c87f29c cbe7e2eda50c40fd93d79d22a50a0674 - - 57dfbdfe5cbc4cfe88327dd0941f775f 57dfbdfe5cbc4cfe88327dd0941f775f] 199.204.45.222 "GET /v2.0/subnets?id=513652b6-ae0a-44f6-85d5-871e4d619800 HTTP/1.1" status: 200 len: 853 time: 0.0314629
2026-04-14 07:08:39.887 10 INFO neutron.wsgi [req-ec37daad-c2b9-40d6-8b0d-5b00ebb4048f req-41925813-5fb9-4984-bd48-034c8b9bf543 7071519e53d54dbca5cddcd54c87f29c cbe7e2eda50c40fd93d79d22a50a0674 - - 57dfbdfe5cbc4cfe88327dd0941f775f 57dfbdfe5cbc4cfe88327dd0941f775f] 199.204.45.222 "GET /v2.0/ports?network_id=8e05b118-b466-44ca-9ec8-c320f2ae299b&device_owner=network%3Adhcp HTTP/1.1" status: 200 len: 210 time: 0.0172613
2026-04-14 07:08:39.956 10 INFO neutron.wsgi [req-ec37daad-c2b9-40d6-8b0d-5b00ebb4048f req-4a984b83-4b3d-4c5b-ab33-1b92edee8a88 7071519e53d54dbca5cddcd54c87f29c cbe7e2eda50c40fd93d79d22a50a0674 - - 57dfbdfe5cbc4cfe88327dd0941f775f 57dfbdfe5cbc4cfe88327dd0941f775f] 199.204.45.222 "GET /v2.0/networks/8e05b118-b466-44ca-9ec8-c320f2ae299b?fields=segments HTTP/1.1" status: 200 len: 212 time: 0.0623710
2026-04-14 07:08:40.034 10 INFO neutron.wsgi [req-ec37daad-c2b9-40d6-8b0d-5b00ebb4048f req-cb82f6e0-25b8-472a-97f1-020070682e61 7071519e53d54dbca5cddcd54c87f29c cbe7e2eda50c40fd93d79d22a50a0674 - - 57dfbdfe5cbc4cfe88327dd0941f775f 57dfbdfe5cbc4cfe88327dd0941f775f] 199.204.45.222 "GET /v2.0/networks/8e05b118-b466-44ca-9ec8-c320f2ae299b?fields=provider%3Aphysical_network&fields=provider%3Anetwork_type HTTP/1.1" status: 200 len: 277 time: 0.0694802
2026-04-14 07:08:40.052 9 INFO neutron.wsgi [None req-8aaf7f1c-e917-479c-a678-cb4a3221150b 07920babcdf44b3d88fa49553ce19332 1776942c6e2641f8a8df09cced6098a7 - - default default] 10.0.0.60 "DELETE /v2.0/subnets/bccd91a8-cad8-43a1-8c5d-e7893b9574fd HTTP/1.1" status: 204 len: 168 time: 0.5463345
2026-04-14 07:08:40.193 9 INFO neutron.db.ovn_revision_numbers_db [None req-b1c6f2de-7259-4133-ad70-79b4c7c914a6 add9338a2b714f62b7234c94dba39f9b 82ded0903dba40858a978235e9bb2eb7 - - default default] Successfully bumped revision number for resource 3e2a8ce7-9969-4b64-ab03-377678467e40 (type: ports) to 2
2026-04-14 07:08:40.207 9 WARNING neutron.plugins.ml2.drivers.ovn.mech_driver.ovsdb.ovn_client [None req-ee58eb2f-c570-44b1-8998-618c0370270b - - - - - -] No port found with ID 971a5f09-5a8b-478d-b26c-df1f90283086: RuntimeError: No port found with ID 971a5f09-5a8b-478d-b26c-df1f90283086
2026-04-14 07:08:40.212 10 INFO neutron.db.ovn_revision_numbers_db [None req-0db5d4b4-e932-4e0f-9a71-4ea1777b5c89 add9338a2b714f62b7234c94dba39f9b 82ded0903dba40858a978235e9bb2eb7 - - default default] Successfully bumped revision number for resource ac80dc69-72c9-4571-a88f-f0a8b2630025 (type: security_groups) to 1
2026-04-14 07:08:40.242 10 INFO neutron.db.ovn_revision_numbers_db [None req-0db5d4b4-e932-4e0f-9a71-4ea1777b5c89 add9338a2b714f62b7234c94dba39f9b 82ded0903dba40858a978235e9bb2eb7 - - default default] Successfully bumped revision number for resource 13ed1740-baad-4bfa-836c-3d6875a2c20d (type: security_group_rules) to 0
2026-04-14 07:08:40.243 9 INFO neutron.db.ovn_revision_numbers_db [None req-b1c6f2de-7259-4133-ad70-79b4c7c914a6 add9338a2b714f62b7234c94dba39f9b 82ded0903dba40858a978235e9bb2eb7 - - default default] Successfully bumped revision number for resource a3c7a501-837c-4791-a996-55253ab3be7f (type: subnets) to 0
2026-04-14 07:08:40.275 9 INFO neutron.wsgi [None req-b1c6f2de-7259-4133-ad70-79b4c7c914a6 add9338a2b714f62b7234c94dba39f9b 82ded0903dba40858a978235e9bb2eb7 - - default default] 10.0.0.60 "POST /v2.0/subnets HTTP/1.1" status: 201 len: 868 time: 1.3630157
2026-04-14 07:08:40.287 10 INFO neutron.db.ovn_revision_numbers_db [None req-0db5d4b4-e932-4e0f-9a71-4ea1777b5c89 add9338a2b714f62b7234c94dba39f9b 82ded0903dba40858a978235e9bb2eb7 - - default default] Successfully bumped revision number for resource 9460d443-f6a9-4c18-b13b-a384bc7a2931 (type: security_group_rules) to 0
2026-04-14 07:08:40.329 10 INFO neutron.db.ovn_revision_numbers_db [None req-0db5d4b4-e932-4e0f-9a71-4ea1777b5c89 add9338a2b714f62b7234c94dba39f9b 82ded0903dba40858a978235e9bb2eb7 - - default default] Successfully bumped revision number for resource a5275f0d-8962-4b4a-816f-c06aa966fe67 (type: security_group_rules) to 0
2026-04-14 07:08:40.364 10 INFO neutron.db.ovn_revision_numbers_db [None req-0db5d4b4-e932-4e0f-9a71-4ea1777b5c89 add9338a2b714f62b7234c94dba39f9b 82ded0903dba40858a978235e9bb2eb7 - - default default] Successfully bumped revision number for resource d2150e8d-9884-4563-8791-1fc3b4b59df8 (type: security_group_rules) to 0
2026-04-14 07:08:40.401 10 INFO neutron.wsgi [None req-0db5d4b4-e932-4e0f-9a71-4ea1777b5c89 add9338a2b714f62b7234c94dba39f9b 82ded0903dba40858a978235e9bb2eb7 - - default default] 10.0.0.60 "GET /v2.0/security-groups?tenant_id=9c0450b9f80f4529aeb53d58f051d835&name=default HTTP/1.1" status: 200 len: 2996 time: 0.6347241
2026-04-14 07:08:40.535 10 INFO neutron.services.segments.plugin [-] Segment ecd9e876-886a-4eea-8e24-240915589777 resource provider aggregate not found
2026-04-14 07:08:40.541 10 INFO neutron.services.segments.plugin [-] Segment ecd9e876-886a-4eea-8e24-240915589777 resource provider aggregate not found
2026-04-14 07:08:40.562 10 INFO neutron.services.segments.plugin [-] Segment ecd9e876-886a-4eea-8e24-240915589777 resource provider not found; error: Placement Client Error (4xx): {"errors": [{"status": 404, "title": "Not Found", "detail": "The resource could not be found.\n\n No resource provider with uuid ecd9e876-886a-4eea-8e24-240915589777 found for delete ", "request_id": "req-05d75a19-c994-499d-96ad-9677edbef2e6"}]}
2026-04-14 07:08:40.563 10 INFO neutron.services.segments.plugin [-] Segment ecd9e876-886a-4eea-8e24-240915589777 resource provider not found; error: Placement Client Error (4xx): {"errors": [{"status": 404, "title": "Not Found", "detail": "The resource could not be found.\n\n No resource provider with uuid ecd9e876-886a-4eea-8e24-240915589777 found for delete ", "request_id": "req-9819978f-2d0d-4460-8f13-809d18b8d35b"}]}
2026-04-14 07:08:40.651 9 INFO neutron.wsgi [None req-daa464d7-bb8b-4518-b9a6-a10677c1895b add9338a2b714f62b7234c94dba39f9b 82ded0903dba40858a978235e9bb2eb7 - - default default] 10.0.0.60 "DELETE /v2.0/security-groups/ac80dc69-72c9-4571-a88f-f0a8b2630025 HTTP/1.1" status: 204 len: 168 time: 0.2431955
2026-04-14 07:08:40.663 9 INFO neutron.wsgi [-] 10.0.0.187 "GET / HTTP/1.1" status: 200 len: 246 time: 0.0015106
2026-04-14 07:08:40.666 9 INFO neutron.wsgi [-] 10.0.0.187 "GET / HTTP/1.1" status: 200 len: 246 time: 0.0019877
2026-04-14 07:08:40.877 10 INFO neutron.wsgi [None req-b5971e75-ed7e-41bf-8d09-72664ff385b1 07920babcdf44b3d88fa49553ce19332 1776942c6e2641f8a8df09cced6098a7 - - default default] 10.0.0.60 "DELETE /v2.0/networks/e9cfe3e6-aa17-48a2-9359-4074519f8e3a HTTP/1.1" status: 204 len: 168 time: 0.8194015
2026-04-14 07:08:41.069 10 WARNING neutron.scheduler.dhcp_agent_scheduler [None req-5ad42f9c-7e1b-43cc-bc28-25825d76f2a3 add9338a2b714f62b7234c94dba39f9b 82ded0903dba40858a978235e9bb2eb7 - - default default] No more DHCP agents
2026-04-14 07:08:41.071 10 WARNING neutron.api.rpc.agentnotifiers.dhcp_rpc_agent_api [None req-5ad42f9c-7e1b-43cc-bc28-25825d76f2a3 add9338a2b714f62b7234c94dba39f9b 82ded0903dba40858a978235e9bb2eb7 - - default default] Unable to schedule network c3f27773-0091-4883-b44e-15bc25a9428c: no agents available; will retry on subsequent port and subnet creation events.
2026-04-14 07:08:41.257 10 INFO neutron.db.ovn_revision_numbers_db [None req-5ad42f9c-7e1b-43cc-bc28-25825d76f2a3 add9338a2b714f62b7234c94dba39f9b 82ded0903dba40858a978235e9bb2eb7 - - default default] Successfully bumped revision number for resource e624fa3b-7e1b-4067-b1c1-1ed8d7f31fa9 (type: ports) to 1
2026-04-14 07:08:41.289 9 INFO neutron.services.segments.plugin [-] Segment c70b1add-c820-4259-9ec9-9a069f5bee08 resource provider aggregate not found
2026-04-14 07:08:41.296 9 INFO neutron.services.segments.plugin [-] Segment c70b1add-c820-4259-9ec9-9a069f5bee08 resource provider aggregate not found
2026-04-14 07:08:41.318 9 INFO neutron.services.segments.plugin [-] Segment c70b1add-c820-4259-9ec9-9a069f5bee08 resource provider not found; error: Placement Client Error (4xx): {"errors": [{"status": 404, "title": "Not Found", "detail": "The resource could not be found.\n\n No resource provider with uuid c70b1add-c820-4259-9ec9-9a069f5bee08 found for delete ", "request_id": "req-bc269350-a19e-4bb7-a53f-1ec215c6f42b"}]}
2026-04-14 07:08:41.320 9 INFO neutron.services.segments.plugin [-] Segment c70b1add-c820-4259-9ec9-9a069f5bee08 resource provider not found; error: Placement Client Error (4xx): {"errors": [{"status": 404, "title": "Not Found", "detail": "The resource could not be found.\n\n No resource provider with uuid c70b1add-c820-4259-9ec9-9a069f5bee08 found for delete ", "request_id": "req-ca9e8d50-6f8d-4dad-8c63-2c85d1aa3d1a"}]}
2026-04-14 07:08:41.360 9 INFO neutron.wsgi [None req-6443cb3d-c8ef-40b3-b4b3-f475771bcd89 07920babcdf44b3d88fa49553ce19332 1776942c6e2641f8a8df09cced6098a7 - - default default] 10.0.0.60 "DELETE /v2.0/networks/77e37f61-e529-4664-a989-fb56b2f51dc3 HTTP/1.1" status: 204 len: 168 time: 0.4767940
2026-04-14 07:08:41.369 9 WARNING neutron_lib.context [None req-ee8705de-2c01-4f12-8d84-070675b37dfa 07920babcdf44b3d88fa49553ce19332 1776942c6e2641f8a8df09cced6098a7 - - default default] Method 'is_advsvc' is deprecated since 2023.2 release (neutron-lib 3.8.0) and will be removed once support for the old RBAC API policies will be removed from Neutron. Please use method 'is_service_role' instead.
2026-04-14 07:08:41.454 9 INFO neutron.db.segments_db [None req-ee8705de-2c01-4f12-8d84-070675b37dfa 07920babcdf44b3d88fa49553ce19332 1776942c6e2641f8a8df09cced6098a7 - - default default] Added segment 103e6867-b03b-42b3-a138-e02368311b7d of type geneve for network 4e81d381-246a-4df9-b335-57ed49e14e85
2026-04-14 07:08:41.637 9 INFO neutron.db.ovn_revision_numbers_db [None req-ee8705de-2c01-4f12-8d84-070675b37dfa 07920babcdf44b3d88fa49553ce19332 1776942c6e2641f8a8df09cced6098a7 - - default default] Successfully bumped revision number for resource 4e81d381-246a-4df9-b335-57ed49e14e85 (type: networks) to 1
2026-04-14 07:08:41.788 10 WARNING neutron.plugins.ml2.drivers.ovn.mech_driver.ovsdb.ovn_client [None req-7ccfdceb-07a4-42c5-97a9-55fa53fa2b74 - - - - - -] No port found with ID ade3da3d-2cc7-4bcf-9833-98159f7d33da: RuntimeError: No port found with ID ade3da3d-2cc7-4bcf-9833-98159f7d33da
2026-04-14 07:08:41.818 9 WARNING neutron.scheduler.dhcp_agent_scheduler [None req-ee8705de-2c01-4f12-8d84-070675b37dfa 07920babcdf44b3d88fa49553ce19332 1776942c6e2641f8a8df09cced6098a7 - - default default] No more DHCP agents
2026-04-14 07:08:41.819 9 WARNING neutron.api.rpc.agentnotifiers.dhcp_rpc_agent_api [None req-ee8705de-2c01-4f12-8d84-070675b37dfa 07920babcdf44b3d88fa49553ce19332 1776942c6e2641f8a8df09cced6098a7 - - default default] Unable to schedule network 4e81d381-246a-4df9-b335-57ed49e14e85: no agents available; will retry on subsequent port and subnet creation events.
2026-04-14 07:08:41.906 9 INFO neutron.db.ovn_revision_numbers_db [None req-ee8705de-2c01-4f12-8d84-070675b37dfa 07920babcdf44b3d88fa49553ce19332 1776942c6e2641f8a8df09cced6098a7 - - default default] Successfully bumped revision number for resource 9871c559-6996-4306-b147-9ec8a3df89fa (type: ports) to 1
2026-04-14 07:08:41.934 10 INFO neutron.plugins.ml2.drivers.ovn.mech_driver.mech_driver [None req-7ccfdceb-07a4-42c5-97a9-55fa53fa2b74 - - - - - -] OVN reports status up for port: e624fa3b-7e1b-4067-b1c1-1ed8d7f31fa9
2026-04-14 07:08:41.936 9 INFO neutron.wsgi [None req-ee8705de-2c01-4f12-8d84-070675b37dfa 07920babcdf44b3d88fa49553ce19332 1776942c6e2641f8a8df09cced6098a7 - - default default] 10.0.0.60 "POST /v2.0/networks HTTP/1.1" status: 201 len: 833 time: 0.5702322
2026-04-14 07:08:41.948 9 INFO neutron.plugins.ml2.drivers.ovn.mech_driver.ovsdb.ovsdb_monitor [None req-3866e266-b513-41db-898a-f1a3024a961b - - - - - -] Router a64f6b19-2e49-4521-afe4-360ccdb36655 is bound to host instance
2026-04-14 07:08:41.957 10 INFO neutron.plugins.ml2.plugin [None req-7ccfdceb-07a4-42c5-97a9-55fa53fa2b74 - - - - - -] Attempt 1 to provision port e624fa3b-7e1b-4067-b1c1-1ed8d7f31fa9
2026-04-14 07:08:41.957 9 WARNING neutron_lib.context [None req-dee7f67b-746f-4d7a-88df-cb2a81716eab 07920babcdf44b3d88fa49553ce19332 1776942c6e2641f8a8df09cced6098a7 - - default default] Method 'is_advsvc' is deprecated since 2023.2 release (neutron-lib 3.8.0) and will be removed once support for the old RBAC API policies will be removed from Neutron. Please use method 'is_service_role' instead.
2026-04-14 07:08:42.002 10 INFO neutron.db.ovn_revision_numbers_db [None req-5ad42f9c-7e1b-43cc-bc28-25825d76f2a3 add9338a2b714f62b7234c94dba39f9b 82ded0903dba40858a978235e9bb2eb7 - - default default] Successfully bumped revision number for resource e624fa3b-7e1b-4067-b1c1-1ed8d7f31fa9 (type: router_ports) to 1
2026-04-14 07:08:42.079 10 INFO neutron.db.ovn_revision_numbers_db [None req-5ad42f9c-7e1b-43cc-bc28-25825d76f2a3 add9338a2b714f62b7234c94dba39f9b 82ded0903dba40858a978235e9bb2eb7 - - default default] Successfully bumped revision number for resource a64f6b19-2e49-4521-afe4-360ccdb36655 (type: routers) to 2
2026-04-14 07:08:42.106 10 INFO neutron.wsgi [None req-5ad42f9c-7e1b-43cc-bc28-25825d76f2a3 add9338a2b714f62b7234c94dba39f9b 82ded0903dba40858a978235e9bb2eb7 - - default default] 10.0.0.60 "POST /v2.0/routers HTTP/1.1" status: 201 len: 879 time: 1.8261645 /var/lib/openstack/lib/python3.10/site-packages/pycadf/identifier.py:71: UserWarning: Invalid uuid: neutron. To ensure interoperability, identifiers should be a valid uuid. warnings.warn(('Invalid uuid: %s. To ensure interoperability, '
2026-04-14 07:08:42.242 9 WARNING neutron.scheduler.dhcp_agent_scheduler [None req-dee7f67b-746f-4d7a-88df-cb2a81716eab 07920babcdf44b3d88fa49553ce19332 1776942c6e2641f8a8df09cced6098a7 - - default default] No more DHCP agents
2026-04-14 07:08:42.245 9 WARNING neutron.api.rpc.agentnotifiers.dhcp_rpc_agent_api [None req-dee7f67b-746f-4d7a-88df-cb2a81716eab 07920babcdf44b3d88fa49553ce19332 1776942c6e2641f8a8df09cced6098a7 - - default default] Unable to schedule network 4e81d381-246a-4df9-b335-57ed49e14e85: no agents available; will retry on subsequent port and subnet creation events.
2026-04-14 07:08:42.337 9 INFO neutron.db.ovn_revision_numbers_db [None req-dee7f67b-746f-4d7a-88df-cb2a81716eab 07920babcdf44b3d88fa49553ce19332 1776942c6e2641f8a8df09cced6098a7 - - default default] Successfully bumped revision number for resource f3c3926a-c089-416f-af0c-12b27e01bfde (type: subnets) to 0
2026-04-14 07:08:42.362 9 INFO neutron.wsgi [None req-dee7f67b-746f-4d7a-88df-cb2a81716eab 07920babcdf44b3d88fa49553ce19332 1776942c6e2641f8a8df09cced6098a7 - - default default] 10.0.0.60 "POST /v2.0/subnets HTTP/1.1" status: 201 len: 821 time: 0.4093406
2026-04-14 07:08:42.378 10 WARNING neutron_lib.context [None req-cadeded5-cfd2-40ad-b156-bccfc69f024c 07920babcdf44b3d88fa49553ce19332 1776942c6e2641f8a8df09cced6098a7 - - default default] Method 'is_advsvc' is deprecated since 2023.2 release (neutron-lib 3.8.0) and will be removed once support for the old RBAC API policies will be removed from Neutron. Please use method 'is_service_role' instead.
2026-04-14 07:08:42.528 9 INFO neutron.db.ovn_revision_numbers_db [None req-3866e266-b513-41db-898a-f1a3024a961b - - - - - -] Successfully bumped revision number for resource e624fa3b-7e1b-4067-b1c1-1ed8d7f31fa9 (type: ports) to 1
2026-04-14 07:08:42.580 10 INFO neutron.db.ovn_revision_numbers_db [None req-cadeded5-cfd2-40ad-b156-bccfc69f024c 07920babcdf44b3d88fa49553ce19332 1776942c6e2641f8a8df09cced6098a7 - - default default] Successfully bumped revision number for resource 3cdf5391-dce9-451a-9332-383b56702d77 (type: routers) to 1
2026-04-14 07:08:42.611 10 INFO neutron.wsgi [None req-cadeded5-cfd2-40ad-b156-bccfc69f024c 07920babcdf44b3d88fa49553ce19332 1776942c6e2641f8a8df09cced6098a7 - - default default] 10.0.0.60 "POST /v2.0/routers HTTP/1.1" status: 201 len: 690 time: 0.2406733
2026-04-14 07:08:42.623 10 WARNING neutron_lib.context [None req-97b30eb5-f24e-4521-b241-26b1a8069936 07920babcdf44b3d88fa49553ce19332 1776942c6e2641f8a8df09cced6098a7 - - default default] Method 'is_advsvc' is deprecated since 2023.2 release (neutron-lib 3.8.0) and will be removed once support for the old RBAC API policies will be removed from Neutron. Please use method 'is_service_role' instead.
2026-04-14 07:08:42.653 10 WARNING neutron.scheduler.dhcp_agent_scheduler [None req-697b4aee-656b-4bfb-b848-f65775b63752 add9338a2b714f62b7234c94dba39f9b 82ded0903dba40858a978235e9bb2eb7 - - default default] No more DHCP agents
2026-04-14 07:08:42.660 10 WARNING neutron.api.rpc.agentnotifiers.dhcp_rpc_agent_api [None req-697b4aee-656b-4bfb-b848-f65775b63752 add9338a2b714f62b7234c94dba39f9b 82ded0903dba40858a978235e9bb2eb7 - - default default] Unable to schedule network 09759995-7b00-4235-ad0d-84ea4d31afc2: no agents available; will retry on subsequent port and subnet creation events.
2026-04-14 07:08:42.758 9 INFO neutron.db.ovn_revision_numbers_db [None req-3866e266-b513-41db-898a-f1a3024a961b - - - - - -] Successfully bumped revision number for resource e624fa3b-7e1b-4067-b1c1-1ed8d7f31fa9 (type: router_ports) to 3
2026-04-14 07:08:42.914 10 INFO neutron.db.ovn_revision_numbers_db [None req-b37638be-e2e0-43de-91a7-15da2a8432b7 add9338a2b714f62b7234c94dba39f9b 82ded0903dba40858a978235e9bb2eb7 - - default default] Successfully bumped revision number for resource c1393b66-e876-4170-8ec2-56ed14641764 (type: security_groups) to 1
2026-04-14 07:08:42.942 10 INFO neutron.db.ovn_revision_numbers_db [None req-b37638be-e2e0-43de-91a7-15da2a8432b7 add9338a2b714f62b7234c94dba39f9b 82ded0903dba40858a978235e9bb2eb7 - - default default] Successfully bumped revision number for resource 0356ee01-5dd2-4774-8b6a-f6a7c3a7c226 (type: security_group_rules) to 0
2026-04-14 07:08:42.943 9 INFO neutron.db.ovn_revision_numbers_db [None req-3866e266-b513-41db-898a-f1a3024a961b - - - - - -] Successfully bumped revision number for resource e624fa3b-7e1b-4067-b1c1-1ed8d7f31fa9 (type: ports) to 2
2026-04-14 07:08:42.946 10 INFO neutron.db.ovn_revision_numbers_db [None req-697b4aee-656b-4bfb-b848-f65775b63752 add9338a2b714f62b7234c94dba39f9b 82ded0903dba40858a978235e9bb2eb7 - - default default] Successfully bumped revision number for resource 57371f43-cde7-4067-9fb2-bf0b6938de25 (type: ports) to 1
2026-04-14 07:08:43.003 10 INFO neutron.db.ovn_revision_numbers_db [None req-b37638be-e2e0-43de-91a7-15da2a8432b7 add9338a2b714f62b7234c94dba39f9b 82ded0903dba40858a978235e9bb2eb7 - - default default] Successfully bumped revision number for resource 14898850-a025-4c44-a5b5-4c0acc946671 (type: security_group_rules) to 0
2026-04-14 07:08:43.042 10 INFO neutron.db.ovn_revision_numbers_db [None req-b37638be-e2e0-43de-91a7-15da2a8432b7 add9338a2b714f62b7234c94dba39f9b 82ded0903dba40858a978235e9bb2eb7 - - default default] Successfully bumped revision number for resource b9035dad-4f0b-4d9b-9abc-d72508cbeb7e (type: security_group_rules) to 0
2026-04-14 07:08:43.084 10 INFO neutron.db.ovn_revision_numbers_db [None req-b37638be-e2e0-43de-91a7-15da2a8432b7 add9338a2b714f62b7234c94dba39f9b 82ded0903dba40858a978235e9bb2eb7 - - default default] Successfully bumped revision number for resource e332443c-485f-41dc-be46-f80758a10ab2 (type: security_group_rules) to 0
2026-04-14 07:08:43.151 10 INFO neutron.db.segments_db [None req-b37638be-e2e0-43de-91a7-15da2a8432b7 add9338a2b714f62b7234c94dba39f9b 82ded0903dba40858a978235e9bb2eb7 - - default default] Added segment 7eed52fa-0907-48ef-8e64-fc2ed5f1f7d7 of type geneve for network a83956da-7d7d-43d3-9488-e4c67fdd7c6a
2026-04-14 07:08:43.168 10 WARNING neutron.scheduler.dhcp_agent_scheduler [None req-97b30eb5-f24e-4521-b241-26b1a8069936 07920babcdf44b3d88fa49553ce19332 1776942c6e2641f8a8df09cced6098a7 - - default default] No more DHCP agents
2026-04-14 07:08:43.177 10 WARNING neutron.api.rpc.agentnotifiers.dhcp_rpc_agent_api [None req-97b30eb5-f24e-4521-b241-26b1a8069936 07920babcdf44b3d88fa49553ce19332 1776942c6e2641f8a8df09cced6098a7 - - default default] Unable to schedule network 4e81d381-246a-4df9-b335-57ed49e14e85: no agents available; will retry on subsequent port and subnet creation events.
2026-04-14 07:08:43.208 9 INFO neutron.db.ovn_revision_numbers_db [None req-3866e266-b513-41db-898a-f1a3024a961b - - - - - -] Successfully bumped revision number for resource e624fa3b-7e1b-4067-b1c1-1ed8d7f31fa9 (type: ports) to 4
2026-04-14 07:08:43.414 9 INFO neutron.db.ovn_revision_numbers_db [None req-3866e266-b513-41db-898a-f1a3024a961b - - - - - -] Successfully bumped revision number for resource e624fa3b-7e1b-4067-b1c1-1ed8d7f31fa9 (type: router_ports) to 4
2026-04-14 07:08:43.419 10 INFO neutron.db.ovn_revision_numbers_db [None req-b37638be-e2e0-43de-91a7-15da2a8432b7 add9338a2b714f62b7234c94dba39f9b 82ded0903dba40858a978235e9bb2eb7 - - default default] Successfully bumped revision number for resource a83956da-7d7d-43d3-9488-e4c67fdd7c6a (type: networks) to 1
2026-04-14 07:08:43.436 10 INFO neutron.db.ovn_revision_numbers_db [None req-97b30eb5-f24e-4521-b241-26b1a8069936 07920babcdf44b3d88fa49553ce19332 1776942c6e2641f8a8df09cced6098a7 - - default default] Successfully bumped revision number for resource 5954ea1b-b79f-485d-9aed-cfbe2d021d6f (type: ports) to 1
2026-04-14 07:08:43.490 10 INFO neutron.wsgi [None req-97b30eb5-f24e-4521-b241-26b1a8069936 07920babcdf44b3d88fa49553ce19332 1776942c6e2641f8a8df09cced6098a7 - - default default] 10.0.0.60 "POST /v2.0/ports HTTP/1.1" status: 201 len: 1163 time: 0.8711221
2026-04-14 07:08:43.648 9 INFO neutron.plugins.ml2.drivers.ovn.mech_driver.mech_driver [None req-ee58eb2f-c570-44b1-8998-618c0370270b - - - - - -] OVN reports status up for port: 57371f43-cde7-4067-9fb2-bf0b6938de25
2026-04-14 07:08:43.657 9 INFO neutron.plugins.ml2.plugin [None req-ee58eb2f-c570-44b1-8998-618c0370270b - - - - - -] Attempt 1 to provision port 57371f43-cde7-4067-9fb2-bf0b6938de25
2026-04-14 07:08:43.683 10 INFO neutron.db.ovn_revision_numbers_db [None req-697b4aee-656b-4bfb-b848-f65775b63752 add9338a2b714f62b7234c94dba39f9b 82ded0903dba40858a978235e9bb2eb7 - - default default] Successfully bumped revision number for resource 57371f43-cde7-4067-9fb2-bf0b6938de25 (type: router_ports) to 1
2026-04-14 07:08:43.687 10 WARNING neutron.scheduler.dhcp_agent_scheduler [None req-b37638be-e2e0-43de-91a7-15da2a8432b7 add9338a2b714f62b7234c94dba39f9b 82ded0903dba40858a978235e9bb2eb7 - - default default] No more DHCP agents
2026-04-14 07:08:43.696 10 WARNING neutron.api.rpc.agentnotifiers.dhcp_rpc_agent_api [None req-b37638be-e2e0-43de-91a7-15da2a8432b7 add9338a2b714f62b7234c94dba39f9b 82ded0903dba40858a978235e9bb2eb7 - - default default] Unable to schedule network a83956da-7d7d-43d3-9488-e4c67fdd7c6a: no agents available; will retry on subsequent port and subnet creation events.
2026-04-14 07:08:44.051 10 INFO neutron.db.ovn_revision_numbers_db [None req-b37638be-e2e0-43de-91a7-15da2a8432b7 add9338a2b714f62b7234c94dba39f9b 82ded0903dba40858a978235e9bb2eb7 - - default default] Successfully bumped revision number for resource bdff9f49-2758-4255-a4b9-18283acaf4c9 (type: ports) to 1
2026-04-14 07:08:44.093 10 INFO neutron.db.ovn_revision_numbers_db [None req-697b4aee-656b-4bfb-b848-f65775b63752 add9338a2b714f62b7234c94dba39f9b 82ded0903dba40858a978235e9bb2eb7 - - default default] Successfully bumped revision number for resource 57371f43-cde7-4067-9fb2-bf0b6938de25 (type: ports) to 1
2026-04-14 07:08:44.159 10 WARNING neutron.scheduler.dhcp_agent_scheduler [None req-697b4aee-656b-4bfb-b848-f65775b63752 add9338a2b714f62b7234c94dba39f9b 82ded0903dba40858a978235e9bb2eb7 - - default default] No more DHCP agents
2026-04-14 07:08:44.161 10 WARNING neutron.api.rpc.agentnotifiers.dhcp_rpc_agent_api [None req-697b4aee-656b-4bfb-b848-f65775b63752 add9338a2b714f62b7234c94dba39f9b 82ded0903dba40858a978235e9bb2eb7 - - default default] Unable to schedule network 09759995-7b00-4235-ad0d-84ea4d31afc2: no agents available; will retry on subsequent port and subnet creation events.
2026-04-14 07:08:44.179 10 INFO neutron.wsgi [None req-b37638be-e2e0-43de-91a7-15da2a8432b7 add9338a2b714f62b7234c94dba39f9b 82ded0903dba40858a978235e9bb2eb7 - - default default] 10.0.0.60 "POST /v2.0/networks HTTP/1.1" status: 201 len: 943 time: 1.7590482 /var/lib/openstack/lib/python3.10/site-packages/pycadf/identifier.py:71: UserWarning: Invalid uuid: neutron. To ensure interoperability, identifiers should be a valid uuid. warnings.warn(('Invalid uuid: %s. To ensure interoperability, '
2026-04-14 07:08:44.249 9 INFO neutron.db.ovn_revision_numbers_db [None req-ee58eb2f-c570-44b1-8998-618c0370270b - - - - - -] Successfully bumped revision number for resource 57371f43-cde7-4067-9fb2-bf0b6938de25 (type: ports) to 2
2026-04-14 07:08:44.290 9 INFO neutron.db.ovn_revision_numbers_db [None req-af59c4e1-726b-4841-bdba-c5ca3b7ea772 07920babcdf44b3d88fa49553ce19332 1776942c6e2641f8a8df09cced6098a7 - - default default] Successfully bumped revision number for resource 5954ea1b-b79f-485d-9aed-cfbe2d021d6f (type: router_ports) to 2
2026-04-14 07:08:44.369 9 INFO neutron.db.ovn_revision_numbers_db [None req-ee58eb2f-c570-44b1-8998-618c0370270b - - - - - -] Successfully bumped revision number for resource 57371f43-cde7-4067-9fb2-bf0b6938de25 (type: router_ports) to 2
2026-04-14 07:08:44.485 10 WARNING neutron.scheduler.dhcp_agent_scheduler [None req-5b696ada-7b71-48e5-9440-bd0cd514f57c add9338a2b714f62b7234c94dba39f9b 82ded0903dba40858a978235e9bb2eb7 - - default default] No more DHCP agents
2026-04-14 07:08:44.488 10 WARNING neutron.api.rpc.agentnotifiers.dhcp_rpc_agent_api [None req-5b696ada-7b71-48e5-9440-bd0cd514f57c add9338a2b714f62b7234c94dba39f9b 82ded0903dba40858a978235e9bb2eb7 - - default default] Unable to schedule network a83956da-7d7d-43d3-9488-e4c67fdd7c6a: no agents available; will retry on subsequent port and subnet creation events.
2026-04-14 07:08:44.562 9 INFO neutron.db.ovn_revision_numbers_db [None req-af59c4e1-726b-4841-bdba-c5ca3b7ea772 07920babcdf44b3d88fa49553ce19332 1776942c6e2641f8a8df09cced6098a7 - - default default] Successfully bumped revision number for resource 5954ea1b-b79f-485d-9aed-cfbe2d021d6f (type: ports) to 2
2026-04-14 07:08:44.820 10 INFO neutron.db.ovn_revision_numbers_db [None req-697b4aee-656b-4bfb-b848-f65775b63752 add9338a2b714f62b7234c94dba39f9b 82ded0903dba40858a978235e9bb2eb7 - - default default] Successfully bumped revision number for resource 57371f43-cde7-4067-9fb2-bf0b6938de25 (type: router_ports) to 2
2026-04-14 07:08:44.822 10 INFO neutron.wsgi [None req-697b4aee-656b-4bfb-b848-f65775b63752 add9338a2b714f62b7234c94dba39f9b 82ded0903dba40858a978235e9bb2eb7 - - default default] 10.0.0.60 "PUT /v2.0/routers/a64f6b19-2e49-4521-afe4-360ccdb36655/add_router_interface HTTP/1.1" status: 200 len: 503 time: 2.7097566
2026-04-14 07:08:44.923 10 INFO neutron.plugins.ml2.drivers.ovn.mech_driver.mech_driver [None req-7ccfdceb-07a4-42c5-97a9-55fa53fa2b74 - - - - - -] OVN reports status up for port: 5954ea1b-b79f-485d-9aed-cfbe2d021d6f
2026-04-14 07:08:44.932 10 INFO neutron.plugins.ml2.plugin [None req-7ccfdceb-07a4-42c5-97a9-55fa53fa2b74 - - - - - -] Attempt 1 to provision port 5954ea1b-b79f-485d-9aed-cfbe2d021d6f
2026-04-14 07:08:45.269 10 INFO neutron.db.ovn_revision_numbers_db [None req-5b696ada-7b71-48e5-9440-bd0cd514f57c add9338a2b714f62b7234c94dba39f9b 82ded0903dba40858a978235e9bb2eb7 - - default default] Successfully bumped revision number for resource bdff9f49-2758-4255-a4b9-18283acaf4c9 (type: ports) to 2
2026-04-14 07:08:45.309 9 INFO neutron.db.ovn_revision_numbers_db [None req-af59c4e1-726b-4841-bdba-c5ca3b7ea772 07920babcdf44b3d88fa49553ce19332 1776942c6e2641f8a8df09cced6098a7 - - default default] Successfully bumped revision number for resource 5954ea1b-b79f-485d-9aed-cfbe2d021d6f (type: router_ports) to 2
2026-04-14 07:08:45.377 10 INFO neutron.db.ovn_revision_numbers_db [None req-5b696ada-7b71-48e5-9440-bd0cd514f57c add9338a2b714f62b7234c94dba39f9b 82ded0903dba40858a978235e9bb2eb7 - - default default] Successfully bumped revision number for resource 1abcf46d-37ec-4961-88df-1579f5adf1d5 (type: subnets) to 0
2026-04-14 07:08:45.425 9 INFO neutron.db.ovn_revision_numbers_db [None req-af59c4e1-726b-4841-bdba-c5ca3b7ea772 07920babcdf44b3d88fa49553ce19332 1776942c6e2641f8a8df09cced6098a7 - - default default] Successfully bumped revision number for resource 5954ea1b-b79f-485d-9aed-cfbe2d021d6f (type: ports) to 2
2026-04-14 07:08:45.438 10 INFO neutron.wsgi [None req-70e87ad9-5e96-414e-bbc0-69052dd2f2ee add9338a2b714f62b7234c94dba39f9b 82ded0903dba40858a978235e9bb2eb7 - - default default] 10.0.0.93 "GET /v2.0/networks HTTP/1.1" status: 200 len: 5360 time: 0.1656661
2026-04-14 07:08:45.452 10 INFO neutron.wsgi [None req-5b696ada-7b71-48e5-9440-bd0cd514f57c add9338a2b714f62b7234c94dba39f9b 82ded0903dba40858a978235e9bb2eb7 - - default default] 10.0.0.60 "POST /v2.0/subnets HTTP/1.1" status: 201 len: 863 time: 1.2653861 /var/lib/openstack/lib/python3.10/site-packages/pycadf/identifier.py:71: UserWarning: Invalid uuid: neutron. To ensure interoperability, identifiers should be a valid uuid. warnings.warn(('Invalid uuid: %s. To ensure interoperability, '
2026-04-14 07:08:45.537 9 WARNING neutron.scheduler.dhcp_agent_scheduler [None req-af59c4e1-726b-4841-bdba-c5ca3b7ea772 07920babcdf44b3d88fa49553ce19332 1776942c6e2641f8a8df09cced6098a7 - - default default] No more DHCP agents
2026-04-14 07:08:45.539 9 WARNING neutron.api.rpc.agentnotifiers.dhcp_rpc_agent_api [None req-af59c4e1-726b-4841-bdba-c5ca3b7ea772 07920babcdf44b3d88fa49553ce19332 1776942c6e2641f8a8df09cced6098a7 - - default default] Unable to schedule network 4e81d381-246a-4df9-b335-57ed49e14e85: no agents available; will retry on subsequent port and subnet creation events.
2026-04-14 07:08:45.580 10 INFO neutron.wsgi [None req-aabf6232-6e5b-433b-99b3-119846e8e145 add9338a2b714f62b7234c94dba39f9b 82ded0903dba40858a978235e9bb2eb7 - - default default] 10.0.0.93 "GET /v2.0/security-groups HTTP/1.1" status: 200 len: 38107 time: 0.1389794
2026-04-14 07:08:45.649 10 INFO neutron.wsgi [None req-0faea84f-ed10-4ed9-9db9-3996e5fcec7d add9338a2b714f62b7234c94dba39f9b 82ded0903dba40858a978235e9bb2eb7 - - default default] 10.0.0.93 "GET /v2.0/subnets HTTP/1.1" status: 200 len: 4021 time: 0.0497336
2026-04-14 07:08:45.737 10 INFO neutron.wsgi [None req-107af6ec-21e1-4f94-b4d8-720a7a207ba9 add9338a2b714f62b7234c94dba39f9b 82ded0903dba40858a978235e9bb2eb7 - - default default] 10.0.0.93 "GET /v2.0/ports HTTP/1.1" status: 200 len: 18261 time: 0.0862389
2026-04-14 07:08:45.738 10 INFO neutron.db.ovn_revision_numbers_db [None req-7ccfdceb-07a4-42c5-97a9-55fa53fa2b74 - - - - - -] Successfully bumped revision number for resource 5954ea1b-b79f-485d-9aed-cfbe2d021d6f (type: ports) to 3
2026-04-14 07:08:45.743 9 INFO neutron.db.ovn_revision_numbers_db [None req-af59c4e1-726b-4841-bdba-c5ca3b7ea772 07920babcdf44b3d88fa49553ce19332 1776942c6e2641f8a8df09cced6098a7 - - default default] Successfully bumped revision number for resource 5954ea1b-b79f-485d-9aed-cfbe2d021d6f (type: router_ports) to 3
