2026-04-14 07:07:20.723 9 INFO neutron.wsgi [req-be53ac97-1e3e-481b-a1f5-0e32df10d583 req-07424fa8-fd33-4910-a1e5-a9a2dcbc2d09 7071519e53d54dbca5cddcd54c87f29c cbe7e2eda50c40fd93d79d22a50a0674 - - 57dfbdfe5cbc4cfe88327dd0941f775f 57dfbdfe5cbc4cfe88327dd0941f775f] 199.204.45.222 "GET /v2.0/floatingips?fixed_ip_address=10.100.0.3&port_id=4226b3fc-0eeb-436e-8135-9c5d3e59e83b HTTP/1.1" status: 200 len: 217 time: 0.0233212
2026-04-14 07:07:20.759 10 INFO neutron.wsgi [None req-e6a01e92-194c-4764-96b6-be5a9effa335 37d694b23ffc45f888c3a9f4de37d096 33b50efa6e7342b1be31b4655ae0f283 - - default default] 10.0.0.60 "DELETE /v2.0/ports/725c5eb2-fa1c-4de0-b310-bbcb090c0d94 HTTP/1.1" status: 204 len: 168 time: 0.3282089
2026-04-14 07:07:20.770 9 INFO neutron.wsgi [req-be53ac97-1e3e-481b-a1f5-0e32df10d583 req-f8d15e24-b18a-4d8b-912d-ae3b84adf1e8 7071519e53d54dbca5cddcd54c87f29c cbe7e2eda50c40fd93d79d22a50a0674 - - 57dfbdfe5cbc4cfe88327dd0941f775f 57dfbdfe5cbc4cfe88327dd0941f775f] 199.204.45.222 "GET /v2.0/subnets?id=b1c2300a-bda8-4e96-96ba-8bbc0b7a9f7c HTTP/1.1" status: 200 len: 869 time: 0.0369091
2026-04-14 07:07:20.805 9 INFO neutron.wsgi [req-be53ac97-1e3e-481b-a1f5-0e32df10d583 req-1ddd3714-db94-4633-9e45-bfd9eea5ba3e 7071519e53d54dbca5cddcd54c87f29c cbe7e2eda50c40fd93d79d22a50a0674 - - 57dfbdfe5cbc4cfe88327dd0941f775f 57dfbdfe5cbc4cfe88327dd0941f775f] 199.204.45.222 "GET /v2.0/ports?network_id=fecefb44-f05c-4a01-93b9-a6887ee1702b&device_owner=network%3Adhcp HTTP/1.1" status: 200 len: 210 time: 0.0254178
2026-04-14 07:07:20.885 9 INFO neutron.wsgi [None req-520f97b7-4ce7-48f4-801b-2c039d025022 add9338a2b714f62b7234c94dba39f9b 82ded0903dba40858a978235e9bb2eb7 - - default default] 10.0.0.60 "GET /v2.0/security-groups?tenant_id=41714af8a1fe49b39b4cc53c775a3cc7&name=default HTTP/1.1" status: 200 len: 2996 time: 0.0487602
2026-04-14 07:07:20.889 9 INFO neutron.wsgi [req-be53ac97-1e3e-481b-a1f5-0e32df10d583 req-218543d2-bce7-4994-838d-31ff554148ec 7071519e53d54dbca5cddcd54c87f29c cbe7e2eda50c40fd93d79d22a50a0674 - - 57dfbdfe5cbc4cfe88327dd0941f775f 57dfbdfe5cbc4cfe88327dd0941f775f] 199.204.45.222 "GET /v2.0/networks/fecefb44-f05c-4a01-93b9-a6887ee1702b?fields=segments HTTP/1.1" status: 200 len: 212 time: 0.0791838
2026-04-14 07:07:20.989 9 INFO neutron.wsgi [req-be53ac97-1e3e-481b-a1f5-0e32df10d583 req-f961458c-192d-4631-ae8d-59b919847792 7071519e53d54dbca5cddcd54c87f29c cbe7e2eda50c40fd93d79d22a50a0674 - - 57dfbdfe5cbc4cfe88327dd0941f775f 57dfbdfe5cbc4cfe88327dd0941f775f] 199.204.45.222 "GET /v2.0/networks/fecefb44-f05c-4a01-93b9-a6887ee1702b?fields=provider%3Aphysical_network&fields=provider%3Anetwork_type HTTP/1.1" status: 200 len: 277 time: 0.0901527
2026-04-14 07:07:21.043 10 INFO neutron.wsgi [req-1ca6acef-b83b-4c4f-bbdd-5650e304f4f6 req-6da4b4e1-c3f4-4bdb-8233-d5d0e0298233 11aecdea4f15423fa9662ebffa3cf8c5 7a9f72ddefd44bb89924d347afdf8888 - - default default] 10.0.0.182 "GET /v2.0/ports?device_id=15ce1300-6321-405f-8e01-609f07bd737b HTTP/1.1" status: 200 len: 1168 time: 0.0814359
2026-04-14 07:07:21.099 10 INFO neutron.wsgi [req-1ca6acef-b83b-4c4f-bbdd-5650e304f4f6 req-6f12f223-9c3e-49d1-8b66-fd626b01f772 11aecdea4f15423fa9662ebffa3cf8c5 7a9f72ddefd44bb89924d347afdf8888 - - default default] 10.0.0.182 "GET /v2.0/security-groups?id=0ca08fa6-226b-46f6-b51f-7105254d1512&fields=id&fields=name HTTP/1.1" status: 200 len: 312 time: 0.0496099
2026-04-14 07:07:21.101 9 INFO neutron.wsgi [req-874ff8fd-0441-4a29-91aa-4a537c5d410f req-a2810c51-8014-4265-8b26-ff2cd21d8bd8 7071519e53d54dbca5cddcd54c87f29c cbe7e2eda50c40fd93d79d22a50a0674 - - 57dfbdfe5cbc4cfe88327dd0941f775f 57dfbdfe5cbc4cfe88327dd0941f775f] 199.204.45.222 "GET /v2.0/ports?tenant_id=7a9f72ddefd44bb89924d347afdf8888&device_id=15ce1300-6321-405f-8e01-609f07bd737b HTTP/1.1" status: 200 len: 1407 time: 0.0700812
2026-04-14 07:07:21.212 9 INFO neutron.wsgi [req-874ff8fd-0441-4a29-91aa-4a537c5d410f req-2443b00f-00cd-4c2a-918e-e9cdefc6ee5e 7071519e53d54dbca5cddcd54c87f29c cbe7e2eda50c40fd93d79d22a50a0674 - - 57dfbdfe5cbc4cfe88327dd0941f775f 57dfbdfe5cbc4cfe88327dd0941f775f] 199.204.45.222 "GET /v2.0/networks?id=fecefb44-f05c-4a01-93b9-a6887ee1702b HTTP/1.1" status: 200 len: 974 time: 0.1026390
2026-04-14 07:07:21.219 10 INFO neutron.plugins.ml2.drivers.ovn.mech_driver.mech_driver [None req-7ccfdceb-07a4-42c5-97a9-55fa53fa2b74 - - - - - -] OVN reports status up for port: 4226b3fc-0eeb-436e-8135-9c5d3e59e83b
2026-04-14 07:07:21.246 9 INFO neutron.wsgi [req-874ff8fd-0441-4a29-91aa-4a537c5d410f req-b547aff2-bc02-44fd-b64e-238e16af6741 7071519e53d54dbca5cddcd54c87f29c cbe7e2eda50c40fd93d79d22a50a0674 - - 57dfbdfe5cbc4cfe88327dd0941f775f 57dfbdfe5cbc4cfe88327dd0941f775f] 199.204.45.222 "GET /v2.0/floatingips?fixed_ip_address=10.100.0.3&port_id=4226b3fc-0eeb-436e-8135-9c5d3e59e83b HTTP/1.1" status: 200 len: 217 time: 0.0265112
2026-04-14 07:07:21.293 10 INFO neutron.plugins.ml2.plugin [None req-7ccfdceb-07a4-42c5-97a9-55fa53fa2b74 - - - - - -] Attempt 1 to provision port 4226b3fc-0eeb-436e-8135-9c5d3e59e83b
2026-04-14 07:07:21.313 9 INFO neutron.wsgi [req-874ff8fd-0441-4a29-91aa-4a537c5d410f req-c0d7f36b-0ef8-4c40-a9ae-7f6c1b354ed2 7071519e53d54dbca5cddcd54c87f29c cbe7e2eda50c40fd93d79d22a50a0674 - - 57dfbdfe5cbc4cfe88327dd0941f775f 57dfbdfe5cbc4cfe88327dd0941f775f] 199.204.45.222 "GET /v2.0/subnets?id=b1c2300a-bda8-4e96-96ba-8bbc0b7a9f7c HTTP/1.1" status: 200 len: 869 time: 0.0618899
2026-04-14 07:07:21.356 10 INFO neutron.services.segments.plugin [-] Segment accd2ad0-7d0c-4468-a17e-edbb678a961b resource provider aggregate not found
2026-04-14 07:07:21.358 9 INFO neutron.wsgi [req-874ff8fd-0441-4a29-91aa-4a537c5d410f req-7106e52f-f01b-4772-96a6-684224d6148f 7071519e53d54dbca5cddcd54c87f29c cbe7e2eda50c40fd93d79d22a50a0674 - - 57dfbdfe5cbc4cfe88327dd0941f775f 57dfbdfe5cbc4cfe88327dd0941f775f] 199.204.45.222 "GET /v2.0/ports?network_id=fecefb44-f05c-4a01-93b9-a6887ee1702b&device_owner=network%3Adhcp HTTP/1.1" status: 200 len: 210 time: 0.0368261
2026-04-14 07:07:21.364 10 INFO neutron.services.segments.plugin [-] Segment accd2ad0-7d0c-4468-a17e-edbb678a961b resource provider aggregate not found
2026-04-14 07:07:21.383 10 INFO neutron.services.segments.plugin [-] Segment accd2ad0-7d0c-4468-a17e-edbb678a961b resource provider not found; error: Placement Client Error (4xx): {"errors": [{"status": 404, "title": "Not Found", "detail": "The resource could not be found.\n\n No resource provider with uuid accd2ad0-7d0c-4468-a17e-edbb678a961b found for delete ", "request_id": "req-7ec1215f-8c64-4853-95f7-cdc49478f562"}]}
2026-04-14 07:07:21.398 10 INFO neutron.services.segments.plugin [-] Segment accd2ad0-7d0c-4468-a17e-edbb678a961b resource provider not found; error: Placement Client Error (4xx): {"errors": [{"status": 404, "title": "Not Found", "detail": "The resource could not be found.\n\n No resource provider with uuid accd2ad0-7d0c-4468-a17e-edbb678a961b found for delete ", "request_id": "req-ae0fdf0c-fb95-4916-890f-c330e15d4c09"}]}
2026-04-14 07:07:21.408 9 INFO neutron.wsgi [None req-8c876643-ad5d-4d38-8782-b2fac153c604 add9338a2b714f62b7234c94dba39f9b 82ded0903dba40858a978235e9bb2eb7 - - default default] 10.0.0.60 "DELETE /v2.0/security-groups/eb6036dd-0002-4b30-950a-565696c61e07 HTTP/1.1" status: 204 len: 168 time: 0.5171571
2026-04-14 07:07:21.457 10 INFO neutron.wsgi [None req-cc951e53-c9f0-465b-b163-833007c9de13 37d694b23ffc45f888c3a9f4de37d096 33b50efa6e7342b1be31b4655ae0f283 - - default default] 10.0.0.60 "DELETE /v2.0/networks/0895ba35-89dc-4e91-a179-f2a0e59227d7 HTTP/1.1" status: 204 len: 168 time: 0.6921368
2026-04-14 07:07:21.462 9 INFO neutron.wsgi [req-874ff8fd-0441-4a29-91aa-4a537c5d410f req-2552ef32-7d7c-4233-8d41-a3363c1c4639 7071519e53d54dbca5cddcd54c87f29c cbe7e2eda50c40fd93d79d22a50a0674 - - 57dfbdfe5cbc4cfe88327dd0941f775f 57dfbdfe5cbc4cfe88327dd0941f775f] 199.204.45.222 "GET /v2.0/networks/fecefb44-f05c-4a01-93b9-a6887ee1702b?fields=segments HTTP/1.1" status: 200 len: 212 time: 0.0992072
2026-04-14 07:07:21.482 10 INFO neutron.notifiers.nova [-] Nova event matching ['req-ded200fe-c132-4b1c-89a1-9eb493534387'] response: {'server_uuid': '15ce1300-6321-405f-8e01-609f07bd737b', 'name': 'network-vif-plugged', 'status': 'completed', 'tag': '4226b3fc-0eeb-436e-8135-9c5d3e59e83b', 'code': 200}
2026-04-14 07:07:21.666 10 INFO neutron.db.ovn_revision_numbers_db [None req-7ccfdceb-07a4-42c5-97a9-55fa53fa2b74 - - - - - -] Successfully bumped revision number for resource 4226b3fc-0eeb-436e-8135-9c5d3e59e83b (type: ports) to 4
2026-04-14 07:07:21.770 9 INFO neutron.wsgi [req-874ff8fd-0441-4a29-91aa-4a537c5d410f req-f74f12b2-f4a9-4090-8169-06d46b5fe740 7071519e53d54dbca5cddcd54c87f29c cbe7e2eda50c40fd93d79d22a50a0674 - - 57dfbdfe5cbc4cfe88327dd0941f775f 57dfbdfe5cbc4cfe88327dd0941f775f] 199.204.45.222 "GET /v2.0/networks/fecefb44-f05c-4a01-93b9-a6887ee1702b?fields=provider%3Aphysical_network&fields=provider%3Anetwork_type HTTP/1.1" status: 200 len: 277 time: 0.2997410 /var/lib/openstack/lib/python3.10/site-packages/pycadf/identifier.py:71: UserWarning: Invalid uuid: neutron. To ensure interoperability, identifiers should be a valid uuid. warnings.warn(('Invalid uuid: %s. To ensure interoperability, '
2026-04-14 07:07:22.222 10 INFO neutron.wsgi [req-cbe4c160-7374-4370-b33e-3486ecbd254f req-9dfa0418-0552-4cca-96c4-0a95e56a81f9 11aecdea4f15423fa9662ebffa3cf8c5 7a9f72ddefd44bb89924d347afdf8888 - - default default] 10.0.0.182 "GET /v2.0/ports?device_id=15ce1300-6321-405f-8e01-609f07bd737b HTTP/1.1" status: 200 len: 1170 time: 0.0424333
2026-04-14 07:07:22.272 10 INFO neutron.wsgi [req-cbe4c160-7374-4370-b33e-3486ecbd254f req-9ac2ae5c-c91e-47f2-bf8e-3241876251e2 11aecdea4f15423fa9662ebffa3cf8c5 7a9f72ddefd44bb89924d347afdf8888 - - default default] 10.0.0.182 "GET /v2.0/security-groups?id=0ca08fa6-226b-46f6-b51f-7105254d1512&fields=id&fields=name HTTP/1.1" status: 200 len: 312 time: 0.0449164
2026-04-14 07:07:22.315 9 INFO neutron.wsgi [None req-e16f82bf-cdcf-4cee-859d-fe2356052a71 add9338a2b714f62b7234c94dba39f9b 82ded0903dba40858a978235e9bb2eb7 - - default default] 10.0.0.60 "GET /v2.0/security-groups?tenant_id=33b50efa6e7342b1be31b4655ae0f283&name=default HTTP/1.1" status: 200 len: 2996 time: 0.2277887
2026-04-14 07:07:22.402 10 INFO neutron.wsgi [req-02a0b26a-1a3e-4cf0-9768-7e2ccc7d180e req-ed3b4cc0-29d9-4c7c-885f-4610204bef81 7071519e53d54dbca5cddcd54c87f29c cbe7e2eda50c40fd93d79d22a50a0674 - - 57dfbdfe5cbc4cfe88327dd0941f775f 57dfbdfe5cbc4cfe88327dd0941f775f] 10.0.0.155 "GET /v2.0/ports?device_id=909902f6-136b-44ea-89c2-0c819466756d HTTP/1.1" status: 200 len: 1413 time: 0.1622000
2026-04-14 07:07:22.452 10 INFO neutron.wsgi [req-02a0b26a-1a3e-4cf0-9768-7e2ccc7d180e req-806ab482-2ed7-459c-bf34-63a004c15808 7071519e53d54dbca5cddcd54c87f29c cbe7e2eda50c40fd93d79d22a50a0674 - - 57dfbdfe5cbc4cfe88327dd0941f775f 57dfbdfe5cbc4cfe88327dd0941f775f] 10.0.0.155 "GET /v2.0/security-groups?id=e09758d7-e87b-4786-9d16-a440a56570e9&fields=id&fields=name HTTP/1.1" status: 200 len: 312 time: 0.0422606
2026-04-14 07:07:22.568 9 INFO neutron.wsgi [None req-7bc2fe24-f94e-4ea5-811b-063aede71ed1 add9338a2b714f62b7234c94dba39f9b 82ded0903dba40858a978235e9bb2eb7 - - default default] 10.0.0.60 "DELETE /v2.0/security-groups/53c9a09c-3d4a-4d43-852f-2675b5dc3543 HTTP/1.1" status: 204 len: 168 time: 0.2480004
2026-04-14 07:07:23.474 9 INFO neutron.wsgi [req-766a13b7-944f-4a0e-8a88-4b51a3a71634 req-f09e1910-3de2-44fc-bd53-f10ffc59df65 11aecdea4f15423fa9662ebffa3cf8c5 7a9f72ddefd44bb89924d347afdf8888 - - default default] 10.0.0.182 "GET /v2.0/ports?device_id=15ce1300-6321-405f-8e01-609f07bd737b HTTP/1.1" status: 200 len: 1170 time: 0.1270082
2026-04-14 07:07:23.527 10 INFO neutron.notifiers.nova [-] Nova event matching ['req-5a149296-9ca3-4884-ac02-022fa99e5b14'] response: {'server_uuid': '15ce1300-6321-405f-8e01-609f07bd737b', 'name': 'network-vif-plugged', 'status': 'completed', 'tag': '4226b3fc-0eeb-436e-8135-9c5d3e59e83b', 'code': 200}
2026-04-14 07:07:23.529 9 INFO neutron.wsgi [req-766a13b7-944f-4a0e-8a88-4b51a3a71634 req-dfd11d74-9d76-41a0-959b-b71e01f64980 11aecdea4f15423fa9662ebffa3cf8c5 7a9f72ddefd44bb89924d347afdf8888 - - default default] 10.0.0.182 "GET /v2.0/security-groups?id=0ca08fa6-226b-46f6-b51f-7105254d1512&fields=id&fields=name HTTP/1.1" status: 200 len: 312 time: 0.0465434
2026-04-14 07:07:23.648 10 INFO neutron.wsgi [req-3b3e5329-6309-477c-b80f-cddde8e74a15 req-280e4b05-505b-4f2d-be67-7280cafc7474 11aecdea4f15423fa9662ebffa3cf8c5 7a9f72ddefd44bb89924d347afdf8888 - - default default] 10.0.0.182 "GET /v2.0/ports?device_id=15ce1300-6321-405f-8e01-609f07bd737b HTTP/1.1" status: 200 len: 1170 time: 0.0410810
2026-04-14 07:07:23.977 9 INFO neutron.db.l3_db [None req-21b689d2-a9ae-44e4-a826-5686fac7e964 11aecdea4f15423fa9662ebffa3cf8c5 7a9f72ddefd44bb89924d347afdf8888 - - default default] Floating IP f49e9214-2d62-40ae-8735-894155b93951 associated. External IP: 10.96.250.207, port: 4226b3fc-0eeb-436e-8135-9c5d3e59e83b.
2026-04-14 07:07:24.243 9 INFO neutron.db.ovn_revision_numbers_db [None req-21b689d2-a9ae-44e4-a826-5686fac7e964 11aecdea4f15423fa9662ebffa3cf8c5 7a9f72ddefd44bb89924d347afdf8888 - - default default] Successfully bumped revision number for resource f49e9214-2d62-40ae-8735-894155b93951 (type: floatingips) to 1
2026-04-14 07:07:24.408 9 INFO neutron.db.ovn_revision_numbers_db [None req-21b689d2-a9ae-44e4-a826-5686fac7e964 11aecdea4f15423fa9662ebffa3cf8c5 7a9f72ddefd44bb89924d347afdf8888 - - default default] Successfully bumped revision number for resource f49e9214-2d62-40ae-8735-894155b93951 (type: floatingips) to 2
2026-04-14 07:07:24.435 9 INFO neutron.wsgi [None req-21b689d2-a9ae-44e4-a826-5686fac7e964 11aecdea4f15423fa9662ebffa3cf8c5 7a9f72ddefd44bb89924d347afdf8888 - - default default] 10.0.0.60 "PUT /v2.0/floatingips/f49e9214-2d62-40ae-8735-894155b93951 HTTP/1.1" status: 200 len: 1049 time: 0.7699826
2026-04-14 07:07:24.480 9 INFO neutron.notifiers.nova [-] Nova event matching ['req-cdcd4b7d-a7b2-404c-8b8f-05fc16701a25'] response: {'name': 'network-changed', 'server_uuid': '15ce1300-6321-405f-8e01-609f07bd737b', 'tag': '4226b3fc-0eeb-436e-8135-9c5d3e59e83b', 'status': 'completed', 'code': 200}
2026-04-14 07:07:24.526 9 INFO neutron.wsgi [req-ae8771d1-247f-48c3-a443-dea7e90b6d2c req-3ada2f65-2289-4350-a13c-e74f8865d568 11aecdea4f15423fa9662ebffa3cf8c5 7a9f72ddefd44bb89924d347afdf8888 - - default default] 10.0.0.182 "GET /v2.0/ports?device_id=15ce1300-6321-405f-8e01-609f07bd737b HTTP/1.1" status: 200 len: 1170 time: 0.0420687
2026-04-14 07:07:24.556 9 INFO neutron.wsgi [req-ca0453c3-683f-45b1-b0c6-d901f3d7b9e8 req-4de2d066-57ee-4019-9978-83e05c6229e2 7071519e53d54dbca5cddcd54c87f29c cbe7e2eda50c40fd93d79d22a50a0674 - - 57dfbdfe5cbc4cfe88327dd0941f775f 57dfbdfe5cbc4cfe88327dd0941f775f] 199.204.45.222 "GET /v2.0/ports?tenant_id=7a9f72ddefd44bb89924d347afdf8888&device_id=15ce1300-6321-405f-8e01-609f07bd737b HTTP/1.1" status: 200 len: 1409 time: 0.0470037
2026-04-14 07:07:24.600 9 INFO neutron.wsgi [req-ae8771d1-247f-48c3-a443-dea7e90b6d2c req-2c842cf9-4a0c-4f24-b372-394d2ab55c88 11aecdea4f15423fa9662ebffa3cf8c5 7a9f72ddefd44bb89924d347afdf8888 - - default default] 10.0.0.182 "GET /v2.0/security-groups?id=0ca08fa6-226b-46f6-b51f-7105254d1512&fields=id&fields=name HTTP/1.1" status: 200 len: 312 time: 0.0653887
2026-04-14 07:07:24.629 9 INFO neutron.wsgi [req-ca0453c3-683f-45b1-b0c6-d901f3d7b9e8 req-4a1ff93f-3f8b-4659-823d-a96004a7313f 7071519e53d54dbca5cddcd54c87f29c cbe7e2eda50c40fd93d79d22a50a0674 - - 57dfbdfe5cbc4cfe88327dd0941f775f 57dfbdfe5cbc4cfe88327dd0941f775f] 199.204.45.222 "GET /v2.0/networks?id=fecefb44-f05c-4a01-93b9-a6887ee1702b HTTP/1.1" status: 200 len: 974 time: 0.0670013
2026-04-14 07:07:24.672 9 INFO neutron.wsgi [req-ca0453c3-683f-45b1-b0c6-d901f3d7b9e8 req-cb9b5087-3a9f-41aa-ae50-48fd687c490d 7071519e53d54dbca5cddcd54c87f29c cbe7e2eda50c40fd93d79d22a50a0674 - - 57dfbdfe5cbc4cfe88327dd0941f775f 57dfbdfe5cbc4cfe88327dd0941f775f] 199.204.45.222 "GET /v2.0/floatingips?fixed_ip_address=10.100.0.3&port_id=4226b3fc-0eeb-436e-8135-9c5d3e59e83b HTTP/1.1" status: 200 len: 1059 time: 0.0381815
2026-04-14 07:07:24.722 9 INFO neutron.wsgi [req-ca0453c3-683f-45b1-b0c6-d901f3d7b9e8 req-8da6eb69-aaef-41d2-b354-e0b36b106e6f 7071519e53d54dbca5cddcd54c87f29c cbe7e2eda50c40fd93d79d22a50a0674 - - 57dfbdfe5cbc4cfe88327dd0941f775f 57dfbdfe5cbc4cfe88327dd0941f775f] 199.204.45.222 "GET /v2.0/subnets?id=b1c2300a-bda8-4e96-96ba-8bbc0b7a9f7c HTTP/1.1" status: 200 len: 869 time: 0.0448039 /var/lib/openstack/lib/python3.10/site-packages/pycadf/identifier.py:71: UserWarning: Invalid uuid: neutron. To ensure interoperability, identifiers should be a valid uuid. warnings.warn(('Invalid uuid: %s. To ensure interoperability, '
2026-04-14 07:07:24.751 10 WARNING neutron_lib.context [None req-d3831801-d8e3-4920-bf9c-2a8ac2bdc963 5374f037fed54909ad2ef4c2f4f0cb9f d1ce2a13b636447e82631aa6789ebe4e - - default default] Method 'is_advsvc' is deprecated since 2023.2 release (neutron-lib 3.8.0) and will be removed once support for the old RBAC API policies will be removed from Neutron. Please use method 'is_service_role' instead.
2026-04-14 07:07:24.754 9 INFO neutron.wsgi [req-ca0453c3-683f-45b1-b0c6-d901f3d7b9e8 req-b37e1a41-a0b0-45a1-929f-29e4310e8485 7071519e53d54dbca5cddcd54c87f29c cbe7e2eda50c40fd93d79d22a50a0674 - - 57dfbdfe5cbc4cfe88327dd0941f775f 57dfbdfe5cbc4cfe88327dd0941f775f] 199.204.45.222 "GET /v2.0/ports?network_id=fecefb44-f05c-4a01-93b9-a6887ee1702b&device_owner=network%3Adhcp HTTP/1.1" status: 200 len: 210 time: 0.0256469
2026-04-14 07:07:24.829 9 INFO neutron.wsgi [req-ca0453c3-683f-45b1-b0c6-d901f3d7b9e8 req-8ef62528-9faf-4c59-98dd-f3272b201c7d 7071519e53d54dbca5cddcd54c87f29c cbe7e2eda50c40fd93d79d22a50a0674 - - 57dfbdfe5cbc4cfe88327dd0941f775f 57dfbdfe5cbc4cfe88327dd0941f775f] 199.204.45.222 "GET /v2.0/networks/fecefb44-f05c-4a01-93b9-a6887ee1702b?fields=segments HTTP/1.1" status: 200 len: 212 time: 0.0670009
2026-04-14 07:07:24.903 10 INFO neutron.db.ovn_revision_numbers_db [None req-d3831801-d8e3-4920-bf9c-2a8ac2bdc963 5374f037fed54909ad2ef4c2f4f0cb9f d1ce2a13b636447e82631aa6789ebe4e - - default default] Successfully bumped revision number for resource 8d481f7b-6746-453a-92cc-49305a75319d (type: security_groups) to 1
2026-04-14 07:07:24.917 9 INFO neutron.wsgi [req-ca0453c3-683f-45b1-b0c6-d901f3d7b9e8 req-b000445c-a39f-4591-8012-23dc4fc9b7cb 7071519e53d54dbca5cddcd54c87f29c cbe7e2eda50c40fd93d79d22a50a0674 - - 57dfbdfe5cbc4cfe88327dd0941f775f 57dfbdfe5cbc4cfe88327dd0941f775f] 199.204.45.222 "GET /v2.0/networks/fecefb44-f05c-4a01-93b9-a6887ee1702b?fields=provider%3Aphysical_network&fields=provider%3Anetwork_type HTTP/1.1" status: 200 len: 277 time: 0.0837824
2026-04-14 07:07:24.924 10 INFO neutron.db.ovn_revision_numbers_db [None req-d3831801-d8e3-4920-bf9c-2a8ac2bdc963 5374f037fed54909ad2ef4c2f4f0cb9f d1ce2a13b636447e82631aa6789ebe4e - - default default] Successfully bumped revision number for resource 2b769f77-4142-4dde-a3aa-6e26cac72872 (type: security_group_rules) to 0
2026-04-14 07:07:24.945 10 INFO neutron.db.ovn_revision_numbers_db [None req-d3831801-d8e3-4920-bf9c-2a8ac2bdc963 5374f037fed54909ad2ef4c2f4f0cb9f d1ce2a13b636447e82631aa6789ebe4e - - default default] Successfully bumped revision number for resource 353bbf1f-ffc4-42d9-820b-7a6869a0f0eb (type: security_group_rules) to 0
2026-04-14 07:07:24.961 10 INFO neutron.db.ovn_revision_numbers_db [None req-d3831801-d8e3-4920-bf9c-2a8ac2bdc963 5374f037fed54909ad2ef4c2f4f0cb9f d1ce2a13b636447e82631aa6789ebe4e - - default default] Successfully bumped revision number for resource 71e5b8ef-3db8-4d70-bf4a-39c70f1658fa (type: security_group_rules) to 0
2026-04-14 07:07:25.001 10 INFO neutron.plugins.ml2.drivers.ovn.mech_driver.mech_driver [None req-7ccfdceb-07a4-42c5-97a9-55fa53fa2b74 - - - - - -] OVN reports status down for port: 4226b3fc-0eeb-436e-8135-9c5d3e59e83b
2026-04-14 07:07:25.017 10 INFO neutron.db.ovn_revision_numbers_db [None req-d3831801-d8e3-4920-bf9c-2a8ac2bdc963 5374f037fed54909ad2ef4c2f4f0cb9f d1ce2a13b636447e82631aa6789ebe4e - - default default] Successfully bumped revision number for resource d85a4b02-b889-4b4b-8782-c431103f4343 (type: security_group_rules) to 0
2026-04-14 07:07:25.330 9 INFO neutron.wsgi [req-cb20501b-a04f-4666-b7d9-6f674043f7d1 req-7bc54401-b4d1-46e0-bca8-5d1977c51380 11aecdea4f15423fa9662ebffa3cf8c5 7a9f72ddefd44bb89924d347afdf8888 - - default default] 199.204.45.222 "GET /v2.0/ports?device_id=15ce1300-6321-405f-8e01-609f07bd737b HTTP/1.1" status: 200 len: 1170 time: 0.0362537
2026-04-14 07:07:25.431 10 INFO neutron.wsgi [req-229fb06f-dbfd-435b-b9d1-68c9a62e8405 req-adb6568e-ecf0-414b-982c-9ddb10fb575b 11aecdea4f15423fa9662ebffa3cf8c5 7a9f72ddefd44bb89924d347afdf8888 - - default default] 10.0.0.182 "GET /v2.0/ports?device_id=15ce1300-6321-405f-8e01-609f07bd737b HTTP/1.1" status: 200 len: 1170 time: 0.4443657
2026-04-14 07:07:25.438 10 INFO neutron.db.ovn_revision_numbers_db [None req-d3831801-d8e3-4920-bf9c-2a8ac2bdc963 5374f037fed54909ad2ef4c2f4f0cb9f d1ce2a13b636447e82631aa6789ebe4e - - default default] Successfully bumped revision number for resource e3d0e880-d495-40be-860e-da3d00c689b8 (type: security_groups) to 1
2026-04-14 07:07:25.474 10 INFO neutron.db.ovn_revision_numbers_db [None req-d3831801-d8e3-4920-bf9c-2a8ac2bdc963 5374f037fed54909ad2ef4c2f4f0cb9f d1ce2a13b636447e82631aa6789ebe4e - - default default] Successfully bumped revision number for resource 2d709eea-2156-40e8-81f3-db8e62d5a420 (type: security_group_rules) to 0
2026-04-14 07:07:25.501 10 INFO neutron.wsgi [req-229fb06f-dbfd-435b-b9d1-68c9a62e8405 req-6306e716-bb21-4757-b510-0db3c133170d 11aecdea4f15423fa9662ebffa3cf8c5 7a9f72ddefd44bb89924d347afdf8888 - - default default] 10.0.0.182 "GET /v2.0/security-groups?id=0ca08fa6-226b-46f6-b51f-7105254d1512&fields=id&fields=name HTTP/1.1" status: 200 len: 312 time: 0.0643792
2026-04-14 07:07:25.512 10 INFO neutron.db.ovn_revision_numbers_db [None req-d3831801-d8e3-4920-bf9c-2a8ac2bdc963 5374f037fed54909ad2ef4c2f4f0cb9f d1ce2a13b636447e82631aa6789ebe4e - - default default] Successfully bumped revision number for resource 594bccd6-bc6b-4cd9-9a06-58dbbaa85f9a (type: security_group_rules) to 0
2026-04-14 07:07:25.562 10 INFO neutron.wsgi [None req-d3831801-d8e3-4920-bf9c-2a8ac2bdc963 5374f037fed54909ad2ef4c2f4f0cb9f d1ce2a13b636447e82631aa6789ebe4e - - default default] 10.0.0.60 "POST /v2.0/security-groups HTTP/1.1" status: 201 len: 1760 time: 1.0026834
2026-04-14 07:07:25.586 10 INFO neutron.notifiers.nova [-] Nova event matching ['req-25767e61-60db-4c35-a53f-59382a3471e9'] response: {'server_uuid': '15ce1300-6321-405f-8e01-609f07bd737b', 'name': 'network-vif-unplugged', 'status': 'completed', 'tag': '4226b3fc-0eeb-436e-8135-9c5d3e59e83b', 'code': 200}
2026-04-14 07:07:25.630 9 INFO neutron.wsgi [None req-066c9c39-38c8-4a39-b1d6-6d92760b4c95 5374f037fed54909ad2ef4c2f4f0cb9f d1ce2a13b636447e82631aa6789ebe4e - - default default] 10.0.0.60 "GET /v2.0/security-groups HTTP/1.1" status: 200 len: 4538 time: 0.0633020
2026-04-14 07:07:25.666 10 INFO neutron.wsgi [-] 10.0.0.187 "GET / HTTP/1.1" status: 200 len: 246 time: 0.0011687
2026-04-14 07:07:25.667 10 INFO neutron.wsgi [-] 10.0.0.187 "GET / HTTP/1.1" status: 200 len: 246 time: 0.0009418
2026-04-14 07:07:25.688 9 INFO neutron.db.l3_db [req-cb20501b-a04f-4666-b7d9-6f674043f7d1 req-62841ebf-4795-47b0-83fc-8aea6b093e7c 11aecdea4f15423fa9662ebffa3cf8c5 7a9f72ddefd44bb89924d347afdf8888 - - default default] Floating IP f49e9214-2d62-40ae-8735-894155b93951 disassociated. External IP: 10.96.250.207, port: 4226b3fc-0eeb-436e-8135-9c5d3e59e83b.
2026-04-14 07:07:25.728 10 INFO neutron.db.ovn_revision_numbers_db [None req-7ccfdceb-07a4-42c5-97a9-55fa53fa2b74 - - - - - -] Successfully bumped revision number for resource 4226b3fc-0eeb-436e-8135-9c5d3e59e83b (type: ports) to 5
2026-04-14 07:07:25.742 10 INFO neutron.db.ovn_revision_numbers_db [None req-c74c2236-2d9a-4b11-8c21-0f0090ba3380 5374f037fed54909ad2ef4c2f4f0cb9f d1ce2a13b636447e82631aa6789ebe4e - - default default] Successfully bumped revision number for resource e3d0e880-d495-40be-860e-da3d00c689b8 (type: security_groups) to 2
2026-04-14 07:07:25.745 10 INFO neutron.wsgi [None req-c74c2236-2d9a-4b11-8c21-0f0090ba3380 5374f037fed54909ad2ef4c2f4f0cb9f d1ce2a13b636447e82631aa6789ebe4e - - default default] 10.0.0.60 "PUT /v2.0/security-groups/e3d0e880-d495-40be-860e-da3d00c689b8 HTTP/1.1" status: 200 len: 1795 time: 0.1088848
2026-04-14 07:07:25.846 10 INFO neutron.wsgi [None req-a46d9b71-6470-4de3-a3d6-13e39c099af7 5374f037fed54909ad2ef4c2f4f0cb9f d1ce2a13b636447e82631aa6789ebe4e - - default default] 10.0.0.60 "GET /v2.0/security-groups/e3d0e880-d495-40be-860e-da3d00c689b8 HTTP/1.1" status: 200 len: 1795 time: 0.0943630
2026-04-14 07:07:25.877 9 INFO neutron.wsgi [req-cb20501b-a04f-4666-b7d9-6f674043f7d1 req-62841ebf-4795-47b0-83fc-8aea6b093e7c 11aecdea4f15423fa9662ebffa3cf8c5 7a9f72ddefd44bb89924d347afdf8888 - - default default] 199.204.45.222 "DELETE /v2.0/ports/4226b3fc-0eeb-436e-8135-9c5d3e59e83b HTTP/1.1" status: 204 len: 173 time: 0.5419250
2026-04-14 07:07:25.978 9 INFO neutron.wsgi [None req-f5a37eab-eba0-4848-bc12-2a98eab0ff5f 5374f037fed54909ad2ef4c2f4f0cb9f d1ce2a13b636447e82631aa6789ebe4e - - default default] 10.0.0.60 "DELETE /v2.0/security-groups/e3d0e880-d495-40be-860e-da3d00c689b8 HTTP/1.1" status: 204 len: 168 time: 0.1223295
2026-04-14 07:07:26.028 9 INFO neutron.wsgi [None req-091d6c79-9ba2-48f0-b7c8-69470fdb5433 5374f037fed54909ad2ef4c2f4f0cb9f d1ce2a13b636447e82631aa6789ebe4e - - default default] 10.0.0.60 "GET /v2.0/security-groups HTTP/1.1" status: 200 len: 2996 time: 0.0442135
2026-04-14 07:07:26.048 9 INFO neutron.api.v2.resource [None req-7db8eabf-d5f9-4088-9d9c-a99f96883a75 5374f037fed54909ad2ef4c2f4f0cb9f d1ce2a13b636447e82631aa6789ebe4e - - default default] delete failed (client error): The resource could not be found.
2026-04-14 07:07:26.049 9 INFO neutron.wsgi [None req-7db8eabf-d5f9-4088-9d9c-a99f96883a75 5374f037fed54909ad2ef4c2f4f0cb9f d1ce2a13b636447e82631aa6789ebe4e - - default default] 10.0.0.60 "DELETE /v2.0/security-groups/e3d0e880-d495-40be-860e-da3d00c689b8 HTTP/1.1" status: 404 len: 347 time: 0.0162146
2026-04-14 07:07:26.060 9 WARNING neutron_lib.context [None req-3200b0a2-f1ba-4490-a3c3-023a76310f13 5374f037fed54909ad2ef4c2f4f0cb9f d1ce2a13b636447e82631aa6789ebe4e - - default default] Method 'is_advsvc' is deprecated since 2023.2 release (neutron-lib 3.8.0) and will be removed once support for the old RBAC API policies will be removed from Neutron. Please use method 'is_service_role' instead.
2026-04-14 07:07:26.194 9 INFO neutron.db.ovn_revision_numbers_db [None req-3200b0a2-f1ba-4490-a3c3-023a76310f13 5374f037fed54909ad2ef4c2f4f0cb9f d1ce2a13b636447e82631aa6789ebe4e - - default default] Successfully bumped revision number for resource 1fe84af1-d37c-4dd5-9791-fc72fad51633 (type: security_groups) to 1
2026-04-14 07:07:26.211 9 INFO neutron.db.ovn_revision_numbers_db [None req-3200b0a2-f1ba-4490-a3c3-023a76310f13 5374f037fed54909ad2ef4c2f4f0cb9f d1ce2a13b636447e82631aa6789ebe4e - - default default] Successfully bumped revision number for resource 42b217e0-6190-4641-bcc9-1b184a5fcfa6 (type: security_group_rules) to 0
2026-04-14 07:07:26.237 9 INFO neutron.db.ovn_revision_numbers_db [None req-3200b0a2-f1ba-4490-a3c3-023a76310f13 5374f037fed54909ad2ef4c2f4f0cb9f d1ce2a13b636447e82631aa6789ebe4e - - default default] Successfully bumped revision number for resource af31e73d-422a-460b-9292-7bea9437c18d (type: security_group_rules) to 0
2026-04-14 07:07:26.273 9 INFO neutron.wsgi [None req-3200b0a2-f1ba-4490-a3c3-023a76310f13 5374f037fed54909ad2ef4c2f4f0cb9f d1ce2a13b636447e82631aa6789ebe4e - - default default] 10.0.0.60 "POST /v2.0/security-groups HTTP/1.1" status: 201 len: 1761 time: 0.2172692
2026-04-14 07:07:26.283 9 INFO neutron.db.ovn_revision_numbers_db [None req-9a6d8c28-7923-4157-9b93-5ee856caca18 add9338a2b714f62b7234c94dba39f9b 82ded0903dba40858a978235e9bb2eb7 - - default default] Successfully bumped revision number for resource 70674e64-81dc-4d1b-96a3-95078330dba4 (type: security_groups) to 1 /var/lib/openstack/lib/python3.10/site-packages/pycadf/identifier.py:71: UserWarning: Invalid uuid: neutron. To ensure interoperability, identifiers should be a valid uuid. warnings.warn(('Invalid uuid: %s. To ensure interoperability, '
2026-04-14 07:07:26.287 10 WARNING neutron_lib.context [None req-3f5ffefe-c335-498d-bac6-1d13cf007934 5374f037fed54909ad2ef4c2f4f0cb9f d1ce2a13b636447e82631aa6789ebe4e - - default default] Method 'is_advsvc' is deprecated since 2023.2 release (neutron-lib 3.8.0) and will be removed once support for the old RBAC API policies will be removed from Neutron. Please use method 'is_service_role' instead.
2026-04-14 07:07:26.297 9 INFO neutron.db.ovn_revision_numbers_db [None req-9a6d8c28-7923-4157-9b93-5ee856caca18 add9338a2b714f62b7234c94dba39f9b 82ded0903dba40858a978235e9bb2eb7 - - default default] Successfully bumped revision number for resource 3c8c4e49-d8ae-4f92-aa9e-043d1c13daed (type: security_group_rules) to 0
2026-04-14 07:07:26.311 9 INFO neutron.db.ovn_revision_numbers_db [None req-9a6d8c28-7923-4157-9b93-5ee856caca18 add9338a2b714f62b7234c94dba39f9b 82ded0903dba40858a978235e9bb2eb7 - - default default] Successfully bumped revision number for resource d518a9a1-aaf7-4965-a103-4cf15e54a06d (type: security_group_rules) to 0
2026-04-14 07:07:26.323 9 INFO neutron.db.ovn_revision_numbers_db [None req-9a6d8c28-7923-4157-9b93-5ee856caca18 add9338a2b714f62b7234c94dba39f9b 82ded0903dba40858a978235e9bb2eb7 - - default default] Successfully bumped revision number for resource de026124-0032-4b18-bd98-c74e1a3e6854 (type: security_group_rules) to 0
2026-04-14 07:07:26.364 9 INFO neutron.db.ovn_revision_numbers_db [None req-9a6d8c28-7923-4157-9b93-5ee856caca18 add9338a2b714f62b7234c94dba39f9b 82ded0903dba40858a978235e9bb2eb7 - - default default] Successfully bumped revision number for resource e2c47438-7b1e-4470-a108-28f97c63a784 (type: security_group_rules) to 0
2026-04-14 07:07:26.399 9 INFO neutron.wsgi [None req-9a6d8c28-7923-4157-9b93-5ee856caca18 add9338a2b714f62b7234c94dba39f9b 82ded0903dba40858a978235e9bb2eb7 - - default default] 10.0.0.60 "GET /v2.0/security-groups?tenant_id=76175782624d41acb28f1a14ce9064aa&name=default HTTP/1.1" status: 200 len: 2996 time: 0.3988228
2026-04-14 07:07:26.445 10 INFO neutron.wsgi [req-429e34af-2fbb-4623-97d8-fe5a80c651d6 req-0b60c34e-e390-4891-b1f7-f02e6105cf12 793338e1377e459880d2333a3e8849d8 b15e86867ae7461996d838fe6143dbce - - default default] 10.0.0.182 "GET /v2.0/ports?device_id=909902f6-136b-44ea-89c2-0c819466756d HTTP/1.1" status: 200 len: 1174 time: 0.1194863
2026-04-14 07:07:26.473 10 INFO neutron.db.ovn_revision_numbers_db [None req-3f5ffefe-c335-498d-bac6-1d13cf007934 5374f037fed54909ad2ef4c2f4f0cb9f d1ce2a13b636447e82631aa6789ebe4e - - default default] Successfully bumped revision number for resource da9f74b3-ae6a-40a5-8391-09a85c02c586 (type: security_group_rules) to 0
2026-04-14 07:07:26.502 10 INFO neutron.wsgi [None req-3f5ffefe-c335-498d-bac6-1d13cf007934 5374f037fed54909ad2ef4c2f4f0cb9f d1ce2a13b636447e82631aa6789ebe4e - - default default] 10.0.0.60 "POST /v2.0/security-group-rules HTTP/1.1" status: 201 len: 768 time: 0.2223554
2026-04-14 07:07:26.520 9 INFO neutron.notifiers.nova [-] Nova event matching ['req-62e61e6e-a02f-4470-9a73-9788c018416e'] response: {'server_uuid': '15ce1300-6321-405f-8e01-609f07bd737b', 'name': 'network-vif-deleted', 'tag': '4226b3fc-0eeb-436e-8135-9c5d3e59e83b', 'status': 'completed', 'code': 200}
2026-04-14 07:07:26.565 9 INFO neutron.wsgi [None req-aa7f311c-82cb-429a-9d02-56030e632985 5374f037fed54909ad2ef4c2f4f0cb9f d1ce2a13b636447e82631aa6789ebe4e - - default default] 10.0.0.60 "GET /v2.0/security-group-rules/da9f74b3-ae6a-40a5-8391-09a85c02c586 HTTP/1.1" status: 200 len: 763 time: 0.0575407
2026-04-14 07:07:26.632 9 INFO neutron.wsgi [req-d3c89675-1d81-4960-aa04-7ffe9aa76aa6 req-77e93f0d-40d1-45d8-ad35-68178d61cf34 793338e1377e459880d2333a3e8849d8 b15e86867ae7461996d838fe6143dbce - - default default] 10.0.0.182 "GET /v2.0/ports/a494651b-ff87-4b93-9185-d26696a03b71 HTTP/1.1" status: 200 len: 1171 time: 0.1041725
2026-04-14 07:07:26.649 10 INFO neutron.wsgi [None req-0d57a22b-63d3-48a9-8662-ed0cd99cab09 5374f037fed54909ad2ef4c2f4f0cb9f d1ce2a13b636447e82631aa6789ebe4e - - default default] 10.0.0.60 "GET /v2.0/security-group-rules HTTP/1.1" status: 200 len: 4113 time: 0.0769005
2026-04-14 07:07:26.676 9 INFO neutron.wsgi [None req-00ed908a-9e0f-4261-bba5-e315a889242f add9338a2b714f62b7234c94dba39f9b 82ded0903dba40858a978235e9bb2eb7 - - default default] 10.0.0.60 "DELETE /v2.0/security-groups/70674e64-81dc-4d1b-96a3-95078330dba4 HTTP/1.1" status: 204 len: 168 time: 0.2705116
2026-04-14 07:07:26.767 10 INFO neutron.wsgi [None req-34316e60-6ee2-47c9-8105-bbd47e465c56 11aecdea4f15423fa9662ebffa3cf8c5 7a9f72ddefd44bb89924d347afdf8888 - - default default] 10.0.0.60 "DELETE /v2.0/security-groups/0ca08fa6-226b-46f6-b51f-7105254d1512 HTTP/1.1" status: 204 len: 168 time: 0.1805158
2026-04-14 07:07:26.795 10 INFO neutron.api.v2.resource [None req-26daa66e-e20f-4107-85f7-c94daba5a55a 11aecdea4f15423fa9662ebffa3cf8c5 7a9f72ddefd44bb89924d347afdf8888 - - default default] show failed (client error): The resource could not be found.
2026-04-14 07:07:26.797 10 INFO neutron.wsgi [None req-26daa66e-e20f-4107-85f7-c94daba5a55a 11aecdea4f15423fa9662ebffa3cf8c5 7a9f72ddefd44bb89924d347afdf8888 - - default default] 10.0.0.60 "GET /v2.0/security-groups/0ca08fa6-226b-46f6-b51f-7105254d1512 HTTP/1.1" status: 404 len: 347 time: 0.0159631
2026-04-14 07:07:26.807 10 INFO neutron.wsgi [None req-75e2af1d-a49b-4115-85b3-42a35ec7213f 5374f037fed54909ad2ef4c2f4f0cb9f d1ce2a13b636447e82631aa6789ebe4e - - default default] 10.0.0.60 "DELETE /v2.0/security-group-rules/da9f74b3-ae6a-40a5-8391-09a85c02c586 HTTP/1.1" status: 204 len: 168 time: 0.1549656
2026-04-14 07:07:26.854 10 INFO neutron.wsgi [None req-4c2da35a-c0ed-4384-bb96-58186dc2b338 5374f037fed54909ad2ef4c2f4f0cb9f d1ce2a13b636447e82631aa6789ebe4e - - default default] 10.0.0.60 "GET /v2.0/security-group-rules HTTP/1.1" status: 200 len: 3567 time: 0.0414228
2026-04-14 07:07:26.859 9 INFO neutron.wsgi [req-c964ae18-75c8-40df-a101-37d9fb67d882 req-bb4ad078-f402-430e-a9a7-f86a5927e5ca 793338e1377e459880d2333a3e8849d8 b15e86867ae7461996d838fe6143dbce - - default default] 199.204.45.222 "GET /v2.0/subnets?network_id=9bdf85c2-14e3-4c77-b385-abe09fd28f51 HTTP/1.1" status: 200 len: 858 time: 0.0799527
2026-04-14 07:07:26.864 10 WARNING neutron_lib.context [None req-36d9656a-d2e9-49d6-b5da-a16b278c9685 5374f037fed54909ad2ef4c2f4f0cb9f d1ce2a13b636447e82631aa6789ebe4e - - default default] Method 'is_advsvc' is deprecated since 2023.2 release (neutron-lib 3.8.0) and will be removed once support for the old RBAC API policies will be removed from Neutron. Please use method 'is_service_role' instead.
2026-04-14 07:07:26.953 9 INFO neutron.wsgi [req-c964ae18-75c8-40df-a101-37d9fb67d882 req-4ebe5777-0947-4fba-859f-3fd99d19ab09 793338e1377e459880d2333a3e8849d8 b15e86867ae7461996d838fe6143dbce - - default default] 199.204.45.222 "GET /v2.0/ports?device_id=909902f6-136b-44ea-89c2-0c819466756d&device_owner=compute%3Anova&network_id=9bdf85c2-14e3-4c77-b385-abe09fd28f51 HTTP/1.1" status: 200 len: 1174 time: 0.0804863
2026-04-14 07:07:26.959 10 INFO neutron.db.ovn_revision_numbers_db [None req-e4018331-01c9-4989-9ebf-3cbfd186ed55 add9338a2b714f62b7234c94dba39f9b 82ded0903dba40858a978235e9bb2eb7 - - default default] Successfully bumped revision number for resource 3618ed98-4d99-4092-aa81-2a949d6bcee8 (type: security_groups) to 1
2026-04-14 07:07:26.978 10 INFO neutron.db.ovn_revision_numbers_db [None req-e4018331-01c9-4989-9ebf-3cbfd186ed55 add9338a2b714f62b7234c94dba39f9b 82ded0903dba40858a978235e9bb2eb7 - - default default] Successfully bumped revision number for resource 00b1a3f3-5533-48be-96b0-092fdede12ec (type: security_group_rules) to 0
2026-04-14 07:07:27.004 10 INFO neutron.db.ovn_revision_numbers_db [None req-e4018331-01c9-4989-9ebf-3cbfd186ed55 add9338a2b714f62b7234c94dba39f9b 82ded0903dba40858a978235e9bb2eb7 - - default default] Successfully bumped revision number for resource b7953fd8-bdad-46c4-bd7a-f81f1245c23f (type: security_group_rules) to 0
2026-04-14 07:07:27.025 10 INFO neutron.db.ovn_revision_numbers_db [None req-e4018331-01c9-4989-9ebf-3cbfd186ed55 add9338a2b714f62b7234c94dba39f9b 82ded0903dba40858a978235e9bb2eb7 - - default default] Successfully bumped revision number for resource cb1ea660-4efd-4baa-a03d-7851b694a53e (type: security_group_rules) to 0
2026-04-14 07:07:27.040 10 INFO neutron.db.ovn_revision_numbers_db [None req-36d9656a-d2e9-49d6-b5da-a16b278c9685 5374f037fed54909ad2ef4c2f4f0cb9f d1ce2a13b636447e82631aa6789ebe4e - - default default] Successfully bumped revision number for resource 338d7187-ea55-4153-afb8-1a77b8a24e77 (type: security_group_rules) to 0
2026-04-14 07:07:27.046 10 INFO neutron.db.ovn_revision_numbers_db [None req-e4018331-01c9-4989-9ebf-3cbfd186ed55 add9338a2b714f62b7234c94dba39f9b 82ded0903dba40858a978235e9bb2eb7 - - default default] Successfully bumped revision number for resource df8b87cb-d759-4225-8e5c-91025aebea00 (type: security_group_rules) to 0
2026-04-14 07:07:27.076 10 INFO neutron.wsgi [None req-e4018331-01c9-4989-9ebf-3cbfd186ed55 add9338a2b714f62b7234c94dba39f9b 82ded0903dba40858a978235e9bb2eb7 - - default default] 10.0.0.60 "GET /v2.0/security-groups?tenant_id=173cbd3c99ba46c1a355fc72d0de8094&name=default HTTP/1.1" status: 200 len: 2996 time: 0.2773499
2026-04-14 07:07:27.079 10 INFO neutron.wsgi [None req-36d9656a-d2e9-49d6-b5da-a16b278c9685 5374f037fed54909ad2ef4c2f4f0cb9f d1ce2a13b636447e82631aa6789ebe4e - - default default] 10.0.0.60 "POST /v2.0/security-group-rules HTTP/1.1" status: 201 len: 768 time: 0.2196460
2026-04-14 07:07:27.106 10 INFO neutron.wsgi [None req-e7b59846-d900-4681-adcb-c410ee9e2bc1 5374f037fed54909ad2ef4c2f4f0cb9f d1ce2a13b636447e82631aa6789ebe4e - - default default] 10.0.0.60 "GET /v2.0/security-group-rules/338d7187-ea55-4153-afb8-1a77b8a24e77 HTTP/1.1" status: 200 len: 763 time: 0.0206125
2026-04-14 07:07:27.153 10 INFO neutron.wsgi [None req-82bf283a-874a-4ee7-9ab8-19164c8fe048 5374f037fed54909ad2ef4c2f4f0cb9f d1ce2a13b636447e82631aa6789ebe4e - - default default] 10.0.0.60 "GET /v2.0/security-group-rules HTTP/1.1" status: 200 len: 4113 time: 0.0407300
2026-04-14 07:07:27.273 10 INFO neutron.wsgi [None req-426ec487-db24-495b-94be-6c84495d0e7f 5374f037fed54909ad2ef4c2f4f0cb9f d1ce2a13b636447e82631aa6789ebe4e - - default default] 10.0.0.60 "DELETE /v2.0/security-group-rules/338d7187-ea55-4153-afb8-1a77b8a24e77 HTTP/1.1" status: 204 len: 168 time: 0.1145306
2026-04-14 07:07:27.308 10 INFO neutron.wsgi [None req-41f67e0e-9f57-4088-9771-d9f62f693b29 add9338a2b714f62b7234c94dba39f9b 82ded0903dba40858a978235e9bb2eb7 - - default default] 10.0.0.60 "DELETE /v2.0/security-groups/3618ed98-4d99-4092-aa81-2a949d6bcee8 HTTP/1.1" status: 204 len: 168 time: 0.2278044
2026-04-14 07:07:27.317 10 INFO neutron.wsgi [None req-50f8ebb5-796e-4950-b51b-35baec43f34d 5374f037fed54909ad2ef4c2f4f0cb9f d1ce2a13b636447e82631aa6789ebe4e - - default default] 10.0.0.60 "GET /v2.0/security-group-rules HTTP/1.1" status: 200 len: 3567 time: 0.0387757
2026-04-14 07:07:27.336 9 WARNING neutron_lib.context [None req-c68da27c-be0a-45be-a57c-3903b8f8b241 5374f037fed54909ad2ef4c2f4f0cb9f d1ce2a13b636447e82631aa6789ebe4e - - default default] Method 'is_advsvc' is deprecated since 2023.2 release (neutron-lib 3.8.0) and will be removed once support for the old RBAC API policies will be removed from Neutron. Please use method 'is_service_role' instead.
2026-04-14 07:07:27.361 9 INFO neutron.db.securitygroups_db [None req-c68da27c-be0a-45be-a57c-3903b8f8b241 5374f037fed54909ad2ef4c2f4f0cb9f d1ce2a13b636447e82631aa6789ebe4e - - default default] Project d1ce2a13b636447e82631aa6789ebe4e added a security group rule with legacy IPv6 ICMP protocol name icmp, ipv6-icmp should be used instead. It was automatically converted.
2026-04-14 07:07:27.366 9 INFO neutron.wsgi [None req-8f400b66-9d05-40c5-b232-862695c591f2 11aecdea4f15423fa9662ebffa3cf8c5 7a9f72ddefd44bb89924d347afdf8888 - - default default] 10.0.0.60 "DELETE /v2.0/floatingips/f49e9214-2d62-40ae-8735-894155b93951 HTTP/1.1" status: 204 len: 168 time: 0.5636215
2026-04-14 07:07:27.535 9 INFO neutron.db.ovn_revision_numbers_db [None req-c68da27c-be0a-45be-a57c-3903b8f8b241 5374f037fed54909ad2ef4c2f4f0cb9f d1ce2a13b636447e82631aa6789ebe4e - - default default] Successfully bumped revision number for resource 67b49946-499e-4add-be28-ce20291bd858 (type: security_group_rules) to 0
2026-04-14 07:07:27.578 9 INFO neutron.wsgi [None req-c68da27c-be0a-45be-a57c-3903b8f8b241 5374f037fed54909ad2ef4c2f4f0cb9f d1ce2a13b636447e82631aa6789ebe4e - - default default] 10.0.0.60 "POST /v2.0/security-group-rules HTTP/1.1" status: 201 len: 774 time: 0.2556481
2026-04-14 07:07:27.607 10 INFO neutron.wsgi [None req-a023dc87-d9dd-4d42-b59e-04ab9a263651 5374f037fed54909ad2ef4c2f4f0cb9f d1ce2a13b636447e82631aa6789ebe4e - - default default] 10.0.0.60 "GET /v2.0/security-group-rules/67b49946-499e-4add-be28-ce20291bd858 HTTP/1.1" status: 200 len: 769 time: 0.0239332
2026-04-14 07:07:27.607 9 INFO neutron.db.ovn_revision_numbers_db [req-c964ae18-75c8-40df-a101-37d9fb67d882 req-d912780f-45c9-48f9-8e0b-3706aedac0f6 793338e1377e459880d2333a3e8849d8 b15e86867ae7461996d838fe6143dbce - - default default] Successfully bumped revision number for resource a494651b-ff87-4b93-9185-d26696a03b71 (type: ports) to 5
2026-04-14 07:07:27.620 9 INFO neutron.wsgi [req-c964ae18-75c8-40df-a101-37d9fb67d882 req-d912780f-45c9-48f9-8e0b-3706aedac0f6 793338e1377e459880d2333a3e8849d8 b15e86867ae7461996d838fe6143dbce - - default default] 199.204.45.222 "PUT /v2.0/ports/a494651b-ff87-4b93-9185-d26696a03b71 HTTP/1.1" status: 200 len: 1353 time: 0.6614113
2026-04-14 07:07:27.626 10 INFO neutron.notifiers.nova [-] Nova event matching ['req-469845eb-0669-459f-adbd-44ea1ffd3260'] response: {'server_uuid': '15ce1300-6321-405f-8e01-609f07bd737b', 'name': 'network-vif-plugged', 'status': 'completed', 'tag': '4226b3fc-0eeb-436e-8135-9c5d3e59e83b', 'code': 200} /var/lib/openstack/lib/python3.10/site-packages/pycadf/identifier.py:71: UserWarning: Invalid uuid: neutron. To ensure interoperability, identifiers should be a valid uuid. warnings.warn(('Invalid uuid: %s. To ensure interoperability, '
2026-04-14 07:07:27.673 9 INFO neutron.wsgi [req-c964ae18-75c8-40df-a101-37d9fb67d882 req-8999dab5-628a-4421-946b-fcad9fe52cf2 7071519e53d54dbca5cddcd54c87f29c cbe7e2eda50c40fd93d79d22a50a0674 - - 57dfbdfe5cbc4cfe88327dd0941f775f 57dfbdfe5cbc4cfe88327dd0941f775f] 199.204.45.222 "GET /v2.0/ports?tenant_id=b15e86867ae7461996d838fe6143dbce&device_id=909902f6-136b-44ea-89c2-0c819466756d HTTP/1.1" status: 200 len: 1594 time: 0.0365367
2026-04-14 07:07:27.677 10 INFO neutron.wsgi [None req-b63dda82-20ce-457e-b120-0089c4eec8d5 5374f037fed54909ad2ef4c2f4f0cb9f d1ce2a13b636447e82631aa6789ebe4e - - default default] 10.0.0.60 "GET /v2.0/security-group-rules HTTP/1.1" status: 200 len: 4119 time: 0.0622511
2026-04-14 07:07:27.732 9 INFO neutron.wsgi [req-c964ae18-75c8-40df-a101-37d9fb67d882 req-c6a37569-1a33-4565-9824-18ce5f7c9705 7071519e53d54dbca5cddcd54c87f29c cbe7e2eda50c40fd93d79d22a50a0674 - - 57dfbdfe5cbc4cfe88327dd0941f775f 57dfbdfe5cbc4cfe88327dd0941f775f] 199.204.45.222 "GET /v2.0/networks?id=9bdf85c2-14e3-4c77-b385-abe09fd28f51 HTTP/1.1" status: 200 len: 981 time: 0.0556428
2026-04-14 07:07:27.761 9 INFO neutron.wsgi [req-c964ae18-75c8-40df-a101-37d9fb67d882 req-4b0ca4d6-ce39-4a4b-9631-dfd222a1e4d9 7071519e53d54dbca5cddcd54c87f29c cbe7e2eda50c40fd93d79d22a50a0674 - - 57dfbdfe5cbc4cfe88327dd0941f775f 57dfbdfe5cbc4cfe88327dd0941f775f] 199.204.45.222 "GET /v2.0/floatingips?fixed_ip_address=10.100.0.10&port_id=a494651b-ff87-4b93-9185-d26696a03b71 HTTP/1.1" status: 200 len: 217 time: 0.0257702
2026-04-14 07:07:27.812 9 INFO neutron.wsgi [req-c964ae18-75c8-40df-a101-37d9fb67d882 req-b92a58f6-f5a4-4ce3-ade0-1eb2b081f2bf 7071519e53d54dbca5cddcd54c87f29c cbe7e2eda50c40fd93d79d22a50a0674 - - 57dfbdfe5cbc4cfe88327dd0941f775f 57dfbdfe5cbc4cfe88327dd0941f775f] 199.204.45.222 "GET /v2.0/floatingips?fixed_ip_address=10.100.0.11&port_id=a494651b-ff87-4b93-9185-d26696a03b71 HTTP/1.1" status: 200 len: 1060 time: 0.0473089
2026-04-14 07:07:27.854 9 INFO neutron.wsgi [req-c964ae18-75c8-40df-a101-37d9fb67d882 req-302a15ea-c86c-4f4c-a04d-1459e5dde7b2 7071519e53d54dbca5cddcd54c87f29c cbe7e2eda50c40fd93d79d22a50a0674 - - 57dfbdfe5cbc4cfe88327dd0941f775f 57dfbdfe5cbc4cfe88327dd0941f775f] 199.204.45.222 "GET /v2.0/subnets?id=074dc67f-0950-420e-bee4-da609467d80a HTTP/1.1" status: 200 len: 876 time: 0.0365710
2026-04-14 07:07:27.874 10 INFO neutron.wsgi [None req-d67e1528-f023-4baf-8b28-c7161fa771dc 5374f037fed54909ad2ef4c2f4f0cb9f d1ce2a13b636447e82631aa6789ebe4e - - default default] 10.0.0.60 "DELETE /v2.0/security-group-rules/67b49946-499e-4add-be28-ce20291bd858 HTTP/1.1" status: 204 len: 168 time: 0.1927171
2026-04-14 07:07:27.879 9 INFO neutron.wsgi [req-c964ae18-75c8-40df-a101-37d9fb67d882 req-d14e74a6-d3cb-4345-b46a-60baa83c3782 7071519e53d54dbca5cddcd54c87f29c cbe7e2eda50c40fd93d79d22a50a0674 - - 57dfbdfe5cbc4cfe88327dd0941f775f 57dfbdfe5cbc4cfe88327dd0941f775f] 199.204.45.222 "GET /v2.0/ports?network_id=9bdf85c2-14e3-4c77-b385-abe09fd28f51&device_owner=network%3Adhcp HTTP/1.1" status: 200 len: 210 time: 0.0184472
2026-04-14 07:07:27.948 9 INFO neutron.wsgi [req-c964ae18-75c8-40df-a101-37d9fb67d882 req-0502b2ea-15c8-4342-97e6-18557927e523 7071519e53d54dbca5cddcd54c87f29c cbe7e2eda50c40fd93d79d22a50a0674 - - 57dfbdfe5cbc4cfe88327dd0941f775f 57dfbdfe5cbc4cfe88327dd0941f775f] 199.204.45.222 "GET /v2.0/networks/9bdf85c2-14e3-4c77-b385-abe09fd28f51?fields=segments HTTP/1.1" status: 200 len: 212 time: 0.0613637
2026-04-14 07:07:27.953 9 INFO neutron.wsgi [None req-fec09af0-6006-4777-a30b-2d67ac68d228 5374f037fed54909ad2ef4c2f4f0cb9f d1ce2a13b636447e82631aa6789ebe4e - - default default] 10.0.0.60 "GET /v2.0/security-group-rules HTTP/1.1" status: 200 len: 3567 time: 0.0754421
2026-04-14 07:07:28.009 9 INFO neutron.wsgi [req-c964ae18-75c8-40df-a101-37d9fb67d882 req-2516d40d-4662-468d-8e92-9f925027be8d 7071519e53d54dbca5cddcd54c87f29c cbe7e2eda50c40fd93d79d22a50a0674 - - 57dfbdfe5cbc4cfe88327dd0941f775f 57dfbdfe5cbc4cfe88327dd0941f775f] 199.204.45.222 "GET /v2.0/networks/9bdf85c2-14e3-4c77-b385-abe09fd28f51?fields=provider%3Aphysical_network&fields=provider%3Anetwork_type HTTP/1.1" status: 200 len: 277 time: 0.0542362
2026-04-14 07:07:28.122 10 INFO neutron.wsgi [None req-0e867af5-414f-49d6-bcda-d5f61fb68d55 5374f037fed54909ad2ef4c2f4f0cb9f d1ce2a13b636447e82631aa6789ebe4e - - default default] 10.0.0.60 "DELETE /v2.0/security-groups/1fe84af1-d37c-4dd5-9791-fc72fad51633 HTTP/1.1" status: 204 len: 168 time: 0.1645846
2026-04-14 07:07:28.175 9 INFO neutron.wsgi [None req-ef074c9c-5411-4efa-96d6-ee26af18a473 5374f037fed54909ad2ef4c2f4f0cb9f d1ce2a13b636447e82631aa6789ebe4e - - default default] 10.0.0.60 "GET /v2.0/security-groups HTTP/1.1" status: 200 len: 2996 time: 0.0446169
2026-04-14 07:07:28.228 9 INFO neutron.wsgi [None req-c116ea7b-fac2-4d45-9144-6c24e664cae6 5374f037fed54909ad2ef4c2f4f0cb9f d1ce2a13b636447e82631aa6789ebe4e - - default default] 10.0.0.60 "GET /v2.0/security-groups HTTP/1.1" status: 200 len: 2996 time: 0.0469186
2026-04-14 07:07:28.575 9 INFO neutron.notifiers.nova [-] Nova event matching ['req-253b1f2f-9d95-4804-9f6d-0ce037825189'] response: {'name': 'network-changed', 'server_uuid': '909902f6-136b-44ea-89c2-0c819466756d', 'tag': 'a494651b-ff87-4b93-9185-d26696a03b71', 'status': 'completed', 'code': 200}
2026-04-14 07:07:28.591 10 INFO neutron.wsgi [None req-c18a463c-f5b0-47b2-a110-9260aa750380 add9338a2b714f62b7234c94dba39f9b 82ded0903dba40858a978235e9bb2eb7 - - default default] 10.0.0.60 "PUT /v2.0/routers/96c677fa-fa26-486b-afd3-e8f4ad7d011c/remove_router_interface HTTP/1.1" status: 200 len: 503 time: 1.2200572 /var/lib/openstack/lib/python3.10/site-packages/pycadf/identifier.py:71: UserWarning: Invalid uuid: neutron. To ensure interoperability, identifiers should be a valid uuid. warnings.warn(('Invalid uuid: %s. To ensure interoperability, '
2026-04-14 07:07:28.674 9 INFO neutron.wsgi [req-dd40541b-9caf-4cf6-b12b-c35b44778a49 req-3bf08962-2217-4668-96d4-b7c21ee6d354 7071519e53d54dbca5cddcd54c87f29c cbe7e2eda50c40fd93d79d22a50a0674 - - 57dfbdfe5cbc4cfe88327dd0941f775f 57dfbdfe5cbc4cfe88327dd0941f775f] 199.204.45.222 "GET /v2.0/ports?tenant_id=b15e86867ae7461996d838fe6143dbce&device_id=909902f6-136b-44ea-89c2-0c819466756d HTTP/1.1" status: 200 len: 1594 time: 0.0642059
2026-04-14 07:07:28.751 9 INFO neutron.wsgi [req-dd40541b-9caf-4cf6-b12b-c35b44778a49 req-37715b5c-da72-4eb3-8c30-4b173ab2be03 7071519e53d54dbca5cddcd54c87f29c cbe7e2eda50c40fd93d79d22a50a0674 - - 57dfbdfe5cbc4cfe88327dd0941f775f 57dfbdfe5cbc4cfe88327dd0941f775f] 199.204.45.222 "GET /v2.0/networks?id=9bdf85c2-14e3-4c77-b385-abe09fd28f51 HTTP/1.1" status: 200 len: 981 time: 0.0712936
2026-04-14 07:07:28.784 9 INFO neutron.wsgi [req-dd40541b-9caf-4cf6-b12b-c35b44778a49 req-65817214-2a84-462e-84ad-4655518ea8a6 7071519e53d54dbca5cddcd54c87f29c cbe7e2eda50c40fd93d79d22a50a0674 - - 57dfbdfe5cbc4cfe88327dd0941f775f 57dfbdfe5cbc4cfe88327dd0941f775f] 199.204.45.222 "GET /v2.0/floatingips?fixed_ip_address=10.100.0.10&port_id=a494651b-ff87-4b93-9185-d26696a03b71 HTTP/1.1" status: 200 len: 217 time: 0.0262773
