2026-04-14 07:10:14.638 10 INFO neutron.db.ovn_revision_numbers_db [None req-4056a20a-2af7-46a2-9552-cf7814d23e06 - - - - - -] Successfully bumped revision number for resource ec22618a-11d9-4097-983a-70a1ae302eff (type: router_ports) to 4
2026-04-14 07:10:14.676 10 INFO neutron.wsgi [None req-1f8b7e79-71e7-4601-be6b-556487dd1cf9 11f5d21b9cd2470e9928e4a1c43c4274 7361c4f9de644b6d82c5b7b0244d8770 - - default default] 10.0.0.60 "PUT /v2.0/policies/34a6a721-f8db-47ee-b199-84babfd0d8f7/tags/red HTTP/1.1" status: 201 len: 201 time: 0.0383024
2026-04-14 07:10:14.691 9 WARNING neutron.scheduler.dhcp_agent_scheduler [None req-2b760e3c-7211-495f-a536-d4a01b3fc889 22503dce34ae43efb8f7ded71c738250 52dd6869df654c9bb3ab711c4dc5d3cf - - default default] No more DHCP agents
2026-04-14 07:10:14.695 9 WARNING neutron.api.rpc.agentnotifiers.dhcp_rpc_agent_api [None req-2b760e3c-7211-495f-a536-d4a01b3fc889 22503dce34ae43efb8f7ded71c738250 52dd6869df654c9bb3ab711c4dc5d3cf - - default default] Unable to schedule network c90d9da7-06a4-4f75-aa23-4b03e997df29: no agents available; will retry on subsequent port and subnet creation events.
2026-04-14 07:10:14.713 10 WARNING neutron.scheduler.dhcp_agent_scheduler [None req-e2ff923e-4e24-4de0-9f44-17a53ca2e1ac add9338a2b714f62b7234c94dba39f9b 82ded0903dba40858a978235e9bb2eb7 - - default default] No more DHCP agents
2026-04-14 07:10:14.714 10 WARNING neutron.api.rpc.agentnotifiers.dhcp_rpc_agent_api [None req-e2ff923e-4e24-4de0-9f44-17a53ca2e1ac add9338a2b714f62b7234c94dba39f9b 82ded0903dba40858a978235e9bb2eb7 - - default default] Unable to schedule network 72c3737d-e68f-4e62-9000-67fadd360d36: no agents available; will retry on subsequent port and subnet creation events.
2026-04-14 07:10:14.716 9 INFO neutron.wsgi [None req-7c4b7dcd-875d-441c-b186-4e56035255ee 11f5d21b9cd2470e9928e4a1c43c4274 7361c4f9de644b6d82c5b7b0244d8770 - - default default] 10.0.0.60 "GET /v2.0/policies/34a6a721-f8db-47ee-b199-84babfd0d8f7/tags HTTP/1.1" status: 200 len: 227 time: 0.0348582
2026-04-14 07:10:14.768 9 INFO neutron.wsgi [None req-f428cdba-5d1b-4beb-97e0-41c59a5d278d 56d2912fe13c4b50ae56c826916007ff e84b85f12a0f4d9cadad5e482cbf51dd - - default default] 10.0.0.60 "DELETE /v2.0/security-groups/c6417d4f-739c-4933-8b6e-0e28e0ee2d4d HTTP/1.1" status: 204 len: 168 time: 0.1782205
2026-04-14 07:10:14.805 10 INFO neutron.wsgi [None req-a392e2cb-f83d-4114-b30e-e5a83ba1f256 11f5d21b9cd2470e9928e4a1c43c4274 7361c4f9de644b6d82c5b7b0244d8770 - - default default] 10.0.0.60 "PUT /v2.0/policies/34a6a721-f8db-47ee-b199-84babfd0d8f7/tags/black.or.white HTTP/1.1" status: 201 len: 201 time: 0.0820985
2026-04-14 07:10:14.812 9 INFO neutron.db.ovn_revision_numbers_db [None req-2b760e3c-7211-495f-a536-d4a01b3fc889 22503dce34ae43efb8f7ded71c738250 52dd6869df654c9bb3ab711c4dc5d3cf - - default default] Successfully bumped revision number for resource 731a775c-9979-4070-b7c7-725f619fd6d8 (type: ports) to 1
2026-04-14 07:10:14.831 10 INFO neutron.wsgi [None req-f14dbe6a-ac08-4e81-adc6-4a7126aaeb3c 11f5d21b9cd2470e9928e4a1c43c4274 7361c4f9de644b6d82c5b7b0244d8770 - - default default] 10.0.0.60 "GET /v2.0/policies/34a6a721-f8db-47ee-b199-84babfd0d8f7/tags HTTP/1.1" status: 200 len: 245 time: 0.0198390
2026-04-14 07:10:14.837 9 INFO neutron.wsgi [None req-2b760e3c-7211-495f-a536-d4a01b3fc889 22503dce34ae43efb8f7ded71c738250 52dd6869df654c9bb3ab711c4dc5d3cf - - default default] 10.0.0.60 "POST /v2.0/networks HTTP/1.1" status: 201 len: 831 time: 0.6826684
2026-04-14 07:10:14.846 10 WARNING neutron_lib.context [None req-4b08b6d9-4ab3-4e1c-9a27-c4b8d817f343 22503dce34ae43efb8f7ded71c738250 52dd6869df654c9bb3ab711c4dc5d3cf - - default default] Method 'is_advsvc' is deprecated since 2023.2 release (neutron-lib 3.8.0) and will be removed once support for the old RBAC API policies will be removed from Neutron. Please use method 'is_service_role' instead.
2026-04-14 07:10:14.887 9 INFO neutron.wsgi [None req-4f9d6878-62fb-4124-b495-7457b41e258d 56d2912fe13c4b50ae56c826916007ff e84b85f12a0f4d9cadad5e482cbf51dd - - default default] 10.0.0.60 "DELETE /v2.0/security-groups/0f8efdc5-e0df-4d17-8a94-b198b69194c1 HTTP/1.1" status: 204 len: 168 time: 0.1105914
2026-04-14 07:10:14.921 10 INFO neutron.wsgi [None req-9db3162e-378b-4606-bd03-9e1799c8971b 11f5d21b9cd2470e9928e4a1c43c4274 7361c4f9de644b6d82c5b7b0244d8770 - - default default] 10.0.0.60 "PUT /v2.0/policies/34a6a721-f8db-47ee-b199-84babfd0d8f7/tags HTTP/1.1" status: 200 len: 230 time: 0.0850978
2026-04-14 07:10:14.946 9 INFO neutron.wsgi [None req-82deb637-7e9d-4440-bd47-0198045efa40 11f5d21b9cd2470e9928e4a1c43c4274 7361c4f9de644b6d82c5b7b0244d8770 - - default default] 10.0.0.60 "GET /v2.0/policies/34a6a721-f8db-47ee-b199-84babfd0d8f7/tags HTTP/1.1" status: 200 len: 230 time: 0.0197365
2026-04-14 07:10:14.972 9 INFO neutron.wsgi [None req-96d3ca2c-39cf-4974-be02-09815824382f 11f5d21b9cd2470e9928e4a1c43c4274 7361c4f9de644b6d82c5b7b0244d8770 - - default default] 10.0.0.60 "GET /v2.0/policies/34a6a721-f8db-47ee-b199-84babfd0d8f7/tags/red HTTP/1.1" status: 204 len: 168 time: 0.0217588
2026-04-14 07:10:14.999 9 INFO neutron.api.v2.resource [None req-85575b1a-c716-4226-b063-b5b9f24ba8e9 11f5d21b9cd2470e9928e4a1c43c4274 7361c4f9de644b6d82c5b7b0244d8770 - - default default] show failed (client error): The resource could not be found.
2026-04-14 07:10:15.000 9 INFO neutron.wsgi [None req-85575b1a-c716-4226-b063-b5b9f24ba8e9 11f5d21b9cd2470e9928e4a1c43c4274 7361c4f9de644b6d82c5b7b0244d8770 - - default default] 10.0.0.60 "GET /v2.0/policies/34a6a721-f8db-47ee-b199-84babfd0d8f7/tags/green HTTP/1.1" status: 404 len: 299 time: 0.0240066
2026-04-14 07:10:15.013 9 INFO neutron.plugins.ml2.drivers.ovn.mech_driver.mech_driver [None req-ee58eb2f-c570-44b1-8998-618c0370270b - - - - - -] OVN reports status up for port: 37a496b2-0520-4bd9-a944-6dbed9f2ecff
2026-04-14 07:10:15.023 9 INFO neutron.wsgi [None req-7bf2d91b-4c82-474d-9dfd-136a4c9dd977 56d2912fe13c4b50ae56c826916007ff e84b85f12a0f4d9cadad5e482cbf51dd - - default default] 10.0.0.60 "DELETE /v2.0/security-groups/28d06c8e-5e09-48f5-a1f6-50dc2dd5d854 HTTP/1.1" status: 204 len: 168 time: 0.1288691
2026-04-14 07:10:15.024 9 INFO neutron.plugins.ml2.plugin [None req-ee58eb2f-c570-44b1-8998-618c0370270b - - - - - -] Attempt 1 to provision port 37a496b2-0520-4bd9-a944-6dbed9f2ecff
2026-04-14 07:10:15.103 10 INFO neutron.wsgi [None req-5720b13f-3a71-4600-b753-f90d0b079b16 11f5d21b9cd2470e9928e4a1c43c4274 7361c4f9de644b6d82c5b7b0244d8770 - - default default] 10.0.0.60 "DELETE /v2.0/policies/34a6a721-f8db-47ee-b199-84babfd0d8f7/tags/red HTTP/1.1" status: 204 len: 168 time: 0.0966465
2026-04-14 07:10:15.143 9 INFO neutron.wsgi [None req-f2b2f650-e601-4f35-8a38-1250a290c179 11f5d21b9cd2470e9928e4a1c43c4274 7361c4f9de644b6d82c5b7b0244d8770 - - default default] 10.0.0.60 "GET /v2.0/policies/34a6a721-f8db-47ee-b199-84babfd0d8f7/tags HTTP/1.1" status: 200 len: 223 time: 0.0333786 /var/lib/openstack/lib/python3.10/site-packages/pycadf/identifier.py:71: UserWarning: Invalid uuid: neutron. To ensure interoperability, identifiers should be a valid uuid. warnings.warn(('Invalid uuid: %s. To ensure interoperability, '
2026-04-14 07:10:15.194 9 INFO neutron.wsgi [None req-a3bf407f-cb28-4718-b04c-5c662a6eb666 56d2912fe13c4b50ae56c826916007ff e84b85f12a0f4d9cadad5e482cbf51dd - - default default] 10.0.0.60 "DELETE /v2.0/security-groups/aeb1836c-03bf-4c4b-92a5-608f4245b33f HTTP/1.1" status: 204 len: 168 time: 0.1601837
2026-04-14 07:10:15.207 10 WARNING neutron.scheduler.dhcp_agent_scheduler [None req-4b08b6d9-4ab3-4e1c-9a27-c4b8d817f343 22503dce34ae43efb8f7ded71c738250 52dd6869df654c9bb3ab711c4dc5d3cf - - default default] No more DHCP agents
2026-04-14 07:10:15.214 10 INFO neutron.api.v2.resource [None req-baa80cf5-d2b2-4970-ad81-5bcb5652990e 11f5d21b9cd2470e9928e4a1c43c4274 7361c4f9de644b6d82c5b7b0244d8770 - - default default] delete failed (client error): The resource could not be found.
2026-04-14 07:10:15.215 10 INFO neutron.wsgi [None req-baa80cf5-d2b2-4970-ad81-5bcb5652990e 11f5d21b9cd2470e9928e4a1c43c4274 7361c4f9de644b6d82c5b7b0244d8770 - - default default] 10.0.0.60 "DELETE /v2.0/policies/34a6a721-f8db-47ee-b199-84babfd0d8f7/tags/green HTTP/1.1" status: 404 len: 299 time: 0.0665603
2026-04-14 07:10:15.216 10 WARNING neutron.api.rpc.agentnotifiers.dhcp_rpc_agent_api [None req-4b08b6d9-4ab3-4e1c-9a27-c4b8d817f343 22503dce34ae43efb8f7ded71c738250 52dd6869df654c9bb3ab711c4dc5d3cf - - default default] Unable to schedule network c90d9da7-06a4-4f75-aa23-4b03e997df29: no agents available; will retry on subsequent port and subnet creation events.
2026-04-14 07:10:15.286 9 INFO neutron.wsgi [None req-5dac5b74-0ee5-4dfd-969f-7382025d5c36 11f5d21b9cd2470e9928e4a1c43c4274 7361c4f9de644b6d82c5b7b0244d8770 - - default default] 10.0.0.60 "DELETE /v2.0/policies/34a6a721-f8db-47ee-b199-84babfd0d8f7/tags HTTP/1.1" status: 204 len: 168 time: 0.0647206
2026-04-14 07:10:15.302 10 INFO neutron.db.ovn_revision_numbers_db [None req-e2ff923e-4e24-4de0-9f44-17a53ca2e1ac add9338a2b714f62b7234c94dba39f9b 82ded0903dba40858a978235e9bb2eb7 - - default default] Successfully bumped revision number for resource 37a496b2-0520-4bd9-a944-6dbed9f2ecff (type: router_ports) to 1
2026-04-14 07:10:15.304 10 INFO neutron.wsgi [None req-e2ff923e-4e24-4de0-9f44-17a53ca2e1ac add9338a2b714f62b7234c94dba39f9b 82ded0903dba40858a978235e9bb2eb7 - - default default] 10.0.0.60 "PUT /v2.0/routers/cc3b2f33-5a38-4eb8-8a10-396a390ce8b7/add_router_interface HTTP/1.1" status: 200 len: 503 time: 2.8325129
2026-04-14 07:10:15.312 10 INFO neutron.db.ovn_revision_numbers_db [None req-4b08b6d9-4ab3-4e1c-9a27-c4b8d817f343 22503dce34ae43efb8f7ded71c738250 52dd6869df654c9bb3ab711c4dc5d3cf - - default default] Successfully bumped revision number for resource d95f9612-5a74-4afb-9384-f9f0b3655402 (type: ports) to 1
2026-04-14 07:10:15.332 9 INFO neutron.wsgi [None req-07a43fce-93bf-42e0-8631-2495ff1e098a 11f5d21b9cd2470e9928e4a1c43c4274 7361c4f9de644b6d82c5b7b0244d8770 - - default default] 10.0.0.60 "GET /v2.0/policies/34a6a721-f8db-47ee-b199-84babfd0d8f7/tags HTTP/1.1" status: 200 len: 205 time: 0.0368452 /var/lib/openstack/lib/python3.10/site-packages/pycadf/identifier.py:71: UserWarning: Invalid uuid: neutron. To ensure interoperability, identifiers should be a valid uuid. warnings.warn(('Invalid uuid: %s. To ensure interoperability, '
2026-04-14 07:10:15.362 10 INFO neutron.wsgi [None req-4b08b6d9-4ab3-4e1c-9a27-c4b8d817f343 22503dce34ae43efb8f7ded71c738250 52dd6869df654c9bb3ab711c4dc5d3cf - - default default] 10.0.0.60 "POST /v2.0/ports HTTP/1.1" status: 201 len: 942 time: 0.5198104
2026-04-14 07:10:15.373 10 WARNING neutron_lib.context [None req-41664876-761f-4ee7-ac5d-02196f868949 22503dce34ae43efb8f7ded71c738250 52dd6869df654c9bb3ab711c4dc5d3cf - - default default] Method 'is_advsvc' is deprecated since 2023.2 release (neutron-lib 3.8.0) and will be removed once support for the old RBAC API policies will be removed from Neutron. Please use method 'is_service_role' instead.
2026-04-14 07:10:15.391 9 INFO neutron.wsgi [None req-8dff7183-4846-45bf-af93-834c81bb0fb8 56d2912fe13c4b50ae56c826916007ff e84b85f12a0f4d9cadad5e482cbf51dd - - default default] 10.0.0.60 "DELETE /v2.0/security-groups/c3ac396d-e31d-4452-9c18-42bc1030742d HTTP/1.1" status: 204 len: 168 time: 0.1908894
2026-04-14 07:10:15.406 9 INFO neutron.db.ovn_revision_numbers_db [None req-ee58eb2f-c570-44b1-8998-618c0370270b - - - - - -] Successfully bumped revision number for resource 37a496b2-0520-4bd9-a944-6dbed9f2ecff (type: ports) to 2
2026-04-14 07:10:15.421 10 INFO neutron.wsgi [None req-522812fc-fc2e-4e5c-a475-3ecf0be572f6 11f5d21b9cd2470e9928e4a1c43c4274 7361c4f9de644b6d82c5b7b0244d8770 - - default default] 10.0.0.60 "DELETE /v2.0/qos/policies/34a6a721-f8db-47ee-b199-84babfd0d8f7 HTTP/1.1" status: 204 len: 168 time: 0.0808432
2026-04-14 07:10:15.487 9 INFO neutron.db.ovn_revision_numbers_db [None req-ee58eb2f-c570-44b1-8998-618c0370270b - - - - - -] Successfully bumped revision number for resource 37a496b2-0520-4bd9-a944-6dbed9f2ecff (type: router_ports) to 2
2026-04-14 07:10:15.812 10 INFO neutron.wsgi [None req-41664876-761f-4ee7-ac5d-02196f868949 22503dce34ae43efb8f7ded71c738250 52dd6869df654c9bb3ab711c4dc5d3cf - - default default] 10.0.0.60 "POST /v2.0/trunks HTTP/1.1" status: 201 len: 608 time: 0.4428494
2026-04-14 07:10:15.824 10 WARNING neutron_lib.context [None req-8ae6cd73-8606-455f-9fa1-06b41a76ed6c 22503dce34ae43efb8f7ded71c738250 52dd6869df654c9bb3ab711c4dc5d3cf - - default default] Method 'is_advsvc' is deprecated since 2023.2 release (neutron-lib 3.8.0) and will be removed once support for the old RBAC API policies will be removed from Neutron. Please use method 'is_service_role' instead.
2026-04-14 07:10:15.900 10 INFO neutron.db.segments_db [None req-8ae6cd73-8606-455f-9fa1-06b41a76ed6c 22503dce34ae43efb8f7ded71c738250 52dd6869df654c9bb3ab711c4dc5d3cf - - default default] Added segment dc91fcff-27d0-4b06-b211-e0eb84b0ebd7 of type geneve for network cb3d6d2e-4004-4095-9361-ad9fd39374f8
2026-04-14 07:10:16.034 10 INFO neutron.db.ovn_revision_numbers_db [None req-8ae6cd73-8606-455f-9fa1-06b41a76ed6c 22503dce34ae43efb8f7ded71c738250 52dd6869df654c9bb3ab711c4dc5d3cf - - default default] Successfully bumped revision number for resource cb3d6d2e-4004-4095-9361-ad9fd39374f8 (type: networks) to 1
2026-04-14 07:10:16.178 10 WARNING neutron.scheduler.dhcp_agent_scheduler [None req-8ae6cd73-8606-455f-9fa1-06b41a76ed6c 22503dce34ae43efb8f7ded71c738250 52dd6869df654c9bb3ab711c4dc5d3cf - - default default] No more DHCP agents
2026-04-14 07:10:16.180 10 WARNING neutron.api.rpc.agentnotifiers.dhcp_rpc_agent_api [None req-8ae6cd73-8606-455f-9fa1-06b41a76ed6c 22503dce34ae43efb8f7ded71c738250 52dd6869df654c9bb3ab711c4dc5d3cf - - default default] Unable to schedule network cb3d6d2e-4004-4095-9361-ad9fd39374f8: no agents available; will retry on subsequent port and subnet creation events.
2026-04-14 07:10:16.269 10 INFO neutron.db.ovn_revision_numbers_db [None req-8ae6cd73-8606-455f-9fa1-06b41a76ed6c 22503dce34ae43efb8f7ded71c738250 52dd6869df654c9bb3ab711c4dc5d3cf - - default default] Successfully bumped revision number for resource a8f8c138-6ba7-4e73-a05a-ba42c4275843 (type: ports) to 1
2026-04-14 07:10:16.290 10 INFO neutron.wsgi [None req-8ae6cd73-8606-455f-9fa1-06b41a76ed6c 22503dce34ae43efb8f7ded71c738250 52dd6869df654c9bb3ab711c4dc5d3cf - - default default] 10.0.0.60 "POST /v2.0/networks HTTP/1.1" status: 201 len: 830 time: 0.4708719
2026-04-14 07:10:16.300 10 WARNING neutron_lib.context [None req-f3beef72-2143-4be6-b604-4b4d1e991998 22503dce34ae43efb8f7ded71c738250 52dd6869df654c9bb3ab711c4dc5d3cf - - default default] Method 'is_advsvc' is deprecated since 2023.2 release (neutron-lib 3.8.0) and will be removed once support for the old RBAC API policies will be removed from Neutron. Please use method 'is_service_role' instead.
2026-04-14 07:10:16.455 9 INFO neutron.db.ovn_revision_numbers_db [None req-ff5939a5-daca-4140-8e55-49b6ae67350a add9338a2b714f62b7234c94dba39f9b 82ded0903dba40858a978235e9bb2eb7 - - default default] Successfully bumped revision number for resource c2d53615-0aa2-4abb-9381-12d15bcf2e02 (type: security_groups) to 1
2026-04-14 07:10:16.458 9 INFO neutron.db.ovn_revision_numbers_db [None req-9e1e09fd-a304-4eba-90e0-384ef74bea9a add9338a2b714f62b7234c94dba39f9b 82ded0903dba40858a978235e9bb2eb7 - - default default] Successfully bumped revision number for resource 530b3359-1dae-4236-9d0b-24039ab66921 (type: security_groups) to 1
2026-04-14 07:10:16.475 9 INFO neutron.db.ovn_revision_numbers_db [None req-ff5939a5-daca-4140-8e55-49b6ae67350a add9338a2b714f62b7234c94dba39f9b 82ded0903dba40858a978235e9bb2eb7 - - default default] Successfully bumped revision number for resource 342f9340-7bdc-4c09-ae8d-f88d39f716b2 (type: security_group_rules) to 0
2026-04-14 07:10:16.477 9 INFO neutron.db.ovn_revision_numbers_db [None req-9e1e09fd-a304-4eba-90e0-384ef74bea9a add9338a2b714f62b7234c94dba39f9b 82ded0903dba40858a978235e9bb2eb7 - - default default] Successfully bumped revision number for resource 1616e391-9768-419b-94d6-930622c8ce17 (type: security_group_rules) to 0
2026-04-14 07:10:16.492 9 INFO neutron.db.ovn_revision_numbers_db [None req-ff5939a5-daca-4140-8e55-49b6ae67350a add9338a2b714f62b7234c94dba39f9b 82ded0903dba40858a978235e9bb2eb7 - - default default] Successfully bumped revision number for resource 45d15b88-d5de-4767-9873-eecaca102eb0 (type: security_group_rules) to 0
2026-04-14 07:10:16.494 9 INFO neutron.db.ovn_revision_numbers_db [None req-9e1e09fd-a304-4eba-90e0-384ef74bea9a add9338a2b714f62b7234c94dba39f9b 82ded0903dba40858a978235e9bb2eb7 - - default default] Successfully bumped revision number for resource b0ca8ab8-23a9-4c40-bbe1-f2482a130f10 (type: security_group_rules) to 0 /var/lib/openstack/lib/python3.10/site-packages/pycadf/identifier.py:71: UserWarning: Invalid uuid: neutron. To ensure interoperability, identifiers should be a valid uuid. warnings.warn(('Invalid uuid: %s. To ensure interoperability, '
2026-04-14 07:10:16.509 9 INFO neutron.db.ovn_revision_numbers_db [None req-ff5939a5-daca-4140-8e55-49b6ae67350a add9338a2b714f62b7234c94dba39f9b 82ded0903dba40858a978235e9bb2eb7 - - default default] Successfully bumped revision number for resource f69f36ef-4b88-425a-8aa1-ade7fab1758d (type: security_group_rules) to 0
2026-04-14 07:10:16.511 9 INFO neutron.db.ovn_revision_numbers_db [None req-9e1e09fd-a304-4eba-90e0-384ef74bea9a add9338a2b714f62b7234c94dba39f9b 82ded0903dba40858a978235e9bb2eb7 - - default default] Successfully bumped revision number for resource b5ccbf57-e780-4841-9101-7b2595415000 (type: security_group_rules) to 0
2026-04-14 07:10:16.524 9 INFO neutron.db.ovn_revision_numbers_db [None req-ff5939a5-daca-4140-8e55-49b6ae67350a add9338a2b714f62b7234c94dba39f9b 82ded0903dba40858a978235e9bb2eb7 - - default default] Successfully bumped revision number for resource f978e9d4-631c-4b8c-b4c2-b4f01e11681f (type: security_group_rules) to 0
2026-04-14 07:10:16.527 9 INFO neutron.db.ovn_revision_numbers_db [None req-9e1e09fd-a304-4eba-90e0-384ef74bea9a add9338a2b714f62b7234c94dba39f9b 82ded0903dba40858a978235e9bb2eb7 - - default default] Successfully bumped revision number for resource d5767fdb-ed37-40cf-86a2-f5d1667e94bd (type: security_group_rules) to 0
2026-04-14 07:10:16.540 10 WARNING neutron.scheduler.dhcp_agent_scheduler [None req-f3beef72-2143-4be6-b604-4b4d1e991998 22503dce34ae43efb8f7ded71c738250 52dd6869df654c9bb3ab711c4dc5d3cf - - default default] No more DHCP agents
2026-04-14 07:10:16.542 10 WARNING neutron.api.rpc.agentnotifiers.dhcp_rpc_agent_api [None req-f3beef72-2143-4be6-b604-4b4d1e991998 22503dce34ae43efb8f7ded71c738250 52dd6869df654c9bb3ab711c4dc5d3cf - - default default] Unable to schedule network cb3d6d2e-4004-4095-9361-ad9fd39374f8: no agents available; will retry on subsequent port and subnet creation events.
2026-04-14 07:10:16.556 9 INFO neutron.wsgi [None req-ff5939a5-daca-4140-8e55-49b6ae67350a add9338a2b714f62b7234c94dba39f9b 82ded0903dba40858a978235e9bb2eb7 - - default default] 10.0.0.60 "GET /v2.0/security-groups?tenant_id=aba3f6563c9244fbaaf7ce45d48b3d57&name=default HTTP/1.1" status: 200 len: 2996 time: 0.2924366
2026-04-14 07:10:16.558 9 INFO neutron.wsgi [None req-9e1e09fd-a304-4eba-90e0-384ef74bea9a add9338a2b714f62b7234c94dba39f9b 82ded0903dba40858a978235e9bb2eb7 - - default default] 10.0.0.60 "GET /v2.0/security-groups?tenant_id=e40b754d36224b6c8f70d7a5f4ecdc3f&name=default HTTP/1.1" status: 200 len: 2996 time: 0.3781612
2026-04-14 07:10:16.645 10 INFO neutron.db.ovn_revision_numbers_db [None req-f3beef72-2143-4be6-b604-4b4d1e991998 22503dce34ae43efb8f7ded71c738250 52dd6869df654c9bb3ab711c4dc5d3cf - - default default] Successfully bumped revision number for resource 54f022dc-bc3f-4739-a676-4eb207791b75 (type: ports) to 1
2026-04-14 07:10:16.667 10 INFO neutron.wsgi [None req-f3beef72-2143-4be6-b604-4b4d1e991998 22503dce34ae43efb8f7ded71c738250 52dd6869df654c9bb3ab711c4dc5d3cf - - default default] 10.0.0.60 "POST /v2.0/ports HTTP/1.1" status: 201 len: 942 time: 0.3719060 /var/lib/openstack/lib/python3.10/site-packages/pycadf/identifier.py:71: UserWarning: Invalid uuid: neutron. To ensure interoperability, identifiers should be a valid uuid. warnings.warn(('Invalid uuid: %s. To ensure interoperability, '
2026-04-14 07:10:16.678 10 WARNING neutron_lib.context [None req-9efaa4f5-7dbe-4830-a060-7be916a12767 22503dce34ae43efb8f7ded71c738250 52dd6869df654c9bb3ab711c4dc5d3cf - - default default] Method 'is_advsvc' is deprecated since 2023.2 release (neutron-lib 3.8.0) and will be removed once support for the old RBAC API policies will be removed from Neutron. Please use method 'is_service_role' instead.
2026-04-14 07:10:16.703 10 INFO neutron.db.ovn_revision_numbers_db [None req-9b954c81-6632-47fe-94bd-54a0dc7a2b76 add9338a2b714f62b7234c94dba39f9b 82ded0903dba40858a978235e9bb2eb7 - - default default] Successfully bumped revision number for resource c64997b9-3645-4488-9763-bc3aa0064a6c (type: security_groups) to 1
2026-04-14 07:10:16.721 10 INFO neutron.db.ovn_revision_numbers_db [None req-9b954c81-6632-47fe-94bd-54a0dc7a2b76 add9338a2b714f62b7234c94dba39f9b 82ded0903dba40858a978235e9bb2eb7 - - default default] Successfully bumped revision number for resource 44c07444-58b6-4d2f-b8b6-3d3ce4b95a45 (type: security_group_rules) to 0
2026-04-14 07:10:16.742 10 INFO neutron.db.ovn_revision_numbers_db [None req-9b954c81-6632-47fe-94bd-54a0dc7a2b76 add9338a2b714f62b7234c94dba39f9b 82ded0903dba40858a978235e9bb2eb7 - - default default] Successfully bumped revision number for resource 591c0dd3-023f-4c1b-824c-1469c73f74e0 (type: security_group_rules) to 0
2026-04-14 07:10:16.771 10 INFO neutron.db.ovn_revision_numbers_db [None req-9b954c81-6632-47fe-94bd-54a0dc7a2b76 add9338a2b714f62b7234c94dba39f9b 82ded0903dba40858a978235e9bb2eb7 - - default default] Successfully bumped revision number for resource 6683a510-3f02-4571-b7a9-8879b95d1542 (type: security_group_rules) to 0
2026-04-14 07:10:16.800 10 INFO neutron.db.ovn_revision_numbers_db [None req-9b954c81-6632-47fe-94bd-54a0dc7a2b76 add9338a2b714f62b7234c94dba39f9b 82ded0903dba40858a978235e9bb2eb7 - - default default] Successfully bumped revision number for resource ca8a0b47-3d19-48e4-b4e6-aac27b173a38 (type: security_group_rules) to 0
2026-04-14 07:10:16.841 9 INFO neutron.wsgi [None req-b77703cb-3afe-43b5-bb2c-8f56223bf828 add9338a2b714f62b7234c94dba39f9b 82ded0903dba40858a978235e9bb2eb7 - - default default] 10.0.0.60 "DELETE /v2.0/security-groups/c2d53615-0aa2-4abb-9381-12d15bcf2e02 HTTP/1.1" status: 204 len: 168 time: 0.2814841
2026-04-14 07:10:16.861 9 INFO neutron.wsgi [None req-61c00f9e-9e13-4076-b78c-7ec3b82ea6c8 add9338a2b714f62b7234c94dba39f9b 82ded0903dba40858a978235e9bb2eb7 - - default default] 10.0.0.60 "DELETE /v2.0/security-groups/530b3359-1dae-4236-9d0b-24039ab66921 HTTP/1.1" status: 204 len: 168 time: 0.2963250
2026-04-14 07:10:16.861 10 INFO neutron.db.segments_db [None req-9b954c81-6632-47fe-94bd-54a0dc7a2b76 add9338a2b714f62b7234c94dba39f9b 82ded0903dba40858a978235e9bb2eb7 - - default default] Added segment 1eabfe10-4dbe-4eaf-8dc7-4ddc05d23a32 of type geneve for network 4633a715-46d1-4a35-a8d9-3e3ff7d2268e
2026-04-14 07:10:16.938 10 INFO neutron.wsgi [None req-9efaa4f5-7dbe-4830-a060-7be916a12767 22503dce34ae43efb8f7ded71c738250 52dd6869df654c9bb3ab711c4dc5d3cf - - default default] 10.0.0.60 "POST /v2.0/trunks HTTP/1.1" status: 201 len: 608 time: 0.2637720
2026-04-14 07:10:16.953 10 WARNING neutron_lib.context [None req-a61687fa-f752-4b73-8307-e75cf35afecf 22503dce34ae43efb8f7ded71c738250 52dd6869df654c9bb3ab711c4dc5d3cf - - default default] Method 'is_advsvc' is deprecated since 2023.2 release (neutron-lib 3.8.0) and will be removed once support for the old RBAC API policies will be removed from Neutron. Please use method 'is_service_role' instead.
2026-04-14 07:10:17.016 10 INFO neutron.db.ovn_revision_numbers_db [None req-9b954c81-6632-47fe-94bd-54a0dc7a2b76 add9338a2b714f62b7234c94dba39f9b 82ded0903dba40858a978235e9bb2eb7 - - default default] Successfully bumped revision number for resource 4633a715-46d1-4a35-a8d9-3e3ff7d2268e (type: networks) to 1
2026-04-14 07:10:17.063 10 INFO neutron.db.segments_db [None req-a61687fa-f752-4b73-8307-e75cf35afecf 22503dce34ae43efb8f7ded71c738250 52dd6869df654c9bb3ab711c4dc5d3cf - - default default] Added segment 9bd9d256-dff3-44b6-8e2c-2a21dcae8dfd of type geneve for network 164d340a-5293-433d-9479-6ab51dae6974
2026-04-14 07:10:17.096 9 INFO neutron.db.ovn_revision_numbers_db [None req-b6877c9d-0014-4f00-92ee-48980aec0c6d add9338a2b714f62b7234c94dba39f9b 82ded0903dba40858a978235e9bb2eb7 - - default default] Successfully bumped revision number for resource f523f5d5-8ba5-4fe7-9626-7318ff70d934 (type: security_groups) to 1
2026-04-14 07:10:17.111 9 INFO neutron.db.ovn_revision_numbers_db [None req-b6877c9d-0014-4f00-92ee-48980aec0c6d add9338a2b714f62b7234c94dba39f9b 82ded0903dba40858a978235e9bb2eb7 - - default default] Successfully bumped revision number for resource 0461fd7d-cee4-4f9e-a758-0f1501743bb4 (type: security_group_rules) to 0
2026-04-14 07:10:17.124 9 INFO neutron.db.ovn_revision_numbers_db [None req-b6877c9d-0014-4f00-92ee-48980aec0c6d add9338a2b714f62b7234c94dba39f9b 82ded0903dba40858a978235e9bb2eb7 - - default default] Successfully bumped revision number for resource 23cb784c-4421-482d-b261-6318c8047425 (type: security_group_rules) to 0
2026-04-14 07:10:17.139 9 INFO neutron.db.ovn_revision_numbers_db [None req-b6877c9d-0014-4f00-92ee-48980aec0c6d add9338a2b714f62b7234c94dba39f9b 82ded0903dba40858a978235e9bb2eb7 - - default default] Successfully bumped revision number for resource 7d0d2b59-bc5f-4b5d-b24b-253dcc9b96e0 (type: security_group_rules) to 0
2026-04-14 07:10:17.151 9 INFO neutron.db.ovn_revision_numbers_db [None req-b6877c9d-0014-4f00-92ee-48980aec0c6d add9338a2b714f62b7234c94dba39f9b 82ded0903dba40858a978235e9bb2eb7 - - default default] Successfully bumped revision number for resource 950d2ed2-142d-47d5-bfe7-3d2d5e59cc55 (type: security_group_rules) to 0
2026-04-14 07:10:17.173 9 INFO neutron.wsgi [None req-b6877c9d-0014-4f00-92ee-48980aec0c6d add9338a2b714f62b7234c94dba39f9b 82ded0903dba40858a978235e9bb2eb7 - - default default] 10.0.0.60 "GET /v2.0/security-groups?tenant_id=1b4d74edc7ae46c8acde311279bf0a3d&name=default HTTP/1.1" status: 200 len: 2996 time: 0.1824641
2026-04-14 07:10:17.303 10 INFO neutron.db.ovn_revision_numbers_db [None req-47dc9a01-e0f4-46f0-8af0-2ad83277983d add9338a2b714f62b7234c94dba39f9b 82ded0903dba40858a978235e9bb2eb7 - - default default] Successfully bumped revision number for resource 93d38efb-d75d-46b7-aecf-7046158b3eb7 (type: security_groups) to 1
2026-04-14 07:10:17.305 10 WARNING neutron.scheduler.dhcp_agent_scheduler [None req-9b954c81-6632-47fe-94bd-54a0dc7a2b76 add9338a2b714f62b7234c94dba39f9b 82ded0903dba40858a978235e9bb2eb7 - - default default] No more DHCP agents
2026-04-14 07:10:17.311 10 WARNING neutron.api.rpc.agentnotifiers.dhcp_rpc_agent_api [None req-9b954c81-6632-47fe-94bd-54a0dc7a2b76 add9338a2b714f62b7234c94dba39f9b 82ded0903dba40858a978235e9bb2eb7 - - default default] Unable to schedule network 4633a715-46d1-4a35-a8d9-3e3ff7d2268e: no agents available; will retry on subsequent port and subnet creation events.
2026-04-14 07:10:17.326 10 INFO neutron.db.ovn_revision_numbers_db [None req-a61687fa-f752-4b73-8307-e75cf35afecf 22503dce34ae43efb8f7ded71c738250 52dd6869df654c9bb3ab711c4dc5d3cf - - default default] Successfully bumped revision number for resource 164d340a-5293-433d-9479-6ab51dae6974 (type: networks) to 1
2026-04-14 07:10:17.349 10 INFO neutron.db.ovn_revision_numbers_db [None req-47dc9a01-e0f4-46f0-8af0-2ad83277983d add9338a2b714f62b7234c94dba39f9b 82ded0903dba40858a978235e9bb2eb7 - - default default] Successfully bumped revision number for resource 636e9409-d2c8-4124-bb3e-e680b442ae1e (type: security_group_rules) to 0
2026-04-14 07:10:17.363 9 INFO neutron.wsgi [None req-ae30ac8c-23e7-4f62-9332-fed2f3f5b736 add9338a2b714f62b7234c94dba39f9b 82ded0903dba40858a978235e9bb2eb7 - - default default] 10.0.0.60 "DELETE /v2.0/security-groups/f523f5d5-8ba5-4fe7-9626-7318ff70d934 HTTP/1.1" status: 204 len: 168 time: 0.1829398
2026-04-14 07:10:17.382 10 INFO neutron.db.ovn_revision_numbers_db [None req-47dc9a01-e0f4-46f0-8af0-2ad83277983d add9338a2b714f62b7234c94dba39f9b 82ded0903dba40858a978235e9bb2eb7 - - default default] Successfully bumped revision number for resource 7fedb960-ae08-4bb7-b956-cbbd480c12bd (type: security_group_rules) to 0
2026-04-14 07:10:17.414 10 INFO neutron.db.ovn_revision_numbers_db [None req-47dc9a01-e0f4-46f0-8af0-2ad83277983d add9338a2b714f62b7234c94dba39f9b 82ded0903dba40858a978235e9bb2eb7 - - default default] Successfully bumped revision number for resource 81052e1a-576f-42fb-b983-916e08d66c15 (type: security_group_rules) to 0
2026-04-14 07:10:17.448 10 INFO neutron.db.ovn_revision_numbers_db [None req-47dc9a01-e0f4-46f0-8af0-2ad83277983d add9338a2b714f62b7234c94dba39f9b 82ded0903dba40858a978235e9bb2eb7 - - default default] Successfully bumped revision number for resource aeb366a4-59fd-4961-90f3-8be7a5400241 (type: security_group_rules) to 0
2026-04-14 07:10:17.468 10 INFO neutron.db.ovn_revision_numbers_db [None req-9b954c81-6632-47fe-94bd-54a0dc7a2b76 add9338a2b714f62b7234c94dba39f9b 82ded0903dba40858a978235e9bb2eb7 - - default default] Successfully bumped revision number for resource bda930fe-229b-4f93-9780-a00edcbb4ec1 (type: ports) to 1
2026-04-14 07:10:17.497 10 INFO neutron.wsgi [None req-47dc9a01-e0f4-46f0-8af0-2ad83277983d add9338a2b714f62b7234c94dba39f9b 82ded0903dba40858a978235e9bb2eb7 - - default default] 10.0.0.60 "GET /v2.0/security-groups?tenant_id=7361c4f9de644b6d82c5b7b0244d8770&name=default HTTP/1.1" status: 200 len: 2996 time: 0.4682109
2026-04-14 07:10:17.514 10 INFO neutron.wsgi [None req-9b954c81-6632-47fe-94bd-54a0dc7a2b76 add9338a2b714f62b7234c94dba39f9b 82ded0903dba40858a978235e9bb2eb7 - - default default] 10.0.0.60 "POST /v2.0/networks HTTP/1.1" status: 201 len: 942 time: 1.0102077
2026-04-14 07:10:17.575 10 INFO neutron.wsgi [None req-57546408-c1b0-4ce6-8096-b420a2fee11a add9338a2b714f62b7234c94dba39f9b 82ded0903dba40858a978235e9bb2eb7 - - default default] 10.0.0.60 "GET /v2.0/security-groups?tenant_id=e84b85f12a0f4d9cadad5e482cbf51dd&name=default HTTP/1.1" status: 200 len: 2996 time: 0.0456476
2026-04-14 07:10:17.589 10 WARNING neutron.scheduler.dhcp_agent_scheduler [None req-a61687fa-f752-4b73-8307-e75cf35afecf 22503dce34ae43efb8f7ded71c738250 52dd6869df654c9bb3ab711c4dc5d3cf - - default default] No more DHCP agents
2026-04-14 07:10:17.590 10 WARNING neutron.api.rpc.agentnotifiers.dhcp_rpc_agent_api [None req-a61687fa-f752-4b73-8307-e75cf35afecf 22503dce34ae43efb8f7ded71c738250 52dd6869df654c9bb3ab711c4dc5d3cf - - default default] Unable to schedule network 164d340a-5293-433d-9479-6ab51dae6974: no agents available; will retry on subsequent port and subnet creation events.
2026-04-14 07:10:17.689 10 INFO neutron.db.ovn_revision_numbers_db [None req-a61687fa-f752-4b73-8307-e75cf35afecf 22503dce34ae43efb8f7ded71c738250 52dd6869df654c9bb3ab711c4dc5d3cf - - default default] Successfully bumped revision number for resource 94328241-0dcf-48f1-afc2-5e24ad8ea6f3 (type: ports) to 1
2026-04-14 07:10:17.713 10 INFO neutron.wsgi [None req-a61687fa-f752-4b73-8307-e75cf35afecf 22503dce34ae43efb8f7ded71c738250 52dd6869df654c9bb3ab711c4dc5d3cf - - default default] 10.0.0.60 "POST /v2.0/networks HTTP/1.1" status: 201 len: 831 time: 0.7682781
2026-04-14 07:10:17.722 10 WARNING neutron_lib.context [None req-75c688eb-a926-4a41-ab38-166ecfa4f4cb 22503dce34ae43efb8f7ded71c738250 52dd6869df654c9bb3ab711c4dc5d3cf - - default default] Method 'is_advsvc' is deprecated since 2023.2 release (neutron-lib 3.8.0) and will be removed once support for the old RBAC API policies will be removed from Neutron. Please use method 'is_service_role' instead.
2026-04-14 07:10:17.773 9 WARNING neutron.scheduler.dhcp_agent_scheduler [None req-9fc5883e-b44a-4edb-abc4-3e8c802f634c add9338a2b714f62b7234c94dba39f9b 82ded0903dba40858a978235e9bb2eb7 - - default default] No more DHCP agents
2026-04-14 07:10:17.778 9 WARNING neutron.api.rpc.agentnotifiers.dhcp_rpc_agent_api [None req-9fc5883e-b44a-4edb-abc4-3e8c802f634c add9338a2b714f62b7234c94dba39f9b 82ded0903dba40858a978235e9bb2eb7 - - default default] Unable to schedule network 4633a715-46d1-4a35-a8d9-3e3ff7d2268e: no agents available; will retry on subsequent port and subnet creation events.
2026-04-14 07:10:17.863 9 INFO neutron.wsgi [None req-8310bc24-c74b-4515-be34-8785ec7ead55 add9338a2b714f62b7234c94dba39f9b 82ded0903dba40858a978235e9bb2eb7 - - default default] 10.0.0.60 "DELETE /v2.0/security-groups/93d38efb-d75d-46b7-aecf-7046158b3eb7 HTTP/1.1" status: 204 len: 168 time: 0.3603029
2026-04-14 07:10:17.940 9 INFO neutron.wsgi [None req-8668a9ee-15a3-423d-a391-feb12c833c10 add9338a2b714f62b7234c94dba39f9b 82ded0903dba40858a978235e9bb2eb7 - - default default] 10.0.0.60 "DELETE /v2.0/security-groups/cdc369a8-1129-4065-8e49-bacce4bfd942 HTTP/1.1" status: 204 len: 168 time: 0.3564527
2026-04-14 07:10:17.964 10 WARNING neutron.scheduler.dhcp_agent_scheduler [None req-75c688eb-a926-4a41-ab38-166ecfa4f4cb 22503dce34ae43efb8f7ded71c738250 52dd6869df654c9bb3ab711c4dc5d3cf - - default default] No more DHCP agents
2026-04-14 07:10:17.966 10 WARNING neutron.api.rpc.agentnotifiers.dhcp_rpc_agent_api [None req-75c688eb-a926-4a41-ab38-166ecfa4f4cb 22503dce34ae43efb8f7ded71c738250 52dd6869df654c9bb3ab711c4dc5d3cf - - default default] Unable to schedule network 164d340a-5293-433d-9479-6ab51dae6974: no agents available; will retry on subsequent port and subnet creation events.
2026-04-14 07:10:18.052 10 INFO neutron.db.ovn_revision_numbers_db [None req-75c688eb-a926-4a41-ab38-166ecfa4f4cb 22503dce34ae43efb8f7ded71c738250 52dd6869df654c9bb3ab711c4dc5d3cf - - default default] Successfully bumped revision number for resource 4fc30448-f6a4-4de5-9f9c-6127a77e5e4b (type: ports) to 1
2026-04-14 07:10:18.073 10 INFO neutron.wsgi [None req-75c688eb-a926-4a41-ab38-166ecfa4f4cb 22503dce34ae43efb8f7ded71c738250 52dd6869df654c9bb3ab711c4dc5d3cf - - default default] 10.0.0.60 "POST /v2.0/ports HTTP/1.1" status: 201 len: 942 time: 0.3550293 /var/lib/openstack/lib/python3.10/site-packages/pycadf/identifier.py:71: UserWarning: Invalid uuid: neutron. To ensure interoperability, identifiers should be a valid uuid. warnings.warn(('Invalid uuid: %s. To ensure interoperability, '
2026-04-14 07:10:18.083 10 WARNING neutron_lib.context [None req-21612523-5531-44eb-a496-3a94477fd2bd 22503dce34ae43efb8f7ded71c738250 52dd6869df654c9bb3ab711c4dc5d3cf - - default default] Method 'is_advsvc' is deprecated since 2023.2 release (neutron-lib 3.8.0) and will be removed once support for the old RBAC API policies will be removed from Neutron. Please use method 'is_service_role' instead.
2026-04-14 07:10:18.284 10 INFO neutron.wsgi [None req-21612523-5531-44eb-a496-3a94477fd2bd 22503dce34ae43efb8f7ded71c738250 52dd6869df654c9bb3ab711c4dc5d3cf - - default default] 10.0.0.60 "POST /v2.0/trunks HTTP/1.1" status: 201 len: 608 time: 0.2070055
2026-04-14 07:10:18.321 10 INFO neutron.wsgi [None req-0a13433e-0a5e-46d8-962c-d34f6d6a6356 22503dce34ae43efb8f7ded71c738250 52dd6869df654c9bb3ab711c4dc5d3cf - - default default] 10.0.0.60 "PUT /v2.0/trunks/fd95b397-03bd-4a56-a761-551b4752abb9/tags HTTP/1.1" status: 200 len: 210 time: 0.0305641
2026-04-14 07:10:18.356 10 INFO neutron.wsgi [None req-ce5c7383-660e-45c6-b73c-43ab18da4d4e 22503dce34ae43efb8f7ded71c738250 52dd6869df654c9bb3ab711c4dc5d3cf - - default default] 10.0.0.60 "PUT /v2.0/trunks/bed6de5e-f392-4796-adb1-09254b521e78/tags HTTP/1.1" status: 200 len: 218 time: 0.0300708
2026-04-14 07:10:18.388 10 INFO neutron.wsgi [None req-902797a8-504a-40f7-9448-d6ca4238ff73 22503dce34ae43efb8f7ded71c738250 52dd6869df654c9bb3ab711c4dc5d3cf - - default default] 10.0.0.60 "PUT /v2.0/trunks/d5686b82-d706-4c6c-9eaa-1da482ce4082/tags HTTP/1.1" status: 200 len: 227 time: 0.0272369
2026-04-14 07:10:18.416 10 INFO neutron.wsgi [None req-9edfadd2-7231-4176-a95e-9107a579c496 22503dce34ae43efb8f7ded71c738250 52dd6869df654c9bb3ab711c4dc5d3cf - - default default] 10.0.0.60 "PUT /v2.0/trunks/86749c48-76a1-427f-9d3b-04c0583e2b4c/tags HTTP/1.1" status: 200 len: 212 time: 0.0233381
2026-04-14 07:10:18.458 10 INFO neutron.wsgi [None req-c31e2dbe-5d43-46e4-9df7-44a54acd8d6e 22503dce34ae43efb8f7ded71c738250 52dd6869df654c9bb3ab711c4dc5d3cf - - default default] 10.0.0.60 "GET /v2.0/trunks?tags=red HTTP/1.1" status: 200 len: 1447 time: 0.0369709
2026-04-14 07:10:18.484 10 INFO neutron.wsgi [None req-f601c896-89c8-4ad0-bd0a-f79364726b85 22503dce34ae43efb8f7ded71c738250 52dd6869df654c9bb3ab711c4dc5d3cf - - default default] 10.0.0.60 "GET /v2.0/trunks?tags=red%2Cblue HTTP/1.1" status: 200 len: 1041 time: 0.0215151
2026-04-14 07:10:18.506 10 INFO neutron.wsgi [None req-5e652af4-e7bb-4e94-a76d-0316538e91dd 22503dce34ae43efb8f7ded71c738250 52dd6869df654c9bb3ab711c4dc5d3cf - - default default] 10.0.0.60 "GET /v2.0/trunks?tags-any=blue HTTP/1.1" status: 200 len: 1041 time: 0.0188327
2026-04-14 07:10:18.528 10 INFO neutron.wsgi [None req-358344f0-0013-4df8-b0a1-4df45aa663ef 22503dce34ae43efb8f7ded71c738250 52dd6869df654c9bb3ab711c4dc5d3cf - - default default] 10.0.0.60 "GET /v2.0/trunks?tags-any=red%2Cblue HTTP/1.1" status: 200 len: 1447 time: 0.0179534
2026-04-14 07:10:18.530 9 INFO neutron.db.ovn_revision_numbers_db [None req-9fc5883e-b44a-4edb-abc4-3e8c802f634c add9338a2b714f62b7234c94dba39f9b 82ded0903dba40858a978235e9bb2eb7 - - default default] Successfully bumped revision number for resource bda930fe-229b-4f93-9780-a00edcbb4ec1 (type: ports) to 2
2026-04-14 07:10:18.552 10 INFO neutron.wsgi [None req-0afaac80-0e75-43f0-bad1-704066615098 22503dce34ae43efb8f7ded71c738250 52dd6869df654c9bb3ab711c4dc5d3cf - - default default] 10.0.0.60 "GET /v2.0/trunks?not-tags=red HTTP/1.1" status: 200 len: 1013 time: 0.0191588
2026-04-14 07:10:18.578 10 INFO neutron.wsgi [None req-c57fa043-3065-48aa-9fe1-a6b2166d97f9 22503dce34ae43efb8f7ded71c738250 52dd6869df654c9bb3ab711c4dc5d3cf - - default default] 10.0.0.60 "GET /v2.0/trunks?not-tags=red%2Cblue HTTP/1.1" status: 200 len: 1419 time: 0.0211720
2026-04-14 07:10:18.579 9 INFO neutron.db.ovn_revision_numbers_db [None req-9fc5883e-b44a-4edb-abc4-3e8c802f634c add9338a2b714f62b7234c94dba39f9b 82ded0903dba40858a978235e9bb2eb7 - - default default] Successfully bumped revision number for resource 95fc540d-c853-48ef-a1c9-c4042d5129f6 (type: subnets) to 0
2026-04-14 07:10:18.604 9 INFO neutron.wsgi [None req-9fc5883e-b44a-4edb-abc4-3e8c802f634c add9338a2b714f62b7234c94dba39f9b 82ded0903dba40858a978235e9bb2eb7 - - default default] 10.0.0.60 "POST /v2.0/subnets HTTP/1.1" status: 201 len: 863 time: 1.0851469
2026-04-14 07:10:18.610 9 INFO neutron.wsgi [None req-0f6891ec-7ee5-45f7-b556-6fb6507d71ca 22503dce34ae43efb8f7ded71c738250 52dd6869df654c9bb3ab711c4dc5d3cf - - default default] 10.0.0.60 "GET /v2.0/trunks?not-tags-any=blue HTTP/1.1" status: 200 len: 1419 time: 0.0259616
2026-04-14 07:10:18.634 9 INFO neutron.wsgi [None req-95b2b689-9d6c-4d2c-81eb-a2af7e649f4a 22503dce34ae43efb8f7ded71c738250 52dd6869df654c9bb3ab711c4dc5d3cf - - default default] 10.0.0.60 "GET /v2.0/trunks?not-tags-any=red%2Cblue HTTP/1.1" status: 200 len: 1013 time: 0.0192909
2026-04-14 07:10:18.659 9 INFO neutron.wsgi [None req-07eb2520-9a07-4d90-9c49-d42425009d84 22503dce34ae43efb8f7ded71c738250 52dd6869df654c9bb3ab711c4dc5d3cf - - default default] 10.0.0.60 "GET /v2.0/trunks/fd95b397-03bd-4a56-a761-551b4752abb9 HTTP/1.1" status: 200 len: 608 time: 0.0185266
2026-04-14 07:10:18.764 9 INFO neutron.wsgi [None req-d9411c16-e41f-48d1-af1e-b38fc9472ba1 22503dce34ae43efb8f7ded71c738250 52dd6869df654c9bb3ab711c4dc5d3cf - - default default] 10.0.0.60 "GET /v2.0/ports/34c579fc-f89c-45fb-bb94-5e0ecfde5bc8 HTTP/1.1" status: 200 len: 1020 time: 0.1009064
2026-04-14 07:10:18.835 9 INFO neutron.wsgi [None req-1031068c-8d44-4c5b-9361-1dc5a3bce4d4 22503dce34ae43efb8f7ded71c738250 52dd6869df654c9bb3ab711c4dc5d3cf - - default default] 10.0.0.60 "DELETE /v2.0/trunks/fd95b397-03bd-4a56-a761-551b4752abb9 HTTP/1.1" status: 204 len: 168 time: 0.0660639
2026-04-14 07:10:18.854 9 INFO neutron.wsgi [None req-3441ff17-a485-4afe-91fb-1f588c614ca5 22503dce34ae43efb8f7ded71c738250 52dd6869df654c9bb3ab711c4dc5d3cf - - default default] 10.0.0.60 "GET /v2.0/trunks/bed6de5e-f392-4796-adb1-09254b521e78 HTTP/1.1" status: 200 len: 616 time: 0.0149417
2026-04-14 07:10:18.939 9 INFO neutron.wsgi [None req-bf0516b2-0a72-43ee-a657-194dcf2a4b16 22503dce34ae43efb8f7ded71c738250 52dd6869df654c9bb3ab711c4dc5d3cf - - default default] 10.0.0.60 "GET /v2.0/ports/545fc14e-ea4d-4bf6-a0a4-876ac5dc9d9d HTTP/1.1" status: 200 len: 1020 time: 0.0809512
2026-04-14 07:10:19.009 9 INFO neutron.wsgi [None req-bbbe5527-87b1-4f4f-bce8-1a6f67185f8e 22503dce34ae43efb8f7ded71c738250 52dd6869df654c9bb3ab711c4dc5d3cf - - default default] 10.0.0.60 "DELETE /v2.0/trunks/bed6de5e-f392-4796-adb1-09254b521e78 HTTP/1.1" status: 204 len: 168 time: 0.0657711
2026-04-14 07:10:19.029 9 INFO neutron.wsgi [None req-832e5c49-e3bf-4a49-8f32-102a07d4aa6c 22503dce34ae43efb8f7ded71c738250 52dd6869df654c9bb3ab711c4dc5d3cf - - default default] 10.0.0.60 "GET /v2.0/trunks/d5686b82-d706-4c6c-9eaa-1da482ce4082 HTTP/1.1" status: 200 len: 625 time: 0.0157022
2026-04-14 07:10:19.099 10 WARNING neutron.scheduler.dhcp_agent_scheduler [None req-668f2e65-16db-43e0-8099-bc7616e8fe70 add9338a2b714f62b7234c94dba39f9b 82ded0903dba40858a978235e9bb2eb7 - - default default] No more DHCP agents
2026-04-14 07:10:19.102 10 WARNING neutron.api.rpc.agentnotifiers.dhcp_rpc_agent_api [None req-668f2e65-16db-43e0-8099-bc7616e8fe70 add9338a2b714f62b7234c94dba39f9b 82ded0903dba40858a978235e9bb2eb7 - - default default] Unable to schedule network c3f27773-0091-4883-b44e-15bc25a9428c: no agents available; will retry on subsequent port and subnet creation events.
2026-04-14 07:10:19.104 9 INFO neutron.wsgi [None req-a21cf5d6-8dc7-4dd0-a141-20cd28297d71 22503dce34ae43efb8f7ded71c738250 52dd6869df654c9bb3ab711c4dc5d3cf - - default default] 10.0.0.60 "GET /v2.0/ports/d95f9612-5a74-4afb-9384-f9f0b3655402 HTTP/1.1" status: 200 len: 1020 time: 0.0722437
2026-04-14 07:10:19.182 9 INFO neutron.wsgi [None req-9759d701-af46-40e7-8144-6e8671561c29 22503dce34ae43efb8f7ded71c738250 52dd6869df654c9bb3ab711c4dc5d3cf - - default default] 10.0.0.60 "DELETE /v2.0/trunks/d5686b82-d706-4c6c-9eaa-1da482ce4082 HTTP/1.1" status: 204 len: 168 time: 0.0727787
2026-04-14 07:10:19.204 9 INFO neutron.wsgi [None req-51a1d590-e6ea-4d1a-8a40-fd2aacb0cb8b 22503dce34ae43efb8f7ded71c738250 52dd6869df654c9bb3ab711c4dc5d3cf - - default default] 10.0.0.60 "GET /v2.0/trunks/86749c48-76a1-427f-9d3b-04c0583e2b4c HTTP/1.1" status: 200 len: 610 time: 0.0166280
2026-04-14 07:10:19.269 10 INFO neutron.db.ovn_revision_numbers_db [None req-668f2e65-16db-43e0-8099-bc7616e8fe70 add9338a2b714f62b7234c94dba39f9b 82ded0903dba40858a978235e9bb2eb7 - - default default] Successfully bumped revision number for resource 72da2654-4b1e-4c07-ad32-3cc5c00387fc (type: ports) to 1
2026-04-14 07:10:19.301 9 INFO neutron.wsgi [None req-f5791717-7195-4b13-8805-19b5c9a5278a 22503dce34ae43efb8f7ded71c738250 52dd6869df654c9bb3ab711c4dc5d3cf - - default default] 10.0.0.60 "GET /v2.0/ports/54f022dc-bc3f-4739-a676-4eb207791b75 HTTP/1.1" status: 200 len: 1020 time: 0.0919993
2026-04-14 07:10:19.384 9 INFO neutron.wsgi [None req-583924e3-0511-495e-8fa5-bfcca4e3393e 22503dce34ae43efb8f7ded71c738250 52dd6869df654c9bb3ab711c4dc5d3cf - - default default] 10.0.0.60 "DELETE /v2.0/trunks/86749c48-76a1-427f-9d3b-04c0583e2b4c HTTP/1.1" status: 204 len: 168 time: 0.0783706
2026-04-14 07:10:19.423 9 INFO neutron.wsgi [None req-4b7b32f3-a68a-4d4f-9d6a-0b4d9cb88d7c 22503dce34ae43efb8f7ded71c738250 52dd6869df654c9bb3ab711c4dc5d3cf - - default default] 10.0.0.60 "GET /v2.0/trunks/04e05e4e-ba53-47f5-9ad4-5ef293e9d284 HTTP/1.1" status: 200 len: 603 time: 0.0336547
2026-04-14 07:10:19.522 9 INFO neutron.wsgi [None req-4c50492f-1e5f-40dd-b949-05bd0b24fc5f 22503dce34ae43efb8f7ded71c738250 52dd6869df654c9bb3ab711c4dc5d3cf - - default default] 10.0.0.60 "GET /v2.0/ports/4fc30448-f6a4-4de5-9f9c-6127a77e5e4b HTTP/1.1" status: 200 len: 1020 time: 0.0940452
2026-04-14 07:10:19.613 9 INFO neutron.wsgi [None req-7a90dc23-1f6d-41e0-b2a8-21e91855a99b 22503dce34ae43efb8f7ded71c738250 52dd6869df654c9bb3ab711c4dc5d3cf - - default default] 10.0.0.60 "DELETE /v2.0/trunks/04e05e4e-ba53-47f5-9ad4-5ef293e9d284 HTTP/1.1" status: 204 len: 168 time: 0.0743384
2026-04-14 07:10:19.815 10 INFO neutron.plugins.ml2.drivers.ovn.mech_driver.mech_driver [None req-7ccfdceb-07a4-42c5-97a9-55fa53fa2b74 - - - - - -] OVN reports status up for port: 72da2654-4b1e-4c07-ad32-3cc5c00387fc
2026-04-14 07:10:19.837 10 INFO neutron.plugins.ml2.plugin [None req-7ccfdceb-07a4-42c5-97a9-55fa53fa2b74 - - - - - -] Attempt 1 to provision port 72da2654-4b1e-4c07-ad32-3cc5c00387fc
2026-04-14 07:10:19.850 9 INFO neutron.plugins.ml2.drivers.ovn.mech_driver.ovsdb.ovsdb_monitor [None req-3866e266-b513-41db-898a-f1a3024a961b - - - - - -] Router a0b389b3-50e3-43e3-93ad-e34e9b0ea66b is bound to host instance
2026-04-14 07:10:19.869 10 INFO neutron.db.ovn_revision_numbers_db [None req-668f2e65-16db-43e0-8099-bc7616e8fe70 add9338a2b714f62b7234c94dba39f9b 82ded0903dba40858a978235e9bb2eb7 - - default default] Successfully bumped revision number for resource 72da2654-4b1e-4c07-ad32-3cc5c00387fc (type: router_ports) to 1
2026-04-14 07:10:19.930 9 INFO neutron.wsgi [None req-18d20b51-b38d-42df-8fdb-2e6a85a58f27 22503dce34ae43efb8f7ded71c738250 52dd6869df654c9bb3ab711c4dc5d3cf - - default default] 10.0.0.60 "DELETE /v2.0/ports/34c579fc-f89c-45fb-bb94-5e0ecfde5bc8 HTTP/1.1" status: 204 len: 168 time: 0.3126307
2026-04-14 07:10:20.218 10 INFO neutron.db.ovn_revision_numbers_db [None req-668f2e65-16db-43e0-8099-bc7616e8fe70 add9338a2b714f62b7234c94dba39f9b 82ded0903dba40858a978235e9bb2eb7 - - default default] Successfully bumped revision number for resource a0b389b3-50e3-43e3-93ad-e34e9b0ea66b (type: routers) to 2
2026-04-14 07:10:20.233 10 INFO neutron.wsgi [None req-668f2e65-16db-43e0-8099-bc7616e8fe70 add9338a2b714f62b7234c94dba39f9b 82ded0903dba40858a978235e9bb2eb7 - - default default] 10.0.0.60 "POST /v2.0/routers HTTP/1.1" status: 201 len: 874 time: 1.6226492
2026-04-14 07:10:20.379 9 INFO neutron.wsgi [None req-21272ef3-24df-408f-bbed-d923ec13f856 22503dce34ae43efb8f7ded71c738250 52dd6869df654c9bb3ab711c4dc5d3cf - - default default] 10.0.0.60 "DELETE /v2.0/ports/545fc14e-ea4d-4bf6-a0a4-876ac5dc9d9d HTTP/1.1" status: 204 len: 168 time: 0.4409497
2026-04-14 07:10:20.564 9 INFO neutron.db.ovn_revision_numbers_db [None req-3866e266-b513-41db-898a-f1a3024a961b - - - - - -] Successfully bumped revision number for resource 72da2654-4b1e-4c07-ad32-3cc5c00387fc (type: ports) to 1
2026-04-14 07:10:20.626 9 WARNING neutron.plugins.ml2.drivers.ovn.mech_driver.ovsdb.ovn_client [None req-ee58eb2f-c570-44b1-8998-618c0370270b - - - - - -] No hosting information found for port 37a496b2-0520-4bd9-a944-6dbed9f2ecff: RuntimeError: No hosting information found for port 37a496b2-0520-4bd9-a944-6dbed9f2ecff
2026-04-14 07:10:20.688 10 INFO neutron.wsgi [None req-883995a9-afd1-4846-b2c7-ab199a0a6260 22503dce34ae43efb8f7ded71c738250 52dd6869df654c9bb3ab711c4dc5d3cf - - default default] 10.0.0.60 "DELETE /v2.0/ports/d95f9612-5a74-4afb-9384-f9f0b3655402 HTTP/1.1" status: 204 len: 168 time: 0.3037231
2026-04-14 07:10:20.800 10 WARNING neutron.scheduler.dhcp_agent_scheduler [None req-615d7175-e168-4761-9b29-e39570a1a449 add9338a2b714f62b7234c94dba39f9b 82ded0903dba40858a978235e9bb2eb7 - - default default] No more DHCP agents
2026-04-14 07:10:20.803 10 WARNING neutron.api.rpc.agentnotifiers.dhcp_rpc_agent_api [None req-615d7175-e168-4761-9b29-e39570a1a449 add9338a2b714f62b7234c94dba39f9b 82ded0903dba40858a978235e9bb2eb7 - - default default] Unable to schedule network 4633a715-46d1-4a35-a8d9-3e3ff7d2268e: no agents available; will retry on subsequent port and subnet creation events.
2026-04-14 07:10:20.808 9 INFO neutron.db.ovn_revision_numbers_db [None req-3866e266-b513-41db-898a-f1a3024a961b - - - - - -] Successfully bumped revision number for resource 72da2654-4b1e-4c07-ad32-3cc5c00387fc (type: router_ports) to 3
2026-04-14 07:10:21.036 10 INFO neutron.wsgi [None req-7745640f-0107-4182-90e9-3382e774a689 22503dce34ae43efb8f7ded71c738250 52dd6869df654c9bb3ab711c4dc5d3cf - - default default] 10.0.0.60 "DELETE /v2.0/ports/54f022dc-bc3f-4739-a676-4eb207791b75 HTTP/1.1" status: 204 len: 168 time: 0.3434851
2026-04-14 07:10:21.069 10 INFO neutron.db.ovn_revision_numbers_db [None req-615d7175-e168-4761-9b29-e39570a1a449 add9338a2b714f62b7234c94dba39f9b 82ded0903dba40858a978235e9bb2eb7 - - default default] Successfully bumped revision number for resource 1ba09db8-c703-425d-b1cc-35dc403becd5 (type: ports) to 1
2026-04-14 07:10:21.195 9 INFO neutron.db.ovn_revision_numbers_db [None req-3866e266-b513-41db-898a-f1a3024a961b - - - - - -] Successfully bumped revision number for resource 72da2654-4b1e-4c07-ad32-3cc5c00387fc (type: ports) to 2
2026-04-14 07:10:21.273 10 WARNING neutron_lib.context [None req-f61af4ca-7c7a-4ef3-ae44-34bbee4d401f 221754c189cf4546a429ad07d80ea3a6 73535046c9f8491b92d8e6b4a22350db - - default default] Method 'is_advsvc' is deprecated since 2023.2 release (neutron-lib 3.8.0) and will be removed once support for the old RBAC API policies will be removed from Neutron. Please use method 'is_service_role' instead.
