2026-04-14 07:08:08.668 10 INFO neutron.wsgi [req-a5313a4c-10d5-4df9-90ae-1b6ac2b07f29 req-ba9bc513-a2a0-4c13-a03a-1b7a35e409af 7071519e53d54dbca5cddcd54c87f29c cbe7e2eda50c40fd93d79d22a50a0674 - - 57dfbdfe5cbc4cfe88327dd0941f775f 57dfbdfe5cbc4cfe88327dd0941f775f] 199.204.45.222 "GET /v2.0/ports?network_id=8e05b118-b466-44ca-9ec8-c320f2ae299b&device_owner=network%3Adhcp HTTP/1.1" status: 200 len: 210 time: 0.0251245
2026-04-14 07:08:08.740 10 INFO neutron.wsgi [None req-799bc94f-655f-45e7-96b4-5cb10ecacfab add9338a2b714f62b7234c94dba39f9b 82ded0903dba40858a978235e9bb2eb7 - - default default] 10.0.0.60 "DELETE /v2.0/security-groups/0632e949-2918-490e-a452-9a139df73317 HTTP/1.1" status: 204 len: 168 time: 0.3915350
2026-04-14 07:08:08.753 9 INFO neutron.wsgi [req-e717d5f6-c75c-4137-8c82-f6b9bb2c2d7b req-2d729dfc-0c9b-4600-a15e-f59535ee43ed 580e1e56f9cc4b398e2b9bbf2b5333cb 2107a27446e947298937c00ba74a63b1 - - default default] 10.0.0.182 "GET /v2.0/ports?device_id=0515e155-895d-475b-864a-92e0c5c51167 HTTP/1.1" status: 200 len: 1170 time: 0.0419650
2026-04-14 07:08:08.778 10 INFO neutron.wsgi [req-a5313a4c-10d5-4df9-90ae-1b6ac2b07f29 req-de39ff3e-dcc8-4a62-968e-cad8ffab4d69 7071519e53d54dbca5cddcd54c87f29c cbe7e2eda50c40fd93d79d22a50a0674 - - 57dfbdfe5cbc4cfe88327dd0941f775f 57dfbdfe5cbc4cfe88327dd0941f775f] 199.204.45.222 "GET /v2.0/networks/8e05b118-b466-44ca-9ec8-c320f2ae299b?fields=segments HTTP/1.1" status: 200 len: 212 time: 0.1021738
2026-04-14 07:08:08.800 9 INFO neutron.wsgi [req-e717d5f6-c75c-4137-8c82-f6b9bb2c2d7b req-104156e0-5540-4510-b705-b6e86ae396ce 580e1e56f9cc4b398e2b9bbf2b5333cb 2107a27446e947298937c00ba74a63b1 - - default default] 10.0.0.182 "GET /v2.0/security-groups?id=922b17ef-061d-491a-994d-ea5439430759&fields=id&fields=name HTTP/1.1" status: 200 len: 312 time: 0.0436153
2026-04-14 07:08:08.846 10 INFO neutron.wsgi [req-a5313a4c-10d5-4df9-90ae-1b6ac2b07f29 req-e21ad02a-f6a3-49f2-8abf-9ccdc05f3f84 7071519e53d54dbca5cddcd54c87f29c cbe7e2eda50c40fd93d79d22a50a0674 - - 57dfbdfe5cbc4cfe88327dd0941f775f 57dfbdfe5cbc4cfe88327dd0941f775f] 199.204.45.222 "GET /v2.0/networks/8e05b118-b466-44ca-9ec8-c320f2ae299b?fields=provider%3Aphysical_network&fields=provider%3Anetwork_type HTTP/1.1" status: 200 len: 277 time: 0.0628784
2026-04-14 07:08:09.062 10 INFO neutron.db.ovn_revision_numbers_db [None req-9be736f3-454c-4a6b-9b45-575fd49ca3dd add9338a2b714f62b7234c94dba39f9b 82ded0903dba40858a978235e9bb2eb7 - - default default] Successfully bumped revision number for resource 43b4a077-b15f-4356-9af4-a76f93b18ae4 (type: security_groups) to 1
2026-04-14 07:08:09.088 10 INFO neutron.db.ovn_revision_numbers_db [None req-9be736f3-454c-4a6b-9b45-575fd49ca3dd add9338a2b714f62b7234c94dba39f9b 82ded0903dba40858a978235e9bb2eb7 - - default default] Successfully bumped revision number for resource 363cbf52-46f4-4f03-8277-b052100fda78 (type: security_group_rules) to 0
2026-04-14 07:08:09.116 10 INFO neutron.db.ovn_revision_numbers_db [None req-9be736f3-454c-4a6b-9b45-575fd49ca3dd add9338a2b714f62b7234c94dba39f9b 82ded0903dba40858a978235e9bb2eb7 - - default default] Successfully bumped revision number for resource 6c84ffcc-c6f8-40b2-8e97-13d389dcdccb (type: security_group_rules) to 0
2026-04-14 07:08:09.136 10 INFO neutron.wsgi [None req-834bf88e-8ec8-4036-88ee-2d119a194e8b add9338a2b714f62b7234c94dba39f9b 82ded0903dba40858a978235e9bb2eb7 - - default default] 10.0.0.60 "GET /v2.0/security-groups?tenant_id=8914fb7fc76e411b90b14c9273e16237&name=default HTTP/1.1" status: 200 len: 2996 time: 0.1455412
2026-04-14 07:08:09.137 10 INFO neutron.db.ovn_revision_numbers_db [None req-9be736f3-454c-4a6b-9b45-575fd49ca3dd add9338a2b714f62b7234c94dba39f9b 82ded0903dba40858a978235e9bb2eb7 - - default default] Successfully bumped revision number for resource 84a5a494-2995-426a-bd08-bb1d226d9d47 (type: security_group_rules) to 0
2026-04-14 07:08:09.155 10 INFO neutron.db.ovn_revision_numbers_db [None req-9be736f3-454c-4a6b-9b45-575fd49ca3dd add9338a2b714f62b7234c94dba39f9b 82ded0903dba40858a978235e9bb2eb7 - - default default] Successfully bumped revision number for resource b4c62488-891d-4999-8b28-093c0f263268 (type: security_group_rules) to 0
2026-04-14 07:08:09.182 10 INFO neutron.wsgi [None req-9be736f3-454c-4a6b-9b45-575fd49ca3dd add9338a2b714f62b7234c94dba39f9b 82ded0903dba40858a978235e9bb2eb7 - - default default] 10.0.0.60 "GET /v2.0/security-groups?tenant_id=233ac5603e184259b46f0ecb87487f0d&name=default HTTP/1.1" status: 200 len: 2996 time: 0.2541823
2026-04-14 07:08:09.389 9 INFO neutron.wsgi [None req-7c1352a1-81ac-4383-a74d-f5c3df3aecf9 add9338a2b714f62b7234c94dba39f9b 82ded0903dba40858a978235e9bb2eb7 - - default default] 10.0.0.60 "DELETE /v2.0/security-groups/691fd240-28e2-47b0-88d1-ba6b4d6bbf3f HTTP/1.1" status: 204 len: 168 time: 0.2470908
2026-04-14 07:08:09.552 10 INFO neutron.wsgi [None req-23aa3d74-0b18-487f-819f-d0e91f6baa91 add9338a2b714f62b7234c94dba39f9b 82ded0903dba40858a978235e9bb2eb7 - - default default] 10.0.0.60 "DELETE /v2.0/security-groups/43b4a077-b15f-4356-9af4-a76f93b18ae4 HTTP/1.1" status: 204 len: 168 time: 0.3630910
2026-04-14 07:08:10.664 9 INFO neutron.wsgi [-] 10.0.0.187 "GET / HTTP/1.1" status: 200 len: 246 time: 0.0018046
2026-04-14 07:08:10.665 10 INFO neutron.wsgi [-] 10.0.0.187 "GET / HTTP/1.1" status: 200 len: 246 time: 0.0028777
2026-04-14 07:08:12.330 9 WARNING neutron_lib.context [None req-5466247f-0ede-48f2-90c8-d954fe0768db f341914665ad435e802d6176f3c1938d 4a9e6e59bc3a4cffb20fccf6ef63b299 - - default default] Method 'is_advsvc' is deprecated since 2023.2 release (neutron-lib 3.8.0) and will be removed once support for the old RBAC API policies will be removed from Neutron. Please use method 'is_service_role' instead.
2026-04-14 07:08:12.619 9 INFO neutron.db.ovn_revision_numbers_db [None req-5466247f-0ede-48f2-90c8-d954fe0768db f341914665ad435e802d6176f3c1938d 4a9e6e59bc3a4cffb20fccf6ef63b299 - - default default] Successfully bumped revision number for resource 7ff15c18-32ff-4d36-8901-8dbfcb55e73d (type: security_groups) to 1
2026-04-14 07:08:12.674 9 INFO neutron.db.ovn_revision_numbers_db [None req-5466247f-0ede-48f2-90c8-d954fe0768db f341914665ad435e802d6176f3c1938d 4a9e6e59bc3a4cffb20fccf6ef63b299 - - default default] Successfully bumped revision number for resource 4812afbd-4065-46ee-a359-03d4a9a3379d (type: security_group_rules) to 0
2026-04-14 07:08:12.771 9 INFO neutron.db.ovn_revision_numbers_db [None req-5466247f-0ede-48f2-90c8-d954fe0768db f341914665ad435e802d6176f3c1938d 4a9e6e59bc3a4cffb20fccf6ef63b299 - - default default] Successfully bumped revision number for resource 6a0bb9a6-df06-4fc6-828a-b602427aaaec (type: security_group_rules) to 0
2026-04-14 07:08:12.820 9 INFO neutron.db.ovn_revision_numbers_db [None req-5466247f-0ede-48f2-90c8-d954fe0768db f341914665ad435e802d6176f3c1938d 4a9e6e59bc3a4cffb20fccf6ef63b299 - - default default] Successfully bumped revision number for resource dbcace7c-3881-465d-925f-cd9caae8b9cc (type: security_group_rules) to 0
2026-04-14 07:08:12.895 9 INFO neutron.db.ovn_revision_numbers_db [None req-5466247f-0ede-48f2-90c8-d954fe0768db f341914665ad435e802d6176f3c1938d 4a9e6e59bc3a4cffb20fccf6ef63b299 - - default default] Successfully bumped revision number for resource dfe234af-a981-4818-8581-f7eac9178c02 (type: security_group_rules) to 0
2026-04-14 07:08:12.944 9 INFO neutron.db.segments_db [None req-5466247f-0ede-48f2-90c8-d954fe0768db f341914665ad435e802d6176f3c1938d 4a9e6e59bc3a4cffb20fccf6ef63b299 - - default default] Added segment 9d879622-6de3-4d4a-acd6-10ebed3b1ee6 of type geneve for network 2a9dc724-9b9e-42ce-8fd2-3c77e4c94b30
2026-04-14 07:08:13.230 9 INFO neutron.db.ovn_revision_numbers_db [None req-5466247f-0ede-48f2-90c8-d954fe0768db f341914665ad435e802d6176f3c1938d 4a9e6e59bc3a4cffb20fccf6ef63b299 - - default default] Successfully bumped revision number for resource 2a9dc724-9b9e-42ce-8fd2-3c77e4c94b30 (type: networks) to 1
2026-04-14 07:08:13.467 9 WARNING neutron.scheduler.dhcp_agent_scheduler [None req-5466247f-0ede-48f2-90c8-d954fe0768db f341914665ad435e802d6176f3c1938d 4a9e6e59bc3a4cffb20fccf6ef63b299 - - default default] No more DHCP agents
2026-04-14 07:08:13.470 9 WARNING neutron.api.rpc.agentnotifiers.dhcp_rpc_agent_api [None req-5466247f-0ede-48f2-90c8-d954fe0768db f341914665ad435e802d6176f3c1938d 4a9e6e59bc3a4cffb20fccf6ef63b299 - - default default] Unable to schedule network 2a9dc724-9b9e-42ce-8fd2-3c77e4c94b30: no agents available; will retry on subsequent port and subnet creation events.
2026-04-14 07:08:13.580 9 INFO neutron.db.ovn_revision_numbers_db [None req-5466247f-0ede-48f2-90c8-d954fe0768db f341914665ad435e802d6176f3c1938d 4a9e6e59bc3a4cffb20fccf6ef63b299 - - default default] Successfully bumped revision number for resource ad8be23a-ed07-4b80-bb97-bbf187f32b42 (type: ports) to 1
2026-04-14 07:08:13.616 9 INFO neutron.wsgi [None req-5466247f-0ede-48f2-90c8-d954fe0768db f341914665ad435e802d6176f3c1938d 4a9e6e59bc3a4cffb20fccf6ef63b299 - - default default] 10.0.0.60 "POST /v2.0/networks HTTP/1.1" status: 201 len: 848 time: 1.4405849
2026-04-14 07:08:13.642 10 WARNING neutron_lib.context [None req-efa6e6eb-98b6-40e5-a4d7-5cb14993fa02 f341914665ad435e802d6176f3c1938d 4a9e6e59bc3a4cffb20fccf6ef63b299 - - default default] Method 'is_advsvc' is deprecated since 2023.2 release (neutron-lib 3.8.0) and will be removed once support for the old RBAC API policies will be removed from Neutron. Please use method 'is_service_role' instead.
2026-04-14 07:08:13.967 10 WARNING neutron.scheduler.dhcp_agent_scheduler [None req-efa6e6eb-98b6-40e5-a4d7-5cb14993fa02 f341914665ad435e802d6176f3c1938d 4a9e6e59bc3a4cffb20fccf6ef63b299 - - default default] No more DHCP agents
2026-04-14 07:08:13.970 10 WARNING neutron.api.rpc.agentnotifiers.dhcp_rpc_agent_api [None req-efa6e6eb-98b6-40e5-a4d7-5cb14993fa02 f341914665ad435e802d6176f3c1938d 4a9e6e59bc3a4cffb20fccf6ef63b299 - - default default] Unable to schedule network 2a9dc724-9b9e-42ce-8fd2-3c77e4c94b30: no agents available; will retry on subsequent port and subnet creation events.
2026-04-14 07:08:14.071 10 INFO neutron.db.ovn_revision_numbers_db [None req-efa6e6eb-98b6-40e5-a4d7-5cb14993fa02 f341914665ad435e802d6176f3c1938d 4a9e6e59bc3a4cffb20fccf6ef63b299 - - default default] Successfully bumped revision number for resource 7f2b7fc6-a551-45a1-b873-7235d8de8dbe (type: ports) to 1
2026-04-14 07:08:14.174 10 INFO neutron.wsgi [None req-efa6e6eb-98b6-40e5-a4d7-5cb14993fa02 f341914665ad435e802d6176f3c1938d 4a9e6e59bc3a4cffb20fccf6ef63b299 - - default default] 10.0.0.60 "POST /v2.0/ports HTTP/1.1" status: 201 len: 978 time: 0.5431695 /var/lib/openstack/lib/python3.10/site-packages/pycadf/identifier.py:71: UserWarning: Invalid uuid: neutron. To ensure interoperability, identifiers should be a valid uuid. warnings.warn(('Invalid uuid: %s. To ensure interoperability, '
2026-04-14 07:08:14.183 10 WARNING neutron_lib.context [None req-d7dbad93-dc7b-4421-a040-e9c0284c48ee f341914665ad435e802d6176f3c1938d 4a9e6e59bc3a4cffb20fccf6ef63b299 - - default default] Method 'is_advsvc' is deprecated since 2023.2 release (neutron-lib 3.8.0) and will be removed once support for the old RBAC API policies will be removed from Neutron. Please use method 'is_service_role' instead.
2026-04-14 07:08:14.315 10 INFO neutron.db.segments_db [None req-d7dbad93-dc7b-4421-a040-e9c0284c48ee f341914665ad435e802d6176f3c1938d 4a9e6e59bc3a4cffb20fccf6ef63b299 - - default default] Added segment 5dc278d4-12dd-41a1-89f5-eb05c2e78792 of type geneve for network a195bca7-0176-48ab-a2a7-2a2665e02ffa
2026-04-14 07:08:14.474 10 INFO neutron.db.ovn_revision_numbers_db [None req-d7dbad93-dc7b-4421-a040-e9c0284c48ee f341914665ad435e802d6176f3c1938d 4a9e6e59bc3a4cffb20fccf6ef63b299 - - default default] Successfully bumped revision number for resource a195bca7-0176-48ab-a2a7-2a2665e02ffa (type: networks) to 1
2026-04-14 07:08:14.670 10 WARNING neutron.scheduler.dhcp_agent_scheduler [None req-d7dbad93-dc7b-4421-a040-e9c0284c48ee f341914665ad435e802d6176f3c1938d 4a9e6e59bc3a4cffb20fccf6ef63b299 - - default default] No more DHCP agents
2026-04-14 07:08:14.672 10 WARNING neutron.api.rpc.agentnotifiers.dhcp_rpc_agent_api [None req-d7dbad93-dc7b-4421-a040-e9c0284c48ee f341914665ad435e802d6176f3c1938d 4a9e6e59bc3a4cffb20fccf6ef63b299 - - default default] Unable to schedule network a195bca7-0176-48ab-a2a7-2a2665e02ffa: no agents available; will retry on subsequent port and subnet creation events.
2026-04-14 07:08:14.768 10 INFO neutron.db.ovn_revision_numbers_db [None req-d7dbad93-dc7b-4421-a040-e9c0284c48ee f341914665ad435e802d6176f3c1938d 4a9e6e59bc3a4cffb20fccf6ef63b299 - - default default] Successfully bumped revision number for resource 9927dc7e-ee5f-4529-a3c6-b966da47212e (type: ports) to 1
2026-04-14 07:08:14.823 10 INFO neutron.wsgi [None req-d7dbad93-dc7b-4421-a040-e9c0284c48ee f341914665ad435e802d6176f3c1938d 4a9e6e59bc3a4cffb20fccf6ef63b299 - - default default] 10.0.0.60 "POST /v2.0/networks HTTP/1.1" status: 201 len: 834 time: 0.6442518
2026-04-14 07:08:14.836 10 WARNING neutron_lib.context [None req-77626f37-b446-4c88-9cd6-ed6dea3bfae9 f341914665ad435e802d6176f3c1938d 4a9e6e59bc3a4cffb20fccf6ef63b299 - - default default] Method 'is_advsvc' is deprecated since 2023.2 release (neutron-lib 3.8.0) and will be removed once support for the old RBAC API policies will be removed from Neutron. Please use method 'is_service_role' instead.
2026-04-14 07:08:15.221 10 WARNING neutron.scheduler.dhcp_agent_scheduler [None req-77626f37-b446-4c88-9cd6-ed6dea3bfae9 f341914665ad435e802d6176f3c1938d 4a9e6e59bc3a4cffb20fccf6ef63b299 - - default default] No more DHCP agents
2026-04-14 07:08:15.223 10 WARNING neutron.api.rpc.agentnotifiers.dhcp_rpc_agent_api [None req-77626f37-b446-4c88-9cd6-ed6dea3bfae9 f341914665ad435e802d6176f3c1938d 4a9e6e59bc3a4cffb20fccf6ef63b299 - - default default] Unable to schedule network a195bca7-0176-48ab-a2a7-2a2665e02ffa: no agents available; will retry on subsequent port and subnet creation events.
2026-04-14 07:08:15.282 10 INFO neutron.db.ovn_revision_numbers_db [None req-77626f37-b446-4c88-9cd6-ed6dea3bfae9 f341914665ad435e802d6176f3c1938d 4a9e6e59bc3a4cffb20fccf6ef63b299 - - default default] Successfully bumped revision number for resource 90265234-dc4b-4ae9-8b18-eaae305738d9 (type: subnets) to 0
2026-04-14 07:08:15.355 10 INFO neutron.wsgi [None req-77626f37-b446-4c88-9cd6-ed6dea3bfae9 f341914665ad435e802d6176f3c1938d 4a9e6e59bc3a4cffb20fccf6ef63b299 - - default default] 10.0.0.60 "POST /v2.0/subnets HTTP/1.1" status: 201 len: 821 time: 0.5245335
2026-04-14 07:08:15.367 9 WARNING neutron_lib.context [None req-8f6475b9-f4ed-4a1b-a274-6ce620a247aa f341914665ad435e802d6176f3c1938d 4a9e6e59bc3a4cffb20fccf6ef63b299 - - default default] Method 'is_advsvc' is deprecated since 2023.2 release (neutron-lib 3.8.0) and will be removed once support for the old RBAC API policies will be removed from Neutron. Please use method 'is_service_role' instead.
2026-04-14 07:08:15.717 9 WARNING neutron.scheduler.dhcp_agent_scheduler [None req-8f6475b9-f4ed-4a1b-a274-6ce620a247aa f341914665ad435e802d6176f3c1938d 4a9e6e59bc3a4cffb20fccf6ef63b299 - - default default] No more DHCP agents
2026-04-14 07:08:15.719 9 WARNING neutron.api.rpc.agentnotifiers.dhcp_rpc_agent_api [None req-8f6475b9-f4ed-4a1b-a274-6ce620a247aa f341914665ad435e802d6176f3c1938d 4a9e6e59bc3a4cffb20fccf6ef63b299 - - default default] Unable to schedule network a195bca7-0176-48ab-a2a7-2a2665e02ffa: no agents available; will retry on subsequent port and subnet creation events.
2026-04-14 07:08:15.852 9 INFO neutron.db.ovn_revision_numbers_db [None req-8f6475b9-f4ed-4a1b-a274-6ce620a247aa f341914665ad435e802d6176f3c1938d 4a9e6e59bc3a4cffb20fccf6ef63b299 - - default default] Successfully bumped revision number for resource 6d78b7e8-28ab-447f-ae92-8ca32178c374 (type: ports) to 1
2026-04-14 07:08:15.879 9 INFO neutron.wsgi [None req-8f6475b9-f4ed-4a1b-a274-6ce620a247aa f341914665ad435e802d6176f3c1938d 4a9e6e59bc3a4cffb20fccf6ef63b299 - - default default] 10.0.0.60 "POST /v2.0/ports HTTP/1.1" status: 201 len: 1164 time: 0.5166178 /var/lib/openstack/lib/python3.10/site-packages/pycadf/identifier.py:71: UserWarning: Invalid uuid: neutron. To ensure interoperability, identifiers should be a valid uuid. warnings.warn(('Invalid uuid: %s. To ensure interoperability, '
2026-04-14 07:08:16.172 9 INFO neutron.wsgi [None req-2d318337-74b3-4075-bac4-e66855bcd5b7 f341914665ad435e802d6176f3c1938d 4a9e6e59bc3a4cffb20fccf6ef63b299 - - default default] 10.0.0.60 "DELETE /v2.0/ports/6d78b7e8-28ab-447f-ae92-8ca32178c374 HTTP/1.1" status: 204 len: 168 time: 0.2883177
2026-04-14 07:08:16.194 9 INFO neutron.pecan_wsgi.hooks.translation [None req-4b345120-abca-4b9e-98ea-ce620dcdc2d8 f341914665ad435e802d6176f3c1938d 4a9e6e59bc3a4cffb20fccf6ef63b299 - - default default] DELETE failed (client error): The resource could not be found.
2026-04-14 07:08:16.196 9 INFO neutron.wsgi [None req-4b345120-abca-4b9e-98ea-ce620dcdc2d8 f341914665ad435e802d6176f3c1938d 4a9e6e59bc3a4cffb20fccf6ef63b299 - - default default] 10.0.0.60 "DELETE /v2.0/ports/6d78b7e8-28ab-447f-ae92-8ca32178c374 HTTP/1.1" status: 404 len: 333 time: 0.0180330
2026-04-14 07:08:16.227 9 INFO neutron.pecan_wsgi.hooks.translation [None req-65fa0d8b-72c1-4145-b371-3bb5e35d2b42 f341914665ad435e802d6176f3c1938d 4a9e6e59bc3a4cffb20fccf6ef63b299 - - default default] GET failed (client error): The resource could not be found.
2026-04-14 07:08:16.229 9 INFO neutron.wsgi [None req-65fa0d8b-72c1-4145-b371-3bb5e35d2b42 f341914665ad435e802d6176f3c1938d 4a9e6e59bc3a4cffb20fccf6ef63b299 - - default default] 10.0.0.60 "GET /v2.0/ports/6d78b7e8-28ab-447f-ae92-8ca32178c374 HTTP/1.1" status: 404 len: 333 time: 0.0270200
2026-04-14 07:08:16.314 10 INFO neutron.db.ovn_revision_numbers_db [None req-8efe0417-4d63-4901-9c4a-e2a43e7cd030 add9338a2b714f62b7234c94dba39f9b 82ded0903dba40858a978235e9bb2eb7 - - default default] Successfully bumped revision number for resource 6616e058-c142-49e7-9c6c-cd9f809721ad (type: security_groups) to 1
2026-04-14 07:08:16.336 10 INFO neutron.db.ovn_revision_numbers_db [None req-8efe0417-4d63-4901-9c4a-e2a43e7cd030 add9338a2b714f62b7234c94dba39f9b 82ded0903dba40858a978235e9bb2eb7 - - default default] Successfully bumped revision number for resource 0a3eb23d-72c8-4c7f-bd2a-32c03edf5d4a (type: security_group_rules) to 0
2026-04-14 07:08:16.376 10 INFO neutron.db.ovn_revision_numbers_db [None req-8efe0417-4d63-4901-9c4a-e2a43e7cd030 add9338a2b714f62b7234c94dba39f9b 82ded0903dba40858a978235e9bb2eb7 - - default default] Successfully bumped revision number for resource 114013d9-90d9-4a83-b0d6-4107652eb8c9 (type: security_group_rules) to 0
2026-04-14 07:08:16.495 10 INFO neutron.db.ovn_revision_numbers_db [None req-8efe0417-4d63-4901-9c4a-e2a43e7cd030 add9338a2b714f62b7234c94dba39f9b 82ded0903dba40858a978235e9bb2eb7 - - default default] Successfully bumped revision number for resource 3dabfeb6-03df-4552-bb55-3f9f58ff4a6d (type: security_group_rules) to 0
2026-04-14 07:08:16.525 10 INFO neutron.wsgi [None req-84fc4476-8c85-42e4-9fe9-230f01478f9e f341914665ad435e802d6176f3c1938d 4a9e6e59bc3a4cffb20fccf6ef63b299 - - default default] 10.0.0.60 "DELETE /v2.0/subnets/90265234-dc4b-4ae9-8b18-eaae305738d9 HTTP/1.1" status: 204 len: 168 time: 0.2787817
2026-04-14 07:08:16.527 10 INFO neutron.db.ovn_revision_numbers_db [None req-8efe0417-4d63-4901-9c4a-e2a43e7cd030 add9338a2b714f62b7234c94dba39f9b 82ded0903dba40858a978235e9bb2eb7 - - default default] Successfully bumped revision number for resource d06ad92d-3e89-4fa3-8e6c-9458c4917844 (type: security_group_rules) to 0
2026-04-14 07:08:16.548 10 INFO neutron.wsgi [None req-8efe0417-4d63-4901-9c4a-e2a43e7cd030 add9338a2b714f62b7234c94dba39f9b 82ded0903dba40858a978235e9bb2eb7 - - default default] 10.0.0.60 "GET /v2.0/security-groups?tenant_id=e2f27f9439d14adb8a1b79e516a2ffc4&name=default HTTP/1.1" status: 200 len: 2996 time: 0.5642438
2026-04-14 07:08:16.792 10 INFO neutron.wsgi [None req-065fd69d-186c-4ef5-afe9-7551cfde1686 add9338a2b714f62b7234c94dba39f9b 82ded0903dba40858a978235e9bb2eb7 - - default default] 10.0.0.60 "DELETE /v2.0/security-groups/6616e058-c142-49e7-9c6c-cd9f809721ad HTTP/1.1" status: 204 len: 168 time: 0.2384040
2026-04-14 07:08:16.912 9 INFO neutron.services.segments.plugin [-] Segment 5dc278d4-12dd-41a1-89f5-eb05c2e78792 resource provider aggregate not found
2026-04-14 07:08:16.916 9 INFO neutron.services.segments.plugin [-] Segment 5dc278d4-12dd-41a1-89f5-eb05c2e78792 resource provider aggregate not found
2026-04-14 07:08:16.932 9 INFO neutron.services.segments.plugin [-] Segment 5dc278d4-12dd-41a1-89f5-eb05c2e78792 resource provider not found; error: Placement Client Error (4xx): {"errors": [{"status": 404, "title": "Not Found", "detail": "The resource could not be found.\n\n No resource provider with uuid 5dc278d4-12dd-41a1-89f5-eb05c2e78792 found for delete ", "request_id": "req-68d9cf19-d096-4f85-be28-bbecc079f6f2"}]}
2026-04-14 07:08:16.934 9 INFO neutron.services.segments.plugin [-] Segment 5dc278d4-12dd-41a1-89f5-eb05c2e78792 resource provider not found; error: Placement Client Error (4xx): {"errors": [{"status": 404, "title": "Not Found", "detail": "The resource could not be found.\n\n No resource provider with uuid 5dc278d4-12dd-41a1-89f5-eb05c2e78792 found for delete ", "request_id": "req-1453f914-e68a-4956-932f-b94e84ebe46e"}]}
2026-04-14 07:08:16.974 9 INFO neutron.wsgi [None req-f1f49c47-45ea-4dad-88be-883741b26260 f341914665ad435e802d6176f3c1938d 4a9e6e59bc3a4cffb20fccf6ef63b299 - - default default] 10.0.0.60 "DELETE /v2.0/networks/a195bca7-0176-48ab-a2a7-2a2665e02ffa HTTP/1.1" status: 204 len: 168 time: 0.4408059
2026-04-14 07:08:16.988 10 WARNING neutron_lib.context [None req-015227a7-f1d1-45a2-9290-d5f099b7d5f7 f341914665ad435e802d6176f3c1938d 4a9e6e59bc3a4cffb20fccf6ef63b299 - - default default] Method 'is_advsvc' is deprecated since 2023.2 release (neutron-lib 3.8.0) and will be removed once support for the old RBAC API policies will be removed from Neutron. Please use method 'is_service_role' instead.
2026-04-14 07:08:17.070 10 INFO neutron.db.segments_db [None req-015227a7-f1d1-45a2-9290-d5f099b7d5f7 f341914665ad435e802d6176f3c1938d 4a9e6e59bc3a4cffb20fccf6ef63b299 - - default default] Added segment 2c0d1522-325d-4a44-ae96-bdfd8abd7303 of type geneve for network c076d4c4-515c-4e04-af64-b9b6aae8699f
2026-04-14 07:08:17.135 9 INFO neutron.db.ovn_revision_numbers_db [None req-17ec61cd-a81a-424e-9dcc-f137d66115ab add9338a2b714f62b7234c94dba39f9b 82ded0903dba40858a978235e9bb2eb7 - - default default] Successfully bumped revision number for resource 0961b954-842f-4d70-8c13-7acfe7433482 (type: security_groups) to 1
2026-04-14 07:08:17.163 9 INFO neutron.db.ovn_revision_numbers_db [None req-17ec61cd-a81a-424e-9dcc-f137d66115ab add9338a2b714f62b7234c94dba39f9b 82ded0903dba40858a978235e9bb2eb7 - - default default] Successfully bumped revision number for resource 4f167dae-07b9-4155-95b4-01e071e03313 (type: security_group_rules) to 0
2026-04-14 07:08:17.181 9 INFO neutron.db.ovn_revision_numbers_db [None req-17ec61cd-a81a-424e-9dcc-f137d66115ab add9338a2b714f62b7234c94dba39f9b 82ded0903dba40858a978235e9bb2eb7 - - default default] Successfully bumped revision number for resource 6ce08601-d2de-4ae7-a716-1bcc24aca6dc (type: security_group_rules) to 0
2026-04-14 07:08:17.206 9 INFO neutron.db.ovn_revision_numbers_db [None req-17ec61cd-a81a-424e-9dcc-f137d66115ab add9338a2b714f62b7234c94dba39f9b 82ded0903dba40858a978235e9bb2eb7 - - default default] Successfully bumped revision number for resource 7bbca4df-9c8c-4820-ab06-5010902084ab (type: security_group_rules) to 0
2026-04-14 07:08:17.254 9 INFO neutron.db.ovn_revision_numbers_db [None req-17ec61cd-a81a-424e-9dcc-f137d66115ab add9338a2b714f62b7234c94dba39f9b 82ded0903dba40858a978235e9bb2eb7 - - default default] Successfully bumped revision number for resource 8d6529aa-e6f3-491e-9d4a-2ddcdb1d2cd1 (type: security_group_rules) to 0
2026-04-14 07:08:17.283 9 INFO neutron.wsgi [None req-17ec61cd-a81a-424e-9dcc-f137d66115ab add9338a2b714f62b7234c94dba39f9b 82ded0903dba40858a978235e9bb2eb7 - - default default] 10.0.0.60 "GET /v2.0/security-groups?tenant_id=e3022cf9b1684f5ab9c5ded705df2bfb&name=default HTTP/1.1" status: 200 len: 2996 time: 0.3448687
2026-04-14 07:08:17.335 10 INFO neutron.db.ovn_revision_numbers_db [None req-015227a7-f1d1-45a2-9290-d5f099b7d5f7 f341914665ad435e802d6176f3c1938d 4a9e6e59bc3a4cffb20fccf6ef63b299 - - default default] Successfully bumped revision number for resource c076d4c4-515c-4e04-af64-b9b6aae8699f (type: networks) to 1
2026-04-14 07:08:17.528 10 WARNING neutron.scheduler.dhcp_agent_scheduler [None req-015227a7-f1d1-45a2-9290-d5f099b7d5f7 f341914665ad435e802d6176f3c1938d 4a9e6e59bc3a4cffb20fccf6ef63b299 - - default default] No more DHCP agents
2026-04-14 07:08:17.531 10 WARNING neutron.api.rpc.agentnotifiers.dhcp_rpc_agent_api [None req-015227a7-f1d1-45a2-9290-d5f099b7d5f7 f341914665ad435e802d6176f3c1938d 4a9e6e59bc3a4cffb20fccf6ef63b299 - - default default] Unable to schedule network c076d4c4-515c-4e04-af64-b9b6aae8699f: no agents available; will retry on subsequent port and subnet creation events.
2026-04-14 07:08:17.562 9 INFO neutron.wsgi [None req-1895d316-3427-4aa9-b1b6-7750235f780f add9338a2b714f62b7234c94dba39f9b 82ded0903dba40858a978235e9bb2eb7 - - default default] 10.0.0.60 "DELETE /v2.0/security-groups/0961b954-842f-4d70-8c13-7acfe7433482 HTTP/1.1" status: 204 len: 168 time: 0.2734718
2026-04-14 07:08:17.635 10 INFO neutron.db.ovn_revision_numbers_db [None req-015227a7-f1d1-45a2-9290-d5f099b7d5f7 f341914665ad435e802d6176f3c1938d 4a9e6e59bc3a4cffb20fccf6ef63b299 - - default default] Successfully bumped revision number for resource 277a8504-55ce-4343-bf26-99dc098630b2 (type: ports) to 1
2026-04-14 07:08:17.663 10 INFO neutron.wsgi [None req-015227a7-f1d1-45a2-9290-d5f099b7d5f7 f341914665ad435e802d6176f3c1938d 4a9e6e59bc3a4cffb20fccf6ef63b299 - - default default] 10.0.0.60 "POST /v2.0/networks HTTP/1.1" status: 201 len: 835 time: 0.6817846
2026-04-14 07:08:17.672 10 WARNING neutron_lib.context [None req-97011daf-6589-4b78-b41a-f67f3a08de27 f341914665ad435e802d6176f3c1938d 4a9e6e59bc3a4cffb20fccf6ef63b299 - - default default] Method 'is_advsvc' is deprecated since 2023.2 release (neutron-lib 3.8.0) and will be removed once support for the old RBAC API policies will be removed from Neutron. Please use method 'is_service_role' instead.
2026-04-14 07:08:17.933 10 WARNING neutron.scheduler.dhcp_agent_scheduler [None req-97011daf-6589-4b78-b41a-f67f3a08de27 f341914665ad435e802d6176f3c1938d 4a9e6e59bc3a4cffb20fccf6ef63b299 - - default default] No more DHCP agents
2026-04-14 07:08:17.936 10 WARNING neutron.api.rpc.agentnotifiers.dhcp_rpc_agent_api [None req-97011daf-6589-4b78-b41a-f67f3a08de27 f341914665ad435e802d6176f3c1938d 4a9e6e59bc3a4cffb20fccf6ef63b299 - - default default] Unable to schedule network c076d4c4-515c-4e04-af64-b9b6aae8699f: no agents available; will retry on subsequent port and subnet creation events.
2026-04-14 07:08:17.999 10 INFO neutron.db.ovn_revision_numbers_db [None req-97011daf-6589-4b78-b41a-f67f3a08de27 f341914665ad435e802d6176f3c1938d 4a9e6e59bc3a4cffb20fccf6ef63b299 - - default default] Successfully bumped revision number for resource f9d30bd7-cc27-4ad2-b9e8-53cb5b1a910b (type: subnets) to 0
2026-04-14 07:08:18.085 10 INFO neutron.wsgi [None req-97011daf-6589-4b78-b41a-f67f3a08de27 f341914665ad435e802d6176f3c1938d 4a9e6e59bc3a4cffb20fccf6ef63b299 - - default default] 10.0.0.60 "POST /v2.0/subnets HTTP/1.1" status: 201 len: 821 time: 0.4179053
2026-04-14 07:08:18.095 10 WARNING neutron_lib.context [None req-bd2ac0e9-f363-4625-8686-909ccca0416c f341914665ad435e802d6176f3c1938d 4a9e6e59bc3a4cffb20fccf6ef63b299 - - default default] Method 'is_advsvc' is deprecated since 2023.2 release (neutron-lib 3.8.0) and will be removed once support for the old RBAC API policies will be removed from Neutron. Please use method 'is_service_role' instead.
2026-04-14 07:08:18.468 10 INFO neutron.wsgi [req-9999344b-9bf3-4da8-b10a-3655d3209dca req-75976946-7886-4f6f-a56d-5fd22a4f8a8d 7071519e53d54dbca5cddcd54c87f29c cbe7e2eda50c40fd93d79d22a50a0674 - - 57dfbdfe5cbc4cfe88327dd0941f775f 57dfbdfe5cbc4cfe88327dd0941f775f] 10.0.0.155 "GET /v2.0/ports?device_id=ba18123c-81a3-406b-9eab-2bea99c3b72f HTTP/1.1" status: 200 len: 1413 time: 0.0345678
2026-04-14 07:08:18.515 10 INFO neutron.wsgi [req-9999344b-9bf3-4da8-b10a-3655d3209dca req-d0777d61-15c7-46e6-ba39-33f3af921a09 7071519e53d54dbca5cddcd54c87f29c cbe7e2eda50c40fd93d79d22a50a0674 - - 57dfbdfe5cbc4cfe88327dd0941f775f 57dfbdfe5cbc4cfe88327dd0941f775f] 10.0.0.155 "GET /v2.0/security-groups?id=955b8069-cacb-4f51-b9bd-219dea013248&fields=id&fields=name HTTP/1.1" status: 200 len: 312 time: 0.0376096
2026-04-14 07:08:18.816 10 WARNING neutron.scheduler.dhcp_agent_scheduler [None req-bd2ac0e9-f363-4625-8686-909ccca0416c f341914665ad435e802d6176f3c1938d 4a9e6e59bc3a4cffb20fccf6ef63b299 - - default default] No more DHCP agents
2026-04-14 07:08:18.820 10 WARNING neutron.api.rpc.agentnotifiers.dhcp_rpc_agent_api [None req-bd2ac0e9-f363-4625-8686-909ccca0416c f341914665ad435e802d6176f3c1938d 4a9e6e59bc3a4cffb20fccf6ef63b299 - - default default] Unable to schedule network c076d4c4-515c-4e04-af64-b9b6aae8699f: no agents available; will retry on subsequent port and subnet creation events.
2026-04-14 07:08:18.967 10 INFO neutron.db.ovn_revision_numbers_db [None req-bd2ac0e9-f363-4625-8686-909ccca0416c f341914665ad435e802d6176f3c1938d 4a9e6e59bc3a4cffb20fccf6ef63b299 - - default default] Successfully bumped revision number for resource 8141e79a-5a98-4c9e-85f4-091bb324fcd2 (type: ports) to 1
2026-04-14 07:08:19.081 10 INFO neutron.wsgi [None req-bd2ac0e9-f363-4625-8686-909ccca0416c f341914665ad435e802d6176f3c1938d 4a9e6e59bc3a4cffb20fccf6ef63b299 - - default default] 10.0.0.60 "POST /v2.0/ports HTTP/1.1" status: 201 len: 1127 time: 0.9904685
2026-04-14 07:08:19.488 10 INFO neutron.wsgi [None req-3054805c-70f4-4af5-811b-70460f852d39 f341914665ad435e802d6176f3c1938d 4a9e6e59bc3a4cffb20fccf6ef63b299 - - default default] 10.0.0.60 "DELETE /v2.0/ports/8141e79a-5a98-4c9e-85f4-091bb324fcd2 HTTP/1.1" status: 204 len: 168 time: 0.4010882
2026-04-14 07:08:19.520 10 INFO neutron.pecan_wsgi.hooks.translation [None req-805d8da8-0c83-4aa6-87a3-bd20c4fcf058 f341914665ad435e802d6176f3c1938d 4a9e6e59bc3a4cffb20fccf6ef63b299 - - default default] GET failed (client error): The resource could not be found.
2026-04-14 07:08:19.522 10 INFO neutron.wsgi [None req-805d8da8-0c83-4aa6-87a3-bd20c4fcf058 f341914665ad435e802d6176f3c1938d 4a9e6e59bc3a4cffb20fccf6ef63b299 - - default default] 10.0.0.60 "GET /v2.0/ports/8141e79a-5a98-4c9e-85f4-091bb324fcd2 HTTP/1.1" status: 404 len: 333 time: 0.0271602
2026-04-14 07:08:19.731 9 INFO neutron.wsgi [req-f5f55df9-b526-4020-9ac3-5e816833eff8 req-fab1ffd2-3e18-4407-81b3-29de87b1ab6e 7071519e53d54dbca5cddcd54c87f29c cbe7e2eda50c40fd93d79d22a50a0674 - - 57dfbdfe5cbc4cfe88327dd0941f775f 57dfbdfe5cbc4cfe88327dd0941f775f] 10.0.0.155 "GET /v2.0/ports?device_id=0515e155-895d-475b-864a-92e0c5c51167 HTTP/1.1" status: 200 len: 1409 time: 0.2341266
2026-04-14 07:08:19.741 10 INFO neutron.wsgi [None req-99c71763-0ada-4a10-a0a6-a23a801fd56e f341914665ad435e802d6176f3c1938d 4a9e6e59bc3a4cffb20fccf6ef63b299 - - default default] 10.0.0.60 "DELETE /v2.0/subnets/f9d30bd7-cc27-4ad2-b9e8-53cb5b1a910b HTTP/1.1" status: 204 len: 168 time: 0.2130189
2026-04-14 07:08:19.770 9 INFO neutron.wsgi [req-f5f55df9-b526-4020-9ac3-5e816833eff8 req-8adf794f-7c0d-4878-91dc-ae9e90cc2c2f 7071519e53d54dbca5cddcd54c87f29c cbe7e2eda50c40fd93d79d22a50a0674 - - 57dfbdfe5cbc4cfe88327dd0941f775f 57dfbdfe5cbc4cfe88327dd0941f775f] 10.0.0.155 "GET /v2.0/security-groups?id=922b17ef-061d-491a-994d-ea5439430759&fields=id&fields=name HTTP/1.1" status: 200 len: 312 time: 0.0349143
2026-04-14 07:08:20.295 10 INFO neutron.services.segments.plugin [-] Segment 2c0d1522-325d-4a44-ae96-bdfd8abd7303 resource provider aggregate not found
2026-04-14 07:08:20.301 10 INFO neutron.services.segments.plugin [-] Segment 2c0d1522-325d-4a44-ae96-bdfd8abd7303 resource provider aggregate not found
2026-04-14 07:08:20.323 10 INFO neutron.services.segments.plugin [-] Segment 2c0d1522-325d-4a44-ae96-bdfd8abd7303 resource provider not found; error: Placement Client Error (4xx): {"errors": [{"status": 404, "title": "Not Found", "detail": "The resource could not be found.\n\n No resource provider with uuid 2c0d1522-325d-4a44-ae96-bdfd8abd7303 found for delete ", "request_id": "req-7da59f3b-af4d-43bd-8d6d-a58ad806f51b"}]}
2026-04-14 07:08:20.324 10 INFO neutron.services.segments.plugin [-] Segment 2c0d1522-325d-4a44-ae96-bdfd8abd7303 resource provider not found; error: Placement Client Error (4xx): {"errors": [{"status": 404, "title": "Not Found", "detail": "The resource could not be found.\n\n No resource provider with uuid 2c0d1522-325d-4a44-ae96-bdfd8abd7303 found for delete ", "request_id": "req-07e1201c-21b8-476c-be7b-a703125655e4"}]}
2026-04-14 07:08:20.433 10 INFO neutron.wsgi [None req-ef954d31-0a8c-47ae-babc-e35ffe51504c f341914665ad435e802d6176f3c1938d 4a9e6e59bc3a4cffb20fccf6ef63b299 - - default default] 10.0.0.60 "DELETE /v2.0/networks/c076d4c4-515c-4e04-af64-b9b6aae8699f HTTP/1.1" status: 204 len: 168 time: 0.6843820
2026-04-14 07:08:20.446 10 WARNING neutron_lib.context [None req-47986edc-71db-420d-bd18-bc622ab1e2ae f341914665ad435e802d6176f3c1938d 4a9e6e59bc3a4cffb20fccf6ef63b299 - - default default] Method 'is_advsvc' is deprecated since 2023.2 release (neutron-lib 3.8.0) and will be removed once support for the old RBAC API policies will be removed from Neutron. Please use method 'is_service_role' instead.
2026-04-14 07:08:20.825 10 WARNING neutron.scheduler.dhcp_agent_scheduler [None req-47986edc-71db-420d-bd18-bc622ab1e2ae f341914665ad435e802d6176f3c1938d 4a9e6e59bc3a4cffb20fccf6ef63b299 - - default default] No more DHCP agents
2026-04-14 07:08:20.828 10 WARNING neutron.api.rpc.agentnotifiers.dhcp_rpc_agent_api [None req-47986edc-71db-420d-bd18-bc622ab1e2ae f341914665ad435e802d6176f3c1938d 4a9e6e59bc3a4cffb20fccf6ef63b299 - - default default] Unable to schedule network 2a9dc724-9b9e-42ce-8fd2-3c77e4c94b30: no agents available; will retry on subsequent port and subnet creation events.
2026-04-14 07:08:20.988 10 INFO neutron.db.ovn_revision_numbers_db [None req-47986edc-71db-420d-bd18-bc622ab1e2ae f341914665ad435e802d6176f3c1938d 4a9e6e59bc3a4cffb20fccf6ef63b299 - - default default] Successfully bumped revision number for resource c03e3949-9a2e-4e5c-8fde-4811ec42b490 (type: ports) to 1
2026-04-14 07:08:21.028 10 INFO neutron.wsgi [None req-47986edc-71db-420d-bd18-bc622ab1e2ae f341914665ad435e802d6176f3c1938d 4a9e6e59bc3a4cffb20fccf6ef63b299 - - default default] 10.0.0.60 "POST /v2.0/ports HTTP/1.1" status: 201 len: 978 time: 0.5899498 /var/lib/openstack/lib/python3.10/site-packages/pycadf/identifier.py:71: UserWarning: Invalid uuid: neutron. To ensure interoperability, identifiers should be a valid uuid. warnings.warn(('Invalid uuid: %s. To ensure interoperability, '
2026-04-14 07:08:21.305 10 INFO neutron.wsgi [None req-a1f34d14-d90c-4138-8077-eafe0d5a0b5b a5c83e17fd8846fbb007943118bd1709 c3119be65c76401a82434a40f853cb3b - - default default] 10.0.0.60 "GET /v2.0/ports?project_id=571edfe8c9fc4d40b7640fe9885efaa0&network_id=8e05b118-b466-44ca-9ec8-c320f2ae299b HTTP/1.1" status: 200 len: 3514 time: 0.0586390
2026-04-14 07:08:21.309 10 INFO neutron.plugins.ml2.drivers.ovn.mech_driver.mech_driver [None req-7ccfdceb-07a4-42c5-97a9-55fa53fa2b74 - - - - - -] OVN reports status down for port: c03e3949-9a2e-4e5c-8fde-4811ec42b490
2026-04-14 07:08:21.345 9 INFO neutron.db.ovn_revision_numbers_db [None req-88f9f7eb-eef4-4a3e-b8a0-89ebc11c28f4 f341914665ad435e802d6176f3c1938d 4a9e6e59bc3a4cffb20fccf6ef63b299 - - default default] Successfully bumped revision number for resource c03e3949-9a2e-4e5c-8fde-4811ec42b490 (type: ports) to 2
2026-04-14 07:08:21.357 9 INFO neutron.wsgi [None req-88f9f7eb-eef4-4a3e-b8a0-89ebc11c28f4 f341914665ad435e802d6176f3c1938d 4a9e6e59bc3a4cffb20fccf6ef63b299 - - default default] 10.0.0.60 "PUT /v2.0/ports/c03e3949-9a2e-4e5c-8fde-4811ec42b490 HTTP/1.1" status: 200 len: 946 time: 0.3235252 /var/lib/openstack/lib/python3.10/site-packages/pycadf/identifier.py:71: UserWarning: Invalid uuid: neutron. To ensure interoperability, identifiers should be a valid uuid. warnings.warn(('Invalid uuid: %s. To ensure interoperability, '
2026-04-14 07:08:21.810 9 INFO neutron.wsgi [None req-44d76f74-e6c6-47bd-8fdb-3ef60f564cd2 a5c83e17fd8846fbb007943118bd1709 c3119be65c76401a82434a40f853cb3b - - default default] 10.0.0.60 "GET /v2.0/subnets?network_id=c3f27773-0091-4883-b44e-15bc25a9428c HTTP/1.1" status: 200 len: 838 time: 0.2506652
2026-04-14 07:08:21.831 9 INFO neutron.wsgi [None req-7c3e93cd-214c-4f09-9522-890d6241c83e f341914665ad435e802d6176f3c1938d 4a9e6e59bc3a4cffb20fccf6ef63b299 - - default default] 10.0.0.60 "DELETE /v2.0/ports/c03e3949-9a2e-4e5c-8fde-4811ec42b490 HTTP/1.1" status: 204 len: 168 time: 0.4693785
2026-04-14 07:08:21.911 9 INFO neutron.wsgi [None req-71e68f22-4f3f-4037-bd6d-e9f1bcc389cd f341914665ad435e802d6176f3c1938d 4a9e6e59bc3a4cffb20fccf6ef63b299 - - default default] 10.0.0.60 "GET /v2.0/ports HTTP/1.1" status: 200 len: 1733 time: 0.0758560
2026-04-14 07:08:21.932 9 INFO neutron.pecan_wsgi.hooks.translation [None req-cb484e95-8061-4325-9ba6-dd2896fdc4f1 f341914665ad435e802d6176f3c1938d 4a9e6e59bc3a4cffb20fccf6ef63b299 - - default default] GET failed (client error): The resource could not be found.
2026-04-14 07:08:21.934 9 INFO neutron.wsgi [None req-cb484e95-8061-4325-9ba6-dd2896fdc4f1 f341914665ad435e802d6176f3c1938d 4a9e6e59bc3a4cffb20fccf6ef63b299 - - default default] 10.0.0.60 "GET /v2.0/ports/c03e3949-9a2e-4e5c-8fde-4811ec42b490 HTTP/1.1" status: 404 len: 333 time: 0.0175653
2026-04-14 07:08:22.000 9 INFO neutron.wsgi [None req-2a249b2d-e811-4b83-ba11-bae4623167bb f341914665ad435e802d6176f3c1938d 4a9e6e59bc3a4cffb20fccf6ef63b299 - - default default] 10.0.0.60 "GET /v2.0/ports HTTP/1.1" status: 200 len: 1733 time: 0.0404673
2026-04-14 07:08:22.043 9 INFO neutron.wsgi [None req-75be3530-b807-4587-840c-2313081ae46e f341914665ad435e802d6176f3c1938d 4a9e6e59bc3a4cffb20fccf6ef63b299 - - default default] 10.0.0.60 "GET /v2.0/ports/7f2b7fc6-a551-45a1-b873-7235d8de8dbe HTTP/1.1" status: 200 len: 973 time: 0.0362141
2026-04-14 07:08:22.081 9 INFO neutron.pecan_wsgi.hooks.translation [None req-495a0ad4-72e7-443f-bda9-02c27e9081ef f341914665ad435e802d6176f3c1938d 4a9e6e59bc3a4cffb20fccf6ef63b299 - - default default] DELETE failed (client error): The resource could not be found.
2026-04-14 07:08:22.083 9 INFO neutron.wsgi [None req-495a0ad4-72e7-443f-bda9-02c27e9081ef f341914665ad435e802d6176f3c1938d 4a9e6e59bc3a4cffb20fccf6ef63b299 - - default default] 10.0.0.60 "DELETE /v2.0/ports/8141e79a-5a98-4c9e-85f4-091bb324fcd2 HTTP/1.1" status: 404 len: 333 time: 0.0328681
2026-04-14 07:08:22.110 9 INFO neutron.pecan_wsgi.hooks.translation [None req-d4db0fcc-e92e-460c-a448-4133f8b1b9b0 f341914665ad435e802d6176f3c1938d 4a9e6e59bc3a4cffb20fccf6ef63b299 - - default default] DELETE failed (client error): The resource could not be found.
2026-04-14 07:08:22.113 9 INFO neutron.wsgi [None req-d4db0fcc-e92e-460c-a448-4133f8b1b9b0 f341914665ad435e802d6176f3c1938d 4a9e6e59bc3a4cffb20fccf6ef63b299 - - default default] 10.0.0.60 "DELETE /v2.0/subnets/f9d30bd7-cc27-4ad2-b9e8-53cb5b1a910b HTTP/1.1" status: 404 len: 337 time: 0.0247331
2026-04-14 07:08:22.136 9 INFO neutron.pecan_wsgi.hooks.translation [None req-9e6c9314-7aae-4b09-a859-35bc5ee692d8 f341914665ad435e802d6176f3c1938d 4a9e6e59bc3a4cffb20fccf6ef63b299 - - default default] DELETE failed (client error): The resource could not be found.
2026-04-14 07:08:22.138 9 INFO neutron.wsgi [None req-9e6c9314-7aae-4b09-a859-35bc5ee692d8 f341914665ad435e802d6176f3c1938d 4a9e6e59bc3a4cffb20fccf6ef63b299 - - default default] 10.0.0.60 "DELETE /v2.0/subnets/90265234-dc4b-4ae9-8b18-eaae305738d9 HTTP/1.1" status: 404 len: 337 time: 0.0193238
2026-04-14 07:08:22.300 10 INFO neutron.db.l3_db [None req-082436f3-2167-4225-95bb-d044e0e4021e e27b5067055a4ec484a8b06992b6e83c 571edfe8c9fc4d40b7640fe9885efaa0 - - default default] Floating IP 3b95368a-4a64-4279-9cf4-d3ea63adf5b7 disassociated. External IP: 10.96.250.218, port: d642fe7c-5f2c-4648-8bf4-8796843a1f90.
2026-04-14 07:08:22.396 10 INFO neutron.db.ovn_revision_numbers_db [None req-082436f3-2167-4225-95bb-d044e0e4021e e27b5067055a4ec484a8b06992b6e83c 571edfe8c9fc4d40b7640fe9885efaa0 - - default default] Successfully bumped revision number for resource 3b95368a-4a64-4279-9cf4-d3ea63adf5b7 (type: floatingips) to 2
2026-04-14 07:08:22.440 9 INFO neutron.wsgi [None req-15a97906-37f2-419b-a3cc-254521ed2c2b f341914665ad435e802d6176f3c1938d 4a9e6e59bc3a4cffb20fccf6ef63b299 - - default default] 10.0.0.60 "DELETE /v2.0/ports/7f2b7fc6-a551-45a1-b873-7235d8de8dbe HTTP/1.1" status: 204 len: 168 time: 0.2989125
2026-04-14 07:08:22.495 10 INFO neutron.wsgi [None req-082436f3-2167-4225-95bb-d044e0e4021e e27b5067055a4ec484a8b06992b6e83c 571edfe8c9fc4d40b7640fe9885efaa0 - - default default] 10.0.0.60 "PUT /v2.0/floatingips/3b95368a-4a64-4279-9cf4-d3ea63adf5b7 HTTP/1.1" status: 200 len: 748 time: 0.5307527
2026-04-14 07:08:22.538 10 INFO neutron.notifiers.nova [-] Nova event matching ['req-c03c6d12-d199-4c58-8b1a-32bfc4950129'] response: {'name': 'network-changed', 'server_uuid': 'ba18123c-81a3-406b-9eab-2bea99c3b72f', 'tag': 'd642fe7c-5f2c-4648-8bf4-8796843a1f90', 'status': 'completed', 'code': 200}
2026-04-14 07:08:22.545 9 INFO neutron.wsgi [None req-3e951191-375c-49c8-9fa2-98001b80bc2e e27b5067055a4ec484a8b06992b6e83c 571edfe8c9fc4d40b7640fe9885efaa0 - - default default] 10.0.0.60 "GET /v2.0/floatingips/3b95368a-4a64-4279-9cf4-d3ea63adf5b7 HTTP/1.1" status: 200 len: 746 time: 0.0375016 /var/lib/openstack/lib/python3.10/site-packages/pycadf/identifier.py:71: UserWarning: Invalid uuid: neutron. To ensure interoperability, identifiers should be a valid uuid. warnings.warn(('Invalid uuid: %s. To ensure interoperability, '
2026-04-14 07:08:22.618 10 INFO neutron.wsgi [req-966031a6-cfb2-4007-b118-a120b605f39d req-882a3452-5bff-4903-a1d1-0a954ee6b7a9 7071519e53d54dbca5cddcd54c87f29c cbe7e2eda50c40fd93d79d22a50a0674 - - 57dfbdfe5cbc4cfe88327dd0941f775f 57dfbdfe5cbc4cfe88327dd0941f775f] 199.204.45.222 "GET /v2.0/ports?tenant_id=571edfe8c9fc4d40b7640fe9885efaa0&device_id=ba18123c-81a3-406b-9eab-2bea99c3b72f HTTP/1.1" status: 200 len: 1413 time: 0.0613892
2026-04-14 07:08:22.697 10 INFO neutron.wsgi [req-966031a6-cfb2-4007-b118-a120b605f39d req-f715f61d-469b-4e70-a57f-dac5be19ab6f 7071519e53d54dbca5cddcd54c87f29c cbe7e2eda50c40fd93d79d22a50a0674 - - 57dfbdfe5cbc4cfe88327dd0941f775f 57dfbdfe5cbc4cfe88327dd0941f775f] 199.204.45.222 "GET /v2.0/networks?id=8e05b118-b466-44ca-9ec8-c320f2ae299b HTTP/1.1" status: 200 len: 957 time: 0.0743806
2026-04-14 07:08:22.733 10 INFO neutron.wsgi [req-966031a6-cfb2-4007-b118-a120b605f39d req-8909cdf4-3fd2-46cc-9f6c-194f2419fbac 7071519e53d54dbca5cddcd54c87f29c cbe7e2eda50c40fd93d79d22a50a0674 - - 57dfbdfe5cbc4cfe88327dd0941f775f 57dfbdfe5cbc4cfe88327dd0941f775f] 199.204.45.222 "GET /v2.0/floatingips?fixed_ip_address=10.100.0.14&port_id=d642fe7c-5f2c-4648-8bf4-8796843a1f90 HTTP/1.1" status: 200 len: 217 time: 0.0288658
2026-04-14 07:08:22.782 10 INFO neutron.wsgi [req-966031a6-cfb2-4007-b118-a120b605f39d req-20135644-b018-44da-a157-89799614cc0c 7071519e53d54dbca5cddcd54c87f29c cbe7e2eda50c40fd93d79d22a50a0674 - - 57dfbdfe5cbc4cfe88327dd0941f775f 57dfbdfe5cbc4cfe88327dd0941f775f] 199.204.45.222 "GET /v2.0/subnets?id=513652b6-ae0a-44f6-85d5-871e4d619800 HTTP/1.1" status: 200 len: 853 time: 0.0425489
2026-04-14 07:08:22.817 10 INFO neutron.wsgi [req-966031a6-cfb2-4007-b118-a120b605f39d req-8ac2cae3-4eb5-4f97-a34c-0e224b33fd23 7071519e53d54dbca5cddcd54c87f29c cbe7e2eda50c40fd93d79d22a50a0674 - - 57dfbdfe5cbc4cfe88327dd0941f775f 57dfbdfe5cbc4cfe88327dd0941f775f] 199.204.45.222 "GET /v2.0/ports?network_id=8e05b118-b466-44ca-9ec8-c320f2ae299b&device_owner=network%3Adhcp HTTP/1.1" status: 200 len: 210 time: 0.0235767
2026-04-14 07:08:22.875 9 INFO neutron.services.segments.plugin [-] Segment 9d879622-6de3-4d4a-acd6-10ebed3b1ee6 resource provider aggregate not found
2026-04-14 07:08:22.881 9 INFO neutron.services.segments.plugin [-] Segment 9d879622-6de3-4d4a-acd6-10ebed3b1ee6 resource provider aggregate not found
2026-04-14 07:08:22.897 9 INFO neutron.services.segments.plugin [-] Segment 9d879622-6de3-4d4a-acd6-10ebed3b1ee6 resource provider not found; error: Placement Client Error (4xx): {"errors": [{"status": 404, "title": "Not Found", "detail": "The resource could not be found.\n\n No resource provider with uuid 9d879622-6de3-4d4a-acd6-10ebed3b1ee6 found for delete ", "request_id": "req-7cecaa44-2852-4be8-bcbf-a5aa6246a088"}]}
2026-04-14 07:08:22.898 9 INFO neutron.services.segments.plugin [-] Segment 9d879622-6de3-4d4a-acd6-10ebed3b1ee6 resource provider not found; error: Placement Client Error (4xx): {"errors": [{"status": 404, "title": "Not Found", "detail": "The resource could not be found.\n\n No resource provider with uuid 9d879622-6de3-4d4a-acd6-10ebed3b1ee6 found for delete ", "request_id": "req-a12063c5-ce00-4884-b502-8d1275126887"}]}
2026-04-14 07:08:22.899 10 INFO neutron.wsgi [req-966031a6-cfb2-4007-b118-a120b605f39d req-1f9f0f37-7041-4ba0-bd7b-7b64d483c55e 7071519e53d54dbca5cddcd54c87f29c cbe7e2eda50c40fd93d79d22a50a0674 - - 57dfbdfe5cbc4cfe88327dd0941f775f 57dfbdfe5cbc4cfe88327dd0941f775f] 199.204.45.222 "GET /v2.0/networks/8e05b118-b466-44ca-9ec8-c320f2ae299b?fields=segments HTTP/1.1" status: 200 len: 212 time: 0.0740352
2026-04-14 07:08:22.935 9 INFO neutron.wsgi [None req-f478d937-17b9-485b-b802-05af23816009 f341914665ad435e802d6176f3c1938d 4a9e6e59bc3a4cffb20fccf6ef63b299 - - default default] 10.0.0.60 "DELETE /v2.0/networks/2a9dc724-9b9e-42ce-8fd2-3c77e4c94b30 HTTP/1.1" status: 204 len: 168 time: 0.4900427
2026-04-14 07:08:22.973 10 INFO neutron.wsgi [req-966031a6-cfb2-4007-b118-a120b605f39d req-131892fd-df91-4eea-a50d-91a1cc71fddd 7071519e53d54dbca5cddcd54c87f29c cbe7e2eda50c40fd93d79d22a50a0674 - - 57dfbdfe5cbc4cfe88327dd0941f775f 57dfbdfe5cbc4cfe88327dd0941f775f] 199.204.45.222 "GET /v2.0/networks/8e05b118-b466-44ca-9ec8-c320f2ae299b?fields=provider%3Aphysical_network&fields=provider%3Anetwork_type HTTP/1.1" status: 200 len: 277 time: 0.0669730
2026-04-14 07:08:23.620 9 WARNING neutron_lib.context [None req-d9dc46d1-d2b3-4a70-b53b-b9509c82a6d0 e27b5067055a4ec484a8b06992b6e83c 571edfe8c9fc4d40b7640fe9885efaa0 - - default default] Method 'is_advsvc' is deprecated since 2023.2 release (neutron-lib 3.8.0) and will be removed once support for the old RBAC API policies will be removed from Neutron. Please use method 'is_service_role' instead.
2026-04-14 07:08:23.758 10 INFO neutron.wsgi [None req-9696d25e-7697-491d-afc4-7ba10e0ed25f add9338a2b714f62b7234c94dba39f9b 82ded0903dba40858a978235e9bb2eb7 - - default default] 10.0.0.60 "GET /v2.0/security-groups?tenant_id=4a9e6e59bc3a4cffb20fccf6ef63b299&name=default HTTP/1.1" status: 200 len: 2996 time: 0.2350523
2026-04-14 07:08:23.784 9 INFO neutron.db.ovn_revision_numbers_db [None req-d9dc46d1-d2b3-4a70-b53b-b9509c82a6d0 e27b5067055a4ec484a8b06992b6e83c 571edfe8c9fc4d40b7640fe9885efaa0 - - default default] Successfully bumped revision number for resource 4c8ded6c-ee86-41e9-9c08-5acf724724d3 (type: security_groups) to 1
2026-04-14 07:08:23.814 9 INFO neutron.db.ovn_revision_numbers_db [None req-d9dc46d1-d2b3-4a70-b53b-b9509c82a6d0 e27b5067055a4ec484a8b06992b6e83c 571edfe8c9fc4d40b7640fe9885efaa0 - - default default] Successfully bumped revision number for resource 13fecc31-e8fe-40ba-9191-42bb910905c3 (type: security_group_rules) to 0
2026-04-14 07:08:23.843 9 INFO neutron.db.ovn_revision_numbers_db [None req-d9dc46d1-d2b3-4a70-b53b-b9509c82a6d0 e27b5067055a4ec484a8b06992b6e83c 571edfe8c9fc4d40b7640fe9885efaa0 - - default default] Successfully bumped revision number for resource 3b8f0585-4a1b-417a-9ede-e5eb99c6f089 (type: security_group_rules) to 0
2026-04-14 07:08:23.877 9 INFO neutron.wsgi [None req-d9dc46d1-d2b3-4a70-b53b-b9509c82a6d0 e27b5067055a4ec484a8b06992b6e83c 571edfe8c9fc4d40b7640fe9885efaa0 - - default default] 10.0.0.60 "POST /v2.0/security-groups HTTP/1.1" status: 201 len: 1809 time: 0.2655945
2026-04-14 07:08:23.890 9 WARNING neutron_lib.context [None req-36e69584-326c-4265-958b-afd0ff77e40f e27b5067055a4ec484a8b06992b6e83c 571edfe8c9fc4d40b7640fe9885efaa0 - - default default] Method 'is_advsvc' is deprecated since 2023.2 release (neutron-lib 3.8.0) and will be removed once support for the old RBAC API policies will be removed from Neutron. Please use method 'is_service_role' instead.
2026-04-14 07:08:24.308 9 INFO neutron.wsgi [None req-7dbe0315-d85d-44db-a307-575fdc980a06 add9338a2b714f62b7234c94dba39f9b 82ded0903dba40858a978235e9bb2eb7 - - default default] 10.0.0.60 "DELETE /v2.0/security-groups/7ff15c18-32ff-4d36-8901-8dbfcb55e73d HTTP/1.1" status: 204 len: 168 time: 0.5435097
2026-04-14 07:08:24.310 9 INFO neutron.db.ovn_revision_numbers_db [None req-36e69584-326c-4265-958b-afd0ff77e40f e27b5067055a4ec484a8b06992b6e83c 571edfe8c9fc4d40b7640fe9885efaa0 - - default default] Successfully bumped revision number for resource 4942598f-5d97-4657-9b78-f08c5e2ec9e5 (type: security_group_rules) to 0
2026-04-14 07:08:24.574 10 INFO neutron.wsgi [req-32b0dc75-0924-4c75-8cbe-b566d120afda req-d37210d5-feaf-4780-990c-e3679e45e27a 580e1e56f9cc4b398e2b9bbf2b5333cb 2107a27446e947298937c00ba74a63b1 - - default default] 10.0.0.182 "GET /v2.0/ports?device_id=0515e155-895d-475b-864a-92e0c5c51167 HTTP/1.1" status: 200 len: 1170 time: 0.0884519
