2026-04-14 06:47:25.666 9 INFO neutron.wsgi [-] 10.0.0.187 "GET / HTTP/1.1" status: 200 len: 246 time: 0.0034840
2026-04-14 06:47:40.663 9 INFO neutron.wsgi [-] 10.0.0.187 "GET / HTTP/1.1" status: 200 len: 246 time: 0.0016711
2026-04-14 06:47:40.669 10 INFO neutron.wsgi [-] 10.0.0.187 "GET / HTTP/1.1" status: 200 len: 246 time: 0.0055459
2026-04-14 06:47:55.665 9 INFO neutron.wsgi [-] 10.0.0.187 "GET / HTTP/1.1" status: 200 len: 246 time: 0.0026164
2026-04-14 06:47:55.665 10 INFO neutron.wsgi [-] 10.0.0.187 "GET / HTTP/1.1" status: 200 len: 246 time: 0.0026412
2026-04-14 06:48:10.665 9 INFO neutron.wsgi [-] 10.0.0.187 "GET / HTTP/1.1" status: 200 len: 246 time: 0.0020971
2026-04-14 06:48:10.665 10 INFO neutron.wsgi [-] 10.0.0.187 "GET / HTTP/1.1" status: 200 len: 246 time: 0.0025184
2026-04-14 06:48:25.666 10 INFO neutron.wsgi [-] 10.0.0.187 "GET / HTTP/1.1" status: 200 len: 246 time: 0.0031586
2026-04-14 06:48:25.667 9 INFO neutron.wsgi [-] 10.0.0.187 "GET / HTTP/1.1" status: 200 len: 246 time: 0.0038323
2026-04-14 06:48:40.665 10 INFO neutron.wsgi [-] 10.0.0.187 "GET / HTTP/1.1" status: 200 len: 246 time: 0.0031707
2026-04-14 06:48:40.665 9 INFO neutron.wsgi [-] 10.0.0.187 "GET / HTTP/1.1" status: 200 len: 246 time: 0.0030408
2026-04-14 06:48:52.791 9 INFO neutron.api.v2.resource [None req-59bab3b6-566f-4e0d-ba12-cdc694750d14 add9338a2b714f62b7234c94dba39f9b 82ded0903dba40858a978235e9bb2eb7 - - default default] show failed (client error): The resource could not be found.
2026-04-14 06:48:52.793 9 INFO neutron.wsgi [None req-59bab3b6-566f-4e0d-ba12-cdc694750d14 add9338a2b714f62b7234c94dba39f9b 82ded0903dba40858a978235e9bb2eb7 - - default default] 199.204.45.222,10.0.0.187 "GET /v2.0/security-groups/manila-service-security-group?project_id=cbe7e2eda50c40fd93d79d22a50a0674 HTTP/1.1" status: 404 len: 321 time: 0.1381006
2026-04-14 06:48:52.930 9 INFO neutron.db.ovn_revision_numbers_db [None req-1c481f3d-0b4b-48e0-a612-16d69439310e add9338a2b714f62b7234c94dba39f9b 82ded0903dba40858a978235e9bb2eb7 - - default default] Successfully bumped revision number for resource 853fe534-e5b7-466c-b6f7-32acd58c3b00 (type: security_groups) to 1
2026-04-14 06:48:52.945 9 INFO neutron.db.ovn_revision_numbers_db [None req-1c481f3d-0b4b-48e0-a612-16d69439310e add9338a2b714f62b7234c94dba39f9b 82ded0903dba40858a978235e9bb2eb7 - - default default] Successfully bumped revision number for resource 142f6c46-d737-4751-8c31-012ec3790954 (type: security_group_rules) to 0
2026-04-14 06:48:52.961 9 INFO neutron.db.ovn_revision_numbers_db [None req-1c481f3d-0b4b-48e0-a612-16d69439310e add9338a2b714f62b7234c94dba39f9b 82ded0903dba40858a978235e9bb2eb7 - - default default] Successfully bumped revision number for resource 20e32a57-6476-4b0e-bf2e-eadef545761a (type: security_group_rules) to 0
2026-04-14 06:48:52.977 9 INFO neutron.db.ovn_revision_numbers_db [None req-1c481f3d-0b4b-48e0-a612-16d69439310e add9338a2b714f62b7234c94dba39f9b 82ded0903dba40858a978235e9bb2eb7 - - default default] Successfully bumped revision number for resource 5018aaa0-4b78-4787-beff-e681400dd3b5 (type: security_group_rules) to 0
2026-04-14 06:48:52.992 9 INFO neutron.db.ovn_revision_numbers_db [None req-1c481f3d-0b4b-48e0-a612-16d69439310e add9338a2b714f62b7234c94dba39f9b 82ded0903dba40858a978235e9bb2eb7 - - default default] Successfully bumped revision number for resource a2031409-c765-4a8c-91d8-238598cb95c1 (type: security_group_rules) to 0
2026-04-14 06:48:53.004 9 INFO neutron.wsgi [None req-1c481f3d-0b4b-48e0-a612-16d69439310e add9338a2b714f62b7234c94dba39f9b 82ded0903dba40858a978235e9bb2eb7 - - default default] 199.204.45.222,10.0.0.187 "GET /v2.0/security-groups?name=manila-service-security-group&project_id=cbe7e2eda50c40fd93d79d22a50a0674 HTTP/1.1" status: 200 len: 197 time: 0.2069132
2026-04-14 06:48:53.214 9 INFO neutron.db.ovn_revision_numbers_db [None req-81804e72-30ed-4696-95fd-c57042cf3d19 add9338a2b714f62b7234c94dba39f9b 82ded0903dba40858a978235e9bb2eb7 - - default default] Successfully bumped revision number for resource d1f42920-bcba-4e98-a08b-193f6d95b04c (type: security_groups) to 1
2026-04-14 06:48:53.228 9 INFO neutron.db.ovn_revision_numbers_db [None req-81804e72-30ed-4696-95fd-c57042cf3d19 add9338a2b714f62b7234c94dba39f9b 82ded0903dba40858a978235e9bb2eb7 - - default default] Successfully bumped revision number for resource a54b5bc4-c7f4-4528-95d8-b533f5832507 (type: security_group_rules) to 0
2026-04-14 06:48:53.257 9 INFO neutron.db.ovn_revision_numbers_db [None req-81804e72-30ed-4696-95fd-c57042cf3d19 add9338a2b714f62b7234c94dba39f9b 82ded0903dba40858a978235e9bb2eb7 - - default default] Successfully bumped revision number for resource c6f44f53-e8cc-4be9-acda-752ea82914e1 (type: security_group_rules) to 0
2026-04-14 06:48:53.284 9 INFO neutron.wsgi [None req-81804e72-30ed-4696-95fd-c57042cf3d19 add9338a2b714f62b7234c94dba39f9b 82ded0903dba40858a978235e9bb2eb7 - - default default] 199.204.45.222,10.0.0.187 "POST /v2.0/security-groups HTTP/1.1" status: 201 len: 1741 time: 0.1907883
2026-04-14 06:48:54.308 9 INFO neutron.wsgi [None req-fa09512b-341e-4fb3-b3a8-7694a2aa7b75 add9338a2b714f62b7234c94dba39f9b 82ded0903dba40858a978235e9bb2eb7 - - default default] 199.204.45.222,10.0.0.187 "GET /v2.0/security-groups/d1f42920-bcba-4e98-a08b-193f6d95b04c?project_id=cbe7e2eda50c40fd93d79d22a50a0674 HTTP/1.1" status: 200 len: 1736 time: 0.0660787
2026-04-14 06:48:54.344 9 INFO neutron.wsgi [None req-b7f6677d-c714-4d9a-9913-f3402d8d9f6d add9338a2b714f62b7234c94dba39f9b 82ded0903dba40858a978235e9bb2eb7 - - default default] 199.204.45.222,10.0.0.187 "GET /v2.0/security-groups/d1f42920-bcba-4e98-a08b-193f6d95b04c HTTP/1.1" status: 200 len: 1736 time: 0.0306387
2026-04-14 06:48:54.435 9 INFO neutron.wsgi [None req-3b3a3b0f-daf0-45e3-8445-4c72d8d77929 add9338a2b714f62b7234c94dba39f9b 82ded0903dba40858a978235e9bb2eb7 - - default default] 199.204.45.222,10.0.0.187 "GET /v2.0/security-groups/d1f42920-bcba-4e98-a08b-193f6d95b04c?project_id=cbe7e2eda50c40fd93d79d22a50a0674 HTTP/1.1" status: 200 len: 1736 time: 0.0294425
2026-04-14 06:48:54.549 9 INFO neutron.db.ovn_revision_numbers_db [None req-7b4774a7-19ec-489d-b4e7-10a7c974c7fd add9338a2b714f62b7234c94dba39f9b 82ded0903dba40858a978235e9bb2eb7 - - default default] Successfully bumped revision number for resource 9350c604-112b-4062-a588-396e5fecc570 (type: security_group_rules) to 0
2026-04-14 06:48:54.576 9 INFO neutron.wsgi [None req-7b4774a7-19ec-489d-b4e7-10a7c974c7fd add9338a2b714f62b7234c94dba39f9b 82ded0903dba40858a978235e9bb2eb7 - - default default] 199.204.45.222,10.0.0.187 "POST /v2.0/security-group-rules HTTP/1.1" status: 201 len: 745 time: 0.1341510
2026-04-14 06:48:55.579 9 INFO neutron.wsgi [None req-3d1aa503-f2f8-45b6-bade-636616b50ee4 add9338a2b714f62b7234c94dba39f9b 82ded0903dba40858a978235e9bb2eb7 - - default default] 199.204.45.222,10.0.0.187 "GET /v2.0/security-groups/d1f42920-bcba-4e98-a08b-193f6d95b04c?project_id=cbe7e2eda50c40fd93d79d22a50a0674 HTTP/1.1" status: 200 len: 2314 time: 0.0703487
2026-04-14 06:48:55.611 9 INFO neutron.wsgi [None req-f5532ace-0e39-4f57-bc24-7b3050fceccf add9338a2b714f62b7234c94dba39f9b 82ded0903dba40858a978235e9bb2eb7 - - default default] 199.204.45.222,10.0.0.187 "GET /v2.0/security-groups/d1f42920-bcba-4e98-a08b-193f6d95b04c HTTP/1.1" status: 200 len: 2314 time: 0.0268829
2026-04-14 06:48:55.665 9 INFO neutron.wsgi [-] 10.0.0.187 "GET / HTTP/1.1" status: 200 len: 246 time: 0.0031078
2026-04-14 06:48:55.666 10 INFO neutron.wsgi [-] 10.0.0.187 "GET / HTTP/1.1" status: 200 len: 246 time: 0.0039291
2026-04-14 06:48:55.744 9 INFO neutron.wsgi [None req-6021056e-d0d3-4fd7-8e14-2c9a4c1d3bb8 add9338a2b714f62b7234c94dba39f9b 82ded0903dba40858a978235e9bb2eb7 - - default default] 199.204.45.222,10.0.0.187 "GET /v2.0/security-groups/d1f42920-bcba-4e98-a08b-193f6d95b04c?project_id=cbe7e2eda50c40fd93d79d22a50a0674 HTTP/1.1" status: 200 len: 2314 time: 0.0342085
2026-04-14 06:48:55.945 9 INFO neutron.db.ovn_revision_numbers_db [None req-dced9098-3986-4c7c-bc47-9552fa3b159d add9338a2b714f62b7234c94dba39f9b 82ded0903dba40858a978235e9bb2eb7 - - default default] Successfully bumped revision number for resource 35403aea-2e3a-45ab-b6cf-76cfc95ee196 (type: security_group_rules) to 0
2026-04-14 06:48:55.969 9 INFO neutron.wsgi [None req-dced9098-3986-4c7c-bc47-9552fa3b159d add9338a2b714f62b7234c94dba39f9b 82ded0903dba40858a978235e9bb2eb7 - - default default] 199.204.45.222,10.0.0.187 "POST /v2.0/security-group-rules HTTP/1.1" status: 201 len: 747 time: 0.2163923
2026-04-14 06:48:56.942 9 INFO neutron.wsgi [None req-06ec0cc3-9e28-4e5a-8282-718dbcec15db add9338a2b714f62b7234c94dba39f9b 82ded0903dba40858a978235e9bb2eb7 - - default default] 199.204.45.222,10.0.0.187 "GET /v2.0/security-groups/d1f42920-bcba-4e98-a08b-193f6d95b04c?project_id=cbe7e2eda50c40fd93d79d22a50a0674 HTTP/1.1" status: 200 len: 2894 time: 0.0803959
2026-04-14 06:48:56.984 9 INFO neutron.wsgi [None req-daaab191-d271-47b1-8250-ed6ffd824443 add9338a2b714f62b7234c94dba39f9b 82ded0903dba40858a978235e9bb2eb7 - - default default] 199.204.45.222,10.0.0.187 "GET /v2.0/security-groups/d1f42920-bcba-4e98-a08b-193f6d95b04c HTTP/1.1" status: 200 len: 2894 time: 0.0381606
2026-04-14 06:48:57.098 9 INFO neutron.wsgi [None req-f2c20a55-a7f2-49fc-b24f-fff579abe112 add9338a2b714f62b7234c94dba39f9b 82ded0903dba40858a978235e9bb2eb7 - - default default] 199.204.45.222,10.0.0.187 "GET /v2.0/security-groups/d1f42920-bcba-4e98-a08b-193f6d95b04c?project_id=cbe7e2eda50c40fd93d79d22a50a0674 HTTP/1.1" status: 200 len: 2894 time: 0.0320892
2026-04-14 06:48:57.230 9 INFO neutron.db.ovn_revision_numbers_db [None req-f459af39-e273-4537-a582-737a3a4f1032 add9338a2b714f62b7234c94dba39f9b 82ded0903dba40858a978235e9bb2eb7 - - default default] Successfully bumped revision number for resource 7d7462c9-b26f-4991-8c38-a1de5de1c373 (type: security_group_rules) to 0
2026-04-14 06:48:57.253 9 INFO neutron.wsgi [None req-f459af39-e273-4537-a582-737a3a4f1032 add9338a2b714f62b7234c94dba39f9b 82ded0903dba40858a978235e9bb2eb7 - - default default] 199.204.45.222,10.0.0.187 "POST /v2.0/security-group-rules HTTP/1.1" status: 201 len: 749 time: 0.1473510
2026-04-14 06:48:58.375 9 INFO neutron.wsgi [None req-aa6b1a58-1eb9-428f-947c-cfa4c5321344 add9338a2b714f62b7234c94dba39f9b 82ded0903dba40858a978235e9bb2eb7 - - default default] 199.204.45.222,10.0.0.187 "GET /v2.0/security-groups/d1f42920-bcba-4e98-a08b-193f6d95b04c?project_id=cbe7e2eda50c40fd93d79d22a50a0674 HTTP/1.1" status: 200 len: 3476 time: 0.0665021
2026-04-14 06:48:58.412 9 INFO neutron.wsgi [None req-b44ea4ad-b9ea-41c7-9ff0-a2b62e7cab1f add9338a2b714f62b7234c94dba39f9b 82ded0903dba40858a978235e9bb2eb7 - - default default] 199.204.45.222,10.0.0.187 "GET /v2.0/security-groups/d1f42920-bcba-4e98-a08b-193f6d95b04c HTTP/1.1" status: 200 len: 3476 time: 0.0309522
2026-04-14 06:48:58.523 9 INFO neutron.wsgi [None req-1572e357-4181-4406-b642-f193ebb2bf79 add9338a2b714f62b7234c94dba39f9b 82ded0903dba40858a978235e9bb2eb7 - - default default] 199.204.45.222,10.0.0.187 "GET /v2.0/security-groups/d1f42920-bcba-4e98-a08b-193f6d95b04c?project_id=cbe7e2eda50c40fd93d79d22a50a0674 HTTP/1.1" status: 200 len: 3476 time: 0.0333893
2026-04-14 06:48:58.640 9 INFO neutron.db.ovn_revision_numbers_db [None req-3f25e4c7-b3d8-4d1e-b5f3-dcda267022b6 add9338a2b714f62b7234c94dba39f9b 82ded0903dba40858a978235e9bb2eb7 - - default default] Successfully bumped revision number for resource 52c7043d-d643-4ecc-aff0-49bd67541dce (type: security_group_rules) to 0
2026-04-14 06:48:58.662 9 INFO neutron.wsgi [None req-3f25e4c7-b3d8-4d1e-b5f3-dcda267022b6 add9338a2b714f62b7234c94dba39f9b 82ded0903dba40858a978235e9bb2eb7 - - default default] 199.204.45.222,10.0.0.187 "POST /v2.0/security-group-rules HTTP/1.1" status: 201 len: 750 time: 0.1312428
2026-04-14 06:49:10.664 9 INFO neutron.wsgi [-] 10.0.0.187 "GET / HTTP/1.1" status: 200 len: 246 time: 0.0023503
2026-04-14 06:49:10.665 10 INFO neutron.wsgi [-] 10.0.0.187 "GET / HTTP/1.1" status: 200 len: 246 time: 0.0030022
2026-04-14 06:49:25.665 10 INFO neutron.wsgi [-] 10.0.0.187 "GET / HTTP/1.1" status: 200 len: 246 time: 0.0024371
2026-04-14 06:49:25.666 9 INFO neutron.wsgi [-] 10.0.0.187 "GET / HTTP/1.1" status: 200 len: 246 time: 0.0024383
2026-04-14 06:49:40.665 9 INFO neutron.wsgi [-] 10.0.0.187 "GET / HTTP/1.1" status: 200 len: 246 time: 0.0024922
2026-04-14 06:49:40.665 10 INFO neutron.wsgi [-] 10.0.0.187 "GET / HTTP/1.1" status: 200 len: 246 time: 0.0026832
2026-04-14 06:49:55.666 9 INFO neutron.wsgi [-] 10.0.0.187 "GET / HTTP/1.1" status: 200 len: 246 time: 0.0034821
2026-04-14 06:49:55.667 10 INFO neutron.wsgi [-] 10.0.0.187 "GET / HTTP/1.1" status: 200 len: 246 time: 0.0033317
2026-04-14 06:50:10.666 10 INFO neutron.wsgi [-] 10.0.0.187 "GET / HTTP/1.1" status: 200 len: 246 time: 0.0034900
2026-04-14 06:50:10.670 10 INFO neutron.wsgi [-] 10.0.0.187 "GET / HTTP/1.1" status: 200 len: 246 time: 0.0031850
2026-04-14 06:50:25.665 10 INFO neutron.wsgi [-] 10.0.0.187 "GET / HTTP/1.1" status: 200 len: 246 time: 0.0025299
2026-04-14 06:50:25.666 9 INFO neutron.wsgi [-] 10.0.0.187 "GET / HTTP/1.1" status: 200 len: 246 time: 0.0035400
2026-04-14 06:50:40.663 10 INFO neutron.wsgi [-] 10.0.0.187 "GET / HTTP/1.1" status: 200 len: 246 time: 0.0013938
2026-04-14 06:50:40.664 9 INFO neutron.wsgi [-] 10.0.0.187 "GET / HTTP/1.1" status: 200 len: 246 time: 0.0016541
2026-04-14 06:50:55.664 9 INFO neutron.wsgi [-] 10.0.0.187 "GET / HTTP/1.1" status: 200 len: 246 time: 0.0021760
2026-04-14 06:50:55.708 10 INFO neutron.wsgi [-] 10.0.0.187 "GET / HTTP/1.1" status: 200 len: 246 time: 0.0458798
2026-04-14 06:51:10.664 9 INFO neutron.wsgi [-] 10.0.0.187 "GET / HTTP/1.1" status: 200 len: 246 time: 0.0017667
2026-04-14 06:51:10.667 9 INFO neutron.wsgi [-] 10.0.0.187 "GET / HTTP/1.1" status: 200 len: 246 time: 0.0016677 /var/lib/openstack/lib/python3.10/site-packages/pycadf/identifier.py:71: UserWarning: Invalid uuid: neutron. To ensure interoperability, identifiers should be a valid uuid. warnings.warn(('Invalid uuid: %s. To ensure interoperability, '
2026-04-14 06:51:13.703 10 INFO neutron.wsgi [None req-93783c94-5537-4b6e-a175-e3dc46cb8d6d 1a0959ce16d64cd5a5424aa0755f2aa0 cbe7e2eda50c40fd93d79d22a50a0674 - - 57dfbdfe5cbc4cfe88327dd0941f775f 57dfbdfe5cbc4cfe88327dd0941f775f] 199.204.45.222 "GET /v2.0/networks?tenant_id=cbe7e2eda50c40fd93d79d22a50a0674&shared=False HTTP/1.1" status: 200 len: 213 time: 0.1402349
2026-04-14 06:51:13.781 10 INFO neutron.db.segments_db [None req-5a202e8f-3f70-4ae8-bd74-2db0fedd3af1 1a0959ce16d64cd5a5424aa0755f2aa0 cbe7e2eda50c40fd93d79d22a50a0674 - - 57dfbdfe5cbc4cfe88327dd0941f775f 57dfbdfe5cbc4cfe88327dd0941f775f] Added segment 2784a481-0671-4d2d-b53b-ac8961115129 of type geneve for network 03928050-5c4d-4777-938f-f827407e6a64
2026-04-14 06:51:13.929 10 INFO neutron.db.ovn_revision_numbers_db [None req-5a202e8f-3f70-4ae8-bd74-2db0fedd3af1 1a0959ce16d64cd5a5424aa0755f2aa0 cbe7e2eda50c40fd93d79d22a50a0674 - - 57dfbdfe5cbc4cfe88327dd0941f775f 57dfbdfe5cbc4cfe88327dd0941f775f] Successfully bumped revision number for resource 03928050-5c4d-4777-938f-f827407e6a64 (type: networks) to 1
2026-04-14 06:51:14.086 10 WARNING neutron.scheduler.dhcp_agent_scheduler [None req-5a202e8f-3f70-4ae8-bd74-2db0fedd3af1 1a0959ce16d64cd5a5424aa0755f2aa0 cbe7e2eda50c40fd93d79d22a50a0674 - - 57dfbdfe5cbc4cfe88327dd0941f775f 57dfbdfe5cbc4cfe88327dd0941f775f] No more DHCP agents
2026-04-14 06:51:14.089 10 WARNING neutron.api.rpc.agentnotifiers.dhcp_rpc_agent_api [None req-5a202e8f-3f70-4ae8-bd74-2db0fedd3af1 1a0959ce16d64cd5a5424aa0755f2aa0 cbe7e2eda50c40fd93d79d22a50a0674 - - 57dfbdfe5cbc4cfe88327dd0941f775f 57dfbdfe5cbc4cfe88327dd0941f775f] Unable to schedule network 03928050-5c4d-4777-938f-f827407e6a64: no agents available; will retry on subsequent port and subnet creation events.
2026-04-14 06:51:14.171 10 INFO neutron.db.ovn_revision_numbers_db [None req-5a202e8f-3f70-4ae8-bd74-2db0fedd3af1 1a0959ce16d64cd5a5424aa0755f2aa0 cbe7e2eda50c40fd93d79d22a50a0674 - - 57dfbdfe5cbc4cfe88327dd0941f775f 57dfbdfe5cbc4cfe88327dd0941f775f] Successfully bumped revision number for resource e1c0b7c1-e898-4cf2-a606-4900de09268c (type: ports) to 1
2026-04-14 06:51:14.190 10 INFO neutron.wsgi [None req-5a202e8f-3f70-4ae8-bd74-2db0fedd3af1 1a0959ce16d64cd5a5424aa0755f2aa0 cbe7e2eda50c40fd93d79d22a50a0674 - - 57dfbdfe5cbc4cfe88327dd0941f775f 57dfbdfe5cbc4cfe88327dd0941f775f] 199.204.45.222 "POST /v2.0/networks HTTP/1.1" status: 201 len: 925 time: 0.4815211
2026-04-14 06:51:14.225 10 INFO neutron.wsgi [None req-f7a56a4b-28ab-42c9-8790-ef0d73d9e8c3 1a0959ce16d64cd5a5424aa0755f2aa0 cbe7e2eda50c40fd93d79d22a50a0674 - - 57dfbdfe5cbc4cfe88327dd0941f775f 57dfbdfe5cbc4cfe88327dd0941f775f] 199.204.45.222 "GET /v2.0/ports?device_id=manila-share&binding%3Ahost_id=instance HTTP/1.1" status: 200 len: 210 time: 0.0302191
2026-04-14 06:51:14.232 10 INFO neutron.wsgi [None req-7c913707-2d58-44cc-a494-599c6c8a016a 1a0959ce16d64cd5a5424aa0755f2aa0 cbe7e2eda50c40fd93d79d22a50a0674 - - 57dfbdfe5cbc4cfe88327dd0941f775f 57dfbdfe5cbc4cfe88327dd0941f775f] 199.204.45.222 "GET /v2.0/extensions HTTP/1.1" status: 200 len: 16980 time: 0.0041747
2026-04-14 06:51:14.435 10 WARNING neutron.scheduler.dhcp_agent_scheduler [None req-1287833f-c2b6-480d-8110-bf92e456a2c6 1a0959ce16d64cd5a5424aa0755f2aa0 cbe7e2eda50c40fd93d79d22a50a0674 - - 57dfbdfe5cbc4cfe88327dd0941f775f 57dfbdfe5cbc4cfe88327dd0941f775f] No more DHCP agents
2026-04-14 06:51:14.436 10 WARNING neutron.api.rpc.agentnotifiers.dhcp_rpc_agent_api [None req-1287833f-c2b6-480d-8110-bf92e456a2c6 1a0959ce16d64cd5a5424aa0755f2aa0 cbe7e2eda50c40fd93d79d22a50a0674 - - 57dfbdfe5cbc4cfe88327dd0941f775f 57dfbdfe5cbc4cfe88327dd0941f775f] Unable to schedule network 03928050-5c4d-4777-938f-f827407e6a64: no agents available; will retry on subsequent port and subnet creation events.
2026-04-14 06:51:14.515 10 INFO neutron.db.ovn_revision_numbers_db [None req-1287833f-c2b6-480d-8110-bf92e456a2c6 1a0959ce16d64cd5a5424aa0755f2aa0 cbe7e2eda50c40fd93d79d22a50a0674 - - 57dfbdfe5cbc4cfe88327dd0941f775f 57dfbdfe5cbc4cfe88327dd0941f775f] Successfully bumped revision number for resource ed5ad60c-e859-4803-a681-b5d94dcc9ff8 (type: ports) to 1
2026-04-14 06:51:14.672 10 INFO neutron.db.ovn_revision_numbers_db [None req-1287833f-c2b6-480d-8110-bf92e456a2c6 1a0959ce16d64cd5a5424aa0755f2aa0 cbe7e2eda50c40fd93d79d22a50a0674 - - 57dfbdfe5cbc4cfe88327dd0941f775f 57dfbdfe5cbc4cfe88327dd0941f775f] Successfully bumped revision number for resource ed5ad60c-e859-4803-a681-b5d94dcc9ff8 (type: ports) to 1
2026-04-14 06:51:14.699 10 INFO neutron.wsgi [None req-1287833f-c2b6-480d-8110-bf92e456a2c6 1a0959ce16d64cd5a5424aa0755f2aa0 cbe7e2eda50c40fd93d79d22a50a0674 - - 57dfbdfe5cbc4cfe88327dd0941f775f 57dfbdfe5cbc4cfe88327dd0941f775f] 199.204.45.222 "POST /v2.0/ports HTTP/1.1" status: 201 len: 1144 time: 0.4631441
2026-04-14 06:51:14.748 10 INFO neutron.wsgi [None req-50af8730-bcb7-474a-8b7a-59642260499c 1a0959ce16d64cd5a5424aa0755f2aa0 cbe7e2eda50c40fd93d79d22a50a0674 - - 57dfbdfe5cbc4cfe88327dd0941f775f 57dfbdfe5cbc4cfe88327dd0941f775f] 199.204.45.222 "GET /v2.0/networks/03928050-5c4d-4777-938f-f827407e6a64 HTTP/1.1" status: 200 len: 907 time: 0.0427725
2026-04-14 06:51:15.565 9 INFO neutron.plugins.ml2.drivers.ovn.mech_driver.mech_driver [-] OVN reports status up for port: ed5ad60c-e859-4803-a681-b5d94dcc9ff8
2026-04-14 06:51:15.576 9 INFO neutron.plugins.ml2.plugin [None req-ee58eb2f-c570-44b1-8998-618c0370270b - - - - - -] Attempt 1 to provision port ed5ad60c-e859-4803-a681-b5d94dcc9ff8
2026-04-14 06:51:15.843 9 INFO neutron.db.ovn_revision_numbers_db [None req-ee58eb2f-c570-44b1-8998-618c0370270b - - - - - -] Successfully bumped revision number for resource ed5ad60c-e859-4803-a681-b5d94dcc9ff8 (type: ports) to 3
2026-04-14 06:51:17.231 10 INFO neutron.wsgi [None req-f53c80e7-277e-416b-b97e-b67056047954 1a0959ce16d64cd5a5424aa0755f2aa0 cbe7e2eda50c40fd93d79d22a50a0674 - - 57dfbdfe5cbc4cfe88327dd0941f775f 57dfbdfe5cbc4cfe88327dd0941f775f] 199.204.45.222 "GET /v2.0/ports?device_id=manila-share&binding%3Ahost_id=instance HTTP/1.1" status: 200 len: 1172 time: 0.0602984
2026-04-14 06:51:17.292 10 INFO neutron.wsgi [None req-850f4693-08cf-4524-9d88-a0b164c979cb 1a0959ce16d64cd5a5424aa0755f2aa0 cbe7e2eda50c40fd93d79d22a50a0674 - - 57dfbdfe5cbc4cfe88327dd0941f775f 57dfbdfe5cbc4cfe88327dd0941f775f] 199.204.45.222 "GET /v2.0/networks/03928050-5c4d-4777-938f-f827407e6a64 HTTP/1.1" status: 200 len: 907 time: 0.0544813
2026-04-14 06:51:25.665 10 INFO neutron.wsgi [-] 10.0.0.187 "GET / HTTP/1.1" status: 200 len: 246 time: 0.0021703
2026-04-14 06:51:25.668 10 INFO neutron.wsgi [-] 10.0.0.187 "GET / HTTP/1.1" status: 200 len: 246 time: 0.0016019
2026-04-14 06:51:32.871 9 INFO neutron.wsgi [None req-b08b0952-a2b6-47ed-9f98-0aea0cc04f31 add9338a2b714f62b7234c94dba39f9b 82ded0903dba40858a978235e9bb2eb7 - - default default] 199.204.45.222,10.0.0.187 "GET /v2.0/quotas/cbe7e2eda50c40fd93d79d22a50a0674 HTTP/1.1" status: 200 len: 362 time: 0.0150483
2026-04-14 06:51:33.437 9 INFO neutron.wsgi [None req-8f06a5ca-2a86-447c-89e0-5f8c39641ca0 add9338a2b714f62b7234c94dba39f9b 82ded0903dba40858a978235e9bb2eb7 - - default default] 199.204.45.222,10.0.0.187 "PUT /v2.0/quotas/cbe7e2eda50c40fd93d79d22a50a0674 HTTP/1.1" status: 200 len: 361 time: 0.0381758
2026-04-14 06:51:40.665 9 INFO neutron.wsgi [-] 10.0.0.187 "GET / HTTP/1.1" status: 200 len: 246 time: 0.0025101
2026-04-14 06:51:40.665 10 INFO neutron.wsgi [-] 10.0.0.187 "GET / HTTP/1.1" status: 200 len: 246 time: 0.0025289
2026-04-14 06:51:55.666 9 INFO neutron.wsgi [-] 10.0.0.187 "GET / HTTP/1.1" status: 200 len: 246 time: 0.0033882
2026-04-14 06:51:55.669 9 INFO neutron.wsgi [-] 10.0.0.187 "GET / HTTP/1.1" status: 200 len: 246 time: 0.0013590
2026-04-14 06:52:10.665 10 INFO neutron.wsgi [-] 10.0.0.187 "GET / HTTP/1.1" status: 200 len: 246 time: 0.0025275
2026-04-14 06:52:10.665 9 INFO neutron.wsgi [-] 10.0.0.187 "GET / HTTP/1.1" status: 200 len: 246 time: 0.0029514
2026-04-14 06:52:25.665 10 INFO neutron.wsgi [-] 10.0.0.187 "GET / HTTP/1.1" status: 200 len: 246 time: 0.0026560
2026-04-14 06:52:25.668 10 INFO neutron.wsgi [-] 10.0.0.187 "GET / HTTP/1.1" status: 200 len: 246 time: 0.0021386
2026-04-14 06:52:40.665 9 INFO neutron.wsgi [-] 10.0.0.187 "GET / HTTP/1.1" status: 200 len: 246 time: 0.0023296
2026-04-14 06:52:40.665 10 INFO neutron.wsgi [-] 10.0.0.187 "GET / HTTP/1.1" status: 200 len: 246 time: 0.0024862
2026-04-14 06:52:45.320 10 INFO neutron.wsgi [None req-cb3e9956-e838-46f6-9599-1ee5a8a733db add9338a2b714f62b7234c94dba39f9b 82ded0903dba40858a978235e9bb2eb7 - - default default] 10.0.0.93 "GET /v2.0/ports HTTP/1.1" status: 200 len: 5351 time: 0.1051209
2026-04-14 06:52:45.356 10 INFO neutron.wsgi [None req-389c1321-dc0f-4b9b-8142-e64aea664d0c add9338a2b714f62b7234c94dba39f9b 82ded0903dba40858a978235e9bb2eb7 - - default default] 10.0.0.93 "GET /v2.0/routers HTTP/1.1" status: 200 len: 189 time: 0.0315676
2026-04-14 06:52:45.415 10 INFO neutron.wsgi [None req-854921fb-42c6-422e-a18f-39bb633bfa7e add9338a2b714f62b7234c94dba39f9b 82ded0903dba40858a978235e9bb2eb7 - - default default] 10.0.0.93 "GET /v2.0/agents?binary=ovn-controller HTTP/1.1" status: 200 len: 591 time: 0.0585017
2026-04-14 06:52:45.435 10 INFO neutron.wsgi [None req-d74338be-38e1-48d2-8464-bfe4907dd37b add9338a2b714f62b7234c94dba39f9b 82ded0903dba40858a978235e9bb2eb7 - - default default] 10.0.0.93 "GET /v2.0/agents HTTP/1.1" status: 200 len: 997 time: 0.0159981
2026-04-14 06:52:45.453 10 INFO neutron.wsgi [None req-b9ab5059-841e-43b9-a242-1c81909fbd7a add9338a2b714f62b7234c94dba39f9b 82ded0903dba40858a978235e9bb2eb7 - - default default] 10.0.0.93 "GET /v2.0/network-ip-availabilities HTTP/1.1" status: 200 len: 1280 time: 0.0168686
2026-04-14 06:52:45.505 10 INFO neutron.wsgi [None req-5352bc7b-f48e-4fae-8ac7-46cbcca4387a add9338a2b714f62b7234c94dba39f9b 82ded0903dba40858a978235e9bb2eb7 - - default default] 10.0.0.93 "GET /v2.0/subnets HTTP/1.1" status: 200 len: 1437 time: 0.0510404
2026-04-14 06:52:45.518 10 INFO neutron.wsgi [None req-706ec480-b447-4c3b-8ede-f76d2e62e3c0 add9338a2b714f62b7234c94dba39f9b 82ded0903dba40858a978235e9bb2eb7 - - default default] 10.0.0.93 "GET /v2.0/subnetpools HTTP/1.1" status: 200 len: 193 time: 0.0118434
2026-04-14 06:52:45.615 10 INFO neutron.wsgi [None req-1cde25ab-7378-4d77-acf6-2af0fdae6a43 add9338a2b714f62b7234c94dba39f9b 82ded0903dba40858a978235e9bb2eb7 - - default default] 10.0.0.93 "GET /v2.0/floatingips HTTP/1.1" status: 200 len: 193 time: 0.0955811
2026-04-14 06:52:45.658 10 INFO neutron.wsgi [None req-604d324b-6b77-4da1-b7e1-3b8dea5aca0a add9338a2b714f62b7234c94dba39f9b 82ded0903dba40858a978235e9bb2eb7 - - default default] 10.0.0.93 "GET /v2.0/security-groups HTTP/1.1" status: 200 len: 16803 time: 0.0425112
2026-04-14 06:52:45.697 10 INFO neutron.wsgi [None req-e2b6a974-7090-4a46-9627-a6d4284fb161 add9338a2b714f62b7234c94dba39f9b 82ded0903dba40858a978235e9bb2eb7 - - default default] 10.0.0.93 "GET /v2.0/subnets HTTP/1.1" status: 200 len: 1437 time: 0.0330243
2026-04-14 06:52:45.779 10 INFO neutron.wsgi [None req-fd0bf53b-2aeb-4efe-9b71-b53886f43773 add9338a2b714f62b7234c94dba39f9b 82ded0903dba40858a978235e9bb2eb7 - - default default] 10.0.0.93 "GET /v2.0/networks HTTP/1.1" status: 200 len: 2350 time: 0.0811551
2026-04-14 06:52:55.665 9 INFO neutron.wsgi [-] 10.0.0.187 "GET / HTTP/1.1" status: 200 len: 246 time: 0.0023944
2026-04-14 06:52:55.666 10 INFO neutron.wsgi [-] 10.0.0.187 "GET / HTTP/1.1" status: 200 len: 246 time: 0.0027614
2026-04-14 06:53:10.664 10 INFO neutron.wsgi [-] 10.0.0.187 "GET / HTTP/1.1" status: 200 len: 246 time: 0.0013158
2026-04-14 06:53:10.669 9 INFO neutron.wsgi [-] 10.0.0.187 "GET / HTTP/1.1" status: 200 len: 246 time: 0.0060589
2026-04-14 06:53:25.665 10 INFO neutron.wsgi [-] 10.0.0.187 "GET / HTTP/1.1" status: 200 len: 246 time: 0.0026450
2026-04-14 06:53:25.665 9 INFO neutron.wsgi [-] 10.0.0.187 "GET / HTTP/1.1" status: 200 len: 246 time: 0.0030937
2026-04-14 06:53:40.664 10 INFO neutron.wsgi [-] 10.0.0.187 "GET / HTTP/1.1" status: 200 len: 246 time: 0.0019250
2026-04-14 06:53:40.666 10 INFO neutron.wsgi [-] 10.0.0.187 "GET / HTTP/1.1" status: 200 len: 246 time: 0.0012474
2026-04-14 06:53:45.336 10 INFO neutron.wsgi [None req-8b8912df-f5ee-4c5e-8baa-3a0cc460f1ce add9338a2b714f62b7234c94dba39f9b 82ded0903dba40858a978235e9bb2eb7 - - default default] 10.0.0.93 "GET /v2.0/security-groups HTTP/1.1" status: 200 len: 16803 time: 0.1118550
2026-04-14 06:53:45.366 10 INFO neutron.wsgi [None req-10e8b501-0015-402d-bfb5-453b56d8094d add9338a2b714f62b7234c94dba39f9b 82ded0903dba40858a978235e9bb2eb7 - - default default] 10.0.0.93 "GET /v2.0/floatingips HTTP/1.1" status: 200 len: 193 time: 0.0238538
2026-04-14 06:53:45.448 10 INFO neutron.wsgi [None req-cb23cb5a-db3b-47cd-80e3-f61e14270140 add9338a2b714f62b7234c94dba39f9b 82ded0903dba40858a978235e9bb2eb7 - - default default] 10.0.0.93 "GET /v2.0/networks HTTP/1.1" status: 200 len: 2350 time: 0.0819538
2026-04-14 06:53:45.468 10 INFO neutron.wsgi [None req-88b0f03a-fc1b-49df-9873-56e9e20813bf add9338a2b714f62b7234c94dba39f9b 82ded0903dba40858a978235e9bb2eb7 - - default default] 10.0.0.93 "GET /v2.0/routers HTTP/1.1" status: 200 len: 189 time: 0.0181692
2026-04-14 06:53:45.499 10 INFO neutron.wsgi [None req-d60e8a71-233e-4ff6-8e1e-7d4853077af8 add9338a2b714f62b7234c94dba39f9b 82ded0903dba40858a978235e9bb2eb7 - - default default] 10.0.0.93 "GET /v2.0/agents?binary=ovn-controller HTTP/1.1" status: 200 len: 591 time: 0.0296304
2026-04-14 06:53:45.510 10 INFO neutron.wsgi [None req-b5838e67-500c-41cf-a1a5-7b220124cf6e add9338a2b714f62b7234c94dba39f9b 82ded0903dba40858a978235e9bb2eb7 - - default default] 10.0.0.93 "GET /v2.0/network-ip-availabilities HTTP/1.1" status: 200 len: 1280 time: 0.0102479
2026-04-14 06:53:45.539 10 INFO neutron.wsgi [None req-00de3af4-92b7-424a-86bc-76f44082f404 add9338a2b714f62b7234c94dba39f9b 82ded0903dba40858a978235e9bb2eb7 - - default default] 10.0.0.93 "GET /v2.0/subnets HTTP/1.1" status: 200 len: 1437 time: 0.0288930
2026-04-14 06:53:45.549 10 INFO neutron.wsgi [None req-539e8162-2480-4a6a-8d12-886d092339b4 add9338a2b714f62b7234c94dba39f9b 82ded0903dba40858a978235e9bb2eb7 - - default default] 10.0.0.93 "GET /v2.0/subnetpools HTTP/1.1" status: 200 len: 193 time: 0.0087969
2026-04-14 06:53:45.581 10 INFO neutron.wsgi [None req-607a2e02-863e-4ddf-a602-ae7db4a670be add9338a2b714f62b7234c94dba39f9b 82ded0903dba40858a978235e9bb2eb7 - - default default] 10.0.0.93 "GET /v2.0/subnets HTTP/1.1" status: 200 len: 1437 time: 0.0311863
2026-04-14 06:53:45.626 10 INFO neutron.wsgi [None req-b2102686-8b74-4871-a8d2-28275ad5408d add9338a2b714f62b7234c94dba39f9b 82ded0903dba40858a978235e9bb2eb7 - - default default] 10.0.0.93 "GET /v2.0/ports HTTP/1.1" status: 200 len: 5351 time: 0.0439241
2026-04-14 06:53:45.641 10 INFO neutron.wsgi [None req-52e8b002-93e5-4eb8-a70e-bdeff852783d add9338a2b714f62b7234c94dba39f9b 82ded0903dba40858a978235e9bb2eb7 - - default default] 10.0.0.93 "GET /v2.0/agents HTTP/1.1" status: 200 len: 997 time: 0.0112193
2026-04-14 06:53:55.666 9 INFO neutron.wsgi [-] 10.0.0.187 "GET / HTTP/1.1" status: 200 len: 246 time: 0.0024467
2026-04-14 06:53:55.669 9 INFO neutron.wsgi [-] 10.0.0.187 "GET / HTTP/1.1" status: 200 len: 246 time: 0.0021100
2026-04-14 06:54:01.708 15 INFO neutron.db.ovn_revision_numbers_db [None req-e7d2af3b-f67a-4855-962b-151c4ef027ed - - - - - -] Successfully bumped revision number for resource d1f42920-bcba-4e98-a08b-193f6d95b04c (type: security_groups) to 5
2026-04-14 06:54:01.708 15 INFO neutron.plugins.ml2.drivers.ovn.mech_driver.ovsdb.maintenance [None req-e7d2af3b-f67a-4855-962b-151c4ef027ed - - - - - -] Maintenance task: Synchronization finished (took 0.04 seconds)
2026-04-14 06:54:10.666 10 INFO neutron.wsgi [-] 10.0.0.187 "GET / HTTP/1.1" status: 200 len: 246 time: 0.0027444
2026-04-14 06:54:10.666 9 INFO neutron.wsgi [-] 10.0.0.187 "GET / HTTP/1.1" status: 200 len: 246 time: 0.0034344
2026-04-14 06:54:25.664 9 INFO neutron.wsgi [-] 10.0.0.187 "GET / HTTP/1.1" status: 200 len: 246 time: 0.0021930
2026-04-14 06:54:25.665 10 INFO neutron.wsgi [-] 10.0.0.187 "GET / HTTP/1.1" status: 200 len: 246 time: 0.0023341
2026-04-14 06:54:40.664 10 INFO neutron.wsgi [-] 10.0.0.187 "GET / HTTP/1.1" status: 200 len: 246 time: 0.0019538
2026-04-14 06:54:40.666 10 INFO neutron.wsgi [-] 10.0.0.187 "GET / HTTP/1.1" status: 200 len: 246 time: 0.0013361
2026-04-14 06:54:45.347 10 INFO neutron.wsgi [None req-8bd538a7-7e33-43e0-84f6-a2ea359ce95d add9338a2b714f62b7234c94dba39f9b 82ded0903dba40858a978235e9bb2eb7 - - default default] 10.0.0.93 "GET /v2.0/floatingips HTTP/1.1" status: 200 len: 193 time: 0.0825365
2026-04-14 06:54:45.395 10 INFO neutron.wsgi [None req-b296d2fd-6a18-44be-a64e-27aa89830479 add9338a2b714f62b7234c94dba39f9b 82ded0903dba40858a978235e9bb2eb7 - - default default] 10.0.0.93 "GET /v2.0/ports HTTP/1.1" status: 200 len: 5351 time: 0.0475059
2026-04-14 06:54:45.425 10 INFO neutron.wsgi [None req-3f1b7129-633e-4f72-8fbc-bb07283de18e add9338a2b714f62b7234c94dba39f9b 82ded0903dba40858a978235e9bb2eb7 - - default default] 10.0.0.93 "GET /v2.0/agents HTTP/1.1" status: 200 len: 997 time: 0.0254390
2026-04-14 06:54:45.435 10 INFO neutron.wsgi [None req-5d481d25-0c40-4f60-b561-957c9c19cc68 add9338a2b714f62b7234c94dba39f9b 82ded0903dba40858a978235e9bb2eb7 - - default default] 10.0.0.93 "GET /v2.0/network-ip-availabilities HTTP/1.1" status: 200 len: 1280 time: 0.0099185
2026-04-14 06:54:45.458 10 INFO neutron.wsgi [None req-d0a79536-0f53-4dcb-9dfb-0f38a2ae5c21 add9338a2b714f62b7234c94dba39f9b 82ded0903dba40858a978235e9bb2eb7 - - default default] 10.0.0.93 "GET /v2.0/routers HTTP/1.1" status: 200 len: 189 time: 0.0221503
2026-04-14 06:54:45.468 10 INFO neutron.wsgi [None req-8f9d1b40-33f2-42fe-98e1-72c05adde913 add9338a2b714f62b7234c94dba39f9b 82ded0903dba40858a978235e9bb2eb7 - - default default] 10.0.0.93 "GET /v2.0/agents?binary=ovn-controller HTTP/1.1" status: 200 len: 591 time: 0.0093760
2026-04-14 06:54:45.532 10 INFO neutron.wsgi [None req-fffd9dbf-cda7-4940-a903-c8e2f3bd2e88 add9338a2b714f62b7234c94dba39f9b 82ded0903dba40858a978235e9bb2eb7 - - default default] 10.0.0.93 "GET /v2.0/networks HTTP/1.1" status: 200 len: 2350 time: 0.0630369
2026-04-14 06:54:45.580 10 INFO neutron.wsgi [None req-4027bc1c-a1aa-4675-8eab-523d9c334b47 add9338a2b714f62b7234c94dba39f9b 82ded0903dba40858a978235e9bb2eb7 - - default default] 10.0.0.93 "GET /v2.0/security-groups HTTP/1.1" status: 200 len: 16803 time: 0.0457411
2026-04-14 06:54:45.620 10 INFO neutron.wsgi [None req-36f1ef90-bad9-4afa-9b25-ad45af325d28 add9338a2b714f62b7234c94dba39f9b 82ded0903dba40858a978235e9bb2eb7 - - default default] 10.0.0.93 "GET /v2.0/subnets HTTP/1.1" status: 200 len: 1437 time: 0.0341861
2026-04-14 06:54:45.631 10 INFO neutron.wsgi [None req-b2441d84-d7dc-45ca-9fb1-22bfd4abcfe0 add9338a2b714f62b7234c94dba39f9b 82ded0903dba40858a978235e9bb2eb7 - - default default] 10.0.0.93 "GET /v2.0/subnetpools HTTP/1.1" status: 200 len: 193 time: 0.0094762
2026-04-14 06:54:45.667 10 INFO neutron.wsgi [None req-ff83d2c3-8958-4068-8e79-30ecec18621f add9338a2b714f62b7234c94dba39f9b 82ded0903dba40858a978235e9bb2eb7 - - default default] 10.0.0.93 "GET /v2.0/subnets HTTP/1.1" status: 200 len: 1437 time: 0.0350890
2026-04-14 06:54:55.666 9 INFO neutron.wsgi [-] 10.0.0.187 "GET / HTTP/1.1" status: 200 len: 246 time: 0.0022471
2026-04-14 06:54:55.667 10 INFO neutron.wsgi [-] 10.0.0.187 "GET / HTTP/1.1" status: 200 len: 246 time: 0.0034051
2026-04-14 06:55:10.665 10 INFO neutron.wsgi [-] 10.0.0.187 "GET / HTTP/1.1" status: 200 len: 246 time: 0.0029342
2026-04-14 06:55:10.670 10 INFO neutron.wsgi [-] 10.0.0.187 "GET / HTTP/1.1" status: 200 len: 246 time: 0.0036986
2026-04-14 06:55:25.666 10 INFO neutron.wsgi [-] 10.0.0.187 "GET / HTTP/1.1" status: 200 len: 246 time: 0.0040336
2026-04-14 06:55:25.668 10 INFO neutron.wsgi [-] 10.0.0.187 "GET / HTTP/1.1" status: 200 len: 246 time: 0.0012500
2026-04-14 06:55:40.665 10 INFO neutron.wsgi [-] 10.0.0.187 "GET / HTTP/1.1" status: 200 len: 246 time: 0.0023835
2026-04-14 06:55:40.665 9 INFO neutron.wsgi [-] 10.0.0.187 "GET / HTTP/1.1" status: 200 len: 246 time: 0.0022461
2026-04-14 06:55:45.351 10 INFO neutron.wsgi [None req-c264cbe5-ca65-400f-acc6-a23567d33c46 add9338a2b714f62b7234c94dba39f9b 82ded0903dba40858a978235e9bb2eb7 - - default default] 10.0.0.93 "GET /v2.0/ports HTTP/1.1" status: 200 len: 5351 time: 0.1018741
2026-04-14 06:55:45.391 10 INFO neutron.wsgi [None req-0788416a-70e8-4cfd-b4f1-2a9d597d1434 add9338a2b714f62b7234c94dba39f9b 82ded0903dba40858a978235e9bb2eb7 - - default default] 10.0.0.93 "GET /v2.0/subnets HTTP/1.1" status: 200 len: 1437 time: 0.0347641
2026-04-14 06:55:45.401 10 INFO neutron.wsgi [None req-7ec316ef-845a-4ecc-9890-3ba5498b1bfa add9338a2b714f62b7234c94dba39f9b 82ded0903dba40858a978235e9bb2eb7 - - default default] 10.0.0.93 "GET /v2.0/subnetpools HTTP/1.1" status: 200 len: 193 time: 0.0083659
2026-04-14 06:55:45.462 10 INFO neutron.wsgi [None req-50b7dcc2-8884-4552-baed-541fa344ad51 add9338a2b714f62b7234c94dba39f9b 82ded0903dba40858a978235e9bb2eb7 - - default default] 10.0.0.93 "GET /v2.0/networks HTTP/1.1" status: 200 len: 2350 time: 0.0605226
2026-04-14 06:55:45.489 10 INFO neutron.wsgi [None req-f7b6cbb2-f000-4077-a6ba-c9e13472ab83 add9338a2b714f62b7234c94dba39f9b 82ded0903dba40858a978235e9bb2eb7 - - default default] 10.0.0.93 "GET /v2.0/routers HTTP/1.1" status: 200 len: 189 time: 0.0249834
2026-04-14 06:55:45.515 10 INFO neutron.wsgi [None req-1394dc99-ca8b-4def-a6b5-a4ce960090bb add9338a2b714f62b7234c94dba39f9b 82ded0903dba40858a978235e9bb2eb7 - - default default] 10.0.0.93 "GET /v2.0/agents?binary=ovn-controller HTTP/1.1" status: 200 len: 591 time: 0.0256643
2026-04-14 06:55:45.533 10 INFO neutron.wsgi [None req-bc068ad5-df5b-4d27-87ed-cbb66b2fcce7 add9338a2b714f62b7234c94dba39f9b 82ded0903dba40858a978235e9bb2eb7 - - default default] 10.0.0.93 "GET /v2.0/network-ip-availabilities HTTP/1.1" status: 200 len: 1280 time: 0.0166683
2026-04-14 06:55:45.589 10 INFO neutron.wsgi [None req-8d4a6f39-bf7f-467a-889c-89974c2f9f74 add9338a2b714f62b7234c94dba39f9b 82ded0903dba40858a978235e9bb2eb7 - - default default] 10.0.0.93 "GET /v2.0/security-groups HTTP/1.1" status: 200 len: 16803 time: 0.0539594
2026-04-14 06:55:45.612 10 INFO neutron.wsgi [None req-0ca7f65c-74e6-4aa2-8883-41fbcd6265d7 add9338a2b714f62b7234c94dba39f9b 82ded0903dba40858a978235e9bb2eb7 - - default default] 10.0.0.93 "GET /v2.0/agents HTTP/1.1" status: 200 len: 997 time: 0.0134478
2026-04-14 06:55:45.629 10 INFO neutron.wsgi [None req-1c529303-9889-4da3-9017-64772373b5c0 add9338a2b714f62b7234c94dba39f9b 82ded0903dba40858a978235e9bb2eb7 - - default default] 10.0.0.93 "GET /v2.0/floatingips HTTP/1.1" status: 200 len: 193 time: 0.0162895
2026-04-14 06:55:45.662 10 INFO neutron.wsgi [None req-6be9c24b-c34e-4321-ae2f-f8b28016baca add9338a2b714f62b7234c94dba39f9b 82ded0903dba40858a978235e9bb2eb7 - - default default] 10.0.0.93 "GET /v2.0/subnets HTTP/1.1" status: 200 len: 1437 time: 0.0321395
2026-04-14 06:55:55.665 9 INFO neutron.wsgi [-] 10.0.0.187 "GET / HTTP/1.1" status: 200 len: 246 time: 0.0022857
2026-04-14 06:55:55.666 10 INFO neutron.wsgi [-] 10.0.0.187 "GET / HTTP/1.1" status: 200 len: 246 time: 0.0037525
2026-04-14 06:56:10.665 10 INFO neutron.wsgi [-] 10.0.0.187 "GET / HTTP/1.1" status: 200 len: 246 time: 0.0023804
2026-04-14 06:56:10.665 9 INFO neutron.wsgi [-] 10.0.0.187 "GET / HTTP/1.1" status: 200 len: 246 time: 0.0025516
2026-04-14 06:56:25.666 9 INFO neutron.wsgi [-] 10.0.0.187 "GET / HTTP/1.1" status: 200 len: 246 time: 0.0036614
2026-04-14 06:56:25.668 9 INFO neutron.wsgi [-] 10.0.0.187 "GET / HTTP/1.1" status: 200 len: 246 time: 0.0014303
2026-04-14 06:56:40.667 10 INFO neutron.wsgi [-] 10.0.0.187 "GET / HTTP/1.1" status: 200 len: 246 time: 0.0038333
2026-04-14 06:56:40.667 9 INFO neutron.wsgi [-] 10.0.0.187 "GET / HTTP/1.1" status: 200 len: 246 time: 0.0037377
2026-04-14 06:56:45.310 10 INFO neutron.wsgi [None req-1aff584d-a3d0-4ad8-bacf-2200b866b7bc add9338a2b714f62b7234c94dba39f9b 82ded0903dba40858a978235e9bb2eb7 - - default default] 10.0.0.93 "GET /v2.0/floatingips HTTP/1.1" status: 200 len: 193 time: 0.0851038
2026-04-14 06:56:45.369 10 INFO neutron.wsgi [None req-1f8089ae-7745-43d5-9671-f5e42b29854c add9338a2b714f62b7234c94dba39f9b 82ded0903dba40858a978235e9bb2eb7 - - default default] 10.0.0.93 "GET /v2.0/security-groups HTTP/1.1" status: 200 len: 16803 time: 0.0554025
2026-04-14 06:56:45.397 10 INFO neutron.wsgi [None req-4e91fd48-90d8-42e2-be18-cf803aed3872 add9338a2b714f62b7234c94dba39f9b 82ded0903dba40858a978235e9bb2eb7 - - default default] 10.0.0.93 "GET /v2.0/network-ip-availabilities HTTP/1.1" status: 200 len: 1280 time: 0.0246274
2026-04-14 06:56:45.444 10 INFO neutron.wsgi [None req-59918e85-a66e-4f31-af90-54d6ba81aa94 add9338a2b714f62b7234c94dba39f9b 82ded0903dba40858a978235e9bb2eb7 - - default default] 10.0.0.93 "GET /v2.0/ports HTTP/1.1" status: 200 len: 5351 time: 0.0451999
2026-04-14 06:56:45.467 10 INFO neutron.wsgi [None req-b21231fa-0267-463c-a5fc-58ef940077a3 add9338a2b714f62b7234c94dba39f9b 82ded0903dba40858a978235e9bb2eb7 - - default default] 10.0.0.93 "GET /v2.0/routers HTTP/1.1" status: 200 len: 189 time: 0.0204155
2026-04-14 06:56:45.494 10 INFO neutron.wsgi [None req-b93360a6-0bcb-491d-aa83-1e60d8a41915 add9338a2b714f62b7234c94dba39f9b 82ded0903dba40858a978235e9bb2eb7 - - default default] 10.0.0.93 "GET /v2.0/agents?binary=ovn-controller HTTP/1.1" status: 200 len: 591 time: 0.0259900
2026-04-14 06:56:45.561 10 INFO neutron.wsgi [None req-b9582744-a514-4b22-a5c0-40ea3754c698 add9338a2b714f62b7234c94dba39f9b 82ded0903dba40858a978235e9bb2eb7 - - default default] 10.0.0.93 "GET /v2.0/networks HTTP/1.1" status: 200 len: 2350 time: 0.0661507
2026-04-14 06:56:45.580 10 INFO neutron.wsgi [None req-b5af8b82-d27c-413e-ae7b-e9e940c9120b add9338a2b714f62b7234c94dba39f9b 82ded0903dba40858a978235e9bb2eb7 - - default default] 10.0.0.93 "GET /v2.0/agents HTTP/1.1" status: 200 len: 997 time: 0.0149763
2026-04-14 06:56:45.607 10 INFO neutron.wsgi [None req-91af2e1a-95b4-447f-b097-a2b77e830a5c add9338a2b714f62b7234c94dba39f9b 82ded0903dba40858a978235e9bb2eb7 - - default default] 10.0.0.93 "GET /v2.0/subnets HTTP/1.1" status: 200 len: 1437 time: 0.0270863
2026-04-14 06:56:45.616 10 INFO neutron.wsgi [None req-d4289b0a-351e-42b1-81e2-77b7ab701d44 add9338a2b714f62b7234c94dba39f9b 82ded0903dba40858a978235e9bb2eb7 - - default default] 10.0.0.93 "GET /v2.0/subnetpools HTTP/1.1" status: 200 len: 193 time: 0.0076225
2026-04-14 06:56:45.653 10 INFO neutron.wsgi [None req-758f9d73-f58e-4cb3-98f5-6677f28fad35 add9338a2b714f62b7234c94dba39f9b 82ded0903dba40858a978235e9bb2eb7 - - default default] 10.0.0.93 "GET /v2.0/subnets HTTP/1.1" status: 200 len: 1437 time: 0.0354311
2026-04-14 06:56:55.665 9 INFO neutron.wsgi [-] 10.0.0.187 "GET / HTTP/1.1" status: 200 len: 246 time: 0.0032430
2026-04-14 06:56:55.666 10 INFO neutron.wsgi [-] 10.0.0.187 "GET / HTTP/1.1" status: 200 len: 246 time: 0.0033312
2026-04-14 06:57:10.664 9 INFO neutron.wsgi [-] 10.0.0.187 "GET / HTTP/1.1" status: 200 len: 246 time: 0.0021210
2026-04-14 06:57:10.668 9 INFO neutron.wsgi [-] 10.0.0.187 "GET / HTTP/1.1" status: 200 len: 246 time: 0.0028262
2026-04-14 06:57:25.665 10 INFO neutron.wsgi [-] 10.0.0.187 "GET / HTTP/1.1" status: 200 len: 246 time: 0.0029037
2026-04-14 06:57:25.668 10 INFO neutron.wsgi [-] 10.0.0.187 "GET / HTTP/1.1" status: 200 len: 246 time: 0.0021467
2026-04-14 06:57:40.665 10 INFO neutron.wsgi [-] 10.0.0.187 "GET / HTTP/1.1" status: 200 len: 246 time: 0.0025580
2026-04-14 06:57:40.665 9 INFO neutron.wsgi [-] 10.0.0.187 "GET / HTTP/1.1" status: 200 len: 246 time: 0.0026255
2026-04-14 06:57:45.311 10 INFO neutron.wsgi [None req-8ed68797-de2f-48c2-8e17-b01ec9f67efb add9338a2b714f62b7234c94dba39f9b 82ded0903dba40858a978235e9bb2eb7 - - default default] 10.0.0.93 "GET /v2.0/agents HTTP/1.1" status: 200 len: 997 time: 0.0757189
2026-04-14 06:57:45.340 10 INFO neutron.wsgi [None req-8b5ed910-9fc4-460b-b23a-bdd663969db7 add9338a2b714f62b7234c94dba39f9b 82ded0903dba40858a978235e9bb2eb7 - - default default] 10.0.0.93 "GET /v2.0/routers HTTP/1.1" status: 200 len: 189 time: 0.0275018
2026-04-14 06:57:45.351 10 INFO neutron.wsgi [None req-8c3b0dc4-aa01-4cc9-b211-613c7f4f127b add9338a2b714f62b7234c94dba39f9b 82ded0903dba40858a978235e9bb2eb7 - - default default] 10.0.0.93 "GET /v2.0/agents?binary=ovn-controller HTTP/1.1" status: 200 len: 591 time: 0.0107341
2026-04-14 06:57:45.384 10 INFO neutron.wsgi [None req-092a0bf5-a2f1-401c-a01a-f4c88b922fd1 add9338a2b714f62b7234c94dba39f9b 82ded0903dba40858a978235e9bb2eb7 - - default default] 10.0.0.93 "GET /v2.0/subnets HTTP/1.1" status: 200 len: 1437 time: 0.0318477
2026-04-14 06:57:45.395 10 INFO neutron.wsgi [None req-f6e5df59-04b8-4660-b746-86759cfeee39 add9338a2b714f62b7234c94dba39f9b 82ded0903dba40858a978235e9bb2eb7 - - default default] 10.0.0.93 "GET /v2.0/subnetpools HTTP/1.1" status: 200 len: 193 time: 0.0091548
2026-04-14 06:57:45.446 10 INFO neutron.wsgi [None req-fa1ea769-87c6-4b01-b888-0ce2a8796b03 add9338a2b714f62b7234c94dba39f9b 82ded0903dba40858a978235e9bb2eb7 - - default default] 10.0.0.93 "GET /v2.0/ports HTTP/1.1" status: 200 len: 5351 time: 0.0501969
2026-04-14 06:57:45.464 10 INFO neutron.wsgi [None req-9de9061a-fdfd-421d-b4d3-a96238e4407c add9338a2b714f62b7234c94dba39f9b 82ded0903dba40858a978235e9bb2eb7 - - default default] 10.0.0.93 "GET /v2.0/network-ip-availabilities HTTP/1.1" status: 200 len: 1280 time: 0.0135863
2026-04-14 06:57:45.487 10 INFO neutron.wsgi [None req-28fc07cf-a8c5-4601-9410-96003a8df04c add9338a2b714f62b7234c94dba39f9b 82ded0903dba40858a978235e9bb2eb7 - - default default] 10.0.0.93 "GET /v2.0/floatingips HTTP/1.1" status: 200 len: 193 time: 0.0226076
2026-04-14 06:57:45.584 10 INFO neutron.wsgi [None req-e66b0348-67c5-43f5-a4f0-0f20cb80fe8b add9338a2b714f62b7234c94dba39f9b 82ded0903dba40858a978235e9bb2eb7 - - default default] 10.0.0.93 "GET /v2.0/subnets HTTP/1.1" status: 200 len: 1437 time: 0.0963175
2026-04-14 06:57:45.646 10 INFO neutron.wsgi [None req-bad5436c-6ed8-4f28-a98f-c8d9f8d7bdf1 add9338a2b714f62b7234c94dba39f9b 82ded0903dba40858a978235e9bb2eb7 - - default default] 10.0.0.93 "GET /v2.0/networks HTTP/1.1" status: 200 len: 2350 time: 0.0603290
2026-04-14 06:57:45.699 10 INFO neutron.wsgi [None req-7d487801-ecc3-400d-bc49-3ecd9a0fa02c add9338a2b714f62b7234c94dba39f9b 82ded0903dba40858a978235e9bb2eb7 - - default default] 10.0.0.93 "GET /v2.0/security-groups HTTP/1.1" status: 200 len: 16803 time: 0.0490162
2026-04-14 06:57:55.666 10 INFO neutron.wsgi [-] 10.0.0.187 "GET / HTTP/1.1" status: 200 len: 246 time: 0.0025222
2026-04-14 06:57:55.667 9 INFO neutron.wsgi [-] 10.0.0.187 "GET / HTTP/1.1" status: 200 len: 246 time: 0.0035765
2026-04-14 06:58:10.664 10 INFO neutron.wsgi [-] 10.0.0.187 "GET / HTTP/1.1" status: 200 len: 246 time: 0.0024416
2026-04-14 06:58:10.665 9 INFO neutron.wsgi [-] 10.0.0.187 "GET / HTTP/1.1" status: 200 len: 246 time: 0.0033145
2026-04-14 06:58:25.664 9 INFO neutron.wsgi [-] 10.0.0.187 "GET / HTTP/1.1" status: 200 len: 246 time: 0.0020499
2026-04-14 06:58:25.665 10 INFO neutron.wsgi [-] 10.0.0.187 "GET / HTTP/1.1" status: 200 len: 246 time: 0.0028298
2026-04-14 06:58:40.665 10 INFO neutron.wsgi [-] 10.0.0.187 "GET / HTTP/1.1" status: 200 len: 246 time: 0.0027740
2026-04-14 06:58:40.665 9 INFO neutron.wsgi [-] 10.0.0.187 "GET / HTTP/1.1" status: 200 len: 246 time: 0.0028367
2026-04-14 06:58:45.354 10 INFO neutron.wsgi [None req-fcd02d90-d3ef-4835-9175-60a56b6bc750 add9338a2b714f62b7234c94dba39f9b 82ded0903dba40858a978235e9bb2eb7 - - default default] 10.0.0.93 "GET /v2.0/agents HTTP/1.1" status: 200 len: 997 time: 0.0894504
2026-04-14 06:58:45.393 10 INFO neutron.wsgi [None req-8e8f6e9d-2831-48a3-841b-16a0ee3f3fc5 add9338a2b714f62b7234c94dba39f9b 82ded0903dba40858a978235e9bb2eb7 - - default default] 10.0.0.93 "GET /v2.0/subnets HTTP/1.1" status: 200 len: 1437 time: 0.0381353
2026-04-14 06:58:45.439 10 INFO neutron.wsgi [None req-4bb31ed8-359c-45fe-bacf-80a3f357cb8b add9338a2b714f62b7234c94dba39f9b 82ded0903dba40858a978235e9bb2eb7 - - default default] 10.0.0.93 "GET /v2.0/ports HTTP/1.1" status: 200 len: 5351 time: 0.0446720
2026-04-14 06:58:45.472 10 INFO neutron.wsgi [None req-145cf3f0-a65a-4245-9581-7d36d40591d1 add9338a2b714f62b7234c94dba39f9b 82ded0903dba40858a978235e9bb2eb7 - - default default] 10.0.0.93 "GET /v2.0/subnets HTTP/1.1" status: 200 len: 1437 time: 0.0291095
2026-04-14 06:58:45.482 10 INFO neutron.wsgi [None req-f6ad756d-2384-425f-91bb-1443c16c5542 add9338a2b714f62b7234c94dba39f9b 82ded0903dba40858a978235e9bb2eb7 - - default default] 10.0.0.93 "GET /v2.0/subnetpools HTTP/1.1" status: 200 len: 193 time: 0.0079618
2026-04-14 06:58:45.502 10 INFO neutron.wsgi [None req-1c5fec6b-81dc-47f1-a789-dc40cbcc4530 add9338a2b714f62b7234c94dba39f9b 82ded0903dba40858a978235e9bb2eb7 - - default default] 10.0.0.93 "GET /v2.0/floatingips HTTP/1.1" status: 200 len: 193 time: 0.0188713
2026-04-14 06:58:45.573 10 INFO neutron.wsgi [None req-4c8bc3aa-1ac5-452b-acdb-6e5dd8bee64d add9338a2b714f62b7234c94dba39f9b 82ded0903dba40858a978235e9bb2eb7 - - default default] 10.0.0.93 "GET /v2.0/security-groups HTTP/1.1" status: 200 len: 16803 time: 0.0696006
2026-04-14 06:58:45.664 10 INFO neutron.wsgi [None req-1a24e288-7ca3-4710-a026-27b02f0504c8 add9338a2b714f62b7234c94dba39f9b 82ded0903dba40858a978235e9bb2eb7 - - default default] 10.0.0.93 "GET /v2.0/networks HTTP/1.1" status: 200 len: 2350 time: 0.0852869
2026-04-14 06:58:45.680 10 INFO neutron.wsgi [None req-630d61ef-f3a0-4435-a8b4-254ec2d2bf0e add9338a2b714f62b7234c94dba39f9b 82ded0903dba40858a978235e9bb2eb7 - - default default] 10.0.0.93 "GET /v2.0/network-ip-availabilities HTTP/1.1" status: 200 len: 1280 time: 0.0132358
2026-04-14 06:58:45.700 10 INFO neutron.wsgi [None req-f4289a08-5569-44c4-bbc3-d0074b3f5a52 add9338a2b714f62b7234c94dba39f9b 82ded0903dba40858a978235e9bb2eb7 - - default default] 10.0.0.93 "GET /v2.0/routers HTTP/1.1" status: 200 len: 189 time: 0.0194237
2026-04-14 06:58:45.709 10 INFO neutron.wsgi [None req-ddba332f-1bf6-45ba-8922-9a44d46cb7e3 add9338a2b714f62b7234c94dba39f9b 82ded0903dba40858a978235e9bb2eb7 - - default default] 10.0.0.93 "GET /v2.0/agents?binary=ovn-controller HTTP/1.1" status: 200 len: 591 time: 0.0086079
2026-04-14 06:58:55.665 9 INFO neutron.wsgi [-] 10.0.0.187 "GET / HTTP/1.1" status: 200 len: 246 time: 0.0024328
2026-04-14 06:58:55.666 10 INFO neutron.wsgi [-] 10.0.0.187 "GET / HTTP/1.1" status: 200 len: 246 time: 0.0026939
2026-04-14 06:59:10.665 10 INFO neutron.wsgi [-] 10.0.0.187 "GET / HTTP/1.1" status: 200 len: 246 time: 0.0025003
2026-04-14 06:59:10.666 9 INFO neutron.wsgi [-] 10.0.0.187 "GET / HTTP/1.1" status: 200 len: 246 time: 0.0024183
2026-04-14 06:59:25.665 9 INFO neutron.wsgi [-] 10.0.0.187 "GET / HTTP/1.1" status: 200 len: 246 time: 0.0029852
2026-04-14 06:59:25.667 10 INFO neutron.wsgi [-] 10.0.0.187 "GET / HTTP/1.1" status: 200 len: 246 time: 0.0040252
2026-04-14 06:59:40.665 9 INFO neutron.wsgi [-] 10.0.0.187 "GET / HTTP/1.1" status: 200 len: 246 time: 0.0029376
2026-04-14 06:59:40.666 10 INFO neutron.wsgi [-] 10.0.0.187 "GET / HTTP/1.1" status: 200 len: 246 time: 0.0031211
2026-04-14 06:59:45.276 10 INFO neutron.wsgi [None req-1de1948b-767b-4bcc-932d-1cf5c18e74ec add9338a2b714f62b7234c94dba39f9b 82ded0903dba40858a978235e9bb2eb7 - - default default] 10.0.0.93 "GET /v2.0/floatingips HTTP/1.1" status: 200 len: 193 time: 0.0750763
2026-04-14 06:59:45.340 10 INFO neutron.wsgi [None req-faee29e4-b8ee-44d1-962f-e6d885d8301b add9338a2b714f62b7234c94dba39f9b 82ded0903dba40858a978235e9bb2eb7 - - default default] 10.0.0.93 "GET /v2.0/networks HTTP/1.1" status: 200 len: 2350 time: 0.0640030
