2026-04-14 07:10:45.853 9 INFO neutron.wsgi [None req-e5b44e05-7402-483b-bd9d-97f9d2208f3b add9338a2b714f62b7234c94dba39f9b 82ded0903dba40858a978235e9bb2eb7 - - default default] 10.0.0.60 "GET /v2.0/security-groups?tenant_id=677c55fd7a1745caaf33941e418f3ef1&name=default HTTP/1.1" status: 200 len: 3000 time: 0.2565408
2026-04-14 07:10:45.949 10 INFO neutron.wsgi [None req-6b0b9fd9-8c89-4f4e-bf56-46dd788ca30e add9338a2b714f62b7234c94dba39f9b 82ded0903dba40858a978235e9bb2eb7 - - default default] 10.0.0.93 "GET /v2.0/routers HTTP/1.1" status: 200 len: 1531 time: 0.1179585
2026-04-14 07:10:45.960 10 INFO neutron.wsgi [None req-4d69b7de-5c5c-4d23-86a1-76896909b1cc add9338a2b714f62b7234c94dba39f9b 82ded0903dba40858a978235e9bb2eb7 - - default default] 10.0.0.93 "GET /v2.0/agents?binary=ovn-controller HTTP/1.1" status: 200 len: 591 time: 0.0098176
2026-04-14 07:10:45.975 10 INFO neutron.wsgi [None req-78ea0960-c23e-46c5-83a6-8dd075581dce add9338a2b714f62b7234c94dba39f9b 82ded0903dba40858a978235e9bb2eb7 - - default default] 10.0.0.93 "GET /v2.0/network-ip-availabilities HTTP/1.1" status: 200 len: 2224 time: 0.0138021
2026-04-14 07:10:46.059 10 INFO neutron.wsgi [None req-c1e4f893-d01c-41a1-a07b-c8f456e03000 add9338a2b714f62b7234c94dba39f9b 82ded0903dba40858a978235e9bb2eb7 - - default default] 10.0.0.93 "GET /v2.0/ports HTTP/1.1" status: 200 len: 14033 time: 0.0830643
2026-04-14 07:10:46.083 10 INFO neutron.wsgi [None req-ed508942-9d39-4cb3-9b22-c2994d9d72ec add9338a2b714f62b7234c94dba39f9b 82ded0903dba40858a978235e9bb2eb7 - - default default] 10.0.0.93 "GET /v2.0/agents HTTP/1.1" status: 200 len: 997 time: 0.0136166
2026-04-14 07:10:46.143 10 INFO neutron.wsgi [None req-a8f73677-8dbf-4072-982e-4e64f56acf38 add9338a2b714f62b7234c94dba39f9b 82ded0903dba40858a978235e9bb2eb7 - - default default] 10.0.0.93 "GET /v2.0/floatingips HTTP/1.1" status: 200 len: 1035 time: 0.0590882
2026-04-14 07:10:46.161 9 INFO neutron.wsgi [None req-9066f687-6c0d-493a-a497-68e5e64d1bfc add9338a2b714f62b7234c94dba39f9b 82ded0903dba40858a978235e9bb2eb7 - - default default] 10.0.0.60 "DELETE /v2.0/security-groups/5fcd9b75-fb1c-4c8b-8b5b-f5a252d47ad3 HTTP/1.1" status: 204 len: 168 time: 0.3031392
2026-04-14 07:10:48.803 9 WARNING neutron_lib.context [None req-99c61887-4ba6-4951-b6bb-ef53b24bcb9b 0112cec717984741916c7b8f21175202 a3321282a1804012b5c4366e8bf63887 - - default default] Method 'is_advsvc' is deprecated since 2023.2 release (neutron-lib 3.8.0) and will be removed once support for the old RBAC API policies will be removed from Neutron. Please use method 'is_service_role' instead.
2026-04-14 07:10:49.005 9 INFO neutron.db.ovn_revision_numbers_db [None req-99c61887-4ba6-4951-b6bb-ef53b24bcb9b 0112cec717984741916c7b8f21175202 a3321282a1804012b5c4366e8bf63887 - - default default] Successfully bumped revision number for resource d3576b33-5c38-4c88-9178-003e2881728e (type: security_groups) to 1
2026-04-14 07:10:49.023 9 INFO neutron.db.ovn_revision_numbers_db [None req-99c61887-4ba6-4951-b6bb-ef53b24bcb9b 0112cec717984741916c7b8f21175202 a3321282a1804012b5c4366e8bf63887 - - default default] Successfully bumped revision number for resource 31209e96-50f8-4e7f-8e26-4aa0f6c283af (type: security_group_rules) to 0
2026-04-14 07:10:49.039 9 INFO neutron.db.ovn_revision_numbers_db [None req-99c61887-4ba6-4951-b6bb-ef53b24bcb9b 0112cec717984741916c7b8f21175202 a3321282a1804012b5c4366e8bf63887 - - default default] Successfully bumped revision number for resource aed9663c-3596-43e3-82c0-74c8f51ece36 (type: security_group_rules) to 0
2026-04-14 07:10:49.057 9 INFO neutron.db.ovn_revision_numbers_db [None req-99c61887-4ba6-4951-b6bb-ef53b24bcb9b 0112cec717984741916c7b8f21175202 a3321282a1804012b5c4366e8bf63887 - - default default] Successfully bumped revision number for resource bc87eca8-1f77-447e-be66-1ab58dedbb89 (type: security_group_rules) to 0
2026-04-14 07:10:49.084 9 INFO neutron.db.ovn_revision_numbers_db [None req-99c61887-4ba6-4951-b6bb-ef53b24bcb9b 0112cec717984741916c7b8f21175202 a3321282a1804012b5c4366e8bf63887 - - default default] Successfully bumped revision number for resource f80b2d8c-6dc2-4490-aca6-ea4c2b12f91c (type: security_group_rules) to 0
2026-04-14 07:10:49.137 9 INFO neutron.db.segments_db [None req-99c61887-4ba6-4951-b6bb-ef53b24bcb9b 0112cec717984741916c7b8f21175202 a3321282a1804012b5c4366e8bf63887 - - default default] Added segment 6433df7a-0083-42fe-8911-20554f7df45a of type geneve for network 2aa0ec3c-a724-4e17-8661-98f27035bfb9
2026-04-14 07:10:49.310 9 INFO neutron.db.ovn_revision_numbers_db [None req-99c61887-4ba6-4951-b6bb-ef53b24bcb9b 0112cec717984741916c7b8f21175202 a3321282a1804012b5c4366e8bf63887 - - default default] Successfully bumped revision number for resource 2aa0ec3c-a724-4e17-8661-98f27035bfb9 (type: networks) to 1
2026-04-14 07:10:49.552 9 WARNING neutron.scheduler.dhcp_agent_scheduler [None req-99c61887-4ba6-4951-b6bb-ef53b24bcb9b 0112cec717984741916c7b8f21175202 a3321282a1804012b5c4366e8bf63887 - - default default] No more DHCP agents
2026-04-14 07:10:49.555 9 WARNING neutron.api.rpc.agentnotifiers.dhcp_rpc_agent_api [None req-99c61887-4ba6-4951-b6bb-ef53b24bcb9b 0112cec717984741916c7b8f21175202 a3321282a1804012b5c4366e8bf63887 - - default default] Unable to schedule network 2aa0ec3c-a724-4e17-8661-98f27035bfb9: no agents available; will retry on subsequent port and subnet creation events.
2026-04-14 07:10:49.644 9 INFO neutron.db.ovn_revision_numbers_db [None req-99c61887-4ba6-4951-b6bb-ef53b24bcb9b 0112cec717984741916c7b8f21175202 a3321282a1804012b5c4366e8bf63887 - - default default] Successfully bumped revision number for resource 8dd9ba93-9393-4e19-8b86-7f7ec6a5e273 (type: ports) to 1
2026-04-14 07:10:49.678 9 INFO neutron.wsgi [None req-99c61887-4ba6-4951-b6bb-ef53b24bcb9b 0112cec717984741916c7b8f21175202 a3321282a1804012b5c4366e8bf63887 - - default default] 10.0.0.60 "POST /v2.0/networks HTTP/1.1" status: 201 len: 831 time: 1.0413594
2026-04-14 07:10:49.689 9 WARNING neutron_lib.context [None req-412520cc-1952-4fd1-a10a-df3839a7d301 0112cec717984741916c7b8f21175202 a3321282a1804012b5c4366e8bf63887 - - default default] Method 'is_advsvc' is deprecated since 2023.2 release (neutron-lib 3.8.0) and will be removed once support for the old RBAC API policies will be removed from Neutron. Please use method 'is_service_role' instead.
2026-04-14 07:10:50.041 9 WARNING neutron.scheduler.dhcp_agent_scheduler [None req-412520cc-1952-4fd1-a10a-df3839a7d301 0112cec717984741916c7b8f21175202 a3321282a1804012b5c4366e8bf63887 - - default default] No more DHCP agents
2026-04-14 07:10:50.044 9 WARNING neutron.api.rpc.agentnotifiers.dhcp_rpc_agent_api [None req-412520cc-1952-4fd1-a10a-df3839a7d301 0112cec717984741916c7b8f21175202 a3321282a1804012b5c4366e8bf63887 - - default default] Unable to schedule network 2aa0ec3c-a724-4e17-8661-98f27035bfb9: no agents available; will retry on subsequent port and subnet creation events.
2026-04-14 07:10:50.605 9 INFO neutron.db.ovn_revision_numbers_db [None req-412520cc-1952-4fd1-a10a-df3839a7d301 0112cec717984741916c7b8f21175202 a3321282a1804012b5c4366e8bf63887 - - default default] Successfully bumped revision number for resource 8dd9ba93-9393-4e19-8b86-7f7ec6a5e273 (type: ports) to 2
2026-04-14 07:10:50.657 9 INFO neutron.db.ovn_revision_numbers_db [None req-412520cc-1952-4fd1-a10a-df3839a7d301 0112cec717984741916c7b8f21175202 a3321282a1804012b5c4366e8bf63887 - - default default] Successfully bumped revision number for resource ef03c4c3-2f66-4bf8-aba4-34ce53739192 (type: subnets) to 0
2026-04-14 07:10:50.678 9 INFO neutron.wsgi [None req-412520cc-1952-4fd1-a10a-df3839a7d301 0112cec717984741916c7b8f21175202 a3321282a1804012b5c4366e8bf63887 - - default default] 10.0.0.60 "POST /v2.0/subnets HTTP/1.1" status: 201 len: 801 time: 0.9941463
2026-04-14 07:10:50.744 9 INFO neutron.wsgi [None req-09efefe0-31df-488c-a0ba-ab640f9c2474 0112cec717984741916c7b8f21175202 a3321282a1804012b5c4366e8bf63887 - - default default] 10.0.0.60 "PUT /v2.0/subnets/ef03c4c3-2f66-4bf8-aba4-34ce53739192/tags HTTP/1.1" status: 200 len: 218 time: 0.0600502
2026-04-14 07:10:50.793 9 INFO neutron.wsgi [None req-0cd5753c-238a-4ace-83e3-5e668bfa4520 0112cec717984741916c7b8f21175202 a3321282a1804012b5c4366e8bf63887 - - default default] 10.0.0.60 "GET /v2.0/subnets/ef03c4c3-2f66-4bf8-aba4-34ce53739192/tags HTTP/1.1" status: 200 len: 218 time: 0.0406325
2026-04-14 07:10:50.855 9 INFO neutron.wsgi [None req-608b75fa-b54e-40ec-b9d5-3398584c8229 0112cec717984741916c7b8f21175202 a3321282a1804012b5c4366e8bf63887 - - default default] 10.0.0.60 "PUT /v2.0/subnets/ef03c4c3-2f66-4bf8-aba4-34ce53739192/tags/green HTTP/1.1" status: 201 len: 201 time: 0.0571229
2026-04-14 07:10:50.916 9 INFO neutron.wsgi [None req-c68a6883-179a-45de-95a1-de4999d42310 0112cec717984741916c7b8f21175202 a3321282a1804012b5c4366e8bf63887 - - default default] 10.0.0.60 "GET /v2.0/subnets/ef03c4c3-2f66-4bf8-aba4-34ce53739192/tags HTTP/1.1" status: 200 len: 227 time: 0.0539768
2026-04-14 07:10:50.970 9 INFO neutron.wsgi [None req-53521adb-d457-4f4b-9eb5-868018381585 0112cec717984741916c7b8f21175202 a3321282a1804012b5c4366e8bf63887 - - default default] 10.0.0.60 "PUT /v2.0/subnets/ef03c4c3-2f66-4bf8-aba4-34ce53739192/tags/red HTTP/1.1" status: 201 len: 201 time: 0.0504990
2026-04-14 07:10:50.990 10 INFO neutron.wsgi [req-c8cbba04-5ad9-433e-a1b1-0d5c09fa81ac req-62666282-be0c-4de7-a37a-1b1cb35e10ed 934d5eed026c4bdd8e6573a3124f88cf 568f6d1da0764b62adea60542e474c4f - - default default] 10.0.0.182 "GET /v2.0/ports?device_id=d3b51818-9df0-4517-9074-bfd5aea0032a HTTP/1.1" status: 200 len: 1210 time: 0.0955462
2026-04-14 07:10:51.034 10 INFO neutron.wsgi [None req-c1b0d5e3-5a6b-468f-b8eb-dd100d213081 0112cec717984741916c7b8f21175202 a3321282a1804012b5c4366e8bf63887 - - default default] 10.0.0.60 "GET /v2.0/subnets/ef03c4c3-2f66-4bf8-aba4-34ce53739192/tags HTTP/1.1" status: 200 len: 227 time: 0.0583889
2026-04-14 07:10:51.053 10 INFO neutron.wsgi [req-c8cbba04-5ad9-433e-a1b1-0d5c09fa81ac req-6086ebe7-6373-4d75-a440-03646bcef60a 934d5eed026c4bdd8e6573a3124f88cf 568f6d1da0764b62adea60542e474c4f - - default default] 10.0.0.182 "GET /v2.0/security-groups?id=fb46e074-a967-4c6c-be69-f8d82dd2570a&id=d38988eb-9a28-45f5-afb1-ca5eef61ee96&fields=id&fields=name HTTP/1.1" status: 200 len: 405 time: 0.0541222
2026-04-14 07:10:51.114 9 INFO neutron.wsgi [None req-26d55389-78c5-4ea3-866e-5298bf368d2b 0112cec717984741916c7b8f21175202 a3321282a1804012b5c4366e8bf63887 - - default default] 10.0.0.60 "PUT /v2.0/subnets/ef03c4c3-2f66-4bf8-aba4-34ce53739192/tags/black.or.white HTTP/1.1" status: 201 len: 201 time: 0.0750070
2026-04-14 07:10:51.157 9 INFO neutron.wsgi [None req-eb9ca871-4aee-4f28-8853-ab7a8502e803 0112cec717984741916c7b8f21175202 a3321282a1804012b5c4366e8bf63887 - - default default] 10.0.0.60 "GET /v2.0/subnets/ef03c4c3-2f66-4bf8-aba4-34ce53739192/tags HTTP/1.1" status: 200 len: 245 time: 0.0369673
2026-04-14 07:10:51.275 10 INFO neutron.wsgi [None req-1aa62572-ac80-407a-930c-969cefe5510a 0112cec717984741916c7b8f21175202 a3321282a1804012b5c4366e8bf63887 - - default default] 10.0.0.60 "PUT /v2.0/subnets/ef03c4c3-2f66-4bf8-aba4-34ce53739192/tags HTTP/1.1" status: 200 len: 230 time: 0.1136687
2026-04-14 07:10:51.287 10 INFO neutron.wsgi [None req-ab065cba-1cce-481d-87b4-0cc68b39be52 0a02d0e031d849489adedd1016b1720b 8c949d0e6a4147c39b6234fd2f531672 - - default default] 10.0.0.60 "GET /v2.0/ports?device_id=d3b51818-9df0-4517-9074-bfd5aea0032a HTTP/1.1" status: 200 len: 1443 time: 0.2089360
2026-04-14 07:10:51.329 10 INFO neutron.wsgi [None req-3c8469f1-b97c-40ab-a74d-a073a8b1d9ce 0112cec717984741916c7b8f21175202 a3321282a1804012b5c4366e8bf63887 - - default default] 10.0.0.60 "GET /v2.0/subnets/ef03c4c3-2f66-4bf8-aba4-34ce53739192/tags HTTP/1.1" status: 200 len: 230 time: 0.0477962
2026-04-14 07:10:51.361 9 INFO neutron.wsgi [None req-685862eb-60c1-4aee-aa2d-a13cddf1de47 934d5eed026c4bdd8e6573a3124f88cf 568f6d1da0764b62adea60542e474c4f - - default default] 10.0.0.60 "GET /v2.0/floatingips?floating_network_id=c3f27773-0091-4883-b44e-15bc25a9428c&port_id=276b10c6-ac98-4b27-a8c3-97fd93c1cf48 HTTP/1.1" status: 200 len: 1054 time: 0.0704472
2026-04-14 07:10:51.382 10 INFO neutron.wsgi [None req-b20dc095-815c-4b25-a1c2-0187df0bd359 0112cec717984741916c7b8f21175202 a3321282a1804012b5c4366e8bf63887 - - default default] 10.0.0.60 "GET /v2.0/subnets/ef03c4c3-2f66-4bf8-aba4-34ce53739192/tags/red HTTP/1.1" status: 204 len: 168 time: 0.0491376
2026-04-14 07:10:51.608 10 INFO neutron.api.v2.resource [None req-ab492d75-4b48-41a4-842a-31ce43e54ad2 0112cec717984741916c7b8f21175202 a3321282a1804012b5c4366e8bf63887 - - default default] show failed (client error): The resource could not be found.
2026-04-14 07:10:51.609 10 INFO neutron.wsgi [None req-ab492d75-4b48-41a4-842a-31ce43e54ad2 0112cec717984741916c7b8f21175202 a3321282a1804012b5c4366e8bf63887 - - default default] 10.0.0.60 "GET /v2.0/subnets/ef03c4c3-2f66-4bf8-aba4-34ce53739192/tags/green HTTP/1.1" status: 404 len: 299 time: 0.2223282
2026-04-14 07:10:51.662 10 INFO neutron.wsgi [req-e3fbcc08-c133-4779-ab72-a5a64d5dea54 req-684be27a-aa10-4cb5-bc90-a0321c10940d 7071519e53d54dbca5cddcd54c87f29c cbe7e2eda50c40fd93d79d22a50a0674 - - 57dfbdfe5cbc4cfe88327dd0941f775f 57dfbdfe5cbc4cfe88327dd0941f775f] 10.0.0.155 "GET /v2.0/ports?device_id=d3b51818-9df0-4517-9074-bfd5aea0032a HTTP/1.1" status: 200 len: 1448 time: 0.0421350
2026-04-14 07:10:51.708 10 INFO neutron.wsgi [req-e3fbcc08-c133-4779-ab72-a5a64d5dea54 req-99083971-2eac-4ce2-83c9-0585372e8dfa 7071519e53d54dbca5cddcd54c87f29c cbe7e2eda50c40fd93d79d22a50a0674 - - 57dfbdfe5cbc4cfe88327dd0941f775f 57dfbdfe5cbc4cfe88327dd0941f775f] 10.0.0.155 "GET /v2.0/security-groups?id=fb46e074-a967-4c6c-be69-f8d82dd2570a&id=d38988eb-9a28-45f5-afb1-ca5eef61ee96&fields=id&fields=name HTTP/1.1" status: 200 len: 405 time: 0.0382807
2026-04-14 07:10:51.733 10 INFO neutron.wsgi [None req-bdceceb3-a314-45d4-9bb1-5ef6d29fc615 0112cec717984741916c7b8f21175202 a3321282a1804012b5c4366e8bf63887 - - default default] 10.0.0.60 "DELETE /v2.0/subnets/ef03c4c3-2f66-4bf8-aba4-34ce53739192/tags/red HTTP/1.1" status: 204 len: 168 time: 0.1188025
2026-04-14 07:10:51.781 9 INFO neutron.wsgi [None req-6d45b882-0027-4b16-88fe-6677eda07561 0112cec717984741916c7b8f21175202 a3321282a1804012b5c4366e8bf63887 - - default default] 10.0.0.60 "GET /v2.0/subnets/ef03c4c3-2f66-4bf8-aba4-34ce53739192/tags HTTP/1.1" status: 200 len: 223 time: 0.0425427
2026-04-14 07:10:51.843 9 INFO neutron.api.v2.resource [None req-d18cadc8-39b1-4432-9521-dba70aa14270 0112cec717984741916c7b8f21175202 a3321282a1804012b5c4366e8bf63887 - - default default] delete failed (client error): The resource could not be found.
2026-04-14 07:10:51.845 9 INFO neutron.wsgi [None req-d18cadc8-39b1-4432-9521-dba70aa14270 0112cec717984741916c7b8f21175202 a3321282a1804012b5c4366e8bf63887 - - default default] 10.0.0.60 "DELETE /v2.0/subnets/ef03c4c3-2f66-4bf8-aba4-34ce53739192/tags/green HTTP/1.1" status: 404 len: 299 time: 0.0578976
2026-04-14 07:10:51.927 9 INFO neutron.wsgi [None req-5fdc1a35-e8b8-4629-b0db-0740401198e0 0112cec717984741916c7b8f21175202 a3321282a1804012b5c4366e8bf63887 - - default default] 10.0.0.60 "DELETE /v2.0/subnets/ef03c4c3-2f66-4bf8-aba4-34ce53739192/tags HTTP/1.1" status: 204 len: 168 time: 0.0762517
2026-04-14 07:10:51.976 9 INFO neutron.wsgi [None req-70db3e4c-c06b-4fc6-b18a-975d515469e5 0112cec717984741916c7b8f21175202 a3321282a1804012b5c4366e8bf63887 - - default default] 10.0.0.60 "GET /v2.0/subnets/ef03c4c3-2f66-4bf8-aba4-34ce53739192/tags HTTP/1.1" status: 200 len: 205 time: 0.0439537
2026-04-14 07:10:52.257 9 INFO neutron.wsgi [None req-0107c176-a409-4abc-be86-8332d9a379aa 0112cec717984741916c7b8f21175202 a3321282a1804012b5c4366e8bf63887 - - default default] 10.0.0.60 "DELETE /v2.0/subnets/ef03c4c3-2f66-4bf8-aba4-34ce53739192 HTTP/1.1" status: 204 len: 168 time: 0.2593503
2026-04-14 07:10:52.742 9 INFO neutron.services.segments.plugin [-] Segment 6433df7a-0083-42fe-8911-20554f7df45a resource provider aggregate not found
2026-04-14 07:10:52.746 9 INFO neutron.services.segments.plugin [-] Segment 6433df7a-0083-42fe-8911-20554f7df45a resource provider aggregate not found
2026-04-14 07:10:52.763 9 INFO neutron.services.segments.plugin [-] Segment 6433df7a-0083-42fe-8911-20554f7df45a resource provider not found; error: Placement Client Error (4xx): {"errors": [{"status": 404, "title": "Not Found", "detail": "The resource could not be found.\n\n No resource provider with uuid 6433df7a-0083-42fe-8911-20554f7df45a found for delete ", "request_id": "req-806d6b48-7a5d-45af-9e9a-a4bc72895068"}]}
2026-04-14 07:10:52.764 9 INFO neutron.services.segments.plugin [-] Segment 6433df7a-0083-42fe-8911-20554f7df45a resource provider not found; error: Placement Client Error (4xx): {"errors": [{"status": 404, "title": "Not Found", "detail": "The resource could not be found.\n\n No resource provider with uuid 6433df7a-0083-42fe-8911-20554f7df45a found for delete ", "request_id": "req-ad4f217b-2f4b-413a-9c17-b719306cde19"}]}
2026-04-14 07:10:52.861 9 INFO neutron.wsgi [None req-70944cdb-5f65-4c01-b43c-9ea98f5cb770 0112cec717984741916c7b8f21175202 a3321282a1804012b5c4366e8bf63887 - - default default] 10.0.0.60 "DELETE /v2.0/networks/2aa0ec3c-a724-4e17-8661-98f27035bfb9 HTTP/1.1" status: 204 len: 168 time: 0.5979135
2026-04-14 07:10:54.028 10 INFO neutron.wsgi [None req-6190b43d-97f0-47f5-9b9e-6d0fbf197378 add9338a2b714f62b7234c94dba39f9b 82ded0903dba40858a978235e9bb2eb7 - - default default] 10.0.0.60 "GET /v2.0/security-groups?tenant_id=a3321282a1804012b5c4366e8bf63887&name=default HTTP/1.1" status: 200 len: 3000 time: 0.1373742
2026-04-14 07:10:54.350 10 INFO neutron.plugins.ml2.drivers.ovn.mech_driver.mech_driver [None req-7ccfdceb-07a4-42c5-97a9-55fa53fa2b74 - - - - - -] OVN reports status down for port: 276b10c6-ac98-4b27-a8c3-97fd93c1cf48
2026-04-14 07:10:54.419 9 INFO neutron.wsgi [req-243f7a89-acb0-4d8a-a0ac-c7918a557174 req-a9d95424-b16e-4873-81cf-1f7cd24abbc1 934d5eed026c4bdd8e6573a3124f88cf 568f6d1da0764b62adea60542e474c4f - - default default] 10.0.0.182 "GET /v2.0/ports?device_id=d3b51818-9df0-4517-9074-bfd5aea0032a HTTP/1.1" status: 200 len: 1210 time: 0.1186492
2026-04-14 07:10:54.467 9 INFO neutron.wsgi [req-243f7a89-acb0-4d8a-a0ac-c7918a557174 req-9ab9b4cb-84e0-4514-8bc2-52afbdc9b5cd 934d5eed026c4bdd8e6573a3124f88cf 568f6d1da0764b62adea60542e474c4f - - default default] 10.0.0.182 "GET /v2.0/security-groups?id=fb46e074-a967-4c6c-be69-f8d82dd2570a&id=d38988eb-9a28-45f5-afb1-ca5eef61ee96&fields=id&fields=name HTTP/1.1" status: 200 len: 405 time: 0.0425770
2026-04-14 07:10:54.606 10 INFO neutron.wsgi [None req-50cc3c0d-222c-45ca-b36b-4d31d768d764 add9338a2b714f62b7234c94dba39f9b 82ded0903dba40858a978235e9bb2eb7 - - default default] 10.0.0.60 "DELETE /v2.0/security-groups/d3576b33-5c38-4c88-9178-003e2881728e HTTP/1.1" status: 204 len: 168 time: 0.5736768
2026-04-14 07:10:54.625 10 INFO neutron.notifiers.nova [-] Nova event matching ['req-74316726-9c0b-4a1f-92e9-510ade7dbde9'] response: {'server_uuid': 'd3b51818-9df0-4517-9074-bfd5aea0032a', 'name': 'network-vif-unplugged', 'status': 'completed', 'tag': '276b10c6-ac98-4b27-a8c3-97fd93c1cf48', 'code': 200}
2026-04-14 07:10:54.760 10 INFO neutron.wsgi [req-925a488c-97f5-49be-aa99-70e24b5bc4f4 req-c072b9ef-58ad-422d-b28f-1a14ea197050 934d5eed026c4bdd8e6573a3124f88cf 568f6d1da0764b62adea60542e474c4f - - default default] 199.204.45.222 "GET /v2.0/ports?device_id=d3b51818-9df0-4517-9074-bfd5aea0032a HTTP/1.1" status: 200 len: 1208 time: 0.0534453
2026-04-14 07:10:55.096 10 INFO neutron.db.ovn_revision_numbers_db [None req-7ccfdceb-07a4-42c5-97a9-55fa53fa2b74 - - - - - -] Successfully bumped revision number for resource 276b10c6-ac98-4b27-a8c3-97fd93c1cf48 (type: ports) to 5
2026-04-14 07:10:55.096 9 INFO neutron.db.ovn_revision_numbers_db [None req-1ca48f21-935d-4ecf-80e4-82e26f5de108 add9338a2b714f62b7234c94dba39f9b 82ded0903dba40858a978235e9bb2eb7 - - default default] Successfully bumped revision number for resource e9dfeeb3-e504-4811-a103-f77bf991dcdc (type: security_groups) to 1
2026-04-14 07:10:55.125 9 INFO neutron.db.ovn_revision_numbers_db [None req-1ca48f21-935d-4ecf-80e4-82e26f5de108 add9338a2b714f62b7234c94dba39f9b 82ded0903dba40858a978235e9bb2eb7 - - default default] Successfully bumped revision number for resource 95fe9ff4-7f19-4267-8f28-c8a3bbd23878 (type: security_group_rules) to 0
2026-04-14 07:10:55.165 9 INFO neutron.db.ovn_revision_numbers_db [None req-1ca48f21-935d-4ecf-80e4-82e26f5de108 add9338a2b714f62b7234c94dba39f9b 82ded0903dba40858a978235e9bb2eb7 - - default default] Successfully bumped revision number for resource b06959cd-fe15-4c43-91cf-ab93b5741933 (type: security_group_rules) to 0
2026-04-14 07:10:55.233 9 INFO neutron.db.ovn_revision_numbers_db [None req-1ca48f21-935d-4ecf-80e4-82e26f5de108 add9338a2b714f62b7234c94dba39f9b 82ded0903dba40858a978235e9bb2eb7 - - default default] Successfully bumped revision number for resource b1e100d5-e578-4104-ad20-9814285c2671 (type: security_group_rules) to 0
2026-04-14 07:10:55.295 9 INFO neutron.db.ovn_revision_numbers_db [None req-1ca48f21-935d-4ecf-80e4-82e26f5de108 add9338a2b714f62b7234c94dba39f9b 82ded0903dba40858a978235e9bb2eb7 - - default default] Successfully bumped revision number for resource b3c7a423-3569-416a-a4a2-6543c6448422 (type: security_group_rules) to 0
2026-04-14 07:10:55.309 10 INFO neutron.db.l3_db [req-925a488c-97f5-49be-aa99-70e24b5bc4f4 req-91acd78e-1828-4b41-acac-8e8530a23d19 934d5eed026c4bdd8e6573a3124f88cf 568f6d1da0764b62adea60542e474c4f - - default default] Floating IP 216e6389-3d42-4fc4-baf7-465fa64b440a disassociated. External IP: 10.96.250.220, port: 276b10c6-ac98-4b27-a8c3-97fd93c1cf48.
2026-04-14 07:10:55.352 9 INFO neutron.wsgi [None req-1ca48f21-935d-4ecf-80e4-82e26f5de108 add9338a2b714f62b7234c94dba39f9b 82ded0903dba40858a978235e9bb2eb7 - - default default] 10.0.0.60 "GET /v2.0/security-groups?tenant_id=e8cbd085aca241999cb8bd66f3e5ac08&name=default HTTP/1.1" status: 200 len: 3000 time: 0.4970937 /var/lib/openstack/lib/python3.10/site-packages/pycadf/identifier.py:71: UserWarning: Invalid uuid: neutron. To ensure interoperability, identifiers should be a valid uuid. warnings.warn(('Invalid uuid: %s. To ensure interoperability, '
2026-04-14 07:10:55.583 9 INFO neutron.wsgi [req-7978ef38-fc51-42eb-b36c-eae8717e4c97 req-1e744218-927e-458e-a4b6-078b9290a71d 934d5eed026c4bdd8e6573a3124f88cf 568f6d1da0764b62adea60542e474c4f - - default default] 10.0.0.182 "GET /v2.0/ports?device_id=d3b51818-9df0-4517-9074-bfd5aea0032a HTTP/1.1" status: 200 len: 210 time: 0.0444958
2026-04-14 07:10:55.628 10 INFO neutron.wsgi [req-925a488c-97f5-49be-aa99-70e24b5bc4f4 req-91acd78e-1828-4b41-acac-8e8530a23d19 934d5eed026c4bdd8e6573a3124f88cf 568f6d1da0764b62adea60542e474c4f - - default default] 199.204.45.222 "DELETE /v2.0/ports/276b10c6-ac98-4b27-a8c3-97fd93c1cf48 HTTP/1.1" status: 204 len: 173 time: 0.8625083
2026-04-14 07:10:55.665 10 INFO neutron.wsgi [-] 10.0.0.187 "GET / HTTP/1.1" status: 200 len: 246 time: 0.0025301
2026-04-14 07:10:55.665 9 INFO neutron.wsgi [-] 10.0.0.187 "GET / HTTP/1.1" status: 200 len: 246 time: 0.0027568
2026-04-14 07:10:55.928 9 INFO neutron.wsgi [None req-8cc5ad93-e404-43c2-8a4d-b576f5fca5d7 add9338a2b714f62b7234c94dba39f9b 82ded0903dba40858a978235e9bb2eb7 - - default default] 10.0.0.60 "DELETE /v2.0/security-groups/e9dfeeb3-e504-4811-a103-f77bf991dcdc HTTP/1.1" status: 204 len: 168 time: 0.5716724
2026-04-14 07:10:56.671 10 INFO neutron.notifiers.nova [-] Nova event matching ['req-15859c6b-c237-4851-8cc6-0636611af540'] response: {'server_uuid': 'd3b51818-9df0-4517-9074-bfd5aea0032a', 'name': 'network-vif-plugged', 'status': 'completed', 'tag': '276b10c6-ac98-4b27-a8c3-97fd93c1cf48', 'code': 200}
2026-04-14 07:10:56.671 10 INFO neutron.notifiers.nova [-] Nova event matching ['req-15859c6b-c237-4851-8cc6-0636611af540'] response: {'server_uuid': 'd3b51818-9df0-4517-9074-bfd5aea0032a', 'name': 'network-vif-deleted', 'tag': '276b10c6-ac98-4b27-a8c3-97fd93c1cf48', 'status': 'completed', 'code': 200} /var/lib/openstack/lib/python3.10/site-packages/pycadf/identifier.py:71: UserWarning: Invalid uuid: neutron. To ensure interoperability, identifiers should be a valid uuid. warnings.warn(('Invalid uuid: %s. To ensure interoperability, '
2026-04-14 07:10:56.976 10 INFO neutron.wsgi [None req-331e0572-fe2d-4f65-9994-a82f4b4d486e 934d5eed026c4bdd8e6573a3124f88cf 568f6d1da0764b62adea60542e474c4f - - default default] 10.0.0.60 "DELETE /v2.0/security-groups/d38988eb-9a28-45f5-afb1-ca5eef61ee96 HTTP/1.1" status: 204 len: 168 time: 0.1880186
2026-04-14 07:10:56.994 10 INFO neutron.api.v2.resource [None req-3b81d57c-b5fb-4684-b79b-07e286c2f8fe 934d5eed026c4bdd8e6573a3124f88cf 568f6d1da0764b62adea60542e474c4f - - default default] show failed (client error): The resource could not be found.
2026-04-14 07:10:56.995 10 INFO neutron.wsgi [None req-3b81d57c-b5fb-4684-b79b-07e286c2f8fe 934d5eed026c4bdd8e6573a3124f88cf 568f6d1da0764b62adea60542e474c4f - - default default] 10.0.0.60 "GET /v2.0/security-groups/d38988eb-9a28-45f5-afb1-ca5eef61ee96 HTTP/1.1" status: 404 len: 347 time: 0.0136795
2026-04-14 07:10:57.450 10 INFO neutron.wsgi [None req-421c1fa1-fb8f-4b35-917f-d5ef715a8298 934d5eed026c4bdd8e6573a3124f88cf 568f6d1da0764b62adea60542e474c4f - - default default] 10.0.0.60 "DELETE /v2.0/floatingips/216e6389-3d42-4fc4-baf7-465fa64b440a HTTP/1.1" status: 204 len: 168 time: 0.4482973
2026-04-14 07:10:57.785 10 INFO neutron.wsgi [None req-70ea9bf7-f00d-421d-9b4f-fe120bb40055 934d5eed026c4bdd8e6573a3124f88cf 568f6d1da0764b62adea60542e474c4f - - default default] 10.0.0.60 "DELETE /v2.0/security-groups/fb46e074-a967-4c6c-be69-f8d82dd2570a HTTP/1.1" status: 204 len: 168 time: 0.3282423
2026-04-14 07:10:59.477 9 INFO neutron.wsgi [None req-84a7bc1b-4fc9-410c-991d-9e99ebce5e48 add9338a2b714f62b7234c94dba39f9b 82ded0903dba40858a978235e9bb2eb7 - - default default] 10.0.0.60 "PUT /v2.0/routers/cc3b2f33-5a38-4eb8-8a10-396a390ce8b7/remove_router_interface HTTP/1.1" status: 200 len: 503 time: 1.5789776
2026-04-14 07:11:00.455 10 INFO neutron.wsgi [None req-ffcfbe7a-3471-4e95-b87a-4dcc6c3f46e3 add9338a2b714f62b7234c94dba39f9b 82ded0903dba40858a978235e9bb2eb7 - - default default] 10.0.0.60 "DELETE /v2.0/routers/cc3b2f33-5a38-4eb8-8a10-396a390ce8b7 HTTP/1.1" status: 204 len: 168 time: 0.9740500 /var/lib/openstack/lib/python3.10/site-packages/pycadf/identifier.py:71: UserWarning: Invalid uuid: neutron. To ensure interoperability, identifiers should be a valid uuid. warnings.warn(('Invalid uuid: %s. To ensure interoperability, '
2026-04-14 07:11:00.649 9 INFO neutron.wsgi [None req-d6a53a32-11ef-475c-b981-1b851e67bc61 add9338a2b714f62b7234c94dba39f9b 82ded0903dba40858a978235e9bb2eb7 - - default default] 10.0.0.60 "DELETE /v2.0/subnets/c3e9117c-f499-459d-99de-9903669c27b7 HTTP/1.1" status: 204 len: 168 time: 0.1892447
2026-04-14 07:11:00.981 9 INFO neutron.services.segments.plugin [-] Segment be5c4a46-775f-4dda-92e4-441e4aa42ab1 resource provider aggregate not found
2026-04-14 07:11:00.985 9 INFO neutron.services.segments.plugin [-] Segment be5c4a46-775f-4dda-92e4-441e4aa42ab1 resource provider aggregate not found
2026-04-14 07:11:01.002 9 INFO neutron.services.segments.plugin [-] Segment be5c4a46-775f-4dda-92e4-441e4aa42ab1 resource provider not found; error: Placement Client Error (4xx): {"errors": [{"status": 404, "title": "Not Found", "detail": "The resource could not be found.\n\n No resource provider with uuid be5c4a46-775f-4dda-92e4-441e4aa42ab1 found for delete ", "request_id": "req-85efac21-f9a1-4115-8ae2-0007777d9e5a"}]}
2026-04-14 07:11:01.008 9 INFO neutron.services.segments.plugin [-] Segment be5c4a46-775f-4dda-92e4-441e4aa42ab1 resource provider not found; error: Placement Client Error (4xx): {"errors": [{"status": 404, "title": "Not Found", "detail": "The resource could not be found.\n\n No resource provider with uuid be5c4a46-775f-4dda-92e4-441e4aa42ab1 found for delete ", "request_id": "req-0deda631-731a-4931-ad8d-5ed977689637"}]}
2026-04-14 07:11:01.017 9 INFO neutron.wsgi [None req-8637fe51-1544-420b-a169-6779d831d661 add9338a2b714f62b7234c94dba39f9b 82ded0903dba40858a978235e9bb2eb7 - - default default] 10.0.0.60 "DELETE /v2.0/networks/72c3737d-e68f-4e62-9000-67fadd360d36 HTTP/1.1" status: 204 len: 168 time: 0.3608003
2026-04-14 07:11:02.307 10 INFO neutron.wsgi [None req-27db9613-89c3-4b2a-8137-ac31aec6de3c add9338a2b714f62b7234c94dba39f9b 82ded0903dba40858a978235e9bb2eb7 - - default default] 10.0.0.60 "PUT /v2.0/routers/a0b389b3-50e3-43e3-93ad-e34e9b0ea66b/remove_router_interface HTTP/1.1" status: 200 len: 503 time: 1.2832658
2026-04-14 07:11:03.436 9 INFO neutron.wsgi [None req-142c40fa-257c-4d88-80f8-7008e8a27e47 add9338a2b714f62b7234c94dba39f9b 82ded0903dba40858a978235e9bb2eb7 - - default default] 10.0.0.60 "DELETE /v2.0/routers/a0b389b3-50e3-43e3-93ad-e34e9b0ea66b HTTP/1.1" status: 204 len: 168 time: 1.1233351
2026-04-14 07:11:03.689 9 INFO neutron.wsgi [None req-bc70ff71-560a-4ef6-a045-d16e2003405c add9338a2b714f62b7234c94dba39f9b 82ded0903dba40858a978235e9bb2eb7 - - default default] 10.0.0.60 "DELETE /v2.0/subnets/95fc540d-c853-48ef-a1c9-c4042d5129f6 HTTP/1.1" status: 204 len: 168 time: 0.2479157
2026-04-14 07:11:04.044 9 INFO neutron.services.segments.plugin [-] Segment 1eabfe10-4dbe-4eaf-8dc7-4ddc05d23a32 resource provider aggregate not found
2026-04-14 07:11:04.049 9 INFO neutron.services.segments.plugin [-] Segment 1eabfe10-4dbe-4eaf-8dc7-4ddc05d23a32 resource provider aggregate not found
2026-04-14 07:11:04.066 9 INFO neutron.services.segments.plugin [-] Segment 1eabfe10-4dbe-4eaf-8dc7-4ddc05d23a32 resource provider not found; error: Placement Client Error (4xx): {"errors": [{"status": 404, "title": "Not Found", "detail": "The resource could not be found.\n\n No resource provider with uuid 1eabfe10-4dbe-4eaf-8dc7-4ddc05d23a32 found for delete ", "request_id": "req-34579a40-74e5-4f23-8f42-f7771f098e26"}]}
2026-04-14 07:11:04.074 9 INFO neutron.services.segments.plugin [-] Segment 1eabfe10-4dbe-4eaf-8dc7-4ddc05d23a32 resource provider not found; error: Placement Client Error (4xx): {"errors": [{"status": 404, "title": "Not Found", "detail": "The resource could not be found.\n\n No resource provider with uuid 1eabfe10-4dbe-4eaf-8dc7-4ddc05d23a32 found for delete ", "request_id": "req-d2e59a97-8fba-48e4-b599-cbb92cc12897"}]}
2026-04-14 07:11:04.128 9 INFO neutron.wsgi [None req-0baa2245-5e8b-48c7-b417-b22411710ccb add9338a2b714f62b7234c94dba39f9b 82ded0903dba40858a978235e9bb2eb7 - - default default] 10.0.0.60 "DELETE /v2.0/networks/4633a715-46d1-4a35-a8d9-3e3ff7d2268e HTTP/1.1" status: 204 len: 168 time: 0.4336691 /var/lib/openstack/lib/python3.10/site-packages/pycadf/identifier.py:71: UserWarning: Invalid uuid: neutron. To ensure interoperability, identifiers should be a valid uuid. warnings.warn(('Invalid uuid: %s. To ensure interoperability, '
2026-04-14 07:11:04.704 10 INFO neutron.wsgi [None req-b2c3a295-8596-4821-9aba-4a42e6a3930f add9338a2b714f62b7234c94dba39f9b 82ded0903dba40858a978235e9bb2eb7 - - default default] 10.0.0.60 "GET /v2.0/security-groups?tenant_id=568f6d1da0764b62adea60542e474c4f&name=default HTTP/1.1" status: 200 len: 2996 time: 0.0542405
2026-04-14 07:11:04.975 10 INFO neutron.wsgi [None req-fe8b63ef-4649-4aa5-a6c1-93b908e67c25 add9338a2b714f62b7234c94dba39f9b 82ded0903dba40858a978235e9bb2eb7 - - default default] 10.0.0.60 "DELETE /v2.0/security-groups/1818c9ca-01a1-4354-86eb-2e66b89bff56 HTTP/1.1" status: 204 len: 168 time: 0.2652304
2026-04-14 07:11:05.217 9 INFO neutron.wsgi [None req-7571279f-6d41-453a-ab4e-4cd15e259e31 add9338a2b714f62b7234c94dba39f9b 82ded0903dba40858a978235e9bb2eb7 - - default default] 10.0.0.60 "GET /v2.0/security-groups?tenant_id=8c949d0e6a4147c39b6234fd2f531672&name=default HTTP/1.1" status: 200 len: 2996 time: 0.0394182
2026-04-14 07:11:05.451 9 INFO neutron.wsgi [None req-1c562b03-fb80-48e9-a5a2-7582c9bc3d25 add9338a2b714f62b7234c94dba39f9b 82ded0903dba40858a978235e9bb2eb7 - - default default] 10.0.0.60 "DELETE /v2.0/security-groups/c64997b9-3645-4488-9763-bc3aa0064a6c HTTP/1.1" status: 204 len: 168 time: 0.2293389
2026-04-14 07:11:10.369 9 INFO neutron.db.ovn_revision_numbers_db [None req-6cc030b0-1aac-4c13-97af-825233326820 92919d7bae7d4e4c966ef3a75eb8f819 345ab0922f8049d4825c43e736bac724 - - default default] Successfully bumped revision number for resource 206550a1-45b5-40a6-a3f9-66d7101abd2a (type: security_groups) to 1
2026-04-14 07:11:10.422 9 INFO neutron.db.ovn_revision_numbers_db [None req-6cc030b0-1aac-4c13-97af-825233326820 92919d7bae7d4e4c966ef3a75eb8f819 345ab0922f8049d4825c43e736bac724 - - default default] Successfully bumped revision number for resource 819dd2b0-6148-474a-b38a-97fc432ef88f (type: security_group_rules) to 0
2026-04-14 07:11:10.500 9 INFO neutron.db.ovn_revision_numbers_db [None req-6cc030b0-1aac-4c13-97af-825233326820 92919d7bae7d4e4c966ef3a75eb8f819 345ab0922f8049d4825c43e736bac724 - - default default] Successfully bumped revision number for resource aaf9f6cf-657d-4b64-a01e-8af86b9fde93 (type: security_group_rules) to 0
2026-04-14 07:11:10.515 9 INFO neutron.db.ovn_revision_numbers_db [None req-6cc030b0-1aac-4c13-97af-825233326820 92919d7bae7d4e4c966ef3a75eb8f819 345ab0922f8049d4825c43e736bac724 - - default default] Successfully bumped revision number for resource f4dcd140-fd3c-45ba-9619-7187362a6598 (type: security_group_rules) to 0
2026-04-14 07:11:10.529 9 INFO neutron.db.ovn_revision_numbers_db [None req-6cc030b0-1aac-4c13-97af-825233326820 92919d7bae7d4e4c966ef3a75eb8f819 345ab0922f8049d4825c43e736bac724 - - default default] Successfully bumped revision number for resource fe077710-695f-4d58-a3e5-b2e08790eef5 (type: security_group_rules) to 0
2026-04-14 07:11:10.583 9 INFO neutron.db.segments_db [None req-6cc030b0-1aac-4c13-97af-825233326820 92919d7bae7d4e4c966ef3a75eb8f819 345ab0922f8049d4825c43e736bac724 - - default default] Added segment 97197f4f-03d0-41de-a573-84c90c6f2c45 of type geneve for network d942bcb3-ddc5-4668-a022-95bd424bfdca
2026-04-14 07:11:10.664 9 INFO neutron.wsgi [-] 10.0.0.187 "GET / HTTP/1.1" status: 200 len: 246 time: 0.0018415
2026-04-14 07:11:10.665 10 INFO neutron.wsgi [-] 10.0.0.187 "GET / HTTP/1.1" status: 200 len: 246 time: 0.0019000
2026-04-14 07:11:10.938 9 INFO neutron.db.ovn_revision_numbers_db [None req-6cc030b0-1aac-4c13-97af-825233326820 92919d7bae7d4e4c966ef3a75eb8f819 345ab0922f8049d4825c43e736bac724 - - default default] Successfully bumped revision number for resource d942bcb3-ddc5-4668-a022-95bd424bfdca (type: networks) to 1
2026-04-14 07:11:11.117 9 WARNING neutron.scheduler.dhcp_agent_scheduler [None req-6cc030b0-1aac-4c13-97af-825233326820 92919d7bae7d4e4c966ef3a75eb8f819 345ab0922f8049d4825c43e736bac724 - - default default] No more DHCP agents
2026-04-14 07:11:11.119 9 WARNING neutron.api.rpc.agentnotifiers.dhcp_rpc_agent_api [None req-6cc030b0-1aac-4c13-97af-825233326820 92919d7bae7d4e4c966ef3a75eb8f819 345ab0922f8049d4825c43e736bac724 - - default default] Unable to schedule network d942bcb3-ddc5-4668-a022-95bd424bfdca: no agents available; will retry on subsequent port and subnet creation events.
2026-04-14 07:11:11.209 9 INFO neutron.db.ovn_revision_numbers_db [None req-6cc030b0-1aac-4c13-97af-825233326820 92919d7bae7d4e4c966ef3a75eb8f819 345ab0922f8049d4825c43e736bac724 - - default default] Successfully bumped revision number for resource 82110a63-e50b-45a9-813e-7995e75fd803 (type: ports) to 1
2026-04-14 07:11:11.247 9 INFO neutron.wsgi [None req-6cc030b0-1aac-4c13-97af-825233326820 92919d7bae7d4e4c966ef3a75eb8f819 345ab0922f8049d4825c43e736bac724 - - default default] 10.0.0.60 "POST /v2.0/networks HTTP/1.1" status: 201 len: 929 time: 1.2242911
2026-04-14 07:11:11.405 10 WARNING neutron.scheduler.dhcp_agent_scheduler [None req-2dc4cad8-da68-47a6-9b0d-aef7f1226381 92919d7bae7d4e4c966ef3a75eb8f819 345ab0922f8049d4825c43e736bac724 - - default default] No more DHCP agents
2026-04-14 07:11:11.406 10 WARNING neutron.api.rpc.agentnotifiers.dhcp_rpc_agent_api [None req-2dc4cad8-da68-47a6-9b0d-aef7f1226381 92919d7bae7d4e4c966ef3a75eb8f819 345ab0922f8049d4825c43e736bac724 - - default default] Unable to schedule network d942bcb3-ddc5-4668-a022-95bd424bfdca: no agents available; will retry on subsequent port and subnet creation events.
2026-04-14 07:11:11.918 10 INFO neutron.db.ovn_revision_numbers_db [None req-2dc4cad8-da68-47a6-9b0d-aef7f1226381 92919d7bae7d4e4c966ef3a75eb8f819 345ab0922f8049d4825c43e736bac724 - - default default] Successfully bumped revision number for resource 82110a63-e50b-45a9-813e-7995e75fd803 (type: ports) to 2
2026-04-14 07:11:11.954 10 INFO neutron.db.ovn_revision_numbers_db [None req-2dc4cad8-da68-47a6-9b0d-aef7f1226381 92919d7bae7d4e4c966ef3a75eb8f819 345ab0922f8049d4825c43e736bac724 - - default default] Successfully bumped revision number for resource 419bf399-9105-4318-a733-613e2fe05907 (type: subnets) to 0
2026-04-14 07:11:11.970 10 INFO neutron.wsgi [None req-2dc4cad8-da68-47a6-9b0d-aef7f1226381 92919d7bae7d4e4c966ef3a75eb8f819 345ab0922f8049d4825c43e736bac724 - - default default] 10.0.0.60 "POST /v2.0/subnets HTTP/1.1" status: 201 len: 819 time: 0.7172084
2026-04-14 07:11:11.979 10 WARNING neutron.api.v2.base [None req-025c15b0-8285-4c62-8007-66595b07618a 92919d7bae7d4e4c966ef3a75eb8f819 345ab0922f8049d4825c43e736bac724 - - default default] An exception happened while processing the request body. The exception message is [Invalid input for target_tenant. Reason: 'None' is not a valid string.].: webob.exc.HTTPBadRequest: Invalid input for target_tenant. Reason: 'None' is not a valid string.
2026-04-14 07:11:11.980 10 INFO neutron.api.v2.resource [None req-025c15b0-8285-4c62-8007-66595b07618a 92919d7bae7d4e4c966ef3a75eb8f819 345ab0922f8049d4825c43e736bac724 - - default default] create failed (client error): Invalid input for target_tenant. Reason: 'None' is not a valid string.
2026-04-14 07:11:11.981 10 INFO neutron.wsgi [None req-025c15b0-8285-4c62-8007-66595b07618a 92919d7bae7d4e4c966ef3a75eb8f819 345ab0922f8049d4825c43e736bac724 - - default default] 10.0.0.60 "POST /v2.0/rbac-policies HTTP/1.1" status: 400 len: 346 time: 0.0069139
2026-04-14 07:11:12.564 10 INFO neutron.services.segments.plugin [-] Segment 97197f4f-03d0-41de-a573-84c90c6f2c45 resource provider aggregate not found
2026-04-14 07:11:12.569 10 INFO neutron.services.segments.plugin [-] Segment 97197f4f-03d0-41de-a573-84c90c6f2c45 resource provider aggregate not found
2026-04-14 07:11:12.586 10 INFO neutron.services.segments.plugin [-] Segment 97197f4f-03d0-41de-a573-84c90c6f2c45 resource provider not found; error: Placement Client Error (4xx): {"errors": [{"status": 404, "title": "Not Found", "detail": "The resource could not be found.\n\n No resource provider with uuid 97197f4f-03d0-41de-a573-84c90c6f2c45 found for delete ", "request_id": "req-58e27a9e-5f53-4cdc-9d66-8b38060226dc"}]}
2026-04-14 07:11:12.589 10 INFO neutron.services.segments.plugin [-] Segment 97197f4f-03d0-41de-a573-84c90c6f2c45 resource provider not found; error: Placement Client Error (4xx): {"errors": [{"status": 404, "title": "Not Found", "detail": "The resource could not be found.\n\n No resource provider with uuid 97197f4f-03d0-41de-a573-84c90c6f2c45 found for delete ", "request_id": "req-9a705dd0-d6c6-4d2c-b89a-82b5627e077e"}]}
2026-04-14 07:11:12.612 10 INFO neutron.wsgi [None req-f402bfe5-1ba9-42c5-93c9-fcad6110c552 92919d7bae7d4e4c966ef3a75eb8f819 345ab0922f8049d4825c43e736bac724 - - default default] 10.0.0.60 "DELETE /v2.0/networks/d942bcb3-ddc5-4668-a022-95bd424bfdca HTTP/1.1" status: 204 len: 168 time: 0.6265633
2026-04-14 07:11:12.716 9 INFO neutron.db.segments_db [None req-9a9a50cb-d37a-46f6-b060-3768ced1d1b1 92919d7bae7d4e4c966ef3a75eb8f819 345ab0922f8049d4825c43e736bac724 - - default default] Added segment e68eddac-fd69-4e42-a9ea-d5d7a7dd9be9 of type geneve for network 7a5e8970-b17f-4f36-a795-764d0c819591
2026-04-14 07:11:12.909 9 INFO neutron.db.ovn_revision_numbers_db [None req-9a9a50cb-d37a-46f6-b060-3768ced1d1b1 92919d7bae7d4e4c966ef3a75eb8f819 345ab0922f8049d4825c43e736bac724 - - default default] Successfully bumped revision number for resource 7a5e8970-b17f-4f36-a795-764d0c819591 (type: networks) to 1
2026-04-14 07:11:13.143 9 WARNING neutron.scheduler.dhcp_agent_scheduler [None req-9a9a50cb-d37a-46f6-b060-3768ced1d1b1 92919d7bae7d4e4c966ef3a75eb8f819 345ab0922f8049d4825c43e736bac724 - - default default] No more DHCP agents
2026-04-14 07:11:13.145 9 WARNING neutron.api.rpc.agentnotifiers.dhcp_rpc_agent_api [None req-9a9a50cb-d37a-46f6-b060-3768ced1d1b1 92919d7bae7d4e4c966ef3a75eb8f819 345ab0922f8049d4825c43e736bac724 - - default default] Unable to schedule network 7a5e8970-b17f-4f36-a795-764d0c819591: no agents available; will retry on subsequent port and subnet creation events.
2026-04-14 07:11:13.270 9 INFO neutron.db.ovn_revision_numbers_db [None req-9a9a50cb-d37a-46f6-b060-3768ced1d1b1 92919d7bae7d4e4c966ef3a75eb8f819 345ab0922f8049d4825c43e736bac724 - - default default] Successfully bumped revision number for resource 2e43fd7a-de62-4045-80b8-4db918fbc8f7 (type: ports) to 1
2026-04-14 07:11:13.305 9 INFO neutron.wsgi [None req-9a9a50cb-d37a-46f6-b060-3768ced1d1b1 92919d7bae7d4e4c966ef3a75eb8f819 345ab0922f8049d4825c43e736bac724 - - default default] 10.0.0.60 "POST /v2.0/networks HTTP/1.1" status: 201 len: 929 time: 0.6870244
2026-04-14 07:11:13.498 9 WARNING neutron.scheduler.dhcp_agent_scheduler [None req-1f0d2b09-9c1b-4ff9-881c-a77c08c2b439 92919d7bae7d4e4c966ef3a75eb8f819 345ab0922f8049d4825c43e736bac724 - - default default] No more DHCP agents
2026-04-14 07:11:13.502 9 WARNING neutron.api.rpc.agentnotifiers.dhcp_rpc_agent_api [None req-1f0d2b09-9c1b-4ff9-881c-a77c08c2b439 92919d7bae7d4e4c966ef3a75eb8f819 345ab0922f8049d4825c43e736bac724 - - default default] Unable to schedule network 7a5e8970-b17f-4f36-a795-764d0c819591: no agents available; will retry on subsequent port and subnet creation events.
2026-04-14 07:11:14.030 9 INFO neutron.db.ovn_revision_numbers_db [None req-1f0d2b09-9c1b-4ff9-881c-a77c08c2b439 92919d7bae7d4e4c966ef3a75eb8f819 345ab0922f8049d4825c43e736bac724 - - default default] Successfully bumped revision number for resource 2e43fd7a-de62-4045-80b8-4db918fbc8f7 (type: ports) to 2
2026-04-14 07:11:14.066 9 INFO neutron.db.ovn_revision_numbers_db [None req-1f0d2b09-9c1b-4ff9-881c-a77c08c2b439 92919d7bae7d4e4c966ef3a75eb8f819 345ab0922f8049d4825c43e736bac724 - - default default] Successfully bumped revision number for resource a65ae280-d59b-4ce9-9c07-3ac48d295b59 (type: subnets) to 0
2026-04-14 07:11:14.085 9 INFO neutron.wsgi [None req-1f0d2b09-9c1b-4ff9-881c-a77c08c2b439 92919d7bae7d4e4c966ef3a75eb8f819 345ab0922f8049d4825c43e736bac724 - - default default] 10.0.0.60 "POST /v2.0/subnets HTTP/1.1" status: 201 len: 822 time: 0.7616651
2026-04-14 07:11:14.094 9 WARNING neutron.api.v2.base [None req-9eea26de-8407-4c1f-9654-3fcebf4f96ca 92919d7bae7d4e4c966ef3a75eb8f819 345ab0922f8049d4825c43e736bac724 - - default default] An exception happened while processing the request body. The exception message is [Invalid input for target_tenant. Reason: '1234123412341234123412341234123412341234123412341234123412341234123412341234123412341234123412341234123412341234123412341234123412341234123412341234123412341234123412341234123412341234123412341234123412341234123412341234123412341234123412341234123412341234123412341234123412341234123412341234123412341234123412341234123412341234123412341234123412341234123412341234123412341234123412341234123412341234' exceeds maximum length of 255.].: webob.exc.HTTPBadRequest: Invalid input for target_tenant. Reason: '1234123412341234123412341234123412341234123412341234123412341234123412341234123412341234123412341234123412341234123412341234123412341234123412341234123412341234123412341234123412341234123412341234123412341234123412341234123412341234123412341234123412341234123412341234123412341234123412341234123412341234123412341234123412341234123412341234123412341234123412341234123412341234123412341234123412341234' exceeds maximum length of 255.
2026-04-14 07:11:14.095 9 INFO neutron.api.v2.resource [None req-9eea26de-8407-4c1f-9654-3fcebf4f96ca 92919d7bae7d4e4c966ef3a75eb8f819 345ab0922f8049d4825c43e736bac724 - - default default] create failed (client error): Invalid input for target_tenant. Reason: '1234123412341234123412341234123412341234123412341234123412341234123412341234123412341234123412341234123412341234123412341234123412341234123412341234123412341234123412341234123412341234123412341234123412341234123412341234123412341234123412341234123412341234123412341234123412341234123412341234123412341234123412341234123412341234123412341234123412341234123412341234123412341234123412341234123412341234' exceeds maximum length of 255.
2026-04-14 07:11:14.096 9 INFO neutron.wsgi [None req-9eea26de-8407-4c1f-9654-3fcebf4f96ca 92919d7bae7d4e4c966ef3a75eb8f819 345ab0922f8049d4825c43e736bac724 - - default default] 10.0.0.60 "POST /v2.0/rbac-policies HTTP/1.1" status: 400 len: 750 time: 0.0068743
2026-04-14 07:11:14.653 9 INFO neutron.services.segments.plugin [-] Segment e68eddac-fd69-4e42-a9ea-d5d7a7dd9be9 resource provider aggregate not found
2026-04-14 07:11:14.661 9 INFO neutron.services.segments.plugin [-] Segment e68eddac-fd69-4e42-a9ea-d5d7a7dd9be9 resource provider aggregate not found
2026-04-14 07:11:14.672 9 INFO neutron.services.segments.plugin [-] Segment e68eddac-fd69-4e42-a9ea-d5d7a7dd9be9 resource provider not found; error: Placement Client Error (4xx): {"errors": [{"status": 404, "title": "Not Found", "detail": "The resource could not be found.\n\n No resource provider with uuid e68eddac-fd69-4e42-a9ea-d5d7a7dd9be9 found for delete ", "request_id": "req-7d9021f4-c772-4ee7-991f-1669ba09ad23"}]}
2026-04-14 07:11:14.679 9 INFO neutron.services.segments.plugin [-] Segment e68eddac-fd69-4e42-a9ea-d5d7a7dd9be9 resource provider not found; error: Placement Client Error (4xx): {"errors": [{"status": 404, "title": "Not Found", "detail": "The resource could not be found.\n\n No resource provider with uuid e68eddac-fd69-4e42-a9ea-d5d7a7dd9be9 found for delete ", "request_id": "req-697c0712-dcfd-4176-8a95-d7c96d1a0925"}]}
2026-04-14 07:11:14.699 9 INFO neutron.wsgi [None req-f9df2f0f-09df-4872-b6b4-789ab3928c7d 92919d7bae7d4e4c966ef3a75eb8f819 345ab0922f8049d4825c43e736bac724 - - default default] 10.0.0.60 "DELETE /v2.0/networks/7a5e8970-b17f-4f36-a795-764d0c819591 HTTP/1.1" status: 204 len: 168 time: 0.5969770
2026-04-14 07:11:14.800 10 INFO neutron.db.segments_db [None req-2f27c8a5-079c-4f03-afae-a57b4a19401b 92919d7bae7d4e4c966ef3a75eb8f819 345ab0922f8049d4825c43e736bac724 - - default default] Added segment fa0b669d-ab5e-4829-a0df-aa7b89e865d9 of type geneve for network 3acf77fa-f819-4948-9aad-e349e4cc2bbf
2026-04-14 07:11:14.958 10 INFO neutron.db.ovn_revision_numbers_db [None req-2f27c8a5-079c-4f03-afae-a57b4a19401b 92919d7bae7d4e4c966ef3a75eb8f819 345ab0922f8049d4825c43e736bac724 - - default default] Successfully bumped revision number for resource 3acf77fa-f819-4948-9aad-e349e4cc2bbf (type: networks) to 1
2026-04-14 07:11:15.192 10 WARNING neutron.scheduler.dhcp_agent_scheduler [None req-2f27c8a5-079c-4f03-afae-a57b4a19401b 92919d7bae7d4e4c966ef3a75eb8f819 345ab0922f8049d4825c43e736bac724 - - default default] No more DHCP agents
2026-04-14 07:11:15.194 10 WARNING neutron.api.rpc.agentnotifiers.dhcp_rpc_agent_api [None req-2f27c8a5-079c-4f03-afae-a57b4a19401b 92919d7bae7d4e4c966ef3a75eb8f819 345ab0922f8049d4825c43e736bac724 - - default default] Unable to schedule network 3acf77fa-f819-4948-9aad-e349e4cc2bbf: no agents available; will retry on subsequent port and subnet creation events.
2026-04-14 07:11:15.290 10 INFO neutron.db.ovn_revision_numbers_db [None req-2f27c8a5-079c-4f03-afae-a57b4a19401b 92919d7bae7d4e4c966ef3a75eb8f819 345ab0922f8049d4825c43e736bac724 - - default default] Successfully bumped revision number for resource 0b224049-d8cc-4ee9-84eb-efd0c3cc6de2 (type: ports) to 1
2026-04-14 07:11:15.314 10 INFO neutron.wsgi [None req-2f27c8a5-079c-4f03-afae-a57b4a19401b 92919d7bae7d4e4c966ef3a75eb8f819 345ab0922f8049d4825c43e736bac724 - - default default] 10.0.0.60 "POST /v2.0/networks HTTP/1.1" status: 201 len: 929 time: 0.6077006
2026-04-14 07:11:15.492 10 WARNING neutron.scheduler.dhcp_agent_scheduler [None req-990da397-074b-4150-a715-740ed4e578d6 92919d7bae7d4e4c966ef3a75eb8f819 345ab0922f8049d4825c43e736bac724 - - default default] No more DHCP agents
2026-04-14 07:11:15.495 10 WARNING neutron.api.rpc.agentnotifiers.dhcp_rpc_agent_api [None req-990da397-074b-4150-a715-740ed4e578d6 92919d7bae7d4e4c966ef3a75eb8f819 345ab0922f8049d4825c43e736bac724 - - default default] Unable to schedule network 3acf77fa-f819-4948-9aad-e349e4cc2bbf: no agents available; will retry on subsequent port and subnet creation events.
2026-04-14 07:11:16.007 10 INFO neutron.db.ovn_revision_numbers_db [None req-990da397-074b-4150-a715-740ed4e578d6 92919d7bae7d4e4c966ef3a75eb8f819 345ab0922f8049d4825c43e736bac724 - - default default] Successfully bumped revision number for resource 0b224049-d8cc-4ee9-84eb-efd0c3cc6de2 (type: ports) to 2
2026-04-14 07:11:16.051 10 INFO neutron.db.ovn_revision_numbers_db [None req-990da397-074b-4150-a715-740ed4e578d6 92919d7bae7d4e4c966ef3a75eb8f819 345ab0922f8049d4825c43e736bac724 - - default default] Successfully bumped revision number for resource fef1101c-148f-4c51-88b9-a238742b7763 (type: subnets) to 0
2026-04-14 07:11:16.071 10 INFO neutron.wsgi [None req-990da397-074b-4150-a715-740ed4e578d6 92919d7bae7d4e4c966ef3a75eb8f819 345ab0922f8049d4825c43e736bac724 - - default default] 10.0.0.60 "POST /v2.0/subnets HTTP/1.1" status: 201 len: 822 time: 0.7503018
