2026-04-14 07:10:21.373 10 INFO neutron.wsgi [None req-32c25f26-3cb9-425c-a8fc-acacad2b6414 22503dce34ae43efb8f7ded71c738250 52dd6869df654c9bb3ab711c4dc5d3cf - - default default] 10.0.0.60 "DELETE /v2.0/ports/4fc30448-f6a4-4de5-9f9c-6127a77e5e4b HTTP/1.1" status: 204 len: 168 time: 0.3329711
2026-04-14 07:10:21.512 9 INFO neutron.db.ovn_revision_numbers_db [None req-3866e266-b513-41db-898a-f1a3024a961b - - - - - -] Successfully bumped revision number for resource 72da2654-4b1e-4c07-ad32-3cc5c00387fc (type: ports) to 4
2026-04-14 07:10:21.578 10 INFO neutron.db.ovn_revision_numbers_db [None req-f61af4ca-7c7a-4ef3-ae44-34bbee4d401f 221754c189cf4546a429ad07d80ea3a6 73535046c9f8491b92d8e6b4a22350db - - default default] Successfully bumped revision number for resource 2ab18e25-a866-4c96-b635-674140555dff (type: routers) to 1
2026-04-14 07:10:21.603 10 INFO neutron.wsgi [None req-f61af4ca-7c7a-4ef3-ae44-34bbee4d401f 221754c189cf4546a429ad07d80ea3a6 73535046c9f8491b92d8e6b4a22350db - - default default] 10.0.0.60 "POST /v2.0/routers HTTP/1.1" status: 201 len: 654 time: 0.6147847
2026-04-14 07:10:21.675 9 INFO neutron.wsgi [None req-67946e9a-ec61-453f-a5a5-9d52882eb8ff 221754c189cf4546a429ad07d80ea3a6 73535046c9f8491b92d8e6b4a22350db - - default default] 10.0.0.60 "PUT /v2.0/routers/2ab18e25-a866-4c96-b635-674140555dff/tags HTTP/1.1" status: 200 len: 218 time: 0.0673888
2026-04-14 07:10:21.748 9 INFO neutron.plugins.ml2.drivers.ovn.mech_driver.mech_driver [None req-ee58eb2f-c570-44b1-8998-618c0370270b - - - - - -] OVN reports status up for port: 1ba09db8-c703-425d-b1cc-35dc403becd5
2026-04-14 07:10:21.780 9 INFO neutron.plugins.ml2.plugin [None req-ee58eb2f-c570-44b1-8998-618c0370270b - - - - - -] Attempt 1 to provision port 1ba09db8-c703-425d-b1cc-35dc403becd5
2026-04-14 07:10:21.786 10 INFO neutron.db.ovn_revision_numbers_db [None req-615d7175-e168-4761-9b29-e39570a1a449 add9338a2b714f62b7234c94dba39f9b 82ded0903dba40858a978235e9bb2eb7 - - default default] Successfully bumped revision number for resource 1ba09db8-c703-425d-b1cc-35dc403becd5 (type: router_ports) to 1
2026-04-14 07:10:21.795 9 INFO neutron.wsgi [None req-8bf8ac7b-3837-404a-afca-491bf4183605 221754c189cf4546a429ad07d80ea3a6 73535046c9f8491b92d8e6b4a22350db - - default default] 10.0.0.60 "GET /v2.0/routers/2ab18e25-a866-4c96-b635-674140555dff/tags HTTP/1.1" status: 200 len: 218 time: 0.1111872
2026-04-14 07:10:21.882 9 INFO neutron.db.ovn_revision_numbers_db [None req-3866e266-b513-41db-898a-f1a3024a961b - - - - - -] Successfully bumped revision number for resource 72da2654-4b1e-4c07-ad32-3cc5c00387fc (type: router_ports) to 4
2026-04-14 07:10:22.048 10 INFO neutron.wsgi [None req-361e7c64-ecc7-4f65-b0a0-7ec54b891d46 221754c189cf4546a429ad07d80ea3a6 73535046c9f8491b92d8e6b4a22350db - - default default] 10.0.0.60 "PUT /v2.0/routers/2ab18e25-a866-4c96-b635-674140555dff/tags/green HTTP/1.1" status: 201 len: 201 time: 0.2482383
2026-04-14 07:10:22.087 9 INFO neutron.db.ovn_revision_numbers_db [None req-ee58eb2f-c570-44b1-8998-618c0370270b - - - - - -] Successfully bumped revision number for resource 1ba09db8-c703-425d-b1cc-35dc403becd5 (type: ports) to 2
2026-04-14 07:10:22.145 10 INFO neutron.wsgi [None req-011217f4-0b59-4587-87d9-431589ee0060 221754c189cf4546a429ad07d80ea3a6 73535046c9f8491b92d8e6b4a22350db - - default default] 10.0.0.60 "GET /v2.0/routers/2ab18e25-a866-4c96-b635-674140555dff/tags HTTP/1.1" status: 200 len: 227 time: 0.0893292
2026-04-14 07:10:22.167 9 INFO neutron.db.ovn_revision_numbers_db [None req-ee58eb2f-c570-44b1-8998-618c0370270b - - - - - -] Successfully bumped revision number for resource 1ba09db8-c703-425d-b1cc-35dc403becd5 (type: router_ports) to 2
2026-04-14 07:10:22.178 10 ERROR ovsdbapp.backend.ovs_idl.transaction [None req-615d7175-e168-4761-9b29-e39570a1a449 add9338a2b714f62b7234c94dba39f9b 82ded0903dba40858a978235e9bb2eb7 - - default default]
Traceback (most recent call last): File "/var/lib/openstack/lib/python3.10/site-packages/ovsdbapp/backend/ovs_idl/connection.py", line 118, in run txn.results.put(txn.do_commit())
File "/var/lib/openstack/lib/python3.10/site-packages/ovsdbapp/backend/ovs_idl/transaction.py", line 92, in do_commit command.run_idl(txn)
File "/var/lib/openstack/lib/python3.10/site-packages/neutron/plugins/ml2/drivers/ovn/mech_driver/ovsdb/commands.py", line 823, in run_idl raise ovn_exc.RevisionConflict( neutron.common.ovn.exceptions.RevisionConflict: OVN revision number for 1ba09db8-c703-425d-b1cc-35dc403becd5 (type: ports) is higher than the given resource. Skipping update 
2026-04-14 07:10:22.178 10 INFO neutron.plugins.ml2.drivers.ovn.mech_driver.ovsdb.impl_idl_ovn [None req-615d7175-e168-4761-9b29-e39570a1a449 add9338a2b714f62b7234c94dba39f9b 82ded0903dba40858a978235e9bb2eb7 - - default default] Transaction aborted. Reason: OVN revision number for 1ba09db8-c703-425d-b1cc-35dc403becd5 (type: ports) is higher than the given resource. Skipping update
2026-04-14 07:10:22.206 10 INFO neutron.services.segments.plugin [-] Segment f143320f-ef14-48b7-8504-5fca3246213f resource provider aggregate not found
2026-04-14 07:10:22.210 10 INFO neutron.services.segments.plugin [-] Segment f143320f-ef14-48b7-8504-5fca3246213f resource provider aggregate not found
2026-04-14 07:10:22.220 9 INFO neutron.wsgi [None req-54284a6c-1de2-4e0b-a6a9-55f256305230 221754c189cf4546a429ad07d80ea3a6 73535046c9f8491b92d8e6b4a22350db - - default default] 10.0.0.60 "PUT /v2.0/routers/2ab18e25-a866-4c96-b635-674140555dff/tags/red HTTP/1.1" status: 201 len: 201 time: 0.0704885
2026-04-14 07:10:22.229 10 INFO neutron.services.segments.plugin [-] Segment f143320f-ef14-48b7-8504-5fca3246213f resource provider not found; error: Placement Client Error (4xx): {"errors": [{"status": 404, "title": "Not Found", "detail": "The resource could not be found.\n\n No resource provider with uuid f143320f-ef14-48b7-8504-5fca3246213f found for delete ", "request_id": "req-2503b473-e672-469e-b9d5-20e976889af0"}]}
2026-04-14 07:10:22.230 10 INFO neutron.services.segments.plugin [-] Segment f143320f-ef14-48b7-8504-5fca3246213f resource provider not found; error: Placement Client Error (4xx): {"errors": [{"status": 404, "title": "Not Found", "detail": "The resource could not be found.\n\n No resource provider with uuid f143320f-ef14-48b7-8504-5fca3246213f found for delete ", "request_id": "req-f5c982c4-f7c9-4430-b1ef-1b0e3cfa4a5e"}]}
2026-04-14 07:10:22.263 10 INFO neutron.wsgi [None req-8ae7bb3d-b42a-438c-a36f-408e0f16f89d 22503dce34ae43efb8f7ded71c738250 52dd6869df654c9bb3ab711c4dc5d3cf - - default default] 10.0.0.60 "DELETE /v2.0/networks/4cf61839-0d40-4f50-8386-aa1149f713f2 HTTP/1.1" status: 204 len: 168 time: 0.8845441
2026-04-14 07:10:22.297 9 INFO neutron.wsgi [None req-7d05c694-aea1-4209-9e1f-5562fa79e936 221754c189cf4546a429ad07d80ea3a6 73535046c9f8491b92d8e6b4a22350db - - default default] 10.0.0.60 "GET /v2.0/routers/2ab18e25-a866-4c96-b635-674140555dff/tags HTTP/1.1" status: 200 len: 227 time: 0.0680752
2026-04-14 07:10:22.329 10 WARNING neutron.scheduler.dhcp_agent_scheduler [None req-615d7175-e168-4761-9b29-e39570a1a449 add9338a2b714f62b7234c94dba39f9b 82ded0903dba40858a978235e9bb2eb7 - - default default] No more DHCP agents
2026-04-14 07:10:22.332 10 WARNING neutron.api.rpc.agentnotifiers.dhcp_rpc_agent_api [None req-615d7175-e168-4761-9b29-e39570a1a449 add9338a2b714f62b7234c94dba39f9b 82ded0903dba40858a978235e9bb2eb7 - - default default] Unable to schedule network 4633a715-46d1-4a35-a8d9-3e3ff7d2268e: no agents available; will retry on subsequent port and subnet creation events.
2026-04-14 07:10:22.370 9 INFO neutron.wsgi [None req-655f4dd9-21c7-4c81-83e5-fae2d876a672 221754c189cf4546a429ad07d80ea3a6 73535046c9f8491b92d8e6b4a22350db - - default default] 10.0.0.60 "PUT /v2.0/routers/2ab18e25-a866-4c96-b635-674140555dff/tags/black.or.white HTTP/1.1" status: 201 len: 201 time: 0.0687122
2026-04-14 07:10:22.437 9 INFO neutron.wsgi [None req-a3c93e38-8ca7-4cc7-8362-9e019eda6b14 221754c189cf4546a429ad07d80ea3a6 73535046c9f8491b92d8e6b4a22350db - - default default] 10.0.0.60 "GET /v2.0/routers/2ab18e25-a866-4c96-b635-674140555dff/tags HTTP/1.1" status: 200 len: 245 time: 0.0627742
2026-04-14 07:10:22.514 9 INFO neutron.wsgi [None req-1ef01a55-096c-408f-84c5-3556c42e4c5c 221754c189cf4546a429ad07d80ea3a6 73535046c9f8491b92d8e6b4a22350db - - default default] 10.0.0.60 "PUT /v2.0/routers/2ab18e25-a866-4c96-b635-674140555dff/tags HTTP/1.1" status: 200 len: 230 time: 0.0720701
2026-04-14 07:10:22.580 9 INFO neutron.wsgi [None req-01d0e100-7b16-417f-8a3e-c4799089d237 221754c189cf4546a429ad07d80ea3a6 73535046c9f8491b92d8e6b4a22350db - - default default] 10.0.0.60 "GET /v2.0/routers/2ab18e25-a866-4c96-b635-674140555dff/tags HTTP/1.1" status: 200 len: 230 time: 0.0605714
2026-04-14 07:10:22.620 9 WARNING neutron_lib.context [None req-422929f0-bd62-4191-a3fa-aa956ee2ebee 46fecaade701463a84699e0c7e143a58 9508d2695c774b5fa56281af9dcddc78 - - default default] Method 'is_advsvc' is deprecated since 2023.2 release (neutron-lib 3.8.0) and will be removed once support for the old RBAC API policies will be removed from Neutron. Please use method 'is_service_role' instead.
2026-04-14 07:10:22.642 9 INFO neutron.wsgi [None req-004f0d69-a592-4453-9d2d-23abf797a6ad 221754c189cf4546a429ad07d80ea3a6 73535046c9f8491b92d8e6b4a22350db - - default default] 10.0.0.60 "GET /v2.0/routers/2ab18e25-a866-4c96-b635-674140555dff/tags/red HTTP/1.1" status: 204 len: 168 time: 0.0554025
2026-04-14 07:10:22.697 9 INFO neutron.api.v2.resource [None req-9becdbd5-d8e1-4f88-b0fa-46f194b4c373 221754c189cf4546a429ad07d80ea3a6 73535046c9f8491b92d8e6b4a22350db - - default default] show failed (client error): The resource could not be found.
2026-04-14 07:10:22.698 9 INFO neutron.wsgi [None req-9becdbd5-d8e1-4f88-b0fa-46f194b4c373 221754c189cf4546a429ad07d80ea3a6 73535046c9f8491b92d8e6b4a22350db - - default default] 10.0.0.60 "GET /v2.0/routers/2ab18e25-a866-4c96-b635-674140555dff/tags/green HTTP/1.1" status: 404 len: 299 time: 0.0497818
2026-04-14 07:10:22.711 9 INFO neutron.wsgi [None req-422929f0-bd62-4191-a3fa-aa956ee2ebee 46fecaade701463a84699e0c7e143a58 9508d2695c774b5fa56281af9dcddc78 - - default default] 10.0.0.60 "POST /v2.0/subnetpools HTTP/1.1" status: 201 len: 715 time: 0.2984724
2026-04-14 07:10:22.719 9 WARNING neutron_lib.context [None req-e887c221-f050-4ebc-bf92-81a64cdfcc63 46fecaade701463a84699e0c7e143a58 9508d2695c774b5fa56281af9dcddc78 - - default default] Method 'is_advsvc' is deprecated since 2023.2 release (neutron-lib 3.8.0) and will be removed once support for the old RBAC API policies will be removed from Neutron. Please use method 'is_service_role' instead.
2026-04-14 07:10:22.769 9 INFO neutron.wsgi [None req-902101e1-509f-4515-b458-bd3de8c98287 221754c189cf4546a429ad07d80ea3a6 73535046c9f8491b92d8e6b4a22350db - - default default] 10.0.0.60 "DELETE /v2.0/routers/2ab18e25-a866-4c96-b635-674140555dff/tags/red HTTP/1.1" status: 204 len: 168 time: 0.0659220
2026-04-14 07:10:22.804 10 INFO neutron.wsgi [None req-d29838b1-5617-4e3c-81f7-df41d1ab75ab 22503dce34ae43efb8f7ded71c738250 52dd6869df654c9bb3ab711c4dc5d3cf - - default default] 10.0.0.60 "DELETE /v2.0/networks/468563f1-d46b-4705-b08d-17d528759b6a HTTP/1.1" status: 204 len: 168 time: 0.5313869
2026-04-14 07:10:22.821 9 INFO neutron.wsgi [None req-e887c221-f050-4ebc-bf92-81a64cdfcc63 46fecaade701463a84699e0c7e143a58 9508d2695c774b5fa56281af9dcddc78 - - default default] 10.0.0.60 "POST /v2.0/subnetpools HTTP/1.1" status: 201 len: 715 time: 0.1056228
2026-04-14 07:10:22.835 9 WARNING neutron_lib.context [None req-4a162d6c-f7ab-471a-9155-a45577b7875a 46fecaade701463a84699e0c7e143a58 9508d2695c774b5fa56281af9dcddc78 - - default default] Method 'is_advsvc' is deprecated since 2023.2 release (neutron-lib 3.8.0) and will be removed once support for the old RBAC API policies will be removed from Neutron. Please use method 'is_service_role' instead.
2026-04-14 07:10:22.843 9 INFO neutron.wsgi [None req-bcce8a34-50a4-4d5d-b543-150354526224 221754c189cf4546a429ad07d80ea3a6 73535046c9f8491b92d8e6b4a22350db - - default default] 10.0.0.60 "GET /v2.0/routers/2ab18e25-a866-4c96-b635-674140555dff/tags HTTP/1.1" status: 200 len: 223 time: 0.0707395
2026-04-14 07:10:22.907 9 INFO neutron.wsgi [None req-4a162d6c-f7ab-471a-9155-a45577b7875a 46fecaade701463a84699e0c7e143a58 9508d2695c774b5fa56281af9dcddc78 - - default default] 10.0.0.60 "POST /v2.0/subnetpools HTTP/1.1" status: 201 len: 715 time: 0.0774550
2026-04-14 07:10:22.916 9 WARNING neutron_lib.context [None req-553cae1d-07d2-4b95-85f4-563d3e9622c5 46fecaade701463a84699e0c7e143a58 9508d2695c774b5fa56281af9dcddc78 - - default default] Method 'is_advsvc' is deprecated since 2023.2 release (neutron-lib 3.8.0) and will be removed once support for the old RBAC API policies will be removed from Neutron. Please use method 'is_service_role' instead.
2026-04-14 07:10:22.920 9 INFO neutron.api.v2.resource [None req-664c84b7-9c43-4d08-85a1-21b86c0756d7 221754c189cf4546a429ad07d80ea3a6 73535046c9f8491b92d8e6b4a22350db - - default default] delete failed (client error): The resource could not be found.
2026-04-14 07:10:22.921 9 INFO neutron.wsgi [None req-664c84b7-9c43-4d08-85a1-21b86c0756d7 221754c189cf4546a429ad07d80ea3a6 73535046c9f8491b92d8e6b4a22350db - - default default] 10.0.0.60 "DELETE /v2.0/routers/2ab18e25-a866-4c96-b635-674140555dff/tags/green HTTP/1.1" status: 404 len: 299 time: 0.0727067
2026-04-14 07:10:22.970 9 INFO neutron.wsgi [None req-553cae1d-07d2-4b95-85f4-563d3e9622c5 46fecaade701463a84699e0c7e143a58 9508d2695c774b5fa56281af9dcddc78 - - default default] 10.0.0.60 "POST /v2.0/subnetpools HTTP/1.1" status: 201 len: 715 time: 0.0580668
2026-04-14 07:10:22.980 9 WARNING neutron_lib.context [None req-5b6eca8d-40e6-44a2-8bdb-4862b9e47729 46fecaade701463a84699e0c7e143a58 9508d2695c774b5fa56281af9dcddc78 - - default default] Method 'is_advsvc' is deprecated since 2023.2 release (neutron-lib 3.8.0) and will be removed once support for the old RBAC API policies will be removed from Neutron. Please use method 'is_service_role' instead.
2026-04-14 07:10:23.024 9 INFO neutron.wsgi [None req-5b6eca8d-40e6-44a2-8bdb-4862b9e47729 46fecaade701463a84699e0c7e143a58 9508d2695c774b5fa56281af9dcddc78 - - default default] 10.0.0.60 "POST /v2.0/subnetpools HTTP/1.1" status: 201 len: 715 time: 0.0494969
2026-04-14 07:10:23.031 10 INFO neutron.wsgi [None req-c9cc900c-0568-400d-a5e7-a351687491f2 221754c189cf4546a429ad07d80ea3a6 73535046c9f8491b92d8e6b4a22350db - - default default] 10.0.0.60 "DELETE /v2.0/routers/2ab18e25-a866-4c96-b635-674140555dff/tags HTTP/1.1" status: 204 len: 168 time: 0.1046457
2026-04-14 07:10:23.077 9 INFO neutron.wsgi [None req-776eba08-788a-4e78-9295-f50c3ca97330 46fecaade701463a84699e0c7e143a58 9508d2695c774b5fa56281af9dcddc78 - - default default] 10.0.0.60 "PUT /v2.0/subnetpools/9aeae1be-748a-4185-87d4-fb90e8cef16e/tags HTTP/1.1" status: 200 len: 210 time: 0.0479972
2026-04-14 07:10:23.087 10 INFO neutron.db.ovn_revision_numbers_db [None req-615d7175-e168-4761-9b29-e39570a1a449 add9338a2b714f62b7234c94dba39f9b 82ded0903dba40858a978235e9bb2eb7 - - default default] Successfully bumped revision number for resource 1ba09db8-c703-425d-b1cc-35dc403becd5 (type: router_ports) to 2
2026-04-14 07:10:23.089 10 INFO neutron.wsgi [None req-615d7175-e168-4761-9b29-e39570a1a449 add9338a2b714f62b7234c94dba39f9b 82ded0903dba40858a978235e9bb2eb7 - - default default] 10.0.0.60 "PUT /v2.0/routers/a0b389b3-50e3-43e3-93ad-e34e9b0ea66b/add_router_interface HTTP/1.1" status: 200 len: 503 time: 2.8500674
2026-04-14 07:10:23.104 10 INFO neutron.wsgi [None req-5090f099-796b-4c03-b3c3-6df7ca2d0d9e 221754c189cf4546a429ad07d80ea3a6 73535046c9f8491b92d8e6b4a22350db - - default default] 10.0.0.60 "GET /v2.0/routers/2ab18e25-a866-4c96-b635-674140555dff/tags HTTP/1.1" status: 200 len: 205 time: 0.0525606
2026-04-14 07:10:23.121 9 INFO neutron.wsgi [None req-74150509-b341-49bb-be23-3265ca5ade66 46fecaade701463a84699e0c7e143a58 9508d2695c774b5fa56281af9dcddc78 - - default default] 10.0.0.60 "PUT /v2.0/subnetpools/dca281c7-57d7-498e-b866-0458a11fd035/tags HTTP/1.1" status: 200 len: 218 time: 0.0400388
2026-04-14 07:10:23.184 9 INFO neutron.wsgi [None req-ddcb6e0e-7dde-408b-a7b9-0ac75a1ec755 46fecaade701463a84699e0c7e143a58 9508d2695c774b5fa56281af9dcddc78 - - default default] 10.0.0.60 "PUT /v2.0/subnetpools/f9d8c394-efc7-4b94-ab1d-725fb5a1b1ba/tags HTTP/1.1" status: 200 len: 227 time: 0.0352781
2026-04-14 07:10:23.231 9 INFO neutron.wsgi [None req-535ce93b-a5c3-4138-9f4d-274c50dd906a 46fecaade701463a84699e0c7e143a58 9508d2695c774b5fa56281af9dcddc78 - - default default] 10.0.0.60 "PUT /v2.0/subnetpools/215b8222-3496-4294-815b-0a5747d7bffb/tags HTTP/1.1" status: 200 len: 212 time: 0.0307188
2026-04-14 07:10:23.265 9 INFO neutron.wsgi [None req-248c3ec2-1732-4c2f-8b6b-228c6abae9ba 46fecaade701463a84699e0c7e143a58 9508d2695c774b5fa56281af9dcddc78 - - default default] 10.0.0.60 "GET /v2.0/subnetpools?tags=red HTTP/1.1" status: 200 len: 1758 time: 0.0279317
2026-04-14 07:10:23.301 9 INFO neutron.wsgi [None req-18dec090-852b-4957-a501-728711db2db4 46fecaade701463a84699e0c7e143a58 9508d2695c774b5fa56281af9dcddc78 - - default default] 10.0.0.60 "GET /v2.0/subnetpools?tags=red%2Cblue HTTP/1.1" status: 200 len: 1251 time: 0.0317614
2026-04-14 07:10:23.332 9 INFO neutron.wsgi [None req-bfb02950-234c-4e41-a313-c9bafb1d14ee 46fecaade701463a84699e0c7e143a58 9508d2695c774b5fa56281af9dcddc78 - - default default] 10.0.0.60 "GET /v2.0/subnetpools?tags-any=blue HTTP/1.1" status: 200 len: 1251 time: 0.0245612
2026-04-14 07:10:23.338 10 INFO neutron.wsgi [None req-15d317d5-fc4a-47ca-92db-d65701cb4549 221754c189cf4546a429ad07d80ea3a6 73535046c9f8491b92d8e6b4a22350db - - default default] 10.0.0.60 "GET /v2.0/routers/2ab18e25-a866-4c96-b635-674140555dff HTTP/1.1" status: 200 len: 655 time: 0.2260232
2026-04-14 07:10:23.361 9 INFO neutron.wsgi [None req-f77db7b7-eabb-4d70-bfdf-a30da68cf0fe 46fecaade701463a84699e0c7e143a58 9508d2695c774b5fa56281af9dcddc78 - - default default] 10.0.0.60 "GET /v2.0/subnetpools?tags-any=red%2Cblue HTTP/1.1" status: 200 len: 1758 time: 0.0221729
2026-04-14 07:10:23.390 9 INFO neutron.wsgi [None req-ad500454-61a8-40bb-9308-7aebd33bf501 46fecaade701463a84699e0c7e143a58 9508d2695c774b5fa56281af9dcddc78 - - default default] 10.0.0.60 "GET /v2.0/subnetpools?not-tags=red HTTP/1.1" status: 200 len: 1223 time: 0.0233912
2026-04-14 07:10:23.420 9 INFO neutron.wsgi [None req-8e37680b-c6f9-4b66-a15d-e3b1180ca29d 46fecaade701463a84699e0c7e143a58 9508d2695c774b5fa56281af9dcddc78 - - default default] 10.0.0.60 "GET /v2.0/subnetpools?not-tags=red%2Cblue HTTP/1.1" status: 200 len: 1730 time: 0.0261765
2026-04-14 07:10:23.465 9 INFO neutron.wsgi [None req-3079b0dd-ed70-47cc-8a7c-13a20623ae54 46fecaade701463a84699e0c7e143a58 9508d2695c774b5fa56281af9dcddc78 - - default default] 10.0.0.60 "GET /v2.0/subnetpools?not-tags-any=blue HTTP/1.1" status: 200 len: 1730 time: 0.0339985
2026-04-14 07:10:23.495 9 INFO neutron.wsgi [None req-19dea1f5-5706-4442-b215-bfc9741905b2 46fecaade701463a84699e0c7e143a58 9508d2695c774b5fa56281af9dcddc78 - - default default] 10.0.0.60 "GET /v2.0/subnetpools?not-tags-any=red%2Cblue HTTP/1.1" status: 200 len: 1223 time: 0.0256026
2026-04-14 07:10:23.555 9 INFO neutron.wsgi [None req-6671f6bc-aa59-4fc5-9f55-3290f7471b91 46fecaade701463a84699e0c7e143a58 9508d2695c774b5fa56281af9dcddc78 - - default default] 10.0.0.60 "DELETE /v2.0/subnetpools/9aeae1be-748a-4185-87d4-fb90e8cef16e HTTP/1.1" status: 204 len: 168 time: 0.0541170
2026-04-14 07:10:23.598 10 INFO neutron.wsgi [None req-8a1bd57e-c90e-485f-937a-d744e172fd5b 22503dce34ae43efb8f7ded71c738250 52dd6869df654c9bb3ab711c4dc5d3cf - - default default] 10.0.0.60 "DELETE /v2.0/networks/c90d9da7-06a4-4f75-aa23-4b03e997df29 HTTP/1.1" status: 204 len: 168 time: 0.7794077
2026-04-14 07:10:23.627 9 INFO neutron.wsgi [None req-5f0dc76f-4938-4380-b494-dd74cee6654c 46fecaade701463a84699e0c7e143a58 9508d2695c774b5fa56281af9dcddc78 - - default default] 10.0.0.60 "DELETE /v2.0/subnetpools/dca281c7-57d7-498e-b866-0458a11fd035 HTTP/1.1" status: 204 len: 168 time: 0.0685041
2026-04-14 07:10:23.704 9 INFO neutron.wsgi [None req-2f35f9a8-22c2-4abd-9ceb-90425ce5409b 46fecaade701463a84699e0c7e143a58 9508d2695c774b5fa56281af9dcddc78 - - default default] 10.0.0.60 "DELETE /v2.0/subnetpools/f9d8c394-efc7-4b94-ab1d-725fb5a1b1ba HTTP/1.1" status: 204 len: 168 time: 0.0715890
2026-04-14 07:10:23.728 10 WARNING neutron_lib.context [None req-d4dd17a3-341a-44ef-9fca-caabb2bca467 934d5eed026c4bdd8e6573a3124f88cf 568f6d1da0764b62adea60542e474c4f - - default default] Method 'is_advsvc' is deprecated since 2023.2 release (neutron-lib 3.8.0) and will be removed once support for the old RBAC API policies will be removed from Neutron. Please use method 'is_service_role' instead.
2026-04-14 07:10:23.786 9 INFO neutron.wsgi [None req-d0a512e4-f975-45e3-a1a7-cd97893833ad 46fecaade701463a84699e0c7e143a58 9508d2695c774b5fa56281af9dcddc78 - - default default] 10.0.0.60 "DELETE /v2.0/subnetpools/215b8222-3496-4294-815b-0a5747d7bffb HTTP/1.1" status: 204 len: 168 time: 0.0728917
2026-04-14 07:10:23.867 9 INFO neutron.wsgi [None req-5198c34b-368f-4954-8bcd-efbf2d823d5b 46fecaade701463a84699e0c7e143a58 9508d2695c774b5fa56281af9dcddc78 - - default default] 10.0.0.60 "DELETE /v2.0/subnetpools/cf741439-57b2-469e-a612-cc410b014c45 HTTP/1.1" status: 204 len: 168 time: 0.0763621
2026-04-14 07:10:23.939 10 INFO neutron.db.ovn_revision_numbers_db [None req-a8e2cd47-995e-4173-8de1-eb959f820536 221754c189cf4546a429ad07d80ea3a6 73535046c9f8491b92d8e6b4a22350db - - default default] Successfully bumped revision number for resource 2ab18e25-a866-4c96-b635-674140555dff (type: routers) to 7
2026-04-14 07:10:23.942 10 INFO neutron.wsgi [None req-a8e2cd47-995e-4173-8de1-eb959f820536 221754c189cf4546a429ad07d80ea3a6 73535046c9f8491b92d8e6b4a22350db - - default default] 10.0.0.60 "PUT /v2.0/routers/2ab18e25-a866-4c96-b635-674140555dff HTTP/1.1" status: 200 len: 655 time: 0.5953097
2026-04-14 07:10:23.969 9 INFO neutron.wsgi [None req-ee31ea4a-dcf4-48b6-b553-d0451d7444dd 221754c189cf4546a429ad07d80ea3a6 73535046c9f8491b92d8e6b4a22350db - - default default] 10.0.0.60 "GET /v2.0/ports?device_id=2ab18e25-a866-4c96-b635-674140555dff HTTP/1.1" status: 200 len: 205 time: 0.0214612
2026-04-14 07:10:23.996 10 INFO neutron.db.ovn_revision_numbers_db [None req-d4dd17a3-341a-44ef-9fca-caabb2bca467 934d5eed026c4bdd8e6573a3124f88cf 568f6d1da0764b62adea60542e474c4f - - default default] Successfully bumped revision number for resource fb46e074-a967-4c6c-be69-f8d82dd2570a (type: security_groups) to 1
2026-04-14 07:10:24.018 10 INFO neutron.db.ovn_revision_numbers_db [None req-d4dd17a3-341a-44ef-9fca-caabb2bca467 934d5eed026c4bdd8e6573a3124f88cf 568f6d1da0764b62adea60542e474c4f - - default default] Successfully bumped revision number for resource 2ed3bef9-c95f-4f79-84cd-e5a96b4eaf45 (type: security_group_rules) to 0
2026-04-14 07:10:24.043 10 INFO neutron.db.ovn_revision_numbers_db [None req-d4dd17a3-341a-44ef-9fca-caabb2bca467 934d5eed026c4bdd8e6573a3124f88cf 568f6d1da0764b62adea60542e474c4f - - default default] Successfully bumped revision number for resource d2054764-bb8f-4919-bd38-638d0701b71c (type: security_group_rules) to 0
2026-04-14 07:10:24.070 10 INFO neutron.wsgi [None req-d4dd17a3-341a-44ef-9fca-caabb2bca467 934d5eed026c4bdd8e6573a3124f88cf 568f6d1da0764b62adea60542e474c4f - - default default] 10.0.0.60 "POST /v2.0/security-groups HTTP/1.1" status: 201 len: 1811 time: 0.3475044
2026-04-14 07:10:24.082 10 WARNING neutron_lib.context [None req-aff5fdc2-c189-4d47-a167-92b11881104a 934d5eed026c4bdd8e6573a3124f88cf 568f6d1da0764b62adea60542e474c4f - - default default] Method 'is_advsvc' is deprecated since 2023.2 release (neutron-lib 3.8.0) and will be removed once support for the old RBAC API policies will be removed from Neutron. Please use method 'is_service_role' instead.
2026-04-14 07:10:24.179 10 INFO neutron.wsgi [None req-6533652a-21e2-40af-8eac-537a4cb2ac43 22503dce34ae43efb8f7ded71c738250 52dd6869df654c9bb3ab711c4dc5d3cf - - default default] 10.0.0.60 "DELETE /v2.0/networks/cb3d6d2e-4004-4095-9361-ad9fd39374f8 HTTP/1.1" status: 204 len: 168 time: 0.5648844
2026-04-14 07:10:24.252 10 INFO neutron.services.segments.plugin [-] Segment 791d4ee0-c8a2-46a2-aba5-b8da253bd98e resource provider aggregate not found
2026-04-14 07:10:24.270 10 INFO neutron.services.segments.plugin [-] Segment 791d4ee0-c8a2-46a2-aba5-b8da253bd98e resource provider not found; error: Placement Client Error (4xx): {"errors": [{"status": 404, "title": "Not Found", "detail": "The resource could not be found.\n\n No resource provider with uuid 791d4ee0-c8a2-46a2-aba5-b8da253bd98e found for delete ", "request_id": "req-13e5b7d4-d9b8-4dd3-8d9a-ca3e0c5a1723"}]}
2026-04-14 07:10:24.275 10 INFO neutron.services.segments.plugin [-] Segment 791d4ee0-c8a2-46a2-aba5-b8da253bd98e resource provider aggregate not found
2026-04-14 07:10:24.297 10 INFO neutron.services.segments.plugin [-] Segment 791d4ee0-c8a2-46a2-aba5-b8da253bd98e resource provider not found; error: Placement Client Error (4xx): {"errors": [{"status": 404, "title": "Not Found", "detail": "The resource could not be found.\n\n No resource provider with uuid 791d4ee0-c8a2-46a2-aba5-b8da253bd98e found for delete ", "request_id": "req-c686b27d-def4-409b-8dba-57397890b7b5"}]}
2026-04-14 07:10:24.302 10 INFO neutron.services.segments.plugin [-] Segment 2d47d330-2fef-4836-8171-aeea995d137a resource provider aggregate not found
2026-04-14 07:10:24.313 10 INFO neutron.db.ovn_revision_numbers_db [None req-aff5fdc2-c189-4d47-a167-92b11881104a 934d5eed026c4bdd8e6573a3124f88cf 568f6d1da0764b62adea60542e474c4f - - default default] Successfully bumped revision number for resource f73080a3-7a5d-4086-b6ac-2d58b948928b (type: security_group_rules) to 0
2026-04-14 07:10:24.329 10 INFO neutron.services.segments.plugin [-] Segment 2d47d330-2fef-4836-8171-aeea995d137a resource provider aggregate not found
2026-04-14 07:10:24.348 10 INFO neutron.services.segments.plugin [-] Segment 2d47d330-2fef-4836-8171-aeea995d137a resource provider not found; error: Placement Client Error (4xx): {"errors": [{"status": 404, "title": "Not Found", "detail": "The resource could not be found.\n\n No resource provider with uuid 2d47d330-2fef-4836-8171-aeea995d137a found for delete ", "request_id": "req-2faad01e-51c9-4363-880b-52adfd0bf243"}]}
2026-04-14 07:10:24.362 10 INFO neutron.wsgi [None req-aff5fdc2-c189-4d47-a167-92b11881104a 934d5eed026c4bdd8e6573a3124f88cf 568f6d1da0764b62adea60542e474c4f - - default default] 10.0.0.60 "POST /v2.0/security-group-rules HTTP/1.1" status: 201 len: 764 time: 0.2851884
2026-04-14 07:10:24.368 10 INFO neutron.services.segments.plugin [-] Segment dc91fcff-27d0-4b06-b211-e0eb84b0ebd7 resource provider aggregate not found
2026-04-14 07:10:24.373 9 WARNING neutron_lib.context [None req-e1250b87-1bf1-40ed-9c87-cde6101f511c 934d5eed026c4bdd8e6573a3124f88cf 568f6d1da0764b62adea60542e474c4f - - default default] Method 'is_advsvc' is deprecated since 2023.2 release (neutron-lib 3.8.0) and will be removed once support for the old RBAC API policies will be removed from Neutron. Please use method 'is_service_role' instead.
2026-04-14 07:10:24.382 10 INFO neutron.services.segments.plugin [-] Segment dc91fcff-27d0-4b06-b211-e0eb84b0ebd7 resource provider not found; error: Placement Client Error (4xx): {"errors": [{"status": 404, "title": "Not Found", "detail": "The resource could not be found.\n\n No resource provider with uuid dc91fcff-27d0-4b06-b211-e0eb84b0ebd7 found for delete ", "request_id": "req-4e6e8054-7bc0-423c-ac92-b9e131c61618"}]}
2026-04-14 07:10:24.387 10 INFO neutron.services.segments.plugin [-] Segment 2d47d330-2fef-4836-8171-aeea995d137a resource provider not found; error: Placement Client Error (4xx): {"errors": [{"status": 404, "title": "Not Found", "detail": "The resource could not be found.\n\n No resource provider with uuid 2d47d330-2fef-4836-8171-aeea995d137a found for delete ", "request_id": "req-5266f12a-aed8-46b7-91ff-71bda7e542ba"}]}
2026-04-14 07:10:24.406 10 INFO neutron.services.segments.plugin [-] Segment dc91fcff-27d0-4b06-b211-e0eb84b0ebd7 resource provider aggregate not found
2026-04-14 07:10:24.430 10 INFO neutron.services.segments.plugin [-] Segment dc91fcff-27d0-4b06-b211-e0eb84b0ebd7 resource provider not found; error: Placement Client Error (4xx): {"errors": [{"status": 404, "title": "Not Found", "detail": "The resource could not be found.\n\n No resource provider with uuid dc91fcff-27d0-4b06-b211-e0eb84b0ebd7 found for delete ", "request_id": "req-f2093965-a4f2-47a3-b9ed-ea0b9c506504"}]}
2026-04-14 07:10:24.498 9 INFO neutron.wsgi [None req-e927ebd8-d19f-4fd3-ab52-39781bda8cd2 221754c189cf4546a429ad07d80ea3a6 73535046c9f8491b92d8e6b4a22350db - - default default] 10.0.0.60 "DELETE /v2.0/routers/2ab18e25-a866-4c96-b635-674140555dff HTTP/1.1" status: 204 len: 168 time: 0.5260594
2026-04-14 07:10:24.551 9 INFO neutron.db.ovn_revision_numbers_db [None req-e1250b87-1bf1-40ed-9c87-cde6101f511c 934d5eed026c4bdd8e6573a3124f88cf 568f6d1da0764b62adea60542e474c4f - - default default] Successfully bumped revision number for resource 2a9067aa-6025-49da-bca1-30e3953f6dd5 (type: security_group_rules) to 0
2026-04-14 07:10:24.582 9 INFO neutron.wsgi [None req-e1250b87-1bf1-40ed-9c87-cde6101f511c 934d5eed026c4bdd8e6573a3124f88cf 568f6d1da0764b62adea60542e474c4f - - default default] 10.0.0.60 "POST /v2.0/security-group-rules HTTP/1.1" status: 201 len: 763 time: 0.2144537
2026-04-14 07:10:24.591 9 WARNING neutron_lib.context [None req-b2bc5bdf-57d4-40e8-80c0-dab7d67db1de 934d5eed026c4bdd8e6573a3124f88cf 568f6d1da0764b62adea60542e474c4f - - default default] Method 'is_advsvc' is deprecated since 2023.2 release (neutron-lib 3.8.0) and will be removed once support for the old RBAC API policies will be removed from Neutron. Please use method 'is_service_role' instead.
2026-04-14 07:10:24.623 10 INFO neutron.wsgi [None req-f6f92205-7825-42b2-bbcf-e429aa4f12e7 22503dce34ae43efb8f7ded71c738250 52dd6869df654c9bb3ab711c4dc5d3cf - - default default] 10.0.0.60 "DELETE /v2.0/networks/164d340a-5293-433d-9479-6ab51dae6974 HTTP/1.1" status: 204 len: 168 time: 0.4387009
2026-04-14 07:10:24.720 9 INFO neutron.db.ovn_revision_numbers_db [None req-b2bc5bdf-57d4-40e8-80c0-dab7d67db1de 934d5eed026c4bdd8e6573a3124f88cf 568f6d1da0764b62adea60542e474c4f - - default default] Successfully bumped revision number for resource 49434c0f-c9ef-44be-9caf-9e4ed8ff7a96 (type: security_group_rules) to 0
2026-04-14 07:10:24.760 9 INFO neutron.wsgi [None req-b2bc5bdf-57d4-40e8-80c0-dab7d67db1de 934d5eed026c4bdd8e6573a3124f88cf 568f6d1da0764b62adea60542e474c4f - - default default] 10.0.0.60 "POST /v2.0/security-group-rules HTTP/1.1" status: 201 len: 769 time: 0.1731155
2026-04-14 07:10:24.771 10 WARNING neutron_lib.context [None req-10ff6c86-426b-4d91-ac11-5af4970b2df1 934d5eed026c4bdd8e6573a3124f88cf 568f6d1da0764b62adea60542e474c4f - - default default] Method 'is_advsvc' is deprecated since 2023.2 release (neutron-lib 3.8.0) and will be removed once support for the old RBAC API policies will be removed from Neutron. Please use method 'is_service_role' instead.
2026-04-14 07:10:24.896 10 INFO neutron.db.ovn_revision_numbers_db [None req-10ff6c86-426b-4d91-ac11-5af4970b2df1 934d5eed026c4bdd8e6573a3124f88cf 568f6d1da0764b62adea60542e474c4f - - default default] Successfully bumped revision number for resource 0009b109-378f-47e0-a982-4817ee3d0387 (type: security_group_rules) to 0
2026-04-14 07:10:24.924 10 INFO neutron.wsgi [None req-10ff6c86-426b-4d91-ac11-5af4970b2df1 934d5eed026c4bdd8e6573a3124f88cf 568f6d1da0764b62adea60542e474c4f - - default default] 10.0.0.60 "POST /v2.0/security-group-rules HTTP/1.1" status: 201 len: 768 time: 0.1600289
2026-04-14 07:10:24.933 10 WARNING neutron_lib.context [None req-265a3632-bb9c-43e7-a84c-c71b2017a4b0 934d5eed026c4bdd8e6573a3124f88cf 568f6d1da0764b62adea60542e474c4f - - default default] Method 'is_advsvc' is deprecated since 2023.2 release (neutron-lib 3.8.0) and will be removed once support for the old RBAC API policies will be removed from Neutron. Please use method 'is_service_role' instead.
2026-04-14 07:10:24.953 10 INFO neutron.db.securitygroups_db [None req-265a3632-bb9c-43e7-a84c-c71b2017a4b0 934d5eed026c4bdd8e6573a3124f88cf 568f6d1da0764b62adea60542e474c4f - - default default] Project 568f6d1da0764b62adea60542e474c4f added a security group rule with legacy IPv6 ICMP protocol name icmp, ipv6-icmp should be used instead. It was automatically converted.
2026-04-14 07:10:25.053 10 INFO neutron.db.ovn_revision_numbers_db [None req-29f9f10b-fc38-45c5-a68d-e059d5f2d7c1 add9338a2b714f62b7234c94dba39f9b 82ded0903dba40858a978235e9bb2eb7 - - default default] Successfully bumped revision number for resource 90458519-a047-42a6-b127-a0291c34f43d (type: security_groups) to 1
2026-04-14 07:10:25.070 10 INFO neutron.db.ovn_revision_numbers_db [None req-29f9f10b-fc38-45c5-a68d-e059d5f2d7c1 add9338a2b714f62b7234c94dba39f9b 82ded0903dba40858a978235e9bb2eb7 - - default default] Successfully bumped revision number for resource 13a5eb35-e30a-41cb-a808-15d2d4870b85 (type: security_group_rules) to 0
2026-04-14 07:10:25.082 10 INFO neutron.db.ovn_revision_numbers_db [None req-265a3632-bb9c-43e7-a84c-c71b2017a4b0 934d5eed026c4bdd8e6573a3124f88cf 568f6d1da0764b62adea60542e474c4f - - default default] Successfully bumped revision number for resource d6d189c8-6b97-4ba6-9dd2-21bbb74c3e31 (type: security_group_rules) to 0
2026-04-14 07:10:25.086 10 INFO neutron.db.ovn_revision_numbers_db [None req-29f9f10b-fc38-45c5-a68d-e059d5f2d7c1 add9338a2b714f62b7234c94dba39f9b 82ded0903dba40858a978235e9bb2eb7 - - default default] Successfully bumped revision number for resource 21950c62-b3df-4d90-b81a-c6a9beccf2ab (type: security_group_rules) to 0
2026-04-14 07:10:25.106 10 INFO neutron.wsgi [None req-265a3632-bb9c-43e7-a84c-c71b2017a4b0 934d5eed026c4bdd8e6573a3124f88cf 568f6d1da0764b62adea60542e474c4f - - default default] 10.0.0.60 "POST /v2.0/security-group-rules HTTP/1.1" status: 201 len: 774 time: 0.1781344
2026-04-14 07:10:25.108 10 INFO neutron.db.ovn_revision_numbers_db [None req-29f9f10b-fc38-45c5-a68d-e059d5f2d7c1 add9338a2b714f62b7234c94dba39f9b 82ded0903dba40858a978235e9bb2eb7 - - default default] Successfully bumped revision number for resource 5b09b7fc-540f-4d4c-9590-c51aefe2321f (type: security_group_rules) to 0
2026-04-14 07:10:25.119 9 WARNING neutron_lib.context [None req-646fd1bc-592a-4ef6-a6f3-a40e851fc2f6 934d5eed026c4bdd8e6573a3124f88cf 568f6d1da0764b62adea60542e474c4f - - default default] Method 'is_advsvc' is deprecated since 2023.2 release (neutron-lib 3.8.0) and will be removed once support for the old RBAC API policies will be removed from Neutron. Please use method 'is_service_role' instead.
2026-04-14 07:10:25.126 10 INFO neutron.db.ovn_revision_numbers_db [None req-29f9f10b-fc38-45c5-a68d-e059d5f2d7c1 add9338a2b714f62b7234c94dba39f9b 82ded0903dba40858a978235e9bb2eb7 - - default default] Successfully bumped revision number for resource b2315425-c806-4153-aac5-3df2fba18d63 (type: security_group_rules) to 0
2026-04-14 07:10:25.135 9 INFO neutron.db.securitygroups_db [None req-646fd1bc-592a-4ef6-a6f3-a40e851fc2f6 934d5eed026c4bdd8e6573a3124f88cf 568f6d1da0764b62adea60542e474c4f - - default default] Project 568f6d1da0764b62adea60542e474c4f added a security group rule with legacy IPv6 ICMP protocol name icmp, ipv6-icmp should be used instead. It was automatically converted.
2026-04-14 07:10:25.158 10 INFO neutron.wsgi [None req-29f9f10b-fc38-45c5-a68d-e059d5f2d7c1 add9338a2b714f62b7234c94dba39f9b 82ded0903dba40858a978235e9bb2eb7 - - default default] 10.0.0.60 "GET /v2.0/security-groups?tenant_id=9508d2695c774b5fa56281af9dcddc78&name=default HTTP/1.1" status: 200 len: 2996 time: 0.4327800
2026-04-14 07:10:25.278 9 INFO neutron.db.ovn_revision_numbers_db [None req-646fd1bc-592a-4ef6-a6f3-a40e851fc2f6 934d5eed026c4bdd8e6573a3124f88cf 568f6d1da0764b62adea60542e474c4f - - default default] Successfully bumped revision number for resource d800494b-fee1-4505-b86a-2dddc0751788 (type: security_group_rules) to 0
2026-04-14 07:10:25.307 9 INFO neutron.wsgi [None req-646fd1bc-592a-4ef6-a6f3-a40e851fc2f6 934d5eed026c4bdd8e6573a3124f88cf 568f6d1da0764b62adea60542e474c4f - - default default] 10.0.0.60 "POST /v2.0/security-group-rules HTTP/1.1" status: 201 len: 773 time: 0.1955764
2026-04-14 07:10:25.391 9 INFO neutron.wsgi [None req-b2165c80-e99d-4d49-8fc4-95210171b427 add9338a2b714f62b7234c94dba39f9b 82ded0903dba40858a978235e9bb2eb7 - - default default] 10.0.0.60 "DELETE /v2.0/security-groups/90458519-a047-42a6-b127-a0291c34f43d HTTP/1.1" status: 204 len: 168 time: 0.2290027
2026-04-14 07:10:25.484 10 INFO neutron.db.ovn_revision_numbers_db [None req-9f587cde-65fd-4e55-9818-c7536abf12f3 add9338a2b714f62b7234c94dba39f9b 82ded0903dba40858a978235e9bb2eb7 - - default default] Successfully bumped revision number for resource 53c4c9a4-1b83-4997-9b3e-4673a9205a44 (type: security_groups) to 1
2026-04-14 07:10:25.504 10 INFO neutron.db.ovn_revision_numbers_db [None req-9f587cde-65fd-4e55-9818-c7536abf12f3 add9338a2b714f62b7234c94dba39f9b 82ded0903dba40858a978235e9bb2eb7 - - default default] Successfully bumped revision number for resource 2f5b4cd4-7036-4cc0-9c88-c8835f4fec7e (type: security_group_rules) to 0
2026-04-14 07:10:25.529 10 INFO neutron.db.ovn_revision_numbers_db [None req-9f587cde-65fd-4e55-9818-c7536abf12f3 add9338a2b714f62b7234c94dba39f9b 82ded0903dba40858a978235e9bb2eb7 - - default default] Successfully bumped revision number for resource 363f7e0d-3c63-49ef-82b7-620e904122d7 (type: security_group_rules) to 0
2026-04-14 07:10:25.550 10 INFO neutron.db.ovn_revision_numbers_db [None req-9f587cde-65fd-4e55-9818-c7536abf12f3 add9338a2b714f62b7234c94dba39f9b 82ded0903dba40858a978235e9bb2eb7 - - default default] Successfully bumped revision number for resource 74e0a25c-666a-4126-b352-67d82805002f (type: security_group_rules) to 0
2026-04-14 07:10:25.566 10 INFO neutron.db.ovn_revision_numbers_db [None req-9f587cde-65fd-4e55-9818-c7536abf12f3 add9338a2b714f62b7234c94dba39f9b 82ded0903dba40858a978235e9bb2eb7 - - default default] Successfully bumped revision number for resource 94805274-f205-4d72-819f-a40b05f4a7ef (type: security_group_rules) to 0
2026-04-14 07:10:25.589 10 INFO neutron.wsgi [None req-9f587cde-65fd-4e55-9818-c7536abf12f3 add9338a2b714f62b7234c94dba39f9b 82ded0903dba40858a978235e9bb2eb7 - - default default] 10.0.0.60 "GET /v2.0/security-groups?tenant_id=1c2b7ddef38c4719abc7c03b12903633&name=default HTTP/1.1" status: 200 len: 2996 time: 0.4124794
2026-04-14 07:10:25.666 10 INFO neutron.wsgi [-] 10.0.0.187 "GET / HTTP/1.1" status: 200 len: 246 time: 0.0036461
2026-04-14 07:10:25.669 10 INFO neutron.wsgi [-] 10.0.0.187 "GET / HTTP/1.1" status: 200 len: 246 time: 0.0014553
2026-04-14 07:10:25.752 10 WARNING neutron_lib.context [None req-4d31476a-f3f8-4c96-a976-b28cb9e8ea47 934d5eed026c4bdd8e6573a3124f88cf 568f6d1da0764b62adea60542e474c4f - - default default] Method 'is_advsvc' is deprecated since 2023.2 release (neutron-lib 3.8.0) and will be removed once support for the old RBAC API policies will be removed from Neutron. Please use method 'is_service_role' instead.
2026-04-14 07:10:25.763 9 INFO neutron.db.ovn_revision_numbers_db [None req-ee753d45-9331-44e0-a902-6f4eea9c3bd3 add9338a2b714f62b7234c94dba39f9b 82ded0903dba40858a978235e9bb2eb7 - - default default] Successfully bumped revision number for resource c3e5b9ec-c3f5-4afc-92af-18bbb6450b61 (type: security_groups) to 1
2026-04-14 07:10:25.784 9 INFO neutron.db.ovn_revision_numbers_db [None req-ee753d45-9331-44e0-a902-6f4eea9c3bd3 add9338a2b714f62b7234c94dba39f9b 82ded0903dba40858a978235e9bb2eb7 - - default default] Successfully bumped revision number for resource 0b471d5c-25ff-41d1-b4f0-50ebf013dee9 (type: security_group_rules) to 0
2026-04-14 07:10:25.791 10 INFO neutron.db.ovn_revision_numbers_db [None req-586ba786-836a-44dd-b777-3b40a1198d03 add9338a2b714f62b7234c94dba39f9b 82ded0903dba40858a978235e9bb2eb7 - - default default] Successfully bumped revision number for resource 0dddc287-3c12-4474-bc32-677a8ccfd903 (type: security_groups) to 1
2026-04-14 07:10:25.800 9 INFO neutron.db.ovn_revision_numbers_db [None req-ee753d45-9331-44e0-a902-6f4eea9c3bd3 add9338a2b714f62b7234c94dba39f9b 82ded0903dba40858a978235e9bb2eb7 - - default default] Successfully bumped revision number for resource 1d323fc7-7755-44fa-8844-3b67b12625c1 (type: security_group_rules) to 0
2026-04-14 07:10:25.807 10 INFO neutron.db.ovn_revision_numbers_db [None req-586ba786-836a-44dd-b777-3b40a1198d03 add9338a2b714f62b7234c94dba39f9b 82ded0903dba40858a978235e9bb2eb7 - - default default] Successfully bumped revision number for resource 0923de4c-31e6-44be-86d0-c4dc00ab1e2f (type: security_group_rules) to 0
2026-04-14 07:10:25.814 9 INFO neutron.db.ovn_revision_numbers_db [None req-ee753d45-9331-44e0-a902-6f4eea9c3bd3 add9338a2b714f62b7234c94dba39f9b 82ded0903dba40858a978235e9bb2eb7 - - default default] Successfully bumped revision number for resource f864f7cc-eed7-4afd-91ad-3e6006cf11f5 (type: security_group_rules) to 0
2026-04-14 07:10:25.824 10 INFO neutron.db.ovn_revision_numbers_db [None req-586ba786-836a-44dd-b777-3b40a1198d03 add9338a2b714f62b7234c94dba39f9b 82ded0903dba40858a978235e9bb2eb7 - - default default] Successfully bumped revision number for resource 491d8368-c869-4866-afca-e7d8185f08a0 (type: security_group_rules) to 0
2026-04-14 07:10:25.831 9 INFO neutron.wsgi [None req-b2e573da-244c-4395-b466-14e2a379eead add9338a2b714f62b7234c94dba39f9b 82ded0903dba40858a978235e9bb2eb7 - - default default] 10.0.0.60 "DELETE /v2.0/security-groups/53c4c9a4-1b83-4997-9b3e-4673a9205a44 HTTP/1.1" status: 204 len: 168 time: 0.2370439
2026-04-14 07:10:25.833 9 INFO neutron.db.ovn_revision_numbers_db [None req-ee753d45-9331-44e0-a902-6f4eea9c3bd3 add9338a2b714f62b7234c94dba39f9b 82ded0903dba40858a978235e9bb2eb7 - - default default] Successfully bumped revision number for resource ff330f7b-efac-49a1-a9b7-810f332f42a1 (type: security_group_rules) to 0
2026-04-14 07:10:25.841 10 INFO neutron.db.ovn_revision_numbers_db [None req-586ba786-836a-44dd-b777-3b40a1198d03 add9338a2b714f62b7234c94dba39f9b 82ded0903dba40858a978235e9bb2eb7 - - default default] Successfully bumped revision number for resource 574e7711-15cd-4247-97b4-47bd69f1954a (type: security_group_rules) to 0
2026-04-14 07:10:25.854 9 INFO neutron.wsgi [None req-ee753d45-9331-44e0-a902-6f4eea9c3bd3 add9338a2b714f62b7234c94dba39f9b 82ded0903dba40858a978235e9bb2eb7 - - default default] 10.0.0.60 "GET /v2.0/security-groups?tenant_id=4847ea18c17b481d8c218f5ad8a77a87&name=default HTTP/1.1" status: 200 len: 2996 time: 0.2494271
2026-04-14 07:10:25.861 10 INFO neutron.db.ovn_revision_numbers_db [None req-586ba786-836a-44dd-b777-3b40a1198d03 add9338a2b714f62b7234c94dba39f9b 82ded0903dba40858a978235e9bb2eb7 - - default default] Successfully bumped revision number for resource 88daa837-766e-462c-b64b-d6ef9d4e891f (type: security_group_rules) to 0
2026-04-14 07:10:26.047 10 INFO neutron.wsgi [None req-586ba786-836a-44dd-b777-3b40a1198d03 add9338a2b714f62b7234c94dba39f9b 82ded0903dba40858a978235e9bb2eb7 - - default default] 10.0.0.60 "GET /v2.0/security-groups?tenant_id=8ea9647fbd6f40cf8dfbbf1a2a5f57b0&name=default HTTP/1.1" status: 200 len: 2996 time: 0.5246508
2026-04-14 07:10:26.053 10 INFO neutron.db.ovn_revision_numbers_db [None req-4d31476a-f3f8-4c96-a976-b28cb9e8ea47 934d5eed026c4bdd8e6573a3124f88cf 568f6d1da0764b62adea60542e474c4f - - default default] Successfully bumped revision number for resource d38988eb-9a28-45f5-afb1-ca5eef61ee96 (type: security_groups) to 1
2026-04-14 07:10:26.087 10 INFO neutron.db.ovn_revision_numbers_db [None req-4d31476a-f3f8-4c96-a976-b28cb9e8ea47 934d5eed026c4bdd8e6573a3124f88cf 568f6d1da0764b62adea60542e474c4f - - default default] Successfully bumped revision number for resource 04c55d85-f1a0-47e8-8006-9dd635efbabc (type: security_group_rules) to 0
2026-04-14 07:10:26.117 9 INFO neutron.db.ovn_revision_numbers_db [None req-d8f39eef-d285-4d60-aeea-c435b3eb041e add9338a2b714f62b7234c94dba39f9b 82ded0903dba40858a978235e9bb2eb7 - - default default] Successfully bumped revision number for resource c4025739-32f4-47e3-a9ef-1b6c65faaba5 (type: security_groups) to 1
2026-04-14 07:10:26.125 10 INFO neutron.db.ovn_revision_numbers_db [None req-4d31476a-f3f8-4c96-a976-b28cb9e8ea47 934d5eed026c4bdd8e6573a3124f88cf 568f6d1da0764b62adea60542e474c4f - - default default] Successfully bumped revision number for resource 8f0aee49-4163-4d3e-a676-3a596fd73f2f (type: security_group_rules) to 0
2026-04-14 07:10:26.155 9 INFO neutron.wsgi [None req-eaa6a81e-8092-4bba-9092-ea67a0056701 add9338a2b714f62b7234c94dba39f9b 82ded0903dba40858a978235e9bb2eb7 - - default default] 10.0.0.60 "DELETE /v2.0/security-groups/c3e5b9ec-c3f5-4afc-92af-18bbb6450b61 HTTP/1.1" status: 204 len: 168 time: 0.2904201
2026-04-14 07:10:26.159 9 INFO neutron.db.ovn_revision_numbers_db [None req-d8f39eef-d285-4d60-aeea-c435b3eb041e add9338a2b714f62b7234c94dba39f9b 82ded0903dba40858a978235e9bb2eb7 - - default default] Successfully bumped revision number for resource 1e508faf-6980-4b51-8561-0693463a78e5 (type: security_group_rules) to 0
2026-04-14 07:10:26.169 10 INFO neutron.wsgi [None req-4d31476a-f3f8-4c96-a976-b28cb9e8ea47 934d5eed026c4bdd8e6573a3124f88cf 568f6d1da0764b62adea60542e474c4f - - default default] 10.0.0.60 "POST /v2.0/security-groups HTTP/1.1" status: 201 len: 1795 time: 0.4216328
2026-04-14 07:10:26.179 10 WARNING neutron_lib.context [None req-44ab3c03-3c4e-448a-80e5-c25b0760e26d 934d5eed026c4bdd8e6573a3124f88cf 568f6d1da0764b62adea60542e474c4f - - default default] Method 'is_advsvc' is deprecated since 2023.2 release (neutron-lib 3.8.0) and will be removed once support for the old RBAC API policies will be removed from Neutron. Please use method 'is_service_role' instead.
2026-04-14 07:10:26.184 9 INFO neutron.db.ovn_revision_numbers_db [None req-d8f39eef-d285-4d60-aeea-c435b3eb041e add9338a2b714f62b7234c94dba39f9b 82ded0903dba40858a978235e9bb2eb7 - - default default] Successfully bumped revision number for resource 6f73c062-aa6f-4aa8-ba5f-fa6e5fb97649 (type: security_group_rules) to 0
2026-04-14 07:10:26.240 9 INFO neutron.db.ovn_revision_numbers_db [None req-d8f39eef-d285-4d60-aeea-c435b3eb041e add9338a2b714f62b7234c94dba39f9b 82ded0903dba40858a978235e9bb2eb7 - - default default] Successfully bumped revision number for resource ccfe1e5e-e877-4e42-9d71-a0288e0c2243 (type: security_group_rules) to 0
2026-04-14 07:10:26.258 9 INFO neutron.db.ovn_revision_numbers_db [None req-d8f39eef-d285-4d60-aeea-c435b3eb041e add9338a2b714f62b7234c94dba39f9b 82ded0903dba40858a978235e9bb2eb7 - - default default] Successfully bumped revision number for resource ce0b5cde-7605-4f08-8387-6a5ad5870cfc (type: security_group_rules) to 0
2026-04-14 07:10:26.283 9 INFO neutron.wsgi [None req-d8f39eef-d285-4d60-aeea-c435b3eb041e add9338a2b714f62b7234c94dba39f9b 82ded0903dba40858a978235e9bb2eb7 - - default default] 10.0.0.60 "GET /v2.0/security-groups?tenant_id=73535046c9f8491b92d8e6b4a22350db&name=default HTTP/1.1" status: 200 len: 2996 time: 0.3586569
2026-04-14 07:10:26.331 10 INFO neutron.wsgi [None req-6622bb1d-388c-422d-a5fc-f667097abf7e add9338a2b714f62b7234c94dba39f9b 82ded0903dba40858a978235e9bb2eb7 - - default default] 10.0.0.60 "DELETE /v2.0/security-groups/0dddc287-3c12-4474-bc32-677a8ccfd903 HTTP/1.1" status: 204 len: 168 time: 0.2708602
2026-04-14 07:10:26.378 10 INFO neutron.db.ovn_revision_numbers_db [None req-44ab3c03-3c4e-448a-80e5-c25b0760e26d 934d5eed026c4bdd8e6573a3124f88cf 568f6d1da0764b62adea60542e474c4f - - default default] Successfully bumped revision number for resource 02421304-22ad-4522-a73d-511b9575b172 (type: security_group_rules) to 0
2026-04-14 07:10:26.412 10 INFO neutron.services.segments.plugin [-] Segment 9bd9d256-dff3-44b6-8e2c-2a21dcae8dfd resource provider aggregate not found
2026-04-14 07:10:26.422 10 INFO neutron.wsgi [None req-44ab3c03-3c4e-448a-80e5-c25b0760e26d 934d5eed026c4bdd8e6573a3124f88cf 568f6d1da0764b62adea60542e474c4f - - default default] 10.0.0.60 "POST /v2.0/security-group-rules HTTP/1.1" status: 201 len: 764 time: 0.2480013
2026-04-14 07:10:26.430 10 INFO neutron.services.segments.plugin [-] Segment 9bd9d256-dff3-44b6-8e2c-2a21dcae8dfd resource provider not found; error: Placement Client Error (4xx): {"errors": [{"status": 404, "title": "Not Found", "detail": "The resource could not be found.\n\n No resource provider with uuid 9bd9d256-dff3-44b6-8e2c-2a21dcae8dfd found for delete ", "request_id": "req-98986860-8e88-4565-8769-eea13487b02b"}]}
2026-04-14 07:10:26.435 9 WARNING neutron_lib.context [None req-6f204256-0b76-446d-8d39-d815a0f5acb6 934d5eed026c4bdd8e6573a3124f88cf 568f6d1da0764b62adea60542e474c4f - - default default] Method 'is_advsvc' is deprecated since 2023.2 release (neutron-lib 3.8.0) and will be removed once support for the old RBAC API policies will be removed from Neutron. Please use method 'is_service_role' instead.
2026-04-14 07:10:26.451 10 INFO neutron.services.segments.plugin [-] Segment 9bd9d256-dff3-44b6-8e2c-2a21dcae8dfd resource provider aggregate not found
2026-04-14 07:10:26.486 10 INFO neutron.services.segments.plugin [-] Segment 9bd9d256-dff3-44b6-8e2c-2a21dcae8dfd resource provider not found; error: Placement Client Error (4xx): {"errors": [{"status": 404, "title": "Not Found", "detail": "The resource could not be found.\n\n No resource provider with uuid 9bd9d256-dff3-44b6-8e2c-2a21dcae8dfd found for delete ", "request_id": "req-b5cd1c20-b639-45ca-9b4d-caed8a67e528"}]}
