Apr 28 20:11:51.721136 np0000171179 systemd[1]: Starting devstack@n-api-meta.service - Devstack devstack@n-api-meta.service...
Apr 28 20:11:51.727740 np0000171179 devstack@n-api-meta.service[109609]: [uWSGI] getting INI configuration from /etc/nova/nova-metadata-uwsgi.ini
Apr 28 20:11:51.728515 np0000171179 devstack@n-api-meta.service[109609]: open("./http_plugin.so"): No such file or directory [core/utils.c line 3709]
Apr 28 20:11:51.728515 np0000171179 devstack@n-api-meta.service[109609]: !!! UNABLE to load uWSGI plugin: ./http_plugin.so: cannot open shared object file: No such file or directory !!!
Apr 28 20:11:51.728515 np0000171179 devstack@n-api-meta.service[109609]: open("./python3_plugin.so"): No such file or directory [core/utils.c line 3709]
Apr 28 20:11:51.728515 np0000171179 devstack@n-api-meta.service[109609]: !!! UNABLE to load uWSGI plugin: ./python3_plugin.so: cannot open shared object file: No such file or directory !!!
Apr 28 20:11:51.728515 np0000171179 devstack@n-api-meta.service[109609]: *** Starting uWSGI 2.0.31 (64bit) on [Tue Apr 28 20:11:51 2026] ***
Apr 28 20:11:51.728515 np0000171179 devstack@n-api-meta.service[109609]: compiled with version: 13.3.0 on 28 April 2026 20:01:24
Apr 28 20:11:51.728515 np0000171179 devstack@n-api-meta.service[109609]: os: Linux-6.8.0-110-generic #110-Ubuntu SMP PREEMPT_DYNAMIC Thu Mar 19 15:09:20 UTC 2026
Apr 28 20:11:51.728515 np0000171179 devstack@n-api-meta.service[109609]: nodename: np0000171179
Apr 28 20:11:51.728515 np0000171179 devstack@n-api-meta.service[109609]: machine: x86_64
Apr 28 20:11:51.728515 np0000171179 devstack@n-api-meta.service[109609]: clock source: unix
Apr 28 20:11:51.728515 np0000171179 devstack@n-api-meta.service[109609]: pcre jit disabled
Apr 28 20:11:51.728515 np0000171179 devstack@n-api-meta.service[109609]: detected number of CPU cores: 16
Apr 28 20:11:51.728515 np0000171179 devstack@n-api-meta.service[109609]: current working directory: /
Apr 28 20:11:51.728515 np0000171179 devstack@n-api-meta.service[109609]: detected binary path: /opt/stack/data/venv/bin/uwsgi
Apr 28 20:11:51.728515 np0000171179 devstack@n-api-meta.service[109609]: your processes number limit is 256917
Apr 28 20:11:51.728515 np0000171179 devstack@n-api-meta.service[109609]: your memory page size is 4096 bytes
Apr 28 20:11:51.728515 np0000171179 devstack@n-api-meta.service[109609]: detected max file descriptor number: 2048
Apr 28 20:11:51.728515 np0000171179 devstack@n-api-meta.service[109609]: lock engine: pthread robust mutexes
Apr 28 20:11:51.728515 np0000171179 devstack@n-api-meta.service[109609]: thunder lock: enabled
Apr 28 20:11:51.728515 np0000171179 devstack@n-api-meta.service[109609]: uWSGI http bound on 0.0.0.0:8775 fd 5
Apr 28 20:11:51.728515 np0000171179 devstack@n-api-meta.service[109609]: uwsgi socket 0 bound to TCP address 127.0.0.1:41211 (port auto-assigned) fd 4
Apr 28 20:11:51.728515 np0000171179 devstack@n-api-meta.service[109609]: Python version: 3.12.3 (main, Mar 23 2026, 19:04:32) [GCC 13.3.0]
Apr 28 20:11:51.728515 np0000171179 devstack@n-api-meta.service[109609]: PEP 405 virtualenv detected: /opt/stack/data/venv
Apr 28 20:11:51.728515 np0000171179 devstack@n-api-meta.service[109609]: Set PythonHome to /opt/stack/data/venv
Apr 28 20:11:51.765341 np0000171179 devstack@n-api-meta.service[109609]: Python main interpreter initialized at 0x71b783aa3668
Apr 28 20:11:51.765341 np0000171179 devstack@n-api-meta.service[109609]: python threads support enabled
Apr 28 20:11:51.765341 np0000171179 devstack@n-api-meta.service[109609]: your server socket listen backlog is limited to 100 connections
Apr 28 20:11:51.765341 np0000171179 devstack@n-api-meta.service[109609]: your mercy for graceful operations on workers is 80 seconds
Apr 28 20:11:51.765919 np0000171179 devstack@n-api-meta.service[109609]: mapped 671795 bytes (656 KB) for 4 cores
Apr 28 20:11:51.765984 np0000171179 devstack@n-api-meta.service[109609]: *** Operational MODE: preforking ***
Apr 28 20:11:51.766234 np0000171179 devstack@n-api-meta.service[109609]: *** uWSGI is running in multiple interpreter mode ***
Apr 28 20:11:51.766234 np0000171179 devstack@n-api-meta.service[109609]: spawned uWSGI master process (pid: 109609)
Apr 28 20:11:51.766414 np0000171179 systemd[1]: Started devstack@n-api-meta.service - Devstack devstack@n-api-meta.service.
Apr 28 20:11:51.766902 np0000171179 devstack@n-api-meta.service[109609]: spawned uWSGI worker 1 (pid: 109610, cores: 1)
Apr 28 20:11:51.767390 np0000171179 devstack@n-api-meta.service[109609]: spawned uWSGI worker 2 (pid: 109611, cores: 1)
Apr 28 20:11:51.767829 np0000171179 devstack@n-api-meta.service[109609]: spawned uWSGI worker 3 (pid: 109612, cores: 1)
Apr 28 20:11:51.768377 np0000171179 devstack@n-api-meta.service[109609]: spawned uWSGI worker 4 (pid: 109613, cores: 1)
Apr 28 20:11:51.768843 np0000171179 devstack@n-api-meta.service[109609]: spawned uWSGI http 1 (pid: 109614)
Apr 28 20:11:51.768843 np0000171179 devstack@n-api-meta.service[109609]: running "unix_signal:15 gracefully_kill_them_all" (master-start)...
Apr 28 20:11:52.066839 np0000171179 devstack@n-api-meta.service[109611]: /opt/stack/data/venv/lib/python3.12/site-packages/oslo_concurrency/lockutils.py:41: EventletDeprecationWarning:
Apr 28 20:11:52.066839 np0000171179 devstack@n-api-meta.service[109611]: Eventlet is deprecated. It is currently being maintained in bugfix mode, and
Apr 28 20:11:52.066839 np0000171179 devstack@n-api-meta.service[109611]: we strongly recommend against using it for new projects.
Apr 28 20:11:52.066839 np0000171179 devstack@n-api-meta.service[109611]: If you are already using Eventlet, we recommend migrating to a different
Apr 28 20:11:52.066839 np0000171179 devstack@n-api-meta.service[109611]: framework. For more detail see
Apr 28 20:11:52.066839 np0000171179 devstack@n-api-meta.service[109611]: https://eventlet.readthedocs.io/en/latest/asyncio/migration.html
Apr 28 20:11:52.066839 np0000171179 devstack@n-api-meta.service[109611]: import eventlet
Apr 28 20:11:52.108112 np0000171179 devstack@n-api-meta.service[109612]: /opt/stack/data/venv/lib/python3.12/site-packages/oslo_concurrency/lockutils.py:41: EventletDeprecationWarning:
Apr 28 20:11:52.108112 np0000171179 devstack@n-api-meta.service[109612]: Eventlet is deprecated. It is currently being maintained in bugfix mode, and
Apr 28 20:11:52.108112 np0000171179 devstack@n-api-meta.service[109612]: we strongly recommend against using it for new projects.
Apr 28 20:11:52.108112 np0000171179 devstack@n-api-meta.service[109612]: If you are already using Eventlet, we recommend migrating to a different
Apr 28 20:11:52.108112 np0000171179 devstack@n-api-meta.service[109612]: framework. For more detail see
Apr 28 20:11:52.108112 np0000171179 devstack@n-api-meta.service[109612]: https://eventlet.readthedocs.io/en/latest/asyncio/migration.html
Apr 28 20:11:52.108112 np0000171179 devstack@n-api-meta.service[109612]: import eventlet
Apr 28 20:11:52.113860 np0000171179 devstack@n-api-meta.service[109611]: Service is starting with native threading. This is currently experimental. Do not use it in production without first testing it in pre-production.
Apr 28 20:11:52.117682 np0000171179 devstack@n-api-meta.service[109610]: /opt/stack/data/venv/lib/python3.12/site-packages/oslo_concurrency/lockutils.py:41: EventletDeprecationWarning:
Apr 28 20:11:52.117682 np0000171179 devstack@n-api-meta.service[109610]: Eventlet is deprecated. It is currently being maintained in bugfix mode, and
Apr 28 20:11:52.117682 np0000171179 devstack@n-api-meta.service[109610]: we strongly recommend against using it for new projects.
Apr 28 20:11:52.117682 np0000171179 devstack@n-api-meta.service[109610]: If you are already using Eventlet, we recommend migrating to a different
Apr 28 20:11:52.117682 np0000171179 devstack@n-api-meta.service[109610]: framework. For more detail see
Apr 28 20:11:52.117682 np0000171179 devstack@n-api-meta.service[109610]: https://eventlet.readthedocs.io/en/latest/asyncio/migration.html
Apr 28 20:11:52.117682 np0000171179 devstack@n-api-meta.service[109610]: import eventlet
Apr 28 20:11:52.130721 np0000171179 devstack@n-api-meta.service[109613]: /opt/stack/data/venv/lib/python3.12/site-packages/oslo_concurrency/lockutils.py:41: EventletDeprecationWarning:
Apr 28 20:11:52.130721 np0000171179 devstack@n-api-meta.service[109613]: Eventlet is deprecated. It is currently being maintained in bugfix mode, and
Apr 28 20:11:52.130721 np0000171179 devstack@n-api-meta.service[109613]: we strongly recommend against using it for new projects.
Apr 28 20:11:52.130721 np0000171179 devstack@n-api-meta.service[109613]: If you are already using Eventlet, we recommend migrating to a different
Apr 28 20:11:52.130721 np0000171179 devstack@n-api-meta.service[109613]: framework. For more detail see
Apr 28 20:11:52.130721 np0000171179 devstack@n-api-meta.service[109613]: https://eventlet.readthedocs.io/en/latest/asyncio/migration.html
Apr 28 20:11:52.130721 np0000171179 devstack@n-api-meta.service[109613]: import eventlet
Apr 28 20:11:52.155506 np0000171179 devstack@n-api-meta.service[109612]: Service is starting with native threading. This is currently experimental. Do not use it in production without first testing it in pre-production.
Apr 28 20:11:52.166569 np0000171179 devstack@n-api-meta.service[109610]: Service is starting with native threading. This is currently experimental. Do not use it in production without first testing it in pre-production.
Apr 28 20:11:52.194982 np0000171179 devstack@n-api-meta.service[109613]: Service is starting with native threading. This is currently experimental. Do not use it in production without first testing it in pre-production.
Apr 28 20:11:53.518800 np0000171179 devstack@n-api-meta.service[109611]: INFO dbcounter [None req-95b95a8b-75c6-4695-8c6a-6586dc24f4fa None None] Registered counter for database nova_api
Apr 28 20:11:53.536429 np0000171179 devstack@n-api-meta.service[109611]: DEBUG oslo_db.sqlalchemy.engines [None req-95b95a8b-75c6-4695-8c6a-6586dc24f4fa None None] MySQL server mode set to STRICT_TRANS_TABLES,STRICT_ALL_TABLES,NO_ZERO_IN_DATE,NO_ZERO_DATE,ERROR_FOR_DIVISION_BY_ZERO,TRADITIONAL,NO_ENGINE_SUBSTITUTION {{(pid=109611) _check_effective_sql_mode /opt/stack/data/venv/lib/python3.12/site-packages/oslo_db/sqlalchemy/engines.py:325}}
Apr 28 20:11:53.555507 np0000171179 devstack@n-api-meta.service[109610]: INFO dbcounter [None req-6541df29-a0f4-4958-9dee-e1df09faa57c None None] Registered counter for database nova_api
Apr 28 20:11:53.564973 np0000171179 devstack@n-api-meta.service[109611]: DEBUG dbcounter [-] [109611] Writer thread running {{(pid=109611) stat_writer /opt/stack/data/venv/lib/python3.12/site-packages/dbcounter.py:102}}
Apr 28 20:11:53.567181 np0000171179 devstack@n-api-meta.service[109611]: DEBUG nova.context [None req-95b95a8b-75c6-4695-8c6a-6586dc24f4fa None None] Found 2 cells: 00000000-0000-0000-0000-000000000000(cell0),ffe3c65f-f81f-4f81-b9a2-33aa2e551129(cell1) {{(pid=109611) load_cells /opt/stack/nova/nova/context.py:509}}
Apr 28 20:11:53.567407 np0000171179 devstack@n-api-meta.service[109611]: INFO nova.utils [None req-95b95a8b-75c6-4695-8c6a-6586dc24f4fa None None] The cell worker thread pool MainProcess.cell_worker is initialized
Apr 28 20:11:53.569078 np0000171179 devstack@n-api-meta.service[109611]: DEBUG oslo_concurrency.lockutils [None req-95b95a8b-75c6-4695-8c6a-6586dc24f4fa None None] Acquiring lock "00000000-0000-0000-0000-000000000000" by "nova.context.set_target_cell..get_or_set_cached_cell_and_set_connections" {{(pid=109611) inner /opt/stack/data/venv/lib/python3.12/site-packages/oslo_concurrency/lockutils.py:506}}
Apr 28 20:11:53.569208 np0000171179 devstack@n-api-meta.service[109611]: DEBUG oslo_concurrency.lockutils [None req-95b95a8b-75c6-4695-8c6a-6586dc24f4fa None None] Lock "00000000-0000-0000-0000-000000000000" acquired by "nova.context.set_target_cell..get_or_set_cached_cell_and_set_connections" :: waited 0.000s {{(pid=109611) inner /opt/stack/data/venv/lib/python3.12/site-packages/oslo_concurrency/lockutils.py:519}}
Apr 28 20:11:53.569633 np0000171179 devstack@n-api-meta.service[109611]: DEBUG oslo_concurrency.lockutils [None req-95b95a8b-75c6-4695-8c6a-6586dc24f4fa None None] Lock "00000000-0000-0000-0000-000000000000" "released" by "nova.context.set_target_cell..get_or_set_cached_cell_and_set_connections" :: held 0.000s {{(pid=109611) inner /opt/stack/data/venv/lib/python3.12/site-packages/oslo_concurrency/lockutils.py:538}}
Apr 28 20:11:53.570357 np0000171179 devstack@n-api-meta.service[109611]: DEBUG oslo_concurrency.lockutils [None req-95b95a8b-75c6-4695-8c6a-6586dc24f4fa None None] Acquiring lock "ffe3c65f-f81f-4f81-b9a2-33aa2e551129" by "nova.context.set_target_cell..get_or_set_cached_cell_and_set_connections" {{(pid=109611) inner /opt/stack/data/venv/lib/python3.12/site-packages/oslo_concurrency/lockutils.py:506}}
Apr 28 20:11:53.570488 np0000171179 devstack@n-api-meta.service[109611]: DEBUG oslo_concurrency.lockutils [None req-95b95a8b-75c6-4695-8c6a-6586dc24f4fa None None] Lock "ffe3c65f-f81f-4f81-b9a2-33aa2e551129" acquired by "nova.context.set_target_cell..get_or_set_cached_cell_and_set_connections" :: waited 0.000s {{(pid=109611) inner /opt/stack/data/venv/lib/python3.12/site-packages/oslo_concurrency/lockutils.py:519}}
Apr 28 20:11:53.571306 np0000171179 devstack@n-api-meta.service[109611]: DEBUG oslo_concurrency.lockutils [None req-95b95a8b-75c6-4695-8c6a-6586dc24f4fa None None] Lock "ffe3c65f-f81f-4f81-b9a2-33aa2e551129" "released" by "nova.context.set_target_cell..get_or_set_cached_cell_and_set_connections" :: held 0.001s {{(pid=109611) inner /opt/stack/data/venv/lib/python3.12/site-packages/oslo_concurrency/lockutils.py:538}}
Apr 28 20:11:53.571857 np0000171179 devstack@n-api-meta.service[109610]: DEBUG oslo_db.sqlalchemy.engines [None req-6541df29-a0f4-4958-9dee-e1df09faa57c None None] MySQL server mode set to STRICT_TRANS_TABLES,STRICT_ALL_TABLES,NO_ZERO_IN_DATE,NO_ZERO_DATE,ERROR_FOR_DIVISION_BY_ZERO,TRADITIONAL,NO_ENGINE_SUBSTITUTION {{(pid=109610) _check_effective_sql_mode /opt/stack/data/venv/lib/python3.12/site-packages/oslo_db/sqlalchemy/engines.py:325}}
Apr 28 20:11:53.574396 np0000171179 devstack@n-api-meta.service[109611]: INFO dbcounter [None req-95b95a8b-75c6-4695-8c6a-6586dc24f4fa None None] Registered counter for database nova_cell0
Apr 28 20:11:53.579279 np0000171179 devstack@n-api-meta.service[109611]: INFO dbcounter [None req-95b95a8b-75c6-4695-8c6a-6586dc24f4fa None None] Registered counter for database nova_cell1
Apr 28 20:11:53.589283 np0000171179 devstack@n-api-meta.service[109611]: DEBUG oslo_db.sqlalchemy.engines [None req-95b95a8b-75c6-4695-8c6a-6586dc24f4fa None None] MySQL server mode set to STRICT_TRANS_TABLES,STRICT_ALL_TABLES,NO_ZERO_IN_DATE,NO_ZERO_DATE,ERROR_FOR_DIVISION_BY_ZERO,TRADITIONAL,NO_ENGINE_SUBSTITUTION {{(pid=109611) _check_effective_sql_mode /opt/stack/data/venv/lib/python3.12/site-packages/oslo_db/sqlalchemy/engines.py:325}}
Apr 28 20:11:53.593549 np0000171179 devstack@n-api-meta.service[109611]: DEBUG oslo_db.sqlalchemy.engines [None req-95b95a8b-75c6-4695-8c6a-6586dc24f4fa None None] MySQL server mode set to STRICT_TRANS_TABLES,STRICT_ALL_TABLES,NO_ZERO_IN_DATE,NO_ZERO_DATE,ERROR_FOR_DIVISION_BY_ZERO,TRADITIONAL,NO_ENGINE_SUBSTITUTION {{(pid=109611) _check_effective_sql_mode /opt/stack/data/venv/lib/python3.12/site-packages/oslo_db/sqlalchemy/engines.py:325}}
Apr 28 20:11:53.606346 np0000171179 devstack@n-api-meta.service[109610]: DEBUG dbcounter [-] [109610] Writer thread running {{(pid=109610) stat_writer /opt/stack/data/venv/lib/python3.12/site-packages/dbcounter.py:102}}
Apr 28 20:11:53.606510 np0000171179 devstack@n-api-meta.service[109612]: INFO dbcounter [None req-3c9b34a5-9759-45fd-8df0-5b3b12ccdd4a None None] Registered counter for database nova_api
Apr 28 20:11:53.608461 np0000171179 devstack@n-api-meta.service[109610]: DEBUG nova.context [None req-6541df29-a0f4-4958-9dee-e1df09faa57c None None] Found 2 cells: 00000000-0000-0000-0000-000000000000(cell0),ffe3c65f-f81f-4f81-b9a2-33aa2e551129(cell1) {{(pid=109610) load_cells /opt/stack/nova/nova/context.py:509}}
Apr 28 20:11:53.608712 np0000171179 devstack@n-api-meta.service[109610]: INFO nova.utils [None req-6541df29-a0f4-4958-9dee-e1df09faa57c None None] The cell worker thread pool MainProcess.cell_worker is initialized
Apr 28 20:11:53.610512 np0000171179 devstack@n-api-meta.service[109610]: DEBUG oslo_concurrency.lockutils [None req-6541df29-a0f4-4958-9dee-e1df09faa57c None None] Acquiring lock "00000000-0000-0000-0000-000000000000" by "nova.context.set_target_cell..get_or_set_cached_cell_and_set_connections" {{(pid=109610) inner /opt/stack/data/venv/lib/python3.12/site-packages/oslo_concurrency/lockutils.py:506}}
Apr 28 20:11:53.610660 np0000171179 devstack@n-api-meta.service[109610]: DEBUG oslo_concurrency.lockutils [None req-6541df29-a0f4-4958-9dee-e1df09faa57c None None] Lock "00000000-0000-0000-0000-000000000000" acquired by "nova.context.set_target_cell..get_or_set_cached_cell_and_set_connections" :: waited 0.000s {{(pid=109610) inner /opt/stack/data/venv/lib/python3.12/site-packages/oslo_concurrency/lockutils.py:519}}
Apr 28 20:11:53.611021 np0000171179 devstack@n-api-meta.service[109610]: DEBUG oslo_concurrency.lockutils [None req-6541df29-a0f4-4958-9dee-e1df09faa57c None None] Lock "00000000-0000-0000-0000-000000000000" "released" by "nova.context.set_target_cell..get_or_set_cached_cell_and_set_connections" :: held 0.000s {{(pid=109610) inner /opt/stack/data/venv/lib/python3.12/site-packages/oslo_concurrency/lockutils.py:538}}
Apr 28 20:11:53.611685 np0000171179 devstack@n-api-meta.service[109610]: DEBUG oslo_concurrency.lockutils [None req-6541df29-a0f4-4958-9dee-e1df09faa57c None None] Acquiring lock "ffe3c65f-f81f-4f81-b9a2-33aa2e551129" by "nova.context.set_target_cell..get_or_set_cached_cell_and_set_connections" {{(pid=109610) inner /opt/stack/data/venv/lib/python3.12/site-packages/oslo_concurrency/lockutils.py:506}}
Apr 28 20:11:53.611851 np0000171179 devstack@n-api-meta.service[109610]: DEBUG oslo_concurrency.lockutils [None req-6541df29-a0f4-4958-9dee-e1df09faa57c None None] Lock "ffe3c65f-f81f-4f81-b9a2-33aa2e551129" acquired by "nova.context.set_target_cell..get_or_set_cached_cell_and_set_connections" :: waited 0.000s {{(pid=109610) inner /opt/stack/data/venv/lib/python3.12/site-packages/oslo_concurrency/lockutils.py:519}}
Apr 28 20:11:53.612647 np0000171179 devstack@n-api-meta.service[109610]: DEBUG oslo_concurrency.lockutils [None req-6541df29-a0f4-4958-9dee-e1df09faa57c None None] Lock "ffe3c65f-f81f-4f81-b9a2-33aa2e551129" "released" by "nova.context.set_target_cell..get_or_set_cached_cell_and_set_connections" :: held 0.001s {{(pid=109610) inner /opt/stack/data/venv/lib/python3.12/site-packages/oslo_concurrency/lockutils.py:538}}
Apr 28 20:11:53.615200 np0000171179 devstack@n-api-meta.service[109610]: INFO dbcounter [None req-6541df29-a0f4-4958-9dee-e1df09faa57c None None] Registered counter for database nova_cell0
Apr 28 20:11:53.621415 np0000171179 devstack@n-api-meta.service[109610]: INFO dbcounter [None req-6541df29-a0f4-4958-9dee-e1df09faa57c None None] Registered counter for database nova_cell1
Apr 28 20:11:53.622547 np0000171179 devstack@n-api-meta.service[109612]: DEBUG oslo_db.sqlalchemy.engines [None req-3c9b34a5-9759-45fd-8df0-5b3b12ccdd4a None None] MySQL server mode set to STRICT_TRANS_TABLES,STRICT_ALL_TABLES,NO_ZERO_IN_DATE,NO_ZERO_DATE,ERROR_FOR_DIVISION_BY_ZERO,TRADITIONAL,NO_ENGINE_SUBSTITUTION {{(pid=109612) _check_effective_sql_mode /opt/stack/data/venv/lib/python3.12/site-packages/oslo_db/sqlalchemy/engines.py:325}}
Apr 28 20:11:53.632445 np0000171179 devstack@n-api-meta.service[109610]: DEBUG oslo_db.sqlalchemy.engines [None req-6541df29-a0f4-4958-9dee-e1df09faa57c None None] MySQL server mode set to STRICT_TRANS_TABLES,STRICT_ALL_TABLES,NO_ZERO_IN_DATE,NO_ZERO_DATE,ERROR_FOR_DIVISION_BY_ZERO,TRADITIONAL,NO_ENGINE_SUBSTITUTION {{(pid=109610) _check_effective_sql_mode /opt/stack/data/venv/lib/python3.12/site-packages/oslo_db/sqlalchemy/engines.py:325}}
Apr 28 20:11:53.637250 np0000171179 devstack@n-api-meta.service[109610]: DEBUG oslo_db.sqlalchemy.engines [None req-6541df29-a0f4-4958-9dee-e1df09faa57c None None] MySQL server mode set to STRICT_TRANS_TABLES,STRICT_ALL_TABLES,NO_ZERO_IN_DATE,NO_ZERO_DATE,ERROR_FOR_DIVISION_BY_ZERO,TRADITIONAL,NO_ENGINE_SUBSTITUTION {{(pid=109610) _check_effective_sql_mode /opt/stack/data/venv/lib/python3.12/site-packages/oslo_db/sqlalchemy/engines.py:325}}
Apr 28 20:11:53.657993 np0000171179 devstack@n-api-meta.service[109612]: DEBUG dbcounter [-] [109612] Writer thread running {{(pid=109612) stat_writer /opt/stack/data/venv/lib/python3.12/site-packages/dbcounter.py:102}}
Apr 28 20:11:53.660319 np0000171179 devstack@n-api-meta.service[109612]: DEBUG nova.context [None req-3c9b34a5-9759-45fd-8df0-5b3b12ccdd4a None None] Found 2 cells: 00000000-0000-0000-0000-000000000000(cell0),ffe3c65f-f81f-4f81-b9a2-33aa2e551129(cell1) {{(pid=109612) load_cells /opt/stack/nova/nova/context.py:509}}
Apr 28 20:11:53.660565 np0000171179 devstack@n-api-meta.service[109612]: INFO nova.utils [None req-3c9b34a5-9759-45fd-8df0-5b3b12ccdd4a None None] The cell worker thread pool MainProcess.cell_worker is initialized
Apr 28 20:11:53.662319 np0000171179 devstack@n-api-meta.service[109612]: DEBUG oslo_concurrency.lockutils [None req-3c9b34a5-9759-45fd-8df0-5b3b12ccdd4a None None] Acquiring lock "00000000-0000-0000-0000-000000000000" by "nova.context.set_target_cell..get_or_set_cached_cell_and_set_connections" {{(pid=109612) inner /opt/stack/data/venv/lib/python3.12/site-packages/oslo_concurrency/lockutils.py:506}}
Apr 28 20:11:53.662471 np0000171179 devstack@n-api-meta.service[109612]: DEBUG oslo_concurrency.lockutils [None req-3c9b34a5-9759-45fd-8df0-5b3b12ccdd4a None None] Lock "00000000-0000-0000-0000-000000000000" acquired by "nova.context.set_target_cell..get_or_set_cached_cell_and_set_connections" :: waited 0.000s {{(pid=109612) inner /opt/stack/data/venv/lib/python3.12/site-packages/oslo_concurrency/lockutils.py:519}}
Apr 28 20:11:53.662899 np0000171179 devstack@n-api-meta.service[109612]: DEBUG oslo_concurrency.lockutils [None req-3c9b34a5-9759-45fd-8df0-5b3b12ccdd4a None None] Lock "00000000-0000-0000-0000-000000000000" "released" by "nova.context.set_target_cell..get_or_set_cached_cell_and_set_connections" :: held 0.000s {{(pid=109612) inner /opt/stack/data/venv/lib/python3.12/site-packages/oslo_concurrency/lockutils.py:538}}
Apr 28 20:11:53.663625 np0000171179 devstack@n-api-meta.service[109612]: DEBUG oslo_concurrency.lockutils [None req-3c9b34a5-9759-45fd-8df0-5b3b12ccdd4a None None] Acquiring lock "ffe3c65f-f81f-4f81-b9a2-33aa2e551129" by "nova.context.set_target_cell..get_or_set_cached_cell_and_set_connections" {{(pid=109612) inner /opt/stack/data/venv/lib/python3.12/site-packages/oslo_concurrency/lockutils.py:506}}
Apr 28 20:11:53.663802 np0000171179 devstack@n-api-meta.service[109612]: DEBUG oslo_concurrency.lockutils [None req-3c9b34a5-9759-45fd-8df0-5b3b12ccdd4a None None] Lock "ffe3c65f-f81f-4f81-b9a2-33aa2e551129" acquired by "nova.context.set_target_cell..get_or_set_cached_cell_and_set_connections" :: waited 0.000s {{(pid=109612) inner /opt/stack/data/venv/lib/python3.12/site-packages/oslo_concurrency/lockutils.py:519}}
Apr 28 20:11:53.664098 np0000171179 devstack@n-api-meta.service[109613]: INFO dbcounter [None req-b432d077-9991-41be-8e26-23fe10a117f3 None None] Registered counter for database nova_api
Apr 28 20:11:53.664615 np0000171179 devstack@n-api-meta.service[109612]: DEBUG oslo_concurrency.lockutils [None req-3c9b34a5-9759-45fd-8df0-5b3b12ccdd4a None None] Lock "ffe3c65f-f81f-4f81-b9a2-33aa2e551129" "released" by "nova.context.set_target_cell..get_or_set_cached_cell_and_set_connections" :: held 0.001s {{(pid=109612) inner /opt/stack/data/venv/lib/python3.12/site-packages/oslo_concurrency/lockutils.py:538}}
Apr 28 20:11:53.666938 np0000171179 devstack@n-api-meta.service[109612]: INFO dbcounter [None req-3c9b34a5-9759-45fd-8df0-5b3b12ccdd4a None None] Registered counter for database nova_cell0
Apr 28 20:11:53.671736 np0000171179 devstack@n-api-meta.service[109612]: INFO dbcounter [None req-3c9b34a5-9759-45fd-8df0-5b3b12ccdd4a None None] Registered counter for database nova_cell1
Apr 28 20:11:53.679196 np0000171179 devstack@n-api-meta.service[109612]: DEBUG oslo_db.sqlalchemy.engines [None req-3c9b34a5-9759-45fd-8df0-5b3b12ccdd4a None None] MySQL server mode set to STRICT_TRANS_TABLES,STRICT_ALL_TABLES,NO_ZERO_IN_DATE,NO_ZERO_DATE,ERROR_FOR_DIVISION_BY_ZERO,TRADITIONAL,NO_ENGINE_SUBSTITUTION {{(pid=109612) _check_effective_sql_mode /opt/stack/data/venv/lib/python3.12/site-packages/oslo_db/sqlalchemy/engines.py:325}}
Apr 28 20:11:53.685679 np0000171179 devstack@n-api-meta.service[109613]: DEBUG oslo_db.sqlalchemy.engines [None req-b432d077-9991-41be-8e26-23fe10a117f3 None None] MySQL server mode set to STRICT_TRANS_TABLES,STRICT_ALL_TABLES,NO_ZERO_IN_DATE,NO_ZERO_DATE,ERROR_FOR_DIVISION_BY_ZERO,TRADITIONAL,NO_ENGINE_SUBSTITUTION {{(pid=109613) _check_effective_sql_mode /opt/stack/data/venv/lib/python3.12/site-packages/oslo_db/sqlalchemy/engines.py:325}}
Apr 28 20:11:53.697725 np0000171179 devstack@n-api-meta.service[109612]: DEBUG oslo_db.sqlalchemy.engines [None req-3c9b34a5-9759-45fd-8df0-5b3b12ccdd4a None None] MySQL server mode set to STRICT_TRANS_TABLES,STRICT_ALL_TABLES,NO_ZERO_IN_DATE,NO_ZERO_DATE,ERROR_FOR_DIVISION_BY_ZERO,TRADITIONAL,NO_ENGINE_SUBSTITUTION {{(pid=109612) _check_effective_sql_mode /opt/stack/data/venv/lib/python3.12/site-packages/oslo_db/sqlalchemy/engines.py:325}}
Apr 28 20:11:53.707049 np0000171179 devstack@n-api-meta.service[109611]: DEBUG dbcounter [-] [109611] Writer thread running {{(pid=109611) stat_writer /opt/stack/data/venv/lib/python3.12/site-packages/dbcounter.py:102}}
Apr 28 20:11:53.708078 np0000171179 devstack@n-api-meta.service[109611]: DEBUG dbcounter [-] [109611] Writer thread running {{(pid=109611) stat_writer /opt/stack/data/venv/lib/python3.12/site-packages/dbcounter.py:102}}
Apr 28 20:11:53.713123 np0000171179 devstack@n-api-meta.service[109611]: INFO dbcounter [None req-95b95a8b-75c6-4695-8c6a-6586dc24f4fa None None] Registered counter for database nova_cell0
Apr 28 20:11:53.721545 np0000171179 devstack@n-api-meta.service[109611]: DEBUG oslo_db.sqlalchemy.engines [None req-95b95a8b-75c6-4695-8c6a-6586dc24f4fa None None] MySQL server mode set to STRICT_TRANS_TABLES,STRICT_ALL_TABLES,NO_ZERO_IN_DATE,NO_ZERO_DATE,ERROR_FOR_DIVISION_BY_ZERO,TRADITIONAL,NO_ENGINE_SUBSTITUTION {{(pid=109611) _check_effective_sql_mode /opt/stack/data/venv/lib/python3.12/site-packages/oslo_db/sqlalchemy/engines.py:325}}
Apr 28 20:11:53.724086 np0000171179 devstack@n-api-meta.service[109613]: DEBUG dbcounter [-] [109613] Writer thread running {{(pid=109613) stat_writer /opt/stack/data/venv/lib/python3.12/site-packages/dbcounter.py:102}}
Apr 28 20:11:53.726580 np0000171179 devstack@n-api-meta.service[109613]: DEBUG nova.context [None req-b432d077-9991-41be-8e26-23fe10a117f3 None None] Found 2 cells: 00000000-0000-0000-0000-000000000000(cell0),ffe3c65f-f81f-4f81-b9a2-33aa2e551129(cell1) {{(pid=109613) load_cells /opt/stack/nova/nova/context.py:509}}
Apr 28 20:11:53.726826 np0000171179 devstack@n-api-meta.service[109613]: INFO nova.utils [None req-b432d077-9991-41be-8e26-23fe10a117f3 None None] The cell worker thread pool MainProcess.cell_worker is initialized
Apr 28 20:11:53.727438 np0000171179 devstack@n-api-meta.service[109611]: DEBUG dbcounter [-] [109611] Writer thread running {{(pid=109611) stat_writer /opt/stack/data/venv/lib/python3.12/site-packages/dbcounter.py:102}}
Apr 28 20:11:53.728666 np0000171179 devstack@n-api-meta.service[109613]: DEBUG oslo_concurrency.lockutils [None req-b432d077-9991-41be-8e26-23fe10a117f3 None None] Acquiring lock "00000000-0000-0000-0000-000000000000" by "nova.context.set_target_cell..get_or_set_cached_cell_and_set_connections" {{(pid=109613) inner /opt/stack/data/venv/lib/python3.12/site-packages/oslo_concurrency/lockutils.py:506}}
Apr 28 20:11:53.728841 np0000171179 devstack@n-api-meta.service[109613]: DEBUG oslo_concurrency.lockutils [None req-b432d077-9991-41be-8e26-23fe10a117f3 None None] Lock "00000000-0000-0000-0000-000000000000" acquired by "nova.context.set_target_cell..get_or_set_cached_cell_and_set_connections" :: waited 0.000s {{(pid=109613) inner /opt/stack/data/venv/lib/python3.12/site-packages/oslo_concurrency/lockutils.py:519}}
Apr 28 20:11:53.729184 np0000171179 devstack@n-api-meta.service[109613]: DEBUG oslo_concurrency.lockutils [None req-b432d077-9991-41be-8e26-23fe10a117f3 None None] Lock "00000000-0000-0000-0000-000000000000" "released" by "nova.context.set_target_cell..get_or_set_cached_cell_and_set_connections" :: held 0.000s {{(pid=109613) inner /opt/stack/data/venv/lib/python3.12/site-packages/oslo_concurrency/lockutils.py:538}}
Apr 28 20:11:53.730014 np0000171179 devstack@n-api-meta.service[109613]: DEBUG oslo_concurrency.lockutils [None req-b432d077-9991-41be-8e26-23fe10a117f3 None None] Acquiring lock "ffe3c65f-f81f-4f81-b9a2-33aa2e551129" by "nova.context.set_target_cell..get_or_set_cached_cell_and_set_connections" {{(pid=109613) inner /opt/stack/data/venv/lib/python3.12/site-packages/oslo_concurrency/lockutils.py:506}}
Apr 28 20:11:53.730154 np0000171179 devstack@n-api-meta.service[109613]: DEBUG oslo_concurrency.lockutils [None req-b432d077-9991-41be-8e26-23fe10a117f3 None None] Lock "ffe3c65f-f81f-4f81-b9a2-33aa2e551129" acquired by "nova.context.set_target_cell..get_or_set_cached_cell_and_set_connections" :: waited 0.000s {{(pid=109613) inner /opt/stack/data/venv/lib/python3.12/site-packages/oslo_concurrency/lockutils.py:519}}
Apr 28 20:11:53.731044 np0000171179 devstack@n-api-meta.service[109613]: DEBUG oslo_concurrency.lockutils [None req-b432d077-9991-41be-8e26-23fe10a117f3 None None] Lock "ffe3c65f-f81f-4f81-b9a2-33aa2e551129" "released" by "nova.context.set_target_cell..get_or_set_cached_cell_and_set_connections" :: held 0.001s {{(pid=109613) inner /opt/stack/data/venv/lib/python3.12/site-packages/oslo_concurrency/lockutils.py:538}}
Apr 28 20:11:53.732466 np0000171179 devstack@n-api-meta.service[109610]: DEBUG dbcounter [-] [109610] Writer thread running {{(pid=109610) stat_writer /opt/stack/data/venv/lib/python3.12/site-packages/dbcounter.py:102}}
Apr 28 20:11:53.734336 np0000171179 devstack@n-api-meta.service[109613]: INFO dbcounter [None req-b432d077-9991-41be-8e26-23fe10a117f3 None None] Registered counter for database nova_cell0
Apr 28 20:11:53.735948 np0000171179 devstack@n-api-meta.service[109610]: DEBUG dbcounter [-] [109610] Writer thread running {{(pid=109610) stat_writer /opt/stack/data/venv/lib/python3.12/site-packages/dbcounter.py:102}}
Apr 28 20:11:53.739003 np0000171179 devstack@n-api-meta.service[109613]: INFO dbcounter [None req-b432d077-9991-41be-8e26-23fe10a117f3 None None] Registered counter for database nova_cell1
Apr 28 20:11:53.742210 np0000171179 devstack@n-api-meta.service[109610]: INFO dbcounter [None req-6541df29-a0f4-4958-9dee-e1df09faa57c None None] Registered counter for database nova_cell0
Apr 28 20:11:53.753722 np0000171179 devstack@n-api-meta.service[109613]: DEBUG oslo_db.sqlalchemy.engines [None req-b432d077-9991-41be-8e26-23fe10a117f3 None None] MySQL server mode set to STRICT_TRANS_TABLES,STRICT_ALL_TABLES,NO_ZERO_IN_DATE,NO_ZERO_DATE,ERROR_FOR_DIVISION_BY_ZERO,TRADITIONAL,NO_ENGINE_SUBSTITUTION {{(pid=109613) _check_effective_sql_mode /opt/stack/data/venv/lib/python3.12/site-packages/oslo_db/sqlalchemy/engines.py:325}}
Apr 28 20:11:53.762913 np0000171179 devstack@n-api-meta.service[109610]: DEBUG oslo_db.sqlalchemy.engines [None req-6541df29-a0f4-4958-9dee-e1df09faa57c None None] MySQL server mode set to STRICT_TRANS_TABLES,STRICT_ALL_TABLES,NO_ZERO_IN_DATE,NO_ZERO_DATE,ERROR_FOR_DIVISION_BY_ZERO,TRADITIONAL,NO_ENGINE_SUBSTITUTION {{(pid=109610) _check_effective_sql_mode /opt/stack/data/venv/lib/python3.12/site-packages/oslo_db/sqlalchemy/engines.py:325}}
Apr 28 20:11:53.763300 np0000171179 devstack@n-api-meta.service[109613]: DEBUG oslo_db.sqlalchemy.engines [None req-b432d077-9991-41be-8e26-23fe10a117f3 None None] MySQL server mode set to STRICT_TRANS_TABLES,STRICT_ALL_TABLES,NO_ZERO_IN_DATE,NO_ZERO_DATE,ERROR_FOR_DIVISION_BY_ZERO,TRADITIONAL,NO_ENGINE_SUBSTITUTION {{(pid=109613) _check_effective_sql_mode /opt/stack/data/venv/lib/python3.12/site-packages/oslo_db/sqlalchemy/engines.py:325}}
Apr 28 20:11:53.768705 np0000171179 devstack@n-api-meta.service[109611]: WARNING nova.api.metadata.handler [None req-95b95a8b-75c6-4695-8c6a-6586dc24f4fa None None] metadata_proxy_shared_secret is not configured, the metadata information returned by the proxy cannot be trusted
Apr 28 20:11:53.770597 np0000171179 devstack@n-api-meta.service[109610]: DEBUG dbcounter [-] [109610] Writer thread running {{(pid=109610) stat_writer /opt/stack/data/venv/lib/python3.12/site-packages/dbcounter.py:102}}
Apr 28 20:11:53.771068 np0000171179 devstack@n-api-meta.service[109611]: DEBUG nova.api.openstack.wsgi_app [None req-95b95a8b-75c6-4695-8c6a-6586dc24f4fa None None] ******************************************************************************** {{(pid=109611) log_opt_values /opt/stack/data/venv/lib/python3.12/site-packages/oslo_config/cfg.py:2979}}
Apr 28 20:11:53.771168 np0000171179 devstack@n-api-meta.service[109611]: DEBUG nova.api.openstack.wsgi_app [None req-95b95a8b-75c6-4695-8c6a-6586dc24f4fa None None] Configuration options gathered from: {{(pid=109611) log_opt_values /opt/stack/data/venv/lib/python3.12/site-packages/oslo_config/cfg.py:2980}}
Apr 28 20:11:53.771281 np0000171179 devstack@n-api-meta.service[109611]: DEBUG nova.api.openstack.wsgi_app [None req-95b95a8b-75c6-4695-8c6a-6586dc24f4fa None None] command line args: [] {{(pid=109611) log_opt_values /opt/stack/data/venv/lib/python3.12/site-packages/oslo_config/cfg.py:2981}}
Apr 28 20:11:53.771450 np0000171179 devstack@n-api-meta.service[109611]: DEBUG nova.api.openstack.wsgi_app [None req-95b95a8b-75c6-4695-8c6a-6586dc24f4fa None None] config files: ['/etc/nova/api-paste.ini', '/etc/nova/nova.conf'] {{(pid=109611) log_opt_values /opt/stack/data/venv/lib/python3.12/site-packages/oslo_config/cfg.py:2982}}
Apr 28 20:11:53.771524 np0000171179 devstack@n-api-meta.service[109611]: DEBUG nova.api.openstack.wsgi_app [None req-95b95a8b-75c6-4695-8c6a-6586dc24f4fa None None] ================================================================================ {{(pid=109611) log_opt_values /opt/stack/data/venv/lib/python3.12/site-packages/oslo_config/cfg.py:2987}}
Apr 28 20:11:53.771715 np0000171179 devstack@n-api-meta.service[109611]: DEBUG nova.api.openstack.wsgi_app [None req-95b95a8b-75c6-4695-8c6a-6586dc24f4fa None None] allow_resize_to_same_host = True {{(pid=109611) log_opt_values /opt/stack/data/venv/lib/python3.12/site-packages/oslo_config/cfg.py:2995}}
Apr 28 20:11:53.771878 np0000171179 devstack@n-api-meta.service[109611]: DEBUG nova.api.openstack.wsgi_app [None req-95b95a8b-75c6-4695-8c6a-6586dc24f4fa None None] arq_binding_timeout = 300 {{(pid=109611) log_opt_values /opt/stack/data/venv/lib/python3.12/site-packages/oslo_config/cfg.py:2995}}
Apr 28 20:11:53.772014 np0000171179 devstack@n-api-meta.service[109611]: DEBUG nova.api.openstack.wsgi_app [None req-95b95a8b-75c6-4695-8c6a-6586dc24f4fa None None] block_device_allocate_retries = 60 {{(pid=109611) log_opt_values /opt/stack/data/venv/lib/python3.12/site-packages/oslo_config/cfg.py:2995}}
Apr 28 20:11:53.772145 np0000171179 devstack@n-api-meta.service[109611]: DEBUG nova.api.openstack.wsgi_app [None req-95b95a8b-75c6-4695-8c6a-6586dc24f4fa None None] block_device_allocate_retries_interval = 3 {{(pid=109611) log_opt_values /opt/stack/data/venv/lib/python3.12/site-packages/oslo_config/cfg.py:2995}}
Apr 28 20:11:53.772310 np0000171179 devstack@n-api-meta.service[109611]: DEBUG nova.api.openstack.wsgi_app [None req-95b95a8b-75c6-4695-8c6a-6586dc24f4fa None None] cell_worker_thread_pool_size = 5 {{(pid=109611) log_opt_values /opt/stack/data/venv/lib/python3.12/site-packages/oslo_config/cfg.py:2995}}
Apr 28 20:11:53.772436 np0000171179 devstack@n-api-meta.service[109611]: DEBUG nova.api.openstack.wsgi_app [None req-95b95a8b-75c6-4695-8c6a-6586dc24f4fa None None] cert = self.pem {{(pid=109611) log_opt_values /opt/stack/data/venv/lib/python3.12/site-packages/oslo_config/cfg.py:2995}}
Apr 28 20:11:53.772572 np0000171179 devstack@n-api-meta.service[109611]: DEBUG nova.api.openstack.wsgi_app [None req-95b95a8b-75c6-4695-8c6a-6586dc24f4fa None None] compute_driver = libvirt.LibvirtDriver {{(pid=109611) log_opt_values /opt/stack/data/venv/lib/python3.12/site-packages/oslo_config/cfg.py:2995}}
Apr 28 20:11:53.772710 np0000171179 devstack@n-api-meta.service[109611]: DEBUG nova.api.openstack.wsgi_app [None req-95b95a8b-75c6-4695-8c6a-6586dc24f4fa None None] compute_monitors = [] {{(pid=109611) log_opt_values /opt/stack/data/venv/lib/python3.12/site-packages/oslo_config/cfg.py:2995}}
Apr 28 20:11:53.772860 np0000171179 devstack@n-api-meta.service[109611]: DEBUG nova.api.openstack.wsgi_app [None req-95b95a8b-75c6-4695-8c6a-6586dc24f4fa None None] config_dir = [] {{(pid=109611) log_opt_values /opt/stack/data/venv/lib/python3.12/site-packages/oslo_config/cfg.py:2995}}
Apr 28 20:11:53.772995 np0000171179 devstack@n-api-meta.service[109611]: DEBUG nova.api.openstack.wsgi_app [None req-95b95a8b-75c6-4695-8c6a-6586dc24f4fa None None] config_drive_format = iso9660 {{(pid=109611) log_opt_values /opt/stack/data/venv/lib/python3.12/site-packages/oslo_config/cfg.py:2995}}
Apr 28 20:11:53.773114 np0000171179 devstack@n-api-meta.service[109611]: DEBUG nova.api.openstack.wsgi_app [None req-95b95a8b-75c6-4695-8c6a-6586dc24f4fa None None] config_file = ['/etc/nova/api-paste.ini', '/etc/nova/nova.conf'] {{(pid=109611) log_opt_values /opt/stack/data/venv/lib/python3.12/site-packages/oslo_config/cfg.py:2995}}
Apr 28 20:11:53.773250 np0000171179 devstack@n-api-meta.service[109611]: DEBUG nova.api.openstack.wsgi_app [None req-95b95a8b-75c6-4695-8c6a-6586dc24f4fa None None] config_source = [] {{(pid=109611) log_opt_values /opt/stack/data/venv/lib/python3.12/site-packages/oslo_config/cfg.py:2995}}
Apr 28 20:11:53.773401 np0000171179 devstack@n-api-meta.service[109611]: DEBUG nova.api.openstack.wsgi_app [None req-95b95a8b-75c6-4695-8c6a-6586dc24f4fa None None] console_host = np0000171179 {{(pid=109611) log_opt_values /opt/stack/data/venv/lib/python3.12/site-packages/oslo_config/cfg.py:2995}}
Apr 28 20:11:53.773535 np0000171179 devstack@n-api-meta.service[109611]: DEBUG nova.api.openstack.wsgi_app [None req-95b95a8b-75c6-4695-8c6a-6586dc24f4fa None None] control_exchange = nova {{(pid=109611) log_opt_values /opt/stack/data/venv/lib/python3.12/site-packages/oslo_config/cfg.py:2995}}
Apr 28 20:11:53.773663 np0000171179 devstack@n-api-meta.service[109611]: DEBUG nova.api.openstack.wsgi_app [None req-95b95a8b-75c6-4695-8c6a-6586dc24f4fa None None] cpu_allocation_ratio = None {{(pid=109611) log_opt_values /opt/stack/data/venv/lib/python3.12/site-packages/oslo_config/cfg.py:2995}}
Apr 28 20:11:53.773804 np0000171179 devstack@n-api-meta.service[109611]: DEBUG nova.api.openstack.wsgi_app [None req-95b95a8b-75c6-4695-8c6a-6586dc24f4fa None None] daemon = False {{(pid=109611) log_opt_values /opt/stack/data/venv/lib/python3.12/site-packages/oslo_config/cfg.py:2995}}
Apr 28 20:11:53.773938 np0000171179 devstack@n-api-meta.service[109611]: DEBUG nova.api.openstack.wsgi_app [None req-95b95a8b-75c6-4695-8c6a-6586dc24f4fa None None] debug = True {{(pid=109611) log_opt_values /opt/stack/data/venv/lib/python3.12/site-packages/oslo_config/cfg.py:2995}}
Apr 28 20:11:53.774067 np0000171179 devstack@n-api-meta.service[109611]: DEBUG nova.api.openstack.wsgi_app [None req-95b95a8b-75c6-4695-8c6a-6586dc24f4fa None None] default_access_ip_network_name = None {{(pid=109611) log_opt_values /opt/stack/data/venv/lib/python3.12/site-packages/oslo_config/cfg.py:2995}}
Apr 28 20:11:53.774198 np0000171179 devstack@n-api-meta.service[109611]: DEBUG nova.api.openstack.wsgi_app [None req-95b95a8b-75c6-4695-8c6a-6586dc24f4fa None None] default_availability_zone = nova {{(pid=109611) log_opt_values /opt/stack/data/venv/lib/python3.12/site-packages/oslo_config/cfg.py:2995}}
Apr 28 20:11:53.774330 np0000171179 devstack@n-api-meta.service[109611]: DEBUG nova.api.openstack.wsgi_app [None req-95b95a8b-75c6-4695-8c6a-6586dc24f4fa None None] default_ephemeral_format = ext4 {{(pid=109611) log_opt_values /opt/stack/data/venv/lib/python3.12/site-packages/oslo_config/cfg.py:2995}}
Apr 28 20:11:53.774468 np0000171179 devstack@n-api-meta.service[109611]: DEBUG nova.api.openstack.wsgi_app [None req-95b95a8b-75c6-4695-8c6a-6586dc24f4fa None None] default_green_pool_size = 1000 {{(pid=109611) log_opt_values /opt/stack/data/venv/lib/python3.12/site-packages/oslo_config/cfg.py:2995}}
Apr 28 20:11:53.774715 np0000171179 devstack@n-api-meta.service[109611]: DEBUG nova.api.openstack.wsgi_app [None req-95b95a8b-75c6-4695-8c6a-6586dc24f4fa None None] default_log_levels = ['amqp=WARN', 'boto=WARN', 'sqlalchemy=WARN', 'suds=INFO', 'oslo.messaging=INFO', 'oslo_messaging=INFO', 'iso8601=WARN', 'requests.packages.urllib3.connectionpool=WARN', 'urllib3.connectionpool=WARN', 'websocket=WARN', 'requests.packages.urllib3.util.retry=WARN', 'urllib3.util.retry=WARN', 'keystonemiddleware=WARN', 'routes.middleware=WARN', 'stevedore=WARN', 'taskflow=WARN', 'keystoneauth=WARN', 'oslo.cache=INFO', 'oslo_policy=INFO', 'dogpile.core.dogpile=INFO', 'glanceclient=WARN', 'oslo.privsep.daemon=INFO'] {{(pid=109611) log_opt_values /opt/stack/data/venv/lib/python3.12/site-packages/oslo_config/cfg.py:2995}}
Apr 28 20:11:53.774873 np0000171179 devstack@n-api-meta.service[109611]: DEBUG nova.api.openstack.wsgi_app [None req-95b95a8b-75c6-4695-8c6a-6586dc24f4fa None None] default_schedule_zone = None {{(pid=109611) log_opt_values /opt/stack/data/venv/lib/python3.12/site-packages/oslo_config/cfg.py:2995}}
Apr 28 20:11:53.774943 np0000171179 devstack@n-api-meta.service[109611]: DEBUG nova.api.openstack.wsgi_app [None req-95b95a8b-75c6-4695-8c6a-6586dc24f4fa None None] default_thread_pool_size = 10 {{(pid=109611) log_opt_values /opt/stack/data/venv/lib/python3.12/site-packages/oslo_config/cfg.py:2995}}
Apr 28 20:11:53.775082 np0000171179 devstack@n-api-meta.service[109611]: DEBUG nova.api.openstack.wsgi_app [None req-95b95a8b-75c6-4695-8c6a-6586dc24f4fa None None] disk_allocation_ratio = None {{(pid=109611) log_opt_values /opt/stack/data/venv/lib/python3.12/site-packages/oslo_config/cfg.py:2995}}
Apr 28 20:11:53.775209 np0000171179 devstack@n-api-meta.service[109611]: DEBUG nova.api.openstack.wsgi_app [None req-95b95a8b-75c6-4695-8c6a-6586dc24f4fa None None] enable_new_services = True {{(pid=109611) log_opt_values /opt/stack/data/venv/lib/python3.12/site-packages/oslo_config/cfg.py:2995}}
Apr 28 20:11:53.775333 np0000171179 devstack@n-api-meta.service[109611]: DEBUG nova.api.openstack.wsgi_app [None req-95b95a8b-75c6-4695-8c6a-6586dc24f4fa None None] flat_injected = False {{(pid=109611) log_opt_values /opt/stack/data/venv/lib/python3.12/site-packages/oslo_config/cfg.py:2995}}
Apr 28 20:11:53.775459 np0000171179 devstack@n-api-meta.service[109611]: DEBUG nova.api.openstack.wsgi_app [None req-95b95a8b-75c6-4695-8c6a-6586dc24f4fa None None] force_config_drive = False {{(pid=109611) log_opt_values /opt/stack/data/venv/lib/python3.12/site-packages/oslo_config/cfg.py:2995}}
Apr 28 20:11:53.775584 np0000171179 devstack@n-api-meta.service[109611]: DEBUG nova.api.openstack.wsgi_app [None req-95b95a8b-75c6-4695-8c6a-6586dc24f4fa None None] force_raw_images = True {{(pid=109611) log_opt_values /opt/stack/data/venv/lib/python3.12/site-packages/oslo_config/cfg.py:2995}}
Apr 28 20:11:53.775736 np0000171179 devstack@n-api-meta.service[109611]: DEBUG nova.api.openstack.wsgi_app [None req-95b95a8b-75c6-4695-8c6a-6586dc24f4fa None None] graceful_shutdown_timeout = 5 {{(pid=109611) log_opt_values /opt/stack/data/venv/lib/python3.12/site-packages/oslo_config/cfg.py:2995}}
Apr 28 20:11:53.775868 np0000171179 devstack@n-api-meta.service[109611]: DEBUG nova.api.openstack.wsgi_app [None req-95b95a8b-75c6-4695-8c6a-6586dc24f4fa None None] heal_instance_info_cache_interval = -1 {{(pid=109611) log_opt_values /opt/stack/data/venv/lib/python3.12/site-packages/oslo_config/cfg.py:2995}}
Apr 28 20:11:53.776041 np0000171179 devstack@n-api-meta.service[109611]: DEBUG nova.api.openstack.wsgi_app [None req-95b95a8b-75c6-4695-8c6a-6586dc24f4fa None None] host = np0000171179 {{(pid=109611) log_opt_values /opt/stack/data/venv/lib/python3.12/site-packages/oslo_config/cfg.py:2995}}
Apr 28 20:11:53.776194 np0000171179 devstack@n-api-meta.service[109611]: DEBUG nova.api.openstack.wsgi_app [None req-95b95a8b-75c6-4695-8c6a-6586dc24f4fa None None] initial_cpu_allocation_ratio = 4.0 {{(pid=109611) log_opt_values /opt/stack/data/venv/lib/python3.12/site-packages/oslo_config/cfg.py:2995}}
Apr 28 20:11:53.776333 np0000171179 devstack@n-api-meta.service[109611]: DEBUG nova.api.openstack.wsgi_app [None req-95b95a8b-75c6-4695-8c6a-6586dc24f4fa None None] initial_disk_allocation_ratio = 1.0 {{(pid=109611) log_opt_values /opt/stack/data/venv/lib/python3.12/site-packages/oslo_config/cfg.py:2995}}
Apr 28 20:11:53.776461 np0000171179 devstack@n-api-meta.service[109611]: DEBUG nova.api.openstack.wsgi_app [None req-95b95a8b-75c6-4695-8c6a-6586dc24f4fa None None] initial_ram_allocation_ratio = 1.0 {{(pid=109611) log_opt_values /opt/stack/data/venv/lib/python3.12/site-packages/oslo_config/cfg.py:2995}}
Apr 28 20:11:53.776633 np0000171179 devstack@n-api-meta.service[109611]: DEBUG nova.api.openstack.wsgi_app [None req-95b95a8b-75c6-4695-8c6a-6586dc24f4fa None None] injected_network_template = /opt/stack/nova/nova/virt/interfaces.template {{(pid=109611) log_opt_values /opt/stack/data/venv/lib/python3.12/site-packages/oslo_config/cfg.py:2995}}
Apr 28 20:11:53.776797 np0000171179 devstack@n-api-meta.service[109611]: DEBUG nova.api.openstack.wsgi_app [None req-95b95a8b-75c6-4695-8c6a-6586dc24f4fa None None] instance_build_timeout = 0 {{(pid=109611) log_opt_values /opt/stack/data/venv/lib/python3.12/site-packages/oslo_config/cfg.py:2995}}
Apr 28 20:11:53.776915 np0000171179 devstack@n-api-meta.service[109611]: DEBUG nova.api.openstack.wsgi_app [None req-95b95a8b-75c6-4695-8c6a-6586dc24f4fa None None] instance_delete_interval = 300 {{(pid=109611) log_opt_values /opt/stack/data/venv/lib/python3.12/site-packages/oslo_config/cfg.py:2995}}
Apr 28 20:11:53.777052 np0000171179 devstack@n-api-meta.service[109611]: DEBUG nova.api.openstack.wsgi_app [None req-95b95a8b-75c6-4695-8c6a-6586dc24f4fa None None] instance_format = [instance: %(uuid)s] {{(pid=109611) log_opt_values /opt/stack/data/venv/lib/python3.12/site-packages/oslo_config/cfg.py:2995}}
Apr 28 20:11:53.777186 np0000171179 devstack@n-api-meta.service[109611]: DEBUG nova.api.openstack.wsgi_app [None req-95b95a8b-75c6-4695-8c6a-6586dc24f4fa None None] instance_name_template = instance-%08x {{(pid=109611) log_opt_values /opt/stack/data/venv/lib/python3.12/site-packages/oslo_config/cfg.py:2995}}
Apr 28 20:11:53.777345 np0000171179 devstack@n-api-meta.service[109611]: DEBUG nova.api.openstack.wsgi_app [None req-95b95a8b-75c6-4695-8c6a-6586dc24f4fa None None] instance_usage_audit = False {{(pid=109611) log_opt_values /opt/stack/data/venv/lib/python3.12/site-packages/oslo_config/cfg.py:2995}}
Apr 28 20:11:53.777477 np0000171179 devstack@n-api-meta.service[109611]: DEBUG nova.api.openstack.wsgi_app [None req-95b95a8b-75c6-4695-8c6a-6586dc24f4fa None None] instance_usage_audit_period = month {{(pid=109611) log_opt_values /opt/stack/data/venv/lib/python3.12/site-packages/oslo_config/cfg.py:2995}}
Apr 28 20:11:53.777610 np0000171179 devstack@n-api-meta.service[109611]: DEBUG nova.api.openstack.wsgi_app [None req-95b95a8b-75c6-4695-8c6a-6586dc24f4fa None None] instance_uuid_format = [instance: %(uuid)s] {{(pid=109611) log_opt_values /opt/stack/data/venv/lib/python3.12/site-packages/oslo_config/cfg.py:2995}}
Apr 28 20:11:53.777779 np0000171179 devstack@n-api-meta.service[109611]: DEBUG nova.api.openstack.wsgi_app [None req-95b95a8b-75c6-4695-8c6a-6586dc24f4fa None None] instances_path = /opt/stack/data/nova/instances {{(pid=109611) log_opt_values /opt/stack/data/venv/lib/python3.12/site-packages/oslo_config/cfg.py:2995}}
Apr 28 20:11:53.777996 np0000171179 devstack@n-api-meta.service[109611]: DEBUG nova.api.openstack.wsgi_app [None req-95b95a8b-75c6-4695-8c6a-6586dc24f4fa None None] internal_service_availability_zone = internal {{(pid=109611) log_opt_values /opt/stack/data/venv/lib/python3.12/site-packages/oslo_config/cfg.py:2995}}
Apr 28 20:11:53.778064 np0000171179 devstack@n-api-meta.service[109611]: DEBUG nova.api.openstack.wsgi_app [None req-95b95a8b-75c6-4695-8c6a-6586dc24f4fa None None] key = None {{(pid=109611) log_opt_values /opt/stack/data/venv/lib/python3.12/site-packages/oslo_config/cfg.py:2995}}
Apr 28 20:11:53.778160 np0000171179 devstack@n-api-meta.service[109611]: DEBUG nova.api.openstack.wsgi_app [None req-95b95a8b-75c6-4695-8c6a-6586dc24f4fa None None] live_migration_retry_count = 30 {{(pid=109611) log_opt_values /opt/stack/data/venv/lib/python3.12/site-packages/oslo_config/cfg.py:2995}}
Apr 28 20:11:53.778287 np0000171179 devstack@n-api-meta.service[109611]: DEBUG nova.api.openstack.wsgi_app [None req-95b95a8b-75c6-4695-8c6a-6586dc24f4fa None None] log_color = False {{(pid=109611) log_opt_values /opt/stack/data/venv/lib/python3.12/site-packages/oslo_config/cfg.py:2995}}
