Apr 28 20:12:00.324551 np0000171179 nova-conductor[111912]: DEBUG cotyledon.oslo_config_glue [-] vmware.vnc_port = 5900 {{(pid=111912) log_opt_values /opt/stack/data/venv/lib/python3.12/site-packages/oslo_config/cfg.py:3006}}
Apr 28 20:12:00.324551 np0000171179 nova-conductor[111912]: DEBUG cotyledon.oslo_config_glue [-] vmware.vnc_port_total = 10000 {{(pid=111912) log_opt_values /opt/stack/data/venv/lib/python3.12/site-packages/oslo_config/cfg.py:3006}}
Apr 28 20:12:00.324551 np0000171179 nova-conductor[111912]: DEBUG cotyledon.oslo_config_glue [-] vnc.auth_schemes = ['none'] {{(pid=111912) log_opt_values /opt/stack/data/venv/lib/python3.12/site-packages/oslo_config/cfg.py:3006}}
Apr 28 20:12:00.324551 np0000171179 nova-conductor[111912]: DEBUG cotyledon.oslo_config_glue [-] vnc.enabled = True {{(pid=111912) log_opt_values /opt/stack/data/venv/lib/python3.12/site-packages/oslo_config/cfg.py:3006}}
Apr 28 20:12:00.324551 np0000171179 nova-conductor[111912]: DEBUG cotyledon.oslo_config_glue [-] vnc.novncproxy_base_url = http://127.0.0.1:6080/vnc_auto.html {{(pid=111912) log_opt_values /opt/stack/data/venv/lib/python3.12/site-packages/oslo_config/cfg.py:3006}}
Apr 28 20:12:00.324551 np0000171179 nova-conductor[111912]: DEBUG cotyledon.oslo_config_glue [-] vnc.novncproxy_host = 0.0.0.0 {{(pid=111912) log_opt_values /opt/stack/data/venv/lib/python3.12/site-packages/oslo_config/cfg.py:3006}}
Apr 28 20:12:00.324551 np0000171179 nova-conductor[111912]: DEBUG cotyledon.oslo_config_glue [-] vnc.novncproxy_port = 6080 {{(pid=111912) log_opt_values /opt/stack/data/venv/lib/python3.12/site-packages/oslo_config/cfg.py:3006}}
Apr 28 20:12:00.324551 np0000171179 nova-conductor[111912]: DEBUG cotyledon.oslo_config_glue [-] vnc.server_listen = 127.0.0.1 {{(pid=111912) log_opt_values /opt/stack/data/venv/lib/python3.12/site-packages/oslo_config/cfg.py:3006}}
Apr 28 20:12:00.324551 np0000171179 nova-conductor[111912]: DEBUG cotyledon.oslo_config_glue [-] vnc.server_proxyclient_address = 127.0.0.1 {{(pid=111912) log_opt_values /opt/stack/data/venv/lib/python3.12/site-packages/oslo_config/cfg.py:3006}}
Apr 28 20:12:00.324801 np0000171179 nova-conductor[111912]: DEBUG cotyledon.oslo_config_glue [-] vnc.vencrypt_ca_certs = None {{(pid=111912) log_opt_values /opt/stack/data/venv/lib/python3.12/site-packages/oslo_config/cfg.py:3006}}
Apr 28 20:12:00.324801 np0000171179 nova-conductor[111912]: DEBUG cotyledon.oslo_config_glue [-] vnc.vencrypt_client_cert = None {{(pid=111912) log_opt_values /opt/stack/data/venv/lib/python3.12/site-packages/oslo_config/cfg.py:3006}}
Apr 28 20:12:00.324801 np0000171179 nova-conductor[111912]: DEBUG cotyledon.oslo_config_glue [-] vnc.vencrypt_client_key = None {{(pid=111912) log_opt_values /opt/stack/data/venv/lib/python3.12/site-packages/oslo_config/cfg.py:3006}}
Apr 28 20:12:00.324801 np0000171179 nova-conductor[111912]: DEBUG cotyledon.oslo_config_glue [-] workarounds.disable_compute_service_check_for_ffu = False {{(pid=111912) log_opt_values /opt/stack/data/venv/lib/python3.12/site-packages/oslo_config/cfg.py:3006}}
Apr 28 20:12:00.324801 np0000171179 nova-conductor[111912]: DEBUG cotyledon.oslo_config_glue [-] workarounds.disable_deep_image_inspection = False {{(pid=111912) log_opt_values /opt/stack/data/venv/lib/python3.12/site-packages/oslo_config/cfg.py:3006}}
Apr 28 20:12:00.324801 np0000171179 nova-conductor[111912]: DEBUG cotyledon.oslo_config_glue [-] workarounds.disable_fallback_pcpu_query = False {{(pid=111912) log_opt_values /opt/stack/data/venv/lib/python3.12/site-packages/oslo_config/cfg.py:3006}}
Apr 28 20:12:00.324801 np0000171179 nova-conductor[111912]: DEBUG cotyledon.oslo_config_glue [-] workarounds.disable_group_policy_check_upcall = False {{(pid=111912) log_opt_values /opt/stack/data/venv/lib/python3.12/site-packages/oslo_config/cfg.py:3006}}
Apr 28 20:12:00.324801 np0000171179 nova-conductor[111912]: DEBUG cotyledon.oslo_config_glue [-] workarounds.disable_libvirt_livesnapshot = False {{(pid=111912) log_opt_values /opt/stack/data/venv/lib/python3.12/site-packages/oslo_config/cfg.py:3006}}
Apr 28 20:12:00.324801 np0000171179 nova-conductor[111912]: DEBUG cotyledon.oslo_config_glue [-] workarounds.disable_rootwrap = False {{(pid=111912) log_opt_values /opt/stack/data/venv/lib/python3.12/site-packages/oslo_config/cfg.py:3006}}
Apr 28 20:12:00.325030 np0000171179 nova-conductor[111912]: DEBUG cotyledon.oslo_config_glue [-] workarounds.enable_numa_live_migration = False {{(pid=111912) log_opt_values /opt/stack/data/venv/lib/python3.12/site-packages/oslo_config/cfg.py:3006}}
Apr 28 20:12:00.325030 np0000171179 nova-conductor[111912]: DEBUG cotyledon.oslo_config_glue [-] workarounds.enable_qemu_monitor_announce_self = False {{(pid=111912) log_opt_values /opt/stack/data/venv/lib/python3.12/site-packages/oslo_config/cfg.py:3006}}
Apr 28 20:12:00.325030 np0000171179 nova-conductor[111912]: DEBUG cotyledon.oslo_config_glue [-] workarounds.ensure_libvirt_rbd_instance_dir_cleanup = False {{(pid=111912) log_opt_values /opt/stack/data/venv/lib/python3.12/site-packages/oslo_config/cfg.py:3006}}
Apr 28 20:12:00.325030 np0000171179 nova-conductor[111912]: DEBUG cotyledon.oslo_config_glue [-] workarounds.handle_virt_lifecycle_events = True {{(pid=111912) log_opt_values /opt/stack/data/venv/lib/python3.12/site-packages/oslo_config/cfg.py:3006}}
Apr 28 20:12:00.325030 np0000171179 nova-conductor[111912]: DEBUG cotyledon.oslo_config_glue [-] workarounds.libvirt_disable_apic = False {{(pid=111912) log_opt_values /opt/stack/data/venv/lib/python3.12/site-packages/oslo_config/cfg.py:3006}}
Apr 28 20:12:00.325030 np0000171179 nova-conductor[111912]: DEBUG cotyledon.oslo_config_glue [-] workarounds.never_download_image_if_on_rbd = False {{(pid=111912) log_opt_values /opt/stack/data/venv/lib/python3.12/site-packages/oslo_config/cfg.py:3006}}
Apr 28 20:12:00.325030 np0000171179 nova-conductor[111912]: DEBUG cotyledon.oslo_config_glue [-] workarounds.qemu_monitor_announce_self_count = 3 {{(pid=111912) log_opt_values /opt/stack/data/venv/lib/python3.12/site-packages/oslo_config/cfg.py:3006}}
Apr 28 20:12:00.325030 np0000171179 nova-conductor[111912]: DEBUG cotyledon.oslo_config_glue [-] workarounds.qemu_monitor_announce_self_interval = 1 {{(pid=111912) log_opt_values /opt/stack/data/venv/lib/python3.12/site-packages/oslo_config/cfg.py:3006}}
Apr 28 20:12:00.325030 np0000171179 nova-conductor[111912]: DEBUG cotyledon.oslo_config_glue [-] workarounds.reserve_disk_resource_for_image_cache = False {{(pid=111912) log_opt_values /opt/stack/data/venv/lib/python3.12/site-packages/oslo_config/cfg.py:3006}}
Apr 28 20:12:00.325247 np0000171179 nova-conductor[111912]: DEBUG cotyledon.oslo_config_glue [-] workarounds.skip_cpu_compare_at_startup = False {{(pid=111912) log_opt_values /opt/stack/data/venv/lib/python3.12/site-packages/oslo_config/cfg.py:3006}}
Apr 28 20:12:00.325247 np0000171179 nova-conductor[111912]: DEBUG cotyledon.oslo_config_glue [-] workarounds.skip_cpu_compare_on_dest = False {{(pid=111912) log_opt_values /opt/stack/data/venv/lib/python3.12/site-packages/oslo_config/cfg.py:3006}}
Apr 28 20:12:00.325247 np0000171179 nova-conductor[111912]: DEBUG cotyledon.oslo_config_glue [-] workarounds.skip_hypervisor_version_check_on_lm = False {{(pid=111912) log_opt_values /opt/stack/data/venv/lib/python3.12/site-packages/oslo_config/cfg.py:3006}}
Apr 28 20:12:00.325247 np0000171179 nova-conductor[111912]: DEBUG cotyledon.oslo_config_glue [-] workarounds.skip_reserve_in_use_ironic_nodes = False {{(pid=111912) log_opt_values /opt/stack/data/venv/lib/python3.12/site-packages/oslo_config/cfg.py:3006}}
Apr 28 20:12:00.325247 np0000171179 nova-conductor[111912]: DEBUG cotyledon.oslo_config_glue [-] workarounds.unified_limits_count_pcpu_as_vcpu = False {{(pid=111912) log_opt_values /opt/stack/data/venv/lib/python3.12/site-packages/oslo_config/cfg.py:3006}}
Apr 28 20:12:00.325247 np0000171179 nova-conductor[111912]: DEBUG cotyledon.oslo_config_glue [-] workarounds.wait_for_vif_plugged_event_during_hard_reboot = [] {{(pid=111912) log_opt_values /opt/stack/data/venv/lib/python3.12/site-packages/oslo_config/cfg.py:3006}}
Apr 28 20:12:00.325247 np0000171179 nova-conductor[111912]: DEBUG cotyledon.oslo_config_glue [-] wsgi.api_paste_config = /etc/nova/api-paste.ini {{(pid=111912) log_opt_values /opt/stack/data/venv/lib/python3.12/site-packages/oslo_config/cfg.py:3006}}
Apr 28 20:12:00.325247 np0000171179 nova-conductor[111912]: DEBUG cotyledon.oslo_config_glue [-] wsgi.secure_proxy_ssl_header = None {{(pid=111912) log_opt_values /opt/stack/data/venv/lib/python3.12/site-packages/oslo_config/cfg.py:3006}}
Apr 28 20:12:00.325247 np0000171179 nova-conductor[111912]: DEBUG cotyledon.oslo_config_glue [-] zvm.ca_file = None {{(pid=111912) log_opt_values /opt/stack/data/venv/lib/python3.12/site-packages/oslo_config/cfg.py:3006}}
Apr 28 20:12:00.325465 np0000171179 nova-conductor[111912]: DEBUG cotyledon.oslo_config_glue [-] zvm.cloud_connector_url = None {{(pid=111912) log_opt_values /opt/stack/data/venv/lib/python3.12/site-packages/oslo_config/cfg.py:3006}}
Apr 28 20:12:00.325465 np0000171179 nova-conductor[111912]: DEBUG cotyledon.oslo_config_glue [-] zvm.image_tmp_path = /opt/stack/data/nova/images {{(pid=111912) log_opt_values /opt/stack/data/venv/lib/python3.12/site-packages/oslo_config/cfg.py:3006}}
Apr 28 20:12:00.325465 np0000171179 nova-conductor[111912]: DEBUG cotyledon.oslo_config_glue [-] zvm.reachable_timeout = 300 {{(pid=111912) log_opt_values /opt/stack/data/venv/lib/python3.12/site-packages/oslo_config/cfg.py:3006}}
Apr 28 20:12:00.325465 np0000171179 nova-conductor[111912]: DEBUG cotyledon.oslo_config_glue [-] oslo_versionedobjects.fatal_exception_format_errors = False {{(pid=111912) log_opt_values /opt/stack/data/venv/lib/python3.12/site-packages/oslo_config/cfg.py:3006}}
Apr 28 20:12:00.325465 np0000171179 nova-conductor[111912]: DEBUG cotyledon.oslo_config_glue [-] oslo_middleware.http_basic_auth_user_file = /etc/htpasswd {{(pid=111912) log_opt_values /opt/stack/data/venv/lib/python3.12/site-packages/oslo_config/cfg.py:3006}}
Apr 28 20:12:00.325465 np0000171179 nova-conductor[111912]: DEBUG cotyledon.oslo_config_glue [-] profiler.connection_string = messaging:// {{(pid=111912) log_opt_values /opt/stack/data/venv/lib/python3.12/site-packages/oslo_config/cfg.py:3006}}
Apr 28 20:12:00.325465 np0000171179 nova-conductor[111912]: DEBUG cotyledon.oslo_config_glue [-] profiler.enabled = False {{(pid=111912) log_opt_values /opt/stack/data/venv/lib/python3.12/site-packages/oslo_config/cfg.py:3006}}
Apr 28 20:12:00.325465 np0000171179 nova-conductor[111912]: DEBUG cotyledon.oslo_config_glue [-] profiler.es_doc_type = notification {{(pid=111912) log_opt_values /opt/stack/data/venv/lib/python3.12/site-packages/oslo_config/cfg.py:3006}}
Apr 28 20:12:00.325465 np0000171179 nova-conductor[111912]: DEBUG cotyledon.oslo_config_glue [-] profiler.es_scroll_size = 10000 {{(pid=111912) log_opt_values /opt/stack/data/venv/lib/python3.12/site-packages/oslo_config/cfg.py:3006}}
Apr 28 20:12:00.325689 np0000171179 nova-conductor[111912]: DEBUG cotyledon.oslo_config_glue [-] profiler.es_scroll_time = 2m {{(pid=111912) log_opt_values /opt/stack/data/venv/lib/python3.12/site-packages/oslo_config/cfg.py:3006}}
Apr 28 20:12:00.325689 np0000171179 nova-conductor[111912]: DEBUG cotyledon.oslo_config_glue [-] profiler.filter_error_trace = False {{(pid=111912) log_opt_values /opt/stack/data/venv/lib/python3.12/site-packages/oslo_config/cfg.py:3006}}
Apr 28 20:12:00.325689 np0000171179 nova-conductor[111912]: DEBUG cotyledon.oslo_config_glue [-] profiler.hmac_keys = **** {{(pid=111912) log_opt_values /opt/stack/data/venv/lib/python3.12/site-packages/oslo_config/cfg.py:3006}}
Apr 28 20:12:00.325689 np0000171179 nova-conductor[111912]: DEBUG cotyledon.oslo_config_glue [-] profiler.sentinel_service_name = mymaster {{(pid=111912) log_opt_values /opt/stack/data/venv/lib/python3.12/site-packages/oslo_config/cfg.py:3006}}
Apr 28 20:12:00.325689 np0000171179 nova-conductor[111912]: DEBUG cotyledon.oslo_config_glue [-] profiler.socket_timeout = 0.1 {{(pid=111912) log_opt_values /opt/stack/data/venv/lib/python3.12/site-packages/oslo_config/cfg.py:3006}}
Apr 28 20:12:00.325689 np0000171179 nova-conductor[111912]: DEBUG cotyledon.oslo_config_glue [-] profiler.trace_requests = False {{(pid=111912) log_opt_values /opt/stack/data/venv/lib/python3.12/site-packages/oslo_config/cfg.py:3006}}
Apr 28 20:12:00.325689 np0000171179 nova-conductor[111912]: DEBUG cotyledon.oslo_config_glue [-] profiler.trace_sqlalchemy = False {{(pid=111912) log_opt_values /opt/stack/data/venv/lib/python3.12/site-packages/oslo_config/cfg.py:3006}}
Apr 28 20:12:00.325689 np0000171179 nova-conductor[111912]: DEBUG cotyledon.oslo_config_glue [-] profiler_jaeger.process_tags = {} {{(pid=111912) log_opt_values /opt/stack/data/venv/lib/python3.12/site-packages/oslo_config/cfg.py:3006}}
Apr 28 20:12:00.325689 np0000171179 nova-conductor[111912]: DEBUG cotyledon.oslo_config_glue [-] profiler_jaeger.service_name_prefix = None {{(pid=111912) log_opt_values /opt/stack/data/venv/lib/python3.12/site-packages/oslo_config/cfg.py:3006}}
Apr 28 20:12:00.325949 np0000171179 nova-conductor[111912]: DEBUG cotyledon.oslo_config_glue [-] profiler_otlp.service_name_prefix = None {{(pid=111912) log_opt_values /opt/stack/data/venv/lib/python3.12/site-packages/oslo_config/cfg.py:3006}}
Apr 28 20:12:00.325949 np0000171179 nova-conductor[111912]: DEBUG cotyledon.oslo_config_glue [-] oslo_messaging_rabbit.amqp_auto_delete = False {{(pid=111912) log_opt_values /opt/stack/data/venv/lib/python3.12/site-packages/oslo_config/cfg.py:3006}}
Apr 28 20:12:00.325949 np0000171179 nova-conductor[111912]: DEBUG cotyledon.oslo_config_glue [-] oslo_messaging_rabbit.amqp_durable_queues = False {{(pid=111912) log_opt_values /opt/stack/data/venv/lib/python3.12/site-packages/oslo_config/cfg.py:3006}}
Apr 28 20:12:00.325949 np0000171179 nova-conductor[111912]: DEBUG cotyledon.oslo_config_glue [-] oslo_messaging_rabbit.conn_pool_min_size = 2 {{(pid=111912) log_opt_values /opt/stack/data/venv/lib/python3.12/site-packages/oslo_config/cfg.py:3006}}
Apr 28 20:12:00.325949 np0000171179 nova-conductor[111912]: DEBUG cotyledon.oslo_config_glue [-] oslo_messaging_rabbit.conn_pool_ttl = 1200 {{(pid=111912) log_opt_values /opt/stack/data/venv/lib/python3.12/site-packages/oslo_config/cfg.py:3006}}
Apr 28 20:12:00.325949 np0000171179 nova-conductor[111912]: DEBUG cotyledon.oslo_config_glue [-] oslo_messaging_rabbit.direct_mandatory_flag = True {{(pid=111912) log_opt_values /opt/stack/data/venv/lib/python3.12/site-packages/oslo_config/cfg.py:3006}}
Apr 28 20:12:00.325949 np0000171179 nova-conductor[111912]: DEBUG cotyledon.oslo_config_glue [-] oslo_messaging_rabbit.enable_cancel_on_failover = False {{(pid=111912) log_opt_values /opt/stack/data/venv/lib/python3.12/site-packages/oslo_config/cfg.py:3006}}
Apr 28 20:12:00.325949 np0000171179 nova-conductor[111912]: DEBUG cotyledon.oslo_config_glue [-] oslo_messaging_rabbit.heartbeat_in_pthread = False {{(pid=111912) log_opt_values /opt/stack/data/venv/lib/python3.12/site-packages/oslo_config/cfg.py:3006}}
Apr 28 20:12:00.325949 np0000171179 nova-conductor[111912]: DEBUG cotyledon.oslo_config_glue [-] oslo_messaging_rabbit.heartbeat_rate = 3 {{(pid=111912) log_opt_values /opt/stack/data/venv/lib/python3.12/site-packages/oslo_config/cfg.py:3006}}
Apr 28 20:12:00.326174 np0000171179 nova-conductor[111912]: DEBUG cotyledon.oslo_config_glue [-] oslo_messaging_rabbit.heartbeat_timeout_threshold = 60 {{(pid=111912) log_opt_values /opt/stack/data/venv/lib/python3.12/site-packages/oslo_config/cfg.py:3006}}
Apr 28 20:12:00.326174 np0000171179 nova-conductor[111912]: DEBUG cotyledon.oslo_config_glue [-] oslo_messaging_rabbit.hostname = np0000171179 {{(pid=111912) log_opt_values /opt/stack/data/venv/lib/python3.12/site-packages/oslo_config/cfg.py:3006}}
Apr 28 20:12:00.326174 np0000171179 nova-conductor[111912]: DEBUG cotyledon.oslo_config_glue [-] oslo_messaging_rabbit.kombu_compression = None {{(pid=111912) log_opt_values /opt/stack/data/venv/lib/python3.12/site-packages/oslo_config/cfg.py:3006}}
Apr 28 20:12:00.326174 np0000171179 nova-conductor[111912]: DEBUG cotyledon.oslo_config_glue [-] oslo_messaging_rabbit.kombu_failover_strategy = round-robin {{(pid=111912) log_opt_values /opt/stack/data/venv/lib/python3.12/site-packages/oslo_config/cfg.py:3006}}
Apr 28 20:12:00.326174 np0000171179 nova-conductor[111912]: DEBUG cotyledon.oslo_config_glue [-] oslo_messaging_rabbit.kombu_missing_consumer_retry_timeout = 60 {{(pid=111912) log_opt_values /opt/stack/data/venv/lib/python3.12/site-packages/oslo_config/cfg.py:3006}}
Apr 28 20:12:00.326174 np0000171179 nova-conductor[111912]: DEBUG cotyledon.oslo_config_glue [-] oslo_messaging_rabbit.kombu_reconnect_delay = 1.0 {{(pid=111912) log_opt_values /opt/stack/data/venv/lib/python3.12/site-packages/oslo_config/cfg.py:3006}}
Apr 28 20:12:00.326174 np0000171179 nova-conductor[111912]: DEBUG cotyledon.oslo_config_glue [-] oslo_messaging_rabbit.kombu_reconnect_splay = 0.0 {{(pid=111912) log_opt_values /opt/stack/data/venv/lib/python3.12/site-packages/oslo_config/cfg.py:3006}}
Apr 28 20:12:00.326174 np0000171179 nova-conductor[111912]: DEBUG cotyledon.oslo_config_glue [-] oslo_messaging_rabbit.processname = nova-conductor {{(pid=111912) log_opt_values /opt/stack/data/venv/lib/python3.12/site-packages/oslo_config/cfg.py:3006}}
Apr 28 20:12:00.326371 np0000171179 nova-conductor[111912]: DEBUG cotyledon.oslo_config_glue [-] oslo_messaging_rabbit.rabbit_ha_queues = False {{(pid=111912) log_opt_values /opt/stack/data/venv/lib/python3.12/site-packages/oslo_config/cfg.py:3006}}
Apr 28 20:12:00.326371 np0000171179 nova-conductor[111912]: DEBUG cotyledon.oslo_config_glue [-] oslo_messaging_rabbit.rabbit_interval_max = 30 {{(pid=111912) log_opt_values /opt/stack/data/venv/lib/python3.12/site-packages/oslo_config/cfg.py:3006}}
Apr 28 20:12:00.326371 np0000171179 nova-conductor[111912]: DEBUG cotyledon.oslo_config_glue [-] oslo_messaging_rabbit.rabbit_login_method = AMQPLAIN {{(pid=111912) log_opt_values /opt/stack/data/venv/lib/python3.12/site-packages/oslo_config/cfg.py:3006}}
Apr 28 20:12:00.326371 np0000171179 nova-conductor[111912]: DEBUG cotyledon.oslo_config_glue [-] oslo_messaging_rabbit.rabbit_qos_prefetch_count = 0 {{(pid=111912) log_opt_values /opt/stack/data/venv/lib/python3.12/site-packages/oslo_config/cfg.py:3006}}
Apr 28 20:12:00.326371 np0000171179 nova-conductor[111912]: DEBUG cotyledon.oslo_config_glue [-] oslo_messaging_rabbit.rabbit_quorum_delivery_limit = 0 {{(pid=111912) log_opt_values /opt/stack/data/venv/lib/python3.12/site-packages/oslo_config/cfg.py:3006}}
Apr 28 20:12:00.326371 np0000171179 nova-conductor[111912]: DEBUG cotyledon.oslo_config_glue [-] oslo_messaging_rabbit.rabbit_quorum_max_memory_bytes = 0 {{(pid=111912) log_opt_values /opt/stack/data/venv/lib/python3.12/site-packages/oslo_config/cfg.py:3006}}
Apr 28 20:12:00.326371 np0000171179 nova-conductor[111912]: DEBUG cotyledon.oslo_config_glue [-] oslo_messaging_rabbit.rabbit_quorum_max_memory_length = 0 {{(pid=111912) log_opt_values /opt/stack/data/venv/lib/python3.12/site-packages/oslo_config/cfg.py:3006}}
Apr 28 20:12:00.326371 np0000171179 nova-conductor[111912]: DEBUG cotyledon.oslo_config_glue [-] oslo_messaging_rabbit.rabbit_quorum_queue = False {{(pid=111912) log_opt_values /opt/stack/data/venv/lib/python3.12/site-packages/oslo_config/cfg.py:3006}}
Apr 28 20:12:00.326566 np0000171179 nova-conductor[111912]: DEBUG cotyledon.oslo_config_glue [-] oslo_messaging_rabbit.rabbit_retry_backoff = 2 {{(pid=111912) log_opt_values /opt/stack/data/venv/lib/python3.12/site-packages/oslo_config/cfg.py:3006}}
Apr 28 20:12:00.326566 np0000171179 nova-conductor[111912]: DEBUG cotyledon.oslo_config_glue [-] oslo_messaging_rabbit.rabbit_retry_interval = 1 {{(pid=111912) log_opt_values /opt/stack/data/venv/lib/python3.12/site-packages/oslo_config/cfg.py:3006}}
Apr 28 20:12:00.326566 np0000171179 nova-conductor[111912]: DEBUG cotyledon.oslo_config_glue [-] oslo_messaging_rabbit.rabbit_stream_fanout = False {{(pid=111912) log_opt_values /opt/stack/data/venv/lib/python3.12/site-packages/oslo_config/cfg.py:3006}}
Apr 28 20:12:00.326566 np0000171179 nova-conductor[111912]: DEBUG cotyledon.oslo_config_glue [-] oslo_messaging_rabbit.rabbit_transient_queues_ttl = 1800 {{(pid=111912) log_opt_values /opt/stack/data/venv/lib/python3.12/site-packages/oslo_config/cfg.py:3006}}
Apr 28 20:12:00.326566 np0000171179 nova-conductor[111912]: DEBUG cotyledon.oslo_config_glue [-] oslo_messaging_rabbit.rabbit_transient_quorum_queue = False {{(pid=111912) log_opt_values /opt/stack/data/venv/lib/python3.12/site-packages/oslo_config/cfg.py:3006}}
Apr 28 20:12:00.326566 np0000171179 nova-conductor[111912]: DEBUG cotyledon.oslo_config_glue [-] oslo_messaging_rabbit.rpc_conn_pool_size = 30 {{(pid=111912) log_opt_values /opt/stack/data/venv/lib/python3.12/site-packages/oslo_config/cfg.py:3006}}
Apr 28 20:12:00.326566 np0000171179 nova-conductor[111912]: DEBUG cotyledon.oslo_config_glue [-] oslo_messaging_rabbit.ssl = False {{(pid=111912) log_opt_values /opt/stack/data/venv/lib/python3.12/site-packages/oslo_config/cfg.py:3006}}
Apr 28 20:12:00.326566 np0000171179 nova-conductor[111912]: DEBUG cotyledon.oslo_config_glue [-] oslo_messaging_rabbit.ssl_ca_file = {{(pid=111912) log_opt_values /opt/stack/data/venv/lib/python3.12/site-packages/oslo_config/cfg.py:3006}}
Apr 28 20:12:00.326566 np0000171179 nova-conductor[111912]: DEBUG cotyledon.oslo_config_glue [-] oslo_messaging_rabbit.ssl_cert_file = {{(pid=111912) log_opt_values /opt/stack/data/venv/lib/python3.12/site-packages/oslo_config/cfg.py:3006}}
Apr 28 20:12:00.326813 np0000171179 nova-conductor[111912]: DEBUG cotyledon.oslo_config_glue [-] oslo_messaging_rabbit.ssl_enforce_fips_mode = False {{(pid=111912) log_opt_values /opt/stack/data/venv/lib/python3.12/site-packages/oslo_config/cfg.py:3006}}
Apr 28 20:12:00.326813 np0000171179 nova-conductor[111912]: DEBUG cotyledon.oslo_config_glue [-] oslo_messaging_rabbit.ssl_key_file = {{(pid=111912) log_opt_values /opt/stack/data/venv/lib/python3.12/site-packages/oslo_config/cfg.py:3006}}
Apr 28 20:12:00.326813 np0000171179 nova-conductor[111912]: DEBUG cotyledon.oslo_config_glue [-] oslo_messaging_rabbit.ssl_version = {{(pid=111912) log_opt_values /opt/stack/data/venv/lib/python3.12/site-packages/oslo_config/cfg.py:3006}}
Apr 28 20:12:00.326813 np0000171179 nova-conductor[111912]: DEBUG cotyledon.oslo_config_glue [-] oslo_messaging_rabbit.use_queue_manager = False {{(pid=111912) log_opt_values /opt/stack/data/venv/lib/python3.12/site-packages/oslo_config/cfg.py:3006}}
Apr 28 20:12:00.326813 np0000171179 nova-conductor[111912]: DEBUG cotyledon.oslo_config_glue [-] oslo_messaging_notifications.driver = ['messagingv2'] {{(pid=111912) log_opt_values /opt/stack/data/venv/lib/python3.12/site-packages/oslo_config/cfg.py:3006}}
Apr 28 20:12:00.326813 np0000171179 nova-conductor[111912]: DEBUG cotyledon.oslo_config_glue [-] oslo_messaging_notifications.retry = -1 {{(pid=111912) log_opt_values /opt/stack/data/venv/lib/python3.12/site-packages/oslo_config/cfg.py:3006}}
Apr 28 20:12:00.326813 np0000171179 nova-conductor[111912]: DEBUG cotyledon.oslo_config_glue [-] oslo_messaging_notifications.topics = ['notifications'] {{(pid=111912) log_opt_values /opt/stack/data/venv/lib/python3.12/site-packages/oslo_config/cfg.py:3006}}
Apr 28 20:12:00.326813 np0000171179 nova-conductor[111912]: DEBUG cotyledon.oslo_config_glue [-] oslo_messaging_notifications.transport_url = **** {{(pid=111912) log_opt_values /opt/stack/data/venv/lib/python3.12/site-packages/oslo_config/cfg.py:3006}}
Apr 28 20:12:00.326813 np0000171179 nova-conductor[111912]: DEBUG cotyledon.oslo_config_glue [-] oslo_limit.auth_section = None {{(pid=111912) log_opt_values /opt/stack/data/venv/lib/python3.12/site-packages/oslo_config/cfg.py:3006}}
Apr 28 20:12:00.327034 np0000171179 nova-conductor[111912]: DEBUG cotyledon.oslo_config_glue [-] oslo_limit.auth_type = None {{(pid=111912) log_opt_values /opt/stack/data/venv/lib/python3.12/site-packages/oslo_config/cfg.py:3006}}
Apr 28 20:12:00.327034 np0000171179 nova-conductor[111912]: DEBUG cotyledon.oslo_config_glue [-] oslo_limit.cafile = None {{(pid=111912) log_opt_values /opt/stack/data/venv/lib/python3.12/site-packages/oslo_config/cfg.py:3006}}
Apr 28 20:12:00.327034 np0000171179 nova-conductor[111912]: DEBUG cotyledon.oslo_config_glue [-] oslo_limit.certfile = None {{(pid=111912) log_opt_values /opt/stack/data/venv/lib/python3.12/site-packages/oslo_config/cfg.py:3006}}
Apr 28 20:12:00.327034 np0000171179 nova-conductor[111912]: DEBUG cotyledon.oslo_config_glue [-] oslo_limit.collect_timing = False {{(pid=111912) log_opt_values /opt/stack/data/venv/lib/python3.12/site-packages/oslo_config/cfg.py:3006}}
Apr 28 20:12:00.327034 np0000171179 nova-conductor[111912]: DEBUG cotyledon.oslo_config_glue [-] oslo_limit.connect_retries = None {{(pid=111912) log_opt_values /opt/stack/data/venv/lib/python3.12/site-packages/oslo_config/cfg.py:3006}}
Apr 28 20:12:00.327034 np0000171179 nova-conductor[111912]: DEBUG cotyledon.oslo_config_glue [-] oslo_limit.connect_retry_delay = None {{(pid=111912) log_opt_values /opt/stack/data/venv/lib/python3.12/site-packages/oslo_config/cfg.py:3006}}
Apr 28 20:12:00.327034 np0000171179 nova-conductor[111912]: DEBUG cotyledon.oslo_config_glue [-] oslo_limit.endpoint_id = None {{(pid=111912) log_opt_values /opt/stack/data/venv/lib/python3.12/site-packages/oslo_config/cfg.py:3006}}
Apr 28 20:12:00.327222 np0000171179 nova-conductor[111905]: INFO dbcounter [None req-65324819-24e0-48dd-b290-5b220ced22ee None None] Registered counter for database nova_cell0
Apr 28 20:12:00.327261 np0000171179 nova-conductor[111912]: DEBUG cotyledon.oslo_config_glue [-] oslo_limit.endpoint_interface = public {{(pid=111912) log_opt_values /opt/stack/data/venv/lib/python3.12/site-packages/oslo_config/cfg.py:3006}}
Apr 28 20:12:00.327261 np0000171179 nova-conductor[111912]: DEBUG cotyledon.oslo_config_glue [-] oslo_limit.endpoint_override = None {{(pid=111912) log_opt_values /opt/stack/data/venv/lib/python3.12/site-packages/oslo_config/cfg.py:3006}}
Apr 28 20:12:00.327261 np0000171179 nova-conductor[111912]: DEBUG cotyledon.oslo_config_glue [-] oslo_limit.endpoint_region_name = None {{(pid=111912) log_opt_values /opt/stack/data/venv/lib/python3.12/site-packages/oslo_config/cfg.py:3006}}
Apr 28 20:12:00.327261 np0000171179 nova-conductor[111912]: DEBUG cotyledon.oslo_config_glue [-] oslo_limit.endpoint_service_name = None {{(pid=111912) log_opt_values /opt/stack/data/venv/lib/python3.12/site-packages/oslo_config/cfg.py:3006}}
Apr 28 20:12:00.327261 np0000171179 nova-conductor[111912]: DEBUG cotyledon.oslo_config_glue [-] oslo_limit.endpoint_service_type = None {{(pid=111912) log_opt_values /opt/stack/data/venv/lib/python3.12/site-packages/oslo_config/cfg.py:3006}}
Apr 28 20:12:00.327261 np0000171179 nova-conductor[111912]: DEBUG cotyledon.oslo_config_glue [-] oslo_limit.insecure = False {{(pid=111912) log_opt_values /opt/stack/data/venv/lib/python3.12/site-packages/oslo_config/cfg.py:3006}}
Apr 28 20:12:00.327261 np0000171179 nova-conductor[111912]: DEBUG cotyledon.oslo_config_glue [-] oslo_limit.keyfile = None {{(pid=111912) log_opt_values /opt/stack/data/venv/lib/python3.12/site-packages/oslo_config/cfg.py:3006}}
Apr 28 20:12:00.327261 np0000171179 nova-conductor[111912]: DEBUG cotyledon.oslo_config_glue [-] oslo_limit.max_version = None {{(pid=111912) log_opt_values /opt/stack/data/venv/lib/python3.12/site-packages/oslo_config/cfg.py:3006}}
Apr 28 20:12:00.327261 np0000171179 nova-conductor[111912]: DEBUG cotyledon.oslo_config_glue [-] oslo_limit.min_version = None {{(pid=111912) log_opt_values /opt/stack/data/venv/lib/python3.12/site-packages/oslo_config/cfg.py:3006}}
Apr 28 20:12:00.327469 np0000171179 nova-conductor[111912]: DEBUG cotyledon.oslo_config_glue [-] oslo_limit.region_name = None {{(pid=111912) log_opt_values /opt/stack/data/venv/lib/python3.12/site-packages/oslo_config/cfg.py:3006}}
Apr 28 20:12:00.327469 np0000171179 nova-conductor[111912]: DEBUG cotyledon.oslo_config_glue [-] oslo_limit.retriable_status_codes = None {{(pid=111912) log_opt_values /opt/stack/data/venv/lib/python3.12/site-packages/oslo_config/cfg.py:3006}}
Apr 28 20:12:00.327469 np0000171179 nova-conductor[111912]: DEBUG cotyledon.oslo_config_glue [-] oslo_limit.service_name = None {{(pid=111912) log_opt_values /opt/stack/data/venv/lib/python3.12/site-packages/oslo_config/cfg.py:3006}}
Apr 28 20:12:00.327469 np0000171179 nova-conductor[111912]: DEBUG cotyledon.oslo_config_glue [-] oslo_limit.service_type = None {{(pid=111912) log_opt_values /opt/stack/data/venv/lib/python3.12/site-packages/oslo_config/cfg.py:3006}}
Apr 28 20:12:00.327469 np0000171179 nova-conductor[111912]: DEBUG cotyledon.oslo_config_glue [-] oslo_limit.split_loggers = False {{(pid=111912) log_opt_values /opt/stack/data/venv/lib/python3.12/site-packages/oslo_config/cfg.py:3006}}
Apr 28 20:12:00.327469 np0000171179 nova-conductor[111912]: DEBUG cotyledon.oslo_config_glue [-] oslo_limit.status_code_retries = None {{(pid=111912) log_opt_values /opt/stack/data/venv/lib/python3.12/site-packages/oslo_config/cfg.py:3006}}
Apr 28 20:12:00.327469 np0000171179 nova-conductor[111912]: DEBUG cotyledon.oslo_config_glue [-] oslo_limit.status_code_retry_delay = None {{(pid=111912) log_opt_values /opt/stack/data/venv/lib/python3.12/site-packages/oslo_config/cfg.py:3006}}
Apr 28 20:12:00.327469 np0000171179 nova-conductor[111912]: DEBUG cotyledon.oslo_config_glue [-] oslo_limit.timeout = None {{(pid=111912) log_opt_values /opt/stack/data/venv/lib/python3.12/site-packages/oslo_config/cfg.py:3006}}
Apr 28 20:12:00.327469 np0000171179 nova-conductor[111912]: DEBUG cotyledon.oslo_config_glue [-] oslo_limit.valid_interfaces = None {{(pid=111912) log_opt_values /opt/stack/data/venv/lib/python3.12/site-packages/oslo_config/cfg.py:3006}}
Apr 28 20:12:00.327708 np0000171179 nova-conductor[111912]: DEBUG cotyledon.oslo_config_glue [-] oslo_limit.version = None {{(pid=111912) log_opt_values /opt/stack/data/venv/lib/python3.12/site-packages/oslo_config/cfg.py:3006}}
Apr 28 20:12:00.327708 np0000171179 nova-conductor[111912]: DEBUG cotyledon.oslo_config_glue [-] oslo_reports.file_event_handler = None {{(pid=111912) log_opt_values /opt/stack/data/venv/lib/python3.12/site-packages/oslo_config/cfg.py:3006}}
Apr 28 20:12:00.327708 np0000171179 nova-conductor[111912]: DEBUG cotyledon.oslo_config_glue [-] oslo_reports.file_event_handler_interval = 1 {{(pid=111912) log_opt_values /opt/stack/data/venv/lib/python3.12/site-packages/oslo_config/cfg.py:3006}}
Apr 28 20:12:00.327708 np0000171179 nova-conductor[111912]: DEBUG cotyledon.oslo_config_glue [-] oslo_reports.log_dir = None {{(pid=111912) log_opt_values /opt/stack/data/venv/lib/python3.12/site-packages/oslo_config/cfg.py:3006}}
Apr 28 20:12:00.327708 np0000171179 nova-conductor[111912]: DEBUG cotyledon.oslo_config_glue [-] ******************************************************************************** {{(pid=111912) log_opt_values /opt/stack/data/venv/lib/python3.12/site-packages/oslo_config/cfg.py:3013}}
Apr 28 20:12:00.327708 np0000171179 nova-conductor[111912]: DEBUG cotyledon._service_worker [-] Run service ServiceWrapper(3) [111912] {{(pid=111912) wait_forever /opt/stack/data/venv/lib/python3.12/site-packages/cotyledon/_service_worker.py:218}}
Apr 28 20:12:00.327708 np0000171179 nova-conductor[111912]: INFO nova.service [-] Starting conductor node (version 33.1.0)
Apr 28 20:12:00.327886 np0000171179 nova-conductor[111897]: DEBUG dbcounter [-] [111897] Writer thread running {{(pid=111897) stat_writer /opt/stack/data/venv/lib/python3.12/site-packages/dbcounter.py:102}}
Apr 28 20:12:00.327912 np0000171179 nova-conductor[111890]: DEBUG nova.service [None req-1cc53915-e826-4b81-b6b1-867a99250496 None None] Creating RPC server for service: nova-conductor on topic: conductor {{(pid=111890) start /opt/stack/nova/nova/service.py:195}}
Apr 28 20:12:00.327940 np0000171179 nova-conductor[111912]: INFO dbcounter [None req-fa4ff911-aa4f-42f5-bc96-1468df30a74e None None] Registered counter for database nova_cell0
Apr 28 20:12:00.327965 np0000171179 nova-conductor[111905]: DEBUG oslo_db.sqlalchemy.engines [None req-65324819-24e0-48dd-b290-5b220ced22ee None None] MySQL server mode set to STRICT_TRANS_TABLES,STRICT_ALL_TABLES,NO_ZERO_IN_DATE,NO_ZERO_DATE,ERROR_FOR_DIVISION_BY_ZERO,TRADITIONAL,NO_ENGINE_SUBSTITUTION {{(pid=111905) _check_effective_sql_mode /opt/stack/data/venv/lib/python3.12/site-packages/oslo_db/sqlalchemy/engines.py:325}}
Apr 28 20:12:00.328000 np0000171179 nova-conductor[111912]: DEBUG oslo_db.sqlalchemy.engines [None req-fa4ff911-aa4f-42f5-bc96-1468df30a74e None None] MySQL server mode set to STRICT_TRANS_TABLES,STRICT_ALL_TABLES,NO_ZERO_IN_DATE,NO_ZERO_DATE,ERROR_FOR_DIVISION_BY_ZERO,TRADITIONAL,NO_ENGINE_SUBSTITUTION {{(pid=111912) _check_effective_sql_mode /opt/stack/data/venv/lib/python3.12/site-packages/oslo_db/sqlalchemy/engines.py:325}}
Apr 28 20:12:00.329275 np0000171179 nova-conductor[111905]: DEBUG dbcounter [-] [111905] Writer thread running {{(pid=111905) stat_writer /opt/stack/data/venv/lib/python3.12/site-packages/dbcounter.py:102}}
Apr 28 20:12:00.329736 np0000171179 nova-conductor[111897]: DEBUG nova.service [None req-73206ed6-d60c-443e-a380-f60ee3d07ccf None None] Creating RPC server for service: nova-conductor on topic: conductor {{(pid=111897) start /opt/stack/nova/nova/service.py:195}}
Apr 28 20:12:00.329994 np0000171179 nova-conductor[111890]: DEBUG nova.service [None req-1cc53915-e826-4b81-b6b1-867a99250496 None None] Join ServiceGroup membership for this service conductor {{(pid=111890) start /opt/stack/nova/nova/service.py:221}}
Apr 28 20:12:00.330510 np0000171179 nova-conductor[111890]: DEBUG nova.servicegroup.drivers.db [None req-1cc53915-e826-4b81-b6b1-867a99250496 None None] DB_Driver: join new ServiceGroup member np0000171179 to the conductor group, service = {{(pid=111890) join /opt/stack/nova/nova/servicegroup/drivers/db.py:44}}
Apr 28 20:12:00.332357 np0000171179 nova-conductor[111905]: DEBUG nova.service [None req-65324819-24e0-48dd-b290-5b220ced22ee None None] Creating RPC server for service: nova-conductor on topic: conductor {{(pid=111905) start /opt/stack/nova/nova/service.py:195}}
Apr 28 20:12:00.339185 np0000171179 nova-conductor[111912]: DEBUG dbcounter [-] [111912] Writer thread running {{(pid=111912) stat_writer /opt/stack/data/venv/lib/python3.12/site-packages/dbcounter.py:102}}
Apr 28 20:12:00.342474 np0000171179 nova-conductor[111912]: DEBUG nova.service [None req-fa4ff911-aa4f-42f5-bc96-1468df30a74e None None] Creating RPC server for service: nova-conductor on topic: conductor {{(pid=111912) start /opt/stack/nova/nova/service.py:195}}
Apr 28 20:12:00.352729 np0000171179 nova-conductor[111897]: DEBUG nova.service [None req-73206ed6-d60c-443e-a380-f60ee3d07ccf None None] Join ServiceGroup membership for this service conductor {{(pid=111897) start /opt/stack/nova/nova/service.py:221}}
Apr 28 20:12:00.353067 np0000171179 nova-conductor[111897]: DEBUG nova.servicegroup.drivers.db [None req-73206ed6-d60c-443e-a380-f60ee3d07ccf None None] DB_Driver: join new ServiceGroup member np0000171179 to the conductor group, service = {{(pid=111897) join /opt/stack/nova/nova/servicegroup/drivers/db.py:44}}
Apr 28 20:12:00.355043 np0000171179 nova-conductor[111905]: DEBUG nova.service [None req-65324819-24e0-48dd-b290-5b220ced22ee None None] Join ServiceGroup membership for this service conductor {{(pid=111905) start /opt/stack/nova/nova/service.py:221}}
Apr 28 20:12:00.355274 np0000171179 nova-conductor[111905]: DEBUG nova.servicegroup.drivers.db [None req-65324819-24e0-48dd-b290-5b220ced22ee None None] DB_Driver: join new ServiceGroup member np0000171179 to the conductor group, service = {{(pid=111905) join /opt/stack/nova/nova/servicegroup/drivers/db.py:44}}
Apr 28 20:12:00.361112 np0000171179 nova-conductor[111912]: DEBUG nova.service [None req-fa4ff911-aa4f-42f5-bc96-1468df30a74e None None] Join ServiceGroup membership for this service conductor {{(pid=111912) start /opt/stack/nova/nova/service.py:221}}
Apr 28 20:12:00.361345 np0000171179 nova-conductor[111912]: DEBUG nova.servicegroup.drivers.db [None req-fa4ff911-aa4f-42f5-bc96-1468df30a74e None None] DB_Driver: join new ServiceGroup member np0000171179 to the conductor group, service = {{(pid=111912) join /opt/stack/nova/nova/servicegroup/drivers/db.py:44}}
Apr 28 20:12:05.349532 np0000171179 nova-conductor[111890]: DEBUG oslo.service.backend._threading.loopingcall [-] Fixed interval looping call 'nova.servicegroup.drivers.db.DbDriver._report_state' sleeping for 119.98 seconds {{(pid=111890) _run_loop /opt/stack/data/venv/lib/python3.12/site-packages/oslo_service/backend/_threading/loopingcall.py:125}}
Apr 28 20:12:05.362479 np0000171179 nova-conductor[111897]: DEBUG oslo.service.backend._threading.loopingcall [-] Fixed interval looping call 'nova.servicegroup.drivers.db.DbDriver._report_state' sleeping for 119.99 seconds {{(pid=111897) _run_loop /opt/stack/data/venv/lib/python3.12/site-packages/oslo_service/backend/_threading/loopingcall.py:125}}
Apr 28 20:12:05.370931 np0000171179 nova-conductor[111905]: DEBUG oslo.service.backend._threading.loopingcall [-] Fixed interval looping call 'nova.servicegroup.drivers.db.DbDriver._report_state' sleeping for 119.99 seconds {{(pid=111905) _run_loop /opt/stack/data/venv/lib/python3.12/site-packages/oslo_service/backend/_threading/loopingcall.py:125}}
Apr 28 20:12:05.375310 np0000171179 nova-conductor[111912]: DEBUG oslo.service.backend._threading.loopingcall [-] Fixed interval looping call 'nova.servicegroup.drivers.db.DbDriver._report_state' sleeping for 119.99 seconds {{(pid=111912) _run_loop /opt/stack/data/venv/lib/python3.12/site-packages/oslo_service/backend/_threading/loopingcall.py:125}}
Apr 28 20:12:08.972353 np0000171179 nova-conductor[111105]: DEBUG dbcounter [-] [111105] Writing DB stats nova_api:SELECT=1 {{(pid=111105) stat_writer /opt/stack/data/venv/lib/python3.12/site-packages/dbcounter.py:115}}
Apr 28 20:12:09.071280 np0000171179 nova-conductor[111105]: DEBUG dbcounter [-] [111105] Writing DB stats nova_cell0:SELECT=1 {{(pid=111105) stat_writer /opt/stack/data/venv/lib/python3.12/site-packages/dbcounter.py:115}}
Apr 28 20:12:09.076833 np0000171179 nova-conductor[111105]: DEBUG dbcounter [-] [111105] Writing DB stats nova_cell1:SELECT=1 {{(pid=111105) stat_writer /opt/stack/data/venv/lib/python3.12/site-packages/dbcounter.py:115}}
Apr 28 20:12:15.343731 np0000171179 nova-conductor[111890]: DEBUG dbcounter [-] [111890] Writing DB stats nova_cell0:SELECT=4,nova_cell0:INSERT=1,nova_cell0:UPDATE=1 {{(pid=111890) stat_writer /opt/stack/data/venv/lib/python3.12/site-packages/dbcounter.py:115}}
Apr 28 20:12:15.358787 np0000171179 nova-conductor[111897]: DEBUG dbcounter [-] [111897] Writing DB stats nova_cell0:SELECT=4,nova_cell0:INSERT=1 {{(pid=111897) stat_writer /opt/stack/data/venv/lib/python3.12/site-packages/dbcounter.py:115}}
Apr 28 20:12:15.364540 np0000171179 nova-conductor[111912]: DEBUG oslo.service.backend._threading.loopingcall [None req-722eeaa3-5b99-4a63-88ff-681f63176073 None None] Dynamic interval looping call 'nova.service.Service.periodic_tasks' sleeping for 60.00 seconds {{(pid=111912) _run_loop /opt/stack/data/venv/lib/python3.12/site-packages/oslo_service/backend/_threading/loopingcall.py:125}}
Apr 28 20:12:15.367303 np0000171179 nova-conductor[111905]: DEBUG dbcounter [-] [111905] Writing DB stats nova_cell0:SELECT=3 {{(pid=111905) stat_writer /opt/stack/data/venv/lib/python3.12/site-packages/dbcounter.py:115}}
Apr 28 20:12:15.372218 np0000171179 nova-conductor[111912]: DEBUG dbcounter [-] [111912] Writing DB stats nova_cell0:SELECT=3 {{(pid=111912) stat_writer /opt/stack/data/venv/lib/python3.12/site-packages/dbcounter.py:115}}
Apr 28 20:12:22.355633 np0000171179 nova-conductor[111897]: DEBUG oslo.service.backend._threading.loopingcall [None req-19b17fe6-0213-4026-8532-cb23e76cffa1 None None] Dynamic interval looping call 'nova.service.Service.periodic_tasks' sleeping for 60.00 seconds {{(pid=111897) _run_loop /opt/stack/data/venv/lib/python3.12/site-packages/oslo_service/backend/_threading/loopingcall.py:125}}
Apr 28 20:12:25.333718 np0000171179 nova-conductor[111890]: DEBUG oslo.service.backend._threading.loopingcall [None req-6c36a6ca-36d9-4175-9ef6-ed6fa9938cd4 None None] Dynamic interval looping call 'nova.service.Service.periodic_tasks' sleeping for 60.00 seconds {{(pid=111890) _run_loop /opt/stack/data/venv/lib/python3.12/site-packages/oslo_service/backend/_threading/loopingcall.py:125}}
Apr 28 20:12:37.358497 np0000171179 nova-conductor[111905]: DEBUG oslo.service.backend._threading.loopingcall [None req-7ac7fe50-4be9-482c-ae5f-f2eb3602ebcb None None] Dynamic interval looping call 'nova.service.Service.periodic_tasks' sleeping for 60.00 seconds {{(pid=111905) _run_loop /opt/stack/data/venv/lib/python3.12/site-packages/oslo_service/backend/_threading/loopingcall.py:125}}
Apr 28 20:13:15.365348 np0000171179 nova-conductor[111912]: DEBUG oslo.service.backend._threading.loopingcall [None req-722eeaa3-5b99-4a63-88ff-681f63176073 None None] Dynamic interval looping call 'nova.service.Service.periodic_tasks' sleeping for 60.00 seconds {{(pid=111912) _run_loop /opt/stack/data/venv/lib/python3.12/site-packages/oslo_service/backend/_threading/loopingcall.py:125}}
Apr 28 20:13:22.356793 np0000171179 nova-conductor[111897]: DEBUG oslo.service.backend._threading.loopingcall [None req-19b17fe6-0213-4026-8532-cb23e76cffa1 None None] Dynamic interval looping call 'nova.service.Service.periodic_tasks' sleeping for 60.00 seconds {{(pid=111897) _run_loop /opt/stack/data/venv/lib/python3.12/site-packages/oslo_service/backend/_threading/loopingcall.py:125}}
Apr 28 20:13:25.334632 np0000171179 nova-conductor[111890]: DEBUG oslo.service.backend._threading.loopingcall [None req-6c36a6ca-36d9-4175-9ef6-ed6fa9938cd4 None None] Dynamic interval looping call 'nova.service.Service.periodic_tasks' sleeping for 60.00 seconds {{(pid=111890) _run_loop /opt/stack/data/venv/lib/python3.12/site-packages/oslo_service/backend/_threading/loopingcall.py:125}}
Apr 28 20:13:37.358996 np0000171179 nova-conductor[111905]: DEBUG oslo.service.backend._threading.loopingcall [None req-7ac7fe50-4be9-482c-ae5f-f2eb3602ebcb None None] Dynamic interval looping call 'nova.service.Service.periodic_tasks' sleeping for 60.00 seconds {{(pid=111905) _run_loop /opt/stack/data/venv/lib/python3.12/site-packages/oslo_service/backend/_threading/loopingcall.py:125}}
Apr 28 20:14:05.435501 np0000171179 nova-conductor[111890]: DEBUG oslo.service.backend._threading.loopingcall [-] Fixed interval looping call 'nova.servicegroup.drivers.db.DbDriver._report_state' sleeping for 119.89 seconds {{(pid=111890) _run_loop /opt/stack/data/venv/lib/python3.12/site-packages/oslo_service/backend/_threading/loopingcall.py:125}}
Apr 28 20:14:05.436910 np0000171179 nova-conductor[111897]: DEBUG oslo.service.backend._threading.loopingcall [-] Fixed interval looping call 'nova.servicegroup.drivers.db.DbDriver._report_state' sleeping for 119.92 seconds {{(pid=111897) _run_loop /opt/stack/data/venv/lib/python3.12/site-packages/oslo_service/backend/_threading/loopingcall.py:125}}
Apr 28 20:14:05.437471 np0000171179 nova-conductor[111905]: DEBUG oslo.service.backend._threading.loopingcall [-] Fixed interval looping call 'nova.servicegroup.drivers.db.DbDriver._report_state' sleeping for 119.92 seconds {{(pid=111905) _run_loop /opt/stack/data/venv/lib/python3.12/site-packages/oslo_service/backend/_threading/loopingcall.py:125}}
Apr 28 20:14:05.438645 np0000171179 nova-conductor[111912]: DEBUG oslo.service.backend._threading.loopingcall [-] Fixed interval looping call 'nova.servicegroup.drivers.db.DbDriver._report_state' sleeping for 119.93 seconds {{(pid=111912) _run_loop /opt/stack/data/venv/lib/python3.12/site-packages/oslo_service/backend/_threading/loopingcall.py:125}}
Apr 28 20:14:15.334900 np0000171179 nova-conductor[111890]: DEBUG dbcounter [-] [111890] Writing DB stats nova_cell0:SELECT=1,nova_cell0:UPDATE=1 {{(pid=111890) stat_writer /opt/stack/data/venv/lib/python3.12/site-packages/dbcounter.py:115}}
Apr 28 20:14:15.360235 np0000171179 nova-conductor[111897]: DEBUG dbcounter [-] [111897] Writing DB stats nova_cell0:SELECT=1,nova_cell0:UPDATE=1 {{(pid=111897) stat_writer /opt/stack/data/venv/lib/python3.12/site-packages/dbcounter.py:115}}
Apr 28 20:14:15.366367 np0000171179 nova-conductor[111912]: DEBUG oslo.service.backend._threading.loopingcall [None req-722eeaa3-5b99-4a63-88ff-681f63176073 None None] Dynamic interval looping call 'nova.service.Service.periodic_tasks' sleeping for 60.00 seconds {{(pid=111912) _run_loop /opt/stack/data/venv/lib/python3.12/site-packages/oslo_service/backend/_threading/loopingcall.py:125}}
Apr 28 20:14:15.370920 np0000171179 nova-conductor[111905]: DEBUG dbcounter [-] [111905] Writing DB stats nova_cell0:SELECT=1,nova_cell0:UPDATE=1 {{(pid=111905) stat_writer /opt/stack/data/venv/lib/python3.12/site-packages/dbcounter.py:115}}
Apr 28 20:14:15.374127 np0000171179 nova-conductor[111912]: DEBUG dbcounter [-] [111912] Writing DB stats nova_cell0:SELECT=1,nova_cell0:UPDATE=1 {{(pid=111912) stat_writer /opt/stack/data/venv/lib/python3.12/site-packages/dbcounter.py:115}}
Apr 28 20:14:22.357851 np0000171179 nova-conductor[111897]: DEBUG oslo.service.backend._threading.loopingcall [None req-19b17fe6-0213-4026-8532-cb23e76cffa1 None None] Dynamic interval looping call 'nova.service.Service.periodic_tasks' sleeping for 60.00 seconds {{(pid=111897) _run_loop /opt/stack/data/venv/lib/python3.12/site-packages/oslo_service/backend/_threading/loopingcall.py:125}}
Apr 28 20:14:25.335823 np0000171179 nova-conductor[111890]: DEBUG oslo.service.backend._threading.loopingcall [None req-6c36a6ca-36d9-4175-9ef6-ed6fa9938cd4 None None] Dynamic interval looping call 'nova.service.Service.periodic_tasks' sleeping for 60.00 seconds {{(pid=111890) _run_loop /opt/stack/data/venv/lib/python3.12/site-packages/oslo_service/backend/_threading/loopingcall.py:125}}
Apr 28 20:14:37.361795 np0000171179 nova-conductor[111905]: DEBUG oslo.service.backend._threading.loopingcall [None req-7ac7fe50-4be9-482c-ae5f-f2eb3602ebcb None None] Dynamic interval looping call 'nova.service.Service.periodic_tasks' sleeping for 60.00 seconds {{(pid=111905) _run_loop /opt/stack/data/venv/lib/python3.12/site-packages/oslo_service/backend/_threading/loopingcall.py:125}}
Apr 28 20:15:15.367384 np0000171179 nova-conductor[111912]: DEBUG oslo.service.backend._threading.loopingcall [None req-722eeaa3-5b99-4a63-88ff-681f63176073 None None] Dynamic interval looping call 'nova.service.Service.periodic_tasks' sleeping for 60.00 seconds {{(pid=111912) _run_loop /opt/stack/data/venv/lib/python3.12/site-packages/oslo_service/backend/_threading/loopingcall.py:125}}
Apr 28 20:15:22.358567 np0000171179 nova-conductor[111897]: DEBUG oslo.service.backend._threading.loopingcall [None req-19b17fe6-0213-4026-8532-cb23e76cffa1 None None] Dynamic interval looping call 'nova.service.Service.periodic_tasks' sleeping for 60.00 seconds {{(pid=111897) _run_loop /opt/stack/data/venv/lib/python3.12/site-packages/oslo_service/backend/_threading/loopingcall.py:125}}
Apr 28 20:15:25.336746 np0000171179 nova-conductor[111890]: DEBUG oslo.service.backend._threading.loopingcall [None req-6c36a6ca-36d9-4175-9ef6-ed6fa9938cd4 None None] Dynamic interval looping call 'nova.service.Service.periodic_tasks' sleeping for 60.00 seconds {{(pid=111890) _run_loop /opt/stack/data/venv/lib/python3.12/site-packages/oslo_service/backend/_threading/loopingcall.py:125}}
Apr 28 20:15:37.360372 np0000171179 nova-conductor[111905]: DEBUG oslo.service.backend._threading.loopingcall [None req-7ac7fe50-4be9-482c-ae5f-f2eb3602ebcb None None] Dynamic interval looping call 'nova.service.Service.periodic_tasks' sleeping for 60.00 seconds {{(pid=111905) _run_loop /opt/stack/data/venv/lib/python3.12/site-packages/oslo_service/backend/_threading/loopingcall.py:125}}
Apr 28 20:16:02.423548 np0000171179 nova-conductor[111890]: INFO nova.utils [None req-97ed8faa-0f12-42e5-a7af-0621c575bf94 demo demo] The cell worker thread pool ForkProcess-1.cell_worker is initialized
Apr 28 20:16:02.424175 np0000171179 nova-conductor[111890]: DEBUG oslo_concurrency.lockutils [None req-97ed8faa-0f12-42e5-a7af-0621c575bf94 demo demo] Acquiring lock "ffe3c65f-f81f-4f81-b9a2-33aa2e551129" by "nova.context.set_target_cell..get_or_set_cached_cell_and_set_connections" {{(pid=111890) inner /opt/stack/data/venv/lib/python3.12/site-packages/oslo_concurrency/lockutils.py:506}}
Apr 28 20:16:02.424175 np0000171179 nova-conductor[111890]: DEBUG oslo_concurrency.lockutils [None req-97ed8faa-0f12-42e5-a7af-0621c575bf94 demo demo] Lock "ffe3c65f-f81f-4f81-b9a2-33aa2e551129" acquired by "nova.context.set_target_cell..get_or_set_cached_cell_and_set_connections" :: waited 0.000s {{(pid=111890) inner /opt/stack/data/venv/lib/python3.12/site-packages/oslo_concurrency/lockutils.py:519}}
Apr 28 20:16:02.425906 np0000171179 nova-conductor[111890]: DEBUG oslo_concurrency.lockutils [None req-97ed8faa-0f12-42e5-a7af-0621c575bf94 demo demo] Lock "ffe3c65f-f81f-4f81-b9a2-33aa2e551129" "released" by "nova.context.set_target_cell..get_or_set_cached_cell_and_set_connections" :: held 0.001s {{(pid=111890) inner /opt/stack/data/venv/lib/python3.12/site-packages/oslo_concurrency/lockutils.py:538}}
Apr 28 20:16:02.431516 np0000171179 nova-conductor[111890]: INFO dbcounter [None req-97ed8faa-0f12-42e5-a7af-0621c575bf94 demo demo] Registered counter for database nova_cell1
