Apr 28 20:11:21.035559 np0000171179 devstack@neutron-api.service[104496]: DEBUG neutron.api.extensions [None req-18a30f2f-851f-4975-88ad-7516f0ba4a74 None None] Loading extension file: revisionifmatch.py {{(pid=104496) _load_all_extensions_from_path /opt/stack/neutron/neutron/api/extensions.py:449}}
Apr 28 20:11:21.035790 np0000171179 devstack@neutron-api.service[104496]: DEBUG neutron.api.extensions [None req-18a30f2f-851f-4975-88ad-7516f0ba4a74 None None] Ext name="If-Match constraints based on revision_number" alias="revision-if-match" description="Extension indicating that If-Match based on revision_number is supported." updated="2016-12-11T00:00:00-00:00" {{(pid=104496) _check_extension /opt/stack/neutron/neutron/api/extensions.py:415}}
Apr 28 20:11:21.036044 np0000171179 devstack@neutron-api.service[104496]: INFO neutron.api.extensions [None req-18a30f2f-851f-4975-88ad-7516f0ba4a74 None None] Loaded extension: revision-if-match
Apr 28 20:11:21.036244 np0000171179 devstack@neutron-api.service[104496]: DEBUG neutron.api.extensions [None req-18a30f2f-851f-4975-88ad-7516f0ba4a74 None None] Loading extension file: revisions.py {{(pid=104496) _load_all_extensions_from_path /opt/stack/neutron/neutron/api/extensions.py:449}}
Apr 28 20:11:21.036553 np0000171179 devstack@neutron-api.service[104496]: DEBUG neutron.api.extensions [None req-18a30f2f-851f-4975-88ad-7516f0ba4a74 None None] Ext name="Resource revision numbers" alias="standard-attr-revisions" description="This extension will display the revision number of neutron resources." updated="2016-04-11T10:00:00-00:00" {{(pid=104496) _check_extension /opt/stack/neutron/neutron/api/extensions.py:415}}
Apr 28 20:11:21.036820 np0000171179 devstack@neutron-api.service[104496]: INFO neutron.api.extensions [None req-18a30f2f-851f-4975-88ad-7516f0ba4a74 None None] Loaded extension: standard-attr-revisions
Apr 28 20:11:21.036982 np0000171179 devstack@neutron-api.service[104496]: DEBUG neutron.api.extensions [None req-18a30f2f-851f-4975-88ad-7516f0ba4a74 None None] Loading extension file: router_availability_zone.py {{(pid=104496) _load_all_extensions_from_path /opt/stack/neutron/neutron/api/extensions.py:449}}
Apr 28 20:11:21.037251 np0000171179 devstack@neutron-api.service[104496]: DEBUG neutron.api.extensions [None req-18a30f2f-851f-4975-88ad-7516f0ba4a74 None None] Ext name="Router Availability Zone" alias="router_availability_zone" description="Availability zone support for router." updated="2015-01-01T10:00:00-00:00" {{(pid=104496) _check_extension /opt/stack/neutron/neutron/api/extensions.py:415}}
Apr 28 20:11:21.037554 np0000171179 devstack@neutron-api.service[104496]: INFO neutron.api.extensions [None req-18a30f2f-851f-4975-88ad-7516f0ba4a74 None None] Loaded extension: router_availability_zone
Apr 28 20:11:21.037683 np0000171179 devstack@neutron-api.service[104496]: DEBUG neutron.api.extensions [None req-18a30f2f-851f-4975-88ad-7516f0ba4a74 None None] Loading extension file: router_enable_snat.py {{(pid=104496) _load_all_extensions_from_path /opt/stack/neutron/neutron/api/extensions.py:449}}
Apr 28 20:11:21.038007 np0000171179 devstack@neutron-api.service[104496]: DEBUG neutron.api.extensions [None req-18a30f2f-851f-4975-88ad-7516f0ba4a74 None None] Ext name="Exposes the router "enable_snat" read-only configuration flag" alias="router-enable-snat" description="Exposes the router "enable_snat" read-only configuration flag" updated="2025-09-18T18:00:00-00:00" {{(pid=104496) _check_extension /opt/stack/neutron/neutron/api/extensions.py:415}}
Apr 28 20:11:21.038213 np0000171179 devstack@neutron-api.service[104496]: INFO neutron.api.extensions [None req-18a30f2f-851f-4975-88ad-7516f0ba4a74 None None] Loaded extension: router-enable-snat
Apr 28 20:11:21.038387 np0000171179 devstack@neutron-api.service[104496]: DEBUG neutron.api.extensions [None req-18a30f2f-851f-4975-88ad-7516f0ba4a74 None None] Loading extension file: routerservicetype.py {{(pid=104496) _load_all_extensions_from_path /opt/stack/neutron/neutron/api/extensions.py:449}}
Apr 28 20:11:21.038750 np0000171179 devstack@neutron-api.service[104496]: DEBUG neutron.api.extensions [None req-18a30f2f-851f-4975-88ad-7516f0ba4a74 None None] Ext name="Router Service Type" alias="router-service-type" description="Provides router service type" updated="2013-01-29T00:00:00-00:00" {{(pid=104496) _check_extension /opt/stack/neutron/neutron/api/extensions.py:415}}
Apr 28 20:11:21.038967 np0000171179 devstack@neutron-api.service[104496]: INFO neutron.api.extensions [None req-18a30f2f-851f-4975-88ad-7516f0ba4a74 None None] Extension router-service-type not supported by any of loaded plugins
Apr 28 20:11:21.039057 np0000171179 devstack@neutron-api.service[104496]: DEBUG neutron.api.extensions [None req-18a30f2f-851f-4975-88ad-7516f0ba4a74 None None] Loading extension file: security_groups_default_rules.py {{(pid=104496) _load_all_extensions_from_path /opt/stack/neutron/neutron/api/extensions.py:449}}
Apr 28 20:11:21.039644 np0000171179 devstack@neutron-api.service[104496]: DEBUG neutron.api.extensions [None req-18a30f2f-851f-4975-88ad-7516f0ba4a74 None None] Ext name="Default rules for security groups" alias="security-groups-default-rules" description="Configure set of security group rules used as default rules for every new security group" updated="2022-12-19T10:00:00-00:00" {{(pid=104496) _check_extension /opt/stack/neutron/neutron/api/extensions.py:415}}
Apr 28 20:11:21.040067 np0000171179 devstack@neutron-api.service[104496]: INFO neutron.api.extensions [None req-18a30f2f-851f-4975-88ad-7516f0ba4a74 None None] Loaded extension: security-groups-default-rules
Apr 28 20:11:21.040067 np0000171179 devstack@neutron-api.service[104496]: DEBUG neutron.api.extensions [None req-18a30f2f-851f-4975-88ad-7516f0ba4a74 None None] Loading extension file: security_groups_normalized_cidr.py {{(pid=104496) _load_all_extensions_from_path /opt/stack/neutron/neutron/api/extensions.py:449}}
Apr 28 20:11:21.040365 np0000171179 devstack@neutron-api.service[104496]: DEBUG neutron.api.extensions [None req-18a30f2f-851f-4975-88ad-7516f0ba4a74 None None] Ext name="Normalized CIDR field for security group rules" alias="security-groups-normalized-cidr" description="Add new field with normalized remote_ip_prefix cidr in SG rule" updated="2020-07-28T10:00:00-00:00" {{(pid=104496) _check_extension /opt/stack/neutron/neutron/api/extensions.py:415}}
Apr 28 20:11:21.040605 np0000171179 devstack@neutron-api.service[104496]: INFO neutron.api.extensions [None req-18a30f2f-851f-4975-88ad-7516f0ba4a74 None None] Loaded extension: security-groups-normalized-cidr
Apr 28 20:11:21.040773 np0000171179 devstack@neutron-api.service[104496]: DEBUG neutron.api.extensions [None req-18a30f2f-851f-4975-88ad-7516f0ba4a74 None None] Loading extension file: security_groups_port_filtering.py {{(pid=104496) _load_all_extensions_from_path /opt/stack/neutron/neutron/api/extensions.py:449}}
Apr 28 20:11:21.041044 np0000171179 devstack@neutron-api.service[104496]: DEBUG neutron.api.extensions [None req-18a30f2f-851f-4975-88ad-7516f0ba4a74 None None] Ext name="Port filtering on security groups" alias="port-security-groups-filtering" description="Provides security groups filtering when listing ports" updated="2018-01-09T09:00:00-00:00" {{(pid=104496) _check_extension /opt/stack/neutron/neutron/api/extensions.py:415}}
Apr 28 20:11:21.041300 np0000171179 devstack@neutron-api.service[104496]: INFO neutron.api.extensions [None req-18a30f2f-851f-4975-88ad-7516f0ba4a74 None None] Extension port-security-groups-filtering not supported by any of loaded plugins
Apr 28 20:11:21.041507 np0000171179 devstack@neutron-api.service[104496]: DEBUG neutron.api.extensions [None req-18a30f2f-851f-4975-88ad-7516f0ba4a74 None None] Loading extension file: security_groups_remote_address_group.py {{(pid=104496) _load_all_extensions_from_path /opt/stack/neutron/neutron/api/extensions.py:449}}
Apr 28 20:11:21.041822 np0000171179 devstack@neutron-api.service[104495]: DEBUG oslo_concurrency.processutils [None req-6999e4aa-712d-47dd-a0aa-5ba776a72e4f None None] CMD "ovsdb-client transact ssl:199.19.213.81:6641 --timeout 180 -p /opt/stack/data/CA/int-ca/private/devstack-cert.key -c /opt/stack/data/CA/int-ca/devstack-cert.crt -C /opt/stack/data/CA/int-ca/ca-chain.pem ["OVN_Northbound", {"op": "wait", "timeout": 0, "table": "Port_Group", "where": [["name", "==", "neutron_pg_drop"]], "until": "==", "rows": []}, {"op": "insert", "table": "ACL", "row": {"action": "drop", "direction": "to-lport", "match": "outport == @neutron_pg_drop && ip", "priority": 1001}, "uuid-name": "droptoport"}, {"op": "insert", "table": "ACL", "row": {"action": "drop", "direction": "from-lport", "match": "inport == @neutron_pg_drop && ip", "priority": 1001}, "uuid-name": "dropfromport"}, {"op": "insert", "table": "Port_Group", "row": {"name": "neutron_pg_drop", "acls": ["set", [["named-uuid", "droptoport"], ["named-uuid", "dropfromport"]]]}}]" returned: 0 in 0.038s {{(pid=104495) execute /opt/stack/data/venv/lib/python3.12/site-packages/oslo_concurrency/processutils.py:468}}
Apr 28 20:11:21.042118 np0000171179 devstack@neutron-api.service[104496]: DEBUG neutron.api.extensions [None req-18a30f2f-851f-4975-88ad-7516f0ba4a74 None None] Ext name="Remote address group id field for security group rules" alias="security-groups-remote-address-group" description="Add new field of remote address group id in SG rules" updated="2020-08-25T10:00:00-00:00" {{(pid=104496) _check_extension /opt/stack/neutron/neutron/api/extensions.py:415}}
Apr 28 20:11:21.042223 np0000171179 devstack@neutron-api.service[104495]: DEBUG neutron_lib.callbacks.manager [None req-6999e4aa-712d-47dd-a0aa-5ba776a72e4f None None] Publish callbacks ['neutron.plugins.ml2.drivers.ovn.mech_driver.mech_driver.OVNMechanismDriver.post_fork_initialize-227724', 'neutron.services.ovn_l3.plugin.OVNL3RouterPlugin._post_fork_initialize-32349'] for process (None), after_init {{(pid=104495) _notify_loop /opt/stack/data/venv/lib/python3.12/site-packages/neutron_lib/callbacks/manager.py:184}}
Apr 28 20:11:21.042337 np0000171179 devstack@neutron-api.service[104496]: INFO neutron.api.extensions [None req-18a30f2f-851f-4975-88ad-7516f0ba4a74 None None] Loaded extension: security-groups-remote-address-group
Apr 28 20:11:21.042337 np0000171179 devstack@neutron-api.service[104496]: DEBUG neutron.api.extensions [None req-18a30f2f-851f-4975-88ad-7516f0ba4a74 None None] Loading extension file: security_groups_rules_belongs_to_default_sg.py {{(pid=104496) _load_all_extensions_from_path /opt/stack/neutron/neutron/api/extensions.py:449}}
Apr 28 20:11:21.042471 np0000171179 devstack@neutron-api.service[104495]: DEBUG oslo_concurrency.lockutils [None req-6999e4aa-712d-47dd-a0aa-5ba776a72e4f None None] Acquiring lock "singleton_lock" {{(pid=104495) lock /opt/stack/data/venv/lib/python3.12/site-packages/oslo_concurrency/lockutils.py:390}}
Apr 28 20:11:21.042471 np0000171179 devstack@neutron-api.service[104495]: DEBUG oslo_concurrency.lockutils [None req-6999e4aa-712d-47dd-a0aa-5ba776a72e4f None None] Acquired lock "singleton_lock" {{(pid=104495) lock /opt/stack/data/venv/lib/python3.12/site-packages/oslo_concurrency/lockutils.py:393}}
Apr 28 20:11:21.042623 np0000171179 devstack@neutron-api.service[104496]: DEBUG neutron.api.extensions [None req-18a30f2f-851f-4975-88ad-7516f0ba4a74 None None] Ext name="Security group rule belongs to the project's default security group" alias="security-groups-rules-belongs-to-default-sg" description="Flag to determine if the security group rule belongs to the project's default security group" updated="2023-05-23T10:00:00-00:00" {{(pid=104496) _check_extension /opt/stack/neutron/neutron/api/extensions.py:415}}
Apr 28 20:11:21.042813 np0000171179 devstack@neutron-api.service[104495]: DEBUG oslo_concurrency.lockutils [None req-6999e4aa-712d-47dd-a0aa-5ba776a72e4f None None] Releasing lock "singleton_lock" {{(pid=104495) lock /opt/stack/data/venv/lib/python3.12/site-packages/oslo_concurrency/lockutils.py:413}}
Apr 28 20:11:21.043005 np0000171179 devstack@neutron-api.service[104496]: INFO neutron.api.extensions [None req-18a30f2f-851f-4975-88ad-7516f0ba4a74 None None] Loaded extension: security-groups-rules-belongs-to-default-sg
Apr 28 20:11:21.043005 np0000171179 devstack@neutron-api.service[104496]: DEBUG neutron.api.extensions [None req-18a30f2f-851f-4975-88ad-7516f0ba4a74 None None] Loading extension file: security_groups_shared_filtering.py {{(pid=104496) _load_all_extensions_from_path /opt/stack/neutron/neutron/api/extensions.py:449}}
Apr 28 20:11:21.043204 np0000171179 devstack@neutron-api.service[104496]: DEBUG neutron.api.extensions [None req-18a30f2f-851f-4975-88ad-7516f0ba4a74 None None] Ext name="Security group filtering on the shared field" alias="security-groups-shared-filtering" description="Support filtering security groups on the shared field" updated="2021-10-05T09:00:00-00:00" {{(pid=104496) _check_extension /opt/stack/neutron/neutron/api/extensions.py:415}}
Apr 28 20:11:21.043437 np0000171179 devstack@neutron-api.service[104496]: INFO neutron.api.extensions [None req-18a30f2f-851f-4975-88ad-7516f0ba4a74 None None] Loaded extension: security-groups-shared-filtering
Apr 28 20:11:21.043537 np0000171179 devstack@neutron-api.service[104496]: DEBUG neutron.api.extensions [None req-18a30f2f-851f-4975-88ad-7516f0ba4a74 None None] Loading extension file: securitygroup.py {{(pid=104496) _load_all_extensions_from_path /opt/stack/neutron/neutron/api/extensions.py:449}}
Apr 28 20:11:21.044179 np0000171179 devstack@neutron-api.service[104495]: DEBUG neutron.plugins.ml2.drivers.ovn.mech_driver.mech_driver [None req-6999e4aa-712d-47dd-a0aa-5ba776a72e4f None None] Hash Ring setup using WSGI start time 2026-04-28 20:11:13+00:00 {{(pid=104495) _init_hash_ring /opt/stack/neutron/neutron/plugins/ml2/drivers/ovn/mech_driver/mech_driver.py:402}}
Apr 28 20:11:21.045867 np0000171179 devstack@neutron-api.service[104496]: DEBUG neutron.api.extensions [None req-18a30f2f-851f-4975-88ad-7516f0ba4a74 None None] Ext name="security-group" alias="security-group" description="The security groups extension." updated="2012-10-05T10:00:00-00:00" {{(pid=104496) _check_extension /opt/stack/neutron/neutron/api/extensions.py:415}}
Apr 28 20:11:21.046104 np0000171179 devstack@neutron-api.service[104496]: INFO neutron.api.extensions [None req-18a30f2f-851f-4975-88ad-7516f0ba4a74 None None] Loaded extension: security-group
Apr 28 20:11:21.046241 np0000171179 devstack@neutron-api.service[104496]: DEBUG neutron.api.extensions [None req-18a30f2f-851f-4975-88ad-7516f0ba4a74 None None] Loading extension file: segment.py {{(pid=104496) _load_all_extensions_from_path /opt/stack/neutron/neutron/api/extensions.py:449}}
Apr 28 20:11:21.046620 np0000171179 devstack@neutron-api.service[104496]: DEBUG neutron.api.extensions [None req-18a30f2f-851f-4975-88ad-7516f0ba4a74 None None] Ext name="Segment" alias="segment" description="Segments extension." updated="2016-02-24T17:00:00-00:00" {{(pid=104496) _check_extension /opt/stack/neutron/neutron/api/extensions.py:415}}
Apr 28 20:11:21.046879 np0000171179 devstack@neutron-api.service[104496]: INFO neutron.api.extensions [None req-18a30f2f-851f-4975-88ad-7516f0ba4a74 None None] Extension segment not supported by any of loaded plugins
Apr 28 20:11:21.046998 np0000171179 devstack@neutron-api.service[104496]: DEBUG neutron.api.extensions [None req-18a30f2f-851f-4975-88ad-7516f0ba4a74 None None] Loading extension file: segments_peer_subnet_host_routes.py {{(pid=104496) _load_all_extensions_from_path /opt/stack/neutron/neutron/api/extensions.py:449}}
Apr 28 20:11:21.047298 np0000171179 devstack@neutron-api.service[104496]: DEBUG neutron.api.extensions [None req-18a30f2f-851f-4975-88ad-7516f0ba4a74 None None] Ext name="Segments peer-subnet host routes" alias="segments-peer-subnet-host-routes" description="Add host routes to subnets on a routed network (segments)" updated="2018-06-12T10:00:00-00:00" {{(pid=104496) _check_extension /opt/stack/neutron/neutron/api/extensions.py:415}}
Apr 28 20:11:21.047513 np0000171179 devstack@neutron-api.service[104496]: INFO neutron.api.extensions [None req-18a30f2f-851f-4975-88ad-7516f0ba4a74 None None] Extension segments-peer-subnet-host-routes not supported by any of loaded plugins
Apr 28 20:11:21.047636 np0000171179 devstack@neutron-api.service[104496]: DEBUG neutron.api.extensions [None req-18a30f2f-851f-4975-88ad-7516f0ba4a74 None None] Loading extension file: servicetype.py {{(pid=104496) _load_all_extensions_from_path /opt/stack/neutron/neutron/api/extensions.py:449}}
Apr 28 20:11:21.047941 np0000171179 devstack@neutron-api.service[104496]: DEBUG neutron.api.extensions [None req-18a30f2f-851f-4975-88ad-7516f0ba4a74 None None] Ext name="Neutron Service Type Management" alias="service-type" description="API for retrieving service providers for Neutron advanced services" updated="2013-01-20T00:00:00-00:00" {{(pid=104496) _check_extension /opt/stack/neutron/neutron/api/extensions.py:415}}
Apr 28 20:11:21.048200 np0000171179 devstack@neutron-api.service[104496]: INFO neutron.api.extensions [None req-18a30f2f-851f-4975-88ad-7516f0ba4a74 None None] Loaded extension: service-type
Apr 28 20:11:21.048289 np0000171179 devstack@neutron-api.service[104496]: DEBUG neutron.api.extensions [None req-18a30f2f-851f-4975-88ad-7516f0ba4a74 None None] Loading extension file: sorting.py {{(pid=104496) _load_all_extensions_from_path /opt/stack/neutron/neutron/api/extensions.py:449}}
Apr 28 20:11:21.048659 np0000171179 devstack@neutron-api.service[104496]: DEBUG neutron.api.extensions [None req-18a30f2f-851f-4975-88ad-7516f0ba4a74 None None] Ext name="Sorting support" alias="sorting" description="Extension that indicates that sorting is enabled." updated="2016-06-12T00:00:00-00:00" {{(pid=104496) _check_extension /opt/stack/neutron/neutron/api/extensions.py:415}}
Apr 28 20:11:21.048732 np0000171179 devstack@neutron-api.service[104495]: INFO neutron.db.ovn_hash_ring_db [None req-6999e4aa-712d-47dd-a0aa-5ba776a72e4f None None] Nodes from host "np0000171179" and group "mechanism_driver" removed from the Hash Ring created at 2026-04-28 20:11:13+00:00
Apr 28 20:11:21.048790 np0000171179 devstack@neutron-api.service[104496]: INFO neutron.api.extensions [None req-18a30f2f-851f-4975-88ad-7516f0ba4a74 None None] Loaded extension: sorting
Apr 28 20:11:21.048887 np0000171179 devstack@neutron-api.service[104496]: DEBUG neutron.api.extensions [None req-18a30f2f-851f-4975-88ad-7516f0ba4a74 None None] Loading extension file: standard_attr_segment.py {{(pid=104496) _load_all_extensions_from_path /opt/stack/neutron/neutron/api/extensions.py:449}}
Apr 28 20:11:21.049151 np0000171179 devstack@neutron-api.service[104496]: DEBUG neutron.api.extensions [None req-18a30f2f-851f-4975-88ad-7516f0ba4a74 None None] Ext name="Standard Attribute Segment Extension" alias="standard-attr-segment" description="Add standard attributes to Segment resource" updated="2018-04-09T10:00:00-00:00" {{(pid=104496) _check_extension /opt/stack/neutron/neutron/api/extensions.py:415}}
Apr 28 20:11:21.049375 np0000171179 devstack@neutron-api.service[104496]: INFO neutron.api.extensions [None req-18a30f2f-851f-4975-88ad-7516f0ba4a74 None None] Extension standard-attr-segment not supported by any of loaded plugins
Apr 28 20:11:21.049500 np0000171179 devstack@neutron-api.service[104496]: DEBUG neutron.api.extensions [None req-18a30f2f-851f-4975-88ad-7516f0ba4a74 None None] Loading extension file: standardattrdescription.py {{(pid=104496) _load_all_extensions_from_path /opt/stack/neutron/neutron/api/extensions.py:449}}
Apr 28 20:11:21.049935 np0000171179 devstack@neutron-api.service[104496]: DEBUG neutron.api.extensions [None req-18a30f2f-851f-4975-88ad-7516f0ba4a74 None None] Ext name="standard-attr-description" alias="standard-attr-description" description="Extension to add descriptions to standard attributes" updated="2016-02-10T10:00:00-00:00" {{(pid=104496) _check_extension /opt/stack/neutron/neutron/api/extensions.py:415}}
Apr 28 20:11:21.050246 np0000171179 devstack@neutron-api.service[104496]: INFO neutron.api.extensions [None req-18a30f2f-851f-4975-88ad-7516f0ba4a74 None None] Loaded extension: standard-attr-description
Apr 28 20:11:21.050346 np0000171179 devstack@neutron-api.service[104496]: DEBUG neutron.api.extensions [None req-18a30f2f-851f-4975-88ad-7516f0ba4a74 None None] Loading extension file: stateful_security_group.py {{(pid=104496) _load_all_extensions_from_path /opt/stack/neutron/neutron/api/extensions.py:449}}
Apr 28 20:11:21.050576 np0000171179 devstack@neutron-api.service[104496]: DEBUG neutron.api.extensions [None req-18a30f2f-851f-4975-88ad-7516f0ba4a74 None None] Ext name="Stateful security group" alias="stateful-security-group" description="Indicates if the security group is stateful or not" updated="2019-11-26T09:00:00-00:00" {{(pid=104496) _check_extension /opt/stack/neutron/neutron/api/extensions.py:415}}
Apr 28 20:11:21.050877 np0000171179 devstack@neutron-api.service[104496]: INFO neutron.api.extensions [None req-18a30f2f-851f-4975-88ad-7516f0ba4a74 None None] Loaded extension: stateful-security-group
Apr 28 20:11:21.051012 np0000171179 devstack@neutron-api.service[104496]: DEBUG neutron.api.extensions [None req-18a30f2f-851f-4975-88ad-7516f0ba4a74 None None] Loading extension file: stdattrs_common.py {{(pid=104496) _load_all_extensions_from_path /opt/stack/neutron/neutron/api/extensions.py:449}}
Apr 28 20:11:21.051121 np0000171179 devstack@neutron-api.service[104495]: INFO neutron.db.ovn_hash_ring_db [None req-6999e4aa-712d-47dd-a0aa-5ba776a72e4f None None] Node b2937ec2a15b577da5979a9aca26d76d from host "np0000171179" and group "mechanism_driver" added to the Hash Ring
Apr 28 20:11:21.051344 np0000171179 devstack@neutron-api.service[104496]: WARNING neutron.api.extensions [None req-18a30f2f-851f-4975-88ad-7516f0ba4a74 None None] Did not find expected name "Stdattrs_common" in /opt/stack/neutron/neutron/extensions/stdattrs_common.py
Apr 28 20:11:21.051344 np0000171179 devstack@neutron-api.service[104496]: DEBUG neutron.api.extensions [None req-18a30f2f-851f-4975-88ad-7516f0ba4a74 None None] Loading extension file: subnet_dns_publish_fixed_ip.py {{(pid=104496) _load_all_extensions_from_path /opt/stack/neutron/neutron/api/extensions.py:449}}
Apr 28 20:11:21.051790 np0000171179 devstack@neutron-api.service[104496]: DEBUG neutron.api.extensions [None req-18a30f2f-851f-4975-88ad-7516f0ba4a74 None None] Ext name="Subnet DNS publish fixed IP" alias="subnet-dns-publish-fixed-ip" description="Support choosing to publish DNS records for IPs from a subnet" updated="2019-05-24T10:00:00-00:00" {{(pid=104496) _check_extension /opt/stack/neutron/neutron/api/extensions.py:415}}
Apr 28 20:11:21.052113 np0000171179 devstack@neutron-api.service[104496]: INFO neutron.api.extensions [None req-18a30f2f-851f-4975-88ad-7516f0ba4a74 None None] Loaded extension: subnet-dns-publish-fixed-ip
Apr 28 20:11:21.052113 np0000171179 devstack@neutron-api.service[104496]: DEBUG neutron.api.extensions [None req-18a30f2f-851f-4975-88ad-7516f0ba4a74 None None] Loading extension file: subnet_external_network.py {{(pid=104496) _load_all_extensions_from_path /opt/stack/neutron/neutron/api/extensions.py:449}}
Apr 28 20:11:21.052518 np0000171179 devstack@neutron-api.service[104496]: DEBUG neutron.api.extensions [None req-18a30f2f-851f-4975-88ad-7516f0ba4a74 None None] Ext name="Subnet belongs to an external network" alias="subnet-external-network" description="Informs if the subnet belongs to an external network" updated="2024-02-05T18:00:00-00:00" {{(pid=104496) _check_extension /opt/stack/neutron/neutron/api/extensions.py:415}}
Apr 28 20:11:21.052632 np0000171179 devstack@neutron-api.service[104496]: INFO neutron.api.extensions [None req-18a30f2f-851f-4975-88ad-7516f0ba4a74 None None] Loaded extension: subnet-external-network
Apr 28 20:11:21.052801 np0000171179 devstack@neutron-api.service[104496]: DEBUG neutron.api.extensions [None req-18a30f2f-851f-4975-88ad-7516f0ba4a74 None None] Loading extension file: subnet_onboard.py {{(pid=104496) _load_all_extensions_from_path /opt/stack/neutron/neutron/api/extensions.py:449}}
Apr 28 20:11:21.053231 np0000171179 devstack@neutron-api.service[104496]: DEBUG neutron.api.extensions [None req-18a30f2f-851f-4975-88ad-7516f0ba4a74 None None] Ext name="Subnet Onboard" alias="subnet_onboard" description="Provides support for onboarding subnets into subnet pools" updated="2018-12-18T09:00:00-00:00" {{(pid=104496) _check_extension /opt/stack/neutron/neutron/api/extensions.py:415}}
Apr 28 20:11:21.053384 np0000171179 devstack@neutron-api.service[104496]: INFO neutron.api.extensions [None req-18a30f2f-851f-4975-88ad-7516f0ba4a74 None None] Extension subnet_onboard not supported by any of loaded plugins
Apr 28 20:11:21.053592 np0000171179 devstack@neutron-api.service[104496]: DEBUG neutron.api.extensions [None req-18a30f2f-851f-4975-88ad-7516f0ba4a74 None None] Loading extension file: subnet_segmentid_writable.py {{(pid=104496) _load_all_extensions_from_path /opt/stack/neutron/neutron/api/extensions.py:449}}
Apr 28 20:11:21.054087 np0000171179 devstack@neutron-api.service[104496]: DEBUG neutron.api.extensions [None req-18a30f2f-851f-4975-88ad-7516f0ba4a74 None None] Ext name="Subnet SegmentID (writable)" alias="subnet-segmentid-writable" description="Provides a writable segment_id attribute for a subnet resource." updated="2018-03-12T00:00:00-00:00" {{(pid=104496) _check_extension /opt/stack/neutron/neutron/api/extensions.py:415}}
Apr 28 20:11:21.054325 np0000171179 devstack@neutron-api.service[104495]: DEBUG neutron.plugins.ml2.drivers.ovn.mech_driver.mech_driver [None req-6999e4aa-712d-47dd-a0aa-5ba776a72e4f None None] Hash Ring setup, this worker has detected 2 OVN hash ring registers in the database {{(pid=104495) _init_hash_ring /opt/stack/neutron/neutron/plugins/ml2/drivers/ovn/mech_driver/mech_driver.py:412}}
Apr 28 20:11:21.054490 np0000171179 devstack@neutron-api.service[104496]: INFO neutron.api.extensions [None req-18a30f2f-851f-4975-88ad-7516f0ba4a74 None None] Extension subnet-segmentid-writable not supported by any of loaded plugins
Apr 28 20:11:21.054490 np0000171179 devstack@neutron-api.service[104496]: DEBUG neutron.api.extensions [None req-18a30f2f-851f-4975-88ad-7516f0ba4a74 None None] Loading extension file: subnet_service_types.py {{(pid=104496) _load_all_extensions_from_path /opt/stack/neutron/neutron/api/extensions.py:449}}
Apr 28 20:11:21.054490 np0000171179 devstack@neutron-api.service[104496]: DEBUG neutron.api.extensions [None req-18a30f2f-851f-4975-88ad-7516f0ba4a74 None None] Ext name="Subnet service types" alias="subnet-service-types" description="Provides ability to set the subnet service_types field" updated="2016-03-15T18:00:00-00:00" {{(pid=104496) _check_extension /opt/stack/neutron/neutron/api/extensions.py:415}}
Apr 28 20:11:21.054490 np0000171179 devstack@neutron-api.service[104496]: INFO neutron.api.extensions [None req-18a30f2f-851f-4975-88ad-7516f0ba4a74 None None] Loaded extension: subnet-service-types
Apr 28 20:11:21.054490 np0000171179 devstack@neutron-api.service[104496]: DEBUG neutron.api.extensions [None req-18a30f2f-851f-4975-88ad-7516f0ba4a74 None None] Loading extension file: subnetallocation.py {{(pid=104496) _load_all_extensions_from_path /opt/stack/neutron/neutron/api/extensions.py:449}}
Apr 28 20:11:21.054953 np0000171179 devstack@neutron-api.service[104496]: DEBUG neutron.api.extensions [None req-18a30f2f-851f-4975-88ad-7516f0ba4a74 None None] Ext name="Subnet Allocation" alias="subnet_allocation" description="Enables allocation of subnets from a subnet pool" updated="2015-03-30T10:00:00-00:00" {{(pid=104496) _check_extension /opt/stack/neutron/neutron/api/extensions.py:415}}
Apr 28 20:11:21.054953 np0000171179 devstack@neutron-api.service[104496]: INFO neutron.api.extensions [None req-18a30f2f-851f-4975-88ad-7516f0ba4a74 None None] Loaded extension: subnet_allocation
Apr 28 20:11:21.055152 np0000171179 devstack@neutron-api.service[104496]: DEBUG neutron.api.extensions [None req-18a30f2f-851f-4975-88ad-7516f0ba4a74 None None] Loading extension file: subnetpool_prefix_ops.py {{(pid=104496) _load_all_extensions_from_path /opt/stack/neutron/neutron/api/extensions.py:449}}
Apr 28 20:11:21.055376 np0000171179 devstack@neutron-api.service[104496]: DEBUG neutron.api.extensions [None req-18a30f2f-851f-4975-88ad-7516f0ba4a74 None None] Ext name="Subnet Pool Prefix Operations" alias="subnetpool-prefix-ops" description="Provides support for adjusting the prefix list of subnet pools" updated="2019-02-08T10:00:00-00:00" {{(pid=104496) _check_extension /opt/stack/neutron/neutron/api/extensions.py:415}}
Apr 28 20:11:21.055614 np0000171179 devstack@neutron-api.service[104496]: INFO neutron.api.extensions [None req-18a30f2f-851f-4975-88ad-7516f0ba4a74 None None] Loaded extension: subnetpool-prefix-ops
Apr 28 20:11:21.055614 np0000171179 devstack@neutron-api.service[104496]: DEBUG neutron.api.extensions [None req-18a30f2f-851f-4975-88ad-7516f0ba4a74 None None] Loading extension file: tag_creation.py {{(pid=104496) _load_all_extensions_from_path /opt/stack/neutron/neutron/api/extensions.py:449}}
Apr 28 20:11:21.055949 np0000171179 devstack@neutron-api.service[104496]: DEBUG neutron.api.extensions [None req-18a30f2f-851f-4975-88ad-7516f0ba4a74 None None] Ext name="Tag creation extension" alias="tag-creation" description="Allow to create multiple tags for a resource" updated="2024-23-07T10:00:00-00:00" {{(pid=104496) _check_extension /opt/stack/neutron/neutron/api/extensions.py:415}}
Apr 28 20:11:21.055949 np0000171179 devstack@neutron-api.service[104496]: INFO neutron.api.extensions [None req-18a30f2f-851f-4975-88ad-7516f0ba4a74 None None] Loaded extension: tag-creation
Apr 28 20:11:21.056397 np0000171179 devstack@neutron-api.service[104496]: DEBUG neutron.api.extensions [None req-18a30f2f-851f-4975-88ad-7516f0ba4a74 None None] Loading extension file: tag_ports_during_bulk_creation.py {{(pid=104496) _load_all_extensions_from_path /opt/stack/neutron/neutron/api/extensions.py:449}}
Apr 28 20:11:21.056397 np0000171179 devstack@neutron-api.service[104496]: DEBUG neutron.api.extensions [None req-18a30f2f-851f-4975-88ad-7516f0ba4a74 None None] Ext name="Tag Ports During Bulk Creation" alias="tag-ports-during-bulk-creation" description="Allow to tag ports during bulk creation" updated="2019-12-29T19:00:00-00:00" {{(pid=104496) _check_extension /opt/stack/neutron/neutron/api/extensions.py:415}}
Apr 28 20:11:21.056397 np0000171179 devstack@neutron-api.service[104496]: INFO neutron.api.extensions [None req-18a30f2f-851f-4975-88ad-7516f0ba4a74 None None] Extension tag-ports-during-bulk-creation not supported by any of loaded plugins
Apr 28 20:11:21.057097 np0000171179 devstack@neutron-api.service[104496]: DEBUG neutron.api.extensions [None req-18a30f2f-851f-4975-88ad-7516f0ba4a74 None None] Loading extension file: tagging.py {{(pid=104496) _load_all_extensions_from_path /opt/stack/neutron/neutron/api/extensions.py:449}}
Apr 28 20:11:21.058221 np0000171179 devstack@neutron-api.service[104496]: DEBUG neutron.api.extensions [None req-18a30f2f-851f-4975-88ad-7516f0ba4a74 None None] Ext name="Tag support for resources with standard attribute: port, subnet, subnetpool, network, security_group, router, floatingip, policy, trunk, network_segment_range" alias="standard-attr-tag" description="Enables to set tag on resources with standard attribute." updated="2017-01-01T00:00:00-00:00" {{(pid=104496) _check_extension /opt/stack/neutron/neutron/api/extensions.py:415}}
Apr 28 20:11:21.058221 np0000171179 devstack@neutron-api.service[104496]: INFO neutron.api.extensions [None req-18a30f2f-851f-4975-88ad-7516f0ba4a74 None None] Loaded extension: standard-attr-tag
Apr 28 20:11:21.058221 np0000171179 devstack@neutron-api.service[104496]: DEBUG neutron.api.extensions [None req-18a30f2f-851f-4975-88ad-7516f0ba4a74 None None] Loading extension file: timestamp.py {{(pid=104496) _load_all_extensions_from_path /opt/stack/neutron/neutron/api/extensions.py:449}}
Apr 28 20:11:21.058221 np0000171179 devstack@neutron-api.service[104496]: DEBUG neutron.api.extensions [None req-18a30f2f-851f-4975-88ad-7516f0ba4a74 None None] Ext name="Resource timestamps" alias="standard-attr-timestamp" description="Adds created_at and updated_at fields to all Neutron resources that have Neutron standard attributes." updated="2016-09-12T10:00:00-00:00" {{(pid=104496) _check_extension /opt/stack/neutron/neutron/api/extensions.py:415}}
Apr 28 20:11:21.058221 np0000171179 devstack@neutron-api.service[104496]: INFO neutron.api.extensions [None req-18a30f2f-851f-4975-88ad-7516f0ba4a74 None None] Loaded extension: standard-attr-timestamp
Apr 28 20:11:21.058221 np0000171179 devstack@neutron-api.service[104496]: DEBUG neutron.api.extensions [None req-18a30f2f-851f-4975-88ad-7516f0ba4a74 None None] Loading extension file: trunk.py {{(pid=104496) _load_all_extensions_from_path /opt/stack/neutron/neutron/api/extensions.py:449}}
Apr 28 20:11:21.059114 np0000171179 devstack@neutron-api.service[104496]: DEBUG neutron.api.extensions [None req-18a30f2f-851f-4975-88ad-7516f0ba4a74 None None] Ext name="Trunk Extension" alias="trunk" description="Provides support for trunk ports" updated="2016-01-01T10:00:00-00:00" {{(pid=104496) _check_extension /opt/stack/neutron/neutron/api/extensions.py:415}}
Apr 28 20:11:21.059114 np0000171179 devstack@neutron-api.service[104496]: INFO neutron.api.extensions [None req-18a30f2f-851f-4975-88ad-7516f0ba4a74 None None] Extension trunk not supported by any of loaded plugins
Apr 28 20:11:21.059114 np0000171179 devstack@neutron-api.service[104496]: DEBUG neutron.api.extensions [None req-18a30f2f-851f-4975-88ad-7516f0ba4a74 None None] Loading extension file: trunk_details.py {{(pid=104496) _load_all_extensions_from_path /opt/stack/neutron/neutron/api/extensions.py:449}}
Apr 28 20:11:21.060045 np0000171179 devstack@neutron-api.service[104495]: DEBUG neutron.plugins.ml2.drivers.ovn.mech_driver.ovsdb.maintenance [None req-6999e4aa-712d-47dd-a0aa-5ba776a72e4f None None] Periodic task found: HashRingHealthCheckPeriodics.touch_hash_ring_node {{(pid=104495) add_periodics /opt/stack/neutron/neutron/plugins/ml2/drivers/ovn/mech_driver/ovsdb/maintenance.py:148}}
Apr 28 20:11:21.060492 np0000171179 devstack@neutron-api.service[104496]: DEBUG neutron.api.extensions [None req-18a30f2f-851f-4975-88ad-7516f0ba4a74 None None] Ext name="Trunk port details" alias="trunk-details" description="Expose trunk port details" updated="2016-01-01T10:00:00-00:00" {{(pid=104496) _check_extension /opt/stack/neutron/neutron/api/extensions.py:415}}
Apr 28 20:11:21.060492 np0000171179 devstack@neutron-api.service[104496]: INFO neutron.api.extensions [None req-18a30f2f-851f-4975-88ad-7516f0ba4a74 None None] Extension trunk-details not supported by any of loaded plugins
Apr 28 20:11:21.060492 np0000171179 devstack@neutron-api.service[104496]: DEBUG neutron.api.extensions [None req-18a30f2f-851f-4975-88ad-7516f0ba4a74 None None] Loading extension file: uplink_status_propagation.py {{(pid=104496) _load_all_extensions_from_path /opt/stack/neutron/neutron/api/extensions.py:449}}
Apr 28 20:11:21.060492 np0000171179 devstack@neutron-api.service[104496]: DEBUG neutron.api.extensions [None req-18a30f2f-851f-4975-88ad-7516f0ba4a74 None None] Ext name="Uplink status propagation extension" alias="uplink-status-propagation" description="Provides ability to propagate port uplink status." updated="2018-05-31T18:00:00-00:00" {{(pid=104496) _check_extension /opt/stack/neutron/neutron/api/extensions.py:415}}
Apr 28 20:11:21.060492 np0000171179 devstack@neutron-api.service[104496]: INFO neutron.api.extensions [None req-18a30f2f-851f-4975-88ad-7516f0ba4a74 None None] Extension uplink-status-propagation not supported by any of loaded plugins
Apr 28 20:11:21.060492 np0000171179 devstack@neutron-api.service[104496]: DEBUG neutron.api.extensions [None req-18a30f2f-851f-4975-88ad-7516f0ba4a74 None None] Loading extension file: uplink_status_propagation_updatable.py {{(pid=104496) _load_all_extensions_from_path /opt/stack/neutron/neutron/api/extensions.py:449}}
Apr 28 20:11:21.061580 np0000171179 devstack@neutron-api.service[104496]: DEBUG neutron.api.extensions [None req-18a30f2f-851f-4975-88ad-7516f0ba4a74 None None] Ext name="Uplink status propagation updatable extension" alias="uplink-status-propagation-updatable" description="Provides ability to update the port uplink status." updated="2024-09-03T18:00:00-00:00" {{(pid=104496) _check_extension /opt/stack/neutron/neutron/api/extensions.py:415}}
Apr 28 20:11:21.061665 np0000171179 devstack@neutron-api.service[104495]: INFO neutron.plugins.ml2.drivers.ovn.mech_driver.mech_driver [None req-6999e4aa-712d-47dd-a0aa-5ba776a72e4f None None] Hash Ring probing thread for node b2937ec2a15b577da5979a9aca26d76d has started
Apr 28 20:11:21.062416 np0000171179 devstack@neutron-api.service[104496]: INFO neutron.api.extensions [None req-18a30f2f-851f-4975-88ad-7516f0ba4a74 None None] Extension uplink-status-propagation-updatable not supported by any of loaded plugins
Apr 28 20:11:21.062416 np0000171179 devstack@neutron-api.service[104496]: DEBUG neutron.api.extensions [None req-18a30f2f-851f-4975-88ad-7516f0ba4a74 None None] Loading extension file: vlantransparent.py {{(pid=104496) _load_all_extensions_from_path /opt/stack/neutron/neutron/api/extensions.py:449}}
Apr 28 20:11:21.062416 np0000171179 devstack@neutron-api.service[104496]: DEBUG neutron.api.extensions [None req-18a30f2f-851f-4975-88ad-7516f0ba4a74 None None] Ext name="Vlantransparent" alias="vlan-transparent" description="Provides Vlan Transparent Networks" updated="2015-03-23T09:00:00-00:00" {{(pid=104496) _check_extension /opt/stack/neutron/neutron/api/extensions.py:415}}
Apr 28 20:11:21.062416 np0000171179 devstack@neutron-api.service[104496]: INFO neutron.api.extensions [None req-18a30f2f-851f-4975-88ad-7516f0ba4a74 None None] Loaded extension: vlan-transparent
Apr 28 20:11:21.063273 np0000171179 devstack@neutron-api.service[104495]: INFO neutron.plugins.ml2.drivers.ovn.mech_driver.ovsdb.impl_idl_ovn [None req-6999e4aa-712d-47dd-a0aa-5ba776a72e4f None None] Getting OvsdbNbOvnIdl for WorkerService with retry
Apr 28 20:11:21.063520 np0000171179 devstack@neutron-api.service[104496]: INFO neutron.quota.resource_registry [None req-18a30f2f-851f-4975-88ad-7516f0ba4a74 None None] Creating instance of TrackedResource for resource:network
Apr 28 20:11:21.063520 np0000171179 devstack@neutron-api.service[104496]: INFO neutron.quota.resource_registry [None req-18a30f2f-851f-4975-88ad-7516f0ba4a74 None None] Creating instance of TrackedResource for resource:subnet
Apr 28 20:11:21.063520 np0000171179 devstack@neutron-api.service[104496]: INFO neutron.quota.resource_registry [None req-18a30f2f-851f-4975-88ad-7516f0ba4a74 None None] Creating instance of TrackedResource for resource:subnetpool
Apr 28 20:11:21.063673 np0000171179 devstack@neutron-api.service[104494]: DEBUG neutron.api.extensions [None req-5eb5b44a-f828-422d-9ee7-8edd4f870705 None None] Extended resource: auto-allocated-topology {{(pid=104494) __init__ /opt/stack/neutron/neutron/api/extensions.py:156}}
Apr 28 20:11:21.063759 np0000171179 devstack@neutron-api.service[104496]: INFO neutron.quota.resource_registry [None req-18a30f2f-851f-4975-88ad-7516f0ba4a74 None None] Creating instance of TrackedResource for resource:port
Apr 28 20:11:21.064142 np0000171179 devstack@neutron-api.service[104494]: DEBUG neutron.api.extensions [None req-5eb5b44a-f828-422d-9ee7-8edd4f870705 None None] Extended resource: availability_zones {{(pid=104494) __init__ /opt/stack/neutron/neutron/api/extensions.py:156}}
Apr 28 20:11:21.064142 np0000171179 devstack@neutron-api.service[104494]: DEBUG neutron.api.extensions [None req-5eb5b44a-f828-422d-9ee7-8edd4f870705 None None] Extended resource: dhcp-networks {{(pid=104494) __init__ /opt/stack/neutron/neutron/api/extensions.py:156}}
Apr 28 20:11:21.064268 np0000171179 devstack@neutron-api.service[104496]: DEBUG neutron.api.v2.resource_helper [None req-18a30f2f-851f-4975-88ad-7516f0ba4a74 None None] Service L3_ROUTER_NAT assigned prefix: {{(pid=104496) build_resource_info /opt/stack/neutron/neutron/api/v2/resource_helper.py:77}}
Apr 28 20:11:21.064472 np0000171179 devstack@neutron-api.service[104494]: DEBUG neutron.api.extensions [None req-5eb5b44a-f828-422d-9ee7-8edd4f870705 None None] Extended resource: dhcp-agents {{(pid=104494) __init__ /opt/stack/neutron/neutron/api/extensions.py:156}}
Apr 28 20:11:21.064533 np0000171179 devstack@neutron-api.service[104496]: DEBUG neutron.api.v2.resource_helper [None req-18a30f2f-851f-4975-88ad-7516f0ba4a74 None None] Service FLAVORS assigned prefix: {{(pid=104496) build_resource_info /opt/stack/neutron/neutron/api/v2/resource_helper.py:77}}
Apr 28 20:11:21.065092 np0000171179 devstack@neutron-api.service[104494]: DEBUG neutron.api.extensions [None req-5eb5b44a-f828-422d-9ee7-8edd4f870705 None None] Extended resource: routers {{(pid=104494) __init__ /opt/stack/neutron/neutron/api/extensions.py:156}}
Apr 28 20:11:21.066297 np0000171179 devstack@neutron-api.service[104496]: DEBUG neutron.api.v2.resource_helper [None req-18a30f2f-851f-4975-88ad-7516f0ba4a74 None None] Service L3_ROUTER_NAT assigned prefix: {{(pid=104496) build_resource_info /opt/stack/neutron/neutron/api/v2/resource_helper.py:77}}
Apr 28 20:11:21.066297 np0000171179 devstack@neutron-api.service[104496]: DEBUG neutron.api.v2.resource_helper [None req-18a30f2f-851f-4975-88ad-7516f0ba4a74 None None] Service L3_ROUTER_NAT assigned prefix: {{(pid=104496) build_resource_info /opt/stack/neutron/neutron/api/v2/resource_helper.py:77}}
Apr 28 20:11:21.066297 np0000171179 devstack@neutron-api.service[104496]: INFO neutron.quota.resource_registry [None req-18a30f2f-851f-4975-88ad-7516f0ba4a74 None None] Creating instance of TrackedResource for resource:router
Apr 28 20:11:21.066597 np0000171179 devstack@neutron-api.service[104494]: DEBUG neutron.api.extensions [None req-5eb5b44a-f828-422d-9ee7-8edd4f870705 None None] Extended resource: flavors {{(pid=104494) __init__ /opt/stack/neutron/neutron/api/extensions.py:156}}
Apr 28 20:11:21.066664 np0000171179 devstack@neutron-api.service[104496]: INFO neutron.quota.resource_registry [None req-18a30f2f-851f-4975-88ad-7516f0ba4a74 None None] Creating instance of TrackedResource for resource:floatingip
Apr 28 20:11:21.066799 np0000171179 devstack@neutron-api.service[104494]: DEBUG neutron.api.extensions [None req-5eb5b44a-f828-422d-9ee7-8edd4f870705 None None] Extended resource: service_profiles {{(pid=104494) __init__ /opt/stack/neutron/neutron/api/extensions.py:156}}
Apr 28 20:11:21.067102 np0000171179 devstack@neutron-api.service[104494]: DEBUG neutron.api.extensions [None req-5eb5b44a-f828-422d-9ee7-8edd4f870705 None None] Extended resource: next_providers {{(pid=104494) __init__ /opt/stack/neutron/neutron/api/extensions.py:156}}
Apr 28 20:11:21.067421 np0000171179 devstack@neutron-api.service[104496]: INFO neutron.quota.resource_registry [None req-18a30f2f-851f-4975-88ad-7516f0ba4a74 None None] Creating instance of CountableResource for resource:rbac_policy
Apr 28 20:11:21.067764 np0000171179 devstack@neutron-api.service[104494]: DEBUG neutron.api.extensions [None req-5eb5b44a-f828-422d-9ee7-8edd4f870705 None None] Extended resource: service_profiles {{(pid=104494) __init__ /opt/stack/neutron/neutron/api/extensions.py:156}}
Apr 28 20:11:21.067951 np0000171179 devstack@neutron-api.service[104496]: INFO neutron.quota.resource_registry [None req-18a30f2f-851f-4975-88ad-7516f0ba4a74 None None] Creating instance of TrackedResource for resource:security_group
Apr 28 20:11:21.068292 np0000171179 devstack@neutron-api.service[104496]: INFO neutron.quota.resource_registry [None req-18a30f2f-851f-4975-88ad-7516f0ba4a74 None None] Creating instance of TrackedResource for resource:security_group_rule
Apr 28 20:11:21.068391 np0000171179 devstack@neutron-api.service[104494]: DEBUG neutron.api.extensions [None req-5eb5b44a-f828-422d-9ee7-8edd4f870705 None None] Extended resource: floatingip-pools {{(pid=104494) __init__ /opt/stack/neutron/neutron/api/extensions.py:156}}
Apr 28 20:11:21.069035 np0000171179 devstack@neutron-api.service[104496]: DEBUG neutron.api.v2.resource_helper [None req-18a30f2f-851f-4975-88ad-7516f0ba4a74 None None] Service CORE assigned prefix: {{(pid=104496) build_resource_info /opt/stack/neutron/neutron/api/v2/resource_helper.py:77}}
Apr 28 20:11:21.069246 np0000171179 devstack@neutron-api.service[104494]: DEBUG neutron.api.extensions [None req-5eb5b44a-f828-422d-9ee7-8edd4f870705 None None] Extended resource: routers {{(pid=104494) __init__ /opt/stack/neutron/neutron/api/extensions.py:156}}
Apr 28 20:11:21.069568 np0000171179 devstack@neutron-api.service[104496]: INFO neutron.quota.resource_registry [None req-18a30f2f-851f-4975-88ad-7516f0ba4a74 None None] Creating instance of TrackedResource for resource:subnetpool
Apr 28 20:11:21.069568 np0000171179 devstack@neutron-api.service[104496]: WARNING neutron.quota.resource_registry [None req-18a30f2f-851f-4975-88ad-7516f0ba4a74 None None] subnetpool is already registered
Apr 28 20:11:21.070141 np0000171179 devstack@neutron-api.service[104494]: DEBUG neutron.api.extensions [None req-5eb5b44a-f828-422d-9ee7-8edd4f870705 None None] Extended resource: floatingips {{(pid=104494) __init__ /opt/stack/neutron/neutron/api/extensions.py:156}}
Apr 28 20:11:21.070486 np0000171179 devstack@neutron-api.service[104494]: DEBUG neutron.api.extensions [None req-5eb5b44a-f828-422d-9ee7-8edd4f870705 None None] Extended resource: network-ip-availabilities {{(pid=104494) __init__ /opt/stack/neutron/neutron/api/extensions.py:156}}
Apr 28 20:11:21.071032 np0000171179 devstack@neutron-api.service[104494]: DEBUG neutron.api.extensions [None req-5eb5b44a-f828-422d-9ee7-8edd4f870705 None None] Extended resource: network-ip-availabilities {{(pid=104494) __init__ /opt/stack/neutron/neutron/api/extensions.py:156}}
Apr 28 20:11:21.071676 np0000171179 devstack@neutron-api.service[104494]: DEBUG neutron.api.extensions [None req-5eb5b44a-f828-422d-9ee7-8edd4f870705 None None] Extended resource: bindings {{(pid=104494) __init__ /opt/stack/neutron/neutron/api/extensions.py:156}}
Apr 28 20:11:21.071814 np0000171179 devstack@neutron-api.service[104496]: DEBUG neutron.api.v2.resource_helper [None req-18a30f2f-851f-4975-88ad-7516f0ba4a74 None None] Service L3_ROUTER_NAT assigned prefix: {{(pid=104496) build_resource_info /opt/stack/neutron/neutron/api/v2/resource_helper.py:77}}
Apr 28 20:11:21.071952 np0000171179 devstack@neutron-api.service[104496]: DEBUG neutron.api.v2.resource_helper [None req-18a30f2f-851f-4975-88ad-7516f0ba4a74 None None] Service FLAVORS assigned prefix: {{(pid=104496) build_resource_info /opt/stack/neutron/neutron/api/v2/resource_helper.py:77}}
Apr 28 20:11:21.072286 np0000171179 devstack@neutron-api.service[104494]: DEBUG neutron.api.extensions [None req-5eb5b44a-f828-422d-9ee7-8edd4f870705 None None] Extended resource: quotas {{(pid=104494) __init__ /opt/stack/neutron/neutron/api/extensions.py:156}}
Apr 28 20:11:21.072811 np0000171179 devstack@neutron-api.service[104496]: DEBUG neutron.api.v2.resource_helper [None req-18a30f2f-851f-4975-88ad-7516f0ba4a74 None None] Service L3_ROUTER_NAT assigned prefix: {{(pid=104496) build_resource_info /opt/stack/neutron/neutron/api/v2/resource_helper.py:77}}
Apr 28 20:11:21.072884 np0000171179 devstack@neutron-api.service[104494]: DEBUG neutron.api.extensions [None req-5eb5b44a-f828-422d-9ee7-8edd4f870705 None None] Extended resource: quotas {{(pid=104494) __init__ /opt/stack/neutron/neutron/api/extensions.py:156}}
Apr 28 20:11:21.073138 np0000171179 devstack@neutron-api.service[104496]: DEBUG neutron.api.v2.resource_helper [None req-18a30f2f-851f-4975-88ad-7516f0ba4a74 None None] Service L3_ROUTER_NAT assigned prefix: {{(pid=104496) build_resource_info /opt/stack/neutron/neutron/api/v2/resource_helper.py:77}}
Apr 28 20:11:21.073259 np0000171179 devstack@neutron-api.service[104496]: INFO neutron.quota.resource_registry [None req-18a30f2f-851f-4975-88ad-7516f0ba4a74 None None] Creating instance of TrackedResource for resource:router
Apr 28 20:11:21.073380 np0000171179 devstack@neutron-api.service[104496]: WARNING neutron.quota.resource_registry [None req-18a30f2f-851f-4975-88ad-7516f0ba4a74 None None] router is already registered
Apr 28 20:11:21.073526 np0000171179 devstack@neutron-api.service[104494]: DEBUG neutron.api.extensions [None req-5eb5b44a-f828-422d-9ee7-8edd4f870705 None None] Extended resource: rbac-policies {{(pid=104494) __init__ /opt/stack/neutron/neutron/api/extensions.py:156}}
Apr 28 20:11:21.073803 np0000171179 devstack@neutron-api.service[104496]: INFO neutron.quota.resource_registry [None req-18a30f2f-851f-4975-88ad-7516f0ba4a74 None None] Creating instance of TrackedResource for resource:floatingip
Apr 28 20:11:21.073913 np0000171179 devstack@neutron-api.service[104496]: WARNING neutron.quota.resource_registry [None req-18a30f2f-851f-4975-88ad-7516f0ba4a74 None None] floatingip is already registered
Apr 28 20:11:21.074085 np0000171179 devstack@neutron-api.service[104494]: DEBUG neutron.api.extensions [None req-5eb5b44a-f828-422d-9ee7-8edd4f870705 None None] Extended resource: default-security-group-rules {{(pid=104494) __init__ /opt/stack/neutron/neutron/api/extensions.py:156}}
Apr 28 20:11:21.074654 np0000171179 devstack@neutron-api.service[104494]: DEBUG neutron.api.extensions [None req-5eb5b44a-f828-422d-9ee7-8edd4f870705 None None] Extended resource: security-groups {{(pid=104494) __init__ /opt/stack/neutron/neutron/api/extensions.py:156}}
