May 27 01:07:45.819102 np0000176806 systemd[1]: Starting devstack@n-api-meta.service - Devstack devstack@n-api-meta.service...
May 27 01:07:45.827743 np0000176806 devstack@n-api-meta.service[108195]: [uWSGI] getting INI configuration from /etc/nova/nova-metadata-uwsgi.ini
May 27 01:07:45.830817 np0000176806 devstack@n-api-meta.service[108195]: *** Starting uWSGI 2.0.24-debian (64bit) on [Wed May 27 01:07:45 2026] ***
May 27 01:07:45.830817 np0000176806 devstack@n-api-meta.service[108195]: compiled with version: 13.2.0 on 17 April 2024 16:23:48
May 27 01:07:45.830817 np0000176806 devstack@n-api-meta.service[108195]: os: Linux-6.8.0-117-generic #117-Ubuntu SMP PREEMPT_DYNAMIC Tue May 5 19:26:24 UTC 2026
May 27 01:07:45.830817 np0000176806 devstack@n-api-meta.service[108195]: nodename: np0000176806
May 27 01:07:45.830817 np0000176806 devstack@n-api-meta.service[108195]: machine: x86_64
May 27 01:07:45.830817 np0000176806 devstack@n-api-meta.service[108195]: clock source: unix
May 27 01:07:45.830817 np0000176806 devstack@n-api-meta.service[108195]: pcre jit disabled
May 27 01:07:45.830817 np0000176806 devstack@n-api-meta.service[108195]: detected number of CPU cores: 16
May 27 01:07:45.830817 np0000176806 devstack@n-api-meta.service[108195]: current working directory: /
May 27 01:07:45.830817 np0000176806 devstack@n-api-meta.service[108195]: detected binary path: /usr/bin/uwsgi-core
May 27 01:07:45.830817 np0000176806 devstack@n-api-meta.service[108195]: your processes number limit is 256917
May 27 01:07:45.830817 np0000176806 devstack@n-api-meta.service[108195]: your memory page size is 4096 bytes
May 27 01:07:45.830817 np0000176806 devstack@n-api-meta.service[108195]: detected max file descriptor number: 2048
May 27 01:07:45.830817 np0000176806 devstack@n-api-meta.service[108195]: lock engine: pthread robust mutexes
May 27 01:07:45.831537 np0000176806 devstack@n-api-meta.service[108195]: thunder lock: enabled
May 27 01:07:45.831537 np0000176806 devstack@n-api-meta.service[108195]: uWSGI http bound on 0.0.0.0:8775 fd 5
May 27 01:07:45.831537 np0000176806 devstack@n-api-meta.service[108195]: uwsgi socket 0 bound to TCP address 127.0.0.1:35459 (port auto-assigned) fd 4
May 27 01:07:45.831537 np0000176806 devstack@n-api-meta.service[108195]: Python version: 3.12.3 (main, Mar 23 2026, 19:04:32) [GCC 13.3.0]
May 27 01:07:45.831537 np0000176806 devstack@n-api-meta.service[108195]: PEP 405 virtualenv detected: /opt/stack/data/venv
May 27 01:07:45.831537 np0000176806 devstack@n-api-meta.service[108195]: Set PythonHome to /opt/stack/data/venv
May 27 01:07:45.872497 np0000176806 devstack@n-api-meta.service[108195]: Python main interpreter initialized at 0x7a0e474a3668
May 27 01:07:45.872497 np0000176806 devstack@n-api-meta.service[108195]: python threads support enabled
May 27 01:07:45.872497 np0000176806 devstack@n-api-meta.service[108195]: your server socket listen backlog is limited to 100 connections
May 27 01:07:45.872497 np0000176806 devstack@n-api-meta.service[108195]: your mercy for graceful operations on workers is 80 seconds
May 27 01:07:45.873718 np0000176806 devstack@n-api-meta.service[108195]: mapped 671795 bytes (656 KB) for 4 cores
May 27 01:07:45.874135 np0000176806 devstack@n-api-meta.service[108195]: *** Operational MODE: preforking ***
May 27 01:07:45.874684 np0000176806 devstack@n-api-meta.service[108195]: *** uWSGI is running in multiple interpreter mode ***
May 27 01:07:45.874684 np0000176806 devstack@n-api-meta.service[108195]: spawned uWSGI master process (pid: 108195)
May 27 01:07:45.874862 np0000176806 systemd[1]: Started devstack@n-api-meta.service - Devstack devstack@n-api-meta.service.
May 27 01:07:45.876509 np0000176806 devstack@n-api-meta.service[108195]: spawned uWSGI worker 1 (pid: 108202, cores: 1)
May 27 01:07:45.878196 np0000176806 devstack@n-api-meta.service[108195]: spawned uWSGI worker 2 (pid: 108203, cores: 1)
May 27 01:07:45.879169 np0000176806 devstack@n-api-meta.service[108195]: spawned uWSGI worker 3 (pid: 108204, cores: 1)
May 27 01:07:45.879749 np0000176806 devstack@n-api-meta.service[108195]: spawned uWSGI worker 4 (pid: 108205, cores: 1)
May 27 01:07:45.880494 np0000176806 devstack@n-api-meta.service[108195]: spawned uWSGI http 1 (pid: 108206)
May 27 01:07:45.880494 np0000176806 devstack@n-api-meta.service[108195]: running "unix_signal:15 gracefully_kill_them_all" (master-start)...
May 27 01:07:47.665845 np0000176806 devstack@n-api-meta.service[108202]: INFO dbcounter [None req-280023cd-b23b-4cae-ac58-9fb5218d9acb None None] Registered counter for database nova_api
May 27 01:07:47.716696 np0000176806 devstack@n-api-meta.service[108205]: INFO dbcounter [None req-a224186e-f447-42e6-8c38-44d13e1722c1 None None] Registered counter for database nova_api
May 27 01:07:47.717407 np0000176806 devstack@n-api-meta.service[108203]: INFO dbcounter [None req-b758ed5c-e44c-42f1-9c86-ac348654d93b None None] Registered counter for database nova_api
May 27 01:07:47.718023 np0000176806 devstack@n-api-meta.service[108202]: DEBUG oslo_db.sqlalchemy.engines [None req-280023cd-b23b-4cae-ac58-9fb5218d9acb None None] MySQL server mode set to STRICT_TRANS_TABLES,STRICT_ALL_TABLES,NO_ZERO_IN_DATE,NO_ZERO_DATE,ERROR_FOR_DIVISION_BY_ZERO,TRADITIONAL,NO_ENGINE_SUBSTITUTION {{(pid=108202) _check_effective_sql_mode /opt/stack/data/venv/lib/python3.12/site-packages/oslo_db/sqlalchemy/engines.py:325}}
May 27 01:07:47.753217 np0000176806 devstack@n-api-meta.service[108202]: DEBUG dbcounter [-] [108202] Writer thread running {{(pid=108202) stat_writer /opt/stack/data/venv/lib/python3.12/site-packages/dbcounter.py:102}}
May 27 01:07:47.756086 np0000176806 devstack@n-api-meta.service[108202]: DEBUG nova.context [None req-280023cd-b23b-4cae-ac58-9fb5218d9acb None None] Found 2 cells: 00000000-0000-0000-0000-000000000000(cell0),774748aa-d28b-4d0d-ad59-307184420998(cell1) {{(pid=108202) load_cells /opt/stack/nova/nova/context.py:509}}
May 27 01:07:47.756295 np0000176806 devstack@n-api-meta.service[108202]: INFO nova.utils [None req-280023cd-b23b-4cae-ac58-9fb5218d9acb None None] The cell worker thread pool MainProcess.cell_worker is initialized
May 27 01:07:47.757983 np0000176806 devstack@n-api-meta.service[108202]: DEBUG oslo_concurrency.lockutils [None req-280023cd-b23b-4cae-ac58-9fb5218d9acb None None] Acquiring lock "00000000-0000-0000-0000-000000000000" by "nova.context.set_target_cell..get_or_set_cached_cell_and_set_connections" {{(pid=108202) inner /opt/stack/data/venv/lib/python3.12/site-packages/oslo_concurrency/lockutils.py:511}}
May 27 01:07:47.758169 np0000176806 devstack@n-api-meta.service[108202]: DEBUG oslo_concurrency.lockutils [None req-280023cd-b23b-4cae-ac58-9fb5218d9acb None None] Lock "00000000-0000-0000-0000-000000000000" acquired by "nova.context.set_target_cell..get_or_set_cached_cell_and_set_connections" :: waited 0.000s {{(pid=108202) inner /opt/stack/data/venv/lib/python3.12/site-packages/oslo_concurrency/lockutils.py:524}}
May 27 01:07:47.758511 np0000176806 devstack@n-api-meta.service[108202]: DEBUG oslo_concurrency.lockutils [None req-280023cd-b23b-4cae-ac58-9fb5218d9acb None None] Lock "00000000-0000-0000-0000-000000000000" "released" by "nova.context.set_target_cell..get_or_set_cached_cell_and_set_connections" :: held 0.000s {{(pid=108202) inner /opt/stack/data/venv/lib/python3.12/site-packages/oslo_concurrency/lockutils.py:543}}
May 27 01:07:47.759293 np0000176806 devstack@n-api-meta.service[108202]: DEBUG oslo_concurrency.lockutils [None req-280023cd-b23b-4cae-ac58-9fb5218d9acb None None] Acquiring lock "774748aa-d28b-4d0d-ad59-307184420998" by "nova.context.set_target_cell..get_or_set_cached_cell_and_set_connections" {{(pid=108202) inner /opt/stack/data/venv/lib/python3.12/site-packages/oslo_concurrency/lockutils.py:511}}
May 27 01:07:47.759439 np0000176806 devstack@n-api-meta.service[108202]: DEBUG oslo_concurrency.lockutils [None req-280023cd-b23b-4cae-ac58-9fb5218d9acb None None] Lock "774748aa-d28b-4d0d-ad59-307184420998" acquired by "nova.context.set_target_cell..get_or_set_cached_cell_and_set_connections" :: waited 0.000s {{(pid=108202) inner /opt/stack/data/venv/lib/python3.12/site-packages/oslo_concurrency/lockutils.py:524}}
May 27 01:07:47.760276 np0000176806 devstack@n-api-meta.service[108202]: DEBUG oslo_concurrency.lockutils [None req-280023cd-b23b-4cae-ac58-9fb5218d9acb None None] Lock "774748aa-d28b-4d0d-ad59-307184420998" "released" by "nova.context.set_target_cell..get_or_set_cached_cell_and_set_connections" :: held 0.001s {{(pid=108202) inner /opt/stack/data/venv/lib/python3.12/site-packages/oslo_concurrency/lockutils.py:543}}
May 27 01:07:47.760486 np0000176806 devstack@n-api-meta.service[108204]: INFO dbcounter [None req-2c96c512-1683-4d5e-8bd3-2f0696a5fe4d None None] Registered counter for database nova_api
May 27 01:07:47.763248 np0000176806 devstack@n-api-meta.service[108202]: INFO dbcounter [None req-280023cd-b23b-4cae-ac58-9fb5218d9acb None None] Registered counter for database nova_cell0
May 27 01:07:47.763343 np0000176806 devstack@n-api-meta.service[108205]: DEBUG oslo_db.sqlalchemy.engines [None req-a224186e-f447-42e6-8c38-44d13e1722c1 None None] MySQL server mode set to STRICT_TRANS_TABLES,STRICT_ALL_TABLES,NO_ZERO_IN_DATE,NO_ZERO_DATE,ERROR_FOR_DIVISION_BY_ZERO,TRADITIONAL,NO_ENGINE_SUBSTITUTION {{(pid=108205) _check_effective_sql_mode /opt/stack/data/venv/lib/python3.12/site-packages/oslo_db/sqlalchemy/engines.py:325}}
May 27 01:07:47.767473 np0000176806 devstack@n-api-meta.service[108203]: DEBUG oslo_db.sqlalchemy.engines [None req-b758ed5c-e44c-42f1-9c86-ac348654d93b None None] MySQL server mode set to STRICT_TRANS_TABLES,STRICT_ALL_TABLES,NO_ZERO_IN_DATE,NO_ZERO_DATE,ERROR_FOR_DIVISION_BY_ZERO,TRADITIONAL,NO_ENGINE_SUBSTITUTION {{(pid=108203) _check_effective_sql_mode /opt/stack/data/venv/lib/python3.12/site-packages/oslo_db/sqlalchemy/engines.py:325}}
May 27 01:07:47.770642 np0000176806 devstack@n-api-meta.service[108202]: INFO dbcounter [None req-280023cd-b23b-4cae-ac58-9fb5218d9acb None None] Registered counter for database nova_cell1
May 27 01:07:47.795905 np0000176806 devstack@n-api-meta.service[108205]: DEBUG dbcounter [-] [108205] Writer thread running {{(pid=108205) stat_writer /opt/stack/data/venv/lib/python3.12/site-packages/dbcounter.py:102}}
May 27 01:07:47.798107 np0000176806 devstack@n-api-meta.service[108205]: DEBUG nova.context [None req-a224186e-f447-42e6-8c38-44d13e1722c1 None None] Found 2 cells: 00000000-0000-0000-0000-000000000000(cell0),774748aa-d28b-4d0d-ad59-307184420998(cell1) {{(pid=108205) load_cells /opt/stack/nova/nova/context.py:509}}
May 27 01:07:47.798334 np0000176806 devstack@n-api-meta.service[108205]: INFO nova.utils [None req-a224186e-f447-42e6-8c38-44d13e1722c1 None None] The cell worker thread pool MainProcess.cell_worker is initialized
May 27 01:07:47.800111 np0000176806 devstack@n-api-meta.service[108205]: DEBUG oslo_concurrency.lockutils [None req-a224186e-f447-42e6-8c38-44d13e1722c1 None None] Acquiring lock "00000000-0000-0000-0000-000000000000" by "nova.context.set_target_cell..get_or_set_cached_cell_and_set_connections" {{(pid=108205) inner /opt/stack/data/venv/lib/python3.12/site-packages/oslo_concurrency/lockutils.py:511}}
May 27 01:07:47.800250 np0000176806 devstack@n-api-meta.service[108205]: DEBUG oslo_concurrency.lockutils [None req-a224186e-f447-42e6-8c38-44d13e1722c1 None None] Lock "00000000-0000-0000-0000-000000000000" acquired by "nova.context.set_target_cell..get_or_set_cached_cell_and_set_connections" :: waited 0.000s {{(pid=108205) inner /opt/stack/data/venv/lib/python3.12/site-packages/oslo_concurrency/lockutils.py:524}}
May 27 01:07:47.800692 np0000176806 devstack@n-api-meta.service[108205]: DEBUG oslo_concurrency.lockutils [None req-a224186e-f447-42e6-8c38-44d13e1722c1 None None] Lock "00000000-0000-0000-0000-000000000000" "released" by "nova.context.set_target_cell..get_or_set_cached_cell_and_set_connections" :: held 0.000s {{(pid=108205) inner /opt/stack/data/venv/lib/python3.12/site-packages/oslo_concurrency/lockutils.py:543}}
May 27 01:07:47.801385 np0000176806 devstack@n-api-meta.service[108205]: DEBUG oslo_concurrency.lockutils [None req-a224186e-f447-42e6-8c38-44d13e1722c1 None None] Acquiring lock "774748aa-d28b-4d0d-ad59-307184420998" by "nova.context.set_target_cell..get_or_set_cached_cell_and_set_connections" {{(pid=108205) inner /opt/stack/data/venv/lib/python3.12/site-packages/oslo_concurrency/lockutils.py:511}}
May 27 01:07:47.801533 np0000176806 devstack@n-api-meta.service[108205]: DEBUG oslo_concurrency.lockutils [None req-a224186e-f447-42e6-8c38-44d13e1722c1 None None] Lock "774748aa-d28b-4d0d-ad59-307184420998" acquired by "nova.context.set_target_cell..get_or_set_cached_cell_and_set_connections" :: waited 0.000s {{(pid=108205) inner /opt/stack/data/venv/lib/python3.12/site-packages/oslo_concurrency/lockutils.py:524}}
May 27 01:07:47.801667 np0000176806 devstack@n-api-meta.service[108203]: DEBUG dbcounter [-] [108203] Writer thread running {{(pid=108203) stat_writer /opt/stack/data/venv/lib/python3.12/site-packages/dbcounter.py:102}}
May 27 01:07:47.802440 np0000176806 devstack@n-api-meta.service[108205]: DEBUG oslo_concurrency.lockutils [None req-a224186e-f447-42e6-8c38-44d13e1722c1 None None] Lock "774748aa-d28b-4d0d-ad59-307184420998" "released" by "nova.context.set_target_cell..get_or_set_cached_cell_and_set_connections" :: held 0.001s {{(pid=108205) inner /opt/stack/data/venv/lib/python3.12/site-packages/oslo_concurrency/lockutils.py:543}}
May 27 01:07:47.805602 np0000176806 devstack@n-api-meta.service[108203]: DEBUG nova.context [None req-b758ed5c-e44c-42f1-9c86-ac348654d93b None None] Found 2 cells: 00000000-0000-0000-0000-000000000000(cell0),774748aa-d28b-4d0d-ad59-307184420998(cell1) {{(pid=108203) load_cells /opt/stack/nova/nova/context.py:509}}
May 27 01:07:47.805602 np0000176806 devstack@n-api-meta.service[108203]: INFO nova.utils [None req-b758ed5c-e44c-42f1-9c86-ac348654d93b None None] The cell worker thread pool MainProcess.cell_worker is initialized
May 27 01:07:47.805802 np0000176806 devstack@n-api-meta.service[108205]: INFO dbcounter [None req-a224186e-f447-42e6-8c38-44d13e1722c1 None None] Registered counter for database nova_cell0
May 27 01:07:47.806168 np0000176806 devstack@n-api-meta.service[108203]: DEBUG oslo_concurrency.lockutils [None req-b758ed5c-e44c-42f1-9c86-ac348654d93b None None] Acquiring lock "00000000-0000-0000-0000-000000000000" by "nova.context.set_target_cell..get_or_set_cached_cell_and_set_connections" {{(pid=108203) inner /opt/stack/data/venv/lib/python3.12/site-packages/oslo_concurrency/lockutils.py:511}}
May 27 01:07:47.806325 np0000176806 devstack@n-api-meta.service[108203]: DEBUG oslo_concurrency.lockutils [None req-b758ed5c-e44c-42f1-9c86-ac348654d93b None None] Lock "00000000-0000-0000-0000-000000000000" acquired by "nova.context.set_target_cell..get_or_set_cached_cell_and_set_connections" :: waited 0.000s {{(pid=108203) inner /opt/stack/data/venv/lib/python3.12/site-packages/oslo_concurrency/lockutils.py:524}}
May 27 01:07:47.806718 np0000176806 devstack@n-api-meta.service[108203]: DEBUG oslo_concurrency.lockutils [None req-b758ed5c-e44c-42f1-9c86-ac348654d93b None None] Lock "00000000-0000-0000-0000-000000000000" "released" by "nova.context.set_target_cell..get_or_set_cached_cell_and_set_connections" :: held 0.000s {{(pid=108203) inner /opt/stack/data/venv/lib/python3.12/site-packages/oslo_concurrency/lockutils.py:543}}
May 27 01:07:47.807253 np0000176806 devstack@n-api-meta.service[108203]: DEBUG oslo_concurrency.lockutils [None req-b758ed5c-e44c-42f1-9c86-ac348654d93b None None] Acquiring lock "774748aa-d28b-4d0d-ad59-307184420998" by "nova.context.set_target_cell..get_or_set_cached_cell_and_set_connections" {{(pid=108203) inner /opt/stack/data/venv/lib/python3.12/site-packages/oslo_concurrency/lockutils.py:511}}
May 27 01:07:47.808565 np0000176806 devstack@n-api-meta.service[108203]: INFO dbcounter [None req-b758ed5c-e44c-42f1-9c86-ac348654d93b None None] Registered counter for database nova_cell0
May 27 01:07:47.809564 np0000176806 devstack@n-api-meta.service[108203]: DEBUG oslo_concurrency.lockutils [None req-b758ed5c-e44c-42f1-9c86-ac348654d93b None None] Lock "774748aa-d28b-4d0d-ad59-307184420998" acquired by "nova.context.set_target_cell..get_or_set_cached_cell_and_set_connections" :: waited 0.001s {{(pid=108203) inner /opt/stack/data/venv/lib/python3.12/site-packages/oslo_concurrency/lockutils.py:524}}
May 27 01:07:47.812141 np0000176806 devstack@n-api-meta.service[108203]: DEBUG oslo_concurrency.lockutils [None req-b758ed5c-e44c-42f1-9c86-ac348654d93b None None] Lock "774748aa-d28b-4d0d-ad59-307184420998" "released" by "nova.context.set_target_cell..get_or_set_cached_cell_and_set_connections" :: held 0.003s {{(pid=108203) inner /opt/stack/data/venv/lib/python3.12/site-packages/oslo_concurrency/lockutils.py:543}}
May 27 01:07:47.812369 np0000176806 devstack@n-api-meta.service[108204]: DEBUG oslo_db.sqlalchemy.engines [None req-2c96c512-1683-4d5e-8bd3-2f0696a5fe4d None None] MySQL server mode set to STRICT_TRANS_TABLES,STRICT_ALL_TABLES,NO_ZERO_IN_DATE,NO_ZERO_DATE,ERROR_FOR_DIVISION_BY_ZERO,TRADITIONAL,NO_ENGINE_SUBSTITUTION {{(pid=108204) _check_effective_sql_mode /opt/stack/data/venv/lib/python3.12/site-packages/oslo_db/sqlalchemy/engines.py:325}}
May 27 01:07:47.814320 np0000176806 devstack@n-api-meta.service[108205]: INFO dbcounter [None req-a224186e-f447-42e6-8c38-44d13e1722c1 None None] Registered counter for database nova_cell1
May 27 01:07:47.815530 np0000176806 devstack@n-api-meta.service[108203]: INFO dbcounter [None req-b758ed5c-e44c-42f1-9c86-ac348654d93b None None] Registered counter for database nova_cell1
May 27 01:07:47.839018 np0000176806 devstack@n-api-meta.service[108202]: DEBUG oslo_db.sqlalchemy.engines [None req-280023cd-b23b-4cae-ac58-9fb5218d9acb None None] MySQL server mode set to STRICT_TRANS_TABLES,STRICT_ALL_TABLES,NO_ZERO_IN_DATE,NO_ZERO_DATE,ERROR_FOR_DIVISION_BY_ZERO,TRADITIONAL,NO_ENGINE_SUBSTITUTION {{(pid=108202) _check_effective_sql_mode /opt/stack/data/venv/lib/python3.12/site-packages/oslo_db/sqlalchemy/engines.py:325}}
May 27 01:07:47.845585 np0000176806 devstack@n-api-meta.service[108202]: DEBUG oslo_db.sqlalchemy.engines [None req-280023cd-b23b-4cae-ac58-9fb5218d9acb None None] MySQL server mode set to STRICT_TRANS_TABLES,STRICT_ALL_TABLES,NO_ZERO_IN_DATE,NO_ZERO_DATE,ERROR_FOR_DIVISION_BY_ZERO,TRADITIONAL,NO_ENGINE_SUBSTITUTION {{(pid=108202) _check_effective_sql_mode /opt/stack/data/venv/lib/python3.12/site-packages/oslo_db/sqlalchemy/engines.py:325}}
May 27 01:07:47.845881 np0000176806 devstack@n-api-meta.service[108204]: DEBUG dbcounter [-] [108204] Writer thread running {{(pid=108204) stat_writer /opt/stack/data/venv/lib/python3.12/site-packages/dbcounter.py:102}}
May 27 01:07:47.848785 np0000176806 devstack@n-api-meta.service[108204]: DEBUG nova.context [None req-2c96c512-1683-4d5e-8bd3-2f0696a5fe4d None None] Found 2 cells: 00000000-0000-0000-0000-000000000000(cell0),774748aa-d28b-4d0d-ad59-307184420998(cell1) {{(pid=108204) load_cells /opt/stack/nova/nova/context.py:509}}
May 27 01:07:47.849508 np0000176806 devstack@n-api-meta.service[108204]: INFO nova.utils [None req-2c96c512-1683-4d5e-8bd3-2f0696a5fe4d None None] The cell worker thread pool MainProcess.cell_worker is initialized
May 27 01:07:47.850804 np0000176806 devstack@n-api-meta.service[108204]: DEBUG oslo_concurrency.lockutils [None req-2c96c512-1683-4d5e-8bd3-2f0696a5fe4d None None] Acquiring lock "00000000-0000-0000-0000-000000000000" by "nova.context.set_target_cell..get_or_set_cached_cell_and_set_connections" {{(pid=108204) inner /opt/stack/data/venv/lib/python3.12/site-packages/oslo_concurrency/lockutils.py:511}}
May 27 01:07:47.850975 np0000176806 devstack@n-api-meta.service[108204]: DEBUG oslo_concurrency.lockutils [None req-2c96c512-1683-4d5e-8bd3-2f0696a5fe4d None None] Lock "00000000-0000-0000-0000-000000000000" acquired by "nova.context.set_target_cell..get_or_set_cached_cell_and_set_connections" :: waited 0.000s {{(pid=108204) inner /opt/stack/data/venv/lib/python3.12/site-packages/oslo_concurrency/lockutils.py:524}}
May 27 01:07:47.851396 np0000176806 devstack@n-api-meta.service[108204]: DEBUG oslo_concurrency.lockutils [None req-2c96c512-1683-4d5e-8bd3-2f0696a5fe4d None None] Lock "00000000-0000-0000-0000-000000000000" "released" by "nova.context.set_target_cell..get_or_set_cached_cell_and_set_connections" :: held 0.000s {{(pid=108204) inner /opt/stack/data/venv/lib/python3.12/site-packages/oslo_concurrency/lockutils.py:543}}
May 27 01:07:47.852275 np0000176806 devstack@n-api-meta.service[108204]: DEBUG oslo_concurrency.lockutils [None req-2c96c512-1683-4d5e-8bd3-2f0696a5fe4d None None] Acquiring lock "774748aa-d28b-4d0d-ad59-307184420998" by "nova.context.set_target_cell..get_or_set_cached_cell_and_set_connections" {{(pid=108204) inner /opt/stack/data/venv/lib/python3.12/site-packages/oslo_concurrency/lockutils.py:511}}
May 27 01:07:47.852489 np0000176806 devstack@n-api-meta.service[108204]: DEBUG oslo_concurrency.lockutils [None req-2c96c512-1683-4d5e-8bd3-2f0696a5fe4d None None] Lock "774748aa-d28b-4d0d-ad59-307184420998" acquired by "nova.context.set_target_cell..get_or_set_cached_cell_and_set_connections" :: waited 0.000s {{(pid=108204) inner /opt/stack/data/venv/lib/python3.12/site-packages/oslo_concurrency/lockutils.py:524}}
May 27 01:07:47.853834 np0000176806 devstack@n-api-meta.service[108204]: DEBUG oslo_concurrency.lockutils [None req-2c96c512-1683-4d5e-8bd3-2f0696a5fe4d None None] Lock "774748aa-d28b-4d0d-ad59-307184420998" "released" by "nova.context.set_target_cell..get_or_set_cached_cell_and_set_connections" :: held 0.001s {{(pid=108204) inner /opt/stack/data/venv/lib/python3.12/site-packages/oslo_concurrency/lockutils.py:543}}
May 27 01:07:47.857051 np0000176806 devstack@n-api-meta.service[108204]: INFO dbcounter [None req-2c96c512-1683-4d5e-8bd3-2f0696a5fe4d None None] Registered counter for database nova_cell0
May 27 01:07:47.864917 np0000176806 devstack@n-api-meta.service[108204]: INFO dbcounter [None req-2c96c512-1683-4d5e-8bd3-2f0696a5fe4d None None] Registered counter for database nova_cell1
May 27 01:07:47.882691 np0000176806 devstack@n-api-meta.service[108205]: DEBUG oslo_db.sqlalchemy.engines [None req-a224186e-f447-42e6-8c38-44d13e1722c1 None None] MySQL server mode set to STRICT_TRANS_TABLES,STRICT_ALL_TABLES,NO_ZERO_IN_DATE,NO_ZERO_DATE,ERROR_FOR_DIVISION_BY_ZERO,TRADITIONAL,NO_ENGINE_SUBSTITUTION {{(pid=108205) _check_effective_sql_mode /opt/stack/data/venv/lib/python3.12/site-packages/oslo_db/sqlalchemy/engines.py:325}}
May 27 01:07:47.886259 np0000176806 devstack@n-api-meta.service[108203]: DEBUG oslo_db.sqlalchemy.engines [None req-b758ed5c-e44c-42f1-9c86-ac348654d93b None None] MySQL server mode set to STRICT_TRANS_TABLES,STRICT_ALL_TABLES,NO_ZERO_IN_DATE,NO_ZERO_DATE,ERROR_FOR_DIVISION_BY_ZERO,TRADITIONAL,NO_ENGINE_SUBSTITUTION {{(pid=108203) _check_effective_sql_mode /opt/stack/data/venv/lib/python3.12/site-packages/oslo_db/sqlalchemy/engines.py:325}}
May 27 01:07:47.898348 np0000176806 devstack@n-api-meta.service[108203]: DEBUG oslo_db.sqlalchemy.engines [None req-b758ed5c-e44c-42f1-9c86-ac348654d93b None None] MySQL server mode set to STRICT_TRANS_TABLES,STRICT_ALL_TABLES,NO_ZERO_IN_DATE,NO_ZERO_DATE,ERROR_FOR_DIVISION_BY_ZERO,TRADITIONAL,NO_ENGINE_SUBSTITUTION {{(pid=108203) _check_effective_sql_mode /opt/stack/data/venv/lib/python3.12/site-packages/oslo_db/sqlalchemy/engines.py:325}}
May 27 01:07:47.904012 np0000176806 devstack@n-api-meta.service[108205]: DEBUG oslo_db.sqlalchemy.engines [None req-a224186e-f447-42e6-8c38-44d13e1722c1 None None] MySQL server mode set to STRICT_TRANS_TABLES,STRICT_ALL_TABLES,NO_ZERO_IN_DATE,NO_ZERO_DATE,ERROR_FOR_DIVISION_BY_ZERO,TRADITIONAL,NO_ENGINE_SUBSTITUTION {{(pid=108205) _check_effective_sql_mode /opt/stack/data/venv/lib/python3.12/site-packages/oslo_db/sqlalchemy/engines.py:325}}
May 27 01:07:47.927806 np0000176806 devstack@n-api-meta.service[108204]: DEBUG oslo_db.sqlalchemy.engines [None req-2c96c512-1683-4d5e-8bd3-2f0696a5fe4d None None] MySQL server mode set to STRICT_TRANS_TABLES,STRICT_ALL_TABLES,NO_ZERO_IN_DATE,NO_ZERO_DATE,ERROR_FOR_DIVISION_BY_ZERO,TRADITIONAL,NO_ENGINE_SUBSTITUTION {{(pid=108204) _check_effective_sql_mode /opt/stack/data/venv/lib/python3.12/site-packages/oslo_db/sqlalchemy/engines.py:325}}
May 27 01:07:47.933992 np0000176806 devstack@n-api-meta.service[108204]: DEBUG oslo_db.sqlalchemy.engines [None req-2c96c512-1683-4d5e-8bd3-2f0696a5fe4d None None] MySQL server mode set to STRICT_TRANS_TABLES,STRICT_ALL_TABLES,NO_ZERO_IN_DATE,NO_ZERO_DATE,ERROR_FOR_DIVISION_BY_ZERO,TRADITIONAL,NO_ENGINE_SUBSTITUTION {{(pid=108204) _check_effective_sql_mode /opt/stack/data/venv/lib/python3.12/site-packages/oslo_db/sqlalchemy/engines.py:325}}
May 27 01:07:47.939601 np0000176806 devstack@n-api-meta.service[108202]: DEBUG dbcounter [-] [108202] Writer thread running {{(pid=108202) stat_writer /opt/stack/data/venv/lib/python3.12/site-packages/dbcounter.py:102}}
May 27 01:07:47.946119 np0000176806 devstack@n-api-meta.service[108202]: DEBUG dbcounter [-] [108202] Writer thread running {{(pid=108202) stat_writer /opt/stack/data/venv/lib/python3.12/site-packages/dbcounter.py:102}}
May 27 01:07:47.951810 np0000176806 devstack@n-api-meta.service[108202]: INFO dbcounter [None req-280023cd-b23b-4cae-ac58-9fb5218d9acb None None] Registered counter for database nova_cell0
May 27 01:07:47.979923 np0000176806 devstack@n-api-meta.service[108203]: DEBUG dbcounter [-] [108203] Writer thread running {{(pid=108203) stat_writer /opt/stack/data/venv/lib/python3.12/site-packages/dbcounter.py:102}}
May 27 01:07:47.981502 np0000176806 devstack@n-api-meta.service[108205]: DEBUG dbcounter [-] [108205] Writer thread running {{(pid=108205) stat_writer /opt/stack/data/venv/lib/python3.12/site-packages/dbcounter.py:102}}
May 27 01:07:47.985078 np0000176806 devstack@n-api-meta.service[108203]: DEBUG dbcounter [-] [108203] Writer thread running {{(pid=108203) stat_writer /opt/stack/data/venv/lib/python3.12/site-packages/dbcounter.py:102}}
May 27 01:07:47.989332 np0000176806 devstack@n-api-meta.service[108205]: DEBUG dbcounter [-] [108205] Writer thread running {{(pid=108205) stat_writer /opt/stack/data/venv/lib/python3.12/site-packages/dbcounter.py:102}}
May 27 01:07:47.989655 np0000176806 devstack@n-api-meta.service[108203]: INFO dbcounter [None req-b758ed5c-e44c-42f1-9c86-ac348654d93b None None] Registered counter for database nova_cell0
May 27 01:07:47.994715 np0000176806 devstack@n-api-meta.service[108205]: INFO dbcounter [None req-a224186e-f447-42e6-8c38-44d13e1722c1 None None] Registered counter for database nova_cell0
May 27 01:07:47.995984 np0000176806 devstack@n-api-meta.service[108202]: DEBUG oslo_db.sqlalchemy.engines [None req-280023cd-b23b-4cae-ac58-9fb5218d9acb None None] MySQL server mode set to STRICT_TRANS_TABLES,STRICT_ALL_TABLES,NO_ZERO_IN_DATE,NO_ZERO_DATE,ERROR_FOR_DIVISION_BY_ZERO,TRADITIONAL,NO_ENGINE_SUBSTITUTION {{(pid=108202) _check_effective_sql_mode /opt/stack/data/venv/lib/python3.12/site-packages/oslo_db/sqlalchemy/engines.py:325}}
May 27 01:07:48.005605 np0000176806 devstack@n-api-meta.service[108202]: DEBUG dbcounter [-] [108202] Writer thread running {{(pid=108202) stat_writer /opt/stack/data/venv/lib/python3.12/site-packages/dbcounter.py:102}}
May 27 01:07:48.019771 np0000176806 devstack@n-api-meta.service[108204]: DEBUG dbcounter [-] [108204] Writer thread running {{(pid=108204) stat_writer /opt/stack/data/venv/lib/python3.12/site-packages/dbcounter.py:102}}
May 27 01:07:48.026752 np0000176806 devstack@n-api-meta.service[108204]: DEBUG dbcounter [-] [108204] Writer thread running {{(pid=108204) stat_writer /opt/stack/data/venv/lib/python3.12/site-packages/dbcounter.py:102}}
May 27 01:07:48.032843 np0000176806 devstack@n-api-meta.service[108204]: INFO dbcounter [None req-2c96c512-1683-4d5e-8bd3-2f0696a5fe4d None None] Registered counter for database nova_cell0
May 27 01:07:48.049719 np0000176806 devstack@n-api-meta.service[108202]: WARNING nova.api.metadata.handler [None req-280023cd-b23b-4cae-ac58-9fb5218d9acb None None] metadata_proxy_shared_secret is not configured, the metadata information returned by the proxy cannot be trusted
May 27 01:07:48.051972 np0000176806 devstack@n-api-meta.service[108202]: DEBUG nova.api.openstack.wsgi_app [None req-280023cd-b23b-4cae-ac58-9fb5218d9acb None None] ******************************************************************************** {{(pid=108202) log_opt_values /opt/stack/data/venv/lib/python3.12/site-packages/oslo_config/cfg.py:3229}}
May 27 01:07:48.052104 np0000176806 devstack@n-api-meta.service[108202]: DEBUG nova.api.openstack.wsgi_app [None req-280023cd-b23b-4cae-ac58-9fb5218d9acb None None] Configuration options gathered from: {{(pid=108202) log_opt_values /opt/stack/data/venv/lib/python3.12/site-packages/oslo_config/cfg.py:3230}}
May 27 01:07:48.052207 np0000176806 devstack@n-api-meta.service[108202]: DEBUG nova.api.openstack.wsgi_app [None req-280023cd-b23b-4cae-ac58-9fb5218d9acb None None] command line args: [] {{(pid=108202) log_opt_values /opt/stack/data/venv/lib/python3.12/site-packages/oslo_config/cfg.py:3231}}
May 27 01:07:48.052388 np0000176806 devstack@n-api-meta.service[108202]: DEBUG nova.api.openstack.wsgi_app [None req-280023cd-b23b-4cae-ac58-9fb5218d9acb None None] config files: ['/etc/nova/api-paste.ini', '/etc/nova/nova.conf'] {{(pid=108202) log_opt_values /opt/stack/data/venv/lib/python3.12/site-packages/oslo_config/cfg.py:3232}}
May 27 01:07:48.052468 np0000176806 devstack@n-api-meta.service[108202]: DEBUG nova.api.openstack.wsgi_app [None req-280023cd-b23b-4cae-ac58-9fb5218d9acb None None] ================================================================================ {{(pid=108202) log_opt_values /opt/stack/data/venv/lib/python3.12/site-packages/oslo_config/cfg.py:3237}}
May 27 01:07:48.052681 np0000176806 devstack@n-api-meta.service[108202]: DEBUG nova.api.openstack.wsgi_app [None req-280023cd-b23b-4cae-ac58-9fb5218d9acb None None] allow_resize_to_same_host = True {{(pid=108202) log_opt_values /opt/stack/data/venv/lib/python3.12/site-packages/oslo_config/cfg.py:3245}}
May 27 01:07:48.052811 np0000176806 devstack@n-api-meta.service[108202]: DEBUG nova.api.openstack.wsgi_app [None req-280023cd-b23b-4cae-ac58-9fb5218d9acb None None] arq_binding_timeout = 300 {{(pid=108202) log_opt_values /opt/stack/data/venv/lib/python3.12/site-packages/oslo_config/cfg.py:3245}}
May 27 01:07:48.052954 np0000176806 devstack@n-api-meta.service[108202]: DEBUG nova.api.openstack.wsgi_app [None req-280023cd-b23b-4cae-ac58-9fb5218d9acb None None] block_device_allocate_retries = 60 {{(pid=108202) log_opt_values /opt/stack/data/venv/lib/python3.12/site-packages/oslo_config/cfg.py:3245}}
May 27 01:07:48.053108 np0000176806 devstack@n-api-meta.service[108202]: DEBUG nova.api.openstack.wsgi_app [None req-280023cd-b23b-4cae-ac58-9fb5218d9acb None None] block_device_allocate_retries_interval = 3 {{(pid=108202) log_opt_values /opt/stack/data/venv/lib/python3.12/site-packages/oslo_config/cfg.py:3245}}
May 27 01:07:48.053255 np0000176806 devstack@n-api-meta.service[108202]: DEBUG nova.api.openstack.wsgi_app [None req-280023cd-b23b-4cae-ac58-9fb5218d9acb None None] cell_worker_thread_pool_size = 5 {{(pid=108202) log_opt_values /opt/stack/data/venv/lib/python3.12/site-packages/oslo_config/cfg.py:3245}}
May 27 01:07:48.053408 np0000176806 devstack@n-api-meta.service[108202]: DEBUG nova.api.openstack.wsgi_app [None req-280023cd-b23b-4cae-ac58-9fb5218d9acb None None] cert = self.pem {{(pid=108202) log_opt_values /opt/stack/data/venv/lib/python3.12/site-packages/oslo_config/cfg.py:3245}}
May 27 01:07:48.053530 np0000176806 devstack@n-api-meta.service[108202]: DEBUG nova.api.openstack.wsgi_app [None req-280023cd-b23b-4cae-ac58-9fb5218d9acb None None] compute_driver = libvirt.LibvirtDriver {{(pid=108202) log_opt_values /opt/stack/data/venv/lib/python3.12/site-packages/oslo_config/cfg.py:3245}}
May 27 01:07:48.053681 np0000176806 devstack@n-api-meta.service[108202]: DEBUG nova.api.openstack.wsgi_app [None req-280023cd-b23b-4cae-ac58-9fb5218d9acb None None] compute_monitors = [] {{(pid=108202) log_opt_values /opt/stack/data/venv/lib/python3.12/site-packages/oslo_config/cfg.py:3245}}
May 27 01:07:48.053814 np0000176806 devstack@n-api-meta.service[108202]: DEBUG nova.api.openstack.wsgi_app [None req-280023cd-b23b-4cae-ac58-9fb5218d9acb None None] config_dir = [] {{(pid=108202) log_opt_values /opt/stack/data/venv/lib/python3.12/site-packages/oslo_config/cfg.py:3245}}
May 27 01:07:48.054017 np0000176806 devstack@n-api-meta.service[108202]: DEBUG nova.api.openstack.wsgi_app [None req-280023cd-b23b-4cae-ac58-9fb5218d9acb None None] config_drive_format = iso9660 {{(pid=108202) log_opt_values /opt/stack/data/venv/lib/python3.12/site-packages/oslo_config/cfg.py:3245}}
May 27 01:07:48.054113 np0000176806 devstack@n-api-meta.service[108202]: DEBUG nova.api.openstack.wsgi_app [None req-280023cd-b23b-4cae-ac58-9fb5218d9acb None None] config_file = ['/etc/nova/api-paste.ini', '/etc/nova/nova.conf'] {{(pid=108202) log_opt_values /opt/stack/data/venv/lib/python3.12/site-packages/oslo_config/cfg.py:3245}}
May 27 01:07:48.054245 np0000176806 devstack@n-api-meta.service[108202]: DEBUG nova.api.openstack.wsgi_app [None req-280023cd-b23b-4cae-ac58-9fb5218d9acb None None] config_source = [] {{(pid=108202) log_opt_values /opt/stack/data/venv/lib/python3.12/site-packages/oslo_config/cfg.py:3245}}
May 27 01:07:48.054522 np0000176806 devstack@n-api-meta.service[108202]: DEBUG nova.api.openstack.wsgi_app [None req-280023cd-b23b-4cae-ac58-9fb5218d9acb None None] console_host = np0000176806 {{(pid=108202) log_opt_values /opt/stack/data/venv/lib/python3.12/site-packages/oslo_config/cfg.py:3245}}
May 27 01:07:48.054675 np0000176806 devstack@n-api-meta.service[108202]: DEBUG nova.api.openstack.wsgi_app [None req-280023cd-b23b-4cae-ac58-9fb5218d9acb None None] control_exchange = nova {{(pid=108202) log_opt_values /opt/stack/data/venv/lib/python3.12/site-packages/oslo_config/cfg.py:3245}}
May 27 01:07:48.054806 np0000176806 devstack@n-api-meta.service[108202]: DEBUG nova.api.openstack.wsgi_app [None req-280023cd-b23b-4cae-ac58-9fb5218d9acb None None] cpu_allocation_ratio = None {{(pid=108202) log_opt_values /opt/stack/data/venv/lib/python3.12/site-packages/oslo_config/cfg.py:3245}}
May 27 01:07:48.054933 np0000176806 devstack@n-api-meta.service[108202]: DEBUG nova.api.openstack.wsgi_app [None req-280023cd-b23b-4cae-ac58-9fb5218d9acb None None] daemon = False {{(pid=108202) log_opt_values /opt/stack/data/venv/lib/python3.12/site-packages/oslo_config/cfg.py:3245}}
May 27 01:07:48.055066 np0000176806 devstack@n-api-meta.service[108202]: DEBUG nova.api.openstack.wsgi_app [None req-280023cd-b23b-4cae-ac58-9fb5218d9acb None None] debug = True {{(pid=108202) log_opt_values /opt/stack/data/venv/lib/python3.12/site-packages/oslo_config/cfg.py:3245}}
May 27 01:07:48.055179 np0000176806 devstack@n-api-meta.service[108203]: DEBUG oslo_db.sqlalchemy.engines [None req-b758ed5c-e44c-42f1-9c86-ac348654d93b None None] MySQL server mode set to STRICT_TRANS_TABLES,STRICT_ALL_TABLES,NO_ZERO_IN_DATE,NO_ZERO_DATE,ERROR_FOR_DIVISION_BY_ZERO,TRADITIONAL,NO_ENGINE_SUBSTITUTION {{(pid=108203) _check_effective_sql_mode /opt/stack/data/venv/lib/python3.12/site-packages/oslo_db/sqlalchemy/engines.py:325}}
May 27 01:07:48.055245 np0000176806 devstack@n-api-meta.service[108202]: DEBUG nova.api.openstack.wsgi_app [None req-280023cd-b23b-4cae-ac58-9fb5218d9acb None None] default_access_ip_network_name = None {{(pid=108202) log_opt_values /opt/stack/data/venv/lib/python3.12/site-packages/oslo_config/cfg.py:3245}}
May 27 01:07:48.055319 np0000176806 devstack@n-api-meta.service[108202]: DEBUG nova.api.openstack.wsgi_app [None req-280023cd-b23b-4cae-ac58-9fb5218d9acb None None] default_availability_zone = nova {{(pid=108202) log_opt_values /opt/stack/data/venv/lib/python3.12/site-packages/oslo_config/cfg.py:3245}}
May 27 01:07:48.055452 np0000176806 devstack@n-api-meta.service[108202]: DEBUG nova.api.openstack.wsgi_app [None req-280023cd-b23b-4cae-ac58-9fb5218d9acb None None] default_ephemeral_format = ext4 {{(pid=108202) log_opt_values /opt/stack/data/venv/lib/python3.12/site-packages/oslo_config/cfg.py:3245}}
May 27 01:07:48.055586 np0000176806 devstack@n-api-meta.service[108202]: DEBUG nova.api.openstack.wsgi_app [None req-280023cd-b23b-4cae-ac58-9fb5218d9acb None None] default_green_pool_size = 1000 {{(pid=108202) log_opt_values /opt/stack/data/venv/lib/python3.12/site-packages/oslo_config/cfg.py:3245}}
May 27 01:07:48.055811 np0000176806 devstack@n-api-meta.service[108202]: DEBUG nova.api.openstack.wsgi_app [None req-280023cd-b23b-4cae-ac58-9fb5218d9acb None None] default_log_levels = ['amqp=WARN', 'boto=WARN', 'sqlalchemy=WARN', 'suds=INFO', 'oslo.messaging=INFO', 'oslo_messaging=INFO', 'iso8601=WARN', 'requests.packages.urllib3.connectionpool=WARN', 'urllib3.connectionpool=WARN', 'websocket=WARN', 'requests.packages.urllib3.util.retry=WARN', 'urllib3.util.retry=WARN', 'keystonemiddleware=WARN', 'routes.middleware=WARN', 'stevedore=WARN', 'taskflow=WARN', 'keystoneauth=WARN', 'oslo.cache=INFO', 'oslo_policy=INFO', 'dogpile.core.dogpile=INFO', 'glanceclient=WARN', 'oslo.privsep.daemon=INFO'] {{(pid=108202) log_opt_values /opt/stack/data/venv/lib/python3.12/site-packages/oslo_config/cfg.py:3245}}
May 27 01:07:48.055959 np0000176806 devstack@n-api-meta.service[108202]: DEBUG nova.api.openstack.wsgi_app [None req-280023cd-b23b-4cae-ac58-9fb5218d9acb None None] default_schedule_zone = None {{(pid=108202) log_opt_values /opt/stack/data/venv/lib/python3.12/site-packages/oslo_config/cfg.py:3245}}
May 27 01:07:48.056059 np0000176806 devstack@n-api-meta.service[108202]: DEBUG nova.api.openstack.wsgi_app [None req-280023cd-b23b-4cae-ac58-9fb5218d9acb None None] default_thread_pool_size = 10 {{(pid=108202) log_opt_values /opt/stack/data/venv/lib/python3.12/site-packages/oslo_config/cfg.py:3245}}
May 27 01:07:48.056185 np0000176806 devstack@n-api-meta.service[108202]: DEBUG nova.api.openstack.wsgi_app [None req-280023cd-b23b-4cae-ac58-9fb5218d9acb None None] disk_allocation_ratio = None {{(pid=108202) log_opt_values /opt/stack/data/venv/lib/python3.12/site-packages/oslo_config/cfg.py:3245}}
May 27 01:07:48.056310 np0000176806 devstack@n-api-meta.service[108202]: DEBUG nova.api.openstack.wsgi_app [None req-280023cd-b23b-4cae-ac58-9fb5218d9acb None None] enable_new_services = True {{(pid=108202) log_opt_values /opt/stack/data/venv/lib/python3.12/site-packages/oslo_config/cfg.py:3245}}
May 27 01:07:48.056437 np0000176806 devstack@n-api-meta.service[108202]: DEBUG nova.api.openstack.wsgi_app [None req-280023cd-b23b-4cae-ac58-9fb5218d9acb None None] flat_injected = False {{(pid=108202) log_opt_values /opt/stack/data/venv/lib/python3.12/site-packages/oslo_config/cfg.py:3245}}
May 27 01:07:48.056578 np0000176806 devstack@n-api-meta.service[108202]: DEBUG nova.api.openstack.wsgi_app [None req-280023cd-b23b-4cae-ac58-9fb5218d9acb None None] force_config_drive = False {{(pid=108202) log_opt_values /opt/stack/data/venv/lib/python3.12/site-packages/oslo_config/cfg.py:3245}}
May 27 01:07:48.056710 np0000176806 devstack@n-api-meta.service[108202]: DEBUG nova.api.openstack.wsgi_app [None req-280023cd-b23b-4cae-ac58-9fb5218d9acb None None] force_raw_images = True {{(pid=108202) log_opt_values /opt/stack/data/venv/lib/python3.12/site-packages/oslo_config/cfg.py:3245}}
May 27 01:07:48.056847 np0000176806 devstack@n-api-meta.service[108202]: DEBUG nova.api.openstack.wsgi_app [None req-280023cd-b23b-4cae-ac58-9fb5218d9acb None None] graceful_shutdown_timeout = 5 {{(pid=108202) log_opt_values /opt/stack/data/venv/lib/python3.12/site-packages/oslo_config/cfg.py:3245}}
May 27 01:07:48.056974 np0000176806 devstack@n-api-meta.service[108202]: DEBUG nova.api.openstack.wsgi_app [None req-280023cd-b23b-4cae-ac58-9fb5218d9acb None None] heal_instance_info_cache_interval = -1 {{(pid=108202) log_opt_values /opt/stack/data/venv/lib/python3.12/site-packages/oslo_config/cfg.py:3245}}
May 27 01:07:48.057149 np0000176806 devstack@n-api-meta.service[108202]: DEBUG nova.api.openstack.wsgi_app [None req-280023cd-b23b-4cae-ac58-9fb5218d9acb None None] host = np0000176806 {{(pid=108202) log_opt_values /opt/stack/data/venv/lib/python3.12/site-packages/oslo_config/cfg.py:3245}}
May 27 01:07:48.057286 np0000176806 devstack@n-api-meta.service[108202]: DEBUG nova.api.openstack.wsgi_app [None req-280023cd-b23b-4cae-ac58-9fb5218d9acb None None] initial_cpu_allocation_ratio = 4.0 {{(pid=108202) log_opt_values /opt/stack/data/venv/lib/python3.12/site-packages/oslo_config/cfg.py:3245}}
May 27 01:07:48.057414 np0000176806 devstack@n-api-meta.service[108202]: DEBUG nova.api.openstack.wsgi_app [None req-280023cd-b23b-4cae-ac58-9fb5218d9acb None None] initial_disk_allocation_ratio = 1.0 {{(pid=108202) log_opt_values /opt/stack/data/venv/lib/python3.12/site-packages/oslo_config/cfg.py:3245}}
May 27 01:07:48.057542 np0000176806 devstack@n-api-meta.service[108202]: DEBUG nova.api.openstack.wsgi_app [None req-280023cd-b23b-4cae-ac58-9fb5218d9acb None None] initial_ram_allocation_ratio = 1.0 {{(pid=108202) log_opt_values /opt/stack/data/venv/lib/python3.12/site-packages/oslo_config/cfg.py:3245}}
May 27 01:07:48.057739 np0000176806 devstack@n-api-meta.service[108202]: DEBUG nova.api.openstack.wsgi_app [None req-280023cd-b23b-4cae-ac58-9fb5218d9acb None None] injected_network_template = /opt/stack/nova/nova/virt/interfaces.template {{(pid=108202) log_opt_values /opt/stack/data/venv/lib/python3.12/site-packages/oslo_config/cfg.py:3245}}
May 27 01:07:48.057869 np0000176806 devstack@n-api-meta.service[108202]: DEBUG nova.api.openstack.wsgi_app [None req-280023cd-b23b-4cae-ac58-9fb5218d9acb None None] instance_build_timeout = 0 {{(pid=108202) log_opt_values /opt/stack/data/venv/lib/python3.12/site-packages/oslo_config/cfg.py:3245}}
May 27 01:07:48.058032 np0000176806 devstack@n-api-meta.service[108202]: DEBUG nova.api.openstack.wsgi_app [None req-280023cd-b23b-4cae-ac58-9fb5218d9acb None None] instance_delete_interval = 300 {{(pid=108202) log_opt_values /opt/stack/data/venv/lib/python3.12/site-packages/oslo_config/cfg.py:3245}}
May 27 01:07:48.058154 np0000176806 devstack@n-api-meta.service[108202]: DEBUG nova.api.openstack.wsgi_app [None req-280023cd-b23b-4cae-ac58-9fb5218d9acb None None] instance_format = [instance: %(uuid)s] {{(pid=108202) log_opt_values /opt/stack/data/venv/lib/python3.12/site-packages/oslo_config/cfg.py:3245}}
May 27 01:07:48.058287 np0000176806 devstack@n-api-meta.service[108202]: DEBUG nova.api.openstack.wsgi_app [None req-280023cd-b23b-4cae-ac58-9fb5218d9acb None None] instance_name_template = instance-%08x {{(pid=108202) log_opt_values /opt/stack/data/venv/lib/python3.12/site-packages/oslo_config/cfg.py:3245}}
May 27 01:07:48.058414 np0000176806 devstack@n-api-meta.service[108202]: DEBUG nova.api.openstack.wsgi_app [None req-280023cd-b23b-4cae-ac58-9fb5218d9acb None None] instance_usage_audit = False {{(pid=108202) log_opt_values /opt/stack/data/venv/lib/python3.12/site-packages/oslo_config/cfg.py:3245}}
May 27 01:07:48.058589 np0000176806 devstack@n-api-meta.service[108202]: DEBUG nova.api.openstack.wsgi_app [None req-280023cd-b23b-4cae-ac58-9fb5218d9acb None None] instance_usage_audit_period = month {{(pid=108202) log_opt_values /opt/stack/data/venv/lib/python3.12/site-packages/oslo_config/cfg.py:3245}}
May 27 01:07:48.058734 np0000176806 devstack@n-api-meta.service[108202]: DEBUG nova.api.openstack.wsgi_app [None req-280023cd-b23b-4cae-ac58-9fb5218d9acb None None] instance_uuid_format = [instance: %(uuid)s] {{(pid=108202) log_opt_values /opt/stack/data/venv/lib/python3.12/site-packages/oslo_config/cfg.py:3245}}
May 27 01:07:48.058810 np0000176806 devstack@n-api-meta.service[108202]: DEBUG nova.api.openstack.wsgi_app [None req-280023cd-b23b-4cae-ac58-9fb5218d9acb None None] instances_path = /opt/stack/data/nova/instances {{(pid=108202) log_opt_values /opt/stack/data/venv/lib/python3.12/site-packages/oslo_config/cfg.py:3245}}
May 27 01:07:48.058957 np0000176806 devstack@n-api-meta.service[108202]: DEBUG nova.api.openstack.wsgi_app [None req-280023cd-b23b-4cae-ac58-9fb5218d9acb None None] internal_service_availability_zone = internal {{(pid=108202) log_opt_values /opt/stack/data/venv/lib/python3.12/site-packages/oslo_config/cfg.py:3245}}
May 27 01:07:48.059075 np0000176806 devstack@n-api-meta.service[108202]: DEBUG nova.api.openstack.wsgi_app [None req-280023cd-b23b-4cae-ac58-9fb5218d9acb None None] key = None {{(pid=108202) log_opt_values /opt/stack/data/venv/lib/python3.12/site-packages/oslo_config/cfg.py:3245}}
May 27 01:07:48.059198 np0000176806 devstack@n-api-meta.service[108202]: DEBUG nova.api.openstack.wsgi_app [None req-280023cd-b23b-4cae-ac58-9fb5218d9acb None None] live_migration_retry_count = 30 {{(pid=108202) log_opt_values /opt/stack/data/venv/lib/python3.12/site-packages/oslo_config/cfg.py:3245}}
May 27 01:07:48.059333 np0000176806 devstack@n-api-meta.service[108202]: DEBUG nova.api.openstack.wsgi_app [None req-280023cd-b23b-4cae-ac58-9fb5218d9acb None None] log_color = False {{(pid=108202) log_opt_values /opt/stack/data/venv/lib/python3.12/site-packages/oslo_config/cfg.py:3245}}
May 27 01:07:48.059464 np0000176806 devstack@n-api-meta.service[108202]: DEBUG nova.api.openstack.wsgi_app [None req-280023cd-b23b-4cae-ac58-9fb5218d9acb None None] log_config_append = None {{(pid=108202) log_opt_values /opt/stack/data/venv/lib/python3.12/site-packages/oslo_config/cfg.py:3245}}
May 27 01:07:48.059679 np0000176806 devstack@n-api-meta.service[108202]: DEBUG nova.api.openstack.wsgi_app [None req-280023cd-b23b-4cae-ac58-9fb5218d9acb None None] log_date_format = %Y-%m-%d %H:%M:%S {{(pid=108202) log_opt_values /opt/stack/data/venv/lib/python3.12/site-packages/oslo_config/cfg.py:3245}}
May 27 01:07:48.059811 np0000176806 devstack@n-api-meta.service[108202]: DEBUG nova.api.openstack.wsgi_app [None req-280023cd-b23b-4cae-ac58-9fb5218d9acb None None] log_dir = None {{(pid=108202) log_opt_values /opt/stack/data/venv/lib/python3.12/site-packages/oslo_config/cfg.py:3245}}
May 27 01:07:48.059858 np0000176806 devstack@n-api-meta.service[108205]: DEBUG oslo_db.sqlalchemy.engines [None req-a224186e-f447-42e6-8c38-44d13e1722c1 None None] MySQL server mode set to STRICT_TRANS_TABLES,STRICT_ALL_TABLES,NO_ZERO_IN_DATE,NO_ZERO_DATE,ERROR_FOR_DIVISION_BY_ZERO,TRADITIONAL,NO_ENGINE_SUBSTITUTION {{(pid=108205) _check_effective_sql_mode /opt/stack/data/venv/lib/python3.12/site-packages/oslo_db/sqlalchemy/engines.py:325}}
May 27 01:07:48.059939 np0000176806 devstack@n-api-meta.service[108202]: DEBUG nova.api.openstack.wsgi_app [None req-280023cd-b23b-4cae-ac58-9fb5218d9acb None None] log_file = None {{(pid=108202) log_opt_values /opt/stack/data/venv/lib/python3.12/site-packages/oslo_config/cfg.py:3245}}
May 27 01:07:48.060040 np0000176806 devstack@n-api-meta.service[108202]: DEBUG nova.api.openstack.wsgi_app [None req-280023cd-b23b-4cae-ac58-9fb5218d9acb None None] log_options = True {{(pid=108202) log_opt_values /opt/stack/data/venv/lib/python3.12/site-packages/oslo_config/cfg.py:3245}}
May 27 01:07:48.060171 np0000176806 devstack@n-api-meta.service[108202]: DEBUG nova.api.openstack.wsgi_app [None req-280023cd-b23b-4cae-ac58-9fb5218d9acb None None] log_rotate_interval = 1 {{(pid=108202) log_opt_values /opt/stack/data/venv/lib/python3.12/site-packages/oslo_config/cfg.py:3245}}
May 27 01:07:48.060306 np0000176806 devstack@n-api-meta.service[108202]: DEBUG nova.api.openstack.wsgi_app [None req-280023cd-b23b-4cae-ac58-9fb5218d9acb None None] log_rotate_interval_type = days {{(pid=108202) log_opt_values /opt/stack/data/venv/lib/python3.12/site-packages/oslo_config/cfg.py:3245}}
May 27 01:07:48.060439 np0000176806 devstack@n-api-meta.service[108202]: DEBUG nova.api.openstack.wsgi_app [None req-280023cd-b23b-4cae-ac58-9fb5218d9acb None None] log_rotation_type = none {{(pid=108202) log_opt_values /opt/stack/data/venv/lib/python3.12/site-packages/oslo_config/cfg.py:3245}}
May 27 01:07:48.060543 np0000176806 devstack@n-api-meta.service[108202]: DEBUG nova.api.openstack.wsgi_app [None req-280023cd-b23b-4cae-ac58-9fb5218d9acb None None] logging_context_format_string = %(color)s%(levelname)s %(name)s [%(global_request_id)s %(request_id)s %(project_name)s %(user_name)s%(color)s] %(instance)s%(color)s%(message)s {{(pid=108202) log_opt_values /opt/stack/data/venv/lib/python3.12/site-packages/oslo_config/cfg.py:3245}}
May 27 01:07:48.060663 np0000176806 devstack@n-api-meta.service[108202]: DEBUG nova.api.openstack.wsgi_app [None req-280023cd-b23b-4cae-ac58-9fb5218d9acb None None] logging_debug_format_suffix = {{(pid=%(process)d) %(funcName)s %(pathname)s:%(lineno)d}} {{(pid=108202) log_opt_values /opt/stack/data/venv/lib/python3.12/site-packages/oslo_config/cfg.py:3245}}
May 27 01:07:48.060797 np0000176806 devstack@n-api-meta.service[108202]: DEBUG nova.api.openstack.wsgi_app [None req-280023cd-b23b-4cae-ac58-9fb5218d9acb None None] logging_default_format_string = %(color)s%(levelname)s %(name)s [-%(color)s] %(instance)s%(color)s%(message)s {{(pid=108202) log_opt_values /opt/stack/data/venv/lib/python3.12/site-packages/oslo_config/cfg.py:3245}}
May 27 01:07:48.060926 np0000176806 devstack@n-api-meta.service[108202]: DEBUG nova.api.openstack.wsgi_app [None req-280023cd-b23b-4cae-ac58-9fb5218d9acb None None] logging_exception_prefix = ERROR %(name)s %(instance)s {{(pid=108202) log_opt_values /opt/stack/data/venv/lib/python3.12/site-packages/oslo_config/cfg.py:3245}}
