May 27 01:07:14.396917 np0000176806 devstack@neutron-api.service[103076]: DEBUG neutron_lib.callbacks.manager [None req-550acb76-b73d-4c79-b5c3-3ab5bc90e68d None None] Subscribe: > qos_plugin after_init 55550000, False {{(pid=103076) subscribe /opt/stack/data/venv/lib/python3.12/site-packages/neutron_lib/callbacks/manager.py:52}}
May 27 01:07:14.396917 np0000176806 devstack@neutron-api.service[103076]: DEBUG neutron_lib.callbacks.manager [None req-550acb76-b73d-4c79-b5c3-3ab5bc90e68d None None] Subscribe: > trunk_plugin after_init 55550000, False {{(pid=103076) subscribe /opt/stack/data/venv/lib/python3.12/site-packages/neutron_lib/callbacks/manager.py:52}}
May 27 01:07:14.397099 np0000176806 devstack@neutron-api.service[103076]: DEBUG neutron_lib.callbacks.manager [None req-550acb76-b73d-4c79-b5c3-3ab5bc90e68d None None] Subscribe: > logging-plugin after_init 55550000, False {{(pid=103076) subscribe /opt/stack/data/venv/lib/python3.12/site-packages/neutron_lib/callbacks/manager.py:52}}
May 27 01:07:14.397347 np0000176806 devstack@neutron-api.service[103078]: DEBUG neutron_lib.callbacks.manager [None req-c42b5e0d-8c0a-4856-98f4-94ee475cd2fa None None] Subscribe: network precommit_update 55550000, False {{(pid=103078) subscribe /opt/stack/data/venv/lib/python3.12/site-packages/neutron_lib/callbacks/manager.py:52}}
May 27 01:07:14.397484 np0000176806 devstack@neutron-api.service[103078]: DEBUG neutron_lib.callbacks.manager [None req-c42b5e0d-8c0a-4856-98f4-94ee475cd2fa None None] Subscribe: network precommit_create 55550000, False {{(pid=103078) subscribe /opt/stack/data/venv/lib/python3.12/site-packages/neutron_lib/callbacks/manager.py:52}}
May 27 01:07:14.397644 np0000176806 devstack@neutron-api.service[103078]: DEBUG neutron.manager [None req-c42b5e0d-8c0a-4856-98f4-94ee475cd2fa None None] Successfully loaded auto-allocated-topology plugin. Description: Auto Allocated Topology - aka get me a network. {{(pid=103078) _create_and_add_service_plugin /opt/stack/neutron/neutron/manager.py:239}}
May 27 01:07:14.397719 np0000176806 devstack@neutron-api.service[103076]: INFO neutron.services.logapi.drivers.ovn.driver [None req-550acb76-b73d-4c79-b5c3-3ab5bc90e68d None None] OVN logging driver registered
May 27 01:07:14.397762 np0000176806 devstack@neutron-api.service[103078]: INFO neutron.manager [None req-c42b5e0d-8c0a-4856-98f4-94ee475cd2fa None None] Loading Plugin: tag
May 27 01:07:14.400318 np0000176806 devstack@neutron-api.service[103076]: DEBUG neutron.plugins.ml2.plugin [None req-550acb76-b73d-4c79-b5c3-3ab5bc90e68d None None] neutron.plugins.ml2.plugin.Ml2Plugin method _start_rpc_notifiers called with arguments () {} {{(pid=103076) wrapper /opt/stack/data/venv/lib/python3.12/site-packages/oslo_log/helpers.py:77}}
May 27 01:07:14.400574 np0000176806 devstack@neutron-api.service[103078]: DEBUG neutron.manager [None req-c42b5e0d-8c0a-4856-98f4-94ee475cd2fa None None] Successfully loaded TAG plugin. Description: Tag support {{(pid=103078) _create_and_add_service_plugin /opt/stack/neutron/neutron/manager.py:239}}
May 27 01:07:14.400660 np0000176806 devstack@neutron-api.service[103076]: DEBUG neutron_lib.callbacks.manager [None req-550acb76-b73d-4c79-b5c3-3ab5bc90e68d None None] Subscribe: > port after_create 55550000, False {{(pid=103076) subscribe /opt/stack/data/venv/lib/python3.12/site-packages/neutron_lib/callbacks/manager.py:52}}
May 27 01:07:14.400690 np0000176806 devstack@neutron-api.service[103078]: INFO neutron.manager [None req-c42b5e0d-8c0a-4856-98f4-94ee475cd2fa None None] Loading Plugin: timestamp
May 27 01:07:14.400799 np0000176806 devstack@neutron-api.service[103076]: DEBUG neutron_lib.callbacks.manager [None req-550acb76-b73d-4c79-b5c3-3ab5bc90e68d None None] Subscribe: > port after_update 55550000, False {{(pid=103076) subscribe /opt/stack/data/venv/lib/python3.12/site-packages/neutron_lib/callbacks/manager.py:52}}
May 27 01:07:14.400941 np0000176806 devstack@neutron-api.service[103076]: DEBUG neutron_lib.callbacks.manager [None req-550acb76-b73d-4c79-b5c3-3ab5bc90e68d None None] Subscribe: > port after_delete 55550000, False {{(pid=103076) subscribe /opt/stack/data/venv/lib/python3.12/site-packages/neutron_lib/callbacks/manager.py:52}}
May 27 01:07:14.401103 np0000176806 devstack@neutron-api.service[103076]: DEBUG neutron_lib.callbacks.manager [None req-550acb76-b73d-4c79-b5c3-3ab5bc90e68d None None] Subscribe: > subnet after_create 55550000, False {{(pid=103076) subscribe /opt/stack/data/venv/lib/python3.12/site-packages/neutron_lib/callbacks/manager.py:52}}
May 27 01:07:14.401300 np0000176806 devstack@neutron-api.service[103076]: DEBUG neutron_lib.callbacks.manager [None req-550acb76-b73d-4c79-b5c3-3ab5bc90e68d None None] Subscribe: > subnet after_update 55550000, False {{(pid=103076) subscribe /opt/stack/data/venv/lib/python3.12/site-packages/neutron_lib/callbacks/manager.py:52}}
May 27 01:07:14.401539 np0000176806 devstack@neutron-api.service[103076]: DEBUG neutron_lib.callbacks.manager [None req-550acb76-b73d-4c79-b5c3-3ab5bc90e68d None None] Subscribe: > subnet after_delete 55550000, False {{(pid=103076) subscribe /opt/stack/data/venv/lib/python3.12/site-packages/neutron_lib/callbacks/manager.py:52}}
May 27 01:07:14.401986 np0000176806 devstack@neutron-api.service[103078]: DEBUG neutron.manager [None req-c42b5e0d-8c0a-4856-98f4-94ee475cd2fa None None] Successfully loaded timestamp plugin. Description: Adds timestamps to Neutron resources with standard attributes {{(pid=103078) _create_and_add_service_plugin /opt/stack/neutron/neutron/manager.py:239}}
May 27 01:07:14.402097 np0000176806 devstack@neutron-api.service[103078]: INFO neutron.manager [None req-c42b5e0d-8c0a-4856-98f4-94ee475cd2fa None None] Loading Plugin: network_ip_availability
May 27 01:07:14.402261 np0000176806 devstack@neutron-api.service[103076]: DEBUG neutron_lib.callbacks.manager [None req-550acb76-b73d-4c79-b5c3-3ab5bc90e68d None None] Subscribe: > network after_create 55550000, False {{(pid=103076) subscribe /opt/stack/data/venv/lib/python3.12/site-packages/neutron_lib/callbacks/manager.py:52}}
May 27 01:07:14.403380 np0000176806 devstack@neutron-api.service[103076]: DEBUG neutron_lib.callbacks.manager [None req-550acb76-b73d-4c79-b5c3-3ab5bc90e68d None None] Subscribe: > network after_update 55550000, False {{(pid=103076) subscribe /opt/stack/data/venv/lib/python3.12/site-packages/neutron_lib/callbacks/manager.py:52}}
May 27 01:07:14.403504 np0000176806 devstack@neutron-api.service[103076]: DEBUG neutron_lib.callbacks.manager [None req-550acb76-b73d-4c79-b5c3-3ab5bc90e68d None None] Subscribe: > network after_delete 55550000, False {{(pid=103076) subscribe /opt/stack/data/venv/lib/python3.12/site-packages/neutron_lib/callbacks/manager.py:52}}
May 27 01:07:14.403676 np0000176806 devstack@neutron-api.service[103076]: DEBUG neutron_lib.callbacks.manager [None req-550acb76-b73d-4c79-b5c3-3ab5bc90e68d None None] Subscribe: > security_group after_create 55550000, False {{(pid=103076) subscribe /opt/stack/data/venv/lib/python3.12/site-packages/neutron_lib/callbacks/manager.py:52}}
May 27 01:07:14.403707 np0000176806 devstack@neutron-api.service[103078]: DEBUG neutron.manager [None req-c42b5e0d-8c0a-4856-98f4-94ee475cd2fa None None] Successfully loaded network-ip-availability plugin. Description: Provides IP availability data for each network and subnet. {{(pid=103078) _create_and_add_service_plugin /opt/stack/neutron/neutron/manager.py:239}}
May 27 01:07:14.403767 np0000176806 devstack@neutron-api.service[103076]: DEBUG neutron_lib.callbacks.manager [None req-550acb76-b73d-4c79-b5c3-3ab5bc90e68d None None] Subscribe: > security_group after_update 55550000, False {{(pid=103076) subscribe /opt/stack/data/venv/lib/python3.12/site-packages/neutron_lib/callbacks/manager.py:52}}
May 27 01:07:14.403796 np0000176806 devstack@neutron-api.service[103078]: INFO neutron.manager [None req-c42b5e0d-8c0a-4856-98f4-94ee475cd2fa None None] Loading Plugin: flavors
May 27 01:07:14.403852 np0000176806 devstack@neutron-api.service[103076]: DEBUG neutron_lib.callbacks.manager [None req-550acb76-b73d-4c79-b5c3-3ab5bc90e68d None None] Subscribe: > security_group after_delete 55550000, False {{(pid=103076) subscribe /opt/stack/data/venv/lib/python3.12/site-packages/neutron_lib/callbacks/manager.py:52}}
May 27 01:07:14.403935 np0000176806 devstack@neutron-api.service[103076]: DEBUG neutron_lib.callbacks.manager [None req-550acb76-b73d-4c79-b5c3-3ab5bc90e68d None None] Subscribe: > security_group_rule after_create 55550000, False {{(pid=103076) subscribe /opt/stack/data/venv/lib/python3.12/site-packages/neutron_lib/callbacks/manager.py:52}}
May 27 01:07:14.404057 np0000176806 devstack@neutron-api.service[103076]: DEBUG neutron_lib.callbacks.manager [None req-550acb76-b73d-4c79-b5c3-3ab5bc90e68d None None] Subscribe: > security_group_rule after_update 55550000, False {{(pid=103076) subscribe /opt/stack/data/venv/lib/python3.12/site-packages/neutron_lib/callbacks/manager.py:52}}
May 27 01:07:14.404224 np0000176806 devstack@neutron-api.service[103076]: DEBUG neutron_lib.callbacks.manager [None req-550acb76-b73d-4c79-b5c3-3ab5bc90e68d None None] Subscribe: > security_group_rule after_delete 55550000, False {{(pid=103076) subscribe /opt/stack/data/venv/lib/python3.12/site-packages/neutron_lib/callbacks/manager.py:52}}
May 27 01:07:14.404330 np0000176806 devstack@neutron-api.service[103076]: DEBUG neutron_lib.callbacks.manager [None req-550acb76-b73d-4c79-b5c3-3ab5bc90e68d None None] Subscribe: > address_group after_create 55550000, False {{(pid=103076) subscribe /opt/stack/data/venv/lib/python3.12/site-packages/neutron_lib/callbacks/manager.py:52}}
May 27 01:07:14.404432 np0000176806 devstack@neutron-api.service[103076]: DEBUG neutron_lib.callbacks.manager [None req-550acb76-b73d-4c79-b5c3-3ab5bc90e68d None None] Subscribe: > address_group after_update 55550000, False {{(pid=103076) subscribe /opt/stack/data/venv/lib/python3.12/site-packages/neutron_lib/callbacks/manager.py:52}}
May 27 01:07:14.404555 np0000176806 devstack@neutron-api.service[103076]: DEBUG neutron_lib.callbacks.manager [None req-550acb76-b73d-4c79-b5c3-3ab5bc90e68d None None] Subscribe: > address_group after_delete 55550000, False {{(pid=103076) subscribe /opt/stack/data/venv/lib/python3.12/site-packages/neutron_lib/callbacks/manager.py:52}}
May 27 01:07:14.404661 np0000176806 devstack@neutron-api.service[103078]: DEBUG neutron.manager [None req-c42b5e0d-8c0a-4856-98f4-94ee475cd2fa None None] Successfully loaded FLAVORS plugin. Description: Neutron Flavors and Service Profiles manager plugin {{(pid=103078) _create_and_add_service_plugin /opt/stack/neutron/neutron/manager.py:239}}
May 27 01:07:14.404692 np0000176806 devstack@neutron-api.service[103076]: DEBUG neutron.plugins.ml2.ovo_rpc [None req-550acb76-b73d-4c79-b5c3-3ab5bc90e68d None None] ML2 OVO RPC backend initialized. {{(pid=103076) __init__ /opt/stack/neutron/neutron/plugins/ml2/ovo_rpc.py:117}}
May 27 01:07:14.404750 np0000176806 devstack@neutron-api.service[103078]: INFO neutron.manager [None req-c42b5e0d-8c0a-4856-98f4-94ee475cd2fa None None] Loading Plugin: revisions
May 27 01:07:14.405475 np0000176806 devstack@neutron-api.service[103076]: INFO neutron.quota [None req-550acb76-b73d-4c79-b5c3-3ab5bc90e68d None None] Loaded quota_driver: .
May 27 01:07:14.405576 np0000176806 devstack@neutron-api.service[103076]: INFO neutron.plugins.ml2.plugin [None req-550acb76-b73d-4c79-b5c3-3ab5bc90e68d None None] Modular L2 Plugin initialization complete
May 27 01:07:14.405686 np0000176806 devstack@neutron-api.service[103078]: DEBUG neutron.manager [None req-c42b5e0d-8c0a-4856-98f4-94ee475cd2fa None None] Successfully loaded revision_plugin plugin. Description: Adds revision numbers to resources. {{(pid=103078) _create_and_add_service_plugin /opt/stack/neutron/neutron/manager.py:239}}
May 27 01:07:14.405724 np0000176806 devstack@neutron-api.service[103076]: DEBUG neutron.manager [None req-550acb76-b73d-4c79-b5c3-3ab5bc90e68d None None] Loading services supported by the core plugin {{(pid=103076) _load_services_from_core_plugin /opt/stack/neutron/neutron/manager.py:170}}
May 27 01:07:14.405818 np0000176806 devstack@neutron-api.service[103078]: DEBUG oslo_concurrency.lockutils [None req-c42b5e0d-8c0a-4856-98f4-94ee475cd2fa None None] Lock "manager" "released" by "neutron.manager.NeutronManager._create_instance" :: held 4.544s {{(pid=103078) inner /opt/stack/data/venv/lib/python3.12/site-packages/oslo_concurrency/lockutils.py:543}}
May 27 01:07:14.405849 np0000176806 devstack@neutron-api.service[103076]: INFO neutron.plugins.ml2.managers [None req-550acb76-b73d-4c79-b5c3-3ab5bc90e68d None None] Got port-security extension from driver 'port_security'
May 27 01:07:14.406008 np0000176806 devstack@neutron-api.service[103078]: DEBUG neutron.api.extensions [None req-c42b5e0d-8c0a-4856-98f4-94ee475cd2fa None None] get_extension_paths = OrderedDict({'/opt/stack/neutron/neutron/extensions': 1}) {{(pid=103078) get_extensions_path /opt/stack/neutron/neutron/api/extensions.py:640}}
May 27 01:07:14.406104 np0000176806 devstack@neutron-api.service[103076]: DEBUG neutron.manager [None req-550acb76-b73d-4c79-b5c3-3ab5bc90e68d None None] Loading service plugins: ['ovn-router', 'auto_allocate', 'tag', 'timestamp', 'network_ip_availability', 'flavors', 'revisions'] {{(pid=103076) _load_service_plugins /opt/stack/neutron/neutron/manager.py:195}}
May 27 01:07:14.406178 np0000176806 devstack@neutron-api.service[103078]: INFO neutron.api.extensions [None req-c42b5e0d-8c0a-4856-98f4-94ee475cd2fa None None] Initializing extension manager.
May 27 01:07:14.406239 np0000176806 devstack@neutron-api.service[103076]: INFO neutron.manager [None req-550acb76-b73d-4c79-b5c3-3ab5bc90e68d None None] Loading Plugin: ovn-router
May 27 01:07:14.406342 np0000176806 devstack@neutron-api.service[103078]: DEBUG neutron.api.extensions [None req-c42b5e0d-8c0a-4856-98f4-94ee475cd2fa None None] Loading extension file: __init__.py {{(pid=103078) _load_all_extensions_from_path /opt/stack/neutron/neutron/api/extensions.py:449}}
May 27 01:07:14.406458 np0000176806 devstack@neutron-api.service[103078]: DEBUG neutron.api.extensions [None req-c42b5e0d-8c0a-4856-98f4-94ee475cd2fa None None] Loading extension file: __pycache__ {{(pid=103078) _load_all_extensions_from_path /opt/stack/neutron/neutron/api/extensions.py:449}}
May 27 01:07:14.406541 np0000176806 devstack@neutron-api.service[103078]: DEBUG neutron.api.extensions [None req-c42b5e0d-8c0a-4856-98f4-94ee475cd2fa None None] Loading extension file: aap_reject_multicast.py {{(pid=103078) _load_all_extensions_from_path /opt/stack/neutron/neutron/api/extensions.py:449}}
May 27 01:07:14.406799 np0000176806 devstack@neutron-api.service[103078]: DEBUG neutron.api.extensions [None req-c42b5e0d-8c0a-4856-98f4-94ee475cd2fa None None] Ext name="Allowed address pairs reject multicast extension" alias="aap-reject-multicast" description="Reject multicast addresses in Allowed Address Pairs" updated="2026-04-01T00:00:00-00:00" {{(pid=103078) _check_extension /opt/stack/neutron/neutron/api/extensions.py:415}}
May 27 01:07:14.407039 np0000176806 devstack@neutron-api.service[103078]: INFO neutron.api.extensions [None req-c42b5e0d-8c0a-4856-98f4-94ee475cd2fa None None] Extension aap-reject-multicast not supported by any of loaded plugins
May 27 01:07:14.407133 np0000176806 devstack@neutron-api.service[103078]: DEBUG neutron.api.extensions [None req-c42b5e0d-8c0a-4856-98f4-94ee475cd2fa None None] Loading extension file: address_group.py {{(pid=103078) _load_all_extensions_from_path /opt/stack/neutron/neutron/api/extensions.py:449}}
May 27 01:07:14.407459 np0000176806 devstack@neutron-api.service[103078]: DEBUG neutron.api.extensions [None req-c42b5e0d-8c0a-4856-98f4-94ee475cd2fa None None] Ext name="Address group" alias="address-group" description="Support address group" updated="2020-07-15T10:00:00-00:00" {{(pid=103078) _check_extension /opt/stack/neutron/neutron/api/extensions.py:415}}
May 27 01:07:14.407651 np0000176806 devstack@neutron-api.service[103078]: INFO neutron.api.extensions [None req-c42b5e0d-8c0a-4856-98f4-94ee475cd2fa None None] Loaded extension: address-group
May 27 01:07:14.407736 np0000176806 devstack@neutron-api.service[103078]: DEBUG neutron.api.extensions [None req-c42b5e0d-8c0a-4856-98f4-94ee475cd2fa None None] Loading extension file: address_scope.py {{(pid=103078) _load_all_extensions_from_path /opt/stack/neutron/neutron/api/extensions.py:449}}
May 27 01:07:14.407991 np0000176806 devstack@neutron-api.service[103078]: DEBUG neutron.api.extensions [None req-c42b5e0d-8c0a-4856-98f4-94ee475cd2fa None None] Ext name="Address scope" alias="address-scope" description="Address scopes extension." updated="2015-07-26T10:00:00-00:00" {{(pid=103078) _check_extension /opt/stack/neutron/neutron/api/extensions.py:415}}
May 27 01:07:14.408167 np0000176806 devstack@neutron-api.service[103078]: INFO neutron.api.extensions [None req-c42b5e0d-8c0a-4856-98f4-94ee475cd2fa None None] Loaded extension: address-scope
May 27 01:07:14.408251 np0000176806 devstack@neutron-api.service[103078]: DEBUG neutron.api.extensions [None req-c42b5e0d-8c0a-4856-98f4-94ee475cd2fa None None] Loading extension file: admin_state_down_before_update.py {{(pid=103078) _load_all_extensions_from_path /opt/stack/neutron/neutron/api/extensions.py:449}}
May 27 01:07:14.408459 np0000176806 devstack@neutron-api.service[103078]: DEBUG neutron.api.extensions [None req-c42b5e0d-8c0a-4856-98f4-94ee475cd2fa None None] Ext name="Enforce Router's Admin State Down Before Update Extension" alias="router-admin-state-down-before-update" description="Ensure that the admin state of a router is DOWN (admin_state_up=False) before updating the distributed attribute" updated="2019-07-02T15:56:00" {{(pid=103078) _check_extension /opt/stack/neutron/neutron/api/extensions.py:415}}
May 27 01:07:14.408648 np0000176806 devstack@neutron-api.service[103078]: INFO neutron.api.extensions [None req-c42b5e0d-8c0a-4856-98f4-94ee475cd2fa None None] Extension router-admin-state-down-before-update not supported by any of loaded plugins
May 27 01:07:14.408736 np0000176806 devstack@neutron-api.service[103078]: DEBUG neutron.api.extensions [None req-c42b5e0d-8c0a-4856-98f4-94ee475cd2fa None None] Loading extension file: agent.py {{(pid=103078) _load_all_extensions_from_path /opt/stack/neutron/neutron/api/extensions.py:449}}
May 27 01:07:14.409046 np0000176806 devstack@neutron-api.service[103078]: DEBUG neutron.api.extensions [None req-c42b5e0d-8c0a-4856-98f4-94ee475cd2fa None None] Ext name="agent" alias="agent" description="The agent management extension." updated="2013-02-03T10:00:00-00:00" {{(pid=103078) _check_extension /opt/stack/neutron/neutron/api/extensions.py:415}}
May 27 01:07:14.409184 np0000176806 devstack@neutron-api.service[103078]: INFO neutron.api.extensions [None req-c42b5e0d-8c0a-4856-98f4-94ee475cd2fa None None] Loaded extension: agent
May 27 01:07:14.409273 np0000176806 devstack@neutron-api.service[103078]: DEBUG neutron.api.extensions [None req-c42b5e0d-8c0a-4856-98f4-94ee475cd2fa None None] Loading extension file: agent_resources_synced.py {{(pid=103078) _load_all_extensions_from_path /opt/stack/neutron/neutron/api/extensions.py:449}}
May 27 01:07:14.409592 np0000176806 devstack@neutron-api.service[103078]: DEBUG neutron.api.extensions [None req-c42b5e0d-8c0a-4856-98f4-94ee475cd2fa None None] Ext name="Agent's Resource View Synced to Placement" alias="agent-resources-synced" description="Stores success/failure of last sync to Placement" updated="2018-12-19T00:00:00-00:00" {{(pid=103078) _check_extension /opt/stack/neutron/neutron/api/extensions.py:415}}
May 27 01:07:14.409766 np0000176806 devstack@neutron-api.service[103078]: INFO neutron.api.extensions [None req-c42b5e0d-8c0a-4856-98f4-94ee475cd2fa None None] Extension agent-resources-synced not supported by any of loaded plugins
May 27 01:07:14.409861 np0000176806 devstack@neutron-api.service[103078]: DEBUG neutron.api.extensions [None req-c42b5e0d-8c0a-4856-98f4-94ee475cd2fa None None] Loading extension file: agent_sort_key.py {{(pid=103078) _load_all_extensions_from_path /opt/stack/neutron/neutron/api/extensions.py:449}}
May 27 01:07:14.410046 np0000176806 devstack@neutron-api.service[103078]: DEBUG neutron.api.extensions [None req-c42b5e0d-8c0a-4856-98f4-94ee475cd2fa None None] Ext name="Agents Sort Key" alias="agent_sort_key" description="Enabling the keyword sort_key for sorting in agents." updated="2013-02-03T10:00:00-00:00" {{(pid=103078) _check_extension /opt/stack/neutron/neutron/api/extensions.py:415}}
May 27 01:07:14.410215 np0000176806 devstack@neutron-api.service[103078]: INFO neutron.api.extensions [None req-c42b5e0d-8c0a-4856-98f4-94ee475cd2fa None None] Extension agent_sort_key not supported by any of loaded plugins
May 27 01:07:14.410304 np0000176806 devstack@neutron-api.service[103078]: DEBUG neutron.api.extensions [None req-c42b5e0d-8c0a-4856-98f4-94ee475cd2fa None None] Loading extension file: allowedaddresspairs.py {{(pid=103078) _load_all_extensions_from_path /opt/stack/neutron/neutron/api/extensions.py:449}}
May 27 01:07:14.410956 np0000176806 devstack@neutron-api.service[103078]: DEBUG neutron.api.extensions [None req-c42b5e0d-8c0a-4856-98f4-94ee475cd2fa None None] Ext name="Allowed Address Pairs" alias="allowed-address-pairs" description="Provides allowed address pairs" updated="2013-07-23T10:00:00-00:00" {{(pid=103078) _check_extension /opt/stack/neutron/neutron/api/extensions.py:415}}
May 27 01:07:14.411152 np0000176806 devstack@neutron-api.service[103078]: INFO neutron.api.extensions [None req-c42b5e0d-8c0a-4856-98f4-94ee475cd2fa None None] Loaded extension: allowed-address-pairs
May 27 01:07:14.411243 np0000176806 devstack@neutron-api.service[103078]: DEBUG neutron.api.extensions [None req-c42b5e0d-8c0a-4856-98f4-94ee475cd2fa None None] Loading extension file: auto_allocated_topology.py {{(pid=103078) _load_all_extensions_from_path /opt/stack/neutron/neutron/api/extensions.py:449}}
May 27 01:07:14.411498 np0000176806 devstack@neutron-api.service[103078]: DEBUG neutron.api.extensions [None req-c42b5e0d-8c0a-4856-98f4-94ee475cd2fa None None] Ext name="Auto Allocated Topology Services" alias="auto-allocated-topology" description="Auto Allocated Topology Services." updated="2016-01-01T00:00:00-00:00" {{(pid=103078) _check_extension /opt/stack/neutron/neutron/api/extensions.py:415}}
May 27 01:07:14.411679 np0000176806 devstack@neutron-api.service[103078]: INFO neutron.api.extensions [None req-c42b5e0d-8c0a-4856-98f4-94ee475cd2fa None None] Loaded extension: auto-allocated-topology
May 27 01:07:14.411765 np0000176806 devstack@neutron-api.service[103078]: DEBUG neutron.api.extensions [None req-c42b5e0d-8c0a-4856-98f4-94ee475cd2fa None None] Loading extension file: availability_zone.py {{(pid=103078) _load_all_extensions_from_path /opt/stack/neutron/neutron/api/extensions.py:449}}
May 27 01:07:14.412022 np0000176806 devstack@neutron-api.service[103078]: DEBUG neutron.api.extensions [None req-c42b5e0d-8c0a-4856-98f4-94ee475cd2fa None None] Ext name="Availability Zone" alias="availability_zone" description="The availability zone extension." updated="2015-01-01T10:00:00-00:00" {{(pid=103078) _check_extension /opt/stack/neutron/neutron/api/extensions.py:415}}
May 27 01:07:14.412185 np0000176806 devstack@neutron-api.service[103078]: INFO neutron.api.extensions [None req-c42b5e0d-8c0a-4856-98f4-94ee475cd2fa None None] Loaded extension: availability_zone
May 27 01:07:14.412275 np0000176806 devstack@neutron-api.service[103078]: DEBUG neutron.api.extensions [None req-c42b5e0d-8c0a-4856-98f4-94ee475cd2fa None None] Loading extension file: availability_zone_filter.py {{(pid=103078) _load_all_extensions_from_path /opt/stack/neutron/neutron/api/extensions.py:449}}
May 27 01:07:14.412470 np0000176806 devstack@neutron-api.service[103078]: DEBUG neutron.api.extensions [None req-c42b5e0d-8c0a-4856-98f4-94ee475cd2fa None None] Ext name="Availability Zone Filter Extension" alias="availability_zone_filter" description="Add filter parameters to AvailabilityZone resource" updated="2018-06-22T10:00:00-00:00" {{(pid=103078) _check_extension /opt/stack/neutron/neutron/api/extensions.py:415}}
May 27 01:07:14.412653 np0000176806 devstack@neutron-api.service[103078]: INFO neutron.api.extensions [None req-c42b5e0d-8c0a-4856-98f4-94ee475cd2fa None None] Extension availability_zone_filter not supported by any of loaded plugins
May 27 01:07:14.412741 np0000176806 devstack@neutron-api.service[103078]: DEBUG neutron.api.extensions [None req-c42b5e0d-8c0a-4856-98f4-94ee475cd2fa None None] Loading extension file: data_plane_status.py {{(pid=103078) _load_all_extensions_from_path /opt/stack/neutron/neutron/api/extensions.py:449}}
May 27 01:07:14.412957 np0000176806 devstack@neutron-api.service[103078]: DEBUG neutron.api.extensions [None req-c42b5e0d-8c0a-4856-98f4-94ee475cd2fa None None] Ext name="Port data plane status extension" alias="data-plane-status" description="Expose status of underlying data plane" updated="2017-01-24T10:00:00-00:00" {{(pid=103078) _check_extension /opt/stack/neutron/neutron/api/extensions.py:415}}
May 27 01:07:14.413115 np0000176806 devstack@neutron-api.service[103078]: INFO neutron.api.extensions [None req-c42b5e0d-8c0a-4856-98f4-94ee475cd2fa None None] Extension data-plane-status not supported by any of loaded plugins
May 27 01:07:14.413192 np0000176806 devstack@neutron-api.service[103078]: DEBUG neutron.api.extensions [None req-c42b5e0d-8c0a-4856-98f4-94ee475cd2fa None None] Loading extension file: default_subnetpools.py {{(pid=103078) _load_all_extensions_from_path /opt/stack/neutron/neutron/api/extensions.py:449}}
May 27 01:07:14.413431 np0000176806 devstack@neutron-api.service[103078]: DEBUG neutron.api.extensions [None req-c42b5e0d-8c0a-4856-98f4-94ee475cd2fa None None] Ext name="Default Subnetpools" alias="default-subnetpools" description="Provides ability to mark and use a subnetpool as the default." updated="2016-02-18T18:00:00-00:00" {{(pid=103078) _check_extension /opt/stack/neutron/neutron/api/extensions.py:415}}
May 27 01:07:14.413612 np0000176806 devstack@neutron-api.service[103078]: INFO neutron.api.extensions [None req-c42b5e0d-8c0a-4856-98f4-94ee475cd2fa None None] Loaded extension: default-subnetpools
May 27 01:07:14.413701 np0000176806 devstack@neutron-api.service[103078]: DEBUG neutron.api.extensions [None req-c42b5e0d-8c0a-4856-98f4-94ee475cd2fa None None] Loading extension file: dhcpagentscheduler.py {{(pid=103078) _load_all_extensions_from_path /opt/stack/neutron/neutron/api/extensions.py:449}}
May 27 01:07:14.414023 np0000176806 devstack@neutron-api.service[103078]: DEBUG neutron.api.extensions [None req-c42b5e0d-8c0a-4856-98f4-94ee475cd2fa None None] Ext name="DHCP Agent Scheduler" alias="dhcp_agent_scheduler" description="Schedule networks among dhcp agents" updated="2013-02-07T10:00:00-00:00" {{(pid=103078) _check_extension /opt/stack/neutron/neutron/api/extensions.py:415}}
May 27 01:07:14.414185 np0000176806 devstack@neutron-api.service[103078]: INFO neutron.api.extensions [None req-c42b5e0d-8c0a-4856-98f4-94ee475cd2fa None None] Loaded extension: dhcp_agent_scheduler
May 27 01:07:14.414265 np0000176806 devstack@neutron-api.service[103078]: DEBUG neutron.api.extensions [None req-c42b5e0d-8c0a-4856-98f4-94ee475cd2fa None None] Loading extension file: dns.py {{(pid=103078) _load_all_extensions_from_path /opt/stack/neutron/neutron/api/extensions.py:449}}
May 27 01:07:14.414509 np0000176806 devstack@neutron-api.service[103078]: DEBUG neutron.api.extensions [None req-c42b5e0d-8c0a-4856-98f4-94ee475cd2fa None None] Ext name="DNS Integration" alias="dns-integration" description="Provides integration with DNS." updated="2015-08-15T18:00:00-00:00" {{(pid=103078) _check_extension /opt/stack/neutron/neutron/api/extensions.py:415}}
May 27 01:07:14.414693 np0000176806 devstack@neutron-api.service[103078]: INFO neutron.api.extensions [None req-c42b5e0d-8c0a-4856-98f4-94ee475cd2fa None None] Loaded extension: dns-integration
May 27 01:07:14.414757 np0000176806 devstack@neutron-api.service[103078]: DEBUG neutron.api.extensions [None req-c42b5e0d-8c0a-4856-98f4-94ee475cd2fa None None] Loading extension file: dns_domain_ports.py {{(pid=103078) _load_all_extensions_from_path /opt/stack/neutron/neutron/api/extensions.py:449}}
May 27 01:07:14.414968 np0000176806 devstack@neutron-api.service[103078]: DEBUG neutron.api.extensions [None req-c42b5e0d-8c0a-4856-98f4-94ee475cd2fa None None] Ext name="dns_domain for ports" alias="dns-domain-ports" description="Allows the DNS domain to be specified for a network port." updated="2017-04-24T10:00:00-00:00" {{(pid=103078) _check_extension /opt/stack/neutron/neutron/api/extensions.py:415}}
May 27 01:07:14.415162 np0000176806 devstack@neutron-api.service[103078]: INFO neutron.api.extensions [None req-c42b5e0d-8c0a-4856-98f4-94ee475cd2fa None None] Loaded extension: dns-domain-ports
May 27 01:07:14.415275 np0000176806 devstack@neutron-api.service[103078]: DEBUG neutron.api.extensions [None req-c42b5e0d-8c0a-4856-98f4-94ee475cd2fa None None] Loading extension file: dns_integration_domain_keywords.py {{(pid=103078) _load_all_extensions_from_path /opt/stack/neutron/neutron/api/extensions.py:449}}
May 27 01:07:14.415467 np0000176806 devstack@neutron-api.service[103078]: DEBUG neutron.api.extensions [None req-c42b5e0d-8c0a-4856-98f4-94ee475cd2fa None None] Ext name="DNS domain names with keywords allowed" alias="dns-integration-domain-keywords" description="Allows to use keywords like , , and as DNS domain name" updated="2020-06-15T18:00:00-00:00" {{(pid=103078) _check_extension /opt/stack/neutron/neutron/api/extensions.py:415}}
May 27 01:07:14.415540 np0000176806 devstack@neutron-api.service[103076]: DEBUG neutron_lib.callbacks.manager [None req-550acb76-b73d-4c79-b5c3-3ab5bc90e68d None None] Subscribe: > router before_delete 55550000, False {{(pid=103076) subscribe /opt/stack/data/venv/lib/python3.12/site-packages/neutron_lib/callbacks/manager.py:52}}
May 27 01:07:14.415637 np0000176806 devstack@neutron-api.service[103078]: INFO neutron.api.extensions [None req-c42b5e0d-8c0a-4856-98f4-94ee475cd2fa None None] Loaded extension: dns-integration-domain-keywords
May 27 01:07:14.415707 np0000176806 devstack@neutron-api.service[103076]: DEBUG neutron_lib.callbacks.manager [None req-550acb76-b73d-4c79-b5c3-3ab5bc90e68d None None] Subscribe: port before_update 55550000, False {{(pid=103076) subscribe /opt/stack/data/venv/lib/python3.12/site-packages/neutron_lib/callbacks/manager.py:52}}
May 27 01:07:14.415736 np0000176806 devstack@neutron-api.service[103078]: DEBUG neutron.api.extensions [None req-c42b5e0d-8c0a-4856-98f4-94ee475cd2fa None None] Loading extension file: dvr.py {{(pid=103078) _load_all_extensions_from_path /opt/stack/neutron/neutron/api/extensions.py:449}}
May 27 01:07:14.415891 np0000176806 devstack@neutron-api.service[103076]: DEBUG neutron_lib.callbacks.manager [None req-550acb76-b73d-4c79-b5c3-3ab5bc90e68d None None] Subscribe: port after_update 55550000, False {{(pid=103076) subscribe /opt/stack/data/venv/lib/python3.12/site-packages/neutron_lib/callbacks/manager.py:52}}
May 27 01:07:14.415972 np0000176806 devstack@neutron-api.service[103078]: DEBUG neutron.api.extensions [None req-c42b5e0d-8c0a-4856-98f4-94ee475cd2fa None None] Ext name="Distributed Virtual Router" alias="dvr" description="Enables configuration of Distributed Virtual Routers." updated="2014-06-1T10:00:00-00:00" {{(pid=103078) _check_extension /opt/stack/neutron/neutron/api/extensions.py:415}}
May 27 01:07:14.416002 np0000176806 devstack@neutron-api.service[103076]: DEBUG neutron_lib.callbacks.manager [None req-550acb76-b73d-4c79-b5c3-3ab5bc90e68d None None] Subscribe: > port precommit_delete 55550000, False {{(pid=103076) subscribe /opt/stack/data/venv/lib/python3.12/site-packages/neutron_lib/callbacks/manager.py:52}}
May 27 01:07:14.416102 np0000176806 devstack@neutron-api.service[103076]: DEBUG neutron_lib.callbacks.manager [None req-550acb76-b73d-4c79-b5c3-3ab5bc90e68d None None] Subscribe: port before_update 55550000, False {{(pid=103076) subscribe /opt/stack/data/venv/lib/python3.12/site-packages/neutron_lib/callbacks/manager.py:52}}
May 27 01:07:14.416138 np0000176806 devstack@neutron-api.service[103078]: INFO neutron.api.extensions [None req-c42b5e0d-8c0a-4856-98f4-94ee475cd2fa None None] Extension dvr not supported by any of loaded plugins
May 27 01:07:14.416196 np0000176806 devstack@neutron-api.service[103076]: DEBUG neutron_lib.callbacks.manager [None req-550acb76-b73d-4c79-b5c3-3ab5bc90e68d None None] Subscribe: port before_delete 55550000, False {{(pid=103076) subscribe /opt/stack/data/venv/lib/python3.12/site-packages/neutron_lib/callbacks/manager.py:52}}
May 27 01:07:14.416226 np0000176806 devstack@neutron-api.service[103078]: DEBUG neutron.api.extensions [None req-c42b5e0d-8c0a-4856-98f4-94ee475cd2fa None None] Loading extension file: ecmp_routes.py {{(pid=103078) _load_all_extensions_from_path /opt/stack/neutron/neutron/api/extensions.py:449}}
May 27 01:07:14.416303 np0000176806 devstack@neutron-api.service[103076]: DEBUG neutron_lib.callbacks.manager [None req-550acb76-b73d-4c79-b5c3-3ab5bc90e68d None None] Subscribe: > router precommit_create 55550000, False {{(pid=103076) subscribe /opt/stack/data/venv/lib/python3.12/site-packages/neutron_lib/callbacks/manager.py:52}}
May 27 01:07:14.416405 np0000176806 devstack@neutron-api.service[103076]: DEBUG neutron_lib.callbacks.manager [None req-550acb76-b73d-4c79-b5c3-3ab5bc90e68d None None] Subscribe: > router precommit_create 55550000, False {{(pid=103076) subscribe /opt/stack/data/venv/lib/python3.12/site-packages/neutron_lib/callbacks/manager.py:52}}
May 27 01:07:14.416440 np0000176806 devstack@neutron-api.service[103078]: DEBUG neutron.api.extensions [None req-c42b5e0d-8c0a-4856-98f4-94ee475cd2fa None None] Ext name="Equal Cost Multipath Routing" alias="ecmp_routes" description="Allows traffic to reach thesame destination via multiple different links " updated="2020-11-26T18:00:00-00:00" {{(pid=103078) _check_extension /opt/stack/neutron/neutron/api/extensions.py:415}}
May 27 01:07:14.416499 np0000176806 devstack@neutron-api.service[103076]: DEBUG neutron_lib.callbacks.manager [None req-550acb76-b73d-4c79-b5c3-3ab5bc90e68d None None] Subscribe: > router precommit_update 55550000, False {{(pid=103076) subscribe /opt/stack/data/venv/lib/python3.12/site-packages/neutron_lib/callbacks/manager.py:52}}
May 27 01:07:14.416637 np0000176806 devstack@neutron-api.service[103078]: INFO neutron.api.extensions [None req-c42b5e0d-8c0a-4856-98f4-94ee475cd2fa None None] Extension ecmp_routes not supported by any of loaded plugins
May 27 01:07:14.416665 np0000176806 devstack@neutron-api.service[103076]: DEBUG neutron_lib.callbacks.manager [None req-550acb76-b73d-4c79-b5c3-3ab5bc90e68d None None] Subscribe: subnet after_update 55550000, False {{(pid=103076) subscribe /opt/stack/data/venv/lib/python3.12/site-packages/neutron_lib/callbacks/manager.py:52}}
May 27 01:07:14.416694 np0000176806 devstack@neutron-api.service[103078]: DEBUG neutron.api.extensions [None req-c42b5e0d-8c0a-4856-98f4-94ee475cd2fa None None] Loading extension file: empty_string_filtering.py {{(pid=103078) _load_all_extensions_from_path /opt/stack/neutron/neutron/api/extensions.py:449}}
May 27 01:07:14.416814 np0000176806 devstack@neutron-api.service[103076]: DEBUG neutron.quota.resource_registry [None req-550acb76-b73d-4c79-b5c3-3ab5bc90e68d None None] Tracking information for resource: router configured {{(pid=103076) set_tracked_resource /opt/stack/neutron/neutron/quota/resource_registry.py:203}}
May 27 01:07:14.416909 np0000176806 devstack@neutron-api.service[103076]: DEBUG neutron.quota.resource_registry [None req-550acb76-b73d-4c79-b5c3-3ab5bc90e68d None None] Tracking information for resource: floatingip configured {{(pid=103076) set_tracked_resource /opt/stack/neutron/neutron/quota/resource_registry.py:203}}
May 27 01:07:14.416940 np0000176806 devstack@neutron-api.service[103078]: DEBUG neutron.api.extensions [None req-c42b5e0d-8c0a-4856-98f4-94ee475cd2fa None None] Ext name="Empty String Filtering Extension" alias="empty-string-filtering" description="Allow filtering by attributes with empty string value" updated="2018-05-01T10:00:00-00:00" {{(pid=103078) _check_extension /opt/stack/neutron/neutron/api/extensions.py:415}}
May 27 01:07:14.417000 np0000176806 devstack@neutron-api.service[103076]: INFO neutron.services.ovn_l3.plugin [None req-550acb76-b73d-4c79-b5c3-3ab5bc90e68d None None] Starting OVNL3RouterPlugin
May 27 01:07:14.417110 np0000176806 devstack@neutron-api.service[103078]: INFO neutron.api.extensions [None req-c42b5e0d-8c0a-4856-98f4-94ee475cd2fa None None] Loaded extension: empty-string-filtering
May 27 01:07:14.417157 np0000176806 devstack@neutron-api.service[103078]: DEBUG neutron.api.extensions [None req-c42b5e0d-8c0a-4856-98f4-94ee475cd2fa None None] Loading extension file: evpn.py {{(pid=103078) _load_all_extensions_from_path /opt/stack/neutron/neutron/api/extensions.py:449}}
May 27 01:07:14.417213 np0000176806 devstack@neutron-api.service[103076]: DEBUG neutron_lib.callbacks.manager [None req-550acb76-b73d-4c79-b5c3-3ab5bc90e68d None None] Subscribe: > port_forwarding_plugin after_init 55550000, False {{(pid=103076) subscribe /opt/stack/data/venv/lib/python3.12/site-packages/neutron_lib/callbacks/manager.py:52}}
May 27 01:07:14.417377 np0000176806 devstack@neutron-api.service[103078]: DEBUG neutron.api.extensions [None req-c42b5e0d-8c0a-4856-98f4-94ee475cd2fa None None] Ext name="EVPN" alias="evpn" description="Router extension to support EVPN Type-5 route advertisement" updated="2026-04-28T00:00:00-00:00" {{(pid=103078) _check_extension /opt/stack/neutron/neutron/api/extensions.py:415}}
May 27 01:07:14.417406 np0000176806 devstack@neutron-api.service[103076]: DEBUG neutron_lib.callbacks.manager [None req-550acb76-b73d-4c79-b5c3-3ab5bc90e68d None None] Subscribe: > router before_create 55550100, False {{(pid=103076) subscribe /opt/stack/data/venv/lib/python3.12/site-packages/neutron_lib/callbacks/manager.py:52}}
May 27 01:07:14.417508 np0000176806 devstack@neutron-api.service[103076]: DEBUG neutron_lib.callbacks.manager [None req-550acb76-b73d-4c79-b5c3-3ab5bc90e68d None None] Subscribe: > router precommit_delete 55550100, False {{(pid=103076) subscribe /opt/stack/data/venv/lib/python3.12/site-packages/neutron_lib/callbacks/manager.py:52}}
May 27 01:07:14.417540 np0000176806 devstack@neutron-api.service[103078]: INFO neutron.api.extensions [None req-c42b5e0d-8c0a-4856-98f4-94ee475cd2fa None None] Extension evpn not supported by any of loaded plugins
May 27 01:07:14.417654 np0000176806 devstack@neutron-api.service[103076]: DEBUG neutron_lib.callbacks.manager [None req-550acb76-b73d-4c79-b5c3-3ab5bc90e68d None None] Subscribe: > router precommit_create 55550100, False {{(pid=103076) subscribe /opt/stack/data/venv/lib/python3.12/site-packages/neutron_lib/callbacks/manager.py:52}}
May 27 01:07:14.417684 np0000176806 devstack@neutron-api.service[103078]: DEBUG neutron.api.extensions [None req-c42b5e0d-8c0a-4856-98f4-94ee475cd2fa None None] Loading extension file: expose_l3_conntrack_helper.py {{(pid=103078) _load_all_extensions_from_path /opt/stack/neutron/neutron/api/extensions.py:449}}
May 27 01:07:14.417749 np0000176806 devstack@neutron-api.service[103076]: DEBUG neutron_lib.callbacks.manager [None req-550acb76-b73d-4c79-b5c3-3ab5bc90e68d None None] Subscribe: > router precommit_update 55550100, False {{(pid=103076) subscribe /opt/stack/data/venv/lib/python3.12/site-packages/neutron_lib/callbacks/manager.py:52}}
May 27 01:07:14.417861 np0000176806 devstack@neutron-api.service[103078]: DEBUG neutron.api.extensions [None req-c42b5e0d-8c0a-4856-98f4-94ee475cd2fa None None] Ext name="Expose CT target rules for conntrack helper" alias="expose-l3-conntrack-helper" description="Expose allow adding CT target rules for conntrack helper" updated="2019-04-04T10:00:00-00:00" {{(pid=103078) _check_extension /opt/stack/neutron/neutron/api/extensions.py:415}}
May 27 01:07:14.418020 np0000176806 devstack@neutron-api.service[103078]: INFO neutron.api.extensions [None req-c42b5e0d-8c0a-4856-98f4-94ee475cd2fa None None] Extension expose-l3-conntrack-helper not supported by any of loaded plugins
May 27 01:07:14.418106 np0000176806 devstack@neutron-api.service[103078]: DEBUG neutron.api.extensions [None req-c42b5e0d-8c0a-4856-98f4-94ee475cd2fa None None] Loading extension file: expose_port_forwarding_in_fip.py {{(pid=103078) _load_all_extensions_from_path /opt/stack/neutron/neutron/api/extensions.py:449}}
May 27 01:07:14.418317 np0000176806 devstack@neutron-api.service[103078]: DEBUG neutron.api.extensions [None req-c42b5e0d-8c0a-4856-98f4-94ee475cd2fa None None] Ext name="Expose Floating IP port forwardings" alias="expose-port-forwarding-in-fip" description="Expose port forwarding fields in floating IP response" updated="2018-06-28T16:00:00-00:00" {{(pid=103078) _check_extension /opt/stack/neutron/neutron/api/extensions.py:415}}
May 27 01:07:14.418492 np0000176806 devstack@neutron-api.service[103078]: INFO neutron.api.extensions [None req-c42b5e0d-8c0a-4856-98f4-94ee475cd2fa None None] Extension expose-port-forwarding-in-fip not supported by any of loaded plugins
May 27 01:07:14.418591 np0000176806 devstack@neutron-api.service[103078]: DEBUG neutron.api.extensions [None req-c42b5e0d-8c0a-4856-98f4-94ee475cd2fa None None] Loading extension file: external_net.py {{(pid=103078) _load_all_extensions_from_path /opt/stack/neutron/neutron/api/extensions.py:449}}
May 27 01:07:14.418822 np0000176806 devstack@neutron-api.service[103078]: DEBUG neutron.api.extensions [None req-c42b5e0d-8c0a-4856-98f4-94ee475cd2fa None None] Ext name="Neutron external network" alias="external-net" description="Adds external network attribute to network resource." updated="2013-01-14T10:00:00-00:00" {{(pid=103078) _check_extension /opt/stack/neutron/neutron/api/extensions.py:415}}
May 27 01:07:14.418975 np0000176806 devstack@neutron-api.service[103078]: INFO neutron.api.extensions [None req-c42b5e0d-8c0a-4856-98f4-94ee475cd2fa None None] Loaded extension: external-net
May 27 01:07:14.419064 np0000176806 devstack@neutron-api.service[103078]: DEBUG neutron.api.extensions [None req-c42b5e0d-8c0a-4856-98f4-94ee475cd2fa None None] Loading extension file: extra_dhcp_opt.py {{(pid=103078) _load_all_extensions_from_path /opt/stack/neutron/neutron/api/extensions.py:449}}
May 27 01:07:14.419317 np0000176806 devstack@neutron-api.service[103078]: DEBUG neutron.api.extensions [None req-c42b5e0d-8c0a-4856-98f4-94ee475cd2fa None None] Ext name="Neutron Extra DHCP options" alias="extra_dhcp_opt" description="Extra options configuration for DHCP. For example PXE boot options to DHCP clients can be specified (e.g. tftp-server, server-ip-address, bootfile-name)" updated="2013-03-17T12:00:00-00:00" {{(pid=103078) _check_extension /opt/stack/neutron/neutron/api/extensions.py:415}}
May 27 01:07:14.419495 np0000176806 devstack@neutron-api.service[103078]: INFO neutron.api.extensions [None req-c42b5e0d-8c0a-4856-98f4-94ee475cd2fa None None] Loaded extension: extra_dhcp_opt
May 27 01:07:14.419598 np0000176806 devstack@neutron-api.service[103078]: DEBUG neutron.api.extensions [None req-c42b5e0d-8c0a-4856-98f4-94ee475cd2fa None None] Loading extension file: extraroute.py {{(pid=103078) _load_all_extensions_from_path /opt/stack/neutron/neutron/api/extensions.py:449}}
May 27 01:07:14.419779 np0000176806 devstack@neutron-api.service[103078]: DEBUG neutron.api.extensions [None req-c42b5e0d-8c0a-4856-98f4-94ee475cd2fa None None] Ext name="Neutron Extra Route" alias="extraroute" description="Extra routes configuration for L3 router" updated="2013-02-01T10:00:00-00:00" {{(pid=103078) _check_extension /opt/stack/neutron/neutron/api/extensions.py:415}}
May 27 01:07:14.419953 np0000176806 devstack@neutron-api.service[103078]: INFO neutron.api.extensions [None req-c42b5e0d-8c0a-4856-98f4-94ee475cd2fa None None] Loaded extension: extraroute
May 27 01:07:14.420035 np0000176806 devstack@neutron-api.service[103078]: DEBUG neutron.api.extensions [None req-c42b5e0d-8c0a-4856-98f4-94ee475cd2fa None None] Loading extension file: extraroute_atomic.py {{(pid=103078) _load_all_extensions_from_path /opt/stack/neutron/neutron/api/extensions.py:449}}
May 27 01:07:14.420252 np0000176806 devstack@neutron-api.service[103078]: DEBUG neutron.api.extensions [None req-c42b5e0d-8c0a-4856-98f4-94ee475cd2fa None None] Ext name="Atomically add/remove extra routes" alias="extraroute-atomic" description="Edit extra routes of a router on server side by atomically adding/removing extra routes" updated="2019-07-10T00:00:00+00:00" {{(pid=103078) _check_extension /opt/stack/neutron/neutron/api/extensions.py:415}}
May 27 01:07:14.420413 np0000176806 devstack@neutron-api.service[103078]: INFO neutron.api.extensions [None req-c42b5e0d-8c0a-4856-98f4-94ee475cd2fa None None] Loaded extension: extraroute-atomic
May 27 01:07:14.420499 np0000176806 devstack@neutron-api.service[103078]: DEBUG neutron.api.extensions [None req-c42b5e0d-8c0a-4856-98f4-94ee475cd2fa None None] Loading extension file: filter_validation.py {{(pid=103078) _load_all_extensions_from_path /opt/stack/neutron/neutron/api/extensions.py:449}}
May 27 01:07:14.420751 np0000176806 devstack@neutron-api.service[103078]: DEBUG neutron.api.extensions [None req-c42b5e0d-8c0a-4856-98f4-94ee475cd2fa None None] Ext name="Filter parameters validation" alias="filter-validation" description="Provides validation on filter parameters." updated="2018-07-04T10:00:00-00:00" {{(pid=103078) _check_extension /opt/stack/neutron/neutron/api/extensions.py:415}}
May 27 01:07:14.420913 np0000176806 devstack@neutron-api.service[103078]: INFO neutron.api.extensions [None req-c42b5e0d-8c0a-4856-98f4-94ee475cd2fa None None] Loaded extension: filter-validation
May 27 01:07:14.420998 np0000176806 devstack@neutron-api.service[103078]: DEBUG neutron.api.extensions [None req-c42b5e0d-8c0a-4856-98f4-94ee475cd2fa None None] Loading extension file: fip_pf_description.py {{(pid=103078) _load_all_extensions_from_path /opt/stack/neutron/neutron/api/extensions.py:449}}
May 27 01:07:14.421228 np0000176806 devstack@neutron-api.service[103076]: DEBUG neutron.services.provider_configuration [None req-550acb76-b73d-4c79-b5c3-3ab5bc90e68d None None] Service providers = [] {{(pid=103076) parse_service_provider_opt /opt/stack/neutron/neutron/services/provider_configuration.py:170}}
May 27 01:07:14.421323 np0000176806 devstack@neutron-api.service[103078]: DEBUG neutron.api.extensions [None req-c42b5e0d-8c0a-4856-98f4-94ee475cd2fa None None] Ext name="Floating IP Port Forwarding new attribute description" alias="floating-ip-port-forwarding-description" description="Add a description field to Port Forwarding rules" updated="2019-11-01T10:00:00-00:00" {{(pid=103078) _check_extension /opt/stack/neutron/neutron/api/extensions.py:415}}
May 27 01:07:14.421358 np0000176806 devstack@neutron-api.service[103076]: DEBUG neutron.db.servicetype_db [None req-550acb76-b73d-4c79-b5c3-3ab5bc90e68d None None] Adding provider configuration for service L3_ROUTER_NAT {{(pid=103076) add_provider_configuration /opt/stack/neutron/neutron/db/servicetype_db.py:45}}
May 27 01:07:14.421488 np0000176806 devstack@neutron-api.service[103078]: INFO neutron.api.extensions [None req-c42b5e0d-8c0a-4856-98f4-94ee475cd2fa None None] Extension floating-ip-port-forwarding-description not supported by any of loaded plugins
May 27 01:07:14.421592 np0000176806 devstack@neutron-api.service[103078]: DEBUG neutron.api.extensions [None req-c42b5e0d-8c0a-4856-98f4-94ee475cd2fa None None] Loading extension file: fip_pf_detail.py {{(pid=103078) _load_all_extensions_from_path /opt/stack/neutron/neutron/api/extensions.py:449}}
May 27 01:07:14.421812 np0000176806 devstack@neutron-api.service[103078]: DEBUG neutron.api.extensions [None req-c42b5e0d-8c0a-4856-98f4-94ee475cd2fa None None] Ext name="Floating IP port forwarding detail" alias="floating-ip-port-forwarding-detail" description="Allow list floating ip return more port forwarding data, include'id' and 'internal_port_id'" updated="2022-05-06T10:00:00-00:00" {{(pid=103078) _check_extension /opt/stack/neutron/neutron/api/extensions.py:415}}
May 27 01:07:14.421980 np0000176806 devstack@neutron-api.service[103078]: INFO neutron.api.extensions [None req-c42b5e0d-8c0a-4856-98f4-94ee475cd2fa None None] Loaded extension: floating-ip-port-forwarding-detail
May 27 01:07:14.422066 np0000176806 devstack@neutron-api.service[103078]: DEBUG neutron.api.extensions [None req-c42b5e0d-8c0a-4856-98f4-94ee475cd2fa None None] Loading extension file: fip_pf_port_range.py {{(pid=103078) _load_all_extensions_from_path /opt/stack/neutron/neutron/api/extensions.py:449}}
May 27 01:07:14.422276 np0000176806 devstack@neutron-api.service[103078]: DEBUG neutron.api.extensions [None req-c42b5e0d-8c0a-4856-98f4-94ee475cd2fa None None] Ext name="Floating IP Port Forwarding support port ranges" alias="floating-ip-port-forwarding-port-ranges" description="Add support to port ranges" updated="2020-07-01T10:00:00-00:00" {{(pid=103078) _check_extension /opt/stack/neutron/neutron/api/extensions.py:415}}
May 27 01:07:14.422438 np0000176806 devstack@neutron-api.service[103078]: INFO neutron.api.extensions [None req-c42b5e0d-8c0a-4856-98f4-94ee475cd2fa None None] Extension floating-ip-port-forwarding-port-ranges not supported by any of loaded plugins
May 27 01:07:14.422551 np0000176806 devstack@neutron-api.service[103078]: DEBUG neutron.api.extensions [None req-c42b5e0d-8c0a-4856-98f4-94ee475cd2fa None None] Loading extension file: fip_port_details.py {{(pid=103078) _load_all_extensions_from_path /opt/stack/neutron/neutron/api/extensions.py:449}}
