May 14 10:20:43.720649 np0000174125 nova-scheduler[108555]: DEBUG cotyledon.oslo_config_glue [-] vnc.novncproxy_base_url = http://127.0.0.1:6080/vnc_auto.html {{(pid=108555) log_opt_values /opt/stack/data/venv/lib/python3.12/site-packages/oslo_config/cfg.py:3006}}
May 14 10:20:43.720649 np0000174125 nova-scheduler[108555]: DEBUG cotyledon.oslo_config_glue [-] vnc.novncproxy_host = 0.0.0.0 {{(pid=108555) log_opt_values /opt/stack/data/venv/lib/python3.12/site-packages/oslo_config/cfg.py:3006}}
May 14 10:20:43.720649 np0000174125 nova-scheduler[108555]: DEBUG cotyledon.oslo_config_glue [-] vnc.novncproxy_port = 6080 {{(pid=108555) log_opt_values /opt/stack/data/venv/lib/python3.12/site-packages/oslo_config/cfg.py:3006}}
May 14 10:20:43.720896 np0000174125 nova-scheduler[108555]: DEBUG cotyledon.oslo_config_glue [-] vnc.server_listen = 127.0.0.1 {{(pid=108555) log_opt_values /opt/stack/data/venv/lib/python3.12/site-packages/oslo_config/cfg.py:3006}}
May 14 10:20:43.720896 np0000174125 nova-scheduler[108555]: DEBUG cotyledon.oslo_config_glue [-] vnc.server_proxyclient_address = 127.0.0.1 {{(pid=108555) log_opt_values /opt/stack/data/venv/lib/python3.12/site-packages/oslo_config/cfg.py:3006}}
May 14 10:20:43.720896 np0000174125 nova-scheduler[108555]: DEBUG cotyledon.oslo_config_glue [-] vnc.vencrypt_ca_certs = None {{(pid=108555) log_opt_values /opt/stack/data/venv/lib/python3.12/site-packages/oslo_config/cfg.py:3006}}
May 14 10:20:43.720896 np0000174125 nova-scheduler[108555]: DEBUG cotyledon.oslo_config_glue [-] vnc.vencrypt_client_cert = None {{(pid=108555) log_opt_values /opt/stack/data/venv/lib/python3.12/site-packages/oslo_config/cfg.py:3006}}
May 14 10:20:43.720896 np0000174125 nova-scheduler[108555]: DEBUG cotyledon.oslo_config_glue [-] vnc.vencrypt_client_key = None {{(pid=108555) log_opt_values /opt/stack/data/venv/lib/python3.12/site-packages/oslo_config/cfg.py:3006}}
May 14 10:20:43.721038 np0000174125 nova-scheduler[108555]: DEBUG cotyledon.oslo_config_glue [-] workarounds.disable_compute_service_check_for_ffu = False {{(pid=108555) log_opt_values /opt/stack/data/venv/lib/python3.12/site-packages/oslo_config/cfg.py:3006}}
May 14 10:20:43.721100 np0000174125 nova-scheduler[108555]: DEBUG cotyledon.oslo_config_glue [-] workarounds.disable_deep_image_inspection = False {{(pid=108555) log_opt_values /opt/stack/data/venv/lib/python3.12/site-packages/oslo_config/cfg.py:3006}}
May 14 10:20:43.721328 np0000174125 nova-scheduler[108555]: DEBUG cotyledon.oslo_config_glue [-] workarounds.disable_fallback_pcpu_query = False {{(pid=108555) log_opt_values /opt/stack/data/venv/lib/python3.12/site-packages/oslo_config/cfg.py:3006}}
May 14 10:20:43.721513 np0000174125 nova-scheduler[108555]: DEBUG cotyledon.oslo_config_glue [-] workarounds.disable_group_policy_check_upcall = False {{(pid=108555) log_opt_values /opt/stack/data/venv/lib/python3.12/site-packages/oslo_config/cfg.py:3006}}
May 14 10:20:43.722248 np0000174125 nova-scheduler[108555]: DEBUG cotyledon.oslo_config_glue [-] workarounds.disable_libvirt_livesnapshot = False {{(pid=108555) log_opt_values /opt/stack/data/venv/lib/python3.12/site-packages/oslo_config/cfg.py:3006}}
May 14 10:20:43.722315 np0000174125 nova-scheduler[108555]: DEBUG cotyledon.oslo_config_glue [-] workarounds.disable_rootwrap = False {{(pid=108555) log_opt_values /opt/stack/data/venv/lib/python3.12/site-packages/oslo_config/cfg.py:3006}}
May 14 10:20:43.722608 np0000174125 nova-scheduler[108555]: DEBUG cotyledon.oslo_config_glue [-] workarounds.enable_numa_live_migration = False {{(pid=108555) log_opt_values /opt/stack/data/venv/lib/python3.12/site-packages/oslo_config/cfg.py:3006}}
May 14 10:20:43.722608 np0000174125 nova-scheduler[108555]: DEBUG cotyledon.oslo_config_glue [-] workarounds.enable_qemu_monitor_announce_self = False {{(pid=108555) log_opt_values /opt/stack/data/venv/lib/python3.12/site-packages/oslo_config/cfg.py:3006}}
May 14 10:20:43.722608 np0000174125 nova-scheduler[108555]: DEBUG cotyledon.oslo_config_glue [-] workarounds.ensure_libvirt_rbd_instance_dir_cleanup = False {{(pid=108555) log_opt_values /opt/stack/data/venv/lib/python3.12/site-packages/oslo_config/cfg.py:3006}}
May 14 10:20:43.722608 np0000174125 nova-scheduler[108555]: DEBUG cotyledon.oslo_config_glue [-] workarounds.handle_virt_lifecycle_events = True {{(pid=108555) log_opt_values /opt/stack/data/venv/lib/python3.12/site-packages/oslo_config/cfg.py:3006}}
May 14 10:20:43.722608 np0000174125 nova-scheduler[108555]: DEBUG cotyledon.oslo_config_glue [-] workarounds.libvirt_disable_apic = False {{(pid=108555) log_opt_values /opt/stack/data/venv/lib/python3.12/site-packages/oslo_config/cfg.py:3006}}
May 14 10:20:43.722608 np0000174125 nova-scheduler[108555]: DEBUG cotyledon.oslo_config_glue [-] workarounds.never_download_image_if_on_rbd = False {{(pid=108555) log_opt_values /opt/stack/data/venv/lib/python3.12/site-packages/oslo_config/cfg.py:3006}}
May 14 10:20:43.722608 np0000174125 nova-scheduler[108555]: DEBUG cotyledon.oslo_config_glue [-] workarounds.qemu_monitor_announce_self_count = 3 {{(pid=108555) log_opt_values /opt/stack/data/venv/lib/python3.12/site-packages/oslo_config/cfg.py:3006}}
May 14 10:20:43.722608 np0000174125 nova-scheduler[108555]: DEBUG cotyledon.oslo_config_glue [-] workarounds.qemu_monitor_announce_self_interval = 1 {{(pid=108555) log_opt_values /opt/stack/data/venv/lib/python3.12/site-packages/oslo_config/cfg.py:3006}}
May 14 10:20:43.722803 np0000174125 nova-scheduler[108555]: DEBUG cotyledon.oslo_config_glue [-] workarounds.reserve_disk_resource_for_image_cache = False {{(pid=108555) log_opt_values /opt/stack/data/venv/lib/python3.12/site-packages/oslo_config/cfg.py:3006}}
May 14 10:20:43.722803 np0000174125 nova-scheduler[108555]: DEBUG cotyledon.oslo_config_glue [-] workarounds.skip_cpu_compare_at_startup = False {{(pid=108555) log_opt_values /opt/stack/data/venv/lib/python3.12/site-packages/oslo_config/cfg.py:3006}}
May 14 10:20:43.722803 np0000174125 nova-scheduler[108555]: DEBUG cotyledon.oslo_config_glue [-] workarounds.skip_cpu_compare_on_dest = False {{(pid=108555) log_opt_values /opt/stack/data/venv/lib/python3.12/site-packages/oslo_config/cfg.py:3006}}
May 14 10:20:43.722803 np0000174125 nova-scheduler[108555]: DEBUG cotyledon.oslo_config_glue [-] workarounds.skip_hypervisor_version_check_on_lm = False {{(pid=108555) log_opt_values /opt/stack/data/venv/lib/python3.12/site-packages/oslo_config/cfg.py:3006}}
May 14 10:20:43.722803 np0000174125 nova-scheduler[108555]: DEBUG cotyledon.oslo_config_glue [-] workarounds.skip_reserve_in_use_ironic_nodes = False {{(pid=108555) log_opt_values /opt/stack/data/venv/lib/python3.12/site-packages/oslo_config/cfg.py:3006}}
May 14 10:20:43.722803 np0000174125 nova-scheduler[108555]: DEBUG cotyledon.oslo_config_glue [-] workarounds.unified_limits_count_pcpu_as_vcpu = False {{(pid=108555) log_opt_values /opt/stack/data/venv/lib/python3.12/site-packages/oslo_config/cfg.py:3006}}
May 14 10:20:43.722995 np0000174125 nova-scheduler[108555]: DEBUG cotyledon.oslo_config_glue [-] workarounds.wait_for_vif_plugged_event_during_hard_reboot = [] {{(pid=108555) log_opt_values /opt/stack/data/venv/lib/python3.12/site-packages/oslo_config/cfg.py:3006}}
May 14 10:20:43.722995 np0000174125 nova-scheduler[108555]: DEBUG cotyledon.oslo_config_glue [-] wsgi.api_paste_config = /etc/nova/api-paste.ini {{(pid=108555) log_opt_values /opt/stack/data/venv/lib/python3.12/site-packages/oslo_config/cfg.py:3006}}
May 14 10:20:43.722995 np0000174125 nova-scheduler[108555]: DEBUG cotyledon.oslo_config_glue [-] wsgi.secure_proxy_ssl_header = None {{(pid=108555) log_opt_values /opt/stack/data/venv/lib/python3.12/site-packages/oslo_config/cfg.py:3006}}
May 14 10:20:43.722995 np0000174125 nova-scheduler[108555]: DEBUG cotyledon.oslo_config_glue [-] zvm.ca_file = None {{(pid=108555) log_opt_values /opt/stack/data/venv/lib/python3.12/site-packages/oslo_config/cfg.py:3006}}
May 14 10:20:43.723103 np0000174125 nova-scheduler[108555]: DEBUG cotyledon.oslo_config_glue [-] zvm.cloud_connector_url = None {{(pid=108555) log_opt_values /opt/stack/data/venv/lib/python3.12/site-packages/oslo_config/cfg.py:3006}}
May 14 10:20:43.723103 np0000174125 nova-scheduler[108555]: DEBUG cotyledon.oslo_config_glue [-] zvm.image_tmp_path = /opt/stack/data/nova/images {{(pid=108555) log_opt_values /opt/stack/data/venv/lib/python3.12/site-packages/oslo_config/cfg.py:3006}}
May 14 10:20:43.723103 np0000174125 nova-scheduler[108555]: DEBUG cotyledon.oslo_config_glue [-] zvm.reachable_timeout = 300 {{(pid=108555) log_opt_values /opt/stack/data/venv/lib/python3.12/site-packages/oslo_config/cfg.py:3006}}
May 14 10:20:43.723228 np0000174125 nova-scheduler[108555]: DEBUG cotyledon.oslo_config_glue [-] oslo_versionedobjects.fatal_exception_format_errors = False {{(pid=108555) log_opt_values /opt/stack/data/venv/lib/python3.12/site-packages/oslo_config/cfg.py:3006}}
May 14 10:20:43.723228 np0000174125 nova-scheduler[108555]: DEBUG cotyledon.oslo_config_glue [-] oslo_middleware.http_basic_auth_user_file = /etc/htpasswd {{(pid=108555) log_opt_values /opt/stack/data/venv/lib/python3.12/site-packages/oslo_config/cfg.py:3006}}
May 14 10:20:43.723299 np0000174125 nova-scheduler[108555]: DEBUG cotyledon.oslo_config_glue [-] oslo_messaging_metrics.metrics_buffer_size = 1000 {{(pid=108555) log_opt_values /opt/stack/data/venv/lib/python3.12/site-packages/oslo_config/cfg.py:3006}}
May 14 10:20:43.723347 np0000174125 nova-scheduler[108555]: DEBUG cotyledon.oslo_config_glue [-] oslo_messaging_metrics.metrics_enabled = False {{(pid=108555) log_opt_values /opt/stack/data/venv/lib/python3.12/site-packages/oslo_config/cfg.py:3006}}
May 14 10:20:43.723383 np0000174125 nova-scheduler[108555]: DEBUG cotyledon.oslo_config_glue [-] oslo_messaging_metrics.metrics_process_name = {{(pid=108555) log_opt_values /opt/stack/data/venv/lib/python3.12/site-packages/oslo_config/cfg.py:3006}}
May 14 10:20:43.723418 np0000174125 nova-scheduler[108555]: DEBUG cotyledon.oslo_config_glue [-] oslo_messaging_metrics.metrics_socket_file = /var/tmp/metrics_collector.sock {{(pid=108555) log_opt_values /opt/stack/data/venv/lib/python3.12/site-packages/oslo_config/cfg.py:3006}}
May 14 10:20:43.723462 np0000174125 nova-scheduler[108555]: DEBUG cotyledon.oslo_config_glue [-] oslo_messaging_metrics.metrics_thread_stop_timeout = 10 {{(pid=108555) log_opt_values /opt/stack/data/venv/lib/python3.12/site-packages/oslo_config/cfg.py:3006}}
May 14 10:20:43.723530 np0000174125 nova-scheduler[108555]: DEBUG cotyledon.oslo_config_glue [-] profiler.connection_string = messaging:// {{(pid=108555) log_opt_values /opt/stack/data/venv/lib/python3.12/site-packages/oslo_config/cfg.py:3006}}
May 14 10:20:43.723568 np0000174125 nova-scheduler[108555]: DEBUG cotyledon.oslo_config_glue [-] profiler.enabled = False {{(pid=108555) log_opt_values /opt/stack/data/venv/lib/python3.12/site-packages/oslo_config/cfg.py:3006}}
May 14 10:20:43.723598 np0000174125 nova-scheduler[108555]: DEBUG cotyledon.oslo_config_glue [-] profiler.es_doc_type = notification {{(pid=108555) log_opt_values /opt/stack/data/venv/lib/python3.12/site-packages/oslo_config/cfg.py:3006}}
May 14 10:20:43.723631 np0000174125 nova-scheduler[108555]: DEBUG cotyledon.oslo_config_glue [-] profiler.es_scroll_size = 10000 {{(pid=108555) log_opt_values /opt/stack/data/venv/lib/python3.12/site-packages/oslo_config/cfg.py:3006}}
May 14 10:20:43.723680 np0000174125 nova-scheduler[108555]: DEBUG cotyledon.oslo_config_glue [-] profiler.es_scroll_time = 2m {{(pid=108555) log_opt_values /opt/stack/data/venv/lib/python3.12/site-packages/oslo_config/cfg.py:3006}}
May 14 10:20:43.723716 np0000174125 nova-scheduler[108555]: DEBUG cotyledon.oslo_config_glue [-] profiler.filter_error_trace = False {{(pid=108555) log_opt_values /opt/stack/data/venv/lib/python3.12/site-packages/oslo_config/cfg.py:3006}}
May 14 10:20:43.723746 np0000174125 nova-scheduler[108555]: DEBUG cotyledon.oslo_config_glue [-] profiler.hmac_keys = **** {{(pid=108555) log_opt_values /opt/stack/data/venv/lib/python3.12/site-packages/oslo_config/cfg.py:3006}}
May 14 10:20:43.723775 np0000174125 nova-scheduler[108555]: DEBUG cotyledon.oslo_config_glue [-] profiler.sentinel_service_name = mymaster {{(pid=108555) log_opt_values /opt/stack/data/venv/lib/python3.12/site-packages/oslo_config/cfg.py:3006}}
May 14 10:20:43.723959 np0000174125 nova-scheduler[108555]: DEBUG cotyledon.oslo_config_glue [-] profiler.socket_timeout = 0.1 {{(pid=108555) log_opt_values /opt/stack/data/venv/lib/python3.12/site-packages/oslo_config/cfg.py:3006}}
May 14 10:20:43.724013 np0000174125 nova-scheduler[108555]: DEBUG cotyledon.oslo_config_glue [-] profiler.trace_requests = False {{(pid=108555) log_opt_values /opt/stack/data/venv/lib/python3.12/site-packages/oslo_config/cfg.py:3006}}
May 14 10:20:43.724058 np0000174125 nova-scheduler[108555]: DEBUG cotyledon.oslo_config_glue [-] profiler.trace_sqlalchemy = False {{(pid=108555) log_opt_values /opt/stack/data/venv/lib/python3.12/site-packages/oslo_config/cfg.py:3006}}
May 14 10:20:43.724468 np0000174125 nova-scheduler[108548]: DEBUG dbcounter [-] [108548] Writer thread running {{(pid=108548) stat_writer /opt/stack/data/venv/lib/python3.12/site-packages/dbcounter.py:102}}
May 14 10:20:43.724837 np0000174125 nova-scheduler[108555]: DEBUG cotyledon.oslo_config_glue [-] profiler_jaeger.process_tags = {} {{(pid=108555) log_opt_values /opt/stack/data/venv/lib/python3.12/site-packages/oslo_config/cfg.py:3006}}
May 14 10:20:43.725079 np0000174125 nova-scheduler[108555]: DEBUG cotyledon.oslo_config_glue [-] profiler_jaeger.service_name_prefix = None {{(pid=108555) log_opt_values /opt/stack/data/venv/lib/python3.12/site-packages/oslo_config/cfg.py:3006}}
May 14 10:20:43.726183 np0000174125 nova-scheduler[108555]: DEBUG cotyledon.oslo_config_glue [-] profiler_otlp.service_name_prefix = None {{(pid=108555) log_opt_values /opt/stack/data/venv/lib/python3.12/site-packages/oslo_config/cfg.py:3006}}
May 14 10:20:43.726540 np0000174125 nova-scheduler[108555]: DEBUG cotyledon.oslo_config_glue [-] oslo_messaging_rabbit.amqp_auto_delete = False {{(pid=108555) log_opt_values /opt/stack/data/venv/lib/python3.12/site-packages/oslo_config/cfg.py:3006}}
May 14 10:20:43.727219 np0000174125 nova-scheduler[108555]: DEBUG cotyledon.oslo_config_glue [-] oslo_messaging_rabbit.amqp_durable_queues = False {{(pid=108555) log_opt_values /opt/stack/data/venv/lib/python3.12/site-packages/oslo_config/cfg.py:3006}}
May 14 10:20:43.727447 np0000174125 nova-scheduler[108555]: DEBUG cotyledon.oslo_config_glue [-] oslo_messaging_rabbit.conn_pool_min_size = 2 {{(pid=108555) log_opt_values /opt/stack/data/venv/lib/python3.12/site-packages/oslo_config/cfg.py:3006}}
May 14 10:20:43.727951 np0000174125 nova-scheduler[108555]: DEBUG cotyledon.oslo_config_glue [-] oslo_messaging_rabbit.conn_pool_ttl = 1200 {{(pid=108555) log_opt_values /opt/stack/data/venv/lib/python3.12/site-packages/oslo_config/cfg.py:3006}}
May 14 10:20:43.728020 np0000174125 nova-scheduler[108555]: DEBUG cotyledon.oslo_config_glue [-] oslo_messaging_rabbit.direct_mandatory_flag = True {{(pid=108555) log_opt_values /opt/stack/data/venv/lib/python3.12/site-packages/oslo_config/cfg.py:3006}}
May 14 10:20:43.728078 np0000174125 nova-scheduler[108555]: DEBUG cotyledon.oslo_config_glue [-] oslo_messaging_rabbit.enable_cancel_on_failover = False {{(pid=108555) log_opt_values /opt/stack/data/venv/lib/python3.12/site-packages/oslo_config/cfg.py:3006}}
May 14 10:20:43.728581 np0000174125 nova-scheduler[108555]: DEBUG cotyledon.oslo_config_glue [-] oslo_messaging_rabbit.heartbeat_in_pthread = False {{(pid=108555) log_opt_values /opt/stack/data/venv/lib/python3.12/site-packages/oslo_config/cfg.py:3006}}
May 14 10:20:43.728911 np0000174125 nova-scheduler[108555]: DEBUG cotyledon.oslo_config_glue [-] oslo_messaging_rabbit.heartbeat_rate = 3 {{(pid=108555) log_opt_values /opt/stack/data/venv/lib/python3.12/site-packages/oslo_config/cfg.py:3006}}
May 14 10:20:43.729121 np0000174125 nova-scheduler[108555]: DEBUG cotyledon.oslo_config_glue [-] oslo_messaging_rabbit.heartbeat_timeout_threshold = 60 {{(pid=108555) log_opt_values /opt/stack/data/venv/lib/python3.12/site-packages/oslo_config/cfg.py:3006}}
May 14 10:20:43.729432 np0000174125 nova-scheduler[108555]: DEBUG cotyledon.oslo_config_glue [-] oslo_messaging_rabbit.hostname = np0000174125 {{(pid=108555) log_opt_values /opt/stack/data/venv/lib/python3.12/site-packages/oslo_config/cfg.py:3006}}
May 14 10:20:43.729895 np0000174125 nova-scheduler[108555]: DEBUG cotyledon.oslo_config_glue [-] oslo_messaging_rabbit.kombu_compression = None {{(pid=108555) log_opt_values /opt/stack/data/venv/lib/python3.12/site-packages/oslo_config/cfg.py:3006}}
May 14 10:20:43.729962 np0000174125 nova-scheduler[108555]: DEBUG cotyledon.oslo_config_glue [-] oslo_messaging_rabbit.kombu_failover_strategy = round-robin {{(pid=108555) log_opt_values /opt/stack/data/venv/lib/python3.12/site-packages/oslo_config/cfg.py:3006}}
May 14 10:20:43.730373 np0000174125 nova-scheduler[108555]: DEBUG cotyledon.oslo_config_glue [-] oslo_messaging_rabbit.kombu_missing_consumer_retry_timeout = 60 {{(pid=108555) log_opt_values /opt/stack/data/venv/lib/python3.12/site-packages/oslo_config/cfg.py:3006}}
May 14 10:20:43.730441 np0000174125 nova-scheduler[108555]: DEBUG cotyledon.oslo_config_glue [-] oslo_messaging_rabbit.kombu_reconnect_delay = 1.0 {{(pid=108555) log_opt_values /opt/stack/data/venv/lib/python3.12/site-packages/oslo_config/cfg.py:3006}}
May 14 10:20:43.730516 np0000174125 nova-scheduler[108555]: DEBUG cotyledon.oslo_config_glue [-] oslo_messaging_rabbit.kombu_reconnect_splay = 0.0 {{(pid=108555) log_opt_values /opt/stack/data/venv/lib/python3.12/site-packages/oslo_config/cfg.py:3006}}
May 14 10:20:43.730516 np0000174125 nova-scheduler[108555]: DEBUG cotyledon.oslo_config_glue [-] oslo_messaging_rabbit.processname = nova-scheduler {{(pid=108555) log_opt_values /opt/stack/data/venv/lib/python3.12/site-packages/oslo_config/cfg.py:3006}}
May 14 10:20:43.731016 np0000174125 nova-scheduler[108555]: DEBUG cotyledon.oslo_config_glue [-] oslo_messaging_rabbit.rabbit_ha_queues = False {{(pid=108555) log_opt_values /opt/stack/data/venv/lib/python3.12/site-packages/oslo_config/cfg.py:3006}}
May 14 10:20:43.731016 np0000174125 nova-scheduler[108555]: DEBUG cotyledon.oslo_config_glue [-] oslo_messaging_rabbit.rabbit_interval_max = 30 {{(pid=108555) log_opt_values /opt/stack/data/venv/lib/python3.12/site-packages/oslo_config/cfg.py:3006}}
May 14 10:20:43.731016 np0000174125 nova-scheduler[108555]: DEBUG cotyledon.oslo_config_glue [-] oslo_messaging_rabbit.rabbit_login_method = AMQPLAIN {{(pid=108555) log_opt_values /opt/stack/data/venv/lib/python3.12/site-packages/oslo_config/cfg.py:3006}}
May 14 10:20:43.731016 np0000174125 nova-scheduler[108555]: DEBUG cotyledon.oslo_config_glue [-] oslo_messaging_rabbit.rabbit_qos_prefetch_count = 0 {{(pid=108555) log_opt_values /opt/stack/data/venv/lib/python3.12/site-packages/oslo_config/cfg.py:3006}}
May 14 10:20:43.731016 np0000174125 nova-scheduler[108555]: DEBUG cotyledon.oslo_config_glue [-] oslo_messaging_rabbit.rabbit_quorum_delivery_limit = 0 {{(pid=108555) log_opt_values /opt/stack/data/venv/lib/python3.12/site-packages/oslo_config/cfg.py:3006}}
May 14 10:20:43.731016 np0000174125 nova-scheduler[108555]: DEBUG cotyledon.oslo_config_glue [-] oslo_messaging_rabbit.rabbit_quorum_max_memory_bytes = 0 {{(pid=108555) log_opt_values /opt/stack/data/venv/lib/python3.12/site-packages/oslo_config/cfg.py:3006}}
May 14 10:20:43.731016 np0000174125 nova-scheduler[108555]: DEBUG cotyledon.oslo_config_glue [-] oslo_messaging_rabbit.rabbit_quorum_max_memory_length = 0 {{(pid=108555) log_opt_values /opt/stack/data/venv/lib/python3.12/site-packages/oslo_config/cfg.py:3006}}
May 14 10:20:43.731016 np0000174125 nova-scheduler[108555]: DEBUG cotyledon.oslo_config_glue [-] oslo_messaging_rabbit.rabbit_quorum_queue = False {{(pid=108555) log_opt_values /opt/stack/data/venv/lib/python3.12/site-packages/oslo_config/cfg.py:3006}}
May 14 10:20:43.731449 np0000174125 nova-scheduler[108555]: DEBUG cotyledon.oslo_config_glue [-] oslo_messaging_rabbit.rabbit_retry_backoff = 2 {{(pid=108555) log_opt_values /opt/stack/data/venv/lib/python3.12/site-packages/oslo_config/cfg.py:3006}}
May 14 10:20:43.731449 np0000174125 nova-scheduler[108555]: DEBUG cotyledon.oslo_config_glue [-] oslo_messaging_rabbit.rabbit_retry_interval = 1 {{(pid=108555) log_opt_values /opt/stack/data/venv/lib/python3.12/site-packages/oslo_config/cfg.py:3006}}
May 14 10:20:43.731571 np0000174125 nova-scheduler[108548]: DEBUG nova.service [None req-3d975449-c345-4d7e-8e3a-90028c72e7f5 None None] Creating RPC server for service: nova-scheduler on topic: scheduler {{(pid=108548) start /opt/stack/nova/nova/service.py:195}}
May 14 10:20:43.731632 np0000174125 nova-scheduler[108555]: DEBUG cotyledon.oslo_config_glue [-] oslo_messaging_rabbit.rabbit_stream_fanout = False {{(pid=108555) log_opt_values /opt/stack/data/venv/lib/python3.12/site-packages/oslo_config/cfg.py:3006}}
May 14 10:20:43.731632 np0000174125 nova-scheduler[108555]: DEBUG cotyledon.oslo_config_glue [-] oslo_messaging_rabbit.rabbit_transient_queues_ttl = 1800 {{(pid=108555) log_opt_values /opt/stack/data/venv/lib/python3.12/site-packages/oslo_config/cfg.py:3006}}
May 14 10:20:43.731632 np0000174125 nova-scheduler[108555]: DEBUG cotyledon.oslo_config_glue [-] oslo_messaging_rabbit.rabbit_transient_quorum_queue = False {{(pid=108555) log_opt_values /opt/stack/data/venv/lib/python3.12/site-packages/oslo_config/cfg.py:3006}}
May 14 10:20:43.731632 np0000174125 nova-scheduler[108555]: DEBUG cotyledon.oslo_config_glue [-] oslo_messaging_rabbit.rpc_conn_pool_size = 30 {{(pid=108555) log_opt_values /opt/stack/data/venv/lib/python3.12/site-packages/oslo_config/cfg.py:3006}}
May 14 10:20:43.731632 np0000174125 nova-scheduler[108555]: DEBUG cotyledon.oslo_config_glue [-] oslo_messaging_rabbit.ssl = False {{(pid=108555) log_opt_values /opt/stack/data/venv/lib/python3.12/site-packages/oslo_config/cfg.py:3006}}
May 14 10:20:43.731632 np0000174125 nova-scheduler[108555]: DEBUG cotyledon.oslo_config_glue [-] oslo_messaging_rabbit.ssl_ca_file = {{(pid=108555) log_opt_values /opt/stack/data/venv/lib/python3.12/site-packages/oslo_config/cfg.py:3006}}
May 14 10:20:43.731632 np0000174125 nova-scheduler[108555]: DEBUG cotyledon.oslo_config_glue [-] oslo_messaging_rabbit.ssl_cert_file = {{(pid=108555) log_opt_values /opt/stack/data/venv/lib/python3.12/site-packages/oslo_config/cfg.py:3006}}
May 14 10:20:43.731632 np0000174125 nova-scheduler[108555]: DEBUG cotyledon.oslo_config_glue [-] oslo_messaging_rabbit.ssl_enforce_fips_mode = False {{(pid=108555) log_opt_values /opt/stack/data/venv/lib/python3.12/site-packages/oslo_config/cfg.py:3006}}
May 14 10:20:43.731632 np0000174125 nova-scheduler[108555]: DEBUG cotyledon.oslo_config_glue [-] oslo_messaging_rabbit.ssl_key_file = {{(pid=108555) log_opt_values /opt/stack/data/venv/lib/python3.12/site-packages/oslo_config/cfg.py:3006}}
May 14 10:20:43.732229 np0000174125 nova-scheduler[108555]: DEBUG cotyledon.oslo_config_glue [-] oslo_messaging_rabbit.ssl_version = {{(pid=108555) log_opt_values /opt/stack/data/venv/lib/python3.12/site-packages/oslo_config/cfg.py:3006}}
May 14 10:20:43.732229 np0000174125 nova-scheduler[108555]: DEBUG cotyledon.oslo_config_glue [-] oslo_messaging_rabbit.use_queue_manager = False {{(pid=108555) log_opt_values /opt/stack/data/venv/lib/python3.12/site-packages/oslo_config/cfg.py:3006}}
May 14 10:20:43.732229 np0000174125 nova-scheduler[108555]: DEBUG cotyledon.oslo_config_glue [-] oslo_messaging_notifications.driver = ['messagingv2'] {{(pid=108555) log_opt_values /opt/stack/data/venv/lib/python3.12/site-packages/oslo_config/cfg.py:3006}}
May 14 10:20:43.732229 np0000174125 nova-scheduler[108555]: DEBUG cotyledon.oslo_config_glue [-] oslo_messaging_notifications.retry = -1 {{(pid=108555) log_opt_values /opt/stack/data/venv/lib/python3.12/site-packages/oslo_config/cfg.py:3006}}
May 14 10:20:43.732229 np0000174125 nova-scheduler[108555]: DEBUG cotyledon.oslo_config_glue [-] oslo_messaging_notifications.topics = ['notifications'] {{(pid=108555) log_opt_values /opt/stack/data/venv/lib/python3.12/site-packages/oslo_config/cfg.py:3006}}
May 14 10:20:43.732229 np0000174125 nova-scheduler[108555]: DEBUG cotyledon.oslo_config_glue [-] oslo_messaging_notifications.transport_url = **** {{(pid=108555) log_opt_values /opt/stack/data/venv/lib/python3.12/site-packages/oslo_config/cfg.py:3006}}
May 14 10:20:43.732229 np0000174125 nova-scheduler[108555]: DEBUG cotyledon.oslo_config_glue [-] oslo_limit.auth_section = None {{(pid=108555) log_opt_values /opt/stack/data/venv/lib/python3.12/site-packages/oslo_config/cfg.py:3006}}
May 14 10:20:43.732229 np0000174125 nova-scheduler[108555]: DEBUG cotyledon.oslo_config_glue [-] oslo_limit.auth_type = None {{(pid=108555) log_opt_values /opt/stack/data/venv/lib/python3.12/site-packages/oslo_config/cfg.py:3006}}
May 14 10:20:43.732229 np0000174125 nova-scheduler[108555]: DEBUG cotyledon.oslo_config_glue [-] oslo_limit.cafile = None {{(pid=108555) log_opt_values /opt/stack/data/venv/lib/python3.12/site-packages/oslo_config/cfg.py:3006}}
May 14 10:20:43.732692 np0000174125 nova-scheduler[108555]: DEBUG cotyledon.oslo_config_glue [-] oslo_limit.certfile = None {{(pid=108555) log_opt_values /opt/stack/data/venv/lib/python3.12/site-packages/oslo_config/cfg.py:3006}}
May 14 10:20:43.732692 np0000174125 nova-scheduler[108555]: DEBUG cotyledon.oslo_config_glue [-] oslo_limit.collect_timing = False {{(pid=108555) log_opt_values /opt/stack/data/venv/lib/python3.12/site-packages/oslo_config/cfg.py:3006}}
May 14 10:20:43.732692 np0000174125 nova-scheduler[108555]: DEBUG cotyledon.oslo_config_glue [-] oslo_limit.connect_retries = None {{(pid=108555) log_opt_values /opt/stack/data/venv/lib/python3.12/site-packages/oslo_config/cfg.py:3006}}
May 14 10:20:43.732692 np0000174125 nova-scheduler[108555]: DEBUG cotyledon.oslo_config_glue [-] oslo_limit.connect_retry_delay = None {{(pid=108555) log_opt_values /opt/stack/data/venv/lib/python3.12/site-packages/oslo_config/cfg.py:3006}}
May 14 10:20:43.732692 np0000174125 nova-scheduler[108555]: DEBUG cotyledon.oslo_config_glue [-] oslo_limit.endpoint_id = None {{(pid=108555) log_opt_values /opt/stack/data/venv/lib/python3.12/site-packages/oslo_config/cfg.py:3006}}
May 14 10:20:43.732692 np0000174125 nova-scheduler[108555]: DEBUG cotyledon.oslo_config_glue [-] oslo_limit.endpoint_interface = public {{(pid=108555) log_opt_values /opt/stack/data/venv/lib/python3.12/site-packages/oslo_config/cfg.py:3006}}
May 14 10:20:43.732692 np0000174125 nova-scheduler[108555]: DEBUG cotyledon.oslo_config_glue [-] oslo_limit.endpoint_override = None {{(pid=108555) log_opt_values /opt/stack/data/venv/lib/python3.12/site-packages/oslo_config/cfg.py:3006}}
May 14 10:20:43.732692 np0000174125 nova-scheduler[108555]: DEBUG cotyledon.oslo_config_glue [-] oslo_limit.endpoint_region_name = None {{(pid=108555) log_opt_values /opt/stack/data/venv/lib/python3.12/site-packages/oslo_config/cfg.py:3006}}
May 14 10:20:43.732692 np0000174125 nova-scheduler[108555]: DEBUG cotyledon.oslo_config_glue [-] oslo_limit.endpoint_service_name = None {{(pid=108555) log_opt_values /opt/stack/data/venv/lib/python3.12/site-packages/oslo_config/cfg.py:3006}}
May 14 10:20:43.733172 np0000174125 nova-scheduler[108555]: DEBUG cotyledon.oslo_config_glue [-] oslo_limit.endpoint_service_type = None {{(pid=108555) log_opt_values /opt/stack/data/venv/lib/python3.12/site-packages/oslo_config/cfg.py:3006}}
May 14 10:20:43.733172 np0000174125 nova-scheduler[108555]: DEBUG cotyledon.oslo_config_glue [-] oslo_limit.insecure = False {{(pid=108555) log_opt_values /opt/stack/data/venv/lib/python3.12/site-packages/oslo_config/cfg.py:3006}}
May 14 10:20:43.733172 np0000174125 nova-scheduler[108555]: DEBUG cotyledon.oslo_config_glue [-] oslo_limit.keyfile = None {{(pid=108555) log_opt_values /opt/stack/data/venv/lib/python3.12/site-packages/oslo_config/cfg.py:3006}}
May 14 10:20:43.733318 np0000174125 nova-scheduler[108542]: DEBUG nova.service [None req-42e3d9b4-61d3-417f-b334-e70828be356c None None] Join ServiceGroup membership for this service scheduler {{(pid=108542) start /opt/stack/nova/nova/service.py:221}}
May 14 10:20:43.733411 np0000174125 nova-scheduler[108555]: DEBUG cotyledon.oslo_config_glue [-] oslo_limit.max_version = None {{(pid=108555) log_opt_values /opt/stack/data/venv/lib/python3.12/site-packages/oslo_config/cfg.py:3006}}
May 14 10:20:43.733411 np0000174125 nova-scheduler[108555]: DEBUG cotyledon.oslo_config_glue [-] oslo_limit.min_version = None {{(pid=108555) log_opt_values /opt/stack/data/venv/lib/python3.12/site-packages/oslo_config/cfg.py:3006}}
May 14 10:20:43.733411 np0000174125 nova-scheduler[108555]: DEBUG cotyledon.oslo_config_glue [-] oslo_limit.region_name = None {{(pid=108555) log_opt_values /opt/stack/data/venv/lib/python3.12/site-packages/oslo_config/cfg.py:3006}}
May 14 10:20:43.733411 np0000174125 nova-scheduler[108555]: DEBUG cotyledon.oslo_config_glue [-] oslo_limit.retriable_status_codes = None {{(pid=108555) log_opt_values /opt/stack/data/venv/lib/python3.12/site-packages/oslo_config/cfg.py:3006}}
May 14 10:20:43.733411 np0000174125 nova-scheduler[108555]: DEBUG cotyledon.oslo_config_glue [-] oslo_limit.service_name = None {{(pid=108555) log_opt_values /opt/stack/data/venv/lib/python3.12/site-packages/oslo_config/cfg.py:3006}}
May 14 10:20:43.733411 np0000174125 nova-scheduler[108555]: DEBUG cotyledon.oslo_config_glue [-] oslo_limit.service_type = None {{(pid=108555) log_opt_values /opt/stack/data/venv/lib/python3.12/site-packages/oslo_config/cfg.py:3006}}
May 14 10:20:43.733699 np0000174125 nova-scheduler[108542]: DEBUG nova.servicegroup.drivers.db [None req-42e3d9b4-61d3-417f-b334-e70828be356c None None] DB_Driver: join new ServiceGroup member np0000174125 to the scheduler group, service = {{(pid=108542) join /opt/stack/nova/nova/servicegroup/drivers/db.py:44}}
May 14 10:20:43.733761 np0000174125 nova-scheduler[108555]: DEBUG cotyledon.oslo_config_glue [-] oslo_limit.split_loggers = False {{(pid=108555) log_opt_values /opt/stack/data/venv/lib/python3.12/site-packages/oslo_config/cfg.py:3006}}
May 14 10:20:43.733761 np0000174125 nova-scheduler[108555]: DEBUG cotyledon.oslo_config_glue [-] oslo_limit.status_code_retries = None {{(pid=108555) log_opt_values /opt/stack/data/venv/lib/python3.12/site-packages/oslo_config/cfg.py:3006}}
May 14 10:20:43.733761 np0000174125 nova-scheduler[108555]: DEBUG cotyledon.oslo_config_glue [-] oslo_limit.status_code_retry_delay = None {{(pid=108555) log_opt_values /opt/stack/data/venv/lib/python3.12/site-packages/oslo_config/cfg.py:3006}}
May 14 10:20:43.733761 np0000174125 nova-scheduler[108555]: DEBUG cotyledon.oslo_config_glue [-] oslo_limit.timeout = None {{(pid=108555) log_opt_values /opt/stack/data/venv/lib/python3.12/site-packages/oslo_config/cfg.py:3006}}
May 14 10:20:43.733761 np0000174125 nova-scheduler[108555]: DEBUG cotyledon.oslo_config_glue [-] oslo_limit.valid_interfaces = None {{(pid=108555) log_opt_values /opt/stack/data/venv/lib/python3.12/site-packages/oslo_config/cfg.py:3006}}
May 14 10:20:43.733761 np0000174125 nova-scheduler[108555]: DEBUG cotyledon.oslo_config_glue [-] oslo_limit.version = None {{(pid=108555) log_opt_values /opt/stack/data/venv/lib/python3.12/site-packages/oslo_config/cfg.py:3006}}
May 14 10:20:43.733761 np0000174125 nova-scheduler[108555]: DEBUG cotyledon.oslo_config_glue [-] oslo_reports.file_event_handler = None {{(pid=108555) log_opt_values /opt/stack/data/venv/lib/python3.12/site-packages/oslo_config/cfg.py:3006}}
May 14 10:20:43.733761 np0000174125 nova-scheduler[108555]: DEBUG cotyledon.oslo_config_glue [-] oslo_reports.file_event_handler_interval = 1 {{(pid=108555) log_opt_values /opt/stack/data/venv/lib/python3.12/site-packages/oslo_config/cfg.py:3006}}
May 14 10:20:43.733761 np0000174125 nova-scheduler[108555]: DEBUG cotyledon.oslo_config_glue [-] oslo_reports.log_dir = None {{(pid=108555) log_opt_values /opt/stack/data/venv/lib/python3.12/site-packages/oslo_config/cfg.py:3006}}
May 14 10:20:43.734261 np0000174125 nova-scheduler[108555]: DEBUG cotyledon.oslo_config_glue [-] ******************************************************************************** {{(pid=108555) log_opt_values /opt/stack/data/venv/lib/python3.12/site-packages/oslo_config/cfg.py:3013}}
May 14 10:20:43.734261 np0000174125 nova-scheduler[108555]: DEBUG cotyledon._service_worker [-] Run service ServiceWrapper(3) [108555] {{(pid=108555) wait_forever /opt/stack/data/venv/lib/python3.12/site-packages/cotyledon/_service_worker.py:218}}
May 14 10:20:43.734400 np0000174125 nova-scheduler[108555]: INFO nova.service [-] Starting scheduler node (version 33.1.0)
May 14 10:20:43.742172 np0000174125 nova-scheduler[108532]: DEBUG nova.service [None req-d156fa1f-90e6-4a99-b1a8-bd3d745fc81f None None] Join ServiceGroup membership for this service scheduler {{(pid=108532) start /opt/stack/nova/nova/service.py:221}}
May 14 10:20:43.742392 np0000174125 nova-scheduler[108532]: DEBUG nova.servicegroup.drivers.db [None req-d156fa1f-90e6-4a99-b1a8-bd3d745fc81f None None] DB_Driver: join new ServiceGroup member np0000174125 to the scheduler group, service = {{(pid=108532) join /opt/stack/nova/nova/servicegroup/drivers/db.py:44}}
May 14 10:20:43.745259 np0000174125 nova-scheduler[108555]: INFO dbcounter [None req-b00a25dc-6306-4027-a04f-a56d0d6ebfe4 None None] Registered counter for database nova_cell0
May 14 10:20:43.750960 np0000174125 nova-scheduler[108548]: DEBUG nova.service [None req-3d975449-c345-4d7e-8e3a-90028c72e7f5 None None] Join ServiceGroup membership for this service scheduler {{(pid=108548) start /opt/stack/nova/nova/service.py:221}}
May 14 10:20:43.751136 np0000174125 nova-scheduler[108548]: DEBUG nova.servicegroup.drivers.db [None req-3d975449-c345-4d7e-8e3a-90028c72e7f5 None None] DB_Driver: join new ServiceGroup member np0000174125 to the scheduler group, service = {{(pid=108548) join /opt/stack/nova/nova/servicegroup/drivers/db.py:44}}
May 14 10:20:43.761126 np0000174125 nova-scheduler[108555]: DEBUG oslo_db.sqlalchemy.engines [None req-b00a25dc-6306-4027-a04f-a56d0d6ebfe4 None None] MySQL server mode set to STRICT_TRANS_TABLES,STRICT_ALL_TABLES,NO_ZERO_IN_DATE,NO_ZERO_DATE,ERROR_FOR_DIVISION_BY_ZERO,TRADITIONAL,NO_ENGINE_SUBSTITUTION {{(pid=108555) _check_effective_sql_mode /opt/stack/data/venv/lib/python3.12/site-packages/oslo_db/sqlalchemy/engines.py:325}}
May 14 10:20:43.775113 np0000174125 nova-scheduler[108555]: DEBUG dbcounter [-] [108555] Writer thread running {{(pid=108555) stat_writer /opt/stack/data/venv/lib/python3.12/site-packages/dbcounter.py:102}}
May 14 10:20:43.778230 np0000174125 nova-scheduler[108555]: DEBUG nova.service [None req-b00a25dc-6306-4027-a04f-a56d0d6ebfe4 None None] Creating RPC server for service: nova-scheduler on topic: scheduler {{(pid=108555) start /opt/stack/nova/nova/service.py:195}}
May 14 10:20:43.795561 np0000174125 nova-scheduler[108555]: DEBUG nova.service [None req-b00a25dc-6306-4027-a04f-a56d0d6ebfe4 None None] Join ServiceGroup membership for this service scheduler {{(pid=108555) start /opt/stack/nova/nova/service.py:221}}
May 14 10:20:43.795753 np0000174125 nova-scheduler[108555]: DEBUG nova.servicegroup.drivers.db [None req-b00a25dc-6306-4027-a04f-a56d0d6ebfe4 None None] DB_Driver: join new ServiceGroup member np0000174125 to the scheduler group, service = {{(pid=108555) join /opt/stack/nova/nova/servicegroup/drivers/db.py:44}}
May 14 10:20:46.799590 np0000174125 nova-scheduler[108555]: DEBUG oslo.service.backend._threading.loopingcall [None req-d1861663-3796-4e7a-9939-e620296f7aec None None] Dynamic interval looping call 'nova.service.Service.periodic_tasks' sleeping for 60.00 seconds {{(pid=108555) _run_loop /opt/stack/data/venv/lib/python3.12/site-packages/oslo_service/backend/_threading/loopingcall.py:125}}
May 14 10:20:48.756108 np0000174125 nova-scheduler[108542]: DEBUG oslo.service.backend._threading.loopingcall [-] Fixed interval looping call 'nova.servicegroup.drivers.db.DbDriver._report_state' sleeping for 119.98 seconds {{(pid=108542) _run_loop /opt/stack/data/venv/lib/python3.12/site-packages/oslo_service/backend/_threading/loopingcall.py:125}}
May 14 10:20:48.758683 np0000174125 nova-scheduler[108532]: DEBUG oslo.service.backend._threading.loopingcall [-] Fixed interval looping call 'nova.servicegroup.drivers.db.DbDriver._report_state' sleeping for 119.99 seconds {{(pid=108532) _run_loop /opt/stack/data/venv/lib/python3.12/site-packages/oslo_service/backend/_threading/loopingcall.py:125}}
May 14 10:20:48.767053 np0000174125 nova-scheduler[108548]: DEBUG oslo.service.backend._threading.loopingcall [-] Fixed interval looping call 'nova.servicegroup.drivers.db.DbDriver._report_state' sleeping for 119.99 seconds {{(pid=108548) _run_loop /opt/stack/data/venv/lib/python3.12/site-packages/oslo_service/backend/_threading/loopingcall.py:125}}
May 14 10:20:48.814908 np0000174125 nova-scheduler[108555]: DEBUG oslo.service.backend._threading.loopingcall [-] Fixed interval looping call 'nova.servicegroup.drivers.db.DbDriver._report_state' sleeping for 119.98 seconds {{(pid=108555) _run_loop /opt/stack/data/venv/lib/python3.12/site-packages/oslo_service/backend/_threading/loopingcall.py:125}}
May 14 10:20:50.747834 np0000174125 nova-scheduler[108532]: DEBUG oslo.service.backend._threading.loopingcall [None req-1bb38d19-c180-4d6e-9e54-1fd903350f68 None None] Dynamic interval looping call 'nova.service.Service.periodic_tasks' sleeping for 60.00 seconds {{(pid=108532) _run_loop /opt/stack/data/venv/lib/python3.12/site-packages/oslo_service/backend/_threading/loopingcall.py:125}}
May 14 10:20:52.338749 np0000174125 nova-scheduler[107803]: DEBUG dbcounter [-] [107803] Writing DB stats nova_api:SELECT=3 {{(pid=107803) stat_writer /opt/stack/data/venv/lib/python3.12/site-packages/dbcounter.py:115}}
May 14 10:20:52.439798 np0000174125 nova-scheduler[107803]: DEBUG dbcounter [-] [107803] Writing DB stats nova_cell0:SELECT=1 {{(pid=107803) stat_writer /opt/stack/data/venv/lib/python3.12/site-packages/dbcounter.py:115}}
May 14 10:20:52.446236 np0000174125 nova-scheduler[107803]: DEBUG dbcounter [-] [107803] Writing DB stats nova_cell1:SELECT=1 {{(pid=107803) stat_writer /opt/stack/data/venv/lib/python3.12/site-packages/dbcounter.py:115}}
May 14 10:20:58.752003 np0000174125 nova-scheduler[108542]: DEBUG dbcounter [-] [108542] Writing DB stats nova_cell0:SELECT=3,nova_cell0:UPDATE=1 {{(pid=108542) stat_writer /opt/stack/data/venv/lib/python3.12/site-packages/dbcounter.py:115}}
May 14 10:20:58.758314 np0000174125 nova-scheduler[108532]: DEBUG dbcounter [-] [108532] Writing DB stats nova_cell0:SELECT=4,nova_cell0:INSERT=1,nova_cell0:UPDATE=1 {{(pid=108532) stat_writer /opt/stack/data/venv/lib/python3.12/site-packages/dbcounter.py:115}}
May 14 10:20:58.763508 np0000174125 nova-scheduler[108548]: DEBUG dbcounter [-] [108548] Writing DB stats nova_cell0:SELECT=3 {{(pid=108548) stat_writer /opt/stack/data/venv/lib/python3.12/site-packages/dbcounter.py:115}}
May 14 10:20:58.809046 np0000174125 nova-scheduler[108555]: DEBUG dbcounter [-] [108555] Writing DB stats nova_cell0:SELECT=3 {{(pid=108555) stat_writer /opt/stack/data/venv/lib/python3.12/site-packages/dbcounter.py:115}}
May 14 10:21:10.754122 np0000174125 nova-scheduler[108548]: DEBUG oslo.service.backend._threading.loopingcall [None req-af77eb9e-fd2b-4f4f-a966-e2fdc8fd5ef7 None None] Dynamic interval looping call 'nova.service.Service.periodic_tasks' sleeping for 60.00 seconds {{(pid=108548) _run_loop /opt/stack/data/venv/lib/python3.12/site-packages/oslo_service/backend/_threading/loopingcall.py:125}}
May 14 10:21:15.735488 np0000174125 nova-scheduler[108542]: DEBUG oslo.service.backend._threading.loopingcall [None req-3ff6cf8e-501c-4e42-a259-8855094f6ae1 None None] Dynamic interval looping call 'nova.service.Service.periodic_tasks' sleeping for 60.00 seconds {{(pid=108542) _run_loop /opt/stack/data/venv/lib/python3.12/site-packages/oslo_service/backend/_threading/loopingcall.py:125}}
May 14 10:21:46.800145 np0000174125 nova-scheduler[108555]: DEBUG oslo.service.backend._threading.loopingcall [None req-d1861663-3796-4e7a-9939-e620296f7aec None None] Dynamic interval looping call 'nova.service.Service.periodic_tasks' sleeping for 60.00 seconds {{(pid=108555) _run_loop /opt/stack/data/venv/lib/python3.12/site-packages/oslo_service/backend/_threading/loopingcall.py:125}}
May 14 10:21:50.748949 np0000174125 nova-scheduler[108532]: DEBUG oslo.service.backend._threading.loopingcall [None req-1bb38d19-c180-4d6e-9e54-1fd903350f68 None None] Dynamic interval looping call 'nova.service.Service.periodic_tasks' sleeping for 60.00 seconds {{(pid=108532) _run_loop /opt/stack/data/venv/lib/python3.12/site-packages/oslo_service/backend/_threading/loopingcall.py:125}}
May 14 10:22:10.754901 np0000174125 nova-scheduler[108548]: DEBUG oslo.service.backend._threading.loopingcall [None req-af77eb9e-fd2b-4f4f-a966-e2fdc8fd5ef7 None None] Dynamic interval looping call 'nova.service.Service.periodic_tasks' sleeping for 60.00 seconds {{(pid=108548) _run_loop /opt/stack/data/venv/lib/python3.12/site-packages/oslo_service/backend/_threading/loopingcall.py:125}}
May 14 10:22:15.736095 np0000174125 nova-scheduler[108542]: DEBUG oslo.service.backend._threading.loopingcall [None req-3ff6cf8e-501c-4e42-a259-8855094f6ae1 None None] Dynamic interval looping call 'nova.service.Service.periodic_tasks' sleeping for 60.00 seconds {{(pid=108542) _run_loop /opt/stack/data/venv/lib/python3.12/site-packages/oslo_service/backend/_threading/loopingcall.py:125}}
May 14 10:22:46.801115 np0000174125 nova-scheduler[108555]: DEBUG oslo.service.backend._threading.loopingcall [None req-d1861663-3796-4e7a-9939-e620296f7aec None None] Dynamic interval looping call 'nova.service.Service.periodic_tasks' sleeping for 60.00 seconds {{(pid=108555) _run_loop /opt/stack/data/venv/lib/python3.12/site-packages/oslo_service/backend/_threading/loopingcall.py:125}}
May 14 10:22:48.825674 np0000174125 nova-scheduler[108542]: DEBUG oslo.service.backend._threading.loopingcall [-] Fixed interval looping call 'nova.servicegroup.drivers.db.DbDriver._report_state' sleeping for 119.91 seconds {{(pid=108542) _run_loop /opt/stack/data/venv/lib/python3.12/site-packages/oslo_service/backend/_threading/loopingcall.py:125}}
May 14 10:22:48.826490 np0000174125 nova-scheduler[108532]: DEBUG oslo.service.backend._threading.loopingcall [-] Fixed interval looping call 'nova.servicegroup.drivers.db.DbDriver._report_state' sleeping for 119.92 seconds {{(pid=108532) _run_loop /opt/stack/data/venv/lib/python3.12/site-packages/oslo_service/backend/_threading/loopingcall.py:125}}
May 14 10:22:48.827430 np0000174125 nova-scheduler[108548]: DEBUG oslo.service.backend._threading.loopingcall [-] Fixed interval looping call 'nova.servicegroup.drivers.db.DbDriver._report_state' sleeping for 119.93 seconds {{(pid=108548) _run_loop /opt/stack/data/venv/lib/python3.12/site-packages/oslo_service/backend/_threading/loopingcall.py:125}}
May 14 10:22:48.829021 np0000174125 nova-scheduler[108555]: DEBUG oslo.service.backend._threading.loopingcall [-] Fixed interval looping call 'nova.servicegroup.drivers.db.DbDriver._report_state' sleeping for 119.97 seconds {{(pid=108555) _run_loop /opt/stack/data/venv/lib/python3.12/site-packages/oslo_service/backend/_threading/loopingcall.py:125}}
May 14 10:22:50.749925 np0000174125 nova-scheduler[108532]: DEBUG oslo.service.backend._threading.loopingcall [None req-1bb38d19-c180-4d6e-9e54-1fd903350f68 None None] Dynamic interval looping call 'nova.service.Service.periodic_tasks' sleeping for 60.00 seconds {{(pid=108532) _run_loop /opt/stack/data/venv/lib/python3.12/site-packages/oslo_service/backend/_threading/loopingcall.py:125}}
May 14 10:22:58.742300 np0000174125 nova-scheduler[108542]: DEBUG dbcounter [-] [108542] Writing DB stats nova_cell0:SELECT=1,nova_cell0:UPDATE=1 {{(pid=108542) stat_writer /opt/stack/data/venv/lib/python3.12/site-packages/dbcounter.py:115}}
May 14 10:22:58.753709 np0000174125 nova-scheduler[108532]: DEBUG dbcounter [-] [108532] Writing DB stats nova_cell0:SELECT=1,nova_cell0:UPDATE=1 {{(pid=108532) stat_writer /opt/stack/data/venv/lib/python3.12/site-packages/dbcounter.py:115}}
May 14 10:22:58.767547 np0000174125 nova-scheduler[108548]: DEBUG dbcounter [-] [108548] Writing DB stats nova_cell0:SELECT=1,nova_cell0:UPDATE=1 {{(pid=108548) stat_writer /opt/stack/data/venv/lib/python3.12/site-packages/dbcounter.py:115}}
May 14 10:22:58.802623 np0000174125 nova-scheduler[108555]: DEBUG dbcounter [-] [108555] Writing DB stats nova_cell0:SELECT=1,nova_cell0:UPDATE=1 {{(pid=108555) stat_writer /opt/stack/data/venv/lib/python3.12/site-packages/dbcounter.py:115}}
May 14 10:23:10.755835 np0000174125 nova-scheduler[108548]: DEBUG oslo.service.backend._threading.loopingcall [None req-af77eb9e-fd2b-4f4f-a966-e2fdc8fd5ef7 None None] Dynamic interval looping call 'nova.service.Service.periodic_tasks' sleeping for 60.00 seconds {{(pid=108548) _run_loop /opt/stack/data/venv/lib/python3.12/site-packages/oslo_service/backend/_threading/loopingcall.py:125}}
May 14 10:23:15.736983 np0000174125 nova-scheduler[108542]: DEBUG oslo.service.backend._threading.loopingcall [None req-3ff6cf8e-501c-4e42-a259-8855094f6ae1 None None] Dynamic interval looping call 'nova.service.Service.periodic_tasks' sleeping for 60.00 seconds {{(pid=108542) _run_loop /opt/stack/data/venv/lib/python3.12/site-packages/oslo_service/backend/_threading/loopingcall.py:125}}
May 14 10:23:46.802128 np0000174125 nova-scheduler[108555]: DEBUG oslo.service.backend._threading.loopingcall [None req-d1861663-3796-4e7a-9939-e620296f7aec None None] Dynamic interval looping call 'nova.service.Service.periodic_tasks' sleeping for 60.00 seconds {{(pid=108555) _run_loop /opt/stack/data/venv/lib/python3.12/site-packages/oslo_service/backend/_threading/loopingcall.py:125}}
May 14 10:23:50.750597 np0000174125 nova-scheduler[108532]: DEBUG oslo.service.backend._threading.loopingcall [None req-1bb38d19-c180-4d6e-9e54-1fd903350f68 None None] Dynamic interval looping call 'nova.service.Service.periodic_tasks' sleeping for 60.00 seconds {{(pid=108532) _run_loop /opt/stack/data/venv/lib/python3.12/site-packages/oslo_service/backend/_threading/loopingcall.py:125}}
May 14 10:24:10.756372 np0000174125 nova-scheduler[108548]: DEBUG oslo.service.backend._threading.loopingcall [None req-af77eb9e-fd2b-4f4f-a966-e2fdc8fd5ef7 None None] Dynamic interval looping call 'nova.service.Service.periodic_tasks' sleeping for 60.00 seconds {{(pid=108548) _run_loop /opt/stack/data/venv/lib/python3.12/site-packages/oslo_service/backend/_threading/loopingcall.py:125}}
May 14 10:24:15.737679 np0000174125 nova-scheduler[108542]: DEBUG oslo.service.backend._threading.loopingcall [None req-3ff6cf8e-501c-4e42-a259-8855094f6ae1 None None] Dynamic interval looping call 'nova.service.Service.periodic_tasks' sleeping for 60.00 seconds {{(pid=108542) _run_loop /opt/stack/data/venv/lib/python3.12/site-packages/oslo_service/backend/_threading/loopingcall.py:125}}
May 14 10:24:46.802587 np0000174125 nova-scheduler[108555]: DEBUG oslo.service.backend._threading.loopingcall [None req-d1861663-3796-4e7a-9939-e620296f7aec None None] Dynamic interval looping call 'nova.service.Service.periodic_tasks' sleeping for 60.00 seconds {{(pid=108555) _run_loop /opt/stack/data/venv/lib/python3.12/site-packages/oslo_service/backend/_threading/loopingcall.py:125}}
May 14 10:24:48.746543 np0000174125 nova-scheduler[108542]: DEBUG oslo.service.backend._threading.loopingcall [-] Fixed interval looping call 'nova.servicegroup.drivers.db.DbDriver._report_state' sleeping for 119.99 seconds {{(pid=108542) _run_loop /opt/stack/data/venv/lib/python3.12/site-packages/oslo_service/backend/_threading/loopingcall.py:125}}
May 14 10:24:48.751561 np0000174125 nova-scheduler[108532]: DEBUG oslo.service.backend._threading.loopingcall [-] Fixed interval looping call 'nova.servicegroup.drivers.db.DbDriver._report_state' sleeping for 120.00 seconds {{(pid=108532) _run_loop /opt/stack/data/venv/lib/python3.12/site-packages/oslo_service/backend/_threading/loopingcall.py:125}}
May 14 10:24:48.762800 np0000174125 nova-scheduler[108548]: DEBUG oslo.service.backend._threading.loopingcall [-] Fixed interval looping call 'nova.servicegroup.drivers.db.DbDriver._report_state' sleeping for 120.00 seconds {{(pid=108548) _run_loop /opt/stack/data/venv/lib/python3.12/site-packages/oslo_service/backend/_threading/loopingcall.py:125}}
May 14 10:24:48.805589 np0000174125 nova-scheduler[108555]: DEBUG oslo.service.backend._threading.loopingcall [-] Fixed interval looping call 'nova.servicegroup.drivers.db.DbDriver._report_state' sleeping for 119.99 seconds {{(pid=108555) _run_loop /opt/stack/data/venv/lib/python3.12/site-packages/oslo_service/backend/_threading/loopingcall.py:125}}
May 14 10:24:50.751384 np0000174125 nova-scheduler[108532]: DEBUG oslo.service.backend._threading.loopingcall [None req-1bb38d19-c180-4d6e-9e54-1fd903350f68 None None] Dynamic interval looping call 'nova.service.Service.periodic_tasks' sleeping for 60.00 seconds {{(pid=108532) _run_loop /opt/stack/data/venv/lib/python3.12/site-packages/oslo_service/backend/_threading/loopingcall.py:125}}
May 14 10:24:58.769769 np0000174125 nova-scheduler[108542]: DEBUG dbcounter [-] [108542] Writing DB stats nova_cell0:SELECT=1,nova_cell0:UPDATE=1 {{(pid=108542) stat_writer /opt/stack/data/venv/lib/python3.12/site-packages/dbcounter.py:115}}
