+ COMMAND=start + start + for KEYSTONE_WSGI_SCRIPT in keystone-wsgi-public ++ type -p keystone-wsgi-public + cp -a /var/lib/openstack/bin/keystone-wsgi-public /var/www/cgi-bin/keystone/ + '[' -f /etc/apache2/envvars ']' + source /etc/apache2/envvars ++ unset HOME ++ '[' '' '!=' '' ']' ++ SUFFIX= ++ export APACHE_RUN_USER=www-data ++ APACHE_RUN_USER=www-data ++ export APACHE_RUN_GROUP=www-data ++ APACHE_RUN_GROUP=www-data ++ export APACHE_PID_FILE=/var/run/apache2/apache2.pid ++ APACHE_PID_FILE=/var/run/apache2/apache2.pid ++ export APACHE_RUN_DIR=/var/run/apache2 ++ APACHE_RUN_DIR=/var/run/apache2 ++ export APACHE_LOCK_DIR=/var/lock/apache2 ++ APACHE_LOCK_DIR=/var/lock/apache2 ++ export APACHE_LOG_DIR=/var/log/apache2 ++ APACHE_LOG_DIR=/var/log/apache2 ++ export LANG=C ++ LANG=C ++ export LANG + '[' -f /var/run/apache2/apache2.pid ']' + exec apache2 -DFOREGROUND AH00558: apache2: Could not reliably determine the server's fully qualified domain name, using 10.0.0.2. Set the 'ServerName' directive globally to suppress this message AH00558: apache2: Could not reliably determine the server's fully qualified domain name, using 10.0.0.2. Set the 'ServerName' directive globally to suppress this message
[Thu Jun 04 06:41:22.312232 2026] [mpm_event:notice] [pid 1:tid 140048443918208] AH00489: Apache/2.4.58 (Ubuntu) mod_wsgi/5.0.0 Python/3.12 configured -- resuming normal operations
[Thu Jun 04 06:41:22.312380 2026] [core:notice] [pid 1:tid 140048443918208] AH00094: Command line: 'apache2 -D FOREGROUND'
[Thu Jun 04 06:42:23.900886 2026] [wsgi:error] [pid 10:tid 140047806097088] /var/lib/openstack/lib/python3.12/site-packages/oslo_utils/importutils.py:77: EventletDeprecationWarning:
[Thu Jun 04 06:42:23.900924 2026] [wsgi:error] [pid 10:tid 140047806097088] Eventlet is deprecated. It is currently being maintained in bugfix mode, and
[Thu Jun 04 06:42:23.900925 2026] [wsgi:error] [pid 10:tid 140047806097088] we strongly recommend against using it for new projects.
[Thu Jun 04 06:42:23.900927 2026] [wsgi:error] [pid 10:tid 140047806097088]
[Thu Jun 04 06:42:23.900928 2026] [wsgi:error] [pid 10:tid 140047806097088] If you are already using Eventlet, we recommend migrating to a different
[Thu Jun 04 06:42:23.900929 2026] [wsgi:error] [pid 10:tid 140047806097088] framework. For more detail see
[Thu Jun 04 06:42:23.900930 2026] [wsgi:error] [pid 10:tid 140047806097088] https://eventlet.readthedocs.io/en/latest/asyncio/migration.html
[Thu Jun 04 06:42:23.900931 2026] [wsgi:error] [pid 10:tid 140047806097088]
[Thu Jun 04 06:42:23.900932 2026] [wsgi:error] [pid 10:tid 140047806097088] __import__(import_str)
[Thu Jun 04 06:42:23.902723 2026] [wsgi:error] [pid 9:tid 140047806097088] /var/lib/openstack/lib/python3.12/site-packages/oslo_utils/importutils.py:77: EventletDeprecationWarning:
[Thu Jun 04 06:42:23.902765 2026] [wsgi:error] [pid 9:tid 140047806097088] Eventlet is deprecated. It is currently being maintained in bugfix mode, and
[Thu Jun 04 06:42:23.902767 2026] [wsgi:error] [pid 9:tid 140047806097088] we strongly recommend against using it for new projects.
[Thu Jun 04 06:42:23.902768 2026] [wsgi:error] [pid 9:tid 140047806097088]
[Thu Jun 04 06:42:23.902769 2026] [wsgi:error] [pid 9:tid 140047806097088] If you are already using Eventlet, we recommend migrating to a different
[Thu Jun 04 06:42:23.902770 2026] [wsgi:error] [pid 9:tid 140047806097088] framework. For more detail see
[Thu Jun 04 06:42:23.902771 2026] [wsgi:error] [pid 9:tid 140047806097088] https://eventlet.readthedocs.io/en/latest/asyncio/migration.html
[Thu Jun 04 06:42:23.902772 2026] [wsgi:error] [pid 9:tid 140047806097088]
[Thu Jun 04 06:42:23.902773 2026] [wsgi:error] [pid 9:tid 140047806097088] __import__(import_str) 10.0.0.155 - - [04/Jun/2026:06:42:23 +0000] "GET /v3/ HTTP/1.1" 200 248 10.0.0.155 - - [04/Jun/2026:06:42:23 +0000] "GET /v3/ HTTP/1.1" 200 248
[Thu Jun 04 06:42:36.237042 2026] [wsgi:error] [pid 12:tid 140047806097088] /var/lib/openstack/lib/python3.12/site-packages/oslo_utils/importutils.py:77: EventletDeprecationWarning:
[Thu Jun 04 06:42:36.237087 2026] [wsgi:error] [pid 12:tid 140047806097088] Eventlet is deprecated. It is currently being maintained in bugfix mode, and
[Thu Jun 04 06:42:36.237090 2026] [wsgi:error] [pid 12:tid 140047806097088] we strongly recommend against using it for new projects.
[Thu Jun 04 06:42:36.237091 2026] [wsgi:error] [pid 12:tid 140047806097088]
[Thu Jun 04 06:42:36.237093 2026] [wsgi:error] [pid 12:tid 140047806097088] If you are already using Eventlet, we recommend migrating to a different
[Thu Jun 04 06:42:36.237094 2026] [wsgi:error] [pid 12:tid 140047806097088] framework. For more detail see
[Thu Jun 04 06:42:36.237096 2026] [wsgi:error] [pid 12:tid 140047806097088] https://eventlet.readthedocs.io/en/latest/asyncio/migration.html
[Thu Jun 04 06:42:36.237098 2026] [wsgi:error] [pid 12:tid 140047806097088]
[Thu Jun 04 06:42:36.237099 2026] [wsgi:error] [pid 12:tid 140047806097088] __import__(import_str) 10.0.0.234 - - [04/Jun/2026:06:42:35 +0000] "GET / HTTP/1.1" 300 295
[Thu Jun 04 06:42:41.758640 2026] [wsgi:error] [pid 11:tid 140047806097088] /var/lib/openstack/lib/python3.12/site-packages/oslo_utils/importutils.py:77: EventletDeprecationWarning:
[Thu Jun 04 06:42:41.758686 2026] [wsgi:error] [pid 11:tid 140047806097088] Eventlet is deprecated. It is currently being maintained in bugfix mode, and
[Thu Jun 04 06:42:41.758687 2026] [wsgi:error] [pid 11:tid 140047806097088] we strongly recommend against using it for new projects.
[Thu Jun 04 06:42:41.758688 2026] [wsgi:error] [pid 11:tid 140047806097088]
[Thu Jun 04 06:42:41.758690 2026] [wsgi:error] [pid 11:tid 140047806097088] If you are already using Eventlet, we recommend migrating to a different
[Thu Jun 04 06:42:41.758691 2026] [wsgi:error] [pid 11:tid 140047806097088] framework. For more detail see
[Thu Jun 04 06:42:41.758692 2026] [wsgi:error] [pid 11:tid 140047806097088] https://eventlet.readthedocs.io/en/latest/asyncio/migration.html
[Thu Jun 04 06:42:41.758693 2026] [wsgi:error] [pid 11:tid 140047806097088]
[Thu Jun 04 06:42:41.758694 2026] [wsgi:error] [pid 11:tid 140047806097088] __import__(import_str)
[Thu Jun 04 06:42:46.479260 2026] [wsgi:error] [pid 11:tid 140047806097088] [remote 10.0.0.234:46874] 2026-06-04 06:42:46.476 11 WARNING keystone.identity.core [None req-9bd315de-91d7-44ef-8bef-08f74137f851 - - - - - -] Invalid domain name (atmosphere) found in config file name: keystone.exception.DomainNotFound: Could not find domain: atmosphere.
[Thu Jun 04 06:42:46.530175 2026] [wsgi:error] [pid 11:tid 140047806097088] [remote 10.0.0.234:46874] 2026-06-04 06:42:46.529 11 WARNING keystone.common.password_hashing [None req-9bd315de-91d7-44ef-8bef-08f74137f851 - - - - - -] Truncating password to algorithm specific maximum length 72 characters.
[Thu Jun 04 06:42:46.809386 2026] [wsgi:error] [pid 11:tid 140047806097088] [remote 10.0.0.234:46874] 2026-06-04 06:42:46.809 11 WARNING keystone.common.fernet_utils [None req-9bd315de-91d7-44ef-8bef-08f74137f851 - - - - - -] key_repository is world readable: /etc/keystone/fernet-keys/ 10.0.0.234 - - [04/Jun/2026:06:42:40 +0000] "POST /v3/auth/tokens HTTP/1.1" 201 1359
[Thu Jun 04 06:42:47.196183 2026] [wsgi:error] [pid 10:tid 140047806097088] [remote 10.0.0.234:46874] 2026-06-04 06:42:47.193 10 WARNING keystone.identity.core [None req-48120dec-af69-4956-8ab7-2a43ef97e9a7 - - - - - -] Invalid domain name (atmosphere) found in config file name: keystone.exception.DomainNotFound: Could not find domain: atmosphere. 10.0.0.234 - - [04/Jun/2026:06:42:47 +0000] "POST /v3/domains HTTP/1.1" 201 261 10.0.0.218 - - [04/Jun/2026:06:42:58 +0000] "GET / HTTP/1.1" 300 295
[Thu Jun 04 06:42:58.828378 2026] [wsgi:error] [pid 12:tid 140047806097088] [remote 10.0.0.218:53566] 2026-06-04 06:42:58.827 12 WARNING keystone.common.password_hashing [None req-4ee1cb52-c46d-4126-b259-db08de6b4313 - - - - - -] Truncating password to algorithm specific maximum length 72 characters.
[Thu Jun 04 06:42:59.108761 2026] [wsgi:error] [pid 12:tid 140047806097088] [remote 10.0.0.218:53566] 2026-06-04 06:42:59.108 12 WARNING keystone.common.fernet_utils [None req-4ee1cb52-c46d-4126-b259-db08de6b4313 - - - - - -] key_repository is world readable: /etc/keystone/fernet-keys/ 10.0.0.218 - - [04/Jun/2026:06:42:58 +0000] "POST /v3/auth/tokens HTTP/1.1" 201 1359 10.0.0.218 - - [04/Jun/2026:06:42:59 +0000] "GET /v3/roles/admin HTTP/1.1" 404 83
[Thu Jun 04 06:42:59.387134 2026] [wsgi:error] [pid 10:tid 140047806097088] [remote 10.0.0.218:53566] 2026-06-04 06:42:59.386 10 WARNING keystone.common.rbac_enforcer.enforcer [None req-2bef36cb-e08b-4067-9718-60f60a6402fe 53a23cd758884331a04d461929ce590b 4c19a50a0a064cbfac2995170647616c - - default default] Deprecated policy rules found. Use oslopolicy-policy-generator and oslopolicy-policy-upgrade to detect and resolve deprecated policies in your configuration. 10.0.0.218 - - [04/Jun/2026:06:42:59 +0000] "GET /v3/roles?name=admin HTTP/1.1" 200 389
[Thu Jun 04 06:42:59.869676 2026] [wsgi:error] [pid 9:tid 140047806097088] [remote 10.0.0.218:53566] 2026-06-04 06:42:59.869 9 WARNING keystone.common.rbac_enforcer.enforcer [None req-b357b0cf-d6a7-4ffa-8159-015a5f8d4ec7 53a23cd758884331a04d461929ce590b 4c19a50a0a064cbfac2995170647616c - - default default] Deprecated policy rules found. Use oslopolicy-policy-generator and oslopolicy-policy-upgrade to detect and resolve deprecated policies in your configuration. 10.0.0.218 - - [04/Jun/2026:06:42:59 +0000] "GET /v3/users/admin-RegionOne HTTP/1.1" 404 93
[Thu Jun 04 06:43:00.018011 2026] [wsgi:error] [pid 12:tid 140047806097088] [remote 10.0.0.218:53566] 2026-06-04 06:43:00.017 12 WARNING keystone.common.rbac_enforcer.enforcer [None req-5d4cf7b4-b573-494c-80bc-0156ed283762 53a23cd758884331a04d461929ce590b 4c19a50a0a064cbfac2995170647616c - - default default] Deprecated policy rules found. Use oslopolicy-policy-generator and oslopolicy-policy-upgrade to detect and resolve deprecated policies in your configuration. 10.0.0.218 - - [04/Jun/2026:06:42:59 +0000] "GET /v3/users?name=admin-RegionOne HTTP/1.1" 200 422
[Thu Jun 04 06:43:00.179368 2026] [wsgi:error] [pid 11:tid 140047806097088] [remote 10.0.0.218:53566] 2026-06-04 06:43:00.179 11 WARNING keystone.common.rbac_enforcer.enforcer [None req-18f8903e-3526-4b5b-a958-e9aac789a3b8 53a23cd758884331a04d461929ce590b 4c19a50a0a064cbfac2995170647616c - - default default] Deprecated policy rules found. Use oslopolicy-policy-generator and oslopolicy-policy-upgrade to detect and resolve deprecated policies in your configuration. 10.0.0.218 - - [04/Jun/2026:06:43:00 +0000] "GET /v3/domains/default HTTP/1.1" 200 224 10.0.0.218 - - [04/Jun/2026:06:43:00 +0000] "PUT /v3/domains/default/users/53a23cd758884331a04d461929ce590b/roles/2d7dbdba613c49f6996c1e6b0f9e75df HTTP/1.1" 204 - 10.0.0.155 - - [04/Jun/2026:06:43:09 +0000] "GET / HTTP/1.1" 300 280 10.0.0.155 - - [04/Jun/2026:06:43:11 +0000] "GET /v3 HTTP/1.1" 200 265
[Thu Jun 04 06:43:11.204872 2026] [wsgi:error] [pid 11:tid 140047806097088] [remote 10.0.0.155:59728] 2026-06-04 06:43:11.204 11 WARNING keystone.common.password_hashing [None req-b3ba6000-0233-4a3e-9dec-1dc41162eb3d - - - - - -] Truncating password to algorithm specific maximum length 72 characters.
[Thu Jun 04 06:43:11.487298 2026] [wsgi:error] [pid 11:tid 140047806097088] [remote 10.0.0.155:59728] 2026-06-04 06:43:11.487 11 WARNING keystone.common.fernet_utils [None req-b3ba6000-0233-4a3e-9dec-1dc41162eb3d - - - - - -] key_repository is world readable: /etc/keystone/fernet-keys/ 10.0.0.155 - - [04/Jun/2026:06:43:11 +0000] "POST /v3/auth/tokens HTTP/1.1" 201 1359 10.0.0.155 - - [04/Jun/2026:06:43:11 +0000] "GET / HTTP/1.1" 300 280 10.0.0.155 - - [04/Jun/2026:06:43:11 +0000] "GET /v3/domains/atmosphere HTTP/1.1" 404 90 10.0.0.155 - - [04/Jun/2026:06:43:11 +0000] "GET /v3/domains?name=atmosphere HTTP/1.1" 200 368 10.0.0.155 - - [04/Jun/2026:06:43:11 +0000] "GET /v3/domains/2d0290af05c94da28a91457fc83f02e5 HTTP/1.1" 200 246 10.0.0.155 - - [04/Jun/2026:06:43:12 +0000] "GET /v3 HTTP/1.1" 200 265
[Thu Jun 04 06:43:12.595979 2026] [wsgi:error] [pid 9:tid 140047806097088] [remote 10.0.0.155:59728] 2026-06-04 06:43:12.595 9 WARNING keystone.common.password_hashing [None req-6ac65577-24d4-40e9-bede-9794ca9584ab - - - - - -] Truncating password to algorithm specific maximum length 72 characters.
[Thu Jun 04 06:43:12.881781 2026] [wsgi:error] [pid 9:tid 140047806097088] [remote 10.0.0.155:59728] 2026-06-04 06:43:12.881 9 WARNING keystone.common.fernet_utils [None req-6ac65577-24d4-40e9-bede-9794ca9584ab - - - - - -] key_repository is world readable: /etc/keystone/fernet-keys/ 10.0.0.155 - - [04/Jun/2026:06:43:12 +0000] "POST /v3/auth/tokens HTTP/1.1" 201 1359 10.0.0.155 - - [04/Jun/2026:06:43:12 +0000] "GET / HTTP/1.1" 300 280 10.0.0.155 - - [04/Jun/2026:06:43:12 +0000] "GET /v3/OS-FEDERATION/identity_providers/atmosphere HTTP/1.1" 404 101 10.0.0.155 - - [04/Jun/2026:06:43:12 +0000] "GET /v3/OS-FEDERATION/identity_providers HTTP/1.1" 200 155 10.0.0.155 - - [04/Jun/2026:06:43:12 +0000] "PUT /v3/OS-FEDERATION/identity_providers/atmosphere HTTP/1.1" 201 340 10.0.0.155 - - [04/Jun/2026:06:43:13 +0000] "GET /v3 HTTP/1.1" 200 265
[Thu Jun 04 06:43:13.859857 2026] [wsgi:error] [pid 11:tid 140047806097088] [remote 10.0.0.155:59728] 2026-06-04 06:43:13.859 11 WARNING keystone.common.password_hashing [None req-bb1822f4-db4d-49fd-b4e2-b6e6a9a93d4d - - - - - -] Truncating password to algorithm specific maximum length 72 characters.
[Thu Jun 04 06:43:14.133114 2026] [wsgi:error] [pid 11:tid 140047806097088] [remote 10.0.0.155:59728] 2026-06-04 06:43:14.132 11 WARNING keystone.common.fernet_utils [None req-bb1822f4-db4d-49fd-b4e2-b6e6a9a93d4d - - - - - -] key_repository is world readable: /etc/keystone/fernet-keys/ 10.0.0.155 - - [04/Jun/2026:06:43:13 +0000] "POST /v3/auth/tokens HTTP/1.1" 201 1359 10.0.0.155 - - [04/Jun/2026:06:43:14 +0000] "GET / HTTP/1.1" 300 280 10.0.0.155 - - [04/Jun/2026:06:43:14 +0000] "GET /v3/OS-FEDERATION/mappings/atmosphere-openid HTTP/1.1" 404 98 10.0.0.155 - - [04/Jun/2026:06:43:14 +0000] "GET /v3/OS-FEDERATION/mappings HTTP/1.1" 200 135 10.0.0.155 - - [04/Jun/2026:06:43:14 +0000] "PUT /v3/OS-FEDERATION/mappings/atmosphere-openid HTTP/1.1" 201 356 10.0.0.155 - - [04/Jun/2026:06:43:14 +0000] "GET /v3 HTTP/1.1" 200 265
[Thu Jun 04 06:43:14.930348 2026] [wsgi:error] [pid 9:tid 140047806097088] [remote 10.0.0.155:59728] 2026-06-04 06:43:14.930 9 WARNING keystone.common.password_hashing [None req-1c156aaf-5c39-448b-a58a-a009d41c71d2 - - - - - -] Truncating password to algorithm specific maximum length 72 characters.
[Thu Jun 04 06:43:15.203262 2026] [wsgi:error] [pid 9:tid 140047806097088] [remote 10.0.0.155:59728] 2026-06-04 06:43:15.203 9 WARNING keystone.common.fernet_utils [None req-1c156aaf-5c39-448b-a58a-a009d41c71d2 - - - - - -] key_repository is world readable: /etc/keystone/fernet-keys/ 10.0.0.155 - - [04/Jun/2026:06:43:14 +0000] "POST /v3/auth/tokens HTTP/1.1" 201 1359 10.0.0.155 - - [04/Jun/2026:06:43:15 +0000] "GET / HTTP/1.1" 300 280 10.0.0.155 - - [04/Jun/2026:06:43:15 +0000] "GET /v3/OS-FEDERATION/identity_providers/atmosphere/protocols/openid?idp_id=atmosphere HTTP/1.1" 404 131 10.0.0.155 - - [04/Jun/2026:06:43:15 +0000] "GET /v3/OS-FEDERATION/identity_providers/atmosphere/protocols HTTP/1.1" 200 167 10.0.0.155 - - [04/Jun/2026:06:43:15 +0000] "PUT /v3/OS-FEDERATION/identity_providers/atmosphere/protocols/openid HTTP/1.1" 201 222 10.0.0.155 - - [04/Jun/2026:06:43:23 +0000] "GET /v3/ HTTP/1.1" 200 248 10.0.0.155 - - [04/Jun/2026:06:43:23 +0000] "GET /v3/ HTTP/1.1" 200 248 10.0.0.155 - - [04/Jun/2026:06:44:23 +0000] "GET /v3/ HTTP/1.1" 200 248 10.0.0.155 - - [04/Jun/2026:06:44:23 +0000] "GET /v3/ HTTP/1.1" 200 248 10.0.0.107 - - [04/Jun/2026:06:44:33 +0000] "GET / HTTP/1.1" 300 295
[Thu Jun 04 06:44:33.291659 2026] [wsgi:error] [pid 11:tid 140047806097088] [remote 10.0.0.107:49286] 2026-06-04 06:44:33.291 11 WARNING keystone.common.password_hashing [None req-8fe0c2c1-380a-4b4b-9a4e-260bbbb29adf - - - - - -] Truncating password to algorithm specific maximum length 72 characters.
[Thu Jun 04 06:44:33.569156 2026] [wsgi:error] [pid 11:tid 140047806097088] [remote 10.0.0.107:49286] 2026-06-04 06:44:33.568 11 WARNING keystone.common.fernet_utils [None req-8fe0c2c1-380a-4b4b-9a4e-260bbbb29adf - - - - - -] key_repository is world readable: /etc/keystone/fernet-keys/ 10.0.0.107 - - [04/Jun/2026:06:44:33 +0000] "POST /v3/auth/tokens HTTP/1.1" 201 1359 10.0.0.107 - - [04/Jun/2026:06:44:33 +0000] "GET /v3/services HTTP/1.1" 200 355 10.0.0.107 - - [04/Jun/2026:06:44:37 +0000] "GET / HTTP/1.1" 300 295
[Thu Jun 04 06:44:37.114126 2026] [wsgi:error] [pid 12:tid 140047806097088] [remote 10.0.0.107:49288] 2026-06-04 06:44:37.113 12 WARNING keystone.common.password_hashing [None req-651085ab-5014-437b-a322-406aaceac806 - - - - - -] Truncating password to algorithm specific maximum length 72 characters.
[Thu Jun 04 06:44:37.420045 2026] [wsgi:error] [pid 12:tid 140047806097088] [remote 10.0.0.107:49288] 2026-06-04 06:44:37.419 12 WARNING keystone.common.fernet_utils [None req-651085ab-5014-437b-a322-406aaceac806 - - - - - -] key_repository is world readable: /etc/keystone/fernet-keys/ 10.0.0.107 - - [04/Jun/2026:06:44:37 +0000] "POST /v3/auth/tokens HTTP/1.1" 201 1359 10.0.0.107 - - [04/Jun/2026:06:44:37 +0000] "GET /v3/services HTTP/1.1" 200 355 10.0.0.107 - - [04/Jun/2026:06:44:40 +0000] "GET / HTTP/1.1" 300 295
[Thu Jun 04 06:44:40.858086 2026] [wsgi:error] [pid 10:tid 140047806097088] [remote 10.0.0.107:49296] 2026-06-04 06:44:40.857 10 WARNING keystone.common.password_hashing [None req-3fd4ce3a-aeb3-44ca-a5e0-0f8e7264cdbb - - - - - -] Truncating password to algorithm specific maximum length 72 characters.
[Thu Jun 04 06:44:41.128353 2026] [wsgi:error] [pid 10:tid 140047806097088] [remote 10.0.0.107:49296] 2026-06-04 06:44:41.128 10 WARNING keystone.common.fernet_utils [None req-3fd4ce3a-aeb3-44ca-a5e0-0f8e7264cdbb - - - - - -] key_repository is world readable: /etc/keystone/fernet-keys/ 10.0.0.107 - - [04/Jun/2026:06:44:40 +0000] "POST /v3/auth/tokens HTTP/1.1" 201 1359 10.0.0.107 - - [04/Jun/2026:06:44:41 +0000] "GET /v3/services HTTP/1.1" 200 355 10.0.0.107 - - [04/Jun/2026:06:44:44 +0000] "GET / HTTP/1.1" 300 295
[Thu Jun 04 06:44:44.601172 2026] [wsgi:error] [pid 9:tid 140047806097088] [remote 10.0.0.107:50884] 2026-06-04 06:44:44.600 9 WARNING keystone.common.password_hashing [None req-d606103e-294d-4b22-a94b-27a4ac473a37 - - - - - -] Truncating password to algorithm specific maximum length 72 characters.
[Thu Jun 04 06:44:44.882591 2026] [wsgi:error] [pid 9:tid 140047806097088] [remote 10.0.0.107:50884] 2026-06-04 06:44:44.882 9 WARNING keystone.common.fernet_utils [None req-d606103e-294d-4b22-a94b-27a4ac473a37 - - - - - -] key_repository is world readable: /etc/keystone/fernet-keys/ 10.0.0.107 - - [04/Jun/2026:06:44:44 +0000] "POST /v3/auth/tokens HTTP/1.1" 201 1359 10.0.0.107 - - [04/Jun/2026:06:44:44 +0000] "POST /v3/services HTTP/1.1" 201 296 10.0.0.151 - - [04/Jun/2026:06:44:56 +0000] "GET / HTTP/1.1" 300 295 10.0.0.151 - - [04/Jun/2026:06:44:56 +0000] "GET / HTTP/1.1" 300 295 10.0.0.151 - - [04/Jun/2026:06:44:56 +0000] "GET / HTTP/1.1" 300 295
[Thu Jun 04 06:44:56.696373 2026] [wsgi:error] [pid 11:tid 140047806097088] [remote 10.0.0.151:58162] 2026-06-04 06:44:56.696 11 WARNING keystone.common.password_hashing [None req-299d73bb-e34a-4d07-b734-1ef97857e4ff - - - - - -] Truncating password to algorithm specific maximum length 72 characters.
[Thu Jun 04 06:44:56.710675 2026] [wsgi:error] [pid 12:tid 140047806097088] [remote 10.0.0.151:58172] 2026-06-04 06:44:56.710 12 WARNING keystone.common.password_hashing [None req-a5081d5c-944c-492c-837e-76d06aa41bf8 - - - - - -] Truncating password to algorithm specific maximum length 72 characters.
[Thu Jun 04 06:44:56.711518 2026] [wsgi:error] [pid 9:tid 140047806097088] [remote 10.0.0.151:58164] 2026-06-04 06:44:56.711 9 WARNING keystone.common.password_hashing [None req-cf1cb378-1741-4519-9468-c39e229f8059 - - - - - -] Truncating password to algorithm specific maximum length 72 characters.
[Thu Jun 04 06:44:56.979956 2026] [wsgi:error] [pid 12:tid 140047806097088] [remote 10.0.0.151:58172] 2026-06-04 06:44:56.979 12 WARNING keystone.common.fernet_utils [None req-a5081d5c-944c-492c-837e-76d06aa41bf8 - - - - - -] key_repository is world readable: /etc/keystone/fernet-keys/
[Thu Jun 04 06:44:56.980247 2026] [wsgi:error] [pid 11:tid 140047806097088] [remote 10.0.0.151:58162] 2026-06-04 06:44:56.980 11 WARNING keystone.common.fernet_utils [None req-299d73bb-e34a-4d07-b734-1ef97857e4ff - - - - - -] key_repository is world readable: /etc/keystone/fernet-keys/ 10.0.0.151 - - [04/Jun/2026:06:44:56 +0000] "POST /v3/auth/tokens HTTP/1.1" 201 1463 10.0.0.151 - - [04/Jun/2026:06:44:56 +0000] "POST /v3/auth/tokens HTTP/1.1" 201 1463
[Thu Jun 04 06:44:57.010440 2026] [wsgi:error] [pid 9:tid 140047806097088] [remote 10.0.0.151:58164] 2026-06-04 06:44:57.010 9 WARNING keystone.common.fernet_utils [None req-cf1cb378-1741-4519-9468-c39e229f8059 - - - - - -] key_repository is world readable: /etc/keystone/fernet-keys/ 10.0.0.151 - - [04/Jun/2026:06:44:56 +0000] "POST /v3/auth/tokens HTTP/1.1" 201 1463 10.0.0.151 - - [04/Jun/2026:06:44:57 +0000] "GET /v3/services HTTP/1.1" 200 639 10.0.0.151 - - [04/Jun/2026:06:44:57 +0000] "GET /v3/services HTTP/1.1" 200 639 10.0.0.151 - - [04/Jun/2026:06:44:57 +0000] "GET /v3/services HTTP/1.1" 200 639 10.0.0.151 - - [04/Jun/2026:06:44:58 +0000] "GET / HTTP/1.1" 300 295 10.0.0.151 - - [04/Jun/2026:06:44:58 +0000] "GET / HTTP/1.1" 300 295
[Thu Jun 04 06:44:58.513389 2026] [wsgi:error] [pid 10:tid 140047806097088] [remote 10.0.0.151:58188] 2026-06-04 06:44:58.513 10 WARNING keystone.common.password_hashing [None req-294da683-5f28-4aac-9b5d-86cc544fbdb1 - - - - - -] Truncating password to algorithm specific maximum length 72 characters.
[Thu Jun 04 06:44:58.524567 2026] [wsgi:error] [pid 12:tid 140047806097088] [remote 10.0.0.151:58192] 2026-06-04 06:44:58.524 12 WARNING keystone.common.password_hashing [None req-bf9d6bd7-5823-4ebc-aa4c-c198b431ec46 - - - - - -] Truncating password to algorithm specific maximum length 72 characters. 10.0.0.151 - - [04/Jun/2026:06:44:58 +0000] "GET / HTTP/1.1" 300 295
[Thu Jun 04 06:44:58.543072 2026] [wsgi:error] [pid 11:tid 140047806097088] [remote 10.0.0.151:58198] 2026-06-04 06:44:58.542 11 WARNING keystone.common.password_hashing [None req-91e55122-0ea2-469d-93cb-4f826ffdc35e - - - - - -] Truncating password to algorithm specific maximum length 72 characters.
[Thu Jun 04 06:44:58.798595 2026] [wsgi:error] [pid 10:tid 140047806097088] [remote 10.0.0.151:58188] 2026-06-04 06:44:58.798 10 WARNING keystone.common.fernet_utils [None req-294da683-5f28-4aac-9b5d-86cc544fbdb1 - - - - - -] key_repository is world readable: /etc/keystone/fernet-keys/
[Thu Jun 04 06:44:58.802665 2026] [wsgi:error] [pid 12:tid 140047806097088] [remote 10.0.0.151:58192] 2026-06-04 06:44:58.802 12 WARNING keystone.common.fernet_utils [None req-bf9d6bd7-5823-4ebc-aa4c-c198b431ec46 - - - - - -] key_repository is world readable: /etc/keystone/fernet-keys/ 10.0.0.151 - - [04/Jun/2026:06:44:58 +0000] "POST /v3/auth/tokens HTTP/1.1" 201 1463 10.0.0.151 - - [04/Jun/2026:06:44:58 +0000] "POST /v3/auth/tokens HTTP/1.1" 201 1463
[Thu Jun 04 06:44:58.822547 2026] [wsgi:error] [pid 11:tid 140047806097088] [remote 10.0.0.151:58198] 2026-06-04 06:44:58.822 11 WARNING keystone.common.fernet_utils [None req-91e55122-0ea2-469d-93cb-4f826ffdc35e - - - - - -] key_repository is world readable: /etc/keystone/fernet-keys/ 10.0.0.151 - - [04/Jun/2026:06:44:58 +0000] "POST /v3/auth/tokens HTTP/1.1" 201 1463 10.0.0.151 - - [04/Jun/2026:06:44:58 +0000] "GET /v3/endpoints HTTP/1.1" 200 1226 10.0.0.151 - - [04/Jun/2026:06:44:58 +0000] "GET /v3/endpoints HTTP/1.1" 200 1226 10.0.0.151 - - [04/Jun/2026:06:44:58 +0000] "GET /v3/services/cdaf03f65d134a8aa820134c1170898d HTTP/1.1" 200 233 10.0.0.151 - - [04/Jun/2026:06:44:58 +0000] "GET /v3/endpoints HTTP/1.1" 200 1226 10.0.0.151 - - [04/Jun/2026:06:44:58 +0000] "GET /v3/services/cdaf03f65d134a8aa820134c1170898d HTTP/1.1" 200 233 10.0.0.151 - - [04/Jun/2026:06:44:58 +0000] "GET /v3/services/cdaf03f65d134a8aa820134c1170898d HTTP/1.1" 200 233 10.0.0.151 - - [04/Jun/2026:06:44:58 +0000] "GET /v3/services/cdaf03f65d134a8aa820134c1170898d HTTP/1.1" 200 233 10.0.0.151 - - [04/Jun/2026:06:44:58 +0000] "GET /v3/services/cdaf03f65d134a8aa820134c1170898d HTTP/1.1" 200 233 10.0.0.151 - - [04/Jun/2026:06:44:58 +0000] "GET /v3/services/cdaf03f65d134a8aa820134c1170898d HTTP/1.1" 200 233 10.0.0.151 - - [04/Jun/2026:06:44:58 +0000] "GET /v3/services/cdaf03f65d134a8aa820134c1170898d HTTP/1.1" 200 233 10.0.0.151 - - [04/Jun/2026:06:44:58 +0000] "GET /v3/services/cdaf03f65d134a8aa820134c1170898d HTTP/1.1" 200 233 10.0.0.151 - - [04/Jun/2026:06:44:58 +0000] "GET /v3/services/cdaf03f65d134a8aa820134c1170898d HTTP/1.1" 200 233 10.0.0.151 - - [04/Jun/2026:06:45:00 +0000] "GET / HTTP/1.1" 300 295
[Thu Jun 04 06:45:00.273329 2026] [wsgi:error] [pid 10:tid 140047806097088] [remote 10.0.0.151:58208] 2026-06-04 06:45:00.273 10 WARNING keystone.common.password_hashing [None req-a46a9894-e8ca-4049-a955-79188263a6c5 - - - - - -] Truncating password to algorithm specific maximum length 72 characters. 10.0.0.151 - - [04/Jun/2026:06:45:00 +0000] "GET / HTTP/1.1" 300 295 10.0.0.151 - - [04/Jun/2026:06:45:00 +0000] "GET / HTTP/1.1" 300 295
[Thu Jun 04 06:45:00.319824 2026] [wsgi:error] [pid 11:tid 140047806097088] [remote 10.0.0.151:58220] 2026-06-04 06:45:00.319 11 WARNING keystone.common.password_hashing [None req-8299b3a8-2274-462a-a5f9-b28ded2bfb98 - - - - - -] Truncating password to algorithm specific maximum length 72 characters.
[Thu Jun 04 06:45:00.333704 2026] [wsgi:error] [pid 12:tid 140047806097088] [remote 10.0.0.151:58232] 2026-06-04 06:45:00.333 12 WARNING keystone.common.password_hashing [None req-70e4987f-9317-44db-b595-33c1ea80dd29 - - - - - -] Truncating password to algorithm specific maximum length 72 characters.
[Thu Jun 04 06:45:00.544822 2026] [wsgi:error] [pid 10:tid 140047806097088] [remote 10.0.0.151:58208] 2026-06-04 06:45:00.544 10 WARNING keystone.common.fernet_utils [None req-a46a9894-e8ca-4049-a955-79188263a6c5 - - - - - -] key_repository is world readable: /etc/keystone/fernet-keys/ 10.0.0.151 - - [04/Jun/2026:06:45:00 +0000] "POST /v3/auth/tokens HTTP/1.1" 201 1463
[Thu Jun 04 06:45:00.597485 2026] [wsgi:error] [pid 11:tid 140047806097088] [remote 10.0.0.151:58220] 2026-06-04 06:45:00.597 11 WARNING keystone.common.fernet_utils [None req-8299b3a8-2274-462a-a5f9-b28ded2bfb98 - - - - - -] key_repository is world readable: /etc/keystone/fernet-keys/ 10.0.0.151 - - [04/Jun/2026:06:45:00 +0000] "POST /v3/auth/tokens HTTP/1.1" 201 1463
[Thu Jun 04 06:45:00.607703 2026] [wsgi:error] [pid 12:tid 140047806097088] [remote 10.0.0.151:58232] 2026-06-04 06:45:00.607 12 WARNING keystone.common.fernet_utils [None req-70e4987f-9317-44db-b595-33c1ea80dd29 - - - - - -] key_repository is world readable: /etc/keystone/fernet-keys/ 10.0.0.151 - - [04/Jun/2026:06:45:00 +0000] "POST /v3/auth/tokens HTTP/1.1" 201 1463 10.0.0.151 - - [04/Jun/2026:06:45:00 +0000] "GET /v3/services/858303470faa45a793f6893a3009bf5b HTTP/1.1" 200 296 10.0.0.151 - - [04/Jun/2026:06:45:00 +0000] "GET /v3/regions/RegionOne HTTP/1.1" 200 173 10.0.0.151 - - [04/Jun/2026:06:45:00 +0000] "GET /v3/services/858303470faa45a793f6893a3009bf5b HTTP/1.1" 200 296 10.0.0.151 - - [04/Jun/2026:06:45:00 +0000] "GET /v3/services/858303470faa45a793f6893a3009bf5b HTTP/1.1" 200 296 10.0.0.151 - - [04/Jun/2026:06:45:00 +0000] "GET /v3/regions/RegionOne HTTP/1.1" 200 173 10.0.0.151 - - [04/Jun/2026:06:45:00 +0000] "GET /v3/regions/RegionOne HTTP/1.1" 200 173 10.0.0.151 - - [04/Jun/2026:06:45:00 +0000] "POST /v3/endpoints HTTP/1.1" 201 369 10.0.0.151 - - [04/Jun/2026:06:45:00 +0000] "POST /v3/endpoints HTTP/1.1" 201 383 10.0.0.151 - - [04/Jun/2026:06:45:00 +0000] "POST /v3/endpoints HTTP/1.1" 201 380 10.0.0.151 - - [04/Jun/2026:06:45:02 +0000] "GET / HTTP/1.1" 300 295
[Thu Jun 04 06:45:02.118945 2026] [wsgi:error] [pid 10:tid 140047806097088] [remote 10.0.0.151:58246] 2026-06-04 06:45:02.118 10 WARNING keystone.common.password_hashing [None req-ac31544c-c586-4315-aa5c-6f98a426e7f0 - - - - - -] Truncating password to algorithm specific maximum length 72 characters. 10.0.0.151 - - [04/Jun/2026:06:45:02 +0000] "GET / HTTP/1.1" 300 295
[Thu Jun 04 06:45:02.210782 2026] [wsgi:error] [pid 9:tid 140047806097088] [remote 10.0.0.151:58248] 2026-06-04 06:45:02.210 9 WARNING keystone.common.password_hashing [None req-b8ed5fb2-c408-4535-bac3-cd175ee9c02d - - - - - -] Truncating password to algorithm specific maximum length 72 characters. 10.0.0.151 - - [04/Jun/2026:06:45:02 +0000] "GET / HTTP/1.1" 300 295
[Thu Jun 04 06:45:02.235558 2026] [wsgi:error] [pid 11:tid 140047806097088] [remote 10.0.0.151:58250] 2026-06-04 06:45:02.235 11 WARNING keystone.common.password_hashing [None req-32804d6a-b6e5-4238-8dbb-02bbe2b75509 - - - - - -] Truncating password to algorithm specific maximum length 72 characters.
[Thu Jun 04 06:45:02.389516 2026] [wsgi:error] [pid 10:tid 140047806097088] [remote 10.0.0.151:58246] 2026-06-04 06:45:02.389 10 WARNING keystone.common.fernet_utils [None req-ac31544c-c586-4315-aa5c-6f98a426e7f0 - - - - - -] key_repository is world readable: /etc/keystone/fernet-keys/ 10.0.0.151 - - [04/Jun/2026:06:45:02 +0000] "POST /v3/auth/tokens HTTP/1.1" 201 1990
[Thu Jun 04 06:45:02.483695 2026] [wsgi:error] [pid 9:tid 140047806097088] [remote 10.0.0.151:58248] 2026-06-04 06:45:02.483 9 WARNING keystone.common.fernet_utils [None req-b8ed5fb2-c408-4535-bac3-cd175ee9c02d - - - - - -] key_repository is world readable: /etc/keystone/fernet-keys/ 10.0.0.151 - - [04/Jun/2026:06:45:02 +0000] "POST /v3/auth/tokens HTTP/1.1" 201 1990
[Thu Jun 04 06:45:02.506312 2026] [wsgi:error] [pid 11:tid 140047806097088] [remote 10.0.0.151:58250] 2026-06-04 06:45:02.506 11 WARNING keystone.common.fernet_utils [None req-32804d6a-b6e5-4238-8dbb-02bbe2b75509 - - - - - -] key_repository is world readable: /etc/keystone/fernet-keys/ 10.0.0.151 - - [04/Jun/2026:06:45:02 +0000] "POST /v3/auth/tokens HTTP/1.1" 201 1990 10.0.0.151 - - [04/Jun/2026:06:45:02 +0000] "GET /v3/endpoints/b4ccc39da7814aacb690d955a560bada HTTP/1.1" 200 369 10.0.0.151 - - [04/Jun/2026:06:45:02 +0000] "GET /v3/services/858303470faa45a793f6893a3009bf5b HTTP/1.1" 200 296 10.0.0.151 - - [04/Jun/2026:06:45:02 +0000] "GET /v3/endpoints/c841bff0fd4d4088add3e3d82a1a9570 HTTP/1.1" 200 383 10.0.0.151 - - [04/Jun/2026:06:45:02 +0000] "GET /v3/services/858303470faa45a793f6893a3009bf5b HTTP/1.1" 200 296 10.0.0.151 - - [04/Jun/2026:06:45:02 +0000] "GET /v3/endpoints/05e2d1c6b1074ae4bc96da4473e908b3 HTTP/1.1" 200 380 10.0.0.151 - - [04/Jun/2026:06:45:02 +0000] "GET /v3/services/858303470faa45a793f6893a3009bf5b HTTP/1.1" 200 296 10.0.0.21 - - [04/Jun/2026:06:45:13 +0000] "GET / HTTP/1.1" 300 295
[Thu Jun 04 06:45:13.624356 2026] [wsgi:error] [pid 9:tid 140047806097088] [remote 10.0.0.21:40934] 2026-06-04 06:45:13.624 9 WARNING keystone.common.password_hashing [None req-5bd6795a-d7e7-4c6f-b287-cb99629ad9ef - - - - - -] Truncating password to algorithm specific maximum length 72 characters.
[Thu Jun 04 06:45:13.918101 2026] [wsgi:error] [pid 9:tid 140047806097088] [remote 10.0.0.21:40934] 2026-06-04 06:45:13.917 9 WARNING keystone.common.fernet_utils [None req-5bd6795a-d7e7-4c6f-b287-cb99629ad9ef - - - - - -] key_repository is world readable: /etc/keystone/fernet-keys/ 10.0.0.21 - - [04/Jun/2026:06:45:13 +0000] "POST /v3/auth/tokens HTTP/1.1" 201 1990 10.0.0.21 - - [04/Jun/2026:06:45:14 +0000] "POST /v3/domains HTTP/1.1" 201 284 10.0.0.21 - - [04/Jun/2026:06:45:15 +0000] "GET / HTTP/1.1" 300 295
[Thu Jun 04 06:45:15.569428 2026] [wsgi:error] [pid 10:tid 140047806097088] [remote 10.0.0.21:40944] 2026-06-04 06:45:15.569 10 WARNING keystone.common.password_hashing [None req-b7776fdd-523a-47d7-b4af-987a12f04592 - - - - - -] Truncating password to algorithm specific maximum length 72 characters.
[Thu Jun 04 06:45:15.851887 2026] [wsgi:error] [pid 10:tid 140047806097088] [remote 10.0.0.21:40944] 2026-06-04 06:45:15.851 10 WARNING keystone.common.fernet_utils [None req-b7776fdd-523a-47d7-b4af-987a12f04592 - - - - - -] key_repository is world readable: /etc/keystone/fernet-keys/ 10.0.0.21 - - [04/Jun/2026:06:45:15 +0000] "POST /v3/auth/tokens HTTP/1.1" 201 1990
[Thu Jun 04 06:45:16.047875 2026] [wsgi:error] [pid 9:tid 140047806097088] [remote 10.0.0.21:40944] 2026-06-04 06:45:16.032 9 ERROR keystone.server.flask.application [None req-37426882-9c82-4933-bb1e-4daa19be534e 53a23cd758884331a04d461929ce590b 4c19a50a0a064cbfac2995170647616c - - default default] Conflict occurred attempting to store project - it is not permitted to have two projects acting as domains with the same name: service.: keystone.exception.Conflict: Conflict occurred attempting to store project - it is not permitted to have two projects acting as domains with the same name: service.
[Thu Jun 04 06:45:16.047899 2026] [wsgi:error] [pid 9:tid 140047806097088] [remote 10.0.0.21:40944] 2026-06-04 06:45:16.032 9 ERROR keystone.server.flask.application
Traceback (most recent call last):
[Thu Jun 04 06:45:16.047901 2026] [wsgi:error] [pid 9:tid 140047806097088] [remote 10.0.0.21:40944] 2026-06-04 06:45:16.032 9 ERROR keystone.server.flask.application
File "/var/lib/openstack/lib/python3.12/site-packages/sqlalchemy/engine/base.py", line 1969, in _exec_single_context
[Thu Jun 04 06:45:16.047902 2026] [wsgi:error] [pid 9:tid 140047806097088] [remote 10.0.0.21:40944] 2026-06-04 06:45:16.032 9 ERROR keystone.server.flask.application self.dialect.do_execute(
[Thu Jun 04 06:45:16.047904 2026] [wsgi:error] [pid 9:tid 140047806097088] [remote 10.0.0.21:40944] 2026-06-04 06:45:16.032 9 ERROR keystone.server.flask.application
File "/var/lib/openstack/lib/python3.12/site-packages/sqlalchemy/engine/default.py", line 952, in do_execute
[Thu Jun 04 06:45:16.047906 2026] [wsgi:error] [pid 9:tid 140047806097088] [remote 10.0.0.21:40944] 2026-06-04 06:45:16.032 9 ERROR keystone.server.flask.application cursor.execute(statement, parameters)
[Thu Jun 04 06:45:16.047907 2026] [wsgi:error] [pid 9:tid 140047806097088] [remote 10.0.0.21:40944] 2026-06-04 06:45:16.032 9 ERROR keystone.server.flask.application
File "/var/lib/openstack/lib/python3.12/site-packages/pymysql/cursors.py", line 159, in execute
[Thu Jun 04 06:45:16.047908 2026] [wsgi:error] [pid 9:tid 140047806097088] [remote 10.0.0.21:40944] 2026-06-04 06:45:16.032 9 ERROR keystone.server.flask.application result = self._query(query)
[Thu Jun 04 06:45:16.047910 2026] [wsgi:error] [pid 9:tid 140047806097088] [remote 10.0.0.21:40944] 2026-06-04 06:45:16.032 9 ERROR keystone.server.flask.application ^^^^^^^^^^^^^^^^^^
[Thu Jun 04 06:45:16.047911 2026] [wsgi:error] [pid 9:tid 140047806097088] [remote 10.0.0.21:40944] 2026-06-04 06:45:16.032 9 ERROR keystone.server.flask.application
File "/var/lib/openstack/lib/python3.12/site-packages/pymysql/cursors.py", line 330, in _query
[Thu Jun 04 06:45:16.047913 2026] [wsgi:error] [pid 9:tid 140047806097088] [remote 10.0.0.21:40944] 2026-06-04 06:45:16.032 9 ERROR keystone.server.flask.application conn.query(q)
[Thu Jun 04 06:45:16.047914 2026] [wsgi:error] [pid 9:tid 140047806097088] [remote 10.0.0.21:40944] 2026-06-04 06:45:16.032 9 ERROR keystone.server.flask.application
File "/var/lib/openstack/lib/python3.12/site-packages/pymysql/connections.py", line 582, in query
[Thu Jun 04 06:45:16.047915 2026] [wsgi:error] [pid 9:tid 140047806097088] [remote 10.0.0.21:40944] 2026-06-04 06:45:16.032 9 ERROR keystone.server.flask.application self._affected_rows = self._read_query_result(unbuffered=unbuffered)
[Thu Jun 04 06:45:16.047917 2026] [wsgi:error] [pid 9:tid 140047806097088] [remote 10.0.0.21:40944] 2026-06-04 06:45:16.032 9 ERROR keystone.server.flask.application ^^^^^^^^^^^^^^^^^^^^^^^^^^^^^^^^^^^^^^^^^^^^^^
[Thu Jun 04 06:45:16.047919 2026] [wsgi:error] [pid 9:tid 140047806097088] [remote 10.0.0.21:40944] 2026-06-04 06:45:16.032 9 ERROR keystone.server.flask.application
File "/var/lib/openstack/lib/python3.12/site-packages/pymysql/connections.py", line 847, in _read_query_result
[Thu Jun 04 06:45:16.047920 2026] [wsgi:error] [pid 9:tid 140047806097088] [remote 10.0.0.21:40944] 2026-06-04 06:45:16.032 9 ERROR keystone.server.flask.application result.read()
[Thu Jun 04 06:45:16.047922 2026] [wsgi:error] [pid 9:tid 140047806097088] [remote 10.0.0.21:40944] 2026-06-04 06:45:16.032 9 ERROR keystone.server.flask.application
File "/var/lib/openstack/lib/python3.12/site-packages/pymysql/connections.py", line 1245, in read
[Thu Jun 04 06:45:16.047925 2026] [wsgi:error] [pid 9:tid 140047806097088] [remote 10.0.0.21:40944] 2026-06-04 06:45:16.032 9 ERROR keystone.server.flask.application first_packet = self.connection._read_packet()
[Thu Jun 04 06:45:16.047926 2026] [wsgi:error] [pid 9:tid 140047806097088] [remote 10.0.0.21:40944] 2026-06-04 06:45:16.032 9 ERROR keystone.server.flask.application ^^^^^^^^^^^^^^^^^^^^^^^^^^^^^^
[Thu Jun 04 06:45:16.047928 2026] [wsgi:error] [pid 9:tid 140047806097088] [remote 10.0.0.21:40944] 2026-06-04 06:45:16.032 9 ERROR keystone.server.flask.application
File "/var/lib/openstack/lib/python3.12/site-packages/pymysql/connections.py", line 803, in _read_packet
[Thu Jun 04 06:45:16.047929 2026] [wsgi:error] [pid 9:tid 140047806097088] [remote 10.0.0.21:40944] 2026-06-04 06:45:16.032 9 ERROR keystone.server.flask.application packet.raise_for_error()
[Thu Jun 04 06:45:16.047961 2026] [wsgi:error] [pid 9:tid 140047806097088] [remote 10.0.0.21:40944] 2026-06-04 06:45:16.032 9 ERROR keystone.server.flask.application
File "/var/lib/openstack/lib/python3.12/site-packages/pymysql/protocol.py", line 219, in raise_for_error
[Thu Jun 04 06:45:16.047964 2026] [wsgi:error] [pid 9:tid 140047806097088] [remote 10.0.0.21:40944] 2026-06-04 06:45:16.032 9 ERROR keystone.server.flask.application err.raise_mysql_exception(self._data)
[Thu Jun 04 06:45:16.047965 2026] [wsgi:error] [pid 9:tid 140047806097088] [remote 10.0.0.21:40944] 2026-06-04 06:45:16.032 9 ERROR keystone.server.flask.application
File "/var/lib/openstack/lib/python3.12/site-packages/pymysql/err.py", line 154, in raise_mysql_exception
[Thu Jun 04 06:45:16.047969 2026] [wsgi:error] [pid 9:tid 140047806097088] [remote 10.0.0.21:40944] 2026-06-04 06:45:16.032 9 ERROR keystone.server.flask.application raise errorclass(errno, errval, sqlstate=sqlstate)
[Thu Jun 04 06:45:16.047970 2026] [wsgi:error] [pid 9:tid 140047806097088] [remote 10.0.0.21:40944] 2026-06-04 06:45:16.032 9 ERROR keystone.server.flask.application pymysql.err.IntegrityError: (1062, "Duplicate entry '<>-service' for key 'project.ixu_project_name_domain_id'")
[Thu Jun 04 06:45:16.047972 2026] [wsgi:error] [pid 9:tid 140047806097088] [remote 10.0.0.21:40944] 2026-06-04 06:45:16.032 9 ERROR keystone.server.flask.application
[Thu Jun 04 06:45:16.047975 2026] [wsgi:error] [pid 9:tid 140047806097088] [remote 10.0.0.21:40944] 2026-06-04 06:45:16.032 9 ERROR keystone.server.flask.application The above exception was the direct cause of the following exception:
[Thu Jun 04 06:45:16.047976 2026] [wsgi:error] [pid 9:tid 140047806097088] [remote 10.0.0.21:40944] 2026-06-04 06:45:16.032 9 ERROR keystone.server.flask.application
[Thu Jun 04 06:45:16.047978 2026] [wsgi:error] [pid 9:tid 140047806097088] [remote 10.0.0.21:40944] 2026-06-04 06:45:16.032 9 ERROR keystone.server.flask.application
Traceback (most recent call last):
[Thu Jun 04 06:45:16.047981 2026] [wsgi:error] [pid 9:tid 140047806097088] [remote 10.0.0.21:40944] 2026-06-04 06:45:16.032 9 ERROR keystone.server.flask.application
File "/var/lib/openstack/lib/python3.12/site-packages/keystone/common/sql/core.py", line 575, in wrapper
[Thu Jun 04 06:45:16.047983 2026] [wsgi:error] [pid 9:tid 140047806097088] [remote 10.0.0.21:40944] 2026-06-04 06:45:16.032 9 ERROR keystone.server.flask.application return method(*args, **kwargs)
[Thu Jun 04 06:45:16.047985 2026] [wsgi:error] [pid 9:tid 140047806097088] [remote 10.0.0.21:40944] 2026-06-04 06:45:16.032 9 ERROR keystone.server.flask.application ^^^^^^^^^^^^^^^^^^^^^^^
[Thu Jun 04 06:45:16.047988 2026] [wsgi:error] [pid 9:tid 140047806097088] [remote 10.0.0.21:40944] 2026-06-04 06:45:16.032 9 ERROR keystone.server.flask.application
File "/var/lib/openstack/lib/python3.12/site-packages/keystone/resource/backends/sql.py", line 278, in create_project
[Thu Jun 04 06:45:16.047989 2026] [wsgi:error] [pid 9:tid 140047806097088] [remote 10.0.0.21:40944] 2026-06-04 06:45:16.032 9 ERROR keystone.server.flask.application with sql.session_for_write() as session:
[Thu Jun 04 06:45:16.047991 2026] [wsgi:error] [pid 9:tid 140047806097088] [remote 10.0.0.21:40944] 2026-06-04 06:45:16.032 9 ERROR keystone.server.flask.application
File "/usr/lib/python3.12/contextlib.py", line 144, in __exit__
[Thu Jun 04 06:45:16.047993 2026] [wsgi:error] [pid 9:tid 140047806097088] [remote 10.0.0.21:40944] 2026-06-04 06:45:16.032 9 ERROR keystone.server.flask.application next(self.gen)
[Thu Jun 04 06:45:16.047995 2026] [wsgi:error] [pid 9:tid 140047806097088] [remote 10.0.0.21:40944] 2026-06-04 06:45:16.032 9 ERROR keystone.server.flask.application
File "/var/lib/openstack/lib/python3.12/site-packages/oslo_db/sqlalchemy/enginefacade.py", line 1175, in _transaction_scope
[Thu Jun 04 06:45:16.047997 2026] [wsgi:error] [pid 9:tid 140047806097088] [remote 10.0.0.21:40944] 2026-06-04 06:45:16.032 9 ERROR keystone.server.flask.application with current._produce_block(
[Thu Jun 04 06:45:16.047999 2026] [wsgi:error] [pid 9:tid 140047806097088] [remote 10.0.0.21:40944] 2026-06-04 06:45:16.032 9 ERROR keystone.server.flask.application
File "/usr/lib/python3.12/contextlib.py", line 144, in __exit__
[Thu Jun 04 06:45:16.048001 2026] [wsgi:error] [pid 9:tid 140047806097088] [remote 10.0.0.21:40944] 2026-06-04 06:45:16.032 9 ERROR keystone.server.flask.application next(self.gen)
[Thu Jun 04 06:45:16.048004 2026] [wsgi:error] [pid 9:tid 140047806097088] [remote 10.0.0.21:40944] 2026-06-04 06:45:16.032 9 ERROR keystone.server.flask.application
File "/var/lib/openstack/lib/python3.12/site-packages/oslo_db/sqlalchemy/enginefacade.py", line 837, in _session
[Thu Jun 04 06:45:16.048006 2026] [wsgi:error] [pid 9:tid 140047806097088] [remote 10.0.0.21:40944] 2026-06-04 06:45:16.032 9 ERROR keystone.server.flask.application with excutils.save_and_reraise_exception():
[Thu Jun 04 06:45:16.048008 2026] [wsgi:error] [pid 9:tid 140047806097088] [remote 10.0.0.21:40944] 2026-06-04 06:45:16.032 9 ERROR keystone.server.flask.application
File "/var/lib/openstack/lib/python3.12/site-packages/oslo_utils/excutils.py", line 266, in __exit__
[Thu Jun 04 06:45:16.048010 2026] [wsgi:error] [pid 9:tid 140047806097088] [remote 10.0.0.21:40944] 2026-06-04 06:45:16.032 9 ERROR keystone.server.flask.application self.force_reraise()
[Thu Jun 04 06:45:16.048022 2026] [wsgi:error] [pid 9:tid 140047806097088] [remote 10.0.0.21:40944] 2026-06-04 06:45:16.032 9 ERROR keystone.server.flask.application
File "/var/lib/openstack/lib/python3.12/site-packages/oslo_utils/excutils.py", line 232, in force_reraise
[Thu Jun 04 06:45:16.048037 2026] [wsgi:error] [pid 9:tid 140047806097088] [remote 10.0.0.21:40944] 2026-06-04 06:45:16.032 9 ERROR keystone.server.flask.application raise self.value
[Thu Jun 04 06:45:16.048040 2026] [wsgi:error] [pid 9:tid 140047806097088] [remote 10.0.0.21:40944] 2026-06-04 06:45:16.032 9 ERROR keystone.server.flask.application
File "/var/lib/openstack/lib/python3.12/site-packages/oslo_db/sqlalchemy/enginefacade.py", line 835, in _session
[Thu Jun 04 06:45:16.048042 2026] [wsgi:error] [pid 9:tid 140047806097088] [remote 10.0.0.21:40944] 2026-06-04 06:45:16.032 9 ERROR keystone.server.flask.application self._end_session_transaction(self.session)
[Thu Jun 04 06:45:16.048044 2026] [wsgi:error] [pid 9:tid 140047806097088] [remote 10.0.0.21:40944] 2026-06-04 06:45:16.032 9 ERROR keystone.server.flask.application
File "/var/lib/openstack/lib/python3.12/site-packages/oslo_db/sqlalchemy/enginefacade.py", line 748, in _end_session_transaction
[Thu Jun 04 06:45:16.048046 2026] [wsgi:error] [pid 9:tid 140047806097088] [remote 10.0.0.21:40944] 2026-06-04 06:45:16.032 9 ERROR keystone.server.flask.application session.commit()
[Thu Jun 04 06:45:16.048048 2026] [wsgi:error] [pid 9:tid 140047806097088] [remote 10.0.0.21:40944] 2026-06-04 06:45:16.032 9 ERROR keystone.server.flask.application
File "/var/lib/openstack/lib/python3.12/site-packages/sqlalchemy/orm/session.py", line 2034, in commit
[Thu Jun 04 06:45:16.048050 2026] [wsgi:error] [pid 9:tid 140047806097088] [remote 10.0.0.21:40944] 2026-06-04 06:45:16.032 9 ERROR keystone.server.flask.application trans.commit(_to_root=True)
[Thu Jun 04 06:45:16.048052 2026] [wsgi:error] [pid 9:tid 140047806097088] [remote 10.0.0.21:40944] 2026-06-04 06:45:16.032 9 ERROR keystone.server.flask.application File "", line 2, in commit
[Thu Jun 04 06:45:16.048054 2026] [wsgi:error] [pid 9:tid 140047806097088] [remote 10.0.0.21:40944] 2026-06-04 06:45:16.032 9 ERROR keystone.server.flask.application
File "/var/lib/openstack/lib/python3.12/site-packages/sqlalchemy/orm/state_changes.py", line 137, in _go
[Thu Jun 04 06:45:16.048056 2026] [wsgi:error] [pid 9:tid 140047806097088] [remote 10.0.0.21:40944] 2026-06-04 06:45:16.032 9 ERROR keystone.server.flask.application ret_value = fn(self, *arg, **kw)
[Thu Jun 04 06:45:16.048058 2026] [wsgi:error] [pid 9:tid 140047806097088] [remote 10.0.0.21:40944] 2026-06-04 06:45:16.032 9 ERROR keystone.server.flask.application ^^^^^^^^^^^^^^^^^^^^
[Thu Jun 04 06:45:16.048060 2026] [wsgi:error] [pid 9:tid 140047806097088] [remote 10.0.0.21:40944] 2026-06-04 06:45:16.032 9 ERROR keystone.server.flask.application
File "/var/lib/openstack/lib/python3.12/site-packages/sqlalchemy/orm/session.py", line 1315, in commit
[Thu Jun 04 06:45:16.048062 2026] [wsgi:error] [pid 9:tid 140047806097088] [remote 10.0.0.21:40944] 2026-06-04 06:45:16.032 9 ERROR keystone.server.flask.application self._prepare_impl()
[Thu Jun 04 06:45:16.048064 2026] [wsgi:error] [pid 9:tid 140047806097088] [remote 10.0.0.21:40944] 2026-06-04 06:45:16.032 9 ERROR keystone.server.flask.application File "", line 2, in _prepare_impl
[Thu Jun 04 06:45:16.048066 2026] [wsgi:error] [pid 9:tid 140047806097088] [remote 10.0.0.21:40944] 2026-06-04 06:45:16.032 9 ERROR keystone.server.flask.application
File "/var/lib/openstack/lib/python3.12/site-packages/sqlalchemy/orm/state_changes.py", line 137, in _go
[Thu Jun 04 06:45:16.048068 2026] [wsgi:error] [pid 9:tid 140047806097088] [remote 10.0.0.21:40944] 2026-06-04 06:45:16.032 9 ERROR keystone.server.flask.application ret_value = fn(self, *arg, **kw)
[Thu Jun 04 06:45:16.048070 2026] [wsgi:error] [pid 9:tid 140047806097088] [remote 10.0.0.21:40944] 2026-06-04 06:45:16.032 9 ERROR keystone.server.flask.application ^^^^^^^^^^^^^^^^^^^^
[Thu Jun 04 06:45:16.048072 2026] [wsgi:error] [pid 9:tid 140047806097088] [remote 10.0.0.21:40944] 2026-06-04 06:45:16.032 9 ERROR keystone.server.flask.application
File "/var/lib/openstack/lib/python3.12/site-packages/sqlalchemy/orm/session.py", line 1290, in _prepare_impl
[Thu Jun 04 06:45:16.048074 2026] [wsgi:error] [pid 9:tid 140047806097088] [remote 10.0.0.21:40944] 2026-06-04 06:45:16.032 9 ERROR keystone.server.flask.application self.session.flush()
[Thu Jun 04 06:45:16.048076 2026] [wsgi:error] [pid 9:tid 140047806097088] [remote 10.0.0.21:40944] 2026-06-04 06:45:16.032 9 ERROR keystone.server.flask.application
File "/var/lib/openstack/lib/python3.12/site-packages/sqlalchemy/orm/session.py", line 4352, in flush
[Thu Jun 04 06:45:16.048078 2026] [wsgi:error] [pid 9:tid 140047806097088] [remote 10.0.0.21:40944] 2026-06-04 06:45:16.032 9 ERROR keystone.server.flask.application self._flush(objects)
[Thu Jun 04 06:45:16.048081 2026] [wsgi:error] [pid 9:tid 140047806097088] [remote 10.0.0.21:40944] 2026-06-04 06:45:16.032 9 ERROR keystone.server.flask.application
File "/var/lib/openstack/lib/python3.12/site-packages/sqlalchemy/orm/session.py", line 4487, in _flush
[Thu Jun 04 06:45:16.048083 2026] [wsgi:error] [pid 9:tid 140047806097088] [remote 10.0.0.21:40944] 2026-06-04 06:45:16.032 9 ERROR keystone.server.flask.application with util.safe_reraise():
[Thu Jun 04 06:45:16.048085 2026] [wsgi:error] [pid 9:tid 140047806097088] [remote 10.0.0.21:40944] 2026-06-04 06:45:16.032 9 ERROR keystone.server.flask.application
File "/var/lib/openstack/lib/python3.12/site-packages/sqlalchemy/util/langhelpers.py", line 122, in __exit__
[Thu Jun 04 06:45:16.048087 2026] [wsgi:error] [pid 9:tid 140047806097088] [remote 10.0.0.21:40944] 2026-06-04 06:45:16.032 9 ERROR keystone.server.flask.application raise exc_value.with_traceback(exc_tb)
[Thu Jun 04 06:45:16.048089 2026] [wsgi:error] [pid 9:tid 140047806097088] [remote 10.0.0.21:40944] 2026-06-04 06:45:16.032 9 ERROR keystone.server.flask.application
File "/var/lib/openstack/lib/python3.12/site-packages/sqlalchemy/orm/session.py", line 4448, in _flush
[Thu Jun 04 06:45:16.048091 2026] [wsgi:error] [pid 9:tid 140047806097088] [remote 10.0.0.21:40944] 2026-06-04 06:45:16.032 9 ERROR keystone.server.flask.application flush_context.execute()
[Thu Jun 04 06:45:16.048093 2026] [wsgi:error] [pid 9:tid 140047806097088] [remote 10.0.0.21:40944] 2026-06-04 06:45:16.032 9 ERROR keystone.server.flask.application
File "/var/lib/openstack/lib/python3.12/site-packages/sqlalchemy/orm/unitofwork.py", line 465, in execute
[Thu Jun 04 06:45:16.048095 2026] [wsgi:error] [pid 9:tid 140047806097088] [remote 10.0.0.21:40944] 2026-06-04 06:45:16.032 9 ERROR keystone.server.flask.application rec.execute(self)
