2026-06-02 22:50:01.281 7 INFO neutron.pecan_wsgi.hooks.translation [None req-223b7f53-1c31-4473-b1b5-05943b201466 08c14920e66b4563ba00ca3035afa090 5d742e2f2def4ac99ec3de786fa3441a - - default default] GET failed (client error): The resource could not be found. [pid: 7|app: 0|req: 1775/3510] 10.0.0.145 () {32 vars in 723 bytes} [Tue Jun 2 22:50:01 2026] GET /v2.0/networks/fa52da72-7a4c-4dbd-bd22-bee2325a1813 => generated 138 bytes in 14 msecs (HTTP/1.1 404) 4 headers in 164 bytes (1 switches on core 0)
2026-06-02 22:50:01.905 8 INFO neutron.services.segments.plugin [-] Segment 9ad3e403-abb1-46d9-ac7c-cede58fcbdb9 resource provider aggregate not found
2026-06-02 22:50:01.909 8 INFO neutron.services.segments.plugin [-] Segment 9ad3e403-abb1-46d9-ac7c-cede58fcbdb9 resource provider aggregate not found
2026-06-02 22:50:01.924 8 INFO neutron.services.segments.plugin [-] Segment 9ad3e403-abb1-46d9-ac7c-cede58fcbdb9 resource provider not found; error: Placement Client Error (4xx): {"errors": [{"status": 404, "title": "Not Found", "detail": "The resource could not be found.\n\n No resource provider with uuid 9ad3e403-abb1-46d9-ac7c-cede58fcbdb9 found for delete ", "request_id": "req-806e0c97-e8bf-490c-a870-db77cd4266f6"}]}
2026-06-02 22:50:01.928 8 INFO neutron.services.segments.plugin [-] Segment 9ad3e403-abb1-46d9-ac7c-cede58fcbdb9 resource provider not found; error: Placement Client Error (4xx): {"errors": [{"status": 404, "title": "Not Found", "detail": "The resource could not be found.\n\n No resource provider with uuid 9ad3e403-abb1-46d9-ac7c-cede58fcbdb9 found for delete ", "request_id": "req-c73be1e5-1378-4ae8-a3f9-198d5bea5d77"}]}
2026-06-02 22:50:01.936 8 INFO neutron.services.segments.plugin [-] Segment 1f4c7692-e9ca-40cc-9f9f-55af166954f7 resource provider aggregate not found
2026-06-02 22:50:01.944 8 INFO neutron.services.segments.plugin [-] Segment 1f4c7692-e9ca-40cc-9f9f-55af166954f7 resource provider aggregate not found
2026-06-02 22:50:01.961 8 INFO neutron.services.segments.plugin [-] Segment 1f4c7692-e9ca-40cc-9f9f-55af166954f7 resource provider not found; error: Placement Client Error (4xx): {"errors": [{"status": 404, "title": "Not Found", "detail": "The resource could not be found.\n\n No resource provider with uuid 1f4c7692-e9ca-40cc-9f9f-55af166954f7 found for delete ", "request_id": "req-dd488635-7184-4f3f-83e7-19e1623265ce"}]}
2026-06-02 22:50:01.962 8 INFO neutron.services.segments.plugin [-] Segment 1f4c7692-e9ca-40cc-9f9f-55af166954f7 resource provider not found; error: Placement Client Error (4xx): {"errors": [{"status": 404, "title": "Not Found", "detail": "The resource could not be found.\n\n No resource provider with uuid 1f4c7692-e9ca-40cc-9f9f-55af166954f7 found for delete ", "request_id": "req-32f7787a-846b-4c0d-98d0-082b23e12ce8"}]}
2026-06-02 22:50:03.401 8 INFO neutron.db.ovn_revision_numbers_db [None req-89abd10d-53d8-484f-9a4a-decd7c47c929 3270a1dbba7a4f988480e028df508292 a2af4cecc4234fd09a1dcd8aed9a0d02 - - default default] Successfully bumped revision number for resource 1bf21994-bee1-4be7-93f9-146cda40ad89 (type: security_groups) to 1
2026-06-02 22:50:03.412 8 INFO neutron.db.ovn_revision_numbers_db [None req-89abd10d-53d8-484f-9a4a-decd7c47c929 3270a1dbba7a4f988480e028df508292 a2af4cecc4234fd09a1dcd8aed9a0d02 - - default default] Successfully bumped revision number for resource 2329a648-8d56-41ec-9265-33c033603341 (type: security_group_rules) to 0
2026-06-02 22:50:03.424 8 INFO neutron.db.ovn_revision_numbers_db [None req-89abd10d-53d8-484f-9a4a-decd7c47c929 3270a1dbba7a4f988480e028df508292 a2af4cecc4234fd09a1dcd8aed9a0d02 - - default default] Successfully bumped revision number for resource 3357ca5a-73c6-457f-86a8-9d34c87f2b71 (type: security_group_rules) to 0
2026-06-02 22:50:03.435 8 INFO neutron.db.ovn_revision_numbers_db [None req-89abd10d-53d8-484f-9a4a-decd7c47c929 3270a1dbba7a4f988480e028df508292 a2af4cecc4234fd09a1dcd8aed9a0d02 - - default default] Successfully bumped revision number for resource 58343401-5355-4c69-9177-7ddc312cb6d6 (type: security_group_rules) to 0
2026-06-02 22:50:03.446 8 INFO neutron.db.ovn_revision_numbers_db [None req-89abd10d-53d8-484f-9a4a-decd7c47c929 3270a1dbba7a4f988480e028df508292 a2af4cecc4234fd09a1dcd8aed9a0d02 - - default default] Successfully bumped revision number for resource e2199b8c-ec09-4912-ae75-d2d13e9675c2 (type: security_group_rules) to 0 [pid: 8|app: 0|req: 1736/3511] 10.0.0.145 () {32 vars in 774 bytes} [Tue Jun 2 22:50:03 2026] GET /v2.0/security-groups?tenant_id=654d0c25b769475aa09e50fa2ae1d9c1&name=default => generated 2929 bytes in 329 msecs (HTTP/1.1 200) 4 headers in 158 bytes (1 switches on core 0) [pid: 7|app: 0|req: 1776/3512] 10.0.0.145 () {32 vars in 740 bytes} [Tue Jun 2 22:50:03 2026] DELETE /v2.0/security-groups/1bf21994-bee1-4be7-93f9-146cda40ad89 => generated 0 bytes in 200 msecs (HTTP/1.1 204) 2 headers in 112 bytes (1 switches on core 0) [pid: 8|app: 0|req: 1737/3513] 10.0.0.145 () {32 vars in 774 bytes} [Tue Jun 2 22:50:03 2026] GET /v2.0/security-groups?tenant_id=5d742e2f2def4ac99ec3de786fa3441a&name=default => generated 2925 bytes in 44 msecs (HTTP/1.1 200) 4 headers in 158 bytes (1 switches on core 0) [pid: 7|app: 0|req: 1777/3514] 10.0.0.145 () {32 vars in 740 bytes} [Tue Jun 2 22:50:03 2026] DELETE /v2.0/security-groups/881ff705-237b-4238-9863-e583bb6eb8fa => generated 0 bytes in 197 msecs (HTTP/1.1 204) 2 headers in 112 bytes (1 switches on core 0)
2026-06-02 22:50:04.288 8 INFO neutron.db.ovn_revision_numbers_db [None req-14bc80f6-001b-4be0-b91d-c886e96f068c 3270a1dbba7a4f988480e028df508292 a2af4cecc4234fd09a1dcd8aed9a0d02 - - default default] Successfully bumped revision number for resource e5bd1bbf-273a-4bef-896e-335c4eb369a6 (type: security_groups) to 1
2026-06-02 22:50:04.299 8 INFO neutron.db.ovn_revision_numbers_db [None req-14bc80f6-001b-4be0-b91d-c886e96f068c 3270a1dbba7a4f988480e028df508292 a2af4cecc4234fd09a1dcd8aed9a0d02 - - default default] Successfully bumped revision number for resource 117dbcd5-393d-40df-b02f-30d8c2d58afc (type: security_group_rules) to 0
2026-06-02 22:50:04.313 8 INFO neutron.db.ovn_revision_numbers_db [None req-14bc80f6-001b-4be0-b91d-c886e96f068c 3270a1dbba7a4f988480e028df508292 a2af4cecc4234fd09a1dcd8aed9a0d02 - - default default] Successfully bumped revision number for resource 6e36850b-8fc7-4c50-8e69-0b2691bdeea4 (type: security_group_rules) to 0
2026-06-02 22:50:04.323 8 INFO neutron.db.ovn_revision_numbers_db [None req-14bc80f6-001b-4be0-b91d-c886e96f068c 3270a1dbba7a4f988480e028df508292 a2af4cecc4234fd09a1dcd8aed9a0d02 - - default default] Successfully bumped revision number for resource ae738241-0369-41f3-b88e-759724ecbdf5 (type: security_group_rules) to 0
2026-06-02 22:50:04.341 8 INFO neutron.db.ovn_revision_numbers_db [None req-14bc80f6-001b-4be0-b91d-c886e96f068c 3270a1dbba7a4f988480e028df508292 a2af4cecc4234fd09a1dcd8aed9a0d02 - - default default] Successfully bumped revision number for resource d630fb3b-423c-4886-8d32-68572f93a741 (type: security_group_rules) to 0 [pid: 8|app: 0|req: 1738/3515] 10.0.0.145 () {32 vars in 774 bytes} [Tue Jun 2 22:50:04 2026] GET /v2.0/security-groups?tenant_id=573aefbea1d44d439d94dd2f539f3010&name=default => generated 2929 bytes in 219 msecs (HTTP/1.1 200) 4 headers in 158 bytes (1 switches on core 0) [pid: 7|app: 0|req: 1778/3516] 10.0.0.145 () {32 vars in 740 bytes} [Tue Jun 2 22:50:04 2026] DELETE /v2.0/security-groups/e5bd1bbf-273a-4bef-896e-335c4eb369a6 => generated 0 bytes in 182 msecs (HTTP/1.1 204) 2 headers in 112 bytes (1 switches on core 0)
2026-06-02 22:50:04.802 8 INFO neutron.db.ovn_revision_numbers_db [None req-00478bf9-ad68-4b9b-94ac-cce3e6af344d 3270a1dbba7a4f988480e028df508292 a2af4cecc4234fd09a1dcd8aed9a0d02 - - default default] Successfully bumped revision number for resource e2b78f39-8df9-4d05-9636-e32f79167916 (type: security_groups) to 1
2026-06-02 22:50:04.814 8 INFO neutron.db.ovn_revision_numbers_db [None req-00478bf9-ad68-4b9b-94ac-cce3e6af344d 3270a1dbba7a4f988480e028df508292 a2af4cecc4234fd09a1dcd8aed9a0d02 - - default default] Successfully bumped revision number for resource 324f6be7-9c53-4b5f-98c7-2023eb5cda0c (type: security_group_rules) to 0
2026-06-02 22:50:04.828 8 INFO neutron.db.ovn_revision_numbers_db [None req-00478bf9-ad68-4b9b-94ac-cce3e6af344d 3270a1dbba7a4f988480e028df508292 a2af4cecc4234fd09a1dcd8aed9a0d02 - - default default] Successfully bumped revision number for resource 61b1a3cd-8994-4bb4-a9fb-44feccb87795 (type: security_group_rules) to 0
2026-06-02 22:50:04.839 8 INFO neutron.db.ovn_revision_numbers_db [None req-00478bf9-ad68-4b9b-94ac-cce3e6af344d 3270a1dbba7a4f988480e028df508292 a2af4cecc4234fd09a1dcd8aed9a0d02 - - default default] Successfully bumped revision number for resource 82b585f2-7b27-4a34-9163-1bf07cb6b29b (type: security_group_rules) to 0
2026-06-02 22:50:04.850 8 INFO neutron.db.ovn_revision_numbers_db [None req-00478bf9-ad68-4b9b-94ac-cce3e6af344d 3270a1dbba7a4f988480e028df508292 a2af4cecc4234fd09a1dcd8aed9a0d02 - - default default] Successfully bumped revision number for resource c39a4083-a62a-4309-a616-92bd295541bc (type: security_group_rules) to 0 [pid: 8|app: 0|req: 1739/3517] 10.0.0.145 () {32 vars in 774 bytes} [Tue Jun 2 22:50:04 2026] GET /v2.0/security-groups?tenant_id=9c3427570b51458aa6167ea6a0608b39&name=default => generated 2929 bytes in 192 msecs (HTTP/1.1 200) 4 headers in 158 bytes (1 switches on core 0) [pid: 7|app: 0|req: 1779/3518] 10.0.0.145 () {32 vars in 740 bytes} [Tue Jun 2 22:50:04 2026] DELETE /v2.0/security-groups/e2b78f39-8df9-4d05-9636-e32f79167916 => generated 0 bytes in 230 msecs (HTTP/1.1 204) 2 headers in 112 bytes (1 switches on core 0)
2026-06-02 22:50:05.373 8 INFO neutron.db.ovn_revision_numbers_db [None req-805064de-e9b5-43b3-b498-d078236488d1 3270a1dbba7a4f988480e028df508292 a2af4cecc4234fd09a1dcd8aed9a0d02 - - default default] Successfully bumped revision number for resource 9497af58-73d3-4399-ae45-add024dd112f (type: security_groups) to 1
2026-06-02 22:50:05.385 8 INFO neutron.db.ovn_revision_numbers_db [None req-805064de-e9b5-43b3-b498-d078236488d1 3270a1dbba7a4f988480e028df508292 a2af4cecc4234fd09a1dcd8aed9a0d02 - - default default] Successfully bumped revision number for resource 549404de-3daa-4eed-9deb-f8c5395c744a (type: security_group_rules) to 0
2026-06-02 22:50:05.396 8 INFO neutron.db.ovn_revision_numbers_db [None req-805064de-e9b5-43b3-b498-d078236488d1 3270a1dbba7a4f988480e028df508292 a2af4cecc4234fd09a1dcd8aed9a0d02 - - default default] Successfully bumped revision number for resource 567304a1-4ad6-43a6-9c25-69c60067cf90 (type: security_group_rules) to 0
2026-06-02 22:50:05.409 8 INFO neutron.db.ovn_revision_numbers_db [None req-805064de-e9b5-43b3-b498-d078236488d1 3270a1dbba7a4f988480e028df508292 a2af4cecc4234fd09a1dcd8aed9a0d02 - - default default] Successfully bumped revision number for resource 630aac37-7af4-4f2d-b18a-1669a2941e06 (type: security_group_rules) to 0
2026-06-02 22:50:05.420 8 INFO neutron.db.ovn_revision_numbers_db [None req-805064de-e9b5-43b3-b498-d078236488d1 3270a1dbba7a4f988480e028df508292 a2af4cecc4234fd09a1dcd8aed9a0d02 - - default default] Successfully bumped revision number for resource 868a911d-885e-4d6d-a189-fd6b07cec2f2 (type: security_group_rules) to 0 [pid: 8|app: 0|req: 1740/3519] 10.0.0.145 () {32 vars in 774 bytes} [Tue Jun 2 22:50:05 2026] GET /v2.0/security-groups?tenant_id=f718e486e9e74da99117cfae76475128&name=default => generated 2929 bytes in 193 msecs (HTTP/1.1 200) 4 headers in 158 bytes (1 switches on core 0) [pid: 7|app: 0|req: 1780/3520] 10.0.0.145 () {32 vars in 740 bytes} [Tue Jun 2 22:50:05 2026] DELETE /v2.0/security-groups/9497af58-73d3-4399-ae45-add024dd112f => generated 0 bytes in 196 msecs (HTTP/1.1 204) 2 headers in 112 bytes (1 switches on core 0)
2026-06-02 22:50:05.903 8 INFO neutron.db.ovn_revision_numbers_db [None req-173da4d6-5a20-40fb-a74b-ea4cb42bb3dd 3270a1dbba7a4f988480e028df508292 a2af4cecc4234fd09a1dcd8aed9a0d02 - - default default] Successfully bumped revision number for resource 67859dfb-5c6e-4e9f-b6c4-16617f4b53c2 (type: security_groups) to 1
2026-06-02 22:50:05.913 8 INFO neutron.db.ovn_revision_numbers_db [None req-173da4d6-5a20-40fb-a74b-ea4cb42bb3dd 3270a1dbba7a4f988480e028df508292 a2af4cecc4234fd09a1dcd8aed9a0d02 - - default default] Successfully bumped revision number for resource 49333dda-8ad1-47fd-8681-1c9ae1439a96 (type: security_group_rules) to 0
2026-06-02 22:50:05.924 8 INFO neutron.db.ovn_revision_numbers_db [None req-173da4d6-5a20-40fb-a74b-ea4cb42bb3dd 3270a1dbba7a4f988480e028df508292 a2af4cecc4234fd09a1dcd8aed9a0d02 - - default default] Successfully bumped revision number for resource 8dab6c61-b65c-4a35-b513-bffacb382563 (type: security_group_rules) to 0
2026-06-02 22:50:05.936 8 INFO neutron.db.ovn_revision_numbers_db [None req-173da4d6-5a20-40fb-a74b-ea4cb42bb3dd 3270a1dbba7a4f988480e028df508292 a2af4cecc4234fd09a1dcd8aed9a0d02 - - default default] Successfully bumped revision number for resource b9e01208-4da8-43bf-91a7-4030e8f744fc (type: security_group_rules) to 0
2026-06-02 22:50:05.945 8 INFO neutron.db.ovn_revision_numbers_db [None req-173da4d6-5a20-40fb-a74b-ea4cb42bb3dd 3270a1dbba7a4f988480e028df508292 a2af4cecc4234fd09a1dcd8aed9a0d02 - - default default] Successfully bumped revision number for resource ee8b04de-62f9-4f7e-a6b1-79c637dc1282 (type: security_group_rules) to 0 [pid: 8|app: 0|req: 1741/3521] 10.0.0.145 () {32 vars in 774 bytes} [Tue Jun 2 22:50:05 2026] GET /v2.0/security-groups?tenant_id=65ee75b5c525436780f83f56c6d78ae2&name=default => generated 2929 bytes in 194 msecs (HTTP/1.1 200) 4 headers in 158 bytes (1 switches on core 0) [pid: 7|app: 0|req: 1781/3522] 10.0.0.145 () {32 vars in 740 bytes} [Tue Jun 2 22:50:05 2026] DELETE /v2.0/security-groups/67859dfb-5c6e-4e9f-b6c4-16617f4b53c2 => generated 0 bytes in 197 msecs (HTTP/1.1 204) 2 headers in 112 bytes (1 switches on core 0)
2026-06-02 22:50:06.453 8 INFO neutron.db.ovn_revision_numbers_db [None req-2ff6f3de-0906-4269-862b-f201b671d0e0 3270a1dbba7a4f988480e028df508292 a2af4cecc4234fd09a1dcd8aed9a0d02 - - default default] Successfully bumped revision number for resource 37c1ea25-b720-4ee0-97e1-e17724e37353 (type: security_groups) to 1
2026-06-02 22:50:06.474 8 INFO neutron.db.ovn_revision_numbers_db [None req-2ff6f3de-0906-4269-862b-f201b671d0e0 3270a1dbba7a4f988480e028df508292 a2af4cecc4234fd09a1dcd8aed9a0d02 - - default default] Successfully bumped revision number for resource 1b4665b0-d15b-431d-9000-4c612b7292cd (type: security_group_rules) to 0
2026-06-02 22:50:06.501 8 INFO neutron.db.ovn_revision_numbers_db [None req-2ff6f3de-0906-4269-862b-f201b671d0e0 3270a1dbba7a4f988480e028df508292 a2af4cecc4234fd09a1dcd8aed9a0d02 - - default default] Successfully bumped revision number for resource 9178c268-8a1a-4efe-9de1-a2635719db64 (type: security_group_rules) to 0
2026-06-02 22:50:06.517 8 INFO neutron.db.ovn_revision_numbers_db [None req-2ff6f3de-0906-4269-862b-f201b671d0e0 3270a1dbba7a4f988480e028df508292 a2af4cecc4234fd09a1dcd8aed9a0d02 - - default default] Successfully bumped revision number for resource b0a1f04f-63ec-41e9-bcca-0dda7d1042cd (type: security_group_rules) to 0
2026-06-02 22:50:06.531 8 INFO neutron.db.ovn_revision_numbers_db [None req-2ff6f3de-0906-4269-862b-f201b671d0e0 3270a1dbba7a4f988480e028df508292 a2af4cecc4234fd09a1dcd8aed9a0d02 - - default default] Successfully bumped revision number for resource c7139eec-335b-4c23-8a7a-56f37f0b22f7 (type: security_group_rules) to 0 [pid: 8|app: 0|req: 1742/3523] 10.0.0.145 () {32 vars in 774 bytes} [Tue Jun 2 22:50:06 2026] GET /v2.0/security-groups?tenant_id=21b85ba1250d47deb5ef6896a3dc98ec&name=default => generated 2929 bytes in 232 msecs (HTTP/1.1 200) 4 headers in 158 bytes (1 switches on core 0) [pid: 7|app: 0|req: 1782/3524] 10.0.0.145 () {32 vars in 740 bytes} [Tue Jun 2 22:50:06 2026] DELETE /v2.0/security-groups/37c1ea25-b720-4ee0-97e1-e17724e37353 => generated 0 bytes in 182 msecs (HTTP/1.1 204) 2 headers in 112 bytes (1 switches on core 0)
2026-06-02 22:50:10.835 7 INFO neutron.db.ovn_revision_numbers_db [None req-a4bc686e-ff48-4068-8bf2-2c588cda2303 2a8a1e63d033455c9344003b35f5f6b5 ed3c6d72925246f3958a6a9042d74434 - - default default] Successfully bumped revision number for resource 98fac22f-19c2-4734-a248-6a003abde180 (type: security_groups) to 1
2026-06-02 22:50:10.846 7 INFO neutron.db.ovn_revision_numbers_db [None req-a4bc686e-ff48-4068-8bf2-2c588cda2303 2a8a1e63d033455c9344003b35f5f6b5 ed3c6d72925246f3958a6a9042d74434 - - default default] Successfully bumped revision number for resource 30822f51-88b5-42ff-a534-6909d7012575 (type: security_group_rules) to 0
2026-06-02 22:50:10.856 7 INFO neutron.db.ovn_revision_numbers_db [None req-a4bc686e-ff48-4068-8bf2-2c588cda2303 2a8a1e63d033455c9344003b35f5f6b5 ed3c6d72925246f3958a6a9042d74434 - - default default] Successfully bumped revision number for resource 443faef2-5ce8-4473-9fdc-f380ae982666 (type: security_group_rules) to 0
2026-06-02 22:50:10.868 7 INFO neutron.db.ovn_revision_numbers_db [None req-a4bc686e-ff48-4068-8bf2-2c588cda2303 2a8a1e63d033455c9344003b35f5f6b5 ed3c6d72925246f3958a6a9042d74434 - - default default] Successfully bumped revision number for resource 8b3ecb7a-8379-4f2a-985f-27f33706eb7a (type: security_group_rules) to 0
2026-06-02 22:50:10.880 7 INFO neutron.db.ovn_revision_numbers_db [None req-a4bc686e-ff48-4068-8bf2-2c588cda2303 2a8a1e63d033455c9344003b35f5f6b5 ed3c6d72925246f3958a6a9042d74434 - - default default] Successfully bumped revision number for resource 909f0662-55d0-4a08-8caa-3a5da74889c8 (type: security_group_rules) to 0
2026-06-02 22:50:10.946 7 INFO neutron.db.segments_db [None req-a4bc686e-ff48-4068-8bf2-2c588cda2303 2a8a1e63d033455c9344003b35f5f6b5 ed3c6d72925246f3958a6a9042d74434 - - default default] Added segment 01eef163-427d-4460-afb3-94ca73cb9880 of type geneve for network ba279982-d2a4-499a-8af2-553de64ded28
2026-06-02 22:50:11.044 7 INFO neutron.db.ovn_revision_numbers_db [None req-a4bc686e-ff48-4068-8bf2-2c588cda2303 2a8a1e63d033455c9344003b35f5f6b5 ed3c6d72925246f3958a6a9042d74434 - - default default] Successfully bumped revision number for resource ba279982-d2a4-499a-8af2-553de64ded28 (type: networks) to 1
2026-06-02 22:50:11.196 7 WARNING neutron.scheduler.dhcp_agent_scheduler [None req-a4bc686e-ff48-4068-8bf2-2c588cda2303 2a8a1e63d033455c9344003b35f5f6b5 ed3c6d72925246f3958a6a9042d74434 - - default default] No more DHCP agents
2026-06-02 22:50:11.198 7 WARNING neutron.api.rpc.agentnotifiers.dhcp_rpc_agent_api [None req-a4bc686e-ff48-4068-8bf2-2c588cda2303 2a8a1e63d033455c9344003b35f5f6b5 ed3c6d72925246f3958a6a9042d74434 - - default default] Unable to schedule network ba279982-d2a4-499a-8af2-553de64ded28: no agents available; will retry on subsequent port and subnet creation events.
2026-06-02 22:50:11.259 7 INFO neutron.plugins.ml2.drivers.ovn.mech_driver.mech_driver [None req-d93d220f-8ef8-4d83-abe1-893c58d3ca50 - - - - - -] OVN reports status down for port: a9066639-d52b-4c8d-90a4-ba928068f025
2026-06-02 22:50:11.310 7 INFO neutron.db.ovn_revision_numbers_db [None req-a4bc686e-ff48-4068-8bf2-2c588cda2303 2a8a1e63d033455c9344003b35f5f6b5 ed3c6d72925246f3958a6a9042d74434 - - default default] Successfully bumped revision number for resource a9066639-d52b-4c8d-90a4-ba928068f025 (type: ports) to 1 [pid: 7|app: 0|req: 1784/3527] 10.0.0.145 () {34 vars in 670 bytes} [Tue Jun 2 22:50:10 2026] POST /v2.0/networks => generated 729 bytes in 803 msecs (HTTP/1.1 201) 4 headers in 162 bytes (1 switches on core 0)
2026-06-02 22:50:11.492 8 WARNING neutron.scheduler.dhcp_agent_scheduler [None req-96edf91a-71aa-4e58-9628-5df31da1cc5b 2a8a1e63d033455c9344003b35f5f6b5 ed3c6d72925246f3958a6a9042d74434 - - default default] No more DHCP agents
2026-06-02 22:50:11.493 8 WARNING neutron.api.rpc.agentnotifiers.dhcp_rpc_agent_api [None req-96edf91a-71aa-4e58-9628-5df31da1cc5b 2a8a1e63d033455c9344003b35f5f6b5 ed3c6d72925246f3958a6a9042d74434 - - default default] Unable to schedule network ba279982-d2a4-499a-8af2-553de64ded28: no agents available; will retry on subsequent port and subnet creation events.
2026-06-02 22:50:11.916 8 INFO neutron.db.ovn_revision_numbers_db [None req-c3314488-4041-4416-8f39-073718aad7c1 - - - - - -] Successfully bumped revision number for resource a9066639-d52b-4c8d-90a4-ba928068f025 (type: ports) to 2
2026-06-02 22:50:11.951 8 INFO neutron.db.ovn_revision_numbers_db [None req-c3314488-4041-4416-8f39-073718aad7c1 - - - - - -] Successfully bumped revision number for resource 62661bd0-af46-45f0-80a0-2ea2d1d82369 (type: subnets) to 0 [pid: 8|app: 0|req: 1744/3528] 10.0.0.145 () {34 vars in 669 bytes} [Tue Jun 2 22:50:11 2026] POST /v2.0/subnets => generated 644 bytes in 607 msecs (HTTP/1.1 201) 4 headers in 162 bytes (1 switches on core 0)
2026-06-02 22:50:11.981 7 WARNING neutron.api.v2.base [None req-0dc11c99-7f03-479d-96de-1d010a9aad8f 2a8a1e63d033455c9344003b35f5f6b5 ed3c6d72925246f3958a6a9042d74434 - - default default] An exception happened while processing the request body. The exception message is [Invalid input for target_tenant. Reason: 'None' is not a valid string.].: webob.exc.HTTPBadRequest: Invalid input for target_tenant. Reason: 'None' is not a valid string.
2026-06-02 22:50:11.982 7 INFO neutron.api.v2.resource [None req-0dc11c99-7f03-479d-96de-1d010a9aad8f 2a8a1e63d033455c9344003b35f5f6b5 ed3c6d72925246f3958a6a9042d74434 - - default default] create failed (client error): Invalid input for target_tenant. Reason: 'None' is not a valid string. [pid: 7|app: 0|req: 1785/3529] 10.0.0.145 () {34 vars in 681 bytes} [Tue Jun 2 22:50:11 2026] POST /v2.0/rbac-policies => generated 143 bytes in 11 msecs (HTTP/1.1 400) 4 headers in 166 bytes (1 switches on core 0)
2026-06-02 22:50:12.112 8 INFO neutron_taas.services.taas.taas_plugin [None req-650ce37d-5b7e-40c9-b8f7-572d112194f2 2a8a1e63d033455c9344003b35f5f6b5 ed3c6d72925246f3958a6a9042d74434 - - default default] TaaS: Handle Delete Port: a9066639-d52b-4c8d-90a4-ba928068f025
2026-06-02 22:50:12.114 8 INFO neutron_taas.services.taas.tap_mirror_plugin [None req-650ce37d-5b7e-40c9-b8f7-572d112194f2 2a8a1e63d033455c9344003b35f5f6b5 ed3c6d72925246f3958a6a9042d74434 - - default default] Tap Mirror: Handle Delete Port: a9066639-d52b-4c8d-90a4-ba928068f025
2026-06-02 22:50:12.400 8 INFO neutron.services.segments.plugin [-] Segment 01eef163-427d-4460-afb3-94ca73cb9880 resource provider aggregate not found
2026-06-02 22:50:12.403 8 INFO neutron.services.segments.plugin [-] Segment 01eef163-427d-4460-afb3-94ca73cb9880 resource provider aggregate not found
2026-06-02 22:50:12.414 8 INFO neutron.services.segments.plugin [-] Segment 01eef163-427d-4460-afb3-94ca73cb9880 resource provider not found; error: Placement Client Error (4xx): {"errors": [{"status": 404, "title": "Not Found", "detail": "The resource could not be found.\n\n No resource provider with uuid 01eef163-427d-4460-afb3-94ca73cb9880 found for delete ", "request_id": "req-9bd600f3-371c-4356-bf1b-bc5056973d5c"}]}
2026-06-02 22:50:12.421 8 INFO neutron.services.segments.plugin [-] Segment 01eef163-427d-4460-afb3-94ca73cb9880 resource provider not found; error: Placement Client Error (4xx): {"errors": [{"status": 404, "title": "Not Found", "detail": "The resource could not be found.\n\n No resource provider with uuid 01eef163-427d-4460-afb3-94ca73cb9880 found for delete ", "request_id": "req-d5fe7300-5339-4955-89ab-52cd6a4df030"}]} [pid: 8|app: 0|req: 1745/3530] 10.0.0.145 () {32 vars in 726 bytes} [Tue Jun 2 22:50:11 2026] DELETE /v2.0/networks/ba279982-d2a4-499a-8af2-553de64ded28 => generated 0 bytes in 454 msecs (HTTP/1.1 204) 3 headers in 131 bytes (1 switches on core 0)
2026-06-02 22:50:12.528 7 INFO neutron.db.segments_db [None req-1485f0f9-fc0b-428e-b436-33029058ffba 2a8a1e63d033455c9344003b35f5f6b5 ed3c6d72925246f3958a6a9042d74434 - - default default] Added segment 1198cbc3-76cf-474e-86a9-d61f5cfe1ee9 of type geneve for network cce034e6-7881-46e8-96f0-27d55a04c4f9
2026-06-02 22:50:12.625 7 INFO neutron.db.ovn_revision_numbers_db [None req-1485f0f9-fc0b-428e-b436-33029058ffba 2a8a1e63d033455c9344003b35f5f6b5 ed3c6d72925246f3958a6a9042d74434 - - default default] Successfully bumped revision number for resource cce034e6-7881-46e8-96f0-27d55a04c4f9 (type: networks) to 1
2026-06-02 22:50:12.765 7 WARNING neutron.scheduler.dhcp_agent_scheduler [None req-1485f0f9-fc0b-428e-b436-33029058ffba 2a8a1e63d033455c9344003b35f5f6b5 ed3c6d72925246f3958a6a9042d74434 - - default default] No more DHCP agents
2026-06-02 22:50:12.767 7 WARNING neutron.api.rpc.agentnotifiers.dhcp_rpc_agent_api [None req-1485f0f9-fc0b-428e-b436-33029058ffba 2a8a1e63d033455c9344003b35f5f6b5 ed3c6d72925246f3958a6a9042d74434 - - default default] Unable to schedule network cce034e6-7881-46e8-96f0-27d55a04c4f9: no agents available; will retry on subsequent port and subnet creation events.
2026-06-02 22:50:12.818 8 INFO neutron.plugins.ml2.drivers.ovn.mech_driver.mech_driver [None req-4fc5aa4b-1f49-43e0-8f07-d2ebce3635cc - - - - - -] OVN reports status down for port: 073427a5-e487-4085-bb0a-6d5e88809e02
2026-06-02 22:50:12.874 7 INFO neutron.db.ovn_revision_numbers_db [None req-1485f0f9-fc0b-428e-b436-33029058ffba 2a8a1e63d033455c9344003b35f5f6b5 ed3c6d72925246f3958a6a9042d74434 - - default default] Successfully bumped revision number for resource 073427a5-e487-4085-bb0a-6d5e88809e02 (type: ports) to 1 [pid: 7|app: 0|req: 1786/3531] 10.0.0.145 () {34 vars in 670 bytes} [Tue Jun 2 22:50:12 2026] POST /v2.0/networks => generated 730 bytes in 466 msecs (HTTP/1.1 201) 4 headers in 162 bytes (1 switches on core 0)
2026-06-02 22:50:13.038 8 WARNING neutron.scheduler.dhcp_agent_scheduler [None req-777ed6e8-e3b0-40ad-918b-3d7097ae4829 2a8a1e63d033455c9344003b35f5f6b5 ed3c6d72925246f3958a6a9042d74434 - - default default] No more DHCP agents
2026-06-02 22:50:13.039 8 WARNING neutron.api.rpc.agentnotifiers.dhcp_rpc_agent_api [None req-777ed6e8-e3b0-40ad-918b-3d7097ae4829 2a8a1e63d033455c9344003b35f5f6b5 ed3c6d72925246f3958a6a9042d74434 - - default default] Unable to schedule network cce034e6-7881-46e8-96f0-27d55a04c4f9: no agents available; will retry on subsequent port and subnet creation events.
2026-06-02 22:50:13.452 8 INFO neutron.db.ovn_revision_numbers_db [None req-b7ff99b3-e398-42dc-88cf-d97563152739 - - - - - -] Successfully bumped revision number for resource 073427a5-e487-4085-bb0a-6d5e88809e02 (type: ports) to 2
2026-06-02 22:50:13.482 8 INFO neutron.db.ovn_revision_numbers_db [None req-b7ff99b3-e398-42dc-88cf-d97563152739 - - - - - -] Successfully bumped revision number for resource cb4e239b-29c9-4afa-8246-62b13913d84f (type: subnets) to 0 [pid: 8|app: 0|req: 1746/3532] 10.0.0.145 () {34 vars in 669 bytes} [Tue Jun 2 22:50:12 2026] POST /v2.0/subnets => generated 647 bytes in 577 msecs (HTTP/1.1 201) 4 headers in 162 bytes (1 switches on core 0)
2026-06-02 22:50:13.509 7 WARNING neutron.api.v2.base [None req-fb8042a4-5403-4396-80b5-25aa06c2a6fe 2a8a1e63d033455c9344003b35f5f6b5 ed3c6d72925246f3958a6a9042d74434 - - default default] An exception happened while processing the request body. The exception message is [Invalid input for target_tenant. Reason: '1234123412341234123412341234123412341234123412341234123412341234123412341234123412341234123412341234123412341234123412341234123412341234123412341234123412341234123412341234123412341234123412341234123412341234123412341234123412341234123412341234123412341234123412341234123412341234123412341234123412341234123412341234123412341234123412341234123412341234123412341234123412341234123412341234123412341234' exceeds maximum length of 255.].: webob.exc.HTTPBadRequest: Invalid input for target_tenant. Reason: '1234123412341234123412341234123412341234123412341234123412341234123412341234123412341234123412341234123412341234123412341234123412341234123412341234123412341234123412341234123412341234123412341234123412341234123412341234123412341234123412341234123412341234123412341234123412341234123412341234123412341234123412341234123412341234123412341234123412341234123412341234123412341234123412341234123412341234' exceeds maximum length of 255.
2026-06-02 22:50:13.509 7 INFO neutron.api.v2.resource [None req-fb8042a4-5403-4396-80b5-25aa06c2a6fe 2a8a1e63d033455c9344003b35f5f6b5 ed3c6d72925246f3958a6a9042d74434 - - default default] create failed (client error): Invalid input for target_tenant. Reason: '1234123412341234123412341234123412341234123412341234123412341234123412341234123412341234123412341234123412341234123412341234123412341234123412341234123412341234123412341234123412341234123412341234123412341234123412341234123412341234123412341234123412341234123412341234123412341234123412341234123412341234123412341234123412341234123412341234123412341234123412341234123412341234123412341234123412341234' exceeds maximum length of 255. [pid: 7|app: 0|req: 1787/3533] 10.0.0.145 () {34 vars in 681 bytes} [Tue Jun 2 22:50:13 2026] POST /v2.0/rbac-policies => generated 547 bytes in 9 msecs (HTTP/1.1 400) 4 headers in 166 bytes (1 switches on core 0)
2026-06-02 22:50:13.634 8 INFO neutron_taas.services.taas.taas_plugin [None req-ec5c5f62-8414-4e1e-835a-c9d76c312165 2a8a1e63d033455c9344003b35f5f6b5 ed3c6d72925246f3958a6a9042d74434 - - default default] TaaS: Handle Delete Port: 073427a5-e487-4085-bb0a-6d5e88809e02
2026-06-02 22:50:13.636 8 INFO neutron_taas.services.taas.tap_mirror_plugin [None req-ec5c5f62-8414-4e1e-835a-c9d76c312165 2a8a1e63d033455c9344003b35f5f6b5 ed3c6d72925246f3958a6a9042d74434 - - default default] Tap Mirror: Handle Delete Port: 073427a5-e487-4085-bb0a-6d5e88809e02 [pid: 8|app: 0|req: 1747/3534] 10.0.0.145 () {32 vars in 726 bytes} [Tue Jun 2 22:50:13 2026] DELETE /v2.0/networks/cce034e6-7881-46e8-96f0-27d55a04c4f9 => generated 0 bytes in 453 msecs (HTTP/1.1 204) 3 headers in 131 bytes (1 switches on core 0)
2026-06-02 22:50:14.060 7 INFO neutron.db.segments_db [None req-49e9de6f-9122-4226-8b75-b4897db8db27 2a8a1e63d033455c9344003b35f5f6b5 ed3c6d72925246f3958a6a9042d74434 - - default default] Added segment 6f5083a4-2671-422b-8342-3723a297ce1b of type geneve for network 7ddb22f9-b60c-48e9-bf08-a3bf2433f98f
2026-06-02 22:50:14.162 7 INFO neutron.db.ovn_revision_numbers_db [None req-49e9de6f-9122-4226-8b75-b4897db8db27 2a8a1e63d033455c9344003b35f5f6b5 ed3c6d72925246f3958a6a9042d74434 - - default default] Successfully bumped revision number for resource 7ddb22f9-b60c-48e9-bf08-a3bf2433f98f (type: networks) to 1
2026-06-02 22:50:14.305 7 WARNING neutron.scheduler.dhcp_agent_scheduler [None req-49e9de6f-9122-4226-8b75-b4897db8db27 2a8a1e63d033455c9344003b35f5f6b5 ed3c6d72925246f3958a6a9042d74434 - - default default] No more DHCP agents
2026-06-02 22:50:14.306 7 WARNING neutron.api.rpc.agentnotifiers.dhcp_rpc_agent_api [None req-49e9de6f-9122-4226-8b75-b4897db8db27 2a8a1e63d033455c9344003b35f5f6b5 ed3c6d72925246f3958a6a9042d74434 - - default default] Unable to schedule network 7ddb22f9-b60c-48e9-bf08-a3bf2433f98f: no agents available; will retry on subsequent port and subnet creation events.
2026-06-02 22:50:14.356 8 INFO neutron.plugins.ml2.drivers.ovn.mech_driver.mech_driver [None req-4fc5aa4b-1f49-43e0-8f07-d2ebce3635cc - - - - - -] OVN reports status down for port: 9e7f2551-69cc-4bf4-afb1-99da7fb57f21
2026-06-02 22:50:14.387 7 INFO neutron.db.ovn_revision_numbers_db [None req-49e9de6f-9122-4226-8b75-b4897db8db27 2a8a1e63d033455c9344003b35f5f6b5 ed3c6d72925246f3958a6a9042d74434 - - default default] Successfully bumped revision number for resource 9e7f2551-69cc-4bf4-afb1-99da7fb57f21 (type: ports) to 1 [pid: 7|app: 0|req: 1788/3535] 10.0.0.145 () {34 vars in 670 bytes} [Tue Jun 2 22:50:13 2026] POST /v2.0/networks => generated 729 bytes in 435 msecs (HTTP/1.1 201) 4 headers in 162 bytes (1 switches on core 0)
2026-06-02 22:50:14.430 8 INFO neutron.services.segments.plugin [-] Segment 1198cbc3-76cf-474e-86a9-d61f5cfe1ee9 resource provider aggregate not found
2026-06-02 22:50:14.442 8 INFO neutron.services.segments.plugin [-] Segment 1198cbc3-76cf-474e-86a9-d61f5cfe1ee9 resource provider aggregate not found
2026-06-02 22:50:14.447 8 INFO neutron.services.segments.plugin [-] Segment 1198cbc3-76cf-474e-86a9-d61f5cfe1ee9 resource provider not found; error: Placement Client Error (4xx): {"errors": [{"status": 404, "title": "Not Found", "detail": "The resource could not be found.\n\n No resource provider with uuid 1198cbc3-76cf-474e-86a9-d61f5cfe1ee9 found for delete ", "request_id": "req-ecf14257-b26f-43c2-a3e5-95b2b5f54b9a"}]}
2026-06-02 22:50:14.465 8 INFO neutron.services.segments.plugin [-] Segment 1198cbc3-76cf-474e-86a9-d61f5cfe1ee9 resource provider not found; error: Placement Client Error (4xx): {"errors": [{"status": 404, "title": "Not Found", "detail": "The resource could not be found.\n\n No resource provider with uuid 1198cbc3-76cf-474e-86a9-d61f5cfe1ee9 found for delete ", "request_id": "req-d2bd6853-dff3-4575-8d6c-974895c6ab66"}]}
2026-06-02 22:50:14.568 8 WARNING neutron.scheduler.dhcp_agent_scheduler [None req-650b9132-e5eb-41b0-82e4-22d1f20eee78 2a8a1e63d033455c9344003b35f5f6b5 ed3c6d72925246f3958a6a9042d74434 - - default default] No more DHCP agents
2026-06-02 22:50:14.569 8 WARNING neutron.api.rpc.agentnotifiers.dhcp_rpc_agent_api [None req-650b9132-e5eb-41b0-82e4-22d1f20eee78 2a8a1e63d033455c9344003b35f5f6b5 ed3c6d72925246f3958a6a9042d74434 - - default default] Unable to schedule network 7ddb22f9-b60c-48e9-bf08-a3bf2433f98f: no agents available; will retry on subsequent port and subnet creation events.
2026-06-02 22:50:14.979 8 INFO neutron.db.ovn_revision_numbers_db [None req-9e8846b1-dd50-4c80-be4a-94a699fa244e - - - - - -] Successfully bumped revision number for resource 9e7f2551-69cc-4bf4-afb1-99da7fb57f21 (type: ports) to 2
2026-06-02 22:50:15.010 8 INFO neutron.db.ovn_revision_numbers_db [None req-9e8846b1-dd50-4c80-be4a-94a699fa244e - - - - - -] Successfully bumped revision number for resource fd8e5407-5dc8-43e7-860d-bdd02e2ff6a3 (type: subnets) to 0 [pid: 8|app: 0|req: 1748/3536] 10.0.0.145 () {34 vars in 669 bytes} [Tue Jun 2 22:50:14 2026] POST /v2.0/subnets => generated 647 bytes in 608 msecs (HTTP/1.1 201) 4 headers in 162 bytes (1 switches on core 0) [pid: 7|app: 0|req: 1789/3537] 10.0.0.145 () {34 vars in 681 bytes} [Tue Jun 2 22:50:15 2026] POST /v2.0/rbac-policies => generated 324 bytes in 227 msecs (HTTP/1.1 201) 4 headers in 162 bytes (1 switches on core 0) [pid: 8|app: 0|req: 1749/3538] 10.0.0.145 () {32 vars in 723 bytes} [Tue Jun 2 22:50:15 2026] GET /v2.0/networks/7ddb22f9-b60c-48e9-bf08-a3bf2433f98f => generated 654 bytes in 90 msecs (HTTP/1.1 200) 4 headers in 157 bytes (1 switches on core 0)
2026-06-02 22:50:16.098 7 INFO neutron.pecan_wsgi.hooks.translation [None req-018755a4-d25c-48a8-8d43-4b2ff0ba923b 7a999cc560504d28a34d4cd1b87596ab 07cb825ae67f4c2da3f695c70140a1fd - - default default] GET failed (client error): The resource could not be found. [pid: 7|app: 0|req: 1790/3539] 10.0.0.145 () {32 vars in 723 bytes} [Tue Jun 2 22:50:16 2026] GET /v2.0/networks/7ddb22f9-b60c-48e9-bf08-a3bf2433f98f => generated 138 bytes in 43 msecs (HTTP/1.1 404) 4 headers in 164 bytes (1 switches on core 0)
2026-06-02 22:50:16.220 8 INFO neutron_taas.services.taas.taas_plugin [None req-8416f958-a780-4fed-8eb4-66cf63756d88 2a8a1e63d033455c9344003b35f5f6b5 ed3c6d72925246f3958a6a9042d74434 - - default default] TaaS: Handle Delete Port: 9e7f2551-69cc-4bf4-afb1-99da7fb57f21
2026-06-02 22:50:16.223 8 INFO neutron_taas.services.taas.tap_mirror_plugin [None req-8416f958-a780-4fed-8eb4-66cf63756d88 2a8a1e63d033455c9344003b35f5f6b5 ed3c6d72925246f3958a6a9042d74434 - - default default] Tap Mirror: Handle Delete Port: 9e7f2551-69cc-4bf4-afb1-99da7fb57f21
2026-06-02 22:50:16.530 8 INFO neutron.services.segments.plugin [-] Segment 6f5083a4-2671-422b-8342-3723a297ce1b resource provider aggregate not found
2026-06-02 22:50:16.537 8 INFO neutron.services.segments.plugin [-] Segment 6f5083a4-2671-422b-8342-3723a297ce1b resource provider aggregate not found
2026-06-02 22:50:16.551 8 INFO neutron.services.segments.plugin [-] Segment 6f5083a4-2671-422b-8342-3723a297ce1b resource provider not found; error: Placement Client Error (4xx): {"errors": [{"status": 404, "title": "Not Found", "detail": "The resource could not be found.\n\n No resource provider with uuid 6f5083a4-2671-422b-8342-3723a297ce1b found for delete ", "request_id": "req-9164f8b4-1015-49e9-b1bf-00e81dba453c"}]}
2026-06-02 22:50:16.554 8 INFO neutron.services.segments.plugin [-] Segment 6f5083a4-2671-422b-8342-3723a297ce1b resource provider not found; error: Placement Client Error (4xx): {"errors": [{"status": 404, "title": "Not Found", "detail": "The resource could not be found.\n\n No resource provider with uuid 6f5083a4-2671-422b-8342-3723a297ce1b found for delete ", "request_id": "req-7e66b1cd-69cc-4080-98c1-bd79948c4a03"}]} [pid: 8|app: 0|req: 1750/3540] 10.0.0.145 () {32 vars in 726 bytes} [Tue Jun 2 22:50:16 2026] DELETE /v2.0/networks/7ddb22f9-b60c-48e9-bf08-a3bf2433f98f => generated 0 bytes in 479 msecs (HTTP/1.1 204) 3 headers in 131 bytes (1 switches on core 0)
2026-06-02 22:50:16.606 7 INFO neutron.pecan_wsgi.hooks.translation [None req-80d3dbb6-a6fd-4f17-bca5-4381c481eb80 2a8a1e63d033455c9344003b35f5f6b5 ed3c6d72925246f3958a6a9042d74434 - - default default] DELETE failed (client error): The resource could not be found. [pid: 7|app: 0|req: 1791/3541] 10.0.0.145 () {32 vars in 724 bytes} [Tue Jun 2 22:50:16 2026] DELETE /v2.0/subnets/62661bd0-af46-45f0-80a0-2ea2d1d82369 => generated 136 bytes in 19 msecs (HTTP/1.1 404) 4 headers in 164 bytes (1 switches on core 0)
2026-06-02 22:50:16.625 8 INFO neutron.pecan_wsgi.hooks.translation [None req-b034e4ae-eae8-40a5-80ec-3be634c79172 2a8a1e63d033455c9344003b35f5f6b5 ed3c6d72925246f3958a6a9042d74434 - - default default] DELETE failed (client error): The resource could not be found. [pid: 8|app: 0|req: 1751/3542] 10.0.0.145 () {32 vars in 724 bytes} [Tue Jun 2 22:50:16 2026] DELETE /v2.0/subnets/cb4e239b-29c9-4afa-8246-62b13913d84f => generated 136 bytes in 15 msecs (HTTP/1.1 404) 4 headers in 164 bytes (1 switches on core 0)
2026-06-02 22:50:16.643 7 INFO neutron.pecan_wsgi.hooks.translation [None req-c42da0bf-4e67-4034-a0eb-f68ca0bbbf88 2a8a1e63d033455c9344003b35f5f6b5 ed3c6d72925246f3958a6a9042d74434 - - default default] DELETE failed (client error): The resource could not be found. [pid: 7|app: 0|req: 1792/3543] 10.0.0.145 () {32 vars in 724 bytes} [Tue Jun 2 22:50:16 2026] DELETE /v2.0/subnets/fd8e5407-5dc8-43e7-860d-bdd02e2ff6a3 => generated 136 bytes in 15 msecs (HTTP/1.1 404) 4 headers in 164 bytes (1 switches on core 0)
2026-06-02 22:50:17.615 8 INFO neutron.db.ovn_revision_numbers_db [None req-8d8d0f8b-e77e-429e-90ce-6e070c758490 3270a1dbba7a4f988480e028df508292 a2af4cecc4234fd09a1dcd8aed9a0d02 - - default default] Successfully bumped revision number for resource fd855897-36f1-45e8-ad9c-c945947c0dda (type: security_groups) to 1
2026-06-02 22:50:17.627 8 INFO neutron.db.ovn_revision_numbers_db [None req-8d8d0f8b-e77e-429e-90ce-6e070c758490 3270a1dbba7a4f988480e028df508292 a2af4cecc4234fd09a1dcd8aed9a0d02 - - default default] Successfully bumped revision number for resource 1fb5c72b-788e-4252-851f-35ca047d23e1 (type: security_group_rules) to 0
2026-06-02 22:50:17.637 8 INFO neutron.db.ovn_revision_numbers_db [None req-8d8d0f8b-e77e-429e-90ce-6e070c758490 3270a1dbba7a4f988480e028df508292 a2af4cecc4234fd09a1dcd8aed9a0d02 - - default default] Successfully bumped revision number for resource 40d45a8a-51a6-4145-b7da-bc1fd38fa095 (type: security_group_rules) to 0
2026-06-02 22:50:17.648 8 INFO neutron.db.ovn_revision_numbers_db [None req-8d8d0f8b-e77e-429e-90ce-6e070c758490 3270a1dbba7a4f988480e028df508292 a2af4cecc4234fd09a1dcd8aed9a0d02 - - default default] Successfully bumped revision number for resource 628d2ece-0286-44cc-a34b-8b87ccf092e5 (type: security_group_rules) to 0
2026-06-02 22:50:17.658 8 INFO neutron.db.ovn_revision_numbers_db [None req-8d8d0f8b-e77e-429e-90ce-6e070c758490 3270a1dbba7a4f988480e028df508292 a2af4cecc4234fd09a1dcd8aed9a0d02 - - default default] Successfully bumped revision number for resource fcd0f46c-3ed3-4bad-a860-33be736f4256 (type: security_group_rules) to 0 [pid: 8|app: 0|req: 1752/3544] 10.0.0.145 () {32 vars in 774 bytes} [Tue Jun 2 22:50:17 2026] GET /v2.0/security-groups?tenant_id=07cb825ae67f4c2da3f695c70140a1fd&name=default => generated 2929 bytes in 323 msecs (HTTP/1.1 200) 4 headers in 158 bytes (1 switches on core 0) [pid: 7|app: 0|req: 1793/3545] 10.0.0.145 () {32 vars in 740 bytes} [Tue Jun 2 22:50:17 2026] DELETE /v2.0/security-groups/fd855897-36f1-45e8-ad9c-c945947c0dda => generated 0 bytes in 260 msecs (HTTP/1.1 204) 2 headers in 112 bytes (1 switches on core 0)
2026-06-02 22:50:18.170 8 INFO neutron.db.ovn_revision_numbers_db [None req-fdce7687-f789-485f-92d6-8e6ecc9f08dc 3270a1dbba7a4f988480e028df508292 a2af4cecc4234fd09a1dcd8aed9a0d02 - - default default] Successfully bumped revision number for resource 4eb120fa-b04d-423e-9b00-2ddc3198c02c (type: security_groups) to 1
2026-06-02 22:50:18.181 8 INFO neutron.db.ovn_revision_numbers_db [None req-fdce7687-f789-485f-92d6-8e6ecc9f08dc 3270a1dbba7a4f988480e028df508292 a2af4cecc4234fd09a1dcd8aed9a0d02 - - default default] Successfully bumped revision number for resource 03d87131-d5c8-4f70-af77-abd8f1dc22ac (type: security_group_rules) to 0
2026-06-02 22:50:18.191 8 INFO neutron.db.ovn_revision_numbers_db [None req-fdce7687-f789-485f-92d6-8e6ecc9f08dc 3270a1dbba7a4f988480e028df508292 a2af4cecc4234fd09a1dcd8aed9a0d02 - - default default] Successfully bumped revision number for resource 31752b6f-e21d-4a9f-a806-cab609d2e71c (type: security_group_rules) to 0
2026-06-02 22:50:18.205 8 INFO neutron.db.ovn_revision_numbers_db [None req-fdce7687-f789-485f-92d6-8e6ecc9f08dc 3270a1dbba7a4f988480e028df508292 a2af4cecc4234fd09a1dcd8aed9a0d02 - - default default] Successfully bumped revision number for resource 62c1fc43-9619-455a-9d63-7eb70efc67fe (type: security_group_rules) to 0
2026-06-02 22:50:18.218 8 INFO neutron.db.ovn_revision_numbers_db [None req-fdce7687-f789-485f-92d6-8e6ecc9f08dc 3270a1dbba7a4f988480e028df508292 a2af4cecc4234fd09a1dcd8aed9a0d02 - - default default] Successfully bumped revision number for resource d0e6e06a-b1d8-4930-8250-2f0e981efbf2 (type: security_group_rules) to 0 [pid: 8|app: 0|req: 1753/3546] 10.0.0.145 () {32 vars in 774 bytes} [Tue Jun 2 22:50:18 2026] GET /v2.0/security-groups?tenant_id=82cdbbdef6c442b0aa7730f4bb99ccb4&name=default => generated 2929 bytes in 214 msecs (HTTP/1.1 200) 4 headers in 158 bytes (1 switches on core 0) [pid: 7|app: 0|req: 1794/3547] 10.0.0.145 () {32 vars in 740 bytes} [Tue Jun 2 22:50:18 2026] DELETE /v2.0/security-groups/4eb120fa-b04d-423e-9b00-2ddc3198c02c => generated 0 bytes in 217 msecs (HTTP/1.1 204) 2 headers in 112 bytes (1 switches on core 0) [pid: 8|app: 0|req: 1754/3548] 10.0.0.145 () {32 vars in 774 bytes} [Tue Jun 2 22:50:18 2026] GET /v2.0/security-groups?tenant_id=ed3c6d72925246f3958a6a9042d74434&name=default => generated 2929 bytes in 27 msecs (HTTP/1.1 200) 4 headers in 158 bytes (1 switches on core 0) [pid: 7|app: 0|req: 1795/3549] 10.0.0.145 () {32 vars in 740 bytes} [Tue Jun 2 22:50:18 2026] DELETE /v2.0/security-groups/98fac22f-19c2-4734-a248-6a003abde180 => generated 0 bytes in 206 msecs (HTTP/1.1 204) 2 headers in 112 bytes (1 switches on core 0)
2026-06-02 22:50:23.322 7 WARNING neutron.scheduler.dhcp_agent_scheduler [None req-2791d4e2-5e3a-42d9-a5fc-1f88d4c79235 1871babb3f2e45bd8eed3c21205f64d2 a941ddb1c5a94d93ba7f2be02913fd6a - - default default] No more DHCP agents
2026-06-02 22:50:23.323 7 WARNING neutron.api.rpc.agentnotifiers.dhcp_rpc_agent_api [None req-2791d4e2-5e3a-42d9-a5fc-1f88d4c79235 1871babb3f2e45bd8eed3c21205f64d2 a941ddb1c5a94d93ba7f2be02913fd6a - - default default] Unable to schedule network ab62a1b9-4abd-4a33-ba97-7793b7152dc1: no agents available; will retry on subsequent port and subnet creation events. [pid: 7|app: 0|req: 1797/3552] 10.0.0.145 () {34 vars in 676 bytes} [Tue Jun 2 22:50:22 2026] POST /v2.0/floatingips => generated 552 bytes in 640 msecs (HTTP/1.1 201) 4 headers in 162 bytes (1 switches on core 0)
2026-06-02 22:50:23.832 8 WARNING neutron.scheduler.dhcp_agent_scheduler [None req-d085e3c6-c64c-4ab8-b5dd-9ecca43b4b9f 1871babb3f2e45bd8eed3c21205f64d2 a941ddb1c5a94d93ba7f2be02913fd6a - - default default] No more DHCP agents
2026-06-02 22:50:23.834 8 WARNING neutron.api.rpc.agentnotifiers.dhcp_rpc_agent_api [None req-d085e3c6-c64c-4ab8-b5dd-9ecca43b4b9f 1871babb3f2e45bd8eed3c21205f64d2 a941ddb1c5a94d93ba7f2be02913fd6a - - default default] Unable to schedule network ab62a1b9-4abd-4a33-ba97-7793b7152dc1: no agents available; will retry on subsequent port and subnet creation events. [pid: 8|app: 0|req: 1756/3553] 10.0.0.145 () {34 vars in 676 bytes} [Tue Jun 2 22:50:23 2026] POST /v2.0/floatingips => generated 552 bytes in 483 msecs (HTTP/1.1 201) 4 headers in 162 bytes (1 switches on core 0)
2026-06-02 22:50:24.317 7 WARNING neutron.scheduler.dhcp_agent_scheduler [None req-9f875d97-f427-4dab-a046-a081b0383e85 1871babb3f2e45bd8eed3c21205f64d2 a941ddb1c5a94d93ba7f2be02913fd6a - - default default] No more DHCP agents
2026-06-02 22:50:24.318 7 WARNING neutron.api.rpc.agentnotifiers.dhcp_rpc_agent_api [None req-9f875d97-f427-4dab-a046-a081b0383e85 1871babb3f2e45bd8eed3c21205f64d2 a941ddb1c5a94d93ba7f2be02913fd6a - - default default] Unable to schedule network ab62a1b9-4abd-4a33-ba97-7793b7152dc1: no agents available; will retry on subsequent port and subnet creation events. [pid: 7|app: 0|req: 1798/3554] 10.0.0.145 () {34 vars in 676 bytes} [Tue Jun 2 22:50:24 2026] POST /v2.0/floatingips => generated 552 bytes in 489 msecs (HTTP/1.1 201) 4 headers in 162 bytes (1 switches on core 0)
2026-06-02 22:50:24.806 8 WARNING neutron.scheduler.dhcp_agent_scheduler [None req-3c2f7565-92de-4cdd-a64a-ca4b8c93afb0 1871babb3f2e45bd8eed3c21205f64d2 a941ddb1c5a94d93ba7f2be02913fd6a - - default default] No more DHCP agents
2026-06-02 22:50:24.808 8 WARNING neutron.api.rpc.agentnotifiers.dhcp_rpc_agent_api [None req-3c2f7565-92de-4cdd-a64a-ca4b8c93afb0 1871babb3f2e45bd8eed3c21205f64d2 a941ddb1c5a94d93ba7f2be02913fd6a - - default default] Unable to schedule network ab62a1b9-4abd-4a33-ba97-7793b7152dc1: no agents available; will retry on subsequent port and subnet creation events. [pid: 8|app: 0|req: 1757/3555] 10.0.0.145 () {34 vars in 676 bytes} [Tue Jun 2 22:50:24 2026] POST /v2.0/floatingips => generated 552 bytes in 465 msecs (HTTP/1.1 201) 4 headers in 162 bytes (1 switches on core 0)
2026-06-02 22:50:25.256 7 WARNING neutron.scheduler.dhcp_agent_scheduler [None req-7292c5ca-52a5-49e5-9c21-1c8ede82eee4 1871babb3f2e45bd8eed3c21205f64d2 a941ddb1c5a94d93ba7f2be02913fd6a - - default default] No more DHCP agents
