Apr 18 18:00:58.222582 np0000167476 systemd[1]: Starting devstack@n-api-meta.service - Devstack devstack@n-api-meta.service...
Apr 18 18:00:58.231740 np0000167476 devstack@n-api-meta.service[109369]: [uWSGI] getting INI configuration from /etc/nova/nova-metadata-uwsgi.ini
Apr 18 18:00:58.232432 np0000167476 devstack@n-api-meta.service[109369]: open("./http_plugin.so"): No such file or directory [core/utils.c line 3709]
Apr 18 18:00:58.232432 np0000167476 devstack@n-api-meta.service[109369]: !!! UNABLE to load uWSGI plugin: ./http_plugin.so: cannot open shared object file: No such file or directory !!!
Apr 18 18:00:58.232432 np0000167476 devstack@n-api-meta.service[109369]: open("./python3_plugin.so"): No such file or directory [core/utils.c line 3709]
Apr 18 18:00:58.232432 np0000167476 devstack@n-api-meta.service[109369]: !!! UNABLE to load uWSGI plugin: ./python3_plugin.so: cannot open shared object file: No such file or directory !!!
Apr 18 18:00:58.232432 np0000167476 devstack@n-api-meta.service[109369]: *** Starting uWSGI 2.0.31 (64bit) on [Sat Apr 18 18:00:58 2026] ***
Apr 18 18:00:58.232432 np0000167476 devstack@n-api-meta.service[109369]: compiled with version: 13.3.0 on 18 April 2026 17:50:49
Apr 18 18:00:58.232432 np0000167476 devstack@n-api-meta.service[109369]: os: Linux-6.8.0-110-generic #110-Ubuntu SMP PREEMPT_DYNAMIC Thu Mar 19 15:09:20 UTC 2026
Apr 18 18:00:58.232432 np0000167476 devstack@n-api-meta.service[109369]: nodename: np0000167476
Apr 18 18:00:58.232432 np0000167476 devstack@n-api-meta.service[109369]: machine: x86_64
Apr 18 18:00:58.232432 np0000167476 devstack@n-api-meta.service[109369]: clock source: unix
Apr 18 18:00:58.232432 np0000167476 devstack@n-api-meta.service[109369]: pcre jit disabled
Apr 18 18:00:58.232432 np0000167476 devstack@n-api-meta.service[109369]: detected number of CPU cores: 16
Apr 18 18:00:58.232432 np0000167476 devstack@n-api-meta.service[109369]: current working directory: /
Apr 18 18:00:58.232432 np0000167476 devstack@n-api-meta.service[109369]: detected binary path: /opt/stack/data/venv/bin/uwsgi
Apr 18 18:00:58.232432 np0000167476 devstack@n-api-meta.service[109369]: your processes number limit is 256917
Apr 18 18:00:58.232432 np0000167476 devstack@n-api-meta.service[109369]: your memory page size is 4096 bytes
Apr 18 18:00:58.232432 np0000167476 devstack@n-api-meta.service[109369]: detected max file descriptor number: 2048
Apr 18 18:00:58.232432 np0000167476 devstack@n-api-meta.service[109369]: lock engine: pthread robust mutexes
Apr 18 18:00:58.232432 np0000167476 devstack@n-api-meta.service[109369]: thunder lock: enabled
Apr 18 18:00:58.233447 np0000167476 devstack@n-api-meta.service[109369]: uWSGI http bound on 0.0.0.0:8775 fd 5
Apr 18 18:00:58.233447 np0000167476 devstack@n-api-meta.service[109369]: uwsgi socket 0 bound to TCP address 127.0.0.1:35539 (port auto-assigned) fd 4
Apr 18 18:00:58.233447 np0000167476 devstack@n-api-meta.service[109369]: Python version: 3.12.3 (main, Mar 3 2026, 12:15:18) [GCC 13.3.0]
Apr 18 18:00:58.233447 np0000167476 devstack@n-api-meta.service[109369]: PEP 405 virtualenv detected: /opt/stack/data/venv
Apr 18 18:00:58.233447 np0000167476 devstack@n-api-meta.service[109369]: Set PythonHome to /opt/stack/data/venv
Apr 18 18:00:58.269373 np0000167476 devstack@n-api-meta.service[109369]: Python main interpreter initialized at 0x785e0c6a3668
Apr 18 18:00:58.269373 np0000167476 devstack@n-api-meta.service[109369]: python threads support enabled
Apr 18 18:00:58.269373 np0000167476 devstack@n-api-meta.service[109369]: your server socket listen backlog is limited to 100 connections
Apr 18 18:00:58.269373 np0000167476 devstack@n-api-meta.service[109369]: your mercy for graceful operations on workers is 80 seconds
Apr 18 18:00:58.270008 np0000167476 devstack@n-api-meta.service[109369]: mapped 671795 bytes (656 KB) for 4 cores
Apr 18 18:00:58.270150 np0000167476 devstack@n-api-meta.service[109369]: *** Operational MODE: preforking ***
Apr 18 18:00:58.270395 np0000167476 devstack@n-api-meta.service[109369]: *** uWSGI is running in multiple interpreter mode ***
Apr 18 18:00:58.270395 np0000167476 devstack@n-api-meta.service[109369]: spawned uWSGI master process (pid: 109369)
Apr 18 18:00:58.270472 np0000167476 systemd[1]: Started devstack@n-api-meta.service - Devstack devstack@n-api-meta.service.
Apr 18 18:00:58.271095 np0000167476 devstack@n-api-meta.service[109369]: spawned uWSGI worker 1 (pid: 109370, cores: 1)
Apr 18 18:00:58.271973 np0000167476 devstack@n-api-meta.service[109369]: spawned uWSGI worker 2 (pid: 109371, cores: 1)
Apr 18 18:00:58.272489 np0000167476 devstack@n-api-meta.service[109369]: spawned uWSGI worker 3 (pid: 109372, cores: 1)
Apr 18 18:00:58.272908 np0000167476 devstack@n-api-meta.service[109369]: spawned uWSGI worker 4 (pid: 109373, cores: 1)
Apr 18 18:00:58.273402 np0000167476 devstack@n-api-meta.service[109369]: spawned uWSGI http 1 (pid: 109374)
Apr 18 18:00:58.273402 np0000167476 devstack@n-api-meta.service[109369]: running "unix_signal:15 gracefully_kill_them_all" (master-start)...
Apr 18 18:00:58.577567 np0000167476 devstack@n-api-meta.service[109371]: /opt/stack/data/venv/lib/python3.12/site-packages/oslo_concurrency/lockutils.py:41: EventletDeprecationWarning:
Apr 18 18:00:58.577567 np0000167476 devstack@n-api-meta.service[109371]: Eventlet is deprecated. It is currently being maintained in bugfix mode, and
Apr 18 18:00:58.577567 np0000167476 devstack@n-api-meta.service[109371]: we strongly recommend against using it for new projects.
Apr 18 18:00:58.577567 np0000167476 devstack@n-api-meta.service[109371]: If you are already using Eventlet, we recommend migrating to a different
Apr 18 18:00:58.577567 np0000167476 devstack@n-api-meta.service[109371]: framework. For more detail see
Apr 18 18:00:58.577567 np0000167476 devstack@n-api-meta.service[109371]: https://eventlet.readthedocs.io/en/latest/asyncio/migration.html
Apr 18 18:00:58.577567 np0000167476 devstack@n-api-meta.service[109371]: import eventlet
Apr 18 18:00:58.578497 np0000167476 devstack@n-api-meta.service[109370]: /opt/stack/data/venv/lib/python3.12/site-packages/oslo_concurrency/lockutils.py:41: EventletDeprecationWarning:
Apr 18 18:00:58.578497 np0000167476 devstack@n-api-meta.service[109370]: Eventlet is deprecated. It is currently being maintained in bugfix mode, and
Apr 18 18:00:58.578497 np0000167476 devstack@n-api-meta.service[109370]: we strongly recommend against using it for new projects.
Apr 18 18:00:58.578497 np0000167476 devstack@n-api-meta.service[109370]: If you are already using Eventlet, we recommend migrating to a different
Apr 18 18:00:58.578497 np0000167476 devstack@n-api-meta.service[109370]: framework. For more detail see
Apr 18 18:00:58.578497 np0000167476 devstack@n-api-meta.service[109370]: https://eventlet.readthedocs.io/en/latest/asyncio/migration.html
Apr 18 18:00:58.578497 np0000167476 devstack@n-api-meta.service[109370]: import eventlet
Apr 18 18:00:58.578839 np0000167476 devstack@n-api-meta.service[109372]: /opt/stack/data/venv/lib/python3.12/site-packages/oslo_concurrency/lockutils.py:41: EventletDeprecationWarning:
Apr 18 18:00:58.578839 np0000167476 devstack@n-api-meta.service[109372]: Eventlet is deprecated. It is currently being maintained in bugfix mode, and
Apr 18 18:00:58.578839 np0000167476 devstack@n-api-meta.service[109372]: we strongly recommend against using it for new projects.
Apr 18 18:00:58.578839 np0000167476 devstack@n-api-meta.service[109372]: If you are already using Eventlet, we recommend migrating to a different
Apr 18 18:00:58.578839 np0000167476 devstack@n-api-meta.service[109372]: framework. For more detail see
Apr 18 18:00:58.578839 np0000167476 devstack@n-api-meta.service[109372]: https://eventlet.readthedocs.io/en/latest/asyncio/migration.html
Apr 18 18:00:58.578839 np0000167476 devstack@n-api-meta.service[109372]: import eventlet
Apr 18 18:00:58.618199 np0000167476 devstack@n-api-meta.service[109373]: /opt/stack/data/venv/lib/python3.12/site-packages/oslo_concurrency/lockutils.py:41: EventletDeprecationWarning:
Apr 18 18:00:58.618199 np0000167476 devstack@n-api-meta.service[109373]: Eventlet is deprecated. It is currently being maintained in bugfix mode, and
Apr 18 18:00:58.618199 np0000167476 devstack@n-api-meta.service[109373]: we strongly recommend against using it for new projects.
Apr 18 18:00:58.618199 np0000167476 devstack@n-api-meta.service[109373]: If you are already using Eventlet, we recommend migrating to a different
Apr 18 18:00:58.618199 np0000167476 devstack@n-api-meta.service[109373]: framework. For more detail see
Apr 18 18:00:58.618199 np0000167476 devstack@n-api-meta.service[109373]: https://eventlet.readthedocs.io/en/latest/asyncio/migration.html
Apr 18 18:00:58.618199 np0000167476 devstack@n-api-meta.service[109373]: import eventlet
Apr 18 18:00:58.623910 np0000167476 devstack@n-api-meta.service[109370]: Service is starting with native threading. This is currently experimental. Do not use it in production without first testing it in pre-production.
Apr 18 18:00:58.625104 np0000167476 devstack@n-api-meta.service[109372]: Service is starting with native threading. This is currently experimental. Do not use it in production without first testing it in pre-production.
Apr 18 18:00:58.630350 np0000167476 devstack@n-api-meta.service[109371]: Service is starting with native threading. This is currently experimental. Do not use it in production without first testing it in pre-production.
Apr 18 18:00:58.672972 np0000167476 devstack@n-api-meta.service[109373]: Service is starting with native threading. This is currently experimental. Do not use it in production without first testing it in pre-production.
Apr 18 18:01:00.007239 np0000167476 devstack@n-api-meta.service[109372]: INFO dbcounter [None req-d8be203a-a770-4bf7-af50-f3663b988826 None None] Registered counter for database nova_api
Apr 18 18:01:00.007917 np0000167476 devstack@n-api-meta.service[109370]: INFO dbcounter [None req-d9a84282-db5a-4882-b50a-7a52d756ab1f None None] Registered counter for database nova_api
Apr 18 18:01:00.024933 np0000167476 devstack@n-api-meta.service[109372]: DEBUG oslo_db.sqlalchemy.engines [None req-d8be203a-a770-4bf7-af50-f3663b988826 None None] MySQL server mode set to STRICT_TRANS_TABLES,STRICT_ALL_TABLES,NO_ZERO_IN_DATE,NO_ZERO_DATE,ERROR_FOR_DIVISION_BY_ZERO,TRADITIONAL,NO_ENGINE_SUBSTITUTION {{(pid=109372) _check_effective_sql_mode /opt/stack/data/venv/lib/python3.12/site-packages/oslo_db/sqlalchemy/engines.py:325}}
Apr 18 18:01:00.031702 np0000167476 devstack@n-api-meta.service[109370]: DEBUG oslo_db.sqlalchemy.engines [None req-d9a84282-db5a-4882-b50a-7a52d756ab1f None None] MySQL server mode set to STRICT_TRANS_TABLES,STRICT_ALL_TABLES,NO_ZERO_IN_DATE,NO_ZERO_DATE,ERROR_FOR_DIVISION_BY_ZERO,TRADITIONAL,NO_ENGINE_SUBSTITUTION {{(pid=109370) _check_effective_sql_mode /opt/stack/data/venv/lib/python3.12/site-packages/oslo_db/sqlalchemy/engines.py:325}}
Apr 18 18:01:00.033154 np0000167476 devstack@n-api-meta.service[109371]: INFO dbcounter [None req-c1ef3da0-7a4c-4cde-b521-242a0b0d3a5b None None] Registered counter for database nova_api
Apr 18 18:01:00.048362 np0000167476 devstack@n-api-meta.service[109371]: DEBUG oslo_db.sqlalchemy.engines [None req-c1ef3da0-7a4c-4cde-b521-242a0b0d3a5b None None] MySQL server mode set to STRICT_TRANS_TABLES,STRICT_ALL_TABLES,NO_ZERO_IN_DATE,NO_ZERO_DATE,ERROR_FOR_DIVISION_BY_ZERO,TRADITIONAL,NO_ENGINE_SUBSTITUTION {{(pid=109371) _check_effective_sql_mode /opt/stack/data/venv/lib/python3.12/site-packages/oslo_db/sqlalchemy/engines.py:325}}
Apr 18 18:01:00.054036 np0000167476 devstack@n-api-meta.service[109372]: DEBUG dbcounter [-] [109372] Writer thread running {{(pid=109372) stat_writer /opt/stack/data/venv/lib/python3.12/site-packages/dbcounter.py:102}}
Apr 18 18:01:00.058462 np0000167476 devstack@n-api-meta.service[109372]: DEBUG nova.context [None req-d8be203a-a770-4bf7-af50-f3663b988826 None None] Found 2 cells: 00000000-0000-0000-0000-000000000000(cell0),c9cdc55e-96de-461d-be22-b373d0a5e380(cell1) {{(pid=109372) load_cells /opt/stack/nova/nova/context.py:509}}
Apr 18 18:01:00.058659 np0000167476 devstack@n-api-meta.service[109372]: INFO nova.utils [None req-d8be203a-a770-4bf7-af50-f3663b988826 None None] The cell worker thread pool MainProcess.cell_worker is initialized
Apr 18 18:01:00.060355 np0000167476 devstack@n-api-meta.service[109372]: DEBUG oslo_concurrency.lockutils [None req-d8be203a-a770-4bf7-af50-f3663b988826 None None] Acquiring lock "00000000-0000-0000-0000-000000000000" by "nova.context.set_target_cell..get_or_set_cached_cell_and_set_connections" {{(pid=109372) inner /opt/stack/data/venv/lib/python3.12/site-packages/oslo_concurrency/lockutils.py:506}}
Apr 18 18:01:00.060531 np0000167476 devstack@n-api-meta.service[109372]: DEBUG oslo_concurrency.lockutils [None req-d8be203a-a770-4bf7-af50-f3663b988826 None None] Lock "00000000-0000-0000-0000-000000000000" acquired by "nova.context.set_target_cell..get_or_set_cached_cell_and_set_connections" :: waited 0.000s {{(pid=109372) inner /opt/stack/data/venv/lib/python3.12/site-packages/oslo_concurrency/lockutils.py:519}}
Apr 18 18:01:00.060876 np0000167476 devstack@n-api-meta.service[109372]: DEBUG oslo_concurrency.lockutils [None req-d8be203a-a770-4bf7-af50-f3663b988826 None None] Lock "00000000-0000-0000-0000-000000000000" "released" by "nova.context.set_target_cell..get_or_set_cached_cell_and_set_connections" :: held 0.000s {{(pid=109372) inner /opt/stack/data/venv/lib/python3.12/site-packages/oslo_concurrency/lockutils.py:538}}
Apr 18 18:01:00.061624 np0000167476 devstack@n-api-meta.service[109372]: DEBUG oslo_concurrency.lockutils [None req-d8be203a-a770-4bf7-af50-f3663b988826 None None] Acquiring lock "c9cdc55e-96de-461d-be22-b373d0a5e380" by "nova.context.set_target_cell..get_or_set_cached_cell_and_set_connections" {{(pid=109372) inner /opt/stack/data/venv/lib/python3.12/site-packages/oslo_concurrency/lockutils.py:506}}
Apr 18 18:01:00.061777 np0000167476 devstack@n-api-meta.service[109372]: DEBUG oslo_concurrency.lockutils [None req-d8be203a-a770-4bf7-af50-f3663b988826 None None] Lock "c9cdc55e-96de-461d-be22-b373d0a5e380" acquired by "nova.context.set_target_cell..get_or_set_cached_cell_and_set_connections" :: waited 0.000s {{(pid=109372) inner /opt/stack/data/venv/lib/python3.12/site-packages/oslo_concurrency/lockutils.py:519}}
Apr 18 18:01:00.062580 np0000167476 devstack@n-api-meta.service[109372]: DEBUG oslo_concurrency.lockutils [None req-d8be203a-a770-4bf7-af50-f3663b988826 None None] Lock "c9cdc55e-96de-461d-be22-b373d0a5e380" "released" by "nova.context.set_target_cell..get_or_set_cached_cell_and_set_connections" :: held 0.001s {{(pid=109372) inner /opt/stack/data/venv/lib/python3.12/site-packages/oslo_concurrency/lockutils.py:538}}
Apr 18 18:01:00.067399 np0000167476 devstack@n-api-meta.service[109372]: INFO dbcounter [None req-d8be203a-a770-4bf7-af50-f3663b988826 None None] Registered counter for database nova_cell0
Apr 18 18:01:00.067483 np0000167476 devstack@n-api-meta.service[109370]: DEBUG dbcounter [-] [109370] Writer thread running {{(pid=109370) stat_writer /opt/stack/data/venv/lib/python3.12/site-packages/dbcounter.py:102}}
Apr 18 18:01:00.069669 np0000167476 devstack@n-api-meta.service[109370]: DEBUG nova.context [None req-d9a84282-db5a-4882-b50a-7a52d756ab1f None None] Found 2 cells: 00000000-0000-0000-0000-000000000000(cell0),c9cdc55e-96de-461d-be22-b373d0a5e380(cell1) {{(pid=109370) load_cells /opt/stack/nova/nova/context.py:509}}
Apr 18 18:01:00.069796 np0000167476 devstack@n-api-meta.service[109370]: INFO nova.utils [None req-d9a84282-db5a-4882-b50a-7a52d756ab1f None None] The cell worker thread pool MainProcess.cell_worker is initialized
Apr 18 18:01:00.070841 np0000167476 devstack@n-api-meta.service[109372]: INFO dbcounter [None req-d8be203a-a770-4bf7-af50-f3663b988826 None None] Registered counter for database nova_cell1
Apr 18 18:01:00.071549 np0000167476 devstack@n-api-meta.service[109370]: DEBUG oslo_concurrency.lockutils [None req-d9a84282-db5a-4882-b50a-7a52d756ab1f None None] Acquiring lock "00000000-0000-0000-0000-000000000000" by "nova.context.set_target_cell..get_or_set_cached_cell_and_set_connections" {{(pid=109370) inner /opt/stack/data/venv/lib/python3.12/site-packages/oslo_concurrency/lockutils.py:506}}
Apr 18 18:01:00.071703 np0000167476 devstack@n-api-meta.service[109370]: DEBUG oslo_concurrency.lockutils [None req-d9a84282-db5a-4882-b50a-7a52d756ab1f None None] Lock "00000000-0000-0000-0000-000000000000" acquired by "nova.context.set_target_cell..get_or_set_cached_cell_and_set_connections" :: waited 0.000s {{(pid=109370) inner /opt/stack/data/venv/lib/python3.12/site-packages/oslo_concurrency/lockutils.py:519}}
Apr 18 18:01:00.072046 np0000167476 devstack@n-api-meta.service[109370]: DEBUG oslo_concurrency.lockutils [None req-d9a84282-db5a-4882-b50a-7a52d756ab1f None None] Lock "00000000-0000-0000-0000-000000000000" "released" by "nova.context.set_target_cell..get_or_set_cached_cell_and_set_connections" :: held 0.000s {{(pid=109370) inner /opt/stack/data/venv/lib/python3.12/site-packages/oslo_concurrency/lockutils.py:538}}
Apr 18 18:01:00.072886 np0000167476 devstack@n-api-meta.service[109370]: DEBUG oslo_concurrency.lockutils [None req-d9a84282-db5a-4882-b50a-7a52d756ab1f None None] Acquiring lock "c9cdc55e-96de-461d-be22-b373d0a5e380" by "nova.context.set_target_cell..get_or_set_cached_cell_and_set_connections" {{(pid=109370) inner /opt/stack/data/venv/lib/python3.12/site-packages/oslo_concurrency/lockutils.py:506}}
Apr 18 18:01:00.073426 np0000167476 devstack@n-api-meta.service[109370]: DEBUG oslo_concurrency.lockutils [None req-d9a84282-db5a-4882-b50a-7a52d756ab1f None None] Lock "c9cdc55e-96de-461d-be22-b373d0a5e380" acquired by "nova.context.set_target_cell..get_or_set_cached_cell_and_set_connections" :: waited 0.000s {{(pid=109370) inner /opt/stack/data/venv/lib/python3.12/site-packages/oslo_concurrency/lockutils.py:519}}
Apr 18 18:01:00.073864 np0000167476 devstack@n-api-meta.service[109370]: DEBUG oslo_concurrency.lockutils [None req-d9a84282-db5a-4882-b50a-7a52d756ab1f None None] Lock "c9cdc55e-96de-461d-be22-b373d0a5e380" "released" by "nova.context.set_target_cell..get_or_set_cached_cell_and_set_connections" :: held 0.001s {{(pid=109370) inner /opt/stack/data/venv/lib/python3.12/site-packages/oslo_concurrency/lockutils.py:538}}
Apr 18 18:01:00.077932 np0000167476 devstack@n-api-meta.service[109370]: INFO dbcounter [None req-d9a84282-db5a-4882-b50a-7a52d756ab1f None None] Registered counter for database nova_cell0
Apr 18 18:01:00.081925 np0000167476 devstack@n-api-meta.service[109372]: DEBUG oslo_db.sqlalchemy.engines [None req-d8be203a-a770-4bf7-af50-f3663b988826 None None] MySQL server mode set to STRICT_TRANS_TABLES,STRICT_ALL_TABLES,NO_ZERO_IN_DATE,NO_ZERO_DATE,ERROR_FOR_DIVISION_BY_ZERO,TRADITIONAL,NO_ENGINE_SUBSTITUTION {{(pid=109372) _check_effective_sql_mode /opt/stack/data/venv/lib/python3.12/site-packages/oslo_db/sqlalchemy/engines.py:325}}
Apr 18 18:01:00.084080 np0000167476 devstack@n-api-meta.service[109370]: INFO dbcounter [None req-d9a84282-db5a-4882-b50a-7a52d756ab1f None None] Registered counter for database nova_cell1
Apr 18 18:01:00.084613 np0000167476 devstack@n-api-meta.service[109371]: DEBUG dbcounter [-] [109371] Writer thread running {{(pid=109371) stat_writer /opt/stack/data/venv/lib/python3.12/site-packages/dbcounter.py:102}}
Apr 18 18:01:00.087053 np0000167476 devstack@n-api-meta.service[109371]: DEBUG nova.context [None req-c1ef3da0-7a4c-4cde-b521-242a0b0d3a5b None None] Found 2 cells: 00000000-0000-0000-0000-000000000000(cell0),c9cdc55e-96de-461d-be22-b373d0a5e380(cell1) {{(pid=109371) load_cells /opt/stack/nova/nova/context.py:509}}
Apr 18 18:01:00.087280 np0000167476 devstack@n-api-meta.service[109371]: INFO nova.utils [None req-c1ef3da0-7a4c-4cde-b521-242a0b0d3a5b None None] The cell worker thread pool MainProcess.cell_worker is initialized
Apr 18 18:01:00.089072 np0000167476 devstack@n-api-meta.service[109371]: DEBUG oslo_concurrency.lockutils [None req-c1ef3da0-7a4c-4cde-b521-242a0b0d3a5b None None] Acquiring lock "00000000-0000-0000-0000-000000000000" by "nova.context.set_target_cell..get_or_set_cached_cell_and_set_connections" {{(pid=109371) inner /opt/stack/data/venv/lib/python3.12/site-packages/oslo_concurrency/lockutils.py:506}}
Apr 18 18:01:00.089246 np0000167476 devstack@n-api-meta.service[109371]: DEBUG oslo_concurrency.lockutils [None req-c1ef3da0-7a4c-4cde-b521-242a0b0d3a5b None None] Lock "00000000-0000-0000-0000-000000000000" acquired by "nova.context.set_target_cell..get_or_set_cached_cell_and_set_connections" :: waited 0.000s {{(pid=109371) inner /opt/stack/data/venv/lib/python3.12/site-packages/oslo_concurrency/lockutils.py:519}}
Apr 18 18:01:00.089643 np0000167476 devstack@n-api-meta.service[109371]: DEBUG oslo_concurrency.lockutils [None req-c1ef3da0-7a4c-4cde-b521-242a0b0d3a5b None None] Lock "00000000-0000-0000-0000-000000000000" "released" by "nova.context.set_target_cell..get_or_set_cached_cell_and_set_connections" :: held 0.000s {{(pid=109371) inner /opt/stack/data/venv/lib/python3.12/site-packages/oslo_concurrency/lockutils.py:538}}
Apr 18 18:01:00.090275 np0000167476 devstack@n-api-meta.service[109372]: DEBUG oslo_db.sqlalchemy.engines [None req-d8be203a-a770-4bf7-af50-f3663b988826 None None] MySQL server mode set to STRICT_TRANS_TABLES,STRICT_ALL_TABLES,NO_ZERO_IN_DATE,NO_ZERO_DATE,ERROR_FOR_DIVISION_BY_ZERO,TRADITIONAL,NO_ENGINE_SUBSTITUTION {{(pid=109372) _check_effective_sql_mode /opt/stack/data/venv/lib/python3.12/site-packages/oslo_db/sqlalchemy/engines.py:325}}
Apr 18 18:01:00.090408 np0000167476 devstack@n-api-meta.service[109371]: DEBUG oslo_concurrency.lockutils [None req-c1ef3da0-7a4c-4cde-b521-242a0b0d3a5b None None] Acquiring lock "c9cdc55e-96de-461d-be22-b373d0a5e380" by "nova.context.set_target_cell..get_or_set_cached_cell_and_set_connections" {{(pid=109371) inner /opt/stack/data/venv/lib/python3.12/site-packages/oslo_concurrency/lockutils.py:506}}
Apr 18 18:01:00.090484 np0000167476 devstack@n-api-meta.service[109371]: DEBUG oslo_concurrency.lockutils [None req-c1ef3da0-7a4c-4cde-b521-242a0b0d3a5b None None] Lock "c9cdc55e-96de-461d-be22-b373d0a5e380" acquired by "nova.context.set_target_cell..get_or_set_cached_cell_and_set_connections" :: waited 0.000s {{(pid=109371) inner /opt/stack/data/venv/lib/python3.12/site-packages/oslo_concurrency/lockutils.py:519}}
Apr 18 18:01:00.091349 np0000167476 devstack@n-api-meta.service[109371]: DEBUG oslo_concurrency.lockutils [None req-c1ef3da0-7a4c-4cde-b521-242a0b0d3a5b None None] Lock "c9cdc55e-96de-461d-be22-b373d0a5e380" "released" by "nova.context.set_target_cell..get_or_set_cached_cell_and_set_connections" :: held 0.001s {{(pid=109371) inner /opt/stack/data/venv/lib/python3.12/site-packages/oslo_concurrency/lockutils.py:538}}
Apr 18 18:01:00.094287 np0000167476 devstack@n-api-meta.service[109371]: INFO dbcounter [None req-c1ef3da0-7a4c-4cde-b521-242a0b0d3a5b None None] Registered counter for database nova_cell0
Apr 18 18:01:00.095070 np0000167476 devstack@n-api-meta.service[109370]: DEBUG oslo_db.sqlalchemy.engines [None req-d9a84282-db5a-4882-b50a-7a52d756ab1f None None] MySQL server mode set to STRICT_TRANS_TABLES,STRICT_ALL_TABLES,NO_ZERO_IN_DATE,NO_ZERO_DATE,ERROR_FOR_DIVISION_BY_ZERO,TRADITIONAL,NO_ENGINE_SUBSTITUTION {{(pid=109370) _check_effective_sql_mode /opt/stack/data/venv/lib/python3.12/site-packages/oslo_db/sqlalchemy/engines.py:325}}
Apr 18 18:01:00.098717 np0000167476 devstack@n-api-meta.service[109370]: DEBUG oslo_db.sqlalchemy.engines [None req-d9a84282-db5a-4882-b50a-7a52d756ab1f None None] MySQL server mode set to STRICT_TRANS_TABLES,STRICT_ALL_TABLES,NO_ZERO_IN_DATE,NO_ZERO_DATE,ERROR_FOR_DIVISION_BY_ZERO,TRADITIONAL,NO_ENGINE_SUBSTITUTION {{(pid=109370) _check_effective_sql_mode /opt/stack/data/venv/lib/python3.12/site-packages/oslo_db/sqlalchemy/engines.py:325}}
Apr 18 18:01:00.101227 np0000167476 devstack@n-api-meta.service[109371]: INFO dbcounter [None req-c1ef3da0-7a4c-4cde-b521-242a0b0d3a5b None None] Registered counter for database nova_cell1
Apr 18 18:01:00.109314 np0000167476 devstack@n-api-meta.service[109373]: INFO dbcounter [None req-02314acb-7a65-4499-805c-6fc0c131b0a9 None None] Registered counter for database nova_api
Apr 18 18:01:00.110351 np0000167476 devstack@n-api-meta.service[109371]: DEBUG oslo_db.sqlalchemy.engines [None req-c1ef3da0-7a4c-4cde-b521-242a0b0d3a5b None None] MySQL server mode set to STRICT_TRANS_TABLES,STRICT_ALL_TABLES,NO_ZERO_IN_DATE,NO_ZERO_DATE,ERROR_FOR_DIVISION_BY_ZERO,TRADITIONAL,NO_ENGINE_SUBSTITUTION {{(pid=109371) _check_effective_sql_mode /opt/stack/data/venv/lib/python3.12/site-packages/oslo_db/sqlalchemy/engines.py:325}}
Apr 18 18:01:00.117308 np0000167476 devstack@n-api-meta.service[109371]: DEBUG oslo_db.sqlalchemy.engines [None req-c1ef3da0-7a4c-4cde-b521-242a0b0d3a5b None None] MySQL server mode set to STRICT_TRANS_TABLES,STRICT_ALL_TABLES,NO_ZERO_IN_DATE,NO_ZERO_DATE,ERROR_FOR_DIVISION_BY_ZERO,TRADITIONAL,NO_ENGINE_SUBSTITUTION {{(pid=109371) _check_effective_sql_mode /opt/stack/data/venv/lib/python3.12/site-packages/oslo_db/sqlalchemy/engines.py:325}}
Apr 18 18:01:00.128348 np0000167476 devstack@n-api-meta.service[109373]: DEBUG oslo_db.sqlalchemy.engines [None req-02314acb-7a65-4499-805c-6fc0c131b0a9 None None] MySQL server mode set to STRICT_TRANS_TABLES,STRICT_ALL_TABLES,NO_ZERO_IN_DATE,NO_ZERO_DATE,ERROR_FOR_DIVISION_BY_ZERO,TRADITIONAL,NO_ENGINE_SUBSTITUTION {{(pid=109373) _check_effective_sql_mode /opt/stack/data/venv/lib/python3.12/site-packages/oslo_db/sqlalchemy/engines.py:325}}
Apr 18 18:01:00.164042 np0000167476 devstack@n-api-meta.service[109373]: DEBUG dbcounter [-] [109373] Writer thread running {{(pid=109373) stat_writer /opt/stack/data/venv/lib/python3.12/site-packages/dbcounter.py:102}}
Apr 18 18:01:00.166126 np0000167476 devstack@n-api-meta.service[109373]: DEBUG nova.context [None req-02314acb-7a65-4499-805c-6fc0c131b0a9 None None] Found 2 cells: 00000000-0000-0000-0000-000000000000(cell0),c9cdc55e-96de-461d-be22-b373d0a5e380(cell1) {{(pid=109373) load_cells /opt/stack/nova/nova/context.py:509}}
Apr 18 18:01:00.166357 np0000167476 devstack@n-api-meta.service[109373]: INFO nova.utils [None req-02314acb-7a65-4499-805c-6fc0c131b0a9 None None] The cell worker thread pool MainProcess.cell_worker is initialized
Apr 18 18:01:00.168098 np0000167476 devstack@n-api-meta.service[109373]: DEBUG oslo_concurrency.lockutils [None req-02314acb-7a65-4499-805c-6fc0c131b0a9 None None] Acquiring lock "00000000-0000-0000-0000-000000000000" by "nova.context.set_target_cell..get_or_set_cached_cell_and_set_connections" {{(pid=109373) inner /opt/stack/data/venv/lib/python3.12/site-packages/oslo_concurrency/lockutils.py:506}}
Apr 18 18:01:00.168261 np0000167476 devstack@n-api-meta.service[109373]: DEBUG oslo_concurrency.lockutils [None req-02314acb-7a65-4499-805c-6fc0c131b0a9 None None] Lock "00000000-0000-0000-0000-000000000000" acquired by "nova.context.set_target_cell..get_or_set_cached_cell_and_set_connections" :: waited 0.000s {{(pid=109373) inner /opt/stack/data/venv/lib/python3.12/site-packages/oslo_concurrency/lockutils.py:519}}
Apr 18 18:01:00.168626 np0000167476 devstack@n-api-meta.service[109373]: DEBUG oslo_concurrency.lockutils [None req-02314acb-7a65-4499-805c-6fc0c131b0a9 None None] Lock "00000000-0000-0000-0000-000000000000" "released" by "nova.context.set_target_cell..get_or_set_cached_cell_and_set_connections" :: held 0.000s {{(pid=109373) inner /opt/stack/data/venv/lib/python3.12/site-packages/oslo_concurrency/lockutils.py:538}}
Apr 18 18:01:00.169377 np0000167476 devstack@n-api-meta.service[109373]: DEBUG oslo_concurrency.lockutils [None req-02314acb-7a65-4499-805c-6fc0c131b0a9 None None] Acquiring lock "c9cdc55e-96de-461d-be22-b373d0a5e380" by "nova.context.set_target_cell..get_or_set_cached_cell_and_set_connections" {{(pid=109373) inner /opt/stack/data/venv/lib/python3.12/site-packages/oslo_concurrency/lockutils.py:506}}
Apr 18 18:01:00.169529 np0000167476 devstack@n-api-meta.service[109373]: DEBUG oslo_concurrency.lockutils [None req-02314acb-7a65-4499-805c-6fc0c131b0a9 None None] Lock "c9cdc55e-96de-461d-be22-b373d0a5e380" acquired by "nova.context.set_target_cell..get_or_set_cached_cell_and_set_connections" :: waited 0.000s {{(pid=109373) inner /opt/stack/data/venv/lib/python3.12/site-packages/oslo_concurrency/lockutils.py:519}}
Apr 18 18:01:00.170365 np0000167476 devstack@n-api-meta.service[109373]: DEBUG oslo_concurrency.lockutils [None req-02314acb-7a65-4499-805c-6fc0c131b0a9 None None] Lock "c9cdc55e-96de-461d-be22-b373d0a5e380" "released" by "nova.context.set_target_cell..get_or_set_cached_cell_and_set_connections" :: held 0.001s {{(pid=109373) inner /opt/stack/data/venv/lib/python3.12/site-packages/oslo_concurrency/lockutils.py:538}}
Apr 18 18:01:00.173501 np0000167476 devstack@n-api-meta.service[109373]: INFO dbcounter [None req-02314acb-7a65-4499-805c-6fc0c131b0a9 None None] Registered counter for database nova_cell0
Apr 18 18:01:00.178205 np0000167476 devstack@n-api-meta.service[109373]: INFO dbcounter [None req-02314acb-7a65-4499-805c-6fc0c131b0a9 None None] Registered counter for database nova_cell1
Apr 18 18:01:00.187612 np0000167476 devstack@n-api-meta.service[109372]: DEBUG dbcounter [-] [109372] Writer thread running {{(pid=109372) stat_writer /opt/stack/data/venv/lib/python3.12/site-packages/dbcounter.py:102}}
Apr 18 18:01:00.188419 np0000167476 devstack@n-api-meta.service[109372]: DEBUG dbcounter [-] [109372] Writer thread running {{(pid=109372) stat_writer /opt/stack/data/venv/lib/python3.12/site-packages/dbcounter.py:102}}
Apr 18 18:01:00.189745 np0000167476 devstack@n-api-meta.service[109373]: DEBUG oslo_db.sqlalchemy.engines [None req-02314acb-7a65-4499-805c-6fc0c131b0a9 None None] MySQL server mode set to STRICT_TRANS_TABLES,STRICT_ALL_TABLES,NO_ZERO_IN_DATE,NO_ZERO_DATE,ERROR_FOR_DIVISION_BY_ZERO,TRADITIONAL,NO_ENGINE_SUBSTITUTION {{(pid=109373) _check_effective_sql_mode /opt/stack/data/venv/lib/python3.12/site-packages/oslo_db/sqlalchemy/engines.py:325}}
Apr 18 18:01:00.193831 np0000167476 devstack@n-api-meta.service[109372]: INFO dbcounter [None req-d8be203a-a770-4bf7-af50-f3663b988826 None None] Registered counter for database nova_cell0
Apr 18 18:01:00.200886 np0000167476 devstack@n-api-meta.service[109373]: DEBUG oslo_db.sqlalchemy.engines [None req-02314acb-7a65-4499-805c-6fc0c131b0a9 None None] MySQL server mode set to STRICT_TRANS_TABLES,STRICT_ALL_TABLES,NO_ZERO_IN_DATE,NO_ZERO_DATE,ERROR_FOR_DIVISION_BY_ZERO,TRADITIONAL,NO_ENGINE_SUBSTITUTION {{(pid=109373) _check_effective_sql_mode /opt/stack/data/venv/lib/python3.12/site-packages/oslo_db/sqlalchemy/engines.py:325}}
Apr 18 18:01:00.204798 np0000167476 devstack@n-api-meta.service[109372]: DEBUG oslo_db.sqlalchemy.engines [None req-d8be203a-a770-4bf7-af50-f3663b988826 None None] MySQL server mode set to STRICT_TRANS_TABLES,STRICT_ALL_TABLES,NO_ZERO_IN_DATE,NO_ZERO_DATE,ERROR_FOR_DIVISION_BY_ZERO,TRADITIONAL,NO_ENGINE_SUBSTITUTION {{(pid=109372) _check_effective_sql_mode /opt/stack/data/venv/lib/python3.12/site-packages/oslo_db/sqlalchemy/engines.py:325}}
Apr 18 18:01:00.215235 np0000167476 devstack@n-api-meta.service[109372]: DEBUG dbcounter [-] [109372] Writer thread running {{(pid=109372) stat_writer /opt/stack/data/venv/lib/python3.12/site-packages/dbcounter.py:102}}
Apr 18 18:01:00.216420 np0000167476 devstack@n-api-meta.service[109371]: DEBUG dbcounter [-] [109371] Writer thread running {{(pid=109371) stat_writer /opt/stack/data/venv/lib/python3.12/site-packages/dbcounter.py:102}}
Apr 18 18:01:00.217468 np0000167476 devstack@n-api-meta.service[109371]: DEBUG dbcounter [-] [109371] Writer thread running {{(pid=109371) stat_writer /opt/stack/data/venv/lib/python3.12/site-packages/dbcounter.py:102}}
Apr 18 18:01:00.222083 np0000167476 devstack@n-api-meta.service[109371]: INFO dbcounter [None req-c1ef3da0-7a4c-4cde-b521-242a0b0d3a5b None None] Registered counter for database nova_cell0
Apr 18 18:01:00.222392 np0000167476 devstack@n-api-meta.service[109370]: DEBUG dbcounter [-] [109370] Writer thread running {{(pid=109370) stat_writer /opt/stack/data/venv/lib/python3.12/site-packages/dbcounter.py:102}}
Apr 18 18:01:00.223253 np0000167476 devstack@n-api-meta.service[109370]: DEBUG dbcounter [-] [109370] Writer thread running {{(pid=109370) stat_writer /opt/stack/data/venv/lib/python3.12/site-packages/dbcounter.py:102}}
Apr 18 18:01:00.229039 np0000167476 devstack@n-api-meta.service[109370]: INFO dbcounter [None req-d9a84282-db5a-4882-b50a-7a52d756ab1f None None] Registered counter for database nova_cell0
Apr 18 18:01:00.233927 np0000167476 devstack@n-api-meta.service[109371]: DEBUG oslo_db.sqlalchemy.engines [None req-c1ef3da0-7a4c-4cde-b521-242a0b0d3a5b None None] MySQL server mode set to STRICT_TRANS_TABLES,STRICT_ALL_TABLES,NO_ZERO_IN_DATE,NO_ZERO_DATE,ERROR_FOR_DIVISION_BY_ZERO,TRADITIONAL,NO_ENGINE_SUBSTITUTION {{(pid=109371) _check_effective_sql_mode /opt/stack/data/venv/lib/python3.12/site-packages/oslo_db/sqlalchemy/engines.py:325}}
Apr 18 18:01:00.236420 np0000167476 devstack@n-api-meta.service[109370]: DEBUG oslo_db.sqlalchemy.engines [None req-d9a84282-db5a-4882-b50a-7a52d756ab1f None None] MySQL server mode set to STRICT_TRANS_TABLES,STRICT_ALL_TABLES,NO_ZERO_IN_DATE,NO_ZERO_DATE,ERROR_FOR_DIVISION_BY_ZERO,TRADITIONAL,NO_ENGINE_SUBSTITUTION {{(pid=109370) _check_effective_sql_mode /opt/stack/data/venv/lib/python3.12/site-packages/oslo_db/sqlalchemy/engines.py:325}}
Apr 18 18:01:00.243325 np0000167476 devstack@n-api-meta.service[109370]: DEBUG dbcounter [-] [109370] Writer thread running {{(pid=109370) stat_writer /opt/stack/data/venv/lib/python3.12/site-packages/dbcounter.py:102}}
Apr 18 18:01:00.245482 np0000167476 devstack@n-api-meta.service[109371]: DEBUG dbcounter [-] [109371] Writer thread running {{(pid=109371) stat_writer /opt/stack/data/venv/lib/python3.12/site-packages/dbcounter.py:102}}
Apr 18 18:01:00.256046 np0000167476 devstack@n-api-meta.service[109372]: WARNING nova.api.metadata.handler [None req-d8be203a-a770-4bf7-af50-f3663b988826 None None] metadata_proxy_shared_secret is not configured, the metadata information returned by the proxy cannot be trusted
Apr 18 18:01:00.258368 np0000167476 devstack@n-api-meta.service[109372]: DEBUG nova.api.openstack.wsgi_app [None req-d8be203a-a770-4bf7-af50-f3663b988826 None None] ******************************************************************************** {{(pid=109372) log_opt_values /opt/stack/data/venv/lib/python3.12/site-packages/oslo_config/cfg.py:2979}}
Apr 18 18:01:00.258528 np0000167476 devstack@n-api-meta.service[109372]: DEBUG nova.api.openstack.wsgi_app [None req-d8be203a-a770-4bf7-af50-f3663b988826 None None] Configuration options gathered from: {{(pid=109372) log_opt_values /opt/stack/data/venv/lib/python3.12/site-packages/oslo_config/cfg.py:2980}}
Apr 18 18:01:00.258528 np0000167476 devstack@n-api-meta.service[109372]: DEBUG nova.api.openstack.wsgi_app [None req-d8be203a-a770-4bf7-af50-f3663b988826 None None] command line args: [] {{(pid=109372) log_opt_values /opt/stack/data/venv/lib/python3.12/site-packages/oslo_config/cfg.py:2981}}
Apr 18 18:01:00.258683 np0000167476 devstack@n-api-meta.service[109372]: DEBUG nova.api.openstack.wsgi_app [None req-d8be203a-a770-4bf7-af50-f3663b988826 None None] config files: ['/etc/nova/api-paste.ini', '/etc/nova/nova.conf'] {{(pid=109372) log_opt_values /opt/stack/data/venv/lib/python3.12/site-packages/oslo_config/cfg.py:2982}}
Apr 18 18:01:00.258782 np0000167476 devstack@n-api-meta.service[109372]: DEBUG nova.api.openstack.wsgi_app [None req-d8be203a-a770-4bf7-af50-f3663b988826 None None] ================================================================================ {{(pid=109372) log_opt_values /opt/stack/data/venv/lib/python3.12/site-packages/oslo_config/cfg.py:2987}}
Apr 18 18:01:00.258967 np0000167476 devstack@n-api-meta.service[109372]: DEBUG nova.api.openstack.wsgi_app [None req-d8be203a-a770-4bf7-af50-f3663b988826 None None] allow_resize_to_same_host = True {{(pid=109372) log_opt_values /opt/stack/data/venv/lib/python3.12/site-packages/oslo_config/cfg.py:2995}}
Apr 18 18:01:00.259122 np0000167476 devstack@n-api-meta.service[109372]: DEBUG nova.api.openstack.wsgi_app [None req-d8be203a-a770-4bf7-af50-f3663b988826 None None] arq_binding_timeout = 300 {{(pid=109372) log_opt_values /opt/stack/data/venv/lib/python3.12/site-packages/oslo_config/cfg.py:2995}}
Apr 18 18:01:00.259242 np0000167476 devstack@n-api-meta.service[109372]: DEBUG nova.api.openstack.wsgi_app [None req-d8be203a-a770-4bf7-af50-f3663b988826 None None] block_device_allocate_retries = 60 {{(pid=109372) log_opt_values /opt/stack/data/venv/lib/python3.12/site-packages/oslo_config/cfg.py:2995}}
Apr 18 18:01:00.259398 np0000167476 devstack@n-api-meta.service[109372]: DEBUG nova.api.openstack.wsgi_app [None req-d8be203a-a770-4bf7-af50-f3663b988826 None None] block_device_allocate_retries_interval = 3 {{(pid=109372) log_opt_values /opt/stack/data/venv/lib/python3.12/site-packages/oslo_config/cfg.py:2995}}
Apr 18 18:01:00.259524 np0000167476 devstack@n-api-meta.service[109372]: DEBUG nova.api.openstack.wsgi_app [None req-d8be203a-a770-4bf7-af50-f3663b988826 None None] cell_worker_thread_pool_size = 5 {{(pid=109372) log_opt_values /opt/stack/data/venv/lib/python3.12/site-packages/oslo_config/cfg.py:2995}}
Apr 18 18:01:00.259657 np0000167476 devstack@n-api-meta.service[109372]: DEBUG nova.api.openstack.wsgi_app [None req-d8be203a-a770-4bf7-af50-f3663b988826 None None] cert = self.pem {{(pid=109372) log_opt_values /opt/stack/data/venv/lib/python3.12/site-packages/oslo_config/cfg.py:2995}}
Apr 18 18:01:00.259790 np0000167476 devstack@n-api-meta.service[109372]: DEBUG nova.api.openstack.wsgi_app [None req-d8be203a-a770-4bf7-af50-f3663b988826 None None] compute_driver = libvirt.LibvirtDriver {{(pid=109372) log_opt_values /opt/stack/data/venv/lib/python3.12/site-packages/oslo_config/cfg.py:2995}}
Apr 18 18:01:00.259923 np0000167476 devstack@n-api-meta.service[109372]: DEBUG nova.api.openstack.wsgi_app [None req-d8be203a-a770-4bf7-af50-f3663b988826 None None] compute_monitors = [] {{(pid=109372) log_opt_values /opt/stack/data/venv/lib/python3.12/site-packages/oslo_config/cfg.py:2995}}
Apr 18 18:01:00.260057 np0000167476 devstack@n-api-meta.service[109372]: DEBUG nova.api.openstack.wsgi_app [None req-d8be203a-a770-4bf7-af50-f3663b988826 None None] config_dir = [] {{(pid=109372) log_opt_values /opt/stack/data/venv/lib/python3.12/site-packages/oslo_config/cfg.py:2995}}
Apr 18 18:01:00.260192 np0000167476 devstack@n-api-meta.service[109372]: DEBUG nova.api.openstack.wsgi_app [None req-d8be203a-a770-4bf7-af50-f3663b988826 None None] config_drive_format = iso9660 {{(pid=109372) log_opt_values /opt/stack/data/venv/lib/python3.12/site-packages/oslo_config/cfg.py:2995}}
Apr 18 18:01:00.260300 np0000167476 devstack@n-api-meta.service[109372]: DEBUG nova.api.openstack.wsgi_app [None req-d8be203a-a770-4bf7-af50-f3663b988826 None None] config_file = ['/etc/nova/api-paste.ini', '/etc/nova/nova.conf'] {{(pid=109372) log_opt_values /opt/stack/data/venv/lib/python3.12/site-packages/oslo_config/cfg.py:2995}}
Apr 18 18:01:00.260517 np0000167476 devstack@n-api-meta.service[109372]: DEBUG nova.api.openstack.wsgi_app [None req-d8be203a-a770-4bf7-af50-f3663b988826 None None] config_source = [] {{(pid=109372) log_opt_values /opt/stack/data/venv/lib/python3.12/site-packages/oslo_config/cfg.py:2995}}
Apr 18 18:01:00.260640 np0000167476 devstack@n-api-meta.service[109372]: DEBUG nova.api.openstack.wsgi_app [None req-d8be203a-a770-4bf7-af50-f3663b988826 None None] console_host = np0000167476 {{(pid=109372) log_opt_values /opt/stack/data/venv/lib/python3.12/site-packages/oslo_config/cfg.py:2995}}
Apr 18 18:01:00.260773 np0000167476 devstack@n-api-meta.service[109372]: DEBUG nova.api.openstack.wsgi_app [None req-d8be203a-a770-4bf7-af50-f3663b988826 None None] control_exchange = nova {{(pid=109372) log_opt_values /opt/stack/data/venv/lib/python3.12/site-packages/oslo_config/cfg.py:2995}}
Apr 18 18:01:00.260902 np0000167476 devstack@n-api-meta.service[109372]: DEBUG nova.api.openstack.wsgi_app [None req-d8be203a-a770-4bf7-af50-f3663b988826 None None] cpu_allocation_ratio = None {{(pid=109372) log_opt_values /opt/stack/data/venv/lib/python3.12/site-packages/oslo_config/cfg.py:2995}}
Apr 18 18:01:00.261028 np0000167476 devstack@n-api-meta.service[109372]: DEBUG nova.api.openstack.wsgi_app [None req-d8be203a-a770-4bf7-af50-f3663b988826 None None] daemon = False {{(pid=109372) log_opt_values /opt/stack/data/venv/lib/python3.12/site-packages/oslo_config/cfg.py:2995}}
Apr 18 18:01:00.261159 np0000167476 devstack@n-api-meta.service[109372]: DEBUG nova.api.openstack.wsgi_app [None req-d8be203a-a770-4bf7-af50-f3663b988826 None None] debug = True {{(pid=109372) log_opt_values /opt/stack/data/venv/lib/python3.12/site-packages/oslo_config/cfg.py:2995}}
Apr 18 18:01:00.261290 np0000167476 devstack@n-api-meta.service[109372]: DEBUG nova.api.openstack.wsgi_app [None req-d8be203a-a770-4bf7-af50-f3663b988826 None None] default_access_ip_network_name = None {{(pid=109372) log_opt_values /opt/stack/data/venv/lib/python3.12/site-packages/oslo_config/cfg.py:2995}}
Apr 18 18:01:00.261440 np0000167476 devstack@n-api-meta.service[109372]: DEBUG nova.api.openstack.wsgi_app [None req-d8be203a-a770-4bf7-af50-f3663b988826 None None] default_availability_zone = nova {{(pid=109372) log_opt_values /opt/stack/data/venv/lib/python3.12/site-packages/oslo_config/cfg.py:2995}}
Apr 18 18:01:00.261572 np0000167476 devstack@n-api-meta.service[109372]: DEBUG nova.api.openstack.wsgi_app [None req-d8be203a-a770-4bf7-af50-f3663b988826 None None] default_ephemeral_format = ext4 {{(pid=109372) log_opt_values /opt/stack/data/venv/lib/python3.12/site-packages/oslo_config/cfg.py:2995}}
Apr 18 18:01:00.261699 np0000167476 devstack@n-api-meta.service[109372]: DEBUG nova.api.openstack.wsgi_app [None req-d8be203a-a770-4bf7-af50-f3663b988826 None None] default_green_pool_size = 1000 {{(pid=109372) log_opt_values /opt/stack/data/venv/lib/python3.12/site-packages/oslo_config/cfg.py:2995}}
Apr 18 18:01:00.261931 np0000167476 devstack@n-api-meta.service[109372]: DEBUG nova.api.openstack.wsgi_app [None req-d8be203a-a770-4bf7-af50-f3663b988826 None None] default_log_levels = ['amqp=WARN', 'boto=WARN', 'sqlalchemy=WARN', 'suds=INFO', 'oslo.messaging=INFO', 'oslo_messaging=INFO', 'iso8601=WARN', 'requests.packages.urllib3.connectionpool=WARN', 'urllib3.connectionpool=WARN', 'websocket=WARN', 'requests.packages.urllib3.util.retry=WARN', 'urllib3.util.retry=WARN', 'keystonemiddleware=WARN', 'routes.middleware=WARN', 'stevedore=WARN', 'taskflow=WARN', 'keystoneauth=WARN', 'oslo.cache=INFO', 'oslo_policy=INFO', 'dogpile.core.dogpile=INFO', 'glanceclient=WARN', 'oslo.privsep.daemon=INFO'] {{(pid=109372) log_opt_values /opt/stack/data/venv/lib/python3.12/site-packages/oslo_config/cfg.py:2995}}
Apr 18 18:01:00.262091 np0000167476 devstack@n-api-meta.service[109372]: DEBUG nova.api.openstack.wsgi_app [None req-d8be203a-a770-4bf7-af50-f3663b988826 None None] default_schedule_zone = None {{(pid=109372) log_opt_values /opt/stack/data/venv/lib/python3.12/site-packages/oslo_config/cfg.py:2995}}
Apr 18 18:01:00.262164 np0000167476 devstack@n-api-meta.service[109372]: DEBUG nova.api.openstack.wsgi_app [None req-d8be203a-a770-4bf7-af50-f3663b988826 None None] default_thread_pool_size = 10 {{(pid=109372) log_opt_values /opt/stack/data/venv/lib/python3.12/site-packages/oslo_config/cfg.py:2995}}
Apr 18 18:01:00.262265 np0000167476 devstack@n-api-meta.service[109372]: DEBUG nova.api.openstack.wsgi_app [None req-d8be203a-a770-4bf7-af50-f3663b988826 None None] disk_allocation_ratio = None {{(pid=109372) log_opt_values /opt/stack/data/venv/lib/python3.12/site-packages/oslo_config/cfg.py:2995}}
Apr 18 18:01:00.262407 np0000167476 devstack@n-api-meta.service[109372]: DEBUG nova.api.openstack.wsgi_app [None req-d8be203a-a770-4bf7-af50-f3663b988826 None None] enable_new_services = True {{(pid=109372) log_opt_values /opt/stack/data/venv/lib/python3.12/site-packages/oslo_config/cfg.py:2995}}
Apr 18 18:01:00.262535 np0000167476 devstack@n-api-meta.service[109372]: DEBUG nova.api.openstack.wsgi_app [None req-d8be203a-a770-4bf7-af50-f3663b988826 None None] flat_injected = False {{(pid=109372) log_opt_values /opt/stack/data/venv/lib/python3.12/site-packages/oslo_config/cfg.py:2995}}
Apr 18 18:01:00.262660 np0000167476 devstack@n-api-meta.service[109372]: DEBUG nova.api.openstack.wsgi_app [None req-d8be203a-a770-4bf7-af50-f3663b988826 None None] force_config_drive = False {{(pid=109372) log_opt_values /opt/stack/data/venv/lib/python3.12/site-packages/oslo_config/cfg.py:2995}}
Apr 18 18:01:00.262784 np0000167476 devstack@n-api-meta.service[109372]: DEBUG nova.api.openstack.wsgi_app [None req-d8be203a-a770-4bf7-af50-f3663b988826 None None] force_raw_images = True {{(pid=109372) log_opt_values /opt/stack/data/venv/lib/python3.12/site-packages/oslo_config/cfg.py:2995}}
Apr 18 18:01:00.262924 np0000167476 devstack@n-api-meta.service[109372]: DEBUG nova.api.openstack.wsgi_app [None req-d8be203a-a770-4bf7-af50-f3663b988826 None None] graceful_shutdown_timeout = 5 {{(pid=109372) log_opt_values /opt/stack/data/venv/lib/python3.12/site-packages/oslo_config/cfg.py:2995}}
Apr 18 18:01:00.263073 np0000167476 devstack@n-api-meta.service[109372]: DEBUG nova.api.openstack.wsgi_app [None req-d8be203a-a770-4bf7-af50-f3663b988826 None None] heal_instance_info_cache_interval = -1 {{(pid=109372) log_opt_values /opt/stack/data/venv/lib/python3.12/site-packages/oslo_config/cfg.py:2995}}
Apr 18 18:01:00.263229 np0000167476 devstack@n-api-meta.service[109372]: DEBUG nova.api.openstack.wsgi_app [None req-d8be203a-a770-4bf7-af50-f3663b988826 None None] host = np0000167476 {{(pid=109372) log_opt_values /opt/stack/data/venv/lib/python3.12/site-packages/oslo_config/cfg.py:2995}}
Apr 18 18:01:00.263379 np0000167476 devstack@n-api-meta.service[109372]: DEBUG nova.api.openstack.wsgi_app [None req-d8be203a-a770-4bf7-af50-f3663b988826 None None] initial_cpu_allocation_ratio = 4.0 {{(pid=109372) log_opt_values /opt/stack/data/venv/lib/python3.12/site-packages/oslo_config/cfg.py:2995}}
Apr 18 18:01:00.263508 np0000167476 devstack@n-api-meta.service[109372]: DEBUG nova.api.openstack.wsgi_app [None req-d8be203a-a770-4bf7-af50-f3663b988826 None None] initial_disk_allocation_ratio = 1.0 {{(pid=109372) log_opt_values /opt/stack/data/venv/lib/python3.12/site-packages/oslo_config/cfg.py:2995}}
Apr 18 18:01:00.263638 np0000167476 devstack@n-api-meta.service[109372]: DEBUG nova.api.openstack.wsgi_app [None req-d8be203a-a770-4bf7-af50-f3663b988826 None None] initial_ram_allocation_ratio = 1.0 {{(pid=109372) log_opt_values /opt/stack/data/venv/lib/python3.12/site-packages/oslo_config/cfg.py:2995}}
Apr 18 18:01:00.263809 np0000167476 devstack@n-api-meta.service[109372]: DEBUG nova.api.openstack.wsgi_app [None req-d8be203a-a770-4bf7-af50-f3663b988826 None None] injected_network_template = /opt/stack/nova/nova/virt/interfaces.template {{(pid=109372) log_opt_values /opt/stack/data/venv/lib/python3.12/site-packages/oslo_config/cfg.py:2995}}
Apr 18 18:01:00.263939 np0000167476 devstack@n-api-meta.service[109372]: DEBUG nova.api.openstack.wsgi_app [None req-d8be203a-a770-4bf7-af50-f3663b988826 None None] instance_build_timeout = 0 {{(pid=109372) log_opt_values /opt/stack/data/venv/lib/python3.12/site-packages/oslo_config/cfg.py:2995}}
Apr 18 18:01:00.264073 np0000167476 devstack@n-api-meta.service[109372]: DEBUG nova.api.openstack.wsgi_app [None req-d8be203a-a770-4bf7-af50-f3663b988826 None None] instance_delete_interval = 300 {{(pid=109372) log_opt_values /opt/stack/data/venv/lib/python3.12/site-packages/oslo_config/cfg.py:2995}}
Apr 18 18:01:00.264209 np0000167476 devstack@n-api-meta.service[109372]: DEBUG nova.api.openstack.wsgi_app [None req-d8be203a-a770-4bf7-af50-f3663b988826 None None] instance_format = [instance: %(uuid)s] {{(pid=109372) log_opt_values /opt/stack/data/venv/lib/python3.12/site-packages/oslo_config/cfg.py:2995}}
Apr 18 18:01:00.264349 np0000167476 devstack@n-api-meta.service[109372]: DEBUG nova.api.openstack.wsgi_app [None req-d8be203a-a770-4bf7-af50-f3663b988826 None None] instance_name_template = instance-%08x {{(pid=109372) log_opt_values /opt/stack/data/venv/lib/python3.12/site-packages/oslo_config/cfg.py:2995}}
Apr 18 18:01:00.264487 np0000167476 devstack@n-api-meta.service[109372]: DEBUG nova.api.openstack.wsgi_app [None req-d8be203a-a770-4bf7-af50-f3663b988826 None None] instance_usage_audit = False {{(pid=109372) log_opt_values /opt/stack/data/venv/lib/python3.12/site-packages/oslo_config/cfg.py:2995}}
Apr 18 18:01:00.264623 np0000167476 devstack@n-api-meta.service[109372]: DEBUG nova.api.openstack.wsgi_app [None req-d8be203a-a770-4bf7-af50-f3663b988826 None None] instance_usage_audit_period = month {{(pid=109372) log_opt_values /opt/stack/data/venv/lib/python3.12/site-packages/oslo_config/cfg.py:2995}}
Apr 18 18:01:00.264755 np0000167476 devstack@n-api-meta.service[109372]: DEBUG nova.api.openstack.wsgi_app [None req-d8be203a-a770-4bf7-af50-f3663b988826 None None] instance_uuid_format = [instance: %(uuid)s] {{(pid=109372) log_opt_values /opt/stack/data/venv/lib/python3.12/site-packages/oslo_config/cfg.py:2995}}
Apr 18 18:01:00.264887 np0000167476 devstack@n-api-meta.service[109372]: DEBUG nova.api.openstack.wsgi_app [None req-d8be203a-a770-4bf7-af50-f3663b988826 None None] instances_path = /opt/stack/data/nova/instances {{(pid=109372) log_opt_values /opt/stack/data/venv/lib/python3.12/site-packages/oslo_config/cfg.py:2995}}
