2026-03-06 01:43:59.676 9 INFO neutron.db.ovn_revision_numbers_db [None req-9d781073-25bc-4ed6-bc61-d5fe8f009e18 80225ead0d42461bb9b93180fc26da51 b108462240f34ff58801c6b3f8c657e6 - - default default] Successfully bumped revision number for resource f173b051-3589-4143-90c5-8400a745dd3c (type: security_group_rules) to 0
2026-03-06 01:43:59.702 9 INFO neutron.api.wsgi [None req-9d781073-25bc-4ed6-bc61-d5fe8f009e18 80225ead0d42461bb9b93180fc26da51 b108462240f34ff58801c6b3f8c657e6 - - default default] 10.0.0.122 "POST /v2.0/security-group-rules HTTP/1.1" status: 201 len: 805 time: 0.1438589
2026-03-06 01:44:00.099 9 INFO neutron.plugins.ml2.drivers.ovn.mech_driver.mech_driver [None req-23c33651-700f-4b9b-8e3b-c96fa7089ed1 - - - - - -] OVN reports status up for port: c9bec741-5b78-49dc-90f6-d597a249371b
2026-03-06 01:44:00.123 9 INFO neutron.plugins.ml2.plugin [None req-23c33651-700f-4b9b-8e3b-c96fa7089ed1 - - - - - -] Attempt 1 to provision port c9bec741-5b78-49dc-90f6-d597a249371b
2026-03-06 01:44:00.290 10 WARNING neutron_lib.context [None req-7cf2ffbc-8d6b-4a7d-85cf-9d30b55a19c6 80225ead0d42461bb9b93180fc26da51 b108462240f34ff58801c6b3f8c657e6 - - default default] Method 'is_advsvc' is deprecated since 2023.2 release (neutron-lib 3.8.0) and will be removed once support for the old RBAC API policies will be removed from Neutron. Please use method 'is_service_role' instead.
2026-03-06 01:44:00.301 9 INFO neutron.notifiers.nova [-] Nova event matching ['req-14278eb1-c921-4e87-a8fe-acffb70f638c'] response: {'server_uuid': '9cfdbdea-5215-47d5-95fb-aa3293207b70', 'name': 'network-vif-plugged', 'status': 'completed', 'tag': 'c9bec741-5b78-49dc-90f6-d597a249371b', 'code': 200}
2026-03-06 01:44:00.382 9 INFO neutron.db.ovn_revision_numbers_db [None req-23c33651-700f-4b9b-8e3b-c96fa7089ed1 - - - - - -] Successfully bumped revision number for resource c9bec741-5b78-49dc-90f6-d597a249371b (type: ports) to 5
2026-03-06 01:44:00.403 10 INFO neutron.db.ovn_revision_numbers_db [None req-7cf2ffbc-8d6b-4a7d-85cf-9d30b55a19c6 80225ead0d42461bb9b93180fc26da51 b108462240f34ff58801c6b3f8c657e6 - - default default] Successfully bumped revision number for resource ac4a60b2-6a40-43a9-b96b-dca816e5c990 (type: security_groups) to 1
2026-03-06 01:44:00.416 10 INFO neutron.db.ovn_revision_numbers_db [None req-7cf2ffbc-8d6b-4a7d-85cf-9d30b55a19c6 80225ead0d42461bb9b93180fc26da51 b108462240f34ff58801c6b3f8c657e6 - - default default] Successfully bumped revision number for resource 45dd3eb9-39c2-4051-826d-7217842bf3a1 (type: security_group_rules) to 0
2026-03-06 01:44:00.431 10 INFO neutron.db.ovn_revision_numbers_db [None req-7cf2ffbc-8d6b-4a7d-85cf-9d30b55a19c6 80225ead0d42461bb9b93180fc26da51 b108462240f34ff58801c6b3f8c657e6 - - default default] Successfully bumped revision number for resource d1f0ef31-0502-4ded-9615-86ffde614256 (type: security_group_rules) to 0
2026-03-06 01:44:00.478 10 INFO neutron.api.wsgi [None req-7cf2ffbc-8d6b-4a7d-85cf-9d30b55a19c6 80225ead0d42461bb9b93180fc26da51 b108462240f34ff58801c6b3f8c657e6 - - default default] 10.0.0.122 "POST /v2.0/security-groups HTTP/1.1" status: 201 len: 1863 time: 0.1950867 /var/lib/openstack/lib/python3.12/site-packages/pycadf/identifier.py:71: UserWarning: Invalid uuid: neutron. To ensure interoperability, identifiers should be a valid uuid. warnings.warn(('Invalid uuid: %s. To ensure interoperability, '
2026-03-06 01:44:00.489 9 WARNING neutron_lib.context [None req-254f95ac-2f5f-4f8a-b60d-a4786bf5883c 80225ead0d42461bb9b93180fc26da51 b108462240f34ff58801c6b3f8c657e6 - - default default] Method 'is_advsvc' is deprecated since 2023.2 release (neutron-lib 3.8.0) and will be removed once support for the old RBAC API policies will be removed from Neutron. Please use method 'is_service_role' instead.
2026-03-06 01:44:00.598 9 INFO neutron.db.ovn_revision_numbers_db [None req-254f95ac-2f5f-4f8a-b60d-a4786bf5883c 80225ead0d42461bb9b93180fc26da51 b108462240f34ff58801c6b3f8c657e6 - - default default] Successfully bumped revision number for resource f856667d-a052-4e6a-a34d-55916c331b8b (type: security_group_rules) to 0
2026-03-06 01:44:00.625 9 INFO neutron.api.wsgi [None req-254f95ac-2f5f-4f8a-b60d-a4786bf5883c 80225ead0d42461bb9b93180fc26da51 b108462240f34ff58801c6b3f8c657e6 - - default default] 10.0.0.122 "POST /v2.0/security-group-rules HTTP/1.1" status: 201 len: 796 time: 0.1413705
2026-03-06 01:44:00.634 9 WARNING neutron_lib.context [None req-6da01125-d33f-490f-9473-ca0ee305354c 80225ead0d42461bb9b93180fc26da51 b108462240f34ff58801c6b3f8c657e6 - - default default] Method 'is_advsvc' is deprecated since 2023.2 release (neutron-lib 3.8.0) and will be removed once support for the old RBAC API policies will be removed from Neutron. Please use method 'is_service_role' instead.
2026-03-06 01:44:00.762 9 INFO neutron.db.ovn_revision_numbers_db [None req-6da01125-d33f-490f-9473-ca0ee305354c 80225ead0d42461bb9b93180fc26da51 b108462240f34ff58801c6b3f8c657e6 - - default default] Successfully bumped revision number for resource 3ae172f9-2674-410e-bb00-0ba5af8f73ec (type: security_group_rules) to 0
2026-03-06 01:44:00.793 9 INFO neutron.api.wsgi [None req-6da01125-d33f-490f-9473-ca0ee305354c 80225ead0d42461bb9b93180fc26da51 b108462240f34ff58801c6b3f8c657e6 - - default default] 10.0.0.122 "POST /v2.0/security-group-rules HTTP/1.1" status: 201 len: 801 time: 0.1633306
2026-03-06 01:44:00.797 10 WARNING neutron_lib.context [None req-7225780a-2932-4604-84c0-f5bf286e3812 cdf3a2282a004c99a3ca6d1b161f4c1e f58c150b12fc45b9bcfadb66a3279526 - - default default] Method 'is_advsvc' is deprecated since 2023.2 release (neutron-lib 3.8.0) and will be removed once support for the old RBAC API policies will be removed from Neutron. Please use method 'is_service_role' instead.
2026-03-06 01:44:00.801 9 WARNING neutron_lib.context [None req-1e2c4332-9c73-445b-ad00-973d96fb2871 80225ead0d42461bb9b93180fc26da51 b108462240f34ff58801c6b3f8c657e6 - - default default] Method 'is_advsvc' is deprecated since 2023.2 release (neutron-lib 3.8.0) and will be removed once support for the old RBAC API policies will be removed from Neutron. Please use method 'is_service_role' instead.
2026-03-06 01:44:00.941 10 INFO neutron.db.ovn_revision_numbers_db [None req-7225780a-2932-4604-84c0-f5bf286e3812 cdf3a2282a004c99a3ca6d1b161f4c1e f58c150b12fc45b9bcfadb66a3279526 - - default default] Successfully bumped revision number for resource 53ef0108-53cd-485a-b242-95b3ab157caf (type: security_groups) to 1
2026-03-06 01:44:00.955 10 INFO neutron.db.ovn_revision_numbers_db [None req-7225780a-2932-4604-84c0-f5bf286e3812 cdf3a2282a004c99a3ca6d1b161f4c1e f58c150b12fc45b9bcfadb66a3279526 - - default default] Successfully bumped revision number for resource 267d0f4c-c69f-477a-abe1-58eafb2d5aed (type: security_group_rules) to 0
2026-03-06 01:44:00.969 10 INFO neutron.db.ovn_revision_numbers_db [None req-7225780a-2932-4604-84c0-f5bf286e3812 cdf3a2282a004c99a3ca6d1b161f4c1e f58c150b12fc45b9bcfadb66a3279526 - - default default] Successfully bumped revision number for resource 5ae86d09-b827-453b-a60a-2e1f93fa5f61 (type: security_group_rules) to 0
2026-03-06 01:44:00.980 10 INFO neutron.db.ovn_revision_numbers_db [None req-7225780a-2932-4604-84c0-f5bf286e3812 cdf3a2282a004c99a3ca6d1b161f4c1e f58c150b12fc45b9bcfadb66a3279526 - - default default] Successfully bumped revision number for resource 6a9ff499-bb80-4dd2-a901-5d38651d1172 (type: security_group_rules) to 0
2026-03-06 01:44:00.992 10 INFO neutron.db.ovn_revision_numbers_db [None req-7225780a-2932-4604-84c0-f5bf286e3812 cdf3a2282a004c99a3ca6d1b161f4c1e f58c150b12fc45b9bcfadb66a3279526 - - default default] Successfully bumped revision number for resource a2ba1f0f-be6c-4ebb-843c-63f045652dbb (type: security_group_rules) to 0
2026-03-06 01:44:01.056 9 WARNING neutron.scheduler.dhcp_agent_scheduler [None req-1e2c4332-9c73-445b-ad00-973d96fb2871 80225ead0d42461bb9b93180fc26da51 b108462240f34ff58801c6b3f8c657e6 - - default default] No more DHCP agents
2026-03-06 01:44:01.057 10 INFO neutron.db.segments_db [None req-7225780a-2932-4604-84c0-f5bf286e3812 cdf3a2282a004c99a3ca6d1b161f4c1e f58c150b12fc45b9bcfadb66a3279526 - - default default] Added segment 1230a53c-98bc-4e11-a4b4-6415b2526fda of type geneve for network 6543fe6e-b2e0-4850-af30-bc2f07fbd33d
2026-03-06 01:44:01.057 9 WARNING neutron.api.rpc.agentnotifiers.dhcp_rpc_agent_api [None req-1e2c4332-9c73-445b-ad00-973d96fb2871 80225ead0d42461bb9b93180fc26da51 b108462240f34ff58801c6b3f8c657e6 - - default default] Unable to schedule network 60b3b246-5c65-4e19-9956-25f1b7f50095: no agents available; will retry on subsequent port and subnet creation events.
2026-03-06 01:44:01.185 10 INFO neutron.db.ovn_revision_numbers_db [None req-7225780a-2932-4604-84c0-f5bf286e3812 cdf3a2282a004c99a3ca6d1b161f4c1e f58c150b12fc45b9bcfadb66a3279526 - - default default] Successfully bumped revision number for resource 6543fe6e-b2e0-4850-af30-bc2f07fbd33d (type: networks) to 1
2026-03-06 01:44:01.362 10 WARNING neutron.scheduler.dhcp_agent_scheduler [None req-7225780a-2932-4604-84c0-f5bf286e3812 cdf3a2282a004c99a3ca6d1b161f4c1e f58c150b12fc45b9bcfadb66a3279526 - - default default] No more DHCP agents
2026-03-06 01:44:01.364 10 WARNING neutron.api.rpc.agentnotifiers.dhcp_rpc_agent_api [None req-7225780a-2932-4604-84c0-f5bf286e3812 cdf3a2282a004c99a3ca6d1b161f4c1e f58c150b12fc45b9bcfadb66a3279526 - - default default] Unable to schedule network 6543fe6e-b2e0-4850-af30-bc2f07fbd33d: no agents available; will retry on subsequent port and subnet creation events.
2026-03-06 01:44:01.392 9 INFO neutron.api.wsgi [None req-1e2c4332-9c73-445b-ad00-973d96fb2871 80225ead0d42461bb9b93180fc26da51 b108462240f34ff58801c6b3f8c657e6 - - default default] 10.0.0.122 "POST /v2.0/floatingips HTTP/1.1" status: 201 len: 751 time: 0.5949860
2026-03-06 01:44:01.434 10 INFO neutron.db.ovn_revision_numbers_db [None req-7225780a-2932-4604-84c0-f5bf286e3812 cdf3a2282a004c99a3ca6d1b161f4c1e f58c150b12fc45b9bcfadb66a3279526 - - default default] Successfully bumped revision number for resource be3abeae-39ca-41ae-afcb-9510f8a5d50a (type: ports) to 1
2026-03-06 01:44:01.453 10 INFO neutron.api.wsgi [None req-7225780a-2932-4604-84c0-f5bf286e3812 cdf3a2282a004c99a3ca6d1b161f4c1e f58c150b12fc45b9bcfadb66a3279526 - - default default] 10.0.0.122 "POST /v2.0/networks HTTP/1.1" status: 201 len: 831 time: 0.7667553
2026-03-06 01:44:01.461 10 WARNING neutron_lib.context [None req-d7a859ac-e174-4c40-82be-6e1eeda16553 cdf3a2282a004c99a3ca6d1b161f4c1e f58c150b12fc45b9bcfadb66a3279526 - - default default] Method 'is_advsvc' is deprecated since 2023.2 release (neutron-lib 3.8.0) and will be removed once support for the old RBAC API policies will be removed from Neutron. Please use method 'is_service_role' instead.
2026-03-06 01:44:01.501 10 INFO neutron.api.wsgi [req-b51cd774-15e7-46eb-b8d2-07f3d92ed39a req-007b5cd5-5098-4365-ac69-60ec6e12866a 80225ead0d42461bb9b93180fc26da51 b108462240f34ff58801c6b3f8c657e6 - - default default] 10.0.0.209 "GET /v2.0/security-groups?name=tempest-securitygroup--2105528809&fields=id&tenant_id=b108462240f34ff58801c6b3f8c657e6 HTTP/1.1" status: 200 len: 267 time: 0.0348582
2026-03-06 01:44:01.550 10 INFO neutron.api.wsgi [req-b51cd774-15e7-46eb-b8d2-07f3d92ed39a req-9f0c1e72-6850-4076-b88f-680c8283b809 80225ead0d42461bb9b93180fc26da51 b108462240f34ff58801c6b3f8c657e6 - - default default] 10.0.0.209 "GET /v2.0/security-groups?name=tempest-secgroup-smoke-1999768920&fields=id&tenant_id=b108462240f34ff58801c6b3f8c657e6 HTTP/1.1" status: 200 len: 267 time: 0.0414762
2026-03-06 01:44:01.608 10 INFO neutron.api.wsgi [req-b51cd774-15e7-46eb-b8d2-07f3d92ed39a req-c8cf7dcf-9658-427a-b7dc-05d945d2fcf5 80225ead0d42461bb9b93180fc26da51 b108462240f34ff58801c6b3f8c657e6 - - default default] 10.0.0.209 "GET /v2.0/networks?id=bca3b067-bbe9-4862-8ea9-78e4b8568644 HTTP/1.1" status: 200 len: 872 time: 0.0539148
2026-03-06 01:44:01.623 10 INFO neutron.api.wsgi [req-b51cd774-15e7-46eb-b8d2-07f3d92ed39a req-53d1a8ff-8b3f-4d4c-a311-46947073abc9 80225ead0d42461bb9b93180fc26da51 b108462240f34ff58801c6b3f8c657e6 - - default default] 10.0.0.209 "GET /v2.0/quotas/b108462240f34ff58801c6b3f8c657e6 HTTP/1.1" status: 200 len: 491 time: 0.0100224
2026-03-06 01:44:01.703 10 INFO neutron.api.wsgi [req-b51cd774-15e7-46eb-b8d2-07f3d92ed39a req-24c4e106-c94a-43a0-9b8c-042ef0659e37 80225ead0d42461bb9b93180fc26da51 b108462240f34ff58801c6b3f8c657e6 - - default default] 10.0.0.209 "GET /v2.0/ports?tenant_id=b108462240f34ff58801c6b3f8c657e6&fields=id HTTP/1.1" status: 200 len: 302 time: 0.0765650
2026-03-06 01:44:01.712 10 WARNING neutron.scheduler.dhcp_agent_scheduler [None req-d7a859ac-e174-4c40-82be-6e1eeda16553 cdf3a2282a004c99a3ca6d1b161f4c1e f58c150b12fc45b9bcfadb66a3279526 - - default default] No more DHCP agents
2026-03-06 01:44:01.713 10 WARNING neutron.api.rpc.agentnotifiers.dhcp_rpc_agent_api [None req-d7a859ac-e174-4c40-82be-6e1eeda16553 cdf3a2282a004c99a3ca6d1b161f4c1e f58c150b12fc45b9bcfadb66a3279526 - - default default] Unable to schedule network 6543fe6e-b2e0-4850-af30-bc2f07fbd33d: no agents available; will retry on subsequent port and subnet creation events. /var/lib/openstack/lib/python3.12/site-packages/pycadf/identifier.py:71: UserWarning: Invalid uuid: neutron. To ensure interoperability, identifiers should be a valid uuid. warnings.warn(('Invalid uuid: %s. To ensure interoperability, '
2026-03-06 01:44:01.765 10 INFO neutron.api.wsgi [req-b51cd774-15e7-46eb-b8d2-07f3d92ed39a req-9c463695-0ffd-4285-b7ca-22b4a6c0d287 8eb44330508a426c9ba86ad21a028714 e548c96dd269448eb17847e3a6495a83 - - a3b3c7e74b3740aba4cc2320f7985a70 a3b3c7e74b3740aba4cc2320f7985a70] 10.0.0.209 "GET /v2.0/networks/bca3b067-bbe9-4862-8ea9-78e4b8568644?fields=segments HTTP/1.1" status: 200 len: 212 time: 0.0489311
2026-03-06 01:44:01.784 10 INFO neutron.db.ovn_revision_numbers_db [None req-d7a859ac-e174-4c40-82be-6e1eeda16553 cdf3a2282a004c99a3ca6d1b161f4c1e f58c150b12fc45b9bcfadb66a3279526 - - default default] Successfully bumped revision number for resource 220850ab-3f8d-4ee4-8bce-0f229d84e706 (type: ports) to 1
2026-03-06 01:44:01.806 10 INFO neutron.api.wsgi [None req-d7a859ac-e174-4c40-82be-6e1eeda16553 cdf3a2282a004c99a3ca6d1b161f4c1e f58c150b12fc45b9bcfadb66a3279526 - - default default] 10.0.0.122 "POST /v2.0/ports HTTP/1.1" status: 201 len: 942 time: 0.3485515
2026-03-06 01:44:01.812 10 INFO neutron.api.wsgi [req-b51cd774-15e7-46eb-b8d2-07f3d92ed39a req-a86a1360-4cf8-4989-a5fc-d3ff3374afb2 8eb44330508a426c9ba86ad21a028714 e548c96dd269448eb17847e3a6495a83 - - a3b3c7e74b3740aba4cc2320f7985a70 a3b3c7e74b3740aba4cc2320f7985a70] 10.0.0.209 "GET /v2.0/networks/bca3b067-bbe9-4862-8ea9-78e4b8568644?fields=provider%3Aphysical_network&fields=provider%3Anetwork_type HTTP/1.1" status: 200 len: 277 time: 0.0422747
2026-03-06 01:44:01.818 9 WARNING neutron_lib.context [None req-cfa9f6b6-9469-4c4e-89b3-147a662e0884 cdf3a2282a004c99a3ca6d1b161f4c1e f58c150b12fc45b9bcfadb66a3279526 - - default default] Method 'is_advsvc' is deprecated since 2023.2 release (neutron-lib 3.8.0) and will be removed once support for the old RBAC API policies will be removed from Neutron. Please use method 'is_service_role' instead.
2026-03-06 01:44:01.898 9 INFO neutron.db.segments_db [None req-cfa9f6b6-9469-4c4e-89b3-147a662e0884 cdf3a2282a004c99a3ca6d1b161f4c1e f58c150b12fc45b9bcfadb66a3279526 - - default default] Added segment 0d4d56af-4591-4713-8a35-a7ab13468433 of type geneve for network 9ef8319c-f4b1-450e-a389-f9f72526bb27
2026-03-06 01:44:01.945 10 INFO neutron.api.wsgi [req-99768f59-86f1-4c2d-bc66-22bdf2023ac2 req-7dba115d-a718-45ab-a388-5894139a453f 80225ead0d42461bb9b93180fc26da51 b108462240f34ff58801c6b3f8c657e6 - - default default] 10.0.0.209 "GET /v2.0/ports?device_id=9a7376f5-7159-469a-8d87-1d31b40fcfaa HTTP/1.1" status: 200 len: 210 time: 0.0190046
2026-03-06 01:44:02.015 9 INFO neutron.db.ovn_revision_numbers_db [None req-cfa9f6b6-9469-4c4e-89b3-147a662e0884 cdf3a2282a004c99a3ca6d1b161f4c1e f58c150b12fc45b9bcfadb66a3279526 - - default default] Successfully bumped revision number for resource 9ef8319c-f4b1-450e-a389-f9f72526bb27 (type: networks) to 1
2026-03-06 01:44:02.173 9 WARNING neutron.scheduler.dhcp_agent_scheduler [None req-cfa9f6b6-9469-4c4e-89b3-147a662e0884 cdf3a2282a004c99a3ca6d1b161f4c1e f58c150b12fc45b9bcfadb66a3279526 - - default default] No more DHCP agents
2026-03-06 01:44:02.174 9 WARNING neutron.api.rpc.agentnotifiers.dhcp_rpc_agent_api [None req-cfa9f6b6-9469-4c4e-89b3-147a662e0884 cdf3a2282a004c99a3ca6d1b161f4c1e f58c150b12fc45b9bcfadb66a3279526 - - default default] Unable to schedule network 9ef8319c-f4b1-450e-a389-f9f72526bb27: no agents available; will retry on subsequent port and subnet creation events.
2026-03-06 01:44:02.238 9 INFO neutron.db.ovn_revision_numbers_db [None req-cfa9f6b6-9469-4c4e-89b3-147a662e0884 cdf3a2282a004c99a3ca6d1b161f4c1e f58c150b12fc45b9bcfadb66a3279526 - - default default] Successfully bumped revision number for resource 31515d89-6db3-4e46-9f95-13269136794a (type: ports) to 1
2026-03-06 01:44:02.261 9 INFO neutron.api.wsgi [None req-cfa9f6b6-9469-4c4e-89b3-147a662e0884 cdf3a2282a004c99a3ca6d1b161f4c1e f58c150b12fc45b9bcfadb66a3279526 - - default default] 10.0.0.122 "POST /v2.0/networks HTTP/1.1" status: 201 len: 831 time: 0.4496725
2026-03-06 01:44:02.269 9 WARNING neutron_lib.context [None req-263cb2a3-8540-4011-a92b-71fdae2b5ed3 cdf3a2282a004c99a3ca6d1b161f4c1e f58c150b12fc45b9bcfadb66a3279526 - - default default] Method 'is_advsvc' is deprecated since 2023.2 release (neutron-lib 3.8.0) and will be removed once support for the old RBAC API policies will be removed from Neutron. Please use method 'is_service_role' instead.
2026-03-06 01:44:02.335 9 INFO neutron.notifiers.nova [-] Nova event matching ['req-55138c3e-2d7a-476c-9257-130740fe6ddf'] response: {'server_uuid': '9cfdbdea-5215-47d5-95fb-aa3293207b70', 'name': 'network-vif-plugged', 'status': 'completed', 'tag': 'c9bec741-5b78-49dc-90f6-d597a249371b', 'code': 200}
2026-03-06 01:44:02.469 10 WARNING neutron.plugins.ml2.drivers.ovn.mech_driver.ovsdb.ovn_client [None req-27e9632a-928c-48b6-8547-92c965f6bf1d - - - - - -] No hosting information found for port 60b21d8a-bd0b-4450-88f4-5560734f8410: RuntimeError: No hosting information found for port 60b21d8a-bd0b-4450-88f4-5560734f8410
2026-03-06 01:44:02.496 9 WARNING neutron.scheduler.dhcp_agent_scheduler [None req-263cb2a3-8540-4011-a92b-71fdae2b5ed3 cdf3a2282a004c99a3ca6d1b161f4c1e f58c150b12fc45b9bcfadb66a3279526 - - default default] No more DHCP agents
2026-03-06 01:44:02.497 9 WARNING neutron.api.rpc.agentnotifiers.dhcp_rpc_agent_api [None req-263cb2a3-8540-4011-a92b-71fdae2b5ed3 cdf3a2282a004c99a3ca6d1b161f4c1e f58c150b12fc45b9bcfadb66a3279526 - - default default] Unable to schedule network 9ef8319c-f4b1-450e-a389-f9f72526bb27: no agents available; will retry on subsequent port and subnet creation events.
2026-03-06 01:44:02.568 9 INFO neutron.db.ovn_revision_numbers_db [None req-263cb2a3-8540-4011-a92b-71fdae2b5ed3 cdf3a2282a004c99a3ca6d1b161f4c1e f58c150b12fc45b9bcfadb66a3279526 - - default default] Successfully bumped revision number for resource b709678a-e105-4198-98a6-344971d56e7d (type: ports) to 1
2026-03-06 01:44:02.593 9 INFO neutron.api.wsgi [None req-263cb2a3-8540-4011-a92b-71fdae2b5ed3 cdf3a2282a004c99a3ca6d1b161f4c1e f58c150b12fc45b9bcfadb66a3279526 - - default default] 10.0.0.122 "POST /v2.0/ports HTTP/1.1" status: 201 len: 942 time: 0.3279183 /var/lib/openstack/lib/python3.12/site-packages/pycadf/identifier.py:71: UserWarning: Invalid uuid: neutron. To ensure interoperability, identifiers should be a valid uuid. warnings.warn(('Invalid uuid: %s. To ensure interoperability, '
2026-03-06 01:44:02.602 9 WARNING neutron_lib.context [None req-a60d074d-d4dd-44f0-9c5f-1b1405f3c559 cdf3a2282a004c99a3ca6d1b161f4c1e f58c150b12fc45b9bcfadb66a3279526 - - default default] Method 'is_advsvc' is deprecated since 2023.2 release (neutron-lib 3.8.0) and will be removed once support for the old RBAC API policies will be removed from Neutron. Please use method 'is_service_role' instead.
2026-03-06 01:44:02.685 9 INFO neutron.db.segments_db [None req-a60d074d-d4dd-44f0-9c5f-1b1405f3c559 cdf3a2282a004c99a3ca6d1b161f4c1e f58c150b12fc45b9bcfadb66a3279526 - - default default] Added segment 7cbb4735-1d0f-4c64-8200-ede90b1dfde6 of type geneve for network e9784cad-4926-4f95-b172-04efdc2506b6
2026-03-06 01:44:02.786 9 INFO neutron.db.ovn_revision_numbers_db [None req-a60d074d-d4dd-44f0-9c5f-1b1405f3c559 cdf3a2282a004c99a3ca6d1b161f4c1e f58c150b12fc45b9bcfadb66a3279526 - - default default] Successfully bumped revision number for resource e9784cad-4926-4f95-b172-04efdc2506b6 (type: networks) to 1
2026-03-06 01:44:02.794 10 INFO neutron.db.ovn_revision_numbers_db [None req-27e9632a-928c-48b6-8547-92c965f6bf1d - - - - - -] Successfully bumped revision number for resource 60b21d8a-bd0b-4450-88f4-5560734f8410 (type: router_ports) to 2
2026-03-06 01:44:02.828 10 INFO neutron.api.wsgi [req-68fbd00f-3472-44ba-a178-44e967d9c84d req-312d1175-0251-45b6-9c8e-69efcba47108 1e7dc8fe47e6429cb2bb978ca1cc15c6 648b6b88fee64ac1b19ebad9b51eece1 - - default default] 10.0.0.209 "GET /v2.0/ports/c9bec741-5b78-49dc-90f6-d597a249371b HTTP/1.1" status: 200 len: 1458 time: 0.0285540
2026-03-06 01:44:02.940 9 WARNING neutron.scheduler.dhcp_agent_scheduler [None req-a60d074d-d4dd-44f0-9c5f-1b1405f3c559 cdf3a2282a004c99a3ca6d1b161f4c1e f58c150b12fc45b9bcfadb66a3279526 - - default default] No more DHCP agents
2026-03-06 01:44:02.941 9 WARNING neutron.api.rpc.agentnotifiers.dhcp_rpc_agent_api [None req-a60d074d-d4dd-44f0-9c5f-1b1405f3c559 cdf3a2282a004c99a3ca6d1b161f4c1e f58c150b12fc45b9bcfadb66a3279526 - - default default] Unable to schedule network e9784cad-4926-4f95-b172-04efdc2506b6: no agents available; will retry on subsequent port and subnet creation events.
2026-03-06 01:44:03.001 9 INFO neutron.db.ovn_revision_numbers_db [None req-a60d074d-d4dd-44f0-9c5f-1b1405f3c559 cdf3a2282a004c99a3ca6d1b161f4c1e f58c150b12fc45b9bcfadb66a3279526 - - default default] Successfully bumped revision number for resource bfef1eae-c994-4011-b822-2a8641ae5f96 (type: ports) to 1
2026-03-06 01:44:03.021 9 INFO neutron.api.wsgi [None req-a60d074d-d4dd-44f0-9c5f-1b1405f3c559 cdf3a2282a004c99a3ca6d1b161f4c1e f58c150b12fc45b9bcfadb66a3279526 - - default default] 10.0.0.122 "POST /v2.0/networks HTTP/1.1" status: 201 len: 831 time: 0.4237494
2026-03-06 01:44:03.030 9 WARNING neutron_lib.context [None req-f645c6e9-05db-4ff2-81c0-1f771c3065a3 cdf3a2282a004c99a3ca6d1b161f4c1e f58c150b12fc45b9bcfadb66a3279526 - - default default] Method 'is_advsvc' is deprecated since 2023.2 release (neutron-lib 3.8.0) and will be removed once support for the old RBAC API policies will be removed from Neutron. Please use method 'is_service_role' instead.
2026-03-06 01:44:03.047 10 INFO neutron.api.wsgi [req-fd80038a-5779-49bc-82fe-ef2fbb2ec060 req-bcdf7bb9-1502-452b-b4af-16b59aef0243 80225ead0d42461bb9b93180fc26da51 b108462240f34ff58801c6b3f8c657e6 - - default default] 10.0.0.209 "GET /v2.0/ports?device_id=9a7376f5-7159-469a-8d87-1d31b40fcfaa HTTP/1.1" status: 200 len: 210 time: 0.0338109
2026-03-06 01:44:03.243 9 WARNING neutron.scheduler.dhcp_agent_scheduler [None req-f645c6e9-05db-4ff2-81c0-1f771c3065a3 cdf3a2282a004c99a3ca6d1b161f4c1e f58c150b12fc45b9bcfadb66a3279526 - - default default] No more DHCP agents
2026-03-06 01:44:03.244 9 WARNING neutron.api.rpc.agentnotifiers.dhcp_rpc_agent_api [None req-f645c6e9-05db-4ff2-81c0-1f771c3065a3 cdf3a2282a004c99a3ca6d1b161f4c1e f58c150b12fc45b9bcfadb66a3279526 - - default default] Unable to schedule network e9784cad-4926-4f95-b172-04efdc2506b6: no agents available; will retry on subsequent port and subnet creation events.
2026-03-06 01:44:03.265 10 INFO neutron.db.ovn_revision_numbers_db [None req-e405ef68-8254-4b67-b664-fa70c65c6091 1e7dc8fe47e6429cb2bb978ca1cc15c6 648b6b88fee64ac1b19ebad9b51eece1 - - default default] Successfully bumped revision number for resource c9bec741-5b78-49dc-90f6-d597a249371b (type: ports) to 6
2026-03-06 01:44:03.278 10 INFO neutron.api.wsgi [None req-e405ef68-8254-4b67-b664-fa70c65c6091 1e7dc8fe47e6429cb2bb978ca1cc15c6 648b6b88fee64ac1b19ebad9b51eece1 - - default default] 199.204.45.155 "PUT /v2.0/ports/c9bec741-5b78-49dc-90f6-d597a249371b HTTP/1.1" status: 200 len: 1490 time: 0.4434164 /var/lib/openstack/lib/python3.12/site-packages/pycadf/identifier.py:71: UserWarning: Invalid uuid: neutron. To ensure interoperability, identifiers should be a valid uuid. warnings.warn(('Invalid uuid: %s. To ensure interoperability, '
2026-03-06 01:44:03.293 9 INFO neutron.db.ovn_revision_numbers_db [None req-f645c6e9-05db-4ff2-81c0-1f771c3065a3 cdf3a2282a004c99a3ca6d1b161f4c1e f58c150b12fc45b9bcfadb66a3279526 - - default default] Successfully bumped revision number for resource 1685ea15-9232-4f8c-994a-aa78a1f7635c (type: ports) to 1
2026-03-06 01:44:03.295 10 INFO neutron.api.v2.resource [None req-81eed1bd-0446-4da6-8c78-c862e89e70a3 1e7dc8fe47e6429cb2bb978ca1cc15c6 648b6b88fee64ac1b19ebad9b51eece1 - - default default] show failed (client error): The resource could not be found.
2026-03-06 01:44:03.296 10 INFO neutron.api.wsgi [None req-81eed1bd-0446-4da6-8c78-c862e89e70a3 1e7dc8fe47e6429cb2bb978ca1cc15c6 648b6b88fee64ac1b19ebad9b51eece1 - - default default] 199.204.45.155 "GET /v2.0/security-groups/lb-60a81465-aacf-4845-967b-4b49a3da21d4 HTTP/1.1" status: 404 len: 355 time: 0.0090847
2026-03-06 01:44:03.308 10 INFO neutron.notifiers.nova [-] Nova event matching ['req-5fc7a056-79fe-49cb-8674-ef5fda29d7c2'] response: {'name': 'network-changed', 'server_uuid': '9cfdbdea-5215-47d5-95fb-aa3293207b70', 'tag': 'c9bec741-5b78-49dc-90f6-d597a249371b', 'status': 'completed', 'code': 200}
2026-03-06 01:44:03.316 9 INFO neutron.api.wsgi [None req-f645c6e9-05db-4ff2-81c0-1f771c3065a3 cdf3a2282a004c99a3ca6d1b161f4c1e f58c150b12fc45b9bcfadb66a3279526 - - default default] 10.0.0.122 "POST /v2.0/ports HTTP/1.1" status: 201 len: 942 time: 0.2899539 /var/lib/openstack/lib/python3.12/site-packages/pycadf/identifier.py:71: UserWarning: Invalid uuid: neutron. To ensure interoperability, identifiers should be a valid uuid. warnings.warn(('Invalid uuid: %s. To ensure interoperability, '
2026-03-06 01:44:03.326 9 WARNING neutron_lib.context [None req-ebaa3901-3043-45d9-9c3f-6188204be542 cdf3a2282a004c99a3ca6d1b161f4c1e f58c150b12fc45b9bcfadb66a3279526 - - default default] Method 'is_advsvc' is deprecated since 2023.2 release (neutron-lib 3.8.0) and will be removed once support for the old RBAC API policies will be removed from Neutron. Please use method 'is_service_role' instead.
2026-03-06 01:44:03.329 10 INFO neutron.api.wsgi [None req-6fec0282-081a-4eb2-aa7e-fcf86f068d34 1e7dc8fe47e6429cb2bb978ca1cc15c6 648b6b88fee64ac1b19ebad9b51eece1 - - default default] 199.204.45.155 "GET /v2.0/security-groups?name=lb-60a81465-aacf-4845-967b-4b49a3da21d4 HTTP/1.1" status: 200 len: 1837 time: 0.0310915
2026-03-06 01:44:03.417 9 INFO neutron.db.segments_db [None req-ebaa3901-3043-45d9-9c3f-6188204be542 cdf3a2282a004c99a3ca6d1b161f4c1e f58c150b12fc45b9bcfadb66a3279526 - - default default] Added segment 9ed4d68f-a564-4f5d-8012-8d03a793dd6c of type geneve for network 9899b14f-f03a-4f9c-815d-61f4fa2c3d6f
2026-03-06 01:44:03.526 9 INFO neutron.db.ovn_revision_numbers_db [None req-ebaa3901-3043-45d9-9c3f-6188204be542 cdf3a2282a004c99a3ca6d1b161f4c1e f58c150b12fc45b9bcfadb66a3279526 - - default default] Successfully bumped revision number for resource 9899b14f-f03a-4f9c-815d-61f4fa2c3d6f (type: networks) to 1
2026-03-06 01:44:03.612 10 INFO neutron.db.ovn_revision_numbers_db [None req-72b56fb0-09b8-496f-aa90-d2f8e6ab035e 1e7dc8fe47e6429cb2bb978ca1cc15c6 648b6b88fee64ac1b19ebad9b51eece1 - - default default] Successfully bumped revision number for resource c9bec741-5b78-49dc-90f6-d597a249371b (type: ports) to 7
2026-03-06 01:44:03.625 10 INFO neutron.api.wsgi [None req-72b56fb0-09b8-496f-aa90-d2f8e6ab035e 1e7dc8fe47e6429cb2bb978ca1cc15c6 648b6b88fee64ac1b19ebad9b51eece1 - - default default] 199.204.45.155 "PUT /v2.0/ports/c9bec741-5b78-49dc-90f6-d597a249371b HTTP/1.1" status: 200 len: 1490 time: 0.2881474
2026-03-06 01:44:03.675 9 WARNING neutron.scheduler.dhcp_agent_scheduler [None req-ebaa3901-3043-45d9-9c3f-6188204be542 cdf3a2282a004c99a3ca6d1b161f4c1e f58c150b12fc45b9bcfadb66a3279526 - - default default] No more DHCP agents
2026-03-06 01:44:03.677 9 WARNING neutron.api.rpc.agentnotifiers.dhcp_rpc_agent_api [None req-ebaa3901-3043-45d9-9c3f-6188204be542 cdf3a2282a004c99a3ca6d1b161f4c1e f58c150b12fc45b9bcfadb66a3279526 - - default default] Unable to schedule network 9899b14f-f03a-4f9c-815d-61f4fa2c3d6f: no agents available; will retry on subsequent port and subnet creation events.
2026-03-06 01:44:03.742 9 INFO neutron.db.ovn_revision_numbers_db [None req-ebaa3901-3043-45d9-9c3f-6188204be542 cdf3a2282a004c99a3ca6d1b161f4c1e f58c150b12fc45b9bcfadb66a3279526 - - default default] Successfully bumped revision number for resource c683821e-c6ec-420a-a8f9-38d447a261f6 (type: ports) to 1
2026-03-06 01:44:03.761 9 INFO neutron.api.wsgi [None req-ebaa3901-3043-45d9-9c3f-6188204be542 cdf3a2282a004c99a3ca6d1b161f4c1e f58c150b12fc45b9bcfadb66a3279526 - - default default] 10.0.0.122 "POST /v2.0/networks HTTP/1.1" status: 201 len: 831 time: 0.4395297
2026-03-06 01:44:03.771 9 WARNING neutron_lib.context [None req-a4c32136-a7a0-4868-9e9f-431c0d4f3529 cdf3a2282a004c99a3ca6d1b161f4c1e f58c150b12fc45b9bcfadb66a3279526 - - default default] Method 'is_advsvc' is deprecated since 2023.2 release (neutron-lib 3.8.0) and will be removed once support for the old RBAC API policies will be removed from Neutron. Please use method 'is_service_role' instead. /var/lib/openstack/lib/python3.12/site-packages/pycadf/identifier.py:71: UserWarning: Invalid uuid: neutron. To ensure interoperability, identifiers should be a valid uuid. warnings.warn(('Invalid uuid: %s. To ensure interoperability, '
2026-03-06 01:44:03.858 10 INFO neutron.api.wsgi [req-8137074c-aea5-4f02-8fdb-1e94e356a038 req-cc578197-2fa7-4788-8087-010ac947aeac 8eb44330508a426c9ba86ad21a028714 e548c96dd269448eb17847e3a6495a83 - - a3b3c7e74b3740aba4cc2320f7985a70 a3b3c7e74b3740aba4cc2320f7985a70] 199.204.45.155 "GET /v2.0/ports?tenant_id=648b6b88fee64ac1b19ebad9b51eece1&device_id=9cfdbdea-5215-47d5-95fb-aa3293207b70 HTTP/1.1" status: 200 len: 2727 time: 0.0383010
2026-03-06 01:44:03.904 10 INFO neutron.api.wsgi [req-8137074c-aea5-4f02-8fdb-1e94e356a038 req-42e18e26-dd8b-4863-88f7-bc59cd1354b5 8eb44330508a426c9ba86ad21a028714 e548c96dd269448eb17847e3a6495a83 - - a3b3c7e74b3740aba4cc2320f7985a70 a3b3c7e74b3740aba4cc2320f7985a70] 199.204.45.155 "GET /v2.0/networks?id=c052d116-70a7-401f-97e2-f369f5475d83 HTTP/1.1" status: 200 len: 1005 time: 0.0419741
2026-03-06 01:44:03.923 10 INFO neutron.api.wsgi [req-8137074c-aea5-4f02-8fdb-1e94e356a038 req-e17b02d4-ddcc-4ad6-be81-ef1a4a167011 8eb44330508a426c9ba86ad21a028714 e548c96dd269448eb17847e3a6495a83 - - a3b3c7e74b3740aba4cc2320f7985a70 a3b3c7e74b3740aba4cc2320f7985a70] 199.204.45.155 "GET /v2.0/floatingips?fixed_ip_address=10.1.1.136&port_id=c9bec741-5b78-49dc-90f6-d597a249371b HTTP/1.1" status: 200 len: 217 time: 0.0157955
2026-03-06 01:44:03.951 10 INFO neutron.api.wsgi [req-8137074c-aea5-4f02-8fdb-1e94e356a038 req-6f0101dd-4a16-4ff7-adf8-ae2124cff7ce 8eb44330508a426c9ba86ad21a028714 e548c96dd269448eb17847e3a6495a83 - - a3b3c7e74b3740aba4cc2320f7985a70 a3b3c7e74b3740aba4cc2320f7985a70] 199.204.45.155 "GET /v2.0/subnets?id=98324841-6b08-4da6-b4af-cd7e39c7bd9f HTTP/1.1" status: 200 len: 877 time: 0.0247798
2026-03-06 01:44:03.971 10 INFO neutron.api.wsgi [req-8137074c-aea5-4f02-8fdb-1e94e356a038 req-991e76e8-cc09-4a61-b3cd-10636cb34932 8eb44330508a426c9ba86ad21a028714 e548c96dd269448eb17847e3a6495a83 - - a3b3c7e74b3740aba4cc2320f7985a70 a3b3c7e74b3740aba4cc2320f7985a70] 199.204.45.155 "GET /v2.0/ports?network_id=c052d116-70a7-401f-97e2-f369f5475d83&device_owner=network%3Adhcp HTTP/1.1" status: 200 len: 210 time: 0.0168326
2026-03-06 01:44:03.985 9 WARNING neutron.scheduler.dhcp_agent_scheduler [None req-a4c32136-a7a0-4868-9e9f-431c0d4f3529 cdf3a2282a004c99a3ca6d1b161f4c1e f58c150b12fc45b9bcfadb66a3279526 - - default default] No more DHCP agents
2026-03-06 01:44:03.988 9 WARNING neutron.api.rpc.agentnotifiers.dhcp_rpc_agent_api [None req-a4c32136-a7a0-4868-9e9f-431c0d4f3529 cdf3a2282a004c99a3ca6d1b161f4c1e f58c150b12fc45b9bcfadb66a3279526 - - default default] Unable to schedule network 9899b14f-f03a-4f9c-815d-61f4fa2c3d6f: no agents available; will retry on subsequent port and subnet creation events.
2026-03-06 01:44:04.020 10 INFO neutron.api.wsgi [req-8137074c-aea5-4f02-8fdb-1e94e356a038 req-91186de2-c5cc-408f-9adc-b55f044cdebb 8eb44330508a426c9ba86ad21a028714 e548c96dd269448eb17847e3a6495a83 - - a3b3c7e74b3740aba4cc2320f7985a70 a3b3c7e74b3740aba4cc2320f7985a70] 199.204.45.155 "GET /v2.0/networks/c052d116-70a7-401f-97e2-f369f5475d83?fields=segments HTTP/1.1" status: 200 len: 212 time: 0.0439756
2026-03-06 01:44:04.054 9 INFO neutron.db.ovn_revision_numbers_db [None req-a4c32136-a7a0-4868-9e9f-431c0d4f3529 cdf3a2282a004c99a3ca6d1b161f4c1e f58c150b12fc45b9bcfadb66a3279526 - - default default] Successfully bumped revision number for resource c8d59448-1f27-493a-b3d9-0033746f2570 (type: ports) to 1
2026-03-06 01:44:04.063 10 INFO neutron.api.wsgi [req-8137074c-aea5-4f02-8fdb-1e94e356a038 req-74232053-453f-4ffd-8006-d5bb82d510dd 8eb44330508a426c9ba86ad21a028714 e548c96dd269448eb17847e3a6495a83 - - a3b3c7e74b3740aba4cc2320f7985a70 a3b3c7e74b3740aba4cc2320f7985a70] 199.204.45.155 "GET /v2.0/networks/c052d116-70a7-401f-97e2-f369f5475d83?fields=provider%3Aphysical_network&fields=provider%3Anetwork_type HTTP/1.1" status: 200 len: 277 time: 0.0372810
2026-03-06 01:44:04.072 9 INFO neutron.api.wsgi [None req-a4c32136-a7a0-4868-9e9f-431c0d4f3529 cdf3a2282a004c99a3ca6d1b161f4c1e f58c150b12fc45b9bcfadb66a3279526 - - default default] 10.0.0.122 "POST /v2.0/ports HTTP/1.1" status: 201 len: 942 time: 0.3054867 /var/lib/openstack/lib/python3.12/site-packages/pycadf/identifier.py:71: UserWarning: Invalid uuid: neutron. To ensure interoperability, identifiers should be a valid uuid. warnings.warn(('Invalid uuid: %s. To ensure interoperability, '
2026-03-06 01:44:04.081 9 WARNING neutron_lib.context [None req-5c9952c5-f235-4118-b0f8-dee0536ceb67 cdf3a2282a004c99a3ca6d1b161f4c1e f58c150b12fc45b9bcfadb66a3279526 - - default default] Method 'is_advsvc' is deprecated since 2023.2 release (neutron-lib 3.8.0) and will be removed once support for the old RBAC API policies will be removed from Neutron. Please use method 'is_service_role' instead.
2026-03-06 01:44:04.116 10 INFO neutron.api.wsgi [req-3e713eb0-9d10-40d7-896c-000c48416dd5 req-2c391b4f-48a7-497f-9a1f-60b428de8c52 80225ead0d42461bb9b93180fc26da51 b108462240f34ff58801c6b3f8c657e6 - - default default] 10.0.0.209 "GET /v2.0/ports?device_id=9a7376f5-7159-469a-8d87-1d31b40fcfaa HTTP/1.1" status: 200 len: 210 time: 0.0170093
2026-03-06 01:44:04.153 10 INFO neutron.api.wsgi [None req-d7925a66-da14-47be-91d3-82f7eef403af 1e7dc8fe47e6429cb2bb978ca1cc15c6 648b6b88fee64ac1b19ebad9b51eece1 - - default default] 199.204.45.155 "GET /v2.0/extensions/security-group HTTP/1.1" status: 200 len: 369 time: 0.0046725
2026-03-06 01:44:04.160 9 INFO neutron.db.segments_db [None req-5c9952c5-f235-4118-b0f8-dee0536ceb67 cdf3a2282a004c99a3ca6d1b161f4c1e f58c150b12fc45b9bcfadb66a3279526 - - default default] Added segment 24614056-0577-4169-a992-4ddb95394cf3 of type geneve for network 082da81c-edbd-4b1d-ad80-020964d55323
2026-03-06 01:44:04.164 10 INFO neutron.api.wsgi [None req-ace15ba8-e59f-4768-99d6-c891c03733ec 1e7dc8fe47e6429cb2bb978ca1cc15c6 648b6b88fee64ac1b19ebad9b51eece1 - - default default] 199.204.45.155 "GET /v2.0/extensions/dns-integration HTTP/1.1" status: 200 len: 371 time: 0.0040755
2026-03-06 01:44:04.171 10 INFO neutron.api.wsgi [None req-1a48fdd4-e1b8-417e-b17e-fa3d884fd7c6 1e7dc8fe47e6429cb2bb978ca1cc15c6 648b6b88fee64ac1b19ebad9b51eece1 - - default default] 199.204.45.155 "GET /v2.0/extensions/qos HTTP/1.1" status: 200 len: 365 time: 0.0036232
2026-03-06 01:44:04.178 10 INFO neutron.api.wsgi [None req-1f2ed3e4-e31c-4a7c-abb9-ead4b86a3af8 1e7dc8fe47e6429cb2bb978ca1cc15c6 648b6b88fee64ac1b19ebad9b51eece1 - - default default] 199.204.45.155 "GET /v2.0/extensions/allowed-address-pairs HTTP/1.1" status: 200 len: 383 time: 0.0033212
2026-03-06 01:44:04.205 10 INFO neutron.api.wsgi [None req-5bbd12b3-54ee-4b96-980d-8930ea6a549a 1e7dc8fe47e6429cb2bb978ca1cc15c6 648b6b88fee64ac1b19ebad9b51eece1 - - default default] 199.204.45.155 "GET /v2.0/subnets/98324841-6b08-4da6-b4af-cd7e39c7bd9f HTTP/1.1" status: 200 len: 874 time: 0.0235286
2026-03-06 01:44:04.242 10 INFO neutron.api.wsgi [None req-ba99c55b-dea1-409e-aa66-1b15cb4966d8 1e7dc8fe47e6429cb2bb978ca1cc15c6 648b6b88fee64ac1b19ebad9b51eece1 - - default default] 199.204.45.155 "GET /v2.0/ports/79173243-faba-49d0-a6e4-462d2e8fec96 HTTP/1.1" status: 200 len: 1328 time: 0.0307171
2026-03-06 01:44:04.260 9 INFO neutron.db.ovn_revision_numbers_db [None req-5c9952c5-f235-4118-b0f8-dee0536ceb67 cdf3a2282a004c99a3ca6d1b161f4c1e f58c150b12fc45b9bcfadb66a3279526 - - default default] Successfully bumped revision number for resource 082da81c-edbd-4b1d-ad80-020964d55323 (type: networks) to 1
2026-03-06 01:44:04.288 10 INFO neutron.api.wsgi [None req-984d181c-db12-4db0-b3a4-6940990d605b 1e7dc8fe47e6429cb2bb978ca1cc15c6 648b6b88fee64ac1b19ebad9b51eece1 - - default default] 199.204.45.155 "GET /v2.0/ports/c9bec741-5b78-49dc-90f6-d597a249371b HTTP/1.1" status: 200 len: 1518 time: 0.0382822
2026-03-06 01:44:04.315 10 INFO neutron.api.wsgi [None req-c6751e57-179a-4f7a-8647-ec8a545174d5 1e7dc8fe47e6429cb2bb978ca1cc15c6 648b6b88fee64ac1b19ebad9b51eece1 - - default default] 199.204.45.155 "GET /v2.0/subnets/98324841-6b08-4da6-b4af-cd7e39c7bd9f HTTP/1.1" status: 200 len: 874 time: 0.0190399
2026-03-06 01:44:04.363 10 INFO neutron.api.wsgi [None req-50c2e230-1fa3-46bd-a6b8-0063ac10041d 1e7dc8fe47e6429cb2bb978ca1cc15c6 648b6b88fee64ac1b19ebad9b51eece1 - - default default] 199.204.45.155 "GET /v2.0/networks/c052d116-70a7-401f-97e2-f369f5475d83 HTTP/1.1" status: 200 len: 1002 time: 0.0444973
2026-03-06 01:44:04.395 9 WARNING neutron.scheduler.dhcp_agent_scheduler [None req-5c9952c5-f235-4118-b0f8-dee0536ceb67 cdf3a2282a004c99a3ca6d1b161f4c1e f58c150b12fc45b9bcfadb66a3279526 - - default default] No more DHCP agents
2026-03-06 01:44:04.396 9 WARNING neutron.api.rpc.agentnotifiers.dhcp_rpc_agent_api [None req-5c9952c5-f235-4118-b0f8-dee0536ceb67 cdf3a2282a004c99a3ca6d1b161f4c1e f58c150b12fc45b9bcfadb66a3279526 - - default default] Unable to schedule network 082da81c-edbd-4b1d-ad80-020964d55323: no agents available; will retry on subsequent port and subnet creation events.
2026-03-06 01:44:04.399 10 INFO neutron.api.wsgi [None req-a4301dc4-040d-4ccf-925a-b5048faca89a 1e7dc8fe47e6429cb2bb978ca1cc15c6 648b6b88fee64ac1b19ebad9b51eece1 - - default default] 199.204.45.155 "GET /v2.0/ports/79173243-faba-49d0-a6e4-462d2e8fec96 HTTP/1.1" status: 200 len: 1328 time: 0.0286064
2026-03-06 01:44:04.432 10 INFO neutron.api.wsgi [None req-2c703c02-dba1-4c5e-b3f2-060c92016fc6 1e7dc8fe47e6429cb2bb978ca1cc15c6 648b6b88fee64ac1b19ebad9b51eece1 - - default default] 199.204.45.155 "GET /v2.0/subnets/98324841-6b08-4da6-b4af-cd7e39c7bd9f HTTP/1.1" status: 200 len: 874 time: 0.0269327
2026-03-06 01:44:04.451 9 INFO neutron.db.ovn_revision_numbers_db [None req-5c9952c5-f235-4118-b0f8-dee0536ceb67 cdf3a2282a004c99a3ca6d1b161f4c1e f58c150b12fc45b9bcfadb66a3279526 - - default default] Successfully bumped revision number for resource 8f3e2046-333a-4016-866f-aa60e59f57d8 (type: ports) to 1
2026-03-06 01:44:04.470 9 INFO neutron.api.wsgi [None req-5c9952c5-f235-4118-b0f8-dee0536ceb67 cdf3a2282a004c99a3ca6d1b161f4c1e f58c150b12fc45b9bcfadb66a3279526 - - default default] 10.0.0.122 "POST /v2.0/networks HTTP/1.1" status: 201 len: 830 time: 0.3920143
2026-03-06 01:44:04.479 9 WARNING neutron_lib.context [None req-51736856-1047-4ee8-9833-f857d00d4e13 cdf3a2282a004c99a3ca6d1b161f4c1e f58c150b12fc45b9bcfadb66a3279526 - - default default] Method 'is_advsvc' is deprecated since 2023.2 release (neutron-lib 3.8.0) and will be removed once support for the old RBAC API policies will be removed from Neutron. Please use method 'is_service_role' instead.
2026-03-06 01:44:04.703 9 WARNING neutron.scheduler.dhcp_agent_scheduler [None req-51736856-1047-4ee8-9833-f857d00d4e13 cdf3a2282a004c99a3ca6d1b161f4c1e f58c150b12fc45b9bcfadb66a3279526 - - default default] No more DHCP agents
2026-03-06 01:44:04.705 9 WARNING neutron.api.rpc.agentnotifiers.dhcp_rpc_agent_api [None req-51736856-1047-4ee8-9833-f857d00d4e13 cdf3a2282a004c99a3ca6d1b161f4c1e f58c150b12fc45b9bcfadb66a3279526 - - default default] Unable to schedule network 082da81c-edbd-4b1d-ad80-020964d55323: no agents available; will retry on subsequent port and subnet creation events.
2026-03-06 01:44:04.768 9 INFO neutron.db.ovn_revision_numbers_db [None req-51736856-1047-4ee8-9833-f857d00d4e13 cdf3a2282a004c99a3ca6d1b161f4c1e f58c150b12fc45b9bcfadb66a3279526 - - default default] Successfully bumped revision number for resource acdbe1ab-232a-4062-9afd-b4130a1cdba5 (type: ports) to 1
2026-03-06 01:44:04.791 9 INFO neutron.api.wsgi [None req-51736856-1047-4ee8-9833-f857d00d4e13 cdf3a2282a004c99a3ca6d1b161f4c1e f58c150b12fc45b9bcfadb66a3279526 - - default default] 10.0.0.122 "POST /v2.0/ports HTTP/1.1" status: 201 len: 942 time: 0.3160031 /var/lib/openstack/lib/python3.12/site-packages/pycadf/identifier.py:71: UserWarning: Invalid uuid: neutron. To ensure interoperability, identifiers should be a valid uuid. warnings.warn(('Invalid uuid: %s. To ensure interoperability, '
2026-03-06 01:44:04.841 9 INFO neutron.api.wsgi [None req-97a06c3f-238c-447d-859f-ea78ef9c5a8c cdf3a2282a004c99a3ca6d1b161f4c1e f58c150b12fc45b9bcfadb66a3279526 - - default default] 10.0.0.122 "PUT /v2.0/ports/220850ab-3f8d-4ee4-8bce-0f229d84e706/tags HTTP/1.1" status: 200 len: 210 time: 0.0425406
2026-03-06 01:44:04.887 9 INFO neutron.api.wsgi [None req-3b9dfd56-d6ce-47ca-94e1-c199290cd95e cdf3a2282a004c99a3ca6d1b161f4c1e f58c150b12fc45b9bcfadb66a3279526 - - default default] 10.0.0.122 "PUT /v2.0/ports/b709678a-e105-4198-98a6-344971d56e7d/tags HTTP/1.1" status: 200 len: 218 time: 0.0388074
2026-03-06 01:44:04.928 9 INFO neutron.api.wsgi [None req-e984e371-117e-4ea5-97b8-0776df7a895f cdf3a2282a004c99a3ca6d1b161f4c1e f58c150b12fc45b9bcfadb66a3279526 - - default default] 10.0.0.122 "PUT /v2.0/ports/1685ea15-9232-4f8c-994a-aa78a1f7635c/tags HTTP/1.1" status: 200 len: 227 time: 0.0376129
2026-03-06 01:44:04.970 9 INFO neutron.api.wsgi [None req-4885e6fa-d94e-4dca-980f-bfa4be7c5d90 cdf3a2282a004c99a3ca6d1b161f4c1e f58c150b12fc45b9bcfadb66a3279526 - - default default] 10.0.0.122 "PUT /v2.0/ports/c8d59448-1f27-493a-b3d9-0033746f2570/tags HTTP/1.1" status: 200 len: 212 time: 0.0363667
2026-03-06 01:44:05.103 9 INFO neutron.api.wsgi [None req-fe12e5a5-0883-466b-a10e-53545a0bc61d cdf3a2282a004c99a3ca6d1b161f4c1e f58c150b12fc45b9bcfadb66a3279526 - - default default] 10.0.0.122 "GET /v2.0/ports?tags=red HTTP/1.1" status: 200 len: 2448 time: 0.1284571
2026-03-06 01:44:05.166 9 INFO neutron.api.wsgi [None req-f4a38607-e36e-4b84-933a-e0154c7e8d77 cdf3a2282a004c99a3ca6d1b161f4c1e f58c150b12fc45b9bcfadb66a3279526 - - default default] 10.0.0.122 "GET /v2.0/ports?tags=red%2Cblue HTTP/1.1" status: 200 len: 1708 time: 0.0579419
2026-03-06 01:44:05.200 10 INFO neutron.api.wsgi [req-b07b909e-1eb8-44f9-80b5-345fd7f073ae req-5355886b-7097-468e-803d-d22251c6b4cd 80225ead0d42461bb9b93180fc26da51 b108462240f34ff58801c6b3f8c657e6 - - default default] 10.0.0.209 "GET /v2.0/ports?device_id=9a7376f5-7159-469a-8d87-1d31b40fcfaa HTTP/1.1" status: 200 len: 210 time: 0.0233545
2026-03-06 01:44:05.239 9 INFO neutron.api.wsgi [None req-7dd1c90c-a796-4332-be72-9c0a9ade1f41 cdf3a2282a004c99a3ca6d1b161f4c1e f58c150b12fc45b9bcfadb66a3279526 - - default default] 10.0.0.122 "GET /v2.0/ports?tags-any=blue HTTP/1.1" status: 200 len: 1708 time: 0.0639930
2026-03-06 01:44:05.279 9 INFO neutron.api.wsgi [None req-7f0284e8-c7f1-456f-bd0f-2f350b27c9a1 cdf3a2282a004c99a3ca6d1b161f4c1e f58c150b12fc45b9bcfadb66a3279526 - - default default] 10.0.0.122 "GET /v2.0/ports?tags-any=red%2Cblue HTTP/1.1" status: 200 len: 2448 time: 0.0349562
2026-03-06 01:44:05.347 10 INFO neutron.notifiers.nova [-] Nova event matching ['req-b423e934-c435-4464-8043-377c36c4fcef'] response: {'name': 'network-changed', 'server_uuid': '9cfdbdea-5215-47d5-95fb-aa3293207b70', 'tag': 'c9bec741-5b78-49dc-90f6-d597a249371b', 'status': 'completed', 'code': 200}
2026-03-06 01:44:05.399 9 INFO neutron.api.wsgi [None req-8845e681-1d60-475b-bc2f-35a7b05bc1f5 cdf3a2282a004c99a3ca6d1b161f4c1e f58c150b12fc45b9bcfadb66a3279526 - - default default] 10.0.0.122 "GET /v2.0/ports?not-tags=red HTTP/1.1" status: 200 len: 5463 time: 0.1052604
2026-03-06 01:44:05.475 9 INFO neutron.api.wsgi [None req-c256740b-6226-47da-93be-7585b96f531c cdf3a2282a004c99a3ca6d1b161f4c1e f58c150b12fc45b9bcfadb66a3279526 - - default default] 10.0.0.122 "GET /v2.0/ports?not-tags=red%2Cblue HTTP/1.1" status: 200 len: 6203 time: 0.0716333
2026-03-06 01:44:05.547 9 INFO neutron.api.wsgi [None req-943fdce6-6658-488d-9daa-5fd480d62321 cdf3a2282a004c99a3ca6d1b161f4c1e f58c150b12fc45b9bcfadb66a3279526 - - default default] 10.0.0.122 "GET /v2.0/ports?not-tags-any=blue HTTP/1.1" status: 200 len: 6203 time: 0.0664041
2026-03-06 01:44:05.599 9 INFO neutron.api.wsgi [None req-87971253-61c9-4434-8578-3254a3ad508b cdf3a2282a004c99a3ca6d1b161f4c1e f58c150b12fc45b9bcfadb66a3279526 - - default default] 10.0.0.122 "GET /v2.0/ports?not-tags-any=red%2Cblue HTTP/1.1" status: 200 len: 5463 time: 0.0473228
2026-03-06 01:44:05.817 9 INFO neutron.api.wsgi [None req-bc1308bd-e20e-45fe-b21a-6ae0badb4721 cdf3a2282a004c99a3ca6d1b161f4c1e f58c150b12fc45b9bcfadb66a3279526 - - default default] 10.0.0.122 "DELETE /v2.0/ports/220850ab-3f8d-4ee4-8bce-0f229d84e706 HTTP/1.1" status: 204 len: 168 time: 0.2123287
2026-03-06 01:44:05.890 10 INFO neutron.api.wsgi [req-22268a54-a5fd-4f93-b338-632d65d0c2b4 req-9c6e9edf-ea73-4d8a-b662-ac7e18d9655d 8eb44330508a426c9ba86ad21a028714 e548c96dd269448eb17847e3a6495a83 - - a3b3c7e74b3740aba4cc2320f7985a70 a3b3c7e74b3740aba4cc2320f7985a70] 199.204.45.155 "GET /v2.0/ports?tenant_id=648b6b88fee64ac1b19ebad9b51eece1&device_id=9cfdbdea-5215-47d5-95fb-aa3293207b70 HTTP/1.1" status: 200 len: 2727 time: 0.0338898
2026-03-06 01:44:05.955 10 INFO neutron.api.wsgi [req-22268a54-a5fd-4f93-b338-632d65d0c2b4 req-04e257b2-b6ee-4d22-b304-1d42d890a42d 8eb44330508a426c9ba86ad21a028714 e548c96dd269448eb17847e3a6495a83 - - a3b3c7e74b3740aba4cc2320f7985a70 a3b3c7e74b3740aba4cc2320f7985a70] 199.204.45.155 "GET /v2.0/networks?id=c052d116-70a7-401f-97e2-f369f5475d83 HTTP/1.1" status: 200 len: 1005 time: 0.0598321
2026-03-06 01:44:05.980 10 INFO neutron.api.wsgi [req-22268a54-a5fd-4f93-b338-632d65d0c2b4 req-e1734df7-bb4d-44bb-8826-4b3c89392dfb 8eb44330508a426c9ba86ad21a028714 e548c96dd269448eb17847e3a6495a83 - - a3b3c7e74b3740aba4cc2320f7985a70 a3b3c7e74b3740aba4cc2320f7985a70] 199.204.45.155 "GET /v2.0/floatingips?fixed_ip_address=10.1.1.136&port_id=c9bec741-5b78-49dc-90f6-d597a249371b HTTP/1.1" status: 200 len: 217 time: 0.0207355
2026-03-06 01:44:06.012 10 INFO neutron.api.wsgi [req-22268a54-a5fd-4f93-b338-632d65d0c2b4 req-0cf0abf3-4ef9-4892-b75b-04edec05e46c 8eb44330508a426c9ba86ad21a028714 e548c96dd269448eb17847e3a6495a83 - - a3b3c7e74b3740aba4cc2320f7985a70 a3b3c7e74b3740aba4cc2320f7985a70] 199.204.45.155 "GET /v2.0/subnets?id=98324841-6b08-4da6-b4af-cd7e39c7bd9f HTTP/1.1" status: 200 len: 877 time: 0.0267217
2026-03-06 01:44:06.033 10 INFO neutron.api.wsgi [req-22268a54-a5fd-4f93-b338-632d65d0c2b4 req-702d1ba9-c0e0-4082-8b0d-5318bd11a982 8eb44330508a426c9ba86ad21a028714 e548c96dd269448eb17847e3a6495a83 - - a3b3c7e74b3740aba4cc2320f7985a70 a3b3c7e74b3740aba4cc2320f7985a70] 199.204.45.155 "GET /v2.0/ports?network_id=c052d116-70a7-401f-97e2-f369f5475d83&device_owner=network%3Adhcp HTTP/1.1" status: 200 len: 210 time: 0.0164406
2026-03-06 01:44:06.079 9 INFO neutron.api.wsgi [None req-c8e36e26-ba16-4af8-b498-18bc6dd10d01 cdf3a2282a004c99a3ca6d1b161f4c1e f58c150b12fc45b9bcfadb66a3279526 - - default default] 10.0.0.122 "DELETE /v2.0/ports/b709678a-e105-4198-98a6-344971d56e7d HTTP/1.1" status: 204 len: 168 time: 0.2563758
2026-03-06 01:44:06.088 10 INFO neutron.api.wsgi [req-22268a54-a5fd-4f93-b338-632d65d0c2b4 req-b11b167b-f812-4980-bcbe-b012b7801d37 8eb44330508a426c9ba86ad21a028714 e548c96dd269448eb17847e3a6495a83 - - a3b3c7e74b3740aba4cc2320f7985a70 a3b3c7e74b3740aba4cc2320f7985a70] 199.204.45.155 "GET /v2.0/networks/c052d116-70a7-401f-97e2-f369f5475d83?fields=segments HTTP/1.1" status: 200 len: 212 time: 0.0500693
2026-03-06 01:44:06.142 10 INFO neutron.api.wsgi [req-22268a54-a5fd-4f93-b338-632d65d0c2b4 req-7e25e7f7-2c50-40a5-a926-1fe5060f13b5 8eb44330508a426c9ba86ad21a028714 e548c96dd269448eb17847e3a6495a83 - - a3b3c7e74b3740aba4cc2320f7985a70 a3b3c7e74b3740aba4cc2320f7985a70] 199.204.45.155 "GET /v2.0/networks/c052d116-70a7-401f-97e2-f369f5475d83?fields=provider%3Aphysical_network&fields=provider%3Anetwork_type HTTP/1.1" status: 200 len: 277 time: 0.0435295
2026-03-06 01:44:06.283 10 INFO neutron.api.wsgi [req-b51cd774-15e7-46eb-b8d2-07f3d92ed39a req-770e18ed-b531-4e53-9dcc-2fc066b7f581 80225ead0d42461bb9b93180fc26da51 b108462240f34ff58801c6b3f8c657e6 - - default default] 199.204.45.155 "GET /v2.0/networks?id=bca3b067-bbe9-4862-8ea9-78e4b8568644 HTTP/1.1" status: 200 len: 872 time: 0.0592813
