2026-03-06 01:41:58.117 10 INFO neutron.db.ovn_revision_numbers_db [None req-bf672fba-264d-45cb-b53b-2782339b2109 fc46425083984c3e98aa6cfaff298d83 396ef6d375f64b9bbe6133a01d1f9f28 - - default default] Successfully bumped revision number for resource ab7928ca-92ef-487b-95d4-6aeeb280daf0 (type: security_group_rules) to 0
2026-03-06 01:41:58.160 10 INFO neutron.api.wsgi [None req-bf672fba-264d-45cb-b53b-2782339b2109 fc46425083984c3e98aa6cfaff298d83 396ef6d375f64b9bbe6133a01d1f9f28 - - default default] 10.0.0.122 "POST /v2.0/security-groups HTTP/1.1" status: 201 len: 1828 time: 0.2071879
2026-03-06 01:41:58.167 10 WARNING neutron_lib.context [None req-fe08f6d7-776c-4325-ba95-35e6a1fc13a9 fc46425083984c3e98aa6cfaff298d83 396ef6d375f64b9bbe6133a01d1f9f28 - - default default] Method 'is_advsvc' is deprecated since 2023.2 release (neutron-lib 3.8.0) and will be removed once support for the old RBAC API policies will be removed from Neutron. Please use method 'is_service_role' instead.
2026-03-06 01:41:58.171 10 INFO neutron.api.wsgi [None req-ecdb94e0-7964-4a08-a5e3-9b7b19ff1ad2 43348c15ca0744bbb2ff7f3ad98b31f2 c7f051f5662749dab1e7b17c26f4ae0f - - default default] 10.0.0.122 "DELETE /v2.0/networks/6aca8c53-d415-4d00-a917-31c095308aea/tags HTTP/1.1" status: 204 len: 168 time: 0.0517640
2026-03-06 01:41:58.191 9 INFO neutron.db.ovn_revision_numbers_db [None req-a0c965f2-05e4-453d-af38-95ff366a4eb4 e01af144186a4353a714835139d0011d f459688858444c21b2baec90df601f6e - - default default] Successfully bumped revision number for resource dcf541f2-689b-4f01-92c4-bbaa578e7e8a (type: router_ports) to 2
2026-03-06 01:41:58.196 9 INFO neutron.api.wsgi [None req-a0c965f2-05e4-453d-af38-95ff366a4eb4 e01af144186a4353a714835139d0011d f459688858444c21b2baec90df601f6e - - default default] 10.0.0.122 "PUT /v2.0/routers/f9c85686-6733-4285-8a1e-f7ce22767d61/add_router_interface HTTP/1.1" status: 200 len: 503 time: 1.4583085
2026-03-06 01:41:58.211 9 INFO neutron.api.wsgi [None req-65098d7c-3525-48ee-9bb2-27fde08e55a2 43348c15ca0744bbb2ff7f3ad98b31f2 c7f051f5662749dab1e7b17c26f4ae0f - - default default] 10.0.0.122 "GET /v2.0/networks/6aca8c53-d415-4d00-a917-31c095308aea/tags HTTP/1.1" status: 200 len: 205 time: 0.0360754
2026-03-06 01:41:58.234 10 INFO neutron.api.wsgi [None req-9c63f676-82f0-4bd2-b521-bb3d93f630da e01af144186a4353a714835139d0011d f459688858444c21b2baec90df601f6e - - default default] 10.0.0.122 "GET /v2.0/ports/dcf541f2-689b-4f01-92c4-bbaa578e7e8a HTTP/1.1" status: 200 len: 1219 time: 0.0328958
2026-03-06 01:41:58.248 9 INFO neutron.db.ovn_revision_numbers_db [None req-57115119-6e3d-4465-884a-85f3b05aa785 6559c8f29259407a9221550baf5ede4a 3d04ddf88d564edc8dc1e1f13323dd94 - - default default] Successfully bumped revision number for resource 68f3bb2f-6399-48da-a3b1-d5659ce240fc (type: security_groups) to 1
2026-03-06 01:41:58.262 9 INFO neutron.db.ovn_revision_numbers_db [None req-57115119-6e3d-4465-884a-85f3b05aa785 6559c8f29259407a9221550baf5ede4a 3d04ddf88d564edc8dc1e1f13323dd94 - - default default] Successfully bumped revision number for resource 77392fbc-8437-4965-8fb4-9acf19e8dbe7 (type: security_group_rules) to 0
2026-03-06 01:41:58.274 9 INFO neutron.db.ovn_revision_numbers_db [None req-57115119-6e3d-4465-884a-85f3b05aa785 6559c8f29259407a9221550baf5ede4a 3d04ddf88d564edc8dc1e1f13323dd94 - - default default] Successfully bumped revision number for resource 7be4bd27-2e2d-4d2c-9208-a2c7e472f6a1 (type: security_group_rules) to 0
2026-03-06 01:41:58.288 9 INFO neutron.db.ovn_revision_numbers_db [None req-57115119-6e3d-4465-884a-85f3b05aa785 6559c8f29259407a9221550baf5ede4a 3d04ddf88d564edc8dc1e1f13323dd94 - - default default] Successfully bumped revision number for resource 9d67656a-68c1-429a-ad42-7d870baa638d (type: security_group_rules) to 0
2026-03-06 01:41:58.301 9 INFO neutron.db.ovn_revision_numbers_db [None req-57115119-6e3d-4465-884a-85f3b05aa785 6559c8f29259407a9221550baf5ede4a 3d04ddf88d564edc8dc1e1f13323dd94 - - default default] Successfully bumped revision number for resource e6e8febb-1450-424a-b952-f46e8bf763d3 (type: security_group_rules) to 0
2026-03-06 01:41:58.351 10 INFO neutron.db.ovn_revision_numbers_db [None req-fe08f6d7-776c-4325-ba95-35e6a1fc13a9 fc46425083984c3e98aa6cfaff298d83 396ef6d375f64b9bbe6133a01d1f9f28 - - default default] Successfully bumped revision number for resource d5a79f6a-9adf-4091-babd-7783b9a405e6 (type: security_group_rules) to 0
2026-03-06 01:41:58.375 9 INFO neutron.db.segments_db [None req-57115119-6e3d-4465-884a-85f3b05aa785 6559c8f29259407a9221550baf5ede4a 3d04ddf88d564edc8dc1e1f13323dd94 - - default default] Added segment 2a784a78-a597-41bf-bd17-e30a0d6f74fc of type geneve for network caa262bf-9049-4ebd-b92b-db1c95aaebbb
2026-03-06 01:41:58.398 10 INFO neutron.api.wsgi [None req-fe08f6d7-776c-4325-ba95-35e6a1fc13a9 fc46425083984c3e98aa6cfaff298d83 396ef6d375f64b9bbe6133a01d1f9f28 - - default default] 10.0.0.122 "POST /v2.0/security-group-rules HTTP/1.1" status: 201 len: 796 time: 0.2341340 /var/lib/openstack/lib/python3.12/site-packages/pycadf/identifier.py:71: UserWarning: Invalid uuid: neutron. To ensure interoperability, identifiers should be a valid uuid. warnings.warn(('Invalid uuid: %s. To ensure interoperability, '
2026-03-06 01:41:58.405 10 WARNING neutron_lib.context [None req-706409b6-e542-4dec-888b-2fd71fe57615 fc46425083984c3e98aa6cfaff298d83 396ef6d375f64b9bbe6133a01d1f9f28 - - default default] Method 'is_advsvc' is deprecated since 2023.2 release (neutron-lib 3.8.0) and will be removed once support for the old RBAC API policies will be removed from Neutron. Please use method 'is_service_role' instead.
2026-03-06 01:41:58.500 9 INFO neutron.db.ovn_revision_numbers_db [None req-57115119-6e3d-4465-884a-85f3b05aa785 6559c8f29259407a9221550baf5ede4a 3d04ddf88d564edc8dc1e1f13323dd94 - - default default] Successfully bumped revision number for resource caa262bf-9049-4ebd-b92b-db1c95aaebbb (type: networks) to 1
2026-03-06 01:41:58.510 9 INFO neutron.services.segments.plugin [-] Segment 665d3baa-b131-43e8-bf7f-b63a99ca9f7a resource provider aggregate not found
2026-03-06 01:41:58.514 9 INFO neutron.services.segments.plugin [-] Segment 665d3baa-b131-43e8-bf7f-b63a99ca9f7a resource provider aggregate not found
2026-03-06 01:41:58.523 9 INFO neutron.services.segments.plugin [-] Segment 665d3baa-b131-43e8-bf7f-b63a99ca9f7a resource provider not found; error: Placement Client Error (4xx): {"errors": [{"status": 404, "title": "Not Found", "detail": "The resource could not be found.\n\n No resource provider with uuid 665d3baa-b131-43e8-bf7f-b63a99ca9f7a found for delete ", "request_id": "req-04a977c8-1e7b-4c8f-aa76-ce056372516b"}]}
2026-03-06 01:41:58.527 9 INFO neutron.services.segments.plugin [-] Segment 665d3baa-b131-43e8-bf7f-b63a99ca9f7a resource provider not found; error: Placement Client Error (4xx): {"errors": [{"status": 404, "title": "Not Found", "detail": "The resource could not be found.\n\n No resource provider with uuid 665d3baa-b131-43e8-bf7f-b63a99ca9f7a found for delete ", "request_id": "req-e0bb8ef5-6497-44fe-ada3-c79f9fff57bf"}]}
2026-03-06 01:41:58.536 10 INFO neutron.db.ovn_revision_numbers_db [None req-706409b6-e542-4dec-888b-2fd71fe57615 fc46425083984c3e98aa6cfaff298d83 396ef6d375f64b9bbe6133a01d1f9f28 - - default default] Successfully bumped revision number for resource be2d1f46-3633-41c8-964f-d5860304a5df (type: security_group_rules) to 0
2026-03-06 01:41:58.544 9 INFO neutron.api.wsgi [None req-0c5ccc71-8952-4357-8f01-e0c4a08f89a5 43348c15ca0744bbb2ff7f3ad98b31f2 c7f051f5662749dab1e7b17c26f4ae0f - - default default] 10.0.0.122 "DELETE /v2.0/networks/6aca8c53-d415-4d00-a917-31c095308aea HTTP/1.1" status: 204 len: 168 time: 0.3289342
2026-03-06 01:41:58.571 10 INFO neutron.api.wsgi [None req-706409b6-e542-4dec-888b-2fd71fe57615 fc46425083984c3e98aa6cfaff298d83 396ef6d375f64b9bbe6133a01d1f9f28 - - default default] 10.0.0.122 "POST /v2.0/security-group-rules HTTP/1.1" status: 201 len: 796 time: 0.1689975
2026-03-06 01:41:58.580 10 WARNING neutron_lib.context [None req-37e67a0d-a313-41d9-9521-dbc5c054db71 fc46425083984c3e98aa6cfaff298d83 396ef6d375f64b9bbe6133a01d1f9f28 - - default default] Method 'is_advsvc' is deprecated since 2023.2 release (neutron-lib 3.8.0) and will be removed once support for the old RBAC API policies will be removed from Neutron. Please use method 'is_service_role' instead.
2026-03-06 01:41:58.654 9 WARNING neutron.scheduler.dhcp_agent_scheduler [None req-57115119-6e3d-4465-884a-85f3b05aa785 6559c8f29259407a9221550baf5ede4a 3d04ddf88d564edc8dc1e1f13323dd94 - - default default] No more DHCP agents
2026-03-06 01:41:58.655 9 WARNING neutron.api.rpc.agentnotifiers.dhcp_rpc_agent_api [None req-57115119-6e3d-4465-884a-85f3b05aa785 6559c8f29259407a9221550baf5ede4a 3d04ddf88d564edc8dc1e1f13323dd94 - - default default] Unable to schedule network caa262bf-9049-4ebd-b92b-db1c95aaebbb: no agents available; will retry on subsequent port and subnet creation events.
2026-03-06 01:41:58.720 9 INFO neutron.db.ovn_revision_numbers_db [None req-57115119-6e3d-4465-884a-85f3b05aa785 6559c8f29259407a9221550baf5ede4a 3d04ddf88d564edc8dc1e1f13323dd94 - - default default] Successfully bumped revision number for resource b18ee9e5-8f6d-40e5-a0a7-7d8ed2e6201c (type: ports) to 1
2026-03-06 01:41:58.722 10 INFO neutron.db.ovn_revision_numbers_db [None req-37e67a0d-a313-41d9-9521-dbc5c054db71 fc46425083984c3e98aa6cfaff298d83 396ef6d375f64b9bbe6133a01d1f9f28 - - default default] Successfully bumped revision number for resource 0cc047c3-c5cb-427b-8556-0d1129c57c39 (type: security_group_rules) to 0
2026-03-06 01:41:58.737 9 INFO neutron.api.wsgi [None req-57115119-6e3d-4465-884a-85f3b05aa785 6559c8f29259407a9221550baf5ede4a 3d04ddf88d564edc8dc1e1f13323dd94 - - default default] 10.0.0.122 "POST /v2.0/networks HTTP/1.1" status: 201 len: 849 time: 0.7898870
2026-03-06 01:41:58.746 9 WARNING neutron_lib.context [None req-98264eea-a035-49c7-b92d-db57ef726412 6559c8f29259407a9221550baf5ede4a 3d04ddf88d564edc8dc1e1f13323dd94 - - default default] Method 'is_advsvc' is deprecated since 2023.2 release (neutron-lib 3.8.0) and will be removed once support for the old RBAC API policies will be removed from Neutron. Please use method 'is_service_role' instead.
2026-03-06 01:41:58.769 10 INFO neutron.api.wsgi [None req-37e67a0d-a313-41d9-9521-dbc5c054db71 fc46425083984c3e98aa6cfaff298d83 396ef6d375f64b9bbe6133a01d1f9f28 - - default default] 10.0.0.122 "POST /v2.0/security-group-rules HTTP/1.1" status: 201 len: 798 time: 0.1935253
2026-03-06 01:41:58.779 9 WARNING neutron_lib.context [None req-f222884f-2906-4345-86a1-36d605723dfb fc46425083984c3e98aa6cfaff298d83 396ef6d375f64b9bbe6133a01d1f9f28 - - default default] Method 'is_advsvc' is deprecated since 2023.2 release (neutron-lib 3.8.0) and will be removed once support for the old RBAC API policies will be removed from Neutron. Please use method 'is_service_role' instead.
2026-03-06 01:41:58.807 10 INFO neutron.api.wsgi [None req-32b76fcb-c455-4703-838d-59d54ec9d8c0 e01af144186a4353a714835139d0011d f459688858444c21b2baec90df601f6e - - default default] 10.0.0.122 "PUT /v2.0/routers/f9c85686-6733-4285-8a1e-f7ce22767d61/remove_router_interface HTTP/1.1" status: 200 len: 503 time: 0.5673239 /var/lib/openstack/lib/python3.12/site-packages/pycadf/identifier.py:71: UserWarning: Invalid uuid: neutron. To ensure interoperability, identifiers should be a valid uuid. warnings.warn(('Invalid uuid: %s. To ensure interoperability, '
2026-03-06 01:41:58.852 10 INFO neutron.api.v2.resource [None req-f5544179-af3d-45dd-bd85-4b95426d9ee0 e01af144186a4353a714835139d0011d f459688858444c21b2baec90df601f6e - - default default] remove_router_interface failed (client error): The resource could not be found.
2026-03-06 01:41:58.853 10 INFO neutron.api.wsgi [None req-f5544179-af3d-45dd-bd85-4b95426d9ee0 e01af144186a4353a714835139d0011d f459688858444c21b2baec90df601f6e - - default default] 10.0.0.122 "PUT /v2.0/routers/f9c85686-6733-4285-8a1e-f7ce22767d61/remove_router_interface HTTP/1.1" status: 404 len: 398 time: 0.0421350
2026-03-06 01:41:58.875 10 INFO neutron.api.wsgi [None req-03c3c462-5bcb-44b4-ae89-3d6f79633bcb e01af144186a4353a714835139d0011d f459688858444c21b2baec90df601f6e - - default default] 10.0.0.122 "GET /v2.0/ports?device_id=f9c85686-6733-4285-8a1e-f7ce22767d61 HTTP/1.1" status: 200 len: 205 time: 0.0166216
2026-03-06 01:41:58.943 9 INFO neutron.db.ovn_revision_numbers_db [None req-f222884f-2906-4345-86a1-36d605723dfb fc46425083984c3e98aa6cfaff298d83 396ef6d375f64b9bbe6133a01d1f9f28 - - default default] Successfully bumped revision number for resource 96605def-c007-4d09-a183-8dca8f32ec73 (type: security_group_rules) to 0
2026-03-06 01:41:58.952 9 WARNING neutron.scheduler.dhcp_agent_scheduler [None req-98264eea-a035-49c7-b92d-db57ef726412 6559c8f29259407a9221550baf5ede4a 3d04ddf88d564edc8dc1e1f13323dd94 - - default default] No more DHCP agents
2026-03-06 01:41:58.954 9 WARNING neutron.api.rpc.agentnotifiers.dhcp_rpc_agent_api [None req-98264eea-a035-49c7-b92d-db57ef726412 6559c8f29259407a9221550baf5ede4a 3d04ddf88d564edc8dc1e1f13323dd94 - - default default] Unable to schedule network caa262bf-9049-4ebd-b92b-db1c95aaebbb: no agents available; will retry on subsequent port and subnet creation events.
2026-03-06 01:41:58.972 9 INFO neutron.api.wsgi [None req-f222884f-2906-4345-86a1-36d605723dfb fc46425083984c3e98aa6cfaff298d83 396ef6d375f64b9bbe6133a01d1f9f28 - - default default] 10.0.0.122 "POST /v2.0/security-group-rules HTTP/1.1" status: 201 len: 800 time: 0.1971428
2026-03-06 01:41:58.979 9 WARNING neutron_lib.context [None req-fc82ace9-def9-4827-b0c3-6507de6bb6ed fc46425083984c3e98aa6cfaff298d83 396ef6d375f64b9bbe6133a01d1f9f28 - - default default] Method 'is_advsvc' is deprecated since 2023.2 release (neutron-lib 3.8.0) and will be removed once support for the old RBAC API policies will be removed from Neutron. Please use method 'is_service_role' instead.
2026-03-06 01:41:58.980 9 INFO neutron.db.ovn_revision_numbers_db [None req-98264eea-a035-49c7-b92d-db57ef726412 6559c8f29259407a9221550baf5ede4a 3d04ddf88d564edc8dc1e1f13323dd94 - - default default] Successfully bumped revision number for resource 22dd7dbe-a46c-4f96-b187-632efe838627 (type: subnets) to 0
2026-03-06 01:41:58.999 9 INFO neutron.api.wsgi [None req-98264eea-a035-49c7-b92d-db57ef726412 6559c8f29259407a9221550baf5ede4a 3d04ddf88d564edc8dc1e1f13323dd94 - - default default] 10.0.0.122 "POST /v2.0/subnets HTTP/1.1" status: 201 len: 826 time: 0.2570159
2026-03-06 01:41:59.008 9 WARNING neutron_lib.context [None req-5cb6dd95-40bd-4e12-a05e-e5d90713c275 6559c8f29259407a9221550baf5ede4a 3d04ddf88d564edc8dc1e1f13323dd94 - - default default] Method 'is_advsvc' is deprecated since 2023.2 release (neutron-lib 3.8.0) and will be removed once support for the old RBAC API policies will be removed from Neutron. Please use method 'is_service_role' instead.
2026-03-06 01:41:59.068 10 INFO neutron.api.wsgi [None req-1f2999c2-6e8b-4355-8e88-0231cf6f46ce e01af144186a4353a714835139d0011d f459688858444c21b2baec90df601f6e - - default default] 10.0.0.122 "DELETE /v2.0/routers/f9c85686-6733-4285-8a1e-f7ce22767d61 HTTP/1.1" status: 204 len: 168 time: 0.1896586
2026-03-06 01:41:59.150 9 INFO neutron.db.ovn_revision_numbers_db [None req-fc82ace9-def9-4827-b0c3-6507de6bb6ed fc46425083984c3e98aa6cfaff298d83 396ef6d375f64b9bbe6133a01d1f9f28 - - default default] Successfully bumped revision number for resource 92a9ae64-c578-4352-b863-f7a627c8bb9b (type: security_group_rules) to 0
2026-03-06 01:41:59.195 9 INFO neutron.api.wsgi [None req-fc82ace9-def9-4827-b0c3-6507de6bb6ed fc46425083984c3e98aa6cfaff298d83 396ef6d375f64b9bbe6133a01d1f9f28 - - default default] 10.0.0.122 "POST /v2.0/security-group-rules HTTP/1.1" status: 201 len: 800 time: 0.2186995
2026-03-06 01:41:59.201 10 INFO neutron.api.wsgi [None req-f036bf49-7aaa-4373-acc6-e5fef2db3216 e01af144186a4353a714835139d0011d f459688858444c21b2baec90df601f6e - - default default] 10.0.0.122 "DELETE /v2.0/subnets/e575c15c-3fd3-4064-b201-c783349d4dc0 HTTP/1.1" status: 204 len: 168 time: 0.1282558
2026-03-06 01:41:59.203 9 WARNING neutron_lib.context [None req-bd352b4a-6e57-41dc-aa62-7329b827f517 fc46425083984c3e98aa6cfaff298d83 396ef6d375f64b9bbe6133a01d1f9f28 - - default default] Method 'is_advsvc' is deprecated since 2023.2 release (neutron-lib 3.8.0) and will be removed once support for the old RBAC API policies will be removed from Neutron. Please use method 'is_service_role' instead.
2026-03-06 01:41:59.374 9 INFO neutron.db.ovn_revision_numbers_db [None req-bd352b4a-6e57-41dc-aa62-7329b827f517 fc46425083984c3e98aa6cfaff298d83 396ef6d375f64b9bbe6133a01d1f9f28 - - default default] Successfully bumped revision number for resource 46c168d4-82b8-4125-9e87-de5b594fd8e8 (type: security_group_rules) to 0
2026-03-06 01:41:59.469 10 INFO neutron.services.segments.plugin [-] Segment ccac4fe9-30c9-445b-b69a-03056db3f3a7 resource provider aggregate not found
2026-03-06 01:41:59.473 10 INFO neutron.services.segments.plugin [-] Segment ccac4fe9-30c9-445b-b69a-03056db3f3a7 resource provider aggregate not found
2026-03-06 01:41:59.485 10 INFO neutron.services.segments.plugin [-] Segment ccac4fe9-30c9-445b-b69a-03056db3f3a7 resource provider not found; error: Placement Client Error (4xx): {"errors": [{"status": 404, "title": "Not Found", "detail": "The resource could not be found.\n\n No resource provider with uuid ccac4fe9-30c9-445b-b69a-03056db3f3a7 found for delete ", "request_id": "req-7c4846f3-03dc-45d1-8206-68f3016f6f39"}]}
2026-03-06 01:41:59.487 10 INFO neutron.services.segments.plugin [-] Segment ccac4fe9-30c9-445b-b69a-03056db3f3a7 resource provider not found; error: Placement Client Error (4xx): {"errors": [{"status": 404, "title": "Not Found", "detail": "The resource could not be found.\n\n No resource provider with uuid ccac4fe9-30c9-445b-b69a-03056db3f3a7 found for delete ", "request_id": "req-2f9d77ea-0b36-460c-9889-f6fcb99d230b"}]}
2026-03-06 01:41:59.510 10 INFO neutron.api.wsgi [None req-ffb6734a-8244-4379-ac82-540836a78723 e01af144186a4353a714835139d0011d f459688858444c21b2baec90df601f6e - - default default] 10.0.0.122 "DELETE /v2.0/networks/1e5f9a86-4896-41d3-b520-98749b2276d2 HTTP/1.1" status: 204 len: 168 time: 0.3057556
2026-03-06 01:41:59.519 10 WARNING neutron_lib.context [None req-076127d4-3e1c-418a-841e-37c8bad9d4cd e01af144186a4353a714835139d0011d f459688858444c21b2baec90df601f6e - - default default] Method 'is_advsvc' is deprecated since 2023.2 release (neutron-lib 3.8.0) and will be removed once support for the old RBAC API policies will be removed from Neutron. Please use method 'is_service_role' instead.
2026-03-06 01:41:59.600 10 INFO neutron.db.segments_db [None req-076127d4-3e1c-418a-841e-37c8bad9d4cd e01af144186a4353a714835139d0011d f459688858444c21b2baec90df601f6e - - default default] Added segment 9fb4fbad-8bd0-4b30-a21c-c5373375d115 of type geneve for network 38665517-81ec-4713-85d2-a4b3dd71f8d9
2026-03-06 01:41:59.634 9 INFO neutron.api.wsgi [None req-bd352b4a-6e57-41dc-aa62-7329b827f517 fc46425083984c3e98aa6cfaff298d83 396ef6d375f64b9bbe6133a01d1f9f28 - - default default] 10.0.0.122 "POST /v2.0/security-group-rules HTTP/1.1" status: 201 len: 796 time: 0.4345310
2026-03-06 01:41:59.636 9 INFO neutron.db.ovn_revision_numbers_db [None req-cbccfe28-f1fe-49da-b2be-1588353d9acb 1e7dc8fe47e6429cb2bb978ca1cc15c6 648b6b88fee64ac1b19ebad9b51eece1 - - default default] Successfully bumped revision number for resource fba6ce32-aa09-49a1-83c1-a4606206fb04 (type: security_groups) to 1
2026-03-06 01:41:59.643 10 WARNING neutron_lib.context [None req-18eab264-6240-4a61-99d6-65e47e777438 fc46425083984c3e98aa6cfaff298d83 396ef6d375f64b9bbe6133a01d1f9f28 - - default default] Method 'is_advsvc' is deprecated since 2023.2 release (neutron-lib 3.8.0) and will be removed once support for the old RBAC API policies will be removed from Neutron. Please use method 'is_service_role' instead.
2026-03-06 01:41:59.649 9 INFO neutron.db.ovn_revision_numbers_db [None req-cbccfe28-f1fe-49da-b2be-1588353d9acb 1e7dc8fe47e6429cb2bb978ca1cc15c6 648b6b88fee64ac1b19ebad9b51eece1 - - default default] Successfully bumped revision number for resource 25b14762-dd6d-4396-bef4-d5a6ec6b70d1 (type: security_group_rules) to 0
2026-03-06 01:41:59.653 9 WARNING neutron.scheduler.dhcp_agent_scheduler [None req-5cb6dd95-40bd-4e12-a05e-e5d90713c275 6559c8f29259407a9221550baf5ede4a 3d04ddf88d564edc8dc1e1f13323dd94 - - default default] No more DHCP agents
2026-03-06 01:41:59.655 9 WARNING neutron.api.rpc.agentnotifiers.dhcp_rpc_agent_api [None req-5cb6dd95-40bd-4e12-a05e-e5d90713c275 6559c8f29259407a9221550baf5ede4a 3d04ddf88d564edc8dc1e1f13323dd94 - - default default] Unable to schedule network 60b3b246-5c65-4e19-9956-25f1b7f50095: no agents available; will retry on subsequent port and subnet creation events.
2026-03-06 01:41:59.662 9 INFO neutron.db.ovn_revision_numbers_db [None req-cbccfe28-f1fe-49da-b2be-1588353d9acb 1e7dc8fe47e6429cb2bb978ca1cc15c6 648b6b88fee64ac1b19ebad9b51eece1 - - default default] Successfully bumped revision number for resource a4f2cb24-ae63-495a-a4c0-5a265bdfff05 (type: security_group_rules) to 0
2026-03-06 01:41:59.674 9 INFO neutron.db.ovn_revision_numbers_db [None req-cbccfe28-f1fe-49da-b2be-1588353d9acb 1e7dc8fe47e6429cb2bb978ca1cc15c6 648b6b88fee64ac1b19ebad9b51eece1 - - default default] Successfully bumped revision number for resource a70400d4-6c0d-4706-9c34-d80dcdd516e9 (type: security_group_rules) to 0
2026-03-06 01:41:59.690 9 INFO neutron.db.ovn_revision_numbers_db [None req-cbccfe28-f1fe-49da-b2be-1588353d9acb 1e7dc8fe47e6429cb2bb978ca1cc15c6 648b6b88fee64ac1b19ebad9b51eece1 - - default default] Successfully bumped revision number for resource fd621b42-b502-4cd9-b293-8099e7d72783 (type: security_group_rules) to 0
2026-03-06 01:41:59.714 10 INFO neutron.db.ovn_revision_numbers_db [None req-076127d4-3e1c-418a-841e-37c8bad9d4cd e01af144186a4353a714835139d0011d f459688858444c21b2baec90df601f6e - - default default] Successfully bumped revision number for resource 38665517-81ec-4713-85d2-a4b3dd71f8d9 (type: networks) to 1
2026-03-06 01:41:59.726 9 INFO neutron.api.wsgi [None req-cbccfe28-f1fe-49da-b2be-1588353d9acb 1e7dc8fe47e6429cb2bb978ca1cc15c6 648b6b88fee64ac1b19ebad9b51eece1 - - default default] 10.0.0.122 "GET /v2.0/security-groups?tenant_id=3022ad611e6b47ef93b56c4777013fd7&name=default HTTP/1.1" status: 200 len: 3120 time: 0.5570893
2026-03-06 01:41:59.785 9 INFO neutron.db.ovn_revision_numbers_db [None req-5cb6dd95-40bd-4e12-a05e-e5d90713c275 6559c8f29259407a9221550baf5ede4a 3d04ddf88d564edc8dc1e1f13323dd94 - - default default] Successfully bumped revision number for resource 3c06ee1c-205f-4976-9b9e-556efebabd6d (type: ports) to 1
2026-03-06 01:41:59.806 10 INFO neutron.db.ovn_revision_numbers_db [None req-18eab264-6240-4a61-99d6-65e47e777438 fc46425083984c3e98aa6cfaff298d83 396ef6d375f64b9bbe6133a01d1f9f28 - - default default] Successfully bumped revision number for resource e107799c-7723-41e4-981c-32231ad78fa6 (type: security_group_rules) to 0
2026-03-06 01:41:59.878 10 INFO neutron.api.wsgi [None req-18eab264-6240-4a61-99d6-65e47e777438 fc46425083984c3e98aa6cfaff298d83 396ef6d375f64b9bbe6133a01d1f9f28 - - default default] 10.0.0.122 "POST /v2.0/security-group-rules HTTP/1.1" status: 201 len: 796 time: 0.2390635
2026-03-06 01:41:59.889 10 WARNING neutron_lib.context [None req-c5090a9f-b370-4f34-9a77-df9d523afb83 fc46425083984c3e98aa6cfaff298d83 396ef6d375f64b9bbe6133a01d1f9f28 - - default default] Method 'is_advsvc' is deprecated since 2023.2 release (neutron-lib 3.8.0) and will be removed once support for the old RBAC API policies will be removed from Neutron. Please use method 'is_service_role' instead.
2026-03-06 01:41:59.928 10 WARNING neutron.scheduler.dhcp_agent_scheduler [None req-076127d4-3e1c-418a-841e-37c8bad9d4cd e01af144186a4353a714835139d0011d f459688858444c21b2baec90df601f6e - - default default] No more DHCP agents
2026-03-06 01:41:59.929 10 WARNING neutron.api.rpc.agentnotifiers.dhcp_rpc_agent_api [None req-076127d4-3e1c-418a-841e-37c8bad9d4cd e01af144186a4353a714835139d0011d f459688858444c21b2baec90df601f6e - - default default] Unable to schedule network 38665517-81ec-4713-85d2-a4b3dd71f8d9: no agents available; will retry on subsequent port and subnet creation events.
2026-03-06 01:41:59.988 9 INFO neutron.api.wsgi [None req-ffa87bd2-2c90-4959-b75b-aaa2bfbe0205 1e7dc8fe47e6429cb2bb978ca1cc15c6 648b6b88fee64ac1b19ebad9b51eece1 - - default default] 10.0.0.122 "DELETE /v2.0/security-groups/fba6ce32-aa09-49a1-83c1-a4606206fb04 HTTP/1.1" status: 204 len: 168 time: 0.2563968
2026-03-06 01:42:00.008 10 INFO neutron.db.ovn_revision_numbers_db [None req-076127d4-3e1c-418a-841e-37c8bad9d4cd e01af144186a4353a714835139d0011d f459688858444c21b2baec90df601f6e - - default default] Successfully bumped revision number for resource 7ec64bb2-76e7-4be5-ae7d-4ab2abc58ea7 (type: ports) to 1
2026-03-06 01:42:00.039 10 INFO neutron.api.wsgi [None req-076127d4-3e1c-418a-841e-37c8bad9d4cd e01af144186a4353a714835139d0011d f459688858444c21b2baec90df601f6e - - default default] 10.0.0.122 "POST /v2.0/networks HTTP/1.1" status: 201 len: 833 time: 0.5224998
2026-03-06 01:42:00.054 10 WARNING neutron_lib.context [None req-a27693fd-9df3-467f-a091-13ba68a96dc4 e01af144186a4353a714835139d0011d f459688858444c21b2baec90df601f6e - - default default] Method 'is_advsvc' is deprecated since 2023.2 release (neutron-lib 3.8.0) and will be removed once support for the old RBAC API policies will be removed from Neutron. Please use method 'is_service_role' instead.
2026-03-06 01:42:00.074 10 INFO neutron.db.ovn_revision_numbers_db [None req-c5090a9f-b370-4f34-9a77-df9d523afb83 fc46425083984c3e98aa6cfaff298d83 396ef6d375f64b9bbe6133a01d1f9f28 - - default default] Successfully bumped revision number for resource c81848b2-93df-4681-98fd-f2b445c59fd1 (type: security_group_rules) to 0
2026-03-06 01:42:00.110 10 INFO neutron.api.wsgi [None req-c5090a9f-b370-4f34-9a77-df9d523afb83 fc46425083984c3e98aa6cfaff298d83 396ef6d375f64b9bbe6133a01d1f9f28 - - default default] 10.0.0.122 "POST /v2.0/security-group-rules HTTP/1.1" status: 201 len: 796 time: 0.2275381
2026-03-06 01:42:00.111 9 INFO neutron.api.wsgi [None req-7114e9ea-d0da-475b-982a-1dbc8ab0ff25 1e7dc8fe47e6429cb2bb978ca1cc15c6 648b6b88fee64ac1b19ebad9b51eece1 - - default default] 10.0.0.122 "GET /v2.0/security-groups?tenant_id=c7f051f5662749dab1e7b17c26f4ae0f&name=default HTTP/1.1" status: 200 len: 3120 time: 0.0361440
2026-03-06 01:42:00.123 10 WARNING neutron_lib.context [None req-ef5e7e3a-9bf0-4123-b554-6704e4b58dbd fc46425083984c3e98aa6cfaff298d83 396ef6d375f64b9bbe6133a01d1f9f28 - - default default] Method 'is_advsvc' is deprecated since 2023.2 release (neutron-lib 3.8.0) and will be removed once support for the old RBAC API policies will be removed from Neutron. Please use method 'is_service_role' instead.
2026-03-06 01:42:00.330 10 WARNING neutron.scheduler.dhcp_agent_scheduler [None req-a27693fd-9df3-467f-a091-13ba68a96dc4 e01af144186a4353a714835139d0011d f459688858444c21b2baec90df601f6e - - default default] No more DHCP agents
2026-03-06 01:42:00.332 10 WARNING neutron.api.rpc.agentnotifiers.dhcp_rpc_agent_api [None req-a27693fd-9df3-467f-a091-13ba68a96dc4 e01af144186a4353a714835139d0011d f459688858444c21b2baec90df601f6e - - default default] Unable to schedule network 38665517-81ec-4713-85d2-a4b3dd71f8d9: no agents available; will retry on subsequent port and subnet creation events.
2026-03-06 01:42:00.366 9 INFO neutron.plugins.ml2.drivers.ovn.mech_driver.ovsdb.commands [None req-561e6e8b-9f72-4dec-86fb-09f2b9f9d32a - - - - - -] Schedule LRP lrp-3c06ee1c-205f-4976-9b9e-556efebabd6d on gateway dc7bffda-cb5e-4580-b311-7859ed7c6048 with priority 1
2026-03-06 01:42:00.375 10 INFO neutron.db.ovn_revision_numbers_db [None req-ef5e7e3a-9bf0-4123-b554-6704e4b58dbd fc46425083984c3e98aa6cfaff298d83 396ef6d375f64b9bbe6133a01d1f9f28 - - default default] Successfully bumped revision number for resource 74090793-4bed-4cb8-8118-ac5da20b24b6 (type: security_group_rules) to 0
2026-03-06 01:42:00.389 10 INFO neutron.db.ovn_revision_numbers_db [None req-a27693fd-9df3-467f-a091-13ba68a96dc4 e01af144186a4353a714835139d0011d f459688858444c21b2baec90df601f6e - - default default] Successfully bumped revision number for resource 49ff2ad5-dfe3-44ab-b3c2-14e954939f30 (type: subnets) to 0
2026-03-06 01:42:00.408 10 INFO neutron.api.wsgi [None req-a27693fd-9df3-467f-a091-13ba68a96dc4 e01af144186a4353a714835139d0011d f459688858444c21b2baec90df601f6e - - default default] 10.0.0.122 "POST /v2.0/subnets HTTP/1.1" status: 201 len: 845 time: 0.3594468
2026-03-06 01:42:00.409 9 INFO neutron.db.ovn_revision_numbers_db [None req-5cb6dd95-40bd-4e12-a05e-e5d90713c275 6559c8f29259407a9221550baf5ede4a 3d04ddf88d564edc8dc1e1f13323dd94 - - default default] Successfully bumped revision number for resource 3c06ee1c-205f-4976-9b9e-556efebabd6d (type: router_ports) to 1
2026-03-06 01:42:00.420 10 WARNING neutron_lib.context [None req-00810d30-78e6-4ead-99b6-3f136fe4eada e01af144186a4353a714835139d0011d f459688858444c21b2baec90df601f6e - - default default] Method 'is_advsvc' is deprecated since 2023.2 release (neutron-lib 3.8.0) and will be removed once support for the old RBAC API policies will be removed from Neutron. Please use method 'is_service_role' instead.
2026-03-06 01:42:00.436 10 INFO neutron.api.wsgi [None req-ef5e7e3a-9bf0-4123-b554-6704e4b58dbd fc46425083984c3e98aa6cfaff298d83 396ef6d375f64b9bbe6133a01d1f9f28 - - default default] 10.0.0.122 "POST /v2.0/security-group-rules HTTP/1.1" status: 201 len: 798 time: 0.3184364
2026-03-06 01:42:00.444 9 WARNING neutron_lib.context [None req-ba230ff7-7d44-4322-826e-3276e5805748 fc46425083984c3e98aa6cfaff298d83 396ef6d375f64b9bbe6133a01d1f9f28 - - default default] Method 'is_advsvc' is deprecated since 2023.2 release (neutron-lib 3.8.0) and will be removed once support for the old RBAC API policies will be removed from Neutron. Please use method 'is_service_role' instead.
2026-03-06 01:42:00.457 10 INFO neutron.api.wsgi [None req-7f4a665d-49a6-4344-92f5-92d5e39c1ff6 1e7dc8fe47e6429cb2bb978ca1cc15c6 648b6b88fee64ac1b19ebad9b51eece1 - - default default] 10.0.0.122 "DELETE /v2.0/security-groups/0078340f-fa39-479e-9248-dc77878fbe33 HTTP/1.1" status: 204 len: 168 time: 0.3388834
2026-03-06 01:42:00.486 9 INFO neutron.db.ovn_revision_numbers_db [None req-5cb6dd95-40bd-4e12-a05e-e5d90713c275 6559c8f29259407a9221550baf5ede4a 3d04ddf88d564edc8dc1e1f13323dd94 - - default default] Successfully bumped revision number for resource c1ebf65c-2e1b-4ad6-bf44-452538540845 (type: routers) to 2
2026-03-06 01:42:00.510 9 INFO neutron.api.wsgi [None req-5cb6dd95-40bd-4e12-a05e-e5d90713c275 6559c8f29259407a9221550baf5ede4a 3d04ddf88d564edc8dc1e1f13323dd94 - - default default] 10.0.0.122 "POST /v2.0/routers HTTP/1.1" status: 201 len: 1153 time: 1.5060477
2026-03-06 01:42:00.556 10 INFO neutron.db.ovn_revision_numbers_db [None req-00810d30-78e6-4ead-99b6-3f136fe4eada e01af144186a4353a714835139d0011d f459688858444c21b2baec90df601f6e - - default default] Successfully bumped revision number for resource 230249c3-772a-4c95-beb1-b72a4574a79f (type: routers) to 1
2026-03-06 01:42:00.570 10 INFO neutron.api.wsgi [None req-00810d30-78e6-4ead-99b6-3f136fe4eada e01af144186a4353a714835139d0011d f459688858444c21b2baec90df601f6e - - default default] 10.0.0.122 "POST /v2.0/routers HTTP/1.1" status: 201 len: 806 time: 0.1568744
2026-03-06 01:42:00.632 9 INFO neutron.db.ovn_revision_numbers_db [None req-ba230ff7-7d44-4322-826e-3276e5805748 fc46425083984c3e98aa6cfaff298d83 396ef6d375f64b9bbe6133a01d1f9f28 - - default default] Successfully bumped revision number for resource e4e136b6-726c-4c47-b70f-eb98d992f516 (type: security_group_rules) to 0
2026-03-06 01:42:00.693 9 INFO neutron.api.wsgi [None req-ba230ff7-7d44-4322-826e-3276e5805748 fc46425083984c3e98aa6cfaff298d83 396ef6d375f64b9bbe6133a01d1f9f28 - - default default] 10.0.0.122 "POST /v2.0/security-group-rules HTTP/1.1" status: 201 len: 800 time: 0.2523532
2026-03-06 01:42:00.705 9 WARNING neutron_lib.context [None req-d48c9231-4ce3-4247-ad0c-b720f04418b5 fc46425083984c3e98aa6cfaff298d83 396ef6d375f64b9bbe6133a01d1f9f28 - - default default] Method 'is_advsvc' is deprecated since 2023.2 release (neutron-lib 3.8.0) and will be removed once support for the old RBAC API policies will be removed from Neutron. Please use method 'is_service_role' instead.
2026-03-06 01:42:01.012 9 INFO neutron.db.ovn_revision_numbers_db [None req-d48c9231-4ce3-4247-ad0c-b720f04418b5 fc46425083984c3e98aa6cfaff298d83 396ef6d375f64b9bbe6133a01d1f9f28 - - default default] Successfully bumped revision number for resource 774dd6f4-9e61-42a5-8e3b-b1baadcea18b (type: security_group_rules) to 0
2026-03-06 01:42:01.030 10 WARNING neutron.scheduler.dhcp_agent_scheduler [None req-0b026815-6952-44df-af61-ce621be2e45f e01af144186a4353a714835139d0011d f459688858444c21b2baec90df601f6e - - default default] No more DHCP agents
2026-03-06 01:42:01.032 10 WARNING neutron.api.rpc.agentnotifiers.dhcp_rpc_agent_api [None req-0b026815-6952-44df-af61-ce621be2e45f e01af144186a4353a714835139d0011d f459688858444c21b2baec90df601f6e - - default default] Unable to schedule network 38665517-81ec-4713-85d2-a4b3dd71f8d9: no agents available; will retry on subsequent port and subnet creation events.
2026-03-06 01:42:01.076 9 INFO neutron.api.wsgi [None req-d48c9231-4ce3-4247-ad0c-b720f04418b5 fc46425083984c3e98aa6cfaff298d83 396ef6d375f64b9bbe6133a01d1f9f28 - - default default] 10.0.0.122 "POST /v2.0/security-group-rules HTTP/1.1" status: 201 len: 796 time: 0.3776150
2026-03-06 01:42:01.152 10 INFO neutron.db.ovn_revision_numbers_db [None req-0b026815-6952-44df-af61-ce621be2e45f e01af144186a4353a714835139d0011d f459688858444c21b2baec90df601f6e - - default default] Successfully bumped revision number for resource 0535ef82-4cd9-4fd2-b9b7-bf01b1a84dba (type: ports) to 1
2026-03-06 01:42:01.244 10 WARNING neutron.scheduler.dhcp_agent_scheduler [None req-934e69f8-c228-43e7-87c0-5ae5ebd322c1 6559c8f29259407a9221550baf5ede4a 3d04ddf88d564edc8dc1e1f13323dd94 - - default default] No more DHCP agents
2026-03-06 01:42:01.246 10 WARNING neutron.api.rpc.agentnotifiers.dhcp_rpc_agent_api [None req-934e69f8-c228-43e7-87c0-5ae5ebd322c1 6559c8f29259407a9221550baf5ede4a 3d04ddf88d564edc8dc1e1f13323dd94 - - default default] Unable to schedule network caa262bf-9049-4ebd-b92b-db1c95aaebbb: no agents available; will retry on subsequent port and subnet creation events.
2026-03-06 01:42:01.377 10 INFO neutron.db.ovn_revision_numbers_db [None req-934e69f8-c228-43e7-87c0-5ae5ebd322c1 6559c8f29259407a9221550baf5ede4a 3d04ddf88d564edc8dc1e1f13323dd94 - - default default] Successfully bumped revision number for resource ee75dd3b-f322-4ea8-8b17-509313cb0788 (type: ports) to 1
2026-03-06 01:42:01.454 10 INFO neutron.api.wsgi [req-3196a6fe-2165-4b1d-b5eb-062888561a7d req-8a9c176c-f1fd-44a1-a709-93e5a8460eda fc46425083984c3e98aa6cfaff298d83 396ef6d375f64b9bbe6133a01d1f9f28 - - default default] 10.0.0.209 "GET /v2.0/security-groups?name=tempest-lb_member_SG-2098684985&fields=id&tenant_id=396ef6d375f64b9bbe6133a01d1f9f28 HTTP/1.1" status: 200 len: 267 time: 0.0709527
2026-03-06 01:42:01.527 10 INFO neutron.api.wsgi [req-3196a6fe-2165-4b1d-b5eb-062888561a7d req-7c816281-f4f4-46e8-985c-f5aeadb5bec0 fc46425083984c3e98aa6cfaff298d83 396ef6d375f64b9bbe6133a01d1f9f28 - - default default] 10.0.0.209 "GET /v2.0/networks?id=ff6175a7-5e62-4198-8f74-c32e180e0ea5 HTTP/1.1" status: 200 len: 903 time: 0.0660744
2026-03-06 01:42:01.550 10 INFO neutron.api.wsgi [req-3196a6fe-2165-4b1d-b5eb-062888561a7d req-d981c248-6304-4297-a283-22808fe6ef6a fc46425083984c3e98aa6cfaff298d83 396ef6d375f64b9bbe6133a01d1f9f28 - - default default] 10.0.0.209 "GET /v2.0/quotas/396ef6d375f64b9bbe6133a01d1f9f28 HTTP/1.1" status: 200 len: 491 time: 0.0164597
2026-03-06 01:42:01.727 10 INFO neutron.db.ovn_revision_numbers_db [None req-0b026815-6952-44df-af61-ce621be2e45f e01af144186a4353a714835139d0011d f459688858444c21b2baec90df601f6e - - default default] Successfully bumped revision number for resource 0535ef82-4cd9-4fd2-b9b7-bf01b1a84dba (type: ports) to 1
2026-03-06 01:42:01.808 10 INFO neutron.api.wsgi [req-3196a6fe-2165-4b1d-b5eb-062888561a7d req-70a61332-6272-431d-bb49-173ed447d59d fc46425083984c3e98aa6cfaff298d83 396ef6d375f64b9bbe6133a01d1f9f28 - - default default] 10.0.0.209 "GET /v2.0/ports?tenant_id=396ef6d375f64b9bbe6133a01d1f9f28&fields=id HTTP/1.1" status: 200 len: 486 time: 0.2508368
2026-03-06 01:42:01.830 10 WARNING neutron.scheduler.dhcp_agent_scheduler [None req-0b026815-6952-44df-af61-ce621be2e45f e01af144186a4353a714835139d0011d f459688858444c21b2baec90df601f6e - - default default] No more DHCP agents
2026-03-06 01:42:01.832 10 WARNING neutron.api.rpc.agentnotifiers.dhcp_rpc_agent_api [None req-0b026815-6952-44df-af61-ce621be2e45f e01af144186a4353a714835139d0011d f459688858444c21b2baec90df601f6e - - default default] Unable to schedule network 38665517-81ec-4713-85d2-a4b3dd71f8d9: no agents available; will retry on subsequent port and subnet creation events.
2026-03-06 01:42:01.919 10 INFO neutron.api.wsgi [req-3196a6fe-2165-4b1d-b5eb-062888561a7d req-31f0a007-8645-4408-8ca5-1358cb520f61 8eb44330508a426c9ba86ad21a028714 e548c96dd269448eb17847e3a6495a83 - - a3b3c7e74b3740aba4cc2320f7985a70 a3b3c7e74b3740aba4cc2320f7985a70] 10.0.0.209 "GET /v2.0/networks/ff6175a7-5e62-4198-8f74-c32e180e0ea5?fields=segments HTTP/1.1" status: 200 len: 212 time: 0.0857832
2026-03-06 01:42:02.234 10 INFO neutron.api.wsgi [req-3196a6fe-2165-4b1d-b5eb-062888561a7d req-c885cde9-7e18-4160-8d58-403e91925279 8eb44330508a426c9ba86ad21a028714 e548c96dd269448eb17847e3a6495a83 - - a3b3c7e74b3740aba4cc2320f7985a70 a3b3c7e74b3740aba4cc2320f7985a70] 10.0.0.209 "GET /v2.0/networks/ff6175a7-5e62-4198-8f74-c32e180e0ea5?fields=provider%3Aphysical_network&fields=provider%3Anetwork_type HTTP/1.1" status: 200 len: 277 time: 0.3069198
2026-03-06 01:42:02.301 10 INFO neutron.db.ovn_revision_numbers_db [None req-0b026815-6952-44df-af61-ce621be2e45f e01af144186a4353a714835139d0011d f459688858444c21b2baec90df601f6e - - default default] Successfully bumped revision number for resource 0535ef82-4cd9-4fd2-b9b7-bf01b1a84dba (type: router_ports) to 1
2026-03-06 01:42:02.307 10 INFO neutron.api.wsgi [None req-0b026815-6952-44df-af61-ce621be2e45f e01af144186a4353a714835139d0011d f459688858444c21b2baec90df601f6e - - default default] 10.0.0.122 "PUT /v2.0/routers/230249c3-772a-4c95-beb1-b72a4574a79f/add_router_interface HTTP/1.1" status: 200 len: 503 time: 1.7313342
2026-03-06 01:42:02.344 10 INFO neutron.api.wsgi [None req-dbfbdcce-8820-44ab-a92e-51e8fb4b23df e01af144186a4353a714835139d0011d f459688858444c21b2baec90df601f6e - - default default] 10.0.0.122 "GET /v2.0/ports/0535ef82-4cd9-4fd2-b9b7-bf01b1a84dba HTTP/1.1" status: 200 len: 1139 time: 0.0316079
2026-03-06 01:42:02.357 10 INFO neutron.api.wsgi [req-1c5d8cc1-e91c-47ff-a79c-a155813d566f req-6f3f326f-c975-4475-a39d-e943ce649283 fc46425083984c3e98aa6cfaff298d83 396ef6d375f64b9bbe6133a01d1f9f28 - - default default] 10.0.0.209 "GET /v2.0/ports?device_id=bfb579e9-2120-4991-80ea-707110223080 HTTP/1.1" status: 200 len: 210 time: 0.0172250
2026-03-06 01:42:02.406 9 INFO neutron.api.wsgi [None req-28d05974-8c05-4d8e-9375-d58b1a560710 e01af144186a4353a714835139d0011d f459688858444c21b2baec90df601f6e - - default default] 10.0.0.122 "GET /v2.0/ports/0535ef82-4cd9-4fd2-b9b7-bf01b1a84dba HTTP/1.1" status: 200 len: 1139 time: 0.0571911
2026-03-06 01:42:02.462 10 INFO neutron.db.ovn_revision_numbers_db [None req-934e69f8-c228-43e7-87c0-5ae5ebd322c1 6559c8f29259407a9221550baf5ede4a 3d04ddf88d564edc8dc1e1f13323dd94 - - default default] Successfully bumped revision number for resource ee75dd3b-f322-4ea8-8b17-509313cb0788 (type: ports) to 1
2026-03-06 01:42:02.516 10 WARNING neutron.scheduler.dhcp_agent_scheduler [None req-934e69f8-c228-43e7-87c0-5ae5ebd322c1 6559c8f29259407a9221550baf5ede4a 3d04ddf88d564edc8dc1e1f13323dd94 - - default default] No more DHCP agents
2026-03-06 01:42:02.518 10 WARNING neutron.api.rpc.agentnotifiers.dhcp_rpc_agent_api [None req-934e69f8-c228-43e7-87c0-5ae5ebd322c1 6559c8f29259407a9221550baf5ede4a 3d04ddf88d564edc8dc1e1f13323dd94 - - default default] Unable to schedule network caa262bf-9049-4ebd-b92b-db1c95aaebbb: no agents available; will retry on subsequent port and subnet creation events.
2026-03-06 01:42:02.924 10 INFO neutron.db.ovn_revision_numbers_db [None req-934e69f8-c228-43e7-87c0-5ae5ebd322c1 6559c8f29259407a9221550baf5ede4a 3d04ddf88d564edc8dc1e1f13323dd94 - - default default] Successfully bumped revision number for resource ee75dd3b-f322-4ea8-8b17-509313cb0788 (type: router_ports) to 1
2026-03-06 01:42:02.930 10 INFO neutron.api.wsgi [None req-934e69f8-c228-43e7-87c0-5ae5ebd322c1 6559c8f29259407a9221550baf5ede4a 3d04ddf88d564edc8dc1e1f13323dd94 - - default default] 10.0.0.122 "PUT /v2.0/routers/c1ebf65c-2e1b-4ad6-bf44-452538540845/add_router_interface HTTP/1.1" status: 200 len: 503 time: 2.4138045
2026-03-06 01:42:02.938 9 WARNING neutron_lib.context [None req-38612edf-d8f4-495d-94d6-d935733181ac 6559c8f29259407a9221550baf5ede4a 3d04ddf88d564edc8dc1e1f13323dd94 - - default default] Method 'is_advsvc' is deprecated since 2023.2 release (neutron-lib 3.8.0) and will be removed once support for the old RBAC API policies will be removed from Neutron. Please use method 'is_service_role' instead.
2026-03-06 01:42:03.037 10 WARNING neutron.plugins.ml2.drivers.ovn.mech_driver.ovsdb.ovn_client [None req-388f864b-446b-40f6-a25b-ffef9e0ed6cd - - - - - -] No hosting information found for port 5977e91c-d821-4ade-99bb-2c6953410313: RuntimeError: No hosting information found for port 5977e91c-d821-4ade-99bb-2c6953410313
2026-03-06 01:42:03.071 9 WARNING neutron.plugins.ml2.drivers.ovn.mech_driver.ovsdb.ovn_client [None req-65ac44ed-5e88-4d05-b876-cd45ede23e39 - - - - - -] No hosting information found for port 9864178d-2ce4-48e3-9023-841020e0dfa0: RuntimeError: No hosting information found for port 9864178d-2ce4-48e3-9023-841020e0dfa0
2026-03-06 01:42:03.076 10 INFO neutron.plugins.ml2.drivers.ovn.mech_driver.mech_driver [None req-388f864b-446b-40f6-a25b-ffef9e0ed6cd - - - - - -] OVN reports status up for port: ee75dd3b-f322-4ea8-8b17-509313cb0788
2026-03-06 01:42:03.082 10 INFO neutron.plugins.ml2.plugin [None req-388f864b-446b-40f6-a25b-ffef9e0ed6cd - - - - - -] Attempt 1 to provision port ee75dd3b-f322-4ea8-8b17-509313cb0788
2026-03-06 01:42:03.160 9 INFO neutron.db.ovn_revision_numbers_db [None req-65ac44ed-5e88-4d05-b876-cd45ede23e39 - - - - - -] Successfully bumped revision number for resource 9864178d-2ce4-48e3-9023-841020e0dfa0 (type: router_ports) to 2
2026-03-06 01:42:03.161 9 INFO neutron.plugins.ml2.drivers.ovn.mech_driver.mech_driver [None req-65ac44ed-5e88-4d05-b876-cd45ede23e39 - - - - - -] OVN reports status up for port: 5926f5cf-c70b-41fb-b386-ca8ee48a32b0
2026-03-06 01:42:03.170 9 INFO neutron.plugins.ml2.plugin [None req-65ac44ed-5e88-4d05-b876-cd45ede23e39 - - - - - -] Attempt 1 to provision port 5926f5cf-c70b-41fb-b386-ca8ee48a32b0
2026-03-06 01:42:03.254 9 WARNING neutron.scheduler.dhcp_agent_scheduler [None req-38612edf-d8f4-495d-94d6-d935733181ac 6559c8f29259407a9221550baf5ede4a 3d04ddf88d564edc8dc1e1f13323dd94 - - default default] No more DHCP agents
2026-03-06 01:42:03.255 9 WARNING neutron.api.rpc.agentnotifiers.dhcp_rpc_agent_api [None req-38612edf-d8f4-495d-94d6-d935733181ac 6559c8f29259407a9221550baf5ede4a 3d04ddf88d564edc8dc1e1f13323dd94 - - default default] Unable to schedule network caa262bf-9049-4ebd-b92b-db1c95aaebbb: no agents available; will retry on subsequent port and subnet creation events.
2026-03-06 01:42:03.400 9 INFO neutron.db.ovn_revision_numbers_db [None req-38612edf-d8f4-495d-94d6-d935733181ac 6559c8f29259407a9221550baf5ede4a 3d04ddf88d564edc8dc1e1f13323dd94 - - default default] Successfully bumped revision number for resource 808e572f-f1d9-43f2-a218-3cbdb3dea52e (type: ports) to 1
2026-03-06 01:42:03.422 9 INFO neutron.api.wsgi [None req-38612edf-d8f4-495d-94d6-d935733181ac 6559c8f29259407a9221550baf5ede4a 3d04ddf88d564edc8dc1e1f13323dd94 - - default default] 10.0.0.122 "POST /v2.0/ports HTTP/1.1" status: 201 len: 1158 time: 0.4881928 /var/lib/openstack/lib/python3.12/site-packages/pycadf/identifier.py:71: UserWarning: Invalid uuid: neutron. To ensure interoperability, identifiers should be a valid uuid. warnings.warn(('Invalid uuid: %s. To ensure interoperability, '
2026-03-06 01:42:03.430 9 WARNING neutron_lib.context [None req-c4f68b6a-3652-4452-b9b3-e77bed7f7c15 6559c8f29259407a9221550baf5ede4a 3d04ddf88d564edc8dc1e1f13323dd94 - - default default] Method 'is_advsvc' is deprecated since 2023.2 release (neutron-lib 3.8.0) and will be removed once support for the old RBAC API policies will be removed from Neutron. Please use method 'is_service_role' instead.
2026-03-06 01:42:03.450 10 INFO neutron.api.wsgi [None req-32783ea7-bada-4b28-9396-e0981e157383 e01af144186a4353a714835139d0011d f459688858444c21b2baec90df601f6e - - default default] 10.0.0.122 "GET /v2.0/ports/0535ef82-4cd9-4fd2-b9b7-bf01b1a84dba HTTP/1.1" status: 200 len: 1139 time: 0.0376229
2026-03-06 01:42:03.467 10 INFO neutron.db.ovn_revision_numbers_db [None req-388f864b-446b-40f6-a25b-ffef9e0ed6cd - - - - - -] Successfully bumped revision number for resource ee75dd3b-f322-4ea8-8b17-509313cb0788 (type: ports) to 2
2026-03-06 01:42:03.607 9 INFO neutron.db.ovn_revision_numbers_db [None req-65ac44ed-5e88-4d05-b876-cd45ede23e39 - - - - - -] Successfully bumped revision number for resource 5926f5cf-c70b-41fb-b386-ca8ee48a32b0 (type: ports) to 2
2026-03-06 01:42:03.752 9 WARNING neutron.scheduler.dhcp_agent_scheduler [None req-c4f68b6a-3652-4452-b9b3-e77bed7f7c15 6559c8f29259407a9221550baf5ede4a 3d04ddf88d564edc8dc1e1f13323dd94 - - default default] No more DHCP agents
2026-03-06 01:42:03.753 9 WARNING neutron.api.rpc.agentnotifiers.dhcp_rpc_agent_api [None req-c4f68b6a-3652-4452-b9b3-e77bed7f7c15 6559c8f29259407a9221550baf5ede4a 3d04ddf88d564edc8dc1e1f13323dd94 - - default default] Unable to schedule network caa262bf-9049-4ebd-b92b-db1c95aaebbb: no agents available; will retry on subsequent port and subnet creation events.
2026-03-06 01:42:03.793 10 WARNING neutron_lib.context [None req-9ad0ef32-6933-4504-9489-4d11b7a32c8b b7ff17bbe94f4c3795c74f6a9ab8ca66 f6539e0f6d1f47eaa8394192ba1c443d - - default default] Method 'is_advsvc' is deprecated since 2023.2 release (neutron-lib 3.8.0) and will be removed once support for the old RBAC API policies will be removed from Neutron. Please use method 'is_service_role' instead.
2026-03-06 01:42:03.872 9 INFO neutron.db.ovn_revision_numbers_db [None req-c4f68b6a-3652-4452-b9b3-e77bed7f7c15 6559c8f29259407a9221550baf5ede4a 3d04ddf88d564edc8dc1e1f13323dd94 - - default default] Successfully bumped revision number for resource 1dd48e37-79fb-4d85-a4ec-d2ce359219fc (type: ports) to 1
2026-03-06 01:42:03.895 9 INFO neutron.api.wsgi [None req-c4f68b6a-3652-4452-b9b3-e77bed7f7c15 6559c8f29259407a9221550baf5ede4a 3d04ddf88d564edc8dc1e1f13323dd94 - - default default] 10.0.0.122 "POST /v2.0/ports HTTP/1.1" status: 201 len: 1154 time: 0.4685779 /var/lib/openstack/lib/python3.12/site-packages/pycadf/identifier.py:71: UserWarning: Invalid uuid: neutron. To ensure interoperability, identifiers should be a valid uuid. warnings.warn(('Invalid uuid: %s. To ensure interoperability, '
2026-03-06 01:42:03.904 9 WARNING neutron_lib.context [None req-7bdbf34f-c2a1-485b-8dd6-12eb71edca84 6559c8f29259407a9221550baf5ede4a 3d04ddf88d564edc8dc1e1f13323dd94 - - default default] Method 'is_advsvc' is deprecated since 2023.2 release (neutron-lib 3.8.0) and will be removed once support for the old RBAC API policies will be removed from Neutron. Please use method 'is_service_role' instead.
2026-03-06 01:42:03.908 10 INFO neutron.db.ovn_revision_numbers_db [None req-9ad0ef32-6933-4504-9489-4d11b7a32c8b b7ff17bbe94f4c3795c74f6a9ab8ca66 f6539e0f6d1f47eaa8394192ba1c443d - - default default] Successfully bumped revision number for resource 2592e10e-a4c3-49eb-bbc5-fbdfd85e7368 (type: security_groups) to 1
2026-03-06 01:42:03.921 10 INFO neutron.db.ovn_revision_numbers_db [None req-9ad0ef32-6933-4504-9489-4d11b7a32c8b b7ff17bbe94f4c3795c74f6a9ab8ca66 f6539e0f6d1f47eaa8394192ba1c443d - - default default] Successfully bumped revision number for resource 140c1948-39a9-44a0-ae0e-508b0e9a43a0 (type: security_group_rules) to 0
2026-03-06 01:42:03.934 10 INFO neutron.db.ovn_revision_numbers_db [None req-9ad0ef32-6933-4504-9489-4d11b7a32c8b b7ff17bbe94f4c3795c74f6a9ab8ca66 f6539e0f6d1f47eaa8394192ba1c443d - - default default] Successfully bumped revision number for resource 40bef1fc-86f9-4425-8772-6ddf212c5e60 (type: security_group_rules) to 0
2026-03-06 01:42:03.947 10 INFO neutron.db.ovn_revision_numbers_db [None req-9ad0ef32-6933-4504-9489-4d11b7a32c8b b7ff17bbe94f4c3795c74f6a9ab8ca66 f6539e0f6d1f47eaa8394192ba1c443d - - default default] Successfully bumped revision number for resource f12a18b7-472d-4c85-8cdc-608c6353dbc2 (type: security_group_rules) to 0
2026-03-06 01:42:03.958 10 INFO neutron.db.ovn_revision_numbers_db [None req-9ad0ef32-6933-4504-9489-4d11b7a32c8b b7ff17bbe94f4c3795c74f6a9ab8ca66 f6539e0f6d1f47eaa8394192ba1c443d - - default default] Successfully bumped revision number for resource f2a2b1a1-c6e9-497c-a1cc-06d2c449acfd (type: security_group_rules) to 0
2026-03-06 01:42:04.047 10 INFO neutron.db.ovn_revision_numbers_db [None req-9ad0ef32-6933-4504-9489-4d11b7a32c8b b7ff17bbe94f4c3795c74f6a9ab8ca66 f6539e0f6d1f47eaa8394192ba1c443d - - default default] Successfully bumped revision number for resource 6397daec-f558-4315-9788-588e6faba7b0 (type: security_groups) to 1
