2026-03-06 01:44:33.006 9 INFO neutron.db.ovn_revision_numbers_db [None req-66f38dba-8911-4d13-ab7d-b6609a7d5082 ae0e7e550fa44c9b93b8551a4fdaab00 951f408b0818493d9664d230d85e33ef - - default default] Successfully bumped revision number for resource 5c05ba68-20d7-4782-b5e0-ba21db56cf34 (type: ports) to 1
2026-03-06 01:44:33.027 9 INFO neutron.api.wsgi [None req-66f38dba-8911-4d13-ab7d-b6609a7d5082 ae0e7e550fa44c9b93b8551a4fdaab00 951f408b0818493d9664d230d85e33ef - - default default] 10.0.0.122 "POST /v2.0/ports HTTP/1.1" status: 201 len: 942 time: 0.2997198 /var/lib/openstack/lib/python3.12/site-packages/pycadf/identifier.py:71: UserWarning: Invalid uuid: neutron. To ensure interoperability, identifiers should be a valid uuid. warnings.warn(('Invalid uuid: %s. To ensure interoperability, '
2026-03-06 01:44:33.037 9 WARNING neutron_lib.context [None req-95988286-49a4-46fa-9a10-6592f8354662 ae0e7e550fa44c9b93b8551a4fdaab00 951f408b0818493d9664d230d85e33ef - - default default] Method 'is_advsvc' is deprecated since 2023.2 release (neutron-lib 3.8.0) and will be removed once support for the old RBAC API policies will be removed from Neutron. Please use method 'is_service_role' instead.
2026-03-06 01:44:33.199 9 INFO neutron.api.wsgi [None req-95988286-49a4-46fa-9a10-6592f8354662 ae0e7e550fa44c9b93b8551a4fdaab00 951f408b0818493d9664d230d85e33ef - - default default] 10.0.0.122 "POST /v2.0/trunks HTTP/1.1" status: 201 len: 608 time: 0.1656866
2026-03-06 01:44:33.208 9 WARNING neutron_lib.context [None req-18dd40c3-5c1f-4801-a872-ce4ec8712ef6 ae0e7e550fa44c9b93b8551a4fdaab00 951f408b0818493d9664d230d85e33ef - - default default] Method 'is_advsvc' is deprecated since 2023.2 release (neutron-lib 3.8.0) and will be removed once support for the old RBAC API policies will be removed from Neutron. Please use method 'is_service_role' instead.
2026-03-06 01:44:33.287 9 INFO neutron.db.segments_db [None req-18dd40c3-5c1f-4801-a872-ce4ec8712ef6 ae0e7e550fa44c9b93b8551a4fdaab00 951f408b0818493d9664d230d85e33ef - - default default] Added segment 73648c41-faf4-44eb-a140-b4b7982d4e2b of type geneve for network e2442236-eff3-4a39-b638-8da1f252a209
2026-03-06 01:44:33.397 9 INFO neutron.db.ovn_revision_numbers_db [None req-18dd40c3-5c1f-4801-a872-ce4ec8712ef6 ae0e7e550fa44c9b93b8551a4fdaab00 951f408b0818493d9664d230d85e33ef - - default default] Successfully bumped revision number for resource e2442236-eff3-4a39-b638-8da1f252a209 (type: networks) to 1
2026-03-06 01:44:33.534 10 INFO neutron.api.wsgi [req-a2e449f2-530d-4b2f-bd61-571cc9c6a051 req-b751c92b-7b43-42d7-a3cb-021a15b5457f 80225ead0d42461bb9b93180fc26da51 b108462240f34ff58801c6b3f8c657e6 - - default default] 10.0.0.209 "GET /v2.0/ports?device_id=9a7376f5-7159-469a-8d87-1d31b40fcfaa HTTP/1.1" status: 200 len: 1214 time: 0.0393827
2026-03-06 01:44:33.538 9 WARNING neutron.scheduler.dhcp_agent_scheduler [None req-18dd40c3-5c1f-4801-a872-ce4ec8712ef6 ae0e7e550fa44c9b93b8551a4fdaab00 951f408b0818493d9664d230d85e33ef - - default default] No more DHCP agents
2026-03-06 01:44:33.540 9 WARNING neutron.api.rpc.agentnotifiers.dhcp_rpc_agent_api [None req-18dd40c3-5c1f-4801-a872-ce4ec8712ef6 ae0e7e550fa44c9b93b8551a4fdaab00 951f408b0818493d9664d230d85e33ef - - default default] Unable to schedule network e2442236-eff3-4a39-b638-8da1f252a209: no agents available; will retry on subsequent port and subnet creation events.
2026-03-06 01:44:33.580 10 INFO neutron.api.wsgi [req-a2e449f2-530d-4b2f-bd61-571cc9c6a051 req-280aa26d-8f84-4954-9cbd-b900eb76f0ce 80225ead0d42461bb9b93180fc26da51 b108462240f34ff58801c6b3f8c657e6 - - default default] 10.0.0.209 "GET /v2.0/security-groups?id=ac4a60b2-6a40-43a9-b96b-dca816e5c990&id=a43dcb6d-c695-4637-97f8-f6e4d150e907&fields=id&fields=name HTTP/1.1" status: 200 len: 406 time: 0.0402882
2026-03-06 01:44:33.595 9 INFO neutron.db.ovn_revision_numbers_db [None req-18dd40c3-5c1f-4801-a872-ce4ec8712ef6 ae0e7e550fa44c9b93b8551a4fdaab00 951f408b0818493d9664d230d85e33ef - - default default] Successfully bumped revision number for resource bf023860-3289-46de-824a-93b19487db97 (type: ports) to 1
2026-03-06 01:44:33.614 9 INFO neutron.api.wsgi [None req-18dd40c3-5c1f-4801-a872-ce4ec8712ef6 ae0e7e550fa44c9b93b8551a4fdaab00 951f408b0818493d9664d230d85e33ef - - default default] 10.0.0.122 "POST /v2.0/networks HTTP/1.1" status: 201 len: 830 time: 0.4102170
2026-03-06 01:44:33.625 9 WARNING neutron_lib.context [None req-1b8a37e6-4277-4756-b7e4-a4b5bf22b730 ae0e7e550fa44c9b93b8551a4fdaab00 951f408b0818493d9664d230d85e33ef - - default default] Method 'is_advsvc' is deprecated since 2023.2 release (neutron-lib 3.8.0) and will be removed once support for the old RBAC API policies will be removed from Neutron. Please use method 'is_service_role' instead.
2026-03-06 01:44:33.833 9 WARNING neutron.scheduler.dhcp_agent_scheduler [None req-1b8a37e6-4277-4756-b7e4-a4b5bf22b730 ae0e7e550fa44c9b93b8551a4fdaab00 951f408b0818493d9664d230d85e33ef - - default default] No more DHCP agents
2026-03-06 01:44:33.834 9 WARNING neutron.api.rpc.agentnotifiers.dhcp_rpc_agent_api [None req-1b8a37e6-4277-4756-b7e4-a4b5bf22b730 ae0e7e550fa44c9b93b8551a4fdaab00 951f408b0818493d9664d230d85e33ef - - default default] Unable to schedule network e2442236-eff3-4a39-b638-8da1f252a209: no agents available; will retry on subsequent port and subnet creation events.
2026-03-06 01:44:33.882 10 INFO neutron.api.wsgi [req-763644bc-f2e7-4a38-8c4f-89551f047f2c req-189da33d-323d-43e8-acad-0e27c8e0225f 8eb44330508a426c9ba86ad21a028714 e548c96dd269448eb17847e3a6495a83 - - a3b3c7e74b3740aba4cc2320f7985a70 a3b3c7e74b3740aba4cc2320f7985a70] 199.204.45.155 "GET /v2.0/networks/ff6175a7-5e62-4198-8f74-c32e180e0ea5?fields=segments HTTP/1.1" status: 200 len: 212 time: 0.0466878
2026-03-06 01:44:33.905 9 INFO neutron.db.ovn_revision_numbers_db [None req-1b8a37e6-4277-4756-b7e4-a4b5bf22b730 ae0e7e550fa44c9b93b8551a4fdaab00 951f408b0818493d9664d230d85e33ef - - default default] Successfully bumped revision number for resource cb5cf914-ec4b-4014-b05c-917c47d6b814 (type: ports) to 1
2026-03-06 01:44:33.925 10 INFO neutron.api.wsgi [req-763644bc-f2e7-4a38-8c4f-89551f047f2c req-b8a024de-081b-47cc-818e-9d26ecf38653 8eb44330508a426c9ba86ad21a028714 e548c96dd269448eb17847e3a6495a83 - - a3b3c7e74b3740aba4cc2320f7985a70 a3b3c7e74b3740aba4cc2320f7985a70] 199.204.45.155 "GET /v2.0/networks/ff6175a7-5e62-4198-8f74-c32e180e0ea5?fields=provider%3Aphysical_network&fields=provider%3Anetwork_type HTTP/1.1" status: 200 len: 277 time: 0.0378184
2026-03-06 01:44:33.931 9 INFO neutron.api.wsgi [None req-1b8a37e6-4277-4756-b7e4-a4b5bf22b730 ae0e7e550fa44c9b93b8551a4fdaab00 951f408b0818493d9664d230d85e33ef - - default default] 10.0.0.122 "POST /v2.0/ports HTTP/1.1" status: 201 len: 942 time: 0.3097720 /var/lib/openstack/lib/python3.12/site-packages/pycadf/identifier.py:71: UserWarning: Invalid uuid: neutron. To ensure interoperability, identifiers should be a valid uuid. warnings.warn(('Invalid uuid: %s. To ensure interoperability, '
2026-03-06 01:44:33.941 9 WARNING neutron_lib.context [None req-9cbfac3c-9c24-495e-b08b-751f1869d260 ae0e7e550fa44c9b93b8551a4fdaab00 951f408b0818493d9664d230d85e33ef - - default default] Method 'is_advsvc' is deprecated since 2023.2 release (neutron-lib 3.8.0) and will be removed once support for the old RBAC API policies will be removed from Neutron. Please use method 'is_service_role' instead.
2026-03-06 01:44:34.064 9 INFO neutron.plugins.ml2.drivers.ovn.mech_driver.mech_driver [None req-85cd0c19-12a9-44d4-bf0b-e3b9836bf39c - - - - - -] OVN reports status down for port: 238abd60-6eb9-48f8-b263-f9933a88471c
2026-03-06 01:44:34.125 9 INFO neutron.api.wsgi [None req-9cbfac3c-9c24-495e-b08b-751f1869d260 ae0e7e550fa44c9b93b8551a4fdaab00 951f408b0818493d9664d230d85e33ef - - default default] 10.0.0.122 "POST /v2.0/trunks HTTP/1.1" status: 201 len: 608 time: 0.1887243
2026-03-06 01:44:34.135 10 WARNING neutron_lib.context [None req-a8ecd182-0d4f-4b33-ba9a-e4575cea9531 ae0e7e550fa44c9b93b8551a4fdaab00 951f408b0818493d9664d230d85e33ef - - default default] Method 'is_advsvc' is deprecated since 2023.2 release (neutron-lib 3.8.0) and will be removed once support for the old RBAC API policies will be removed from Neutron. Please use method 'is_service_role' instead.
2026-03-06 01:44:34.202 9 INFO neutron.notifiers.nova [-] Nova event matching ['req-4fb8da27-d7a0-4a81-8ec7-424fb0ed9761'] response: {'server_uuid': '9a7376f5-7159-469a-8d87-1d31b40fcfaa', 'name': 'network-vif-unplugged', 'status': 'completed', 'tag': '238abd60-6eb9-48f8-b263-f9933a88471c', 'code': 200}
2026-03-06 01:44:34.236 10 INFO neutron.db.segments_db [None req-a8ecd182-0d4f-4b33-ba9a-e4575cea9531 ae0e7e550fa44c9b93b8551a4fdaab00 951f408b0818493d9664d230d85e33ef - - default default] Added segment 69d13c10-d99c-4fdd-9929-3632ed66c301 of type geneve for network c9f361e6-3f00-4954-8f8f-c470142f4918
2026-03-06 01:44:34.318 9 INFO neutron.db.ovn_revision_numbers_db [None req-85cd0c19-12a9-44d4-bf0b-e3b9836bf39c - - - - - -] Successfully bumped revision number for resource 238abd60-6eb9-48f8-b263-f9933a88471c (type: ports) to 6
2026-03-06 01:44:34.352 10 INFO neutron.db.ovn_revision_numbers_db [None req-a8ecd182-0d4f-4b33-ba9a-e4575cea9531 ae0e7e550fa44c9b93b8551a4fdaab00 951f408b0818493d9664d230d85e33ef - - default default] Successfully bumped revision number for resource c9f361e6-3f00-4954-8f8f-c470142f4918 (type: networks) to 1
2026-03-06 01:44:34.485 10 INFO neutron.api.wsgi [req-763644bc-f2e7-4a38-8c4f-89551f047f2c req-890244d4-3d06-4df1-9472-9999d101ef99 1e7dc8fe47e6429cb2bb978ca1cc15c6 648b6b88fee64ac1b19ebad9b51eece1 - - default default] 199.204.45.155 "GET /v2.0/networks?id=ff6175a7-5e62-4198-8f74-c32e180e0ea5 HTTP/1.1" status: 200 len: 1002 time: 0.0500529
2026-03-06 01:44:34.517 10 WARNING neutron.scheduler.dhcp_agent_scheduler [None req-a8ecd182-0d4f-4b33-ba9a-e4575cea9531 ae0e7e550fa44c9b93b8551a4fdaab00 951f408b0818493d9664d230d85e33ef - - default default] No more DHCP agents
2026-03-06 01:44:34.518 10 WARNING neutron.api.rpc.agentnotifiers.dhcp_rpc_agent_api [None req-a8ecd182-0d4f-4b33-ba9a-e4575cea9531 ae0e7e550fa44c9b93b8551a4fdaab00 951f408b0818493d9664d230d85e33ef - - default default] Unable to schedule network c9f361e6-3f00-4954-8f8f-c470142f4918: no agents available; will retry on subsequent port and subnet creation events.
2026-03-06 01:44:34.596 10 INFO neutron.db.ovn_revision_numbers_db [None req-a8ecd182-0d4f-4b33-ba9a-e4575cea9531 ae0e7e550fa44c9b93b8551a4fdaab00 951f408b0818493d9664d230d85e33ef - - default default] Successfully bumped revision number for resource 3d0ad834-ade3-49a6-93a7-4ca0109cce18 (type: ports) to 1
2026-03-06 01:44:34.621 10 INFO neutron.api.wsgi [None req-a8ecd182-0d4f-4b33-ba9a-e4575cea9531 ae0e7e550fa44c9b93b8551a4fdaab00 951f408b0818493d9664d230d85e33ef - - default default] 10.0.0.122 "POST /v2.0/networks HTTP/1.1" status: 201 len: 831 time: 0.4917839 /var/lib/openstack/lib/python3.12/site-packages/pycadf/identifier.py:71: UserWarning: Invalid uuid: neutron. To ensure interoperability, identifiers should be a valid uuid. warnings.warn(('Invalid uuid: %s. To ensure interoperability, '
2026-03-06 01:44:34.632 9 WARNING neutron_lib.context [None req-c216c7e8-ac48-4d59-a4ff-6c2e0ce770ec ae0e7e550fa44c9b93b8551a4fdaab00 951f408b0818493d9664d230d85e33ef - - default default] Method 'is_advsvc' is deprecated since 2023.2 release (neutron-lib 3.8.0) and will be removed once support for the old RBAC API policies will be removed from Neutron. Please use method 'is_service_role' instead.
2026-03-06 01:44:34.676 10 INFO neutron.api.wsgi [req-2e590723-0209-42c7-88ce-5477a8a4becc req-4cc9425f-bcb6-4d6a-ac90-0f00760dc3f4 80225ead0d42461bb9b93180fc26da51 b108462240f34ff58801c6b3f8c657e6 - - default default] 10.0.0.209 "GET /v2.0/ports?device_id=9a7376f5-7159-469a-8d87-1d31b40fcfaa HTTP/1.1" status: 200 len: 1212 time: 0.0367827
2026-03-06 01:44:34.735 10 INFO neutron.api.wsgi [req-2e590723-0209-42c7-88ce-5477a8a4becc req-7cd19cdb-9053-4b4a-9d76-bde4e3a7bc41 80225ead0d42461bb9b93180fc26da51 b108462240f34ff58801c6b3f8c657e6 - - default default] 10.0.0.209 "GET /v2.0/security-groups?id=ac4a60b2-6a40-43a9-b96b-dca816e5c990&id=a43dcb6d-c695-4637-97f8-f6e4d150e907&fields=id&fields=name HTTP/1.1" status: 200 len: 406 time: 0.0527637
2026-03-06 01:44:34.807 10 WARNING neutron.scheduler.dhcp_agent_scheduler [req-763644bc-f2e7-4a38-8c4f-89551f047f2c req-246125ba-e80e-42df-8d7a-4efcb37a6810 1e7dc8fe47e6429cb2bb978ca1cc15c6 648b6b88fee64ac1b19ebad9b51eece1 - - default default] No more DHCP agents
2026-03-06 01:44:34.808 10 WARNING neutron.api.rpc.agentnotifiers.dhcp_rpc_agent_api [req-763644bc-f2e7-4a38-8c4f-89551f047f2c req-246125ba-e80e-42df-8d7a-4efcb37a6810 1e7dc8fe47e6429cb2bb978ca1cc15c6 648b6b88fee64ac1b19ebad9b51eece1 - - default default] Unable to schedule network ff6175a7-5e62-4198-8f74-c32e180e0ea5: no agents available; will retry on subsequent port and subnet creation events.
2026-03-06 01:44:34.870 9 WARNING neutron.scheduler.dhcp_agent_scheduler [None req-c216c7e8-ac48-4d59-a4ff-6c2e0ce770ec ae0e7e550fa44c9b93b8551a4fdaab00 951f408b0818493d9664d230d85e33ef - - default default] No more DHCP agents
2026-03-06 01:44:34.871 9 WARNING neutron.api.rpc.agentnotifiers.dhcp_rpc_agent_api [None req-c216c7e8-ac48-4d59-a4ff-6c2e0ce770ec ae0e7e550fa44c9b93b8551a4fdaab00 951f408b0818493d9664d230d85e33ef - - default default] Unable to schedule network c9f361e6-3f00-4954-8f8f-c470142f4918: no agents available; will retry on subsequent port and subnet creation events.
2026-03-06 01:44:34.956 9 INFO neutron.db.ovn_revision_numbers_db [None req-c216c7e8-ac48-4d59-a4ff-6c2e0ce770ec ae0e7e550fa44c9b93b8551a4fdaab00 951f408b0818493d9664d230d85e33ef - - default default] Successfully bumped revision number for resource 1fc9c86f-aff4-401b-b2d7-82207605b930 (type: ports) to 1
2026-03-06 01:44:34.961 10 INFO neutron.db.ovn_revision_numbers_db [req-763644bc-f2e7-4a38-8c4f-89551f047f2c req-246125ba-e80e-42df-8d7a-4efcb37a6810 1e7dc8fe47e6429cb2bb978ca1cc15c6 648b6b88fee64ac1b19ebad9b51eece1 - - default default] Successfully bumped revision number for resource 3fe6011a-8c49-453f-b1a7-1b0c87130d96 (type: ports) to 1
2026-03-06 01:44:34.976 9 INFO neutron.api.wsgi [None req-c216c7e8-ac48-4d59-a4ff-6c2e0ce770ec ae0e7e550fa44c9b93b8551a4fdaab00 951f408b0818493d9664d230d85e33ef - - default default] 10.0.0.122 "POST /v2.0/ports HTTP/1.1" status: 201 len: 942 time: 0.3498139
2026-03-06 01:44:34.981 10 INFO neutron.api.wsgi [req-763644bc-f2e7-4a38-8c4f-89551f047f2c req-246125ba-e80e-42df-8d7a-4efcb37a6810 1e7dc8fe47e6429cb2bb978ca1cc15c6 648b6b88fee64ac1b19ebad9b51eece1 - - default default] 199.204.45.155 "POST /v2.0/ports HTTP/1.1" status: 201 len: 1508 time: 0.4890027 /var/lib/openstack/lib/python3.12/site-packages/pycadf/identifier.py:71: UserWarning: Invalid uuid: neutron. To ensure interoperability, identifiers should be a valid uuid. warnings.warn(('Invalid uuid: %s. To ensure interoperability, '
2026-03-06 01:44:34.987 9 WARNING neutron_lib.context [None req-a8d3ba27-b79c-4dde-b9e5-e182fb20051e ae0e7e550fa44c9b93b8551a4fdaab00 951f408b0818493d9664d230d85e33ef - - default default] Method 'is_advsvc' is deprecated since 2023.2 release (neutron-lib 3.8.0) and will be removed once support for the old RBAC API policies will be removed from Neutron. Please use method 'is_service_role' instead. /var/lib/openstack/lib/python3.12/site-packages/pycadf/identifier.py:71: UserWarning: Invalid uuid: neutron. To ensure interoperability, identifiers should be a valid uuid. warnings.warn(('Invalid uuid: %s. To ensure interoperability, '
2026-03-06 01:44:35.130 9 INFO neutron.api.wsgi [None req-a8d3ba27-b79c-4dde-b9e5-e182fb20051e ae0e7e550fa44c9b93b8551a4fdaab00 951f408b0818493d9664d230d85e33ef - - default default] 10.0.0.122 "POST /v2.0/trunks HTTP/1.1" status: 201 len: 608 time: 0.1471415
2026-03-06 01:44:35.167 10 INFO neutron.api.wsgi [None req-ab12708b-49b0-473e-b30d-7b229fba1e77 ae0e7e550fa44c9b93b8551a4fdaab00 951f408b0818493d9664d230d85e33ef - - default default] 10.0.0.122 "PUT /v2.0/trunks/003a2214-4382-4d83-9790-b1b1333d6a5d/tags HTTP/1.1" status: 200 len: 210 time: 0.0301642
2026-03-06 01:44:35.204 10 INFO neutron.api.wsgi [None req-7ec8ce02-f737-4377-bf25-28f130b19bff ae0e7e550fa44c9b93b8551a4fdaab00 951f408b0818493d9664d230d85e33ef - - default default] 10.0.0.122 "PUT /v2.0/trunks/26f70dfa-3677-4143-a65e-f4f5515aa825/tags HTTP/1.1" status: 200 len: 218 time: 0.0314364
2026-03-06 01:44:35.236 9 INFO neutron.api.wsgi [None req-ef0e6688-60b0-43be-aeef-cff169f63ce6 ae0e7e550fa44c9b93b8551a4fdaab00 951f408b0818493d9664d230d85e33ef - - default default] 10.0.0.122 "PUT /v2.0/trunks/072ae1e4-62de-456e-919d-8f10067a98aa/tags HTTP/1.1" status: 200 len: 227 time: 0.0273995
2026-03-06 01:44:35.292 9 INFO neutron.api.wsgi [None req-322c1471-d66d-4a64-98ce-fda16dec2718 ae0e7e550fa44c9b93b8551a4fdaab00 951f408b0818493d9664d230d85e33ef - - default default] 10.0.0.122 "PUT /v2.0/trunks/adb2b725-2a48-42af-96b6-1d6fd5829e09/tags HTTP/1.1" status: 200 len: 212 time: 0.0513153 /var/lib/openstack/lib/python3.12/site-packages/pycadf/identifier.py:71: UserWarning: Invalid uuid: neutron. To ensure interoperability, identifiers should be a valid uuid. warnings.warn(('Invalid uuid: %s. To ensure interoperability, '
2026-03-06 01:44:35.321 10 INFO neutron.api.wsgi [None req-4a8c582e-0087-47d3-a21d-d82160a8734b ae0e7e550fa44c9b93b8551a4fdaab00 951f408b0818493d9664d230d85e33ef - - default default] 10.0.0.122 "GET /v2.0/trunks?tags=red HTTP/1.1" status: 200 len: 1447 time: 0.0202281
2026-03-06 01:44:35.348 9 INFO neutron.api.wsgi [None req-c07b7525-fa2d-4a10-8519-9890b6263d5c ae0e7e550fa44c9b93b8551a4fdaab00 951f408b0818493d9664d230d85e33ef - - default default] 10.0.0.122 "GET /v2.0/trunks?tags=red%2Cblue HTTP/1.1" status: 200 len: 1041 time: 0.0212722
2026-03-06 01:44:35.350 10 INFO neutron.db.ovn_revision_numbers_db [req-763644bc-f2e7-4a38-8c4f-89551f047f2c req-b1ffaed3-574d-4649-91f7-05ea5665056f 8eb44330508a426c9ba86ad21a028714 e548c96dd269448eb17847e3a6495a83 - - a3b3c7e74b3740aba4cc2320f7985a70 a3b3c7e74b3740aba4cc2320f7985a70] Successfully bumped revision number for resource 3fe6011a-8c49-453f-b1a7-1b0c87130d96 (type: ports) to 2
2026-03-06 01:44:35.352 9 INFO neutron.api.wsgi [req-02190b24-0bd2-42e5-b7ef-5adcf7ff483e req-dfa405f8-6186-4f92-9a91-b2695131acf3 80225ead0d42461bb9b93180fc26da51 b108462240f34ff58801c6b3f8c657e6 - - default default] 199.204.45.155 "GET /v2.0/ports?device_id=9a7376f5-7159-469a-8d87-1d31b40fcfaa HTTP/1.1" status: 200 len: 1212 time: 0.1018922
2026-03-06 01:44:35.387 9 INFO neutron.api.wsgi [None req-a140573c-2441-45ef-8290-d76ebbc44c3b ae0e7e550fa44c9b93b8551a4fdaab00 951f408b0818493d9664d230d85e33ef - - default default] 10.0.0.122 "GET /v2.0/trunks?tags-any=blue HTTP/1.1" status: 200 len: 1041 time: 0.0330720
2026-03-06 01:44:35.410 10 INFO neutron.api.wsgi [None req-67e3198c-92cc-4e72-bef6-aee787a5cda9 ae0e7e550fa44c9b93b8551a4fdaab00 951f408b0818493d9664d230d85e33ef - - default default] 10.0.0.122 "GET /v2.0/trunks?tags-any=red%2Cblue HTTP/1.1" status: 200 len: 1447 time: 0.0183020
2026-03-06 01:44:35.431 10 INFO neutron.api.wsgi [None req-e86baa02-2e1c-4504-a314-cc269840f2ae ae0e7e550fa44c9b93b8551a4fdaab00 951f408b0818493d9664d230d85e33ef - - default default] 10.0.0.122 "GET /v2.0/trunks?not-tags=red HTTP/1.1" status: 200 len: 1013 time: 0.0162458
2026-03-06 01:44:35.459 10 INFO neutron.api.wsgi [None req-d72778ff-8eb8-46e2-8ebf-4e10b7fc8e62 ae0e7e550fa44c9b93b8551a4fdaab00 951f408b0818493d9664d230d85e33ef - - default default] 10.0.0.122 "GET /v2.0/trunks?not-tags=red%2Cblue HTTP/1.1" status: 200 len: 1419 time: 0.0226395
2026-03-06 01:44:35.479 10 INFO neutron.api.wsgi [None req-728e682c-3e3b-43f4-951a-e7573b22b581 ae0e7e550fa44c9b93b8551a4fdaab00 951f408b0818493d9664d230d85e33ef - - default default] 10.0.0.122 "GET /v2.0/trunks?not-tags-any=blue HTTP/1.1" status: 200 len: 1419 time: 0.0165105
2026-03-06 01:44:35.496 10 INFO neutron.api.wsgi [None req-5522eba0-02e7-49bc-89bb-c5d14baf6a29 ae0e7e550fa44c9b93b8551a4fdaab00 951f408b0818493d9664d230d85e33ef - - default default] 10.0.0.122 "GET /v2.0/trunks?not-tags-any=red%2Cblue HTTP/1.1" status: 200 len: 1013 time: 0.0127649 /var/lib/openstack/lib/python3.12/site-packages/pycadf/identifier.py:71: UserWarning: Invalid uuid: neutron. To ensure interoperability, identifiers should be a valid uuid. warnings.warn(('Invalid uuid: %s. To ensure interoperability, '
2026-03-06 01:44:35.513 10 INFO neutron.api.wsgi [None req-40f51896-fb38-4009-9ce0-d70f08832074 ae0e7e550fa44c9b93b8551a4fdaab00 951f408b0818493d9664d230d85e33ef - - default default] 10.0.0.122 "GET /v2.0/trunks/003a2214-4382-4d83-9790-b1b1333d6a5d HTTP/1.1" status: 200 len: 608 time: 0.0122089
2026-03-06 01:44:35.607 10 INFO neutron.api.wsgi [None req-47990968-6af4-4603-8f65-3d64da9e8f9d ae0e7e550fa44c9b93b8551a4fdaab00 951f408b0818493d9664d230d85e33ef - - default default] 10.0.0.122 "GET /v2.0/ports/48a00da6-9572-4e4f-8588-796da4796168 HTTP/1.1" status: 200 len: 1020 time: 0.0895457
2026-03-06 01:44:35.620 10 INFO neutron.db.ovn_revision_numbers_db [req-763644bc-f2e7-4a38-8c4f-89551f047f2c req-b1ffaed3-574d-4649-91f7-05ea5665056f 8eb44330508a426c9ba86ad21a028714 e548c96dd269448eb17847e3a6495a83 - - a3b3c7e74b3740aba4cc2320f7985a70 a3b3c7e74b3740aba4cc2320f7985a70] Successfully bumped revision number for resource 3fe6011a-8c49-453f-b1a7-1b0c87130d96 (type: ports) to 4
2026-03-06 01:44:35.640 10 INFO neutron.api.wsgi [req-763644bc-f2e7-4a38-8c4f-89551f047f2c req-b1ffaed3-574d-4649-91f7-05ea5665056f 8eb44330508a426c9ba86ad21a028714 e548c96dd269448eb17847e3a6495a83 - - a3b3c7e74b3740aba4cc2320f7985a70 a3b3c7e74b3740aba4cc2320f7985a70] 199.204.45.155 "PUT /v2.0/ports/3fe6011a-8c49-453f-b1a7-1b0c87130d96 HTTP/1.1" status: 200 len: 1633 time: 0.6511593
2026-03-06 01:44:35.697 10 INFO neutron.notifiers.nova [-] Nova event matching ['req-f170e88d-dd4e-4c2b-a9fb-3f89a0a890a7'] response: {'name': 'network-changed', 'server_uuid': '9cfdbdea-5215-47d5-95fb-aa3293207b70', 'tag': '3fe6011a-8c49-453f-b1a7-1b0c87130d96', 'status': 'completed', 'code': 200}
2026-03-06 01:44:35.697 9 INFO neutron.db.l3_db [req-02190b24-0bd2-42e5-b7ef-5adcf7ff483e req-7fc7d840-48e4-4d91-93fd-8f3c57222499 80225ead0d42461bb9b93180fc26da51 b108462240f34ff58801c6b3f8c657e6 - - default default] Floating IP 4a41d611-d27a-43a7-b84b-06fef2322092 disassociated. External IP: 10.96.250.206, port: 238abd60-6eb9-48f8-b263-f9933a88471c.
2026-03-06 01:44:35.714 10 INFO neutron.api.wsgi [None req-abc1df9e-2980-43da-b546-956b72f95b0e ae0e7e550fa44c9b93b8551a4fdaab00 951f408b0818493d9664d230d85e33ef - - default default] 10.0.0.122 "DELETE /v2.0/trunks/003a2214-4382-4d83-9790-b1b1333d6a5d HTTP/1.1" status: 204 len: 168 time: 0.1035752 /var/lib/openstack/lib/python3.12/site-packages/pycadf/identifier.py:71: UserWarning: Invalid uuid: neutron. To ensure interoperability, identifiers should be a valid uuid. warnings.warn(('Invalid uuid: %s. To ensure interoperability, '
2026-03-06 01:44:35.733 10 INFO neutron.api.wsgi [None req-2f4e0670-3e0d-4dfb-bea5-aa8b49b58664 ae0e7e550fa44c9b93b8551a4fdaab00 951f408b0818493d9664d230d85e33ef - - default default] 10.0.0.122 "GET /v2.0/trunks/26f70dfa-3677-4143-a65e-f4f5515aa825 HTTP/1.1" status: 200 len: 616 time: 0.0137439
2026-03-06 01:44:35.807 9 INFO neutron.api.wsgi [req-02190b24-0bd2-42e5-b7ef-5adcf7ff483e req-7fc7d840-48e4-4d91-93fd-8f3c57222499 80225ead0d42461bb9b93180fc26da51 b108462240f34ff58801c6b3f8c657e6 - - default default] 199.204.45.155 "DELETE /v2.0/ports/238abd60-6eb9-48f8-b263-f9933a88471c HTTP/1.1" status: 204 len: 173 time: 0.4480357
2026-03-06 01:44:35.814 10 INFO neutron.api.wsgi [None req-f8041b20-c568-46b3-af3f-8e96c9068868 ae0e7e550fa44c9b93b8551a4fdaab00 951f408b0818493d9664d230d85e33ef - - default default] 10.0.0.122 "GET /v2.0/ports/b0849340-1ce6-46c2-8805-c3e25562babc HTTP/1.1" status: 200 len: 1020 time: 0.0759680
2026-03-06 01:44:35.833 10 INFO neutron.api.wsgi [req-bdb282a4-8994-4f2e-ada5-bb730a96f2af req-a59a74b9-5929-4bca-9911-87e408b7894f 80225ead0d42461bb9b93180fc26da51 b108462240f34ff58801c6b3f8c657e6 - - default default] 10.0.0.209 "GET /v2.0/ports?device_id=9a7376f5-7159-469a-8d87-1d31b40fcfaa HTTP/1.1" status: 200 len: 210 time: 0.0166967
2026-03-06 01:44:35.926 9 INFO neutron.api.wsgi [None req-57ead6c9-8ab9-4fcd-8a7a-b86f57eeee9f ae0e7e550fa44c9b93b8551a4fdaab00 951f408b0818493d9664d230d85e33ef - - default default] 10.0.0.122 "DELETE /v2.0/trunks/26f70dfa-3677-4143-a65e-f4f5515aa825 HTTP/1.1" status: 204 len: 168 time: 0.1060946
2026-03-06 01:44:35.945 10 INFO neutron.api.wsgi [None req-177180bb-3792-4b4d-95cb-1cd780ae3bfd ae0e7e550fa44c9b93b8551a4fdaab00 951f408b0818493d9664d230d85e33ef - - default default] 10.0.0.122 "GET /v2.0/trunks/072ae1e4-62de-456e-919d-8f10067a98aa HTTP/1.1" status: 200 len: 625 time: 0.0148711
2026-03-06 01:44:36.012 10 INFO neutron.api.wsgi [None req-70bb8d8f-3c9d-4dbb-813c-7ff0d5054f74 ae0e7e550fa44c9b93b8551a4fdaab00 951f408b0818493d9664d230d85e33ef - - default default] 10.0.0.122 "GET /v2.0/ports/5c05ba68-20d7-4782-b5e0-ba21db56cf34 HTTP/1.1" status: 200 len: 1020 time: 0.0634165
2026-03-06 01:44:36.090 9 INFO neutron.api.wsgi [None req-463fd394-5680-492d-9aae-0d84ccd849df ae0e7e550fa44c9b93b8551a4fdaab00 951f408b0818493d9664d230d85e33ef - - default default] 10.0.0.122 "DELETE /v2.0/trunks/072ae1e4-62de-456e-919d-8f10067a98aa HTTP/1.1" status: 204 len: 168 time: 0.0705564
2026-03-06 01:44:36.107 9 INFO neutron.api.wsgi [None req-65ffc5ae-af13-45e4-b6ef-b0e4532d4d4b ae0e7e550fa44c9b93b8551a4fdaab00 951f408b0818493d9664d230d85e33ef - - default default] 10.0.0.122 "GET /v2.0/trunks/adb2b725-2a48-42af-96b6-1d6fd5829e09 HTTP/1.1" status: 200 len: 610 time: 0.0117860
2026-03-06 01:44:36.244 9 INFO neutron.notifiers.nova [-] Nova event matching ['req-fa60aec5-6814-43ad-92db-fdb2fc9aba0a'] response: {'server_uuid': '9a7376f5-7159-469a-8d87-1d31b40fcfaa', 'name': 'network-vif-unplugged', 'status': 'completed', 'tag': '238abd60-6eb9-48f8-b263-f9933a88471c', 'code': 200}
2026-03-06 01:44:36.244 9 INFO neutron.notifiers.nova [-] Nova event matching ['req-fa60aec5-6814-43ad-92db-fdb2fc9aba0a'] response: {'server_uuid': '9a7376f5-7159-469a-8d87-1d31b40fcfaa', 'name': 'network-vif-deleted', 'tag': '238abd60-6eb9-48f8-b263-f9933a88471c', 'status': 'completed', 'code': 200}
2026-03-06 01:44:36.256 9 INFO neutron.api.wsgi [None req-0f08e714-3828-404f-b9de-5b87cf6b5b6e ae0e7e550fa44c9b93b8551a4fdaab00 951f408b0818493d9664d230d85e33ef - - default default] 10.0.0.122 "GET /v2.0/ports/cb5cf914-ec4b-4014-b05c-917c47d6b814 HTTP/1.1" status: 200 len: 1020 time: 0.1339972
2026-03-06 01:44:36.265 9 INFO neutron.api.wsgi [req-72368330-7e29-4374-a76d-079844582267 req-117c8dcd-1a86-4742-96e7-3c9876167d54 8eb44330508a426c9ba86ad21a028714 e548c96dd269448eb17847e3a6495a83 - - a3b3c7e74b3740aba4cc2320f7985a70 a3b3c7e74b3740aba4cc2320f7985a70] 199.204.45.155 "GET /v2.0/ports?tenant_id=648b6b88fee64ac1b19ebad9b51eece1&device_id=9cfdbdea-5215-47d5-95fb-aa3293207b70 HTTP/1.1" status: 200 len: 4152 time: 0.0740511
2026-03-06 01:44:36.332 9 INFO neutron.api.wsgi [req-72368330-7e29-4374-a76d-079844582267 req-468bf9cf-0afb-4d06-8cc1-ce3531b9842f 8eb44330508a426c9ba86ad21a028714 e548c96dd269448eb17847e3a6495a83 - - a3b3c7e74b3740aba4cc2320f7985a70 a3b3c7e74b3740aba4cc2320f7985a70] 199.204.45.155 "GET /v2.0/networks?id=ff6175a7-5e62-4198-8f74-c32e180e0ea5 HTTP/1.1" status: 200 len: 1002 time: 0.0591819
2026-03-06 01:44:36.353 10 INFO neutron.api.wsgi [None req-85141fc1-57d5-4a85-b5d0-dd85862f97d1 ae0e7e550fa44c9b93b8551a4fdaab00 951f408b0818493d9664d230d85e33ef - - default default] 10.0.0.122 "DELETE /v2.0/trunks/adb2b725-2a48-42af-96b6-1d6fd5829e09 HTTP/1.1" status: 204 len: 168 time: 0.0929260
2026-03-06 01:44:36.369 9 INFO neutron.api.wsgi [req-72368330-7e29-4374-a76d-079844582267 req-df7d2899-c70a-4960-8f96-5ebec10b1d93 8eb44330508a426c9ba86ad21a028714 e548c96dd269448eb17847e3a6495a83 - - a3b3c7e74b3740aba4cc2320f7985a70 a3b3c7e74b3740aba4cc2320f7985a70] 199.204.45.155 "GET /v2.0/floatingips?fixed_ip_address=10.2.1.181&port_id=3fe6011a-8c49-453f-b1a7-1b0c87130d96 HTTP/1.1" status: 200 len: 217 time: 0.0314150
2026-03-06 01:44:36.370 10 INFO neutron.api.wsgi [None req-129284fc-f1a2-4cc8-ae86-601d03a11ed8 ae0e7e550fa44c9b93b8551a4fdaab00 951f408b0818493d9664d230d85e33ef - - default default] 10.0.0.122 "GET /v2.0/trunks/1e9c158a-13cf-4301-9365-ea2969148ef5 HTTP/1.1" status: 200 len: 603 time: 0.0133712
2026-03-06 01:44:36.389 9 INFO neutron.api.wsgi [req-72368330-7e29-4374-a76d-079844582267 req-b869a9c3-d91a-43bb-9869-c7413374a3f9 8eb44330508a426c9ba86ad21a028714 e548c96dd269448eb17847e3a6495a83 - - a3b3c7e74b3740aba4cc2320f7985a70 a3b3c7e74b3740aba4cc2320f7985a70] 199.204.45.155 "GET /v2.0/floatingips?fixed_ip_address=fd7b%3Af9f7%3Afff%3A4eca%3A%3A277&port_id=3fe6011a-8c49-453f-b1a7-1b0c87130d96 HTTP/1.1" status: 200 len: 217 time: 0.0125322
2026-03-06 01:44:36.420 9 INFO neutron.api.wsgi [req-72368330-7e29-4374-a76d-079844582267 req-d283bafb-af78-4699-9496-6a2cdc0e4589 8eb44330508a426c9ba86ad21a028714 e548c96dd269448eb17847e3a6495a83 - - a3b3c7e74b3740aba4cc2320f7985a70 a3b3c7e74b3740aba4cc2320f7985a70] 199.204.45.155 "GET /v2.0/subnets?id=b3c674ac-53c0-4733-875f-d1dd574bfcb2&id=32be5f4a-8df5-415c-bab7-0baf01e67c67 HTTP/1.1" status: 200 len: 1610 time: 0.0242977
2026-03-06 01:44:36.442 10 INFO neutron.api.wsgi [None req-1b8428d3-50d5-4043-9cbf-abe54fe4ed7c ae0e7e550fa44c9b93b8551a4fdaab00 951f408b0818493d9664d230d85e33ef - - default default] 10.0.0.122 "GET /v2.0/ports/1fc9c86f-aff4-401b-b2d7-82207605b930 HTTP/1.1" status: 200 len: 1020 time: 0.0665276
2026-03-06 01:44:36.446 9 INFO neutron.api.wsgi [req-72368330-7e29-4374-a76d-079844582267 req-4c746b95-20fd-489f-b7e6-410d13dd92f0 8eb44330508a426c9ba86ad21a028714 e548c96dd269448eb17847e3a6495a83 - - a3b3c7e74b3740aba4cc2320f7985a70 a3b3c7e74b3740aba4cc2320f7985a70] 199.204.45.155 "GET /v2.0/ports?network_id=ff6175a7-5e62-4198-8f74-c32e180e0ea5&device_owner=network%3Adhcp HTTP/1.1" status: 200 len: 210 time: 0.0216444
2026-03-06 01:44:36.467 9 INFO neutron.api.wsgi [req-72368330-7e29-4374-a76d-079844582267 req-701e240b-d151-44d3-84f6-b8a5c6e4d2e6 8eb44330508a426c9ba86ad21a028714 e548c96dd269448eb17847e3a6495a83 - - a3b3c7e74b3740aba4cc2320f7985a70 a3b3c7e74b3740aba4cc2320f7985a70] 199.204.45.155 "GET /v2.0/ports?network_id=ff6175a7-5e62-4198-8f74-c32e180e0ea5&device_owner=network%3Adhcp HTTP/1.1" status: 200 len: 210 time: 0.0164573
2026-03-06 01:44:36.524 9 INFO neutron.api.wsgi [req-72368330-7e29-4374-a76d-079844582267 req-f3c3f76a-fa90-48ab-9746-9232fd48d25d 8eb44330508a426c9ba86ad21a028714 e548c96dd269448eb17847e3a6495a83 - - a3b3c7e74b3740aba4cc2320f7985a70 a3b3c7e74b3740aba4cc2320f7985a70] 199.204.45.155 "GET /v2.0/networks/ff6175a7-5e62-4198-8f74-c32e180e0ea5?fields=segments HTTP/1.1" status: 200 len: 212 time: 0.0490346
2026-03-06 01:44:36.531 10 INFO neutron.api.wsgi [None req-0a1f74c4-7f18-463f-9fba-7b963c06fe0b ae0e7e550fa44c9b93b8551a4fdaab00 951f408b0818493d9664d230d85e33ef - - default default] 10.0.0.122 "DELETE /v2.0/trunks/1e9c158a-13cf-4301-9365-ea2969148ef5 HTTP/1.1" status: 204 len: 168 time: 0.0859220
2026-03-06 01:44:36.572 9 INFO neutron.api.wsgi [req-72368330-7e29-4374-a76d-079844582267 req-97459931-ea94-4e11-a9e0-9aad13c99519 8eb44330508a426c9ba86ad21a028714 e548c96dd269448eb17847e3a6495a83 - - a3b3c7e74b3740aba4cc2320f7985a70 a3b3c7e74b3740aba4cc2320f7985a70] 199.204.45.155 "GET /v2.0/networks/ff6175a7-5e62-4198-8f74-c32e180e0ea5?fields=provider%3Aphysical_network&fields=provider%3Anetwork_type HTTP/1.1" status: 200 len: 277 time: 0.0410054
2026-03-06 01:44:36.937 10 INFO neutron.api.wsgi [req-9454691e-9324-4909-9490-2d71d5af4d8a req-4a68cd01-5ba0-4961-89b3-ba5ea998cd5f 80225ead0d42461bb9b93180fc26da51 b108462240f34ff58801c6b3f8c657e6 - - default default] 10.0.0.209 "GET /v2.0/ports?device_id=9a7376f5-7159-469a-8d87-1d31b40fcfaa HTTP/1.1" status: 200 len: 210 time: 0.0168951
2026-03-06 01:44:37.037 10 INFO neutron.api.wsgi [None req-93113f31-5609-41a6-b00d-2302c38102b7 ae0e7e550fa44c9b93b8551a4fdaab00 951f408b0818493d9664d230d85e33ef - - default default] 10.0.0.122 "DELETE /v2.0/ports/48a00da6-9572-4e4f-8588-796da4796168 HTTP/1.1" status: 204 len: 168 time: 0.5016701
2026-03-06 01:44:37.242 10 INFO neutron.api.wsgi [None req-bb4f6bf6-d120-4ae2-9c99-a08a2a8b4f4d ae0e7e550fa44c9b93b8551a4fdaab00 951f408b0818493d9664d230d85e33ef - - default default] 10.0.0.122 "DELETE /v2.0/ports/b0849340-1ce6-46c2-8805-c3e25562babc HTTP/1.1" status: 204 len: 168 time: 0.2009149
2026-03-06 01:44:37.454 10 INFO neutron.api.wsgi [None req-79cdc3b9-28b7-48f6-a27a-8424a2a2174c ae0e7e550fa44c9b93b8551a4fdaab00 951f408b0818493d9664d230d85e33ef - - default default] 10.0.0.122 "DELETE /v2.0/ports/5c05ba68-20d7-4782-b5e0-ba21db56cf34 HTTP/1.1" status: 204 len: 168 time: 0.2081032
2026-03-06 01:44:37.626 9 INFO neutron.api.wsgi [req-763644bc-f2e7-4a38-8c4f-89551f047f2c req-b65b815b-14dd-49a6-896a-7b9d532fa13e 8eb44330508a426c9ba86ad21a028714 e548c96dd269448eb17847e3a6495a83 - - a3b3c7e74b3740aba4cc2320f7985a70 a3b3c7e74b3740aba4cc2320f7985a70] 199.204.45.155 "GET /v2.0/ports?tenant_id=648b6b88fee64ac1b19ebad9b51eece1&device_id=9cfdbdea-5215-47d5-95fb-aa3293207b70 HTTP/1.1" status: 200 len: 4152 time: 0.0387778
2026-03-06 01:44:37.654 9 INFO neutron.api.wsgi [req-763644bc-f2e7-4a38-8c4f-89551f047f2c req-3e83a3f4-2f24-433f-9d2e-5d204d2f232d 8eb44330508a426c9ba86ad21a028714 e548c96dd269448eb17847e3a6495a83 - - a3b3c7e74b3740aba4cc2320f7985a70 a3b3c7e74b3740aba4cc2320f7985a70] 199.204.45.155 "GET /v2.0/floatingips?fixed_ip_address=172.24.0.232&port_id=054e3c2e-912d-44cf-bb48-da52c95ff23e HTTP/1.1" status: 200 len: 217 time: 0.0183735
2026-03-06 01:44:37.680 10 INFO neutron.api.wsgi [None req-2c35a178-bcd4-4f85-864c-bc1dcd6a9806 ae0e7e550fa44c9b93b8551a4fdaab00 951f408b0818493d9664d230d85e33ef - - default default] 10.0.0.122 "DELETE /v2.0/ports/cb5cf914-ec4b-4014-b05c-917c47d6b814 HTTP/1.1" status: 204 len: 168 time: 0.2200963
2026-03-06 01:44:37.682 9 INFO neutron.api.wsgi [req-763644bc-f2e7-4a38-8c4f-89551f047f2c req-16ac212d-1d25-47e5-b491-026646ddf67f 8eb44330508a426c9ba86ad21a028714 e548c96dd269448eb17847e3a6495a83 - - a3b3c7e74b3740aba4cc2320f7985a70 a3b3c7e74b3740aba4cc2320f7985a70] 199.204.45.155 "GET /v2.0/subnets?id=354a0a74-a96f-481f-a0d3-aa46d5fd300c HTTP/1.1" status: 200 len: 853 time: 0.0234764
2026-03-06 01:44:37.708 9 INFO neutron.api.wsgi [req-763644bc-f2e7-4a38-8c4f-89551f047f2c req-83f06411-3ca5-444f-a554-c4759bdfcf98 8eb44330508a426c9ba86ad21a028714 e548c96dd269448eb17847e3a6495a83 - - a3b3c7e74b3740aba4cc2320f7985a70 a3b3c7e74b3740aba4cc2320f7985a70] 199.204.45.155 "GET /v2.0/ports?network_id=73fbbeb4-b2d5-48a7-a84e-a6cc0d46961b&device_owner=network%3Adhcp HTTP/1.1" status: 200 len: 210 time: 0.0190191
2026-03-06 01:44:37.761 9 INFO neutron.api.wsgi [req-763644bc-f2e7-4a38-8c4f-89551f047f2c req-6ea6f029-a019-43ad-8c72-b0a9364dc057 8eb44330508a426c9ba86ad21a028714 e548c96dd269448eb17847e3a6495a83 - - a3b3c7e74b3740aba4cc2320f7985a70 a3b3c7e74b3740aba4cc2320f7985a70] 199.204.45.155 "GET /v2.0/networks/73fbbeb4-b2d5-48a7-a84e-a6cc0d46961b?fields=segments HTTP/1.1" status: 200 len: 212 time: 0.0480976
2026-03-06 01:44:37.806 9 INFO neutron.api.wsgi [req-763644bc-f2e7-4a38-8c4f-89551f047f2c req-41cd5fb7-6d34-4564-80b1-fedc2fec673b 8eb44330508a426c9ba86ad21a028714 e548c96dd269448eb17847e3a6495a83 - - a3b3c7e74b3740aba4cc2320f7985a70 a3b3c7e74b3740aba4cc2320f7985a70] 199.204.45.155 "GET /v2.0/networks/73fbbeb4-b2d5-48a7-a84e-a6cc0d46961b?fields=provider%3Aphysical_network&fields=provider%3Anetwork_type HTTP/1.1" status: 200 len: 277 time: 0.0374095
2026-03-06 01:44:37.827 9 INFO neutron.api.wsgi [req-763644bc-f2e7-4a38-8c4f-89551f047f2c req-3c630d89-a643-4c2f-8330-89cf6acc2a27 8eb44330508a426c9ba86ad21a028714 e548c96dd269448eb17847e3a6495a83 - - a3b3c7e74b3740aba4cc2320f7985a70 a3b3c7e74b3740aba4cc2320f7985a70] 199.204.45.155 "GET /v2.0/floatingips?fixed_ip_address=10.1.1.136&port_id=c9bec741-5b78-49dc-90f6-d597a249371b HTTP/1.1" status: 200 len: 217 time: 0.0153859
2026-03-06 01:44:37.858 9 INFO neutron.api.wsgi [req-763644bc-f2e7-4a38-8c4f-89551f047f2c req-8b49ad70-26ab-4ff6-a5f6-0ecd997ba83a 8eb44330508a426c9ba86ad21a028714 e548c96dd269448eb17847e3a6495a83 - - a3b3c7e74b3740aba4cc2320f7985a70 a3b3c7e74b3740aba4cc2320f7985a70] 199.204.45.155 "GET /v2.0/subnets?id=98324841-6b08-4da6-b4af-cd7e39c7bd9f HTTP/1.1" status: 200 len: 877 time: 0.0257964
2026-03-06 01:44:37.877 9 INFO neutron.api.wsgi [req-763644bc-f2e7-4a38-8c4f-89551f047f2c req-f3dd30bc-85d3-4ceb-a520-1a75a5aa985b 8eb44330508a426c9ba86ad21a028714 e548c96dd269448eb17847e3a6495a83 - - a3b3c7e74b3740aba4cc2320f7985a70 a3b3c7e74b3740aba4cc2320f7985a70] 199.204.45.155 "GET /v2.0/ports?network_id=c052d116-70a7-401f-97e2-f369f5475d83&device_owner=network%3Adhcp HTTP/1.1" status: 200 len: 210 time: 0.0147343
2026-03-06 01:44:37.942 9 INFO neutron.api.wsgi [req-763644bc-f2e7-4a38-8c4f-89551f047f2c req-682e994a-6583-4345-8f95-e367faf95ec3 8eb44330508a426c9ba86ad21a028714 e548c96dd269448eb17847e3a6495a83 - - a3b3c7e74b3740aba4cc2320f7985a70 a3b3c7e74b3740aba4cc2320f7985a70] 199.204.45.155 "GET /v2.0/networks/c052d116-70a7-401f-97e2-f369f5475d83?fields=segments HTTP/1.1" status: 200 len: 212 time: 0.0614352
2026-03-06 01:44:37.973 9 INFO neutron.api.wsgi [None req-f9cfa807-b4ea-4492-aeb5-ff3d326b8857 ae0e7e550fa44c9b93b8551a4fdaab00 951f408b0818493d9664d230d85e33ef - - default default] 10.0.0.122 "DELETE /v2.0/ports/1fc9c86f-aff4-401b-b2d7-82207605b930 HTTP/1.1" status: 204 len: 168 time: 0.2882016
2026-03-06 01:44:38.016 9 INFO neutron.api.wsgi [req-763644bc-f2e7-4a38-8c4f-89551f047f2c req-9b5b61e2-84b8-4e79-adc6-75fbddfbfcbc 8eb44330508a426c9ba86ad21a028714 e548c96dd269448eb17847e3a6495a83 - - a3b3c7e74b3740aba4cc2320f7985a70 a3b3c7e74b3740aba4cc2320f7985a70] 199.204.45.155 "GET /v2.0/networks/c052d116-70a7-401f-97e2-f369f5475d83?fields=provider%3Aphysical_network&fields=provider%3Anetwork_type HTTP/1.1" status: 200 len: 277 time: 0.0695879
2026-03-06 01:44:38.038 9 INFO neutron.api.wsgi [req-763644bc-f2e7-4a38-8c4f-89551f047f2c req-a56134e6-fb4c-4321-aac0-faedef5ab950 8eb44330508a426c9ba86ad21a028714 e548c96dd269448eb17847e3a6495a83 - - a3b3c7e74b3740aba4cc2320f7985a70 a3b3c7e74b3740aba4cc2320f7985a70] 199.204.45.155 "GET /v2.0/floatingips?fixed_ip_address=10.2.1.181&port_id=3fe6011a-8c49-453f-b1a7-1b0c87130d96 HTTP/1.1" status: 200 len: 217 time: 0.0174518
2026-03-06 01:44:38.053 10 INFO neutron.api.wsgi [req-fc890c34-64d6-4afd-a553-4f72e0beb680 req-b6b42cfe-eaa5-4e4c-a9a2-a791c4fccf66 80225ead0d42461bb9b93180fc26da51 b108462240f34ff58801c6b3f8c657e6 - - default default] 10.0.0.209 "GET /v2.0/ports?device_id=9a7376f5-7159-469a-8d87-1d31b40fcfaa HTTP/1.1" status: 200 len: 210 time: 0.0524149
2026-03-06 01:44:38.061 9 INFO neutron.api.wsgi [req-763644bc-f2e7-4a38-8c4f-89551f047f2c req-f1fbbcfc-8306-4c9b-b88c-05e5bfc2722c 8eb44330508a426c9ba86ad21a028714 e548c96dd269448eb17847e3a6495a83 - - a3b3c7e74b3740aba4cc2320f7985a70 a3b3c7e74b3740aba4cc2320f7985a70] 199.204.45.155 "GET /v2.0/floatingips?fixed_ip_address=fd7b%3Af9f7%3Afff%3A4eca%3A%3A277&port_id=3fe6011a-8c49-453f-b1a7-1b0c87130d96 HTTP/1.1" status: 200 len: 217 time: 0.0154619
2026-03-06 01:44:38.096 9 INFO neutron.api.wsgi [req-763644bc-f2e7-4a38-8c4f-89551f047f2c req-63f771ea-f338-41a0-bceb-ed588e88647b 8eb44330508a426c9ba86ad21a028714 e548c96dd269448eb17847e3a6495a83 - - a3b3c7e74b3740aba4cc2320f7985a70 a3b3c7e74b3740aba4cc2320f7985a70] 199.204.45.155 "GET /v2.0/subnets?id=b3c674ac-53c0-4733-875f-d1dd574bfcb2&id=32be5f4a-8df5-415c-bab7-0baf01e67c67 HTTP/1.1" status: 200 len: 1610 time: 0.0294566
2026-03-06 01:44:38.121 9 INFO neutron.api.wsgi [req-763644bc-f2e7-4a38-8c4f-89551f047f2c req-6bbbf1a6-410c-49c4-9a78-50e3573e46e0 8eb44330508a426c9ba86ad21a028714 e548c96dd269448eb17847e3a6495a83 - - a3b3c7e74b3740aba4cc2320f7985a70 a3b3c7e74b3740aba4cc2320f7985a70] 199.204.45.155 "GET /v2.0/ports?network_id=ff6175a7-5e62-4198-8f74-c32e180e0ea5&device_owner=network%3Adhcp HTTP/1.1" status: 200 len: 210 time: 0.0177653
2026-03-06 01:44:38.141 9 INFO neutron.api.wsgi [req-763644bc-f2e7-4a38-8c4f-89551f047f2c req-2272fdbb-8648-4e5b-9128-2846d779c9b5 8eb44330508a426c9ba86ad21a028714 e548c96dd269448eb17847e3a6495a83 - - a3b3c7e74b3740aba4cc2320f7985a70 a3b3c7e74b3740aba4cc2320f7985a70] 199.204.45.155 "GET /v2.0/ports?network_id=ff6175a7-5e62-4198-8f74-c32e180e0ea5&device_owner=network%3Adhcp HTTP/1.1" status: 200 len: 210 time: 0.0139818
2026-03-06 01:44:38.185 9 INFO neutron.api.wsgi [req-763644bc-f2e7-4a38-8c4f-89551f047f2c req-244d9600-4857-473c-b4f4-9c9b60b4c8e5 8eb44330508a426c9ba86ad21a028714 e548c96dd269448eb17847e3a6495a83 - - a3b3c7e74b3740aba4cc2320f7985a70 a3b3c7e74b3740aba4cc2320f7985a70] 199.204.45.155 "GET /v2.0/networks/ff6175a7-5e62-4198-8f74-c32e180e0ea5?fields=segments HTTP/1.1" status: 200 len: 212 time: 0.0387652
2026-03-06 01:44:38.232 9 INFO neutron.api.wsgi [req-763644bc-f2e7-4a38-8c4f-89551f047f2c req-3f722780-8e14-4cee-be5a-df2dff453800 8eb44330508a426c9ba86ad21a028714 e548c96dd269448eb17847e3a6495a83 - - a3b3c7e74b3740aba4cc2320f7985a70 a3b3c7e74b3740aba4cc2320f7985a70] 199.204.45.155 "GET /v2.0/networks/ff6175a7-5e62-4198-8f74-c32e180e0ea5?fields=provider%3Aphysical_network&fields=provider%3Anetwork_type HTTP/1.1" status: 200 len: 277 time: 0.0403090
2026-03-06 01:44:38.271 10 INFO neutron.services.segments.plugin [-] Segment 78d45af2-778a-4292-8f1c-3d80cecff428 resource provider aggregate not found
2026-03-06 01:44:38.275 10 INFO neutron.services.segments.plugin [-] Segment 78d45af2-778a-4292-8f1c-3d80cecff428 resource provider aggregate not found
2026-03-06 01:44:38.285 10 INFO neutron.services.segments.plugin [-] Segment 78d45af2-778a-4292-8f1c-3d80cecff428 resource provider not found; error: Placement Client Error (4xx): {"errors": [{"status": 404, "title": "Not Found", "detail": "The resource could not be found.\n\n No resource provider with uuid 78d45af2-778a-4292-8f1c-3d80cecff428 found for delete ", "request_id": "req-4dd2bccd-a3fa-4a74-bde5-0a9551cf6555"}]}
2026-03-06 01:44:38.289 10 INFO neutron.services.segments.plugin [-] Segment 78d45af2-778a-4292-8f1c-3d80cecff428 resource provider not found; error: Placement Client Error (4xx): {"errors": [{"status": 404, "title": "Not Found", "detail": "The resource could not be found.\n\n No resource provider with uuid 78d45af2-778a-4292-8f1c-3d80cecff428 found for delete ", "request_id": "req-c38248f0-10ae-428b-82cd-73e1a377a8f5"}]}
2026-03-06 01:44:38.301 10 INFO neutron.api.wsgi [None req-aa29fcbb-d492-4000-b88f-bf557dd60f94 ae0e7e550fa44c9b93b8551a4fdaab00 951f408b0818493d9664d230d85e33ef - - default default] 10.0.0.122 "DELETE /v2.0/networks/31d77d0e-2e10-4c14-8db6-b3ef2f965070 HTTP/1.1" status: 204 len: 168 time: 0.3219581
2026-03-06 01:44:38.591 10 INFO neutron.api.wsgi [None req-eae1d79b-cf7b-4fdc-990c-f8cf6d4422b6 ae0e7e550fa44c9b93b8551a4fdaab00 951f408b0818493d9664d230d85e33ef - - default default] 10.0.0.122 "DELETE /v2.0/networks/864b6560-4252-4847-b157-dabd78c275eb HTTP/1.1" status: 204 len: 168 time: 0.2844973
2026-03-06 01:44:38.708 10 INFO neutron.api.wsgi [None req-d0ec6be8-87a7-4241-85ed-68dda1b1cd7f 1e7dc8fe47e6429cb2bb978ca1cc15c6 648b6b88fee64ac1b19ebad9b51eece1 - - default default] 10.0.0.27 "GET /v2.0/agents HTTP/1.1" status: 200 len: 1390 time: 0.0519540
2026-03-06 01:44:38.760 10 INFO neutron.api.wsgi [None req-2a5647e2-b0d6-4ee8-a654-1251f541487e 1e7dc8fe47e6429cb2bb978ca1cc15c6 648b6b88fee64ac1b19ebad9b51eece1 - - default default] 10.0.0.27 "GET /v2.0/security-groups HTTP/1.1" status: 200 len: 48596 time: 0.0487363
2026-03-06 01:44:38.797 10 INFO neutron.api.wsgi [None req-116fc8b4-b053-4c5c-bcc8-6e7241a23600 1e7dc8fe47e6429cb2bb978ca1cc15c6 648b6b88fee64ac1b19ebad9b51eece1 - - default default] 10.0.0.27 "GET /v2.0/network-ip-availabilities HTTP/1.1" status: 200 len: 5109 time: 0.0244555
2026-03-06 01:44:38.823 10 INFO neutron.plugins.ml2.drivers.ovn.mech_driver.mech_driver [None req-27e9632a-928c-48b6-8547-92c965f6bf1d - - - - - -] OVN reports status up for port: 3fe6011a-8c49-453f-b1a7-1b0c87130d96
2026-03-06 01:44:38.843 10 INFO neutron.plugins.ml2.plugin [None req-27e9632a-928c-48b6-8547-92c965f6bf1d - - - - - -] Attempt 1 to provision port 3fe6011a-8c49-453f-b1a7-1b0c87130d96
2026-03-06 01:44:38.859 10 INFO neutron.api.wsgi [None req-a10b7376-5a58-4547-9eaa-e57b42dc98eb 1e7dc8fe47e6429cb2bb978ca1cc15c6 648b6b88fee64ac1b19ebad9b51eece1 - - default default] 10.0.0.27 "GET /v2.0/subnets HTTP/1.1" status: 200 len: 7043 time: 0.0596745
2026-03-06 01:44:38.879 10 INFO neutron.api.wsgi [None req-ac07c1ae-9b9b-4e36-bdb5-a51dbbf15ce7 1e7dc8fe47e6429cb2bb978ca1cc15c6 648b6b88fee64ac1b19ebad9b51eece1 - - default default] 10.0.0.27 "GET /v2.0/subnetpools HTTP/1.1" status: 200 len: 193 time: 0.0145063
2026-03-06 01:44:38.982 10 INFO neutron.api.wsgi [None req-c7260118-3e90-4f6b-8c91-568718170540 1e7dc8fe47e6429cb2bb978ca1cc15c6 648b6b88fee64ac1b19ebad9b51eece1 - - default default] 10.0.0.27 "GET /v2.0/ports HTTP/1.1" status: 200 len: 32838 time: 0.1011062
2026-03-06 01:44:39.049 10 INFO neutron.api.wsgi [req-46322159-b943-44fb-b64a-b9067d793a24 req-4dcf379b-cc0e-4964-9aea-a643056308dc 1e7dc8fe47e6429cb2bb978ca1cc15c6 648b6b88fee64ac1b19ebad9b51eece1 - - default default] 10.0.0.209 "GET /v2.0/ports?device_id=9a7376f5-7159-469a-8d87-1d31b40fcfaa&device_id=9cfdbdea-5215-47d5-95fb-aa3293207b70&device_id=a93a1a02-8bbc-489e-920f-3012a204048d&device_id=bfb579e9-2120-4991-80ea-707110223080 HTTP/1.1" status: 200 len: 7002 time: 0.0636396
2026-03-06 01:44:39.135 10 INFO neutron.api.wsgi [req-46322159-b943-44fb-b64a-b9067d793a24 req-f77c72d0-db2c-4e26-b9cd-6c9217fbc889 1e7dc8fe47e6429cb2bb978ca1cc15c6 648b6b88fee64ac1b19ebad9b51eece1 - - default default] 10.0.0.209 "GET /v2.0/security-groups?id=74be7be3-303c-46d4-9559-c5f460a39bf2&id=89656722-f286-489c-a268-f0d80d54d6c3&id=03015d5d-0723-44a4-9273-ab1539c690e3&id=031247f1-5498-4e15-93e4-377b8a069e79&fields=id&fields=name HTTP/1.1" status: 200 len: 552 time: 0.0794082
2026-03-06 01:44:39.143 10 INFO neutron.api.wsgi [None req-57b23628-6e1b-47fe-9030-baf272c1ad51 1e7dc8fe47e6429cb2bb978ca1cc15c6 648b6b88fee64ac1b19ebad9b51eece1 - - default default] 10.0.0.27 "GET /v2.0/routers HTTP/1.1" status: 200 len: 3065 time: 0.1368251
2026-03-06 01:44:39.154 10 INFO neutron.api.wsgi [None req-6e664c37-c153-4c87-b987-6e2030b1a40e 1e7dc8fe47e6429cb2bb978ca1cc15c6 648b6b88fee64ac1b19ebad9b51eece1 - - default default] 10.0.0.27 "GET /v2.0/agents?binary=ovn-controller HTTP/1.1" status: 200 len: 591 time: 0.0098424
2026-03-06 01:44:39.180 10 INFO neutron.notifiers.nova [-] Nova event matching ['req-29cee48a-700e-4668-b048-d4e294132f45'] response: {'server_uuid': '9cfdbdea-5215-47d5-95fb-aa3293207b70', 'name': 'network-vif-plugged', 'status': 'completed', 'tag': '3fe6011a-8c49-453f-b1a7-1b0c87130d96', 'code': 200}
2026-03-06 01:44:39.197 10 INFO neutron.api.wsgi [None req-c583dd2c-6da6-487e-8b9b-04f1cd0cc537 ae0e7e550fa44c9b93b8551a4fdaab00 951f408b0818493d9664d230d85e33ef - - default default] 10.0.0.122 "DELETE /v2.0/networks/78404bfb-ddc0-4cf9-97ac-24de88bd9e6f HTTP/1.1" status: 204 len: 168 time: 0.6009593
2026-03-06 01:44:39.209 10 INFO neutron.api.wsgi [None req-07689e5f-47e8-4476-bfaf-3fc854796062 1e7dc8fe47e6429cb2bb978ca1cc15c6 648b6b88fee64ac1b19ebad9b51eece1 - - default default] 10.0.0.27 "GET /v2.0/floatingips HTTP/1.1" status: 200 len: 3302 time: 0.0528884
2026-03-06 01:44:39.280 10 INFO neutron.api.wsgi [None req-2ecc46c8-e9e6-4e02-9118-a5144c8b8b77 1e7dc8fe47e6429cb2bb978ca1cc15c6 648b6b88fee64ac1b19ebad9b51eece1 - - default default] 10.0.0.27 "GET /v2.0/networks HTTP/1.1" status: 200 len: 7650 time: 0.0684824
2026-03-06 01:44:39.319 10 INFO neutron.db.ovn_revision_numbers_db [None req-27e9632a-928c-48b6-8547-92c965f6bf1d - - - - - -] Successfully bumped revision number for resource 3fe6011a-8c49-453f-b1a7-1b0c87130d96 (type: ports) to 5
2026-03-06 01:44:39.330 10 INFO neutron.api.wsgi [None req-1196e43b-5355-47c9-862c-a24a85d60979 1e7dc8fe47e6429cb2bb978ca1cc15c6 648b6b88fee64ac1b19ebad9b51eece1 - - default default] 10.0.0.27 "GET /v2.0/subnets HTTP/1.1" status: 200 len: 7043 time: 0.0418291
2026-03-06 01:44:39.479 9 INFO neutron.api.wsgi [None req-d37a8c95-0122-4931-839e-b966a83d0ce2 80225ead0d42461bb9b93180fc26da51 b108462240f34ff58801c6b3f8c657e6 - - default default] 10.0.0.122 "DELETE /v2.0/security-groups/ac4a60b2-6a40-43a9-b96b-dca816e5c990 HTTP/1.1" status: 204 len: 168 time: 0.2057106
2026-03-06 01:44:39.494 9 INFO neutron.api.v2.resource [None req-404d287c-5d02-4af7-8493-7e3fd8960643 80225ead0d42461bb9b93180fc26da51 b108462240f34ff58801c6b3f8c657e6 - - default default] show failed (client error): The resource could not be found.
2026-03-06 01:44:39.495 9 INFO neutron.api.wsgi [None req-404d287c-5d02-4af7-8493-7e3fd8960643 80225ead0d42461bb9b93180fc26da51 b108462240f34ff58801c6b3f8c657e6 - - default default] 10.0.0.122 "GET /v2.0/security-groups/ac4a60b2-6a40-43a9-b96b-dca816e5c990 HTTP/1.1" status: 404 len: 347 time: 0.0116694
2026-03-06 01:44:39.617 9 INFO neutron.services.segments.plugin [-] Segment 73648c41-faf4-44eb-a140-b4b7982d4e2b resource provider aggregate not found
2026-03-06 01:44:39.623 9 INFO neutron.services.segments.plugin [-] Segment 73648c41-faf4-44eb-a140-b4b7982d4e2b resource provider aggregate not found
