2026-03-06 01:44:48.908 9 INFO neutron.api.wsgi [req-35a59c21-a739-4c8c-8c43-3cb6c030d2a1 req-347b916a-1929-458d-90df-41b4d59be038 8eb44330508a426c9ba86ad21a028714 e548c96dd269448eb17847e3a6495a83 - - a3b3c7e74b3740aba4cc2320f7985a70 a3b3c7e74b3740aba4cc2320f7985a70] 199.204.45.155 "GET /v2.0/networks/dd655bbc-74f0-4bf0-96a6-a97aa8f2d653?fields=provider%3Aphysical_network&fields=provider%3Anetwork_type HTTP/1.1" status: 200 len: 277 time: 0.0573311
2026-03-06 01:44:49.155 9 INFO neutron.db.ovn_revision_numbers_db [None req-c8cfb662-f6c7-4fb4-a0b5-54c5132f23c3 1e7dc8fe47e6429cb2bb978ca1cc15c6 648b6b88fee64ac1b19ebad9b51eece1 - - default default] Successfully bumped revision number for resource 2b85675a-02d5-435b-8700-ccafd54ccac8 (type: security_groups) to 1
2026-03-06 01:44:49.167 9 INFO neutron.db.ovn_revision_numbers_db [None req-c8cfb662-f6c7-4fb4-a0b5-54c5132f23c3 1e7dc8fe47e6429cb2bb978ca1cc15c6 648b6b88fee64ac1b19ebad9b51eece1 - - default default] Successfully bumped revision number for resource 0a09d9ae-c500-4bd9-997d-174a60e7a0b0 (type: security_group_rules) to 0
2026-03-06 01:44:49.180 9 INFO neutron.db.ovn_revision_numbers_db [None req-c8cfb662-f6c7-4fb4-a0b5-54c5132f23c3 1e7dc8fe47e6429cb2bb978ca1cc15c6 648b6b88fee64ac1b19ebad9b51eece1 - - default default] Successfully bumped revision number for resource 1a9febe0-0ec6-4461-affd-cf6d919a86b9 (type: security_group_rules) to 0
2026-03-06 01:44:49.193 9 INFO neutron.db.ovn_revision_numbers_db [None req-c8cfb662-f6c7-4fb4-a0b5-54c5132f23c3 1e7dc8fe47e6429cb2bb978ca1cc15c6 648b6b88fee64ac1b19ebad9b51eece1 - - default default] Successfully bumped revision number for resource 5c9bf5f0-a54e-4b5a-8f54-baf815191681 (type: security_group_rules) to 0
2026-03-06 01:44:49.207 9 INFO neutron.db.ovn_revision_numbers_db [None req-c8cfb662-f6c7-4fb4-a0b5-54c5132f23c3 1e7dc8fe47e6429cb2bb978ca1cc15c6 648b6b88fee64ac1b19ebad9b51eece1 - - default default] Successfully bumped revision number for resource 791e65f5-d08a-40ba-951a-89c968e2d0dd (type: security_group_rules) to 0
2026-03-06 01:44:49.242 9 INFO neutron.api.wsgi [None req-c8cfb662-f6c7-4fb4-a0b5-54c5132f23c3 1e7dc8fe47e6429cb2bb978ca1cc15c6 648b6b88fee64ac1b19ebad9b51eece1 - - default default] 10.0.0.122 "GET /v2.0/security-groups?tenant_id=bebf04dc813948618b07f3cc54d776ee&name=default HTTP/1.1" status: 200 len: 3124 time: 0.1915386
2026-03-06 01:44:49.414 9 INFO neutron.api.wsgi [None req-5040aa12-c663-4967-b9ca-7afc6fb4d320 1e7dc8fe47e6429cb2bb978ca1cc15c6 648b6b88fee64ac1b19ebad9b51eece1 - - default default] 10.0.0.122 "DELETE /v2.0/security-groups/2b85675a-02d5-435b-8700-ccafd54ccac8 HTTP/1.1" status: 204 len: 168 time: 0.1667490
2026-03-06 01:44:49.471 10 WARNING neutron_lib.context [None req-90dbd14e-b84c-4fb1-bace-39bec91169df 4f661e7539f24fa08ab35d125a591772 44743313ab4b4a07ad97767f8c572854 - - default default] Method 'is_advsvc' is deprecated since 2023.2 release (neutron-lib 3.8.0) and will be removed once support for the old RBAC API policies will be removed from Neutron. Please use method 'is_service_role' instead.
2026-03-06 01:44:49.598 10 INFO neutron.db.ovn_revision_numbers_db [None req-90dbd14e-b84c-4fb1-bace-39bec91169df 4f661e7539f24fa08ab35d125a591772 44743313ab4b4a07ad97767f8c572854 - - default default] Successfully bumped revision number for resource be0f964a-cf2a-4771-9932-40e806044fd2 (type: security_groups) to 1
2026-03-06 01:44:49.601 9 INFO neutron.api.wsgi [req-35a59c21-a739-4c8c-8c43-3cb6c030d2a1 req-cf4a98aa-ceb7-4d42-8f11-6de75f454e66 1e7dc8fe47e6429cb2bb978ca1cc15c6 648b6b88fee64ac1b19ebad9b51eece1 - - default default] 199.204.45.155 "GET /v2.0/networks?id=dd655bbc-74f0-4bf0-96a6-a97aa8f2d653 HTTP/1.1" status: 200 len: 1003 time: 0.1839223
2026-03-06 01:44:49.611 10 INFO neutron.db.ovn_revision_numbers_db [None req-90dbd14e-b84c-4fb1-bace-39bec91169df 4f661e7539f24fa08ab35d125a591772 44743313ab4b4a07ad97767f8c572854 - - default default] Successfully bumped revision number for resource 173ff7c3-cea3-4fdd-bc21-9bde895c6b9a (type: security_group_rules) to 0
2026-03-06 01:44:49.621 10 INFO neutron.db.ovn_revision_numbers_db [None req-90dbd14e-b84c-4fb1-bace-39bec91169df 4f661e7539f24fa08ab35d125a591772 44743313ab4b4a07ad97767f8c572854 - - default default] Successfully bumped revision number for resource 5af470f5-4514-4548-b539-1fc33facf79f (type: security_group_rules) to 0
2026-03-06 01:44:49.633 10 INFO neutron.db.ovn_revision_numbers_db [None req-90dbd14e-b84c-4fb1-bace-39bec91169df 4f661e7539f24fa08ab35d125a591772 44743313ab4b4a07ad97767f8c572854 - - default default] Successfully bumped revision number for resource b4efe583-dbc5-46de-a971-9b1ec9c3638e (type: security_group_rules) to 0
2026-03-06 01:44:49.646 10 INFO neutron.db.ovn_revision_numbers_db [None req-90dbd14e-b84c-4fb1-bace-39bec91169df 4f661e7539f24fa08ab35d125a591772 44743313ab4b4a07ad97767f8c572854 - - default default] Successfully bumped revision number for resource d37f0ce8-90dd-4886-8983-fb875d83889a (type: security_group_rules) to 0
2026-03-06 01:44:49.716 10 INFO neutron.db.segments_db [None req-90dbd14e-b84c-4fb1-bace-39bec91169df 4f661e7539f24fa08ab35d125a591772 44743313ab4b4a07ad97767f8c572854 - - default default] Added segment 0f0ef478-33e9-43cf-8f4c-8c127e7eeeda of type geneve for network 569b29a1-69bc-4a59-936a-741a836e2d1d
2026-03-06 01:44:49.821 10 INFO neutron.db.ovn_revision_numbers_db [None req-90dbd14e-b84c-4fb1-bace-39bec91169df 4f661e7539f24fa08ab35d125a591772 44743313ab4b4a07ad97767f8c572854 - - default default] Successfully bumped revision number for resource 569b29a1-69bc-4a59-936a-741a836e2d1d (type: networks) to 1
2026-03-06 01:44:49.873 9 WARNING neutron.scheduler.dhcp_agent_scheduler [req-35a59c21-a739-4c8c-8c43-3cb6c030d2a1 req-df857589-4a35-4934-8040-9235c700dc4e 1e7dc8fe47e6429cb2bb978ca1cc15c6 648b6b88fee64ac1b19ebad9b51eece1 - - default default] No more DHCP agents
2026-03-06 01:44:49.874 9 WARNING neutron.api.rpc.agentnotifiers.dhcp_rpc_agent_api [req-35a59c21-a739-4c8c-8c43-3cb6c030d2a1 req-df857589-4a35-4934-8040-9235c700dc4e 1e7dc8fe47e6429cb2bb978ca1cc15c6 648b6b88fee64ac1b19ebad9b51eece1 - - default default] Unable to schedule network dd655bbc-74f0-4bf0-96a6-a97aa8f2d653: no agents available; will retry on subsequent port and subnet creation events.
2026-03-06 01:44:49.975 10 WARNING neutron.scheduler.dhcp_agent_scheduler [None req-90dbd14e-b84c-4fb1-bace-39bec91169df 4f661e7539f24fa08ab35d125a591772 44743313ab4b4a07ad97767f8c572854 - - default default] No more DHCP agents
2026-03-06 01:44:49.976 10 WARNING neutron.api.rpc.agentnotifiers.dhcp_rpc_agent_api [None req-90dbd14e-b84c-4fb1-bace-39bec91169df 4f661e7539f24fa08ab35d125a591772 44743313ab4b4a07ad97767f8c572854 - - default default] Unable to schedule network 569b29a1-69bc-4a59-936a-741a836e2d1d: no agents available; will retry on subsequent port and subnet creation events.
2026-03-06 01:44:50.017 9 INFO neutron.db.ovn_revision_numbers_db [req-35a59c21-a739-4c8c-8c43-3cb6c030d2a1 req-df857589-4a35-4934-8040-9235c700dc4e 1e7dc8fe47e6429cb2bb978ca1cc15c6 648b6b88fee64ac1b19ebad9b51eece1 - - default default] Successfully bumped revision number for resource 4b1f7465-9f23-40ac-b2d5-4f88eafda5b9 (type: ports) to 1
2026-03-06 01:44:50.031 10 INFO neutron.db.ovn_revision_numbers_db [None req-90dbd14e-b84c-4fb1-bace-39bec91169df 4f661e7539f24fa08ab35d125a591772 44743313ab4b4a07ad97767f8c572854 - - default default] Successfully bumped revision number for resource 8192b7d0-084c-473e-8672-6582b1f9f594 (type: ports) to 1
2026-03-06 01:44:50.039 9 INFO neutron.api.wsgi [req-35a59c21-a739-4c8c-8c43-3cb6c030d2a1 req-df857589-4a35-4934-8040-9235c700dc4e 1e7dc8fe47e6429cb2bb978ca1cc15c6 648b6b88fee64ac1b19ebad9b51eece1 - - default default] 199.204.45.155 "POST /v2.0/ports HTTP/1.1" status: 201 len: 1504 time: 0.4341509
2026-03-06 01:44:50.048 10 INFO neutron.api.wsgi [None req-90dbd14e-b84c-4fb1-bace-39bec91169df 4f661e7539f24fa08ab35d125a591772 44743313ab4b4a07ad97767f8c572854 - - default default] 10.0.0.122 "POST /v2.0/networks HTTP/1.1" status: 201 len: 825 time: 0.6734967
2026-03-06 01:44:50.061 10 WARNING neutron_lib.context [None req-1f88bcc7-3eb8-4ea1-9de1-fdcb0d629fcd 4f661e7539f24fa08ab35d125a591772 44743313ab4b4a07ad97767f8c572854 - - default default] Method 'is_advsvc' is deprecated since 2023.2 release (neutron-lib 3.8.0) and will be removed once support for the old RBAC API policies will be removed from Neutron. Please use method 'is_service_role' instead. /var/lib/openstack/lib/python3.12/site-packages/pycadf/identifier.py:71: UserWarning: Invalid uuid: neutron. To ensure interoperability, identifiers should be a valid uuid. warnings.warn(('Invalid uuid: %s. To ensure interoperability, '
2026-03-06 01:44:50.228 10 WARNING neutron.scheduler.dhcp_agent_scheduler [None req-1f88bcc7-3eb8-4ea1-9de1-fdcb0d629fcd 4f661e7539f24fa08ab35d125a591772 44743313ab4b4a07ad97767f8c572854 - - default default] No more DHCP agents
2026-03-06 01:44:50.229 10 WARNING neutron.api.rpc.agentnotifiers.dhcp_rpc_agent_api [None req-1f88bcc7-3eb8-4ea1-9de1-fdcb0d629fcd 4f661e7539f24fa08ab35d125a591772 44743313ab4b4a07ad97767f8c572854 - - default default] Unable to schedule network 569b29a1-69bc-4a59-936a-741a836e2d1d: no agents available; will retry on subsequent port and subnet creation events.
2026-03-06 01:44:50.507 9 INFO neutron.db.ovn_revision_numbers_db [req-35a59c21-a739-4c8c-8c43-3cb6c030d2a1 req-757aed2a-e66c-44d9-a06a-f3792df9b0df 8eb44330508a426c9ba86ad21a028714 e548c96dd269448eb17847e3a6495a83 - - a3b3c7e74b3740aba4cc2320f7985a70 a3b3c7e74b3740aba4cc2320f7985a70] Successfully bumped revision number for resource 4b1f7465-9f23-40ac-b2d5-4f88eafda5b9 (type: ports) to 2
2026-03-06 01:44:50.615 10 INFO neutron.db.ovn_revision_numbers_db [None req-6d02ff9b-56e9-4b75-af71-f6477587b60c - - - - - -] Successfully bumped revision number for resource 8192b7d0-084c-473e-8672-6582b1f9f594 (type: ports) to 2
2026-03-06 01:44:50.640 10 INFO neutron.db.ovn_revision_numbers_db [None req-6d02ff9b-56e9-4b75-af71-f6477587b60c - - - - - -] Successfully bumped revision number for resource 0766b152-613d-4ef8-9c64-71db70dafb72 (type: subnets) to 0
2026-03-06 01:44:50.651 10 INFO neutron.api.wsgi [None req-1f88bcc7-3eb8-4ea1-9de1-fdcb0d629fcd 4f661e7539f24fa08ab35d125a591772 44743313ab4b4a07ad97767f8c572854 - - default default] 10.0.0.122 "POST /v2.0/subnets HTTP/1.1" status: 201 len: 825 time: 0.5938215
2026-03-06 01:44:50.659 10 WARNING neutron_lib.context [None req-7b103b63-507e-400a-8eee-48641ce73176 4f661e7539f24fa08ab35d125a591772 44743313ab4b4a07ad97767f8c572854 - - default default] Method 'is_advsvc' is deprecated since 2023.2 release (neutron-lib 3.8.0) and will be removed once support for the old RBAC API policies will be removed from Neutron. Please use method 'is_service_role' instead.
2026-03-06 01:44:50.712 9 INFO neutron.db.ovn_revision_numbers_db [req-35a59c21-a739-4c8c-8c43-3cb6c030d2a1 req-757aed2a-e66c-44d9-a06a-f3792df9b0df 8eb44330508a426c9ba86ad21a028714 e548c96dd269448eb17847e3a6495a83 - - a3b3c7e74b3740aba4cc2320f7985a70 a3b3c7e74b3740aba4cc2320f7985a70] Successfully bumped revision number for resource 4b1f7465-9f23-40ac-b2d5-4f88eafda5b9 (type: ports) to 4
2026-03-06 01:44:50.729 9 INFO neutron.api.wsgi [req-35a59c21-a739-4c8c-8c43-3cb6c030d2a1 req-757aed2a-e66c-44d9-a06a-f3792df9b0df 8eb44330508a426c9ba86ad21a028714 e548c96dd269448eb17847e3a6495a83 - - a3b3c7e74b3740aba4cc2320f7985a70 a3b3c7e74b3740aba4cc2320f7985a70] 199.204.45.155 "PUT /v2.0/ports/4b1f7465-9f23-40ac-b2d5-4f88eafda5b9 HTTP/1.1" status: 200 len: 1629 time: 0.6837792
2026-03-06 01:44:50.765 9 INFO neutron.notifiers.nova [-] Nova event matching ['req-f594a93e-a1fb-4b2a-a64f-32c46ba6096e'] response: {'name': 'network-changed', 'server_uuid': '9cfdbdea-5215-47d5-95fb-aa3293207b70', 'tag': '4b1f7465-9f23-40ac-b2d5-4f88eafda5b9', 'status': 'completed', 'code': 200}
2026-03-06 01:44:51.098 10 WARNING neutron.scheduler.dhcp_agent_scheduler [None req-7b103b63-507e-400a-8eee-48641ce73176 4f661e7539f24fa08ab35d125a591772 44743313ab4b4a07ad97767f8c572854 - - default default] No more DHCP agents
2026-03-06 01:44:51.099 10 WARNING neutron.api.rpc.agentnotifiers.dhcp_rpc_agent_api [None req-7b103b63-507e-400a-8eee-48641ce73176 4f661e7539f24fa08ab35d125a591772 44743313ab4b4a07ad97767f8c572854 - - default default] Unable to schedule network 60b3b246-5c65-4e19-9956-25f1b7f50095: no agents available; will retry on subsequent port and subnet creation events.
2026-03-06 01:44:51.222 10 INFO neutron.db.ovn_revision_numbers_db [None req-7b103b63-507e-400a-8eee-48641ce73176 4f661e7539f24fa08ab35d125a591772 44743313ab4b4a07ad97767f8c572854 - - default default] Successfully bumped revision number for resource d669160e-96db-47b7-978a-46988c529412 (type: ports) to 1 /var/lib/openstack/lib/python3.12/site-packages/pycadf/identifier.py:71: UserWarning: Invalid uuid: neutron. To ensure interoperability, identifiers should be a valid uuid. warnings.warn(('Invalid uuid: %s. To ensure interoperability, '
2026-03-06 01:44:51.323 9 INFO neutron.api.wsgi [req-dd605135-57b8-4b84-ab8d-1c303125cea2 req-3e38378a-a71a-464b-80d5-08af81418eb6 8eb44330508a426c9ba86ad21a028714 e548c96dd269448eb17847e3a6495a83 - - a3b3c7e74b3740aba4cc2320f7985a70 a3b3c7e74b3740aba4cc2320f7985a70] 199.204.45.155 "GET /v2.0/ports?tenant_id=648b6b88fee64ac1b19ebad9b51eece1&device_id=9cfdbdea-5215-47d5-95fb-aa3293207b70 HTTP/1.1" status: 200 len: 5346 time: 0.0489414
2026-03-06 01:44:51.406 9 INFO neutron.api.wsgi [req-dd605135-57b8-4b84-ab8d-1c303125cea2 req-cf532df9-4c24-44d4-a6e0-3d128a757ac8 8eb44330508a426c9ba86ad21a028714 e548c96dd269448eb17847e3a6495a83 - - a3b3c7e74b3740aba4cc2320f7985a70 a3b3c7e74b3740aba4cc2320f7985a70] 199.204.45.155 "GET /v2.0/networks?id=dd655bbc-74f0-4bf0-96a6-a97aa8f2d653 HTTP/1.1" status: 200 len: 1003 time: 0.0786049
2026-03-06 01:44:51.426 9 INFO neutron.api.wsgi [req-dd605135-57b8-4b84-ab8d-1c303125cea2 req-2a6e4667-2171-48fd-88d1-57f6e344e91d 8eb44330508a426c9ba86ad21a028714 e548c96dd269448eb17847e3a6495a83 - - a3b3c7e74b3740aba4cc2320f7985a70 a3b3c7e74b3740aba4cc2320f7985a70] 199.204.45.155 "GET /v2.0/floatingips?fixed_ip_address=10.2.2.35&port_id=4b1f7465-9f23-40ac-b2d5-4f88eafda5b9 HTTP/1.1" status: 200 len: 217 time: 0.0156605
2026-03-06 01:44:51.444 9 INFO neutron.api.wsgi [req-dd605135-57b8-4b84-ab8d-1c303125cea2 req-54b0452f-4d95-4721-9442-8ad690fd4e2e 8eb44330508a426c9ba86ad21a028714 e548c96dd269448eb17847e3a6495a83 - - a3b3c7e74b3740aba4cc2320f7985a70 a3b3c7e74b3740aba4cc2320f7985a70] 199.204.45.155 "GET /v2.0/floatingips?fixed_ip_address=fd77%3A1457%3A4cf0%3A26a8%3A%3Af3&port_id=4b1f7465-9f23-40ac-b2d5-4f88eafda5b9 HTTP/1.1" status: 200 len: 217 time: 0.0141561
2026-03-06 01:44:51.471 9 INFO neutron.api.wsgi [req-dd605135-57b8-4b84-ab8d-1c303125cea2 req-27241f56-5df9-4cf5-8bb2-a713ad06f40d 8eb44330508a426c9ba86ad21a028714 e548c96dd269448eb17847e3a6495a83 - - a3b3c7e74b3740aba4cc2320f7985a70 a3b3c7e74b3740aba4cc2320f7985a70] 199.204.45.155 "GET /v2.0/subnets?id=9c35576b-aeb0-49bd-889d-57578e4ae52a&id=520de760-ed4d-4a2f-b6f2-dfc29240644c HTTP/1.1" status: 200 len: 1614 time: 0.0218036
2026-03-06 01:44:51.489 9 INFO neutron.api.wsgi [req-dd605135-57b8-4b84-ab8d-1c303125cea2 req-986a430e-f37d-4e00-8185-41c3b713cf77 8eb44330508a426c9ba86ad21a028714 e548c96dd269448eb17847e3a6495a83 - - a3b3c7e74b3740aba4cc2320f7985a70 a3b3c7e74b3740aba4cc2320f7985a70] 199.204.45.155 "GET /v2.0/ports?network_id=dd655bbc-74f0-4bf0-96a6-a97aa8f2d653&device_owner=network%3Adhcp HTTP/1.1" status: 200 len: 210 time: 0.0120695
2026-03-06 01:44:51.511 9 INFO neutron.api.wsgi [req-dd605135-57b8-4b84-ab8d-1c303125cea2 req-d5e931f8-c455-476a-adb9-03832bb8ebb4 8eb44330508a426c9ba86ad21a028714 e548c96dd269448eb17847e3a6495a83 - - a3b3c7e74b3740aba4cc2320f7985a70 a3b3c7e74b3740aba4cc2320f7985a70] 199.204.45.155 "GET /v2.0/ports?network_id=dd655bbc-74f0-4bf0-96a6-a97aa8f2d653&device_owner=network%3Adhcp HTTP/1.1" status: 200 len: 210 time: 0.0175653
2026-03-06 01:44:51.562 9 INFO neutron.api.wsgi [req-dd605135-57b8-4b84-ab8d-1c303125cea2 req-ed8e269b-14ba-40d2-a751-62a37379e552 8eb44330508a426c9ba86ad21a028714 e548c96dd269448eb17847e3a6495a83 - - a3b3c7e74b3740aba4cc2320f7985a70 a3b3c7e74b3740aba4cc2320f7985a70] 199.204.45.155 "GET /v2.0/networks/dd655bbc-74f0-4bf0-96a6-a97aa8f2d653?fields=segments HTTP/1.1" status: 200 len: 212 time: 0.0451429
2026-03-06 01:44:51.620 9 INFO neutron.api.wsgi [req-dd605135-57b8-4b84-ab8d-1c303125cea2 req-789c5293-c1c8-41a1-b7c5-18033f6e7ed8 8eb44330508a426c9ba86ad21a028714 e548c96dd269448eb17847e3a6495a83 - - a3b3c7e74b3740aba4cc2320f7985a70 a3b3c7e74b3740aba4cc2320f7985a70] 199.204.45.155 "GET /v2.0/networks/dd655bbc-74f0-4bf0-96a6-a97aa8f2d653?fields=provider%3Aphysical_network&fields=provider%3Anetwork_type HTTP/1.1" status: 200 len: 277 time: 0.0518658
2026-03-06 01:44:51.797 10 INFO neutron.plugins.ml2.drivers.ovn.mech_driver.ovsdb.commands [None req-cfa7875d-d279-4e7f-8031-865179ad1e4b - - - - - -] Schedule LRP lrp-d669160e-96db-47b7-978a-46988c529412 on gateway dc7bffda-cb5e-4580-b311-7859ed7c6048 with priority 1
2026-03-06 01:44:51.815 10 INFO neutron.plugins.ml2.drivers.ovn.mech_driver.mech_driver [None req-a018a156-280b-4cf3-9c15-e9137043adb1 - - - - - -] OVN reports status up for port: d669160e-96db-47b7-978a-46988c529412
2026-03-06 01:44:51.821 10 INFO neutron.plugins.ml2.plugin [None req-a018a156-280b-4cf3-9c15-e9137043adb1 - - - - - -] Attempt 1 to provision port d669160e-96db-47b7-978a-46988c529412
2026-03-06 01:44:51.840 10 INFO neutron.db.ovn_revision_numbers_db [None req-7b103b63-507e-400a-8eee-48641ce73176 4f661e7539f24fa08ab35d125a591772 44743313ab4b4a07ad97767f8c572854 - - default default] Successfully bumped revision number for resource d669160e-96db-47b7-978a-46988c529412 (type: router_ports) to 1
2026-03-06 01:44:51.904 10 INFO neutron.db.ovn_revision_numbers_db [None req-7b103b63-507e-400a-8eee-48641ce73176 4f661e7539f24fa08ab35d125a591772 44743313ab4b4a07ad97767f8c572854 - - default default] Successfully bumped revision number for resource a642bea3-cb4e-4388-9964-9cba6027a0f6 (type: routers) to 2
2026-03-06 01:44:51.923 10 INFO neutron.api.wsgi [None req-7b103b63-507e-400a-8eee-48641ce73176 4f661e7539f24fa08ab35d125a591772 44743313ab4b4a07ad97767f8c572854 - - default default] 10.0.0.122 "POST /v2.0/routers HTTP/1.1" status: 201 len: 1133 time: 1.2678616
2026-03-06 01:44:52.416 10 WARNING neutron.scheduler.dhcp_agent_scheduler [None req-6cacb133-0598-4b0f-a4f0-c4356f312fb7 4f661e7539f24fa08ab35d125a591772 44743313ab4b4a07ad97767f8c572854 - - default default] No more DHCP agents
2026-03-06 01:44:52.418 10 WARNING neutron.api.rpc.agentnotifiers.dhcp_rpc_agent_api [None req-6cacb133-0598-4b0f-a4f0-c4356f312fb7 4f661e7539f24fa08ab35d125a591772 44743313ab4b4a07ad97767f8c572854 - - default default] Unable to schedule network 569b29a1-69bc-4a59-936a-741a836e2d1d: no agents available; will retry on subsequent port and subnet creation events.
2026-03-06 01:44:52.533 10 INFO neutron.db.ovn_revision_numbers_db [None req-6cacb133-0598-4b0f-a4f0-c4356f312fb7 4f661e7539f24fa08ab35d125a591772 44743313ab4b4a07ad97767f8c572854 - - default default] Successfully bumped revision number for resource ff4cba27-c1dd-4691-8c12-4d7cf07eab4e (type: ports) to 1
2026-03-06 01:44:52.559 9 WARNING neutron_lib.context [None req-8432801e-2ca8-4d3a-9c5a-e989179136b8 4d78048c068f41bdae149c6ec83f6a4d b52a85a9e45b4ca5a9b000e1a396182b - - default default] Method 'is_advsvc' is deprecated since 2023.2 release (neutron-lib 3.8.0) and will be removed once support for the old RBAC API policies will be removed from Neutron. Please use method 'is_service_role' instead.
2026-03-06 01:44:52.684 9 INFO neutron.api.wsgi [req-35a59c21-a739-4c8c-8c43-3cb6c030d2a1 req-30794e69-9d54-4129-9612-55c2575e241c 8eb44330508a426c9ba86ad21a028714 e548c96dd269448eb17847e3a6495a83 - - a3b3c7e74b3740aba4cc2320f7985a70 a3b3c7e74b3740aba4cc2320f7985a70] 199.204.45.155 "GET /v2.0/ports?tenant_id=648b6b88fee64ac1b19ebad9b51eece1&device_id=9cfdbdea-5215-47d5-95fb-aa3293207b70 HTTP/1.1" status: 200 len: 5346 time: 0.0491543
2026-03-06 01:44:52.695 9 INFO neutron.db.ovn_revision_numbers_db [None req-8432801e-2ca8-4d3a-9c5a-e989179136b8 4d78048c068f41bdae149c6ec83f6a4d b52a85a9e45b4ca5a9b000e1a396182b - - default default] Successfully bumped revision number for resource a5c57d6e-9f65-413d-b582-9be304d66b0a (type: routers) to 1
2026-03-06 01:44:52.704 9 INFO neutron.api.wsgi [req-35a59c21-a739-4c8c-8c43-3cb6c030d2a1 req-9fd500d3-ce2a-4267-8618-a0798410f54f 8eb44330508a426c9ba86ad21a028714 e548c96dd269448eb17847e3a6495a83 - - a3b3c7e74b3740aba4cc2320f7985a70 a3b3c7e74b3740aba4cc2320f7985a70] 199.204.45.155 "GET /v2.0/floatingips?fixed_ip_address=172.24.0.232&port_id=054e3c2e-912d-44cf-bb48-da52c95ff23e HTTP/1.1" status: 200 len: 217 time: 0.0136623
2026-03-06 01:44:52.717 9 INFO neutron.api.wsgi [None req-8432801e-2ca8-4d3a-9c5a-e989179136b8 4d78048c068f41bdae149c6ec83f6a4d b52a85a9e45b4ca5a9b000e1a396182b - - default default] 10.0.0.122 "POST /v2.0/routers HTTP/1.1" status: 201 len: 769 time: 0.2934370
2026-03-06 01:44:52.736 9 INFO neutron.api.wsgi [req-35a59c21-a739-4c8c-8c43-3cb6c030d2a1 req-9e12ba56-8bb1-44c9-8353-905b805c931f 8eb44330508a426c9ba86ad21a028714 e548c96dd269448eb17847e3a6495a83 - - a3b3c7e74b3740aba4cc2320f7985a70 a3b3c7e74b3740aba4cc2320f7985a70] 199.204.45.155 "GET /v2.0/subnets?id=354a0a74-a96f-481f-a0d3-aa46d5fd300c HTTP/1.1" status: 200 len: 853 time: 0.0275674
2026-03-06 01:44:52.760 9 INFO neutron.api.wsgi [req-35a59c21-a739-4c8c-8c43-3cb6c030d2a1 req-072611b1-6793-4c9f-ad8b-be09301c0f39 8eb44330508a426c9ba86ad21a028714 e548c96dd269448eb17847e3a6495a83 - - a3b3c7e74b3740aba4cc2320f7985a70 a3b3c7e74b3740aba4cc2320f7985a70] 199.204.45.155 "GET /v2.0/ports?network_id=73fbbeb4-b2d5-48a7-a84e-a6cc0d46961b&device_owner=network%3Adhcp HTTP/1.1" status: 200 len: 210 time: 0.0179815
2026-03-06 01:44:52.772 9 INFO neutron.api.wsgi [None req-c96106f2-abf7-412d-bcd3-0f1dc909e737 4d78048c068f41bdae149c6ec83f6a4d b52a85a9e45b4ca5a9b000e1a396182b - - default default] 10.0.0.122 "PUT /v2.0/routers/a5c57d6e-9f65-413d-b582-9be304d66b0a/tags HTTP/1.1" status: 200 len: 218 time: 0.0484316
2026-03-06 01:44:52.802 9 INFO neutron.api.wsgi [req-35a59c21-a739-4c8c-8c43-3cb6c030d2a1 req-28aa90fc-01e4-48ed-a491-132a05002a22 8eb44330508a426c9ba86ad21a028714 e548c96dd269448eb17847e3a6495a83 - - a3b3c7e74b3740aba4cc2320f7985a70 a3b3c7e74b3740aba4cc2320f7985a70] 199.204.45.155 "GET /v2.0/networks/73fbbeb4-b2d5-48a7-a84e-a6cc0d46961b?fields=segments HTTP/1.1" status: 200 len: 212 time: 0.0361586
2026-03-06 01:44:52.814 10 INFO neutron.api.wsgi [None req-f3c452af-a163-4e60-93c7-9e07b0b2f5a6 4d78048c068f41bdae149c6ec83f6a4d b52a85a9e45b4ca5a9b000e1a396182b - - default default] 10.0.0.122 "GET /v2.0/routers/a5c57d6e-9f65-413d-b582-9be304d66b0a/tags HTTP/1.1" status: 200 len: 218 time: 0.0358064
2026-03-06 01:44:52.873 9 INFO neutron.api.wsgi [req-35a59c21-a739-4c8c-8c43-3cb6c030d2a1 req-d2bdc809-8b2a-4e3d-b439-748f6be645ef 8eb44330508a426c9ba86ad21a028714 e548c96dd269448eb17847e3a6495a83 - - a3b3c7e74b3740aba4cc2320f7985a70 a3b3c7e74b3740aba4cc2320f7985a70] 199.204.45.155 "GET /v2.0/networks/73fbbeb4-b2d5-48a7-a84e-a6cc0d46961b?fields=provider%3Aphysical_network&fields=provider%3Anetwork_type HTTP/1.1" status: 200 len: 277 time: 0.0658500
2026-03-06 01:44:52.880 9 INFO neutron.api.wsgi [None req-a322e387-3553-4384-8de7-b3d003ad7ae7 4d78048c068f41bdae149c6ec83f6a4d b52a85a9e45b4ca5a9b000e1a396182b - - default default] 10.0.0.122 "PUT /v2.0/routers/a5c57d6e-9f65-413d-b582-9be304d66b0a/tags/green HTTP/1.1" status: 201 len: 201 time: 0.0604260
2026-03-06 01:44:52.899 9 INFO neutron.api.wsgi [req-35a59c21-a739-4c8c-8c43-3cb6c030d2a1 req-25ad9240-273f-490c-ac62-decca9f61470 8eb44330508a426c9ba86ad21a028714 e548c96dd269448eb17847e3a6495a83 - - a3b3c7e74b3740aba4cc2320f7985a70 a3b3c7e74b3740aba4cc2320f7985a70] 199.204.45.155 "GET /v2.0/floatingips?fixed_ip_address=10.1.1.136&port_id=c9bec741-5b78-49dc-90f6-d597a249371b HTTP/1.1" status: 200 len: 217 time: 0.0182304
2026-03-06 01:44:52.928 9 INFO neutron.api.wsgi [req-35a59c21-a739-4c8c-8c43-3cb6c030d2a1 req-9334d9e1-9709-40d5-b600-2d6b7acb7861 8eb44330508a426c9ba86ad21a028714 e548c96dd269448eb17847e3a6495a83 - - a3b3c7e74b3740aba4cc2320f7985a70 a3b3c7e74b3740aba4cc2320f7985a70] 199.204.45.155 "GET /v2.0/subnets?id=98324841-6b08-4da6-b4af-cd7e39c7bd9f HTTP/1.1" status: 200 len: 877 time: 0.0241699
2026-03-06 01:44:52.939 10 INFO neutron.api.wsgi [None req-7e8163ea-c933-4aff-a5bc-cf43f8917cc4 4d78048c068f41bdae149c6ec83f6a4d b52a85a9e45b4ca5a9b000e1a396182b - - default default] 10.0.0.122 "GET /v2.0/routers/a5c57d6e-9f65-413d-b582-9be304d66b0a/tags HTTP/1.1" status: 200 len: 227 time: 0.0535805
2026-03-06 01:44:52.950 9 INFO neutron.api.wsgi [req-35a59c21-a739-4c8c-8c43-3cb6c030d2a1 req-916dacbe-ed6f-41ec-bc45-4e35ec2ae020 8eb44330508a426c9ba86ad21a028714 e548c96dd269448eb17847e3a6495a83 - - a3b3c7e74b3740aba4cc2320f7985a70 a3b3c7e74b3740aba4cc2320f7985a70] 199.204.45.155 "GET /v2.0/ports?network_id=c052d116-70a7-401f-97e2-f369f5475d83&device_owner=network%3Adhcp HTTP/1.1" status: 200 len: 210 time: 0.0167506
2026-03-06 01:44:52.989 10 INFO neutron.api.wsgi [None req-4d66d7bd-e2e0-4bfa-8495-729f842f8228 4d78048c068f41bdae149c6ec83f6a4d b52a85a9e45b4ca5a9b000e1a396182b - - default default] 10.0.0.122 "PUT /v2.0/routers/a5c57d6e-9f65-413d-b582-9be304d66b0a/tags/red HTTP/1.1" status: 201 len: 201 time: 0.0436506
2026-03-06 01:44:52.996 9 INFO neutron.api.wsgi [req-35a59c21-a739-4c8c-8c43-3cb6c030d2a1 req-768dea25-6058-481d-bbe6-5c7568177d4c 8eb44330508a426c9ba86ad21a028714 e548c96dd269448eb17847e3a6495a83 - - a3b3c7e74b3740aba4cc2320f7985a70 a3b3c7e74b3740aba4cc2320f7985a70] 199.204.45.155 "GET /v2.0/networks/c052d116-70a7-401f-97e2-f369f5475d83?fields=segments HTTP/1.1" status: 200 len: 212 time: 0.0406010
2026-03-06 01:44:53.028 10 INFO neutron.api.wsgi [None req-5e8fe526-587f-4cf9-a2ac-752d88d0d697 4d78048c068f41bdae149c6ec83f6a4d b52a85a9e45b4ca5a9b000e1a396182b - - default default] 10.0.0.122 "GET /v2.0/routers/a5c57d6e-9f65-413d-b582-9be304d66b0a/tags HTTP/1.1" status: 200 len: 227 time: 0.0333622
2026-03-06 01:44:53.049 9 INFO neutron.api.wsgi [req-35a59c21-a739-4c8c-8c43-3cb6c030d2a1 req-7da385fb-8cdd-4604-b772-49b7b3cd2059 8eb44330508a426c9ba86ad21a028714 e548c96dd269448eb17847e3a6495a83 - - a3b3c7e74b3740aba4cc2320f7985a70 a3b3c7e74b3740aba4cc2320f7985a70] 199.204.45.155 "GET /v2.0/networks/c052d116-70a7-401f-97e2-f369f5475d83?fields=provider%3Aphysical_network&fields=provider%3Anetwork_type HTTP/1.1" status: 200 len: 277 time: 0.0474005
2026-03-06 01:44:53.070 9 INFO neutron.api.wsgi [req-35a59c21-a739-4c8c-8c43-3cb6c030d2a1 req-eccdd551-dd1a-405e-bd47-8a1041dbec8b 8eb44330508a426c9ba86ad21a028714 e548c96dd269448eb17847e3a6495a83 - - a3b3c7e74b3740aba4cc2320f7985a70 a3b3c7e74b3740aba4cc2320f7985a70] 199.204.45.155 "GET /v2.0/floatingips?fixed_ip_address=10.2.1.181&port_id=3fe6011a-8c49-453f-b1a7-1b0c87130d96 HTTP/1.1" status: 200 len: 217 time: 0.0146279
2026-03-06 01:44:53.090 10 INFO neutron.api.wsgi [None req-7503b9db-0560-4994-ba6a-170b38d99228 4d78048c068f41bdae149c6ec83f6a4d b52a85a9e45b4ca5a9b000e1a396182b - - default default] 10.0.0.122 "PUT /v2.0/routers/a5c57d6e-9f65-413d-b582-9be304d66b0a/tags/black.or.white HTTP/1.1" status: 201 len: 201 time: 0.0576744
2026-03-06 01:44:53.094 9 INFO neutron.api.wsgi [req-35a59c21-a739-4c8c-8c43-3cb6c030d2a1 req-7bc87807-d35f-481a-ac0c-10da75d4b5cf 8eb44330508a426c9ba86ad21a028714 e548c96dd269448eb17847e3a6495a83 - - a3b3c7e74b3740aba4cc2320f7985a70 a3b3c7e74b3740aba4cc2320f7985a70] 199.204.45.155 "GET /v2.0/subnets?id=32be5f4a-8df5-415c-bab7-0baf01e67c67 HTTP/1.1" status: 200 len: 876 time: 0.0190537
2026-03-06 01:44:53.114 9 INFO neutron.api.wsgi [req-35a59c21-a739-4c8c-8c43-3cb6c030d2a1 req-9efcfbfb-f3fb-4275-8a26-7d18cc79378f 8eb44330508a426c9ba86ad21a028714 e548c96dd269448eb17847e3a6495a83 - - a3b3c7e74b3740aba4cc2320f7985a70 a3b3c7e74b3740aba4cc2320f7985a70] 199.204.45.155 "GET /v2.0/ports?network_id=ff6175a7-5e62-4198-8f74-c32e180e0ea5&device_owner=network%3Adhcp HTTP/1.1" status: 200 len: 210 time: 0.0134521
2026-03-06 01:44:53.125 10 INFO neutron.api.wsgi [None req-757c4515-3df0-4b27-b485-a8952ad9b123 4d78048c068f41bdae149c6ec83f6a4d b52a85a9e45b4ca5a9b000e1a396182b - - default default] 10.0.0.122 "GET /v2.0/routers/a5c57d6e-9f65-413d-b582-9be304d66b0a/tags HTTP/1.1" status: 200 len: 245 time: 0.0311658
2026-03-06 01:44:53.160 9 INFO neutron.api.wsgi [req-35a59c21-a739-4c8c-8c43-3cb6c030d2a1 req-fea5cee1-7f97-4ee1-a502-1fb970ee3584 8eb44330508a426c9ba86ad21a028714 e548c96dd269448eb17847e3a6495a83 - - a3b3c7e74b3740aba4cc2320f7985a70 a3b3c7e74b3740aba4cc2320f7985a70] 199.204.45.155 "GET /v2.0/networks/ff6175a7-5e62-4198-8f74-c32e180e0ea5?fields=segments HTTP/1.1" status: 200 len: 212 time: 0.0404167
2026-03-06 01:44:53.183 10 INFO neutron.api.wsgi [None req-a773936a-0d61-4800-924c-84120aae952d 4d78048c068f41bdae149c6ec83f6a4d b52a85a9e45b4ca5a9b000e1a396182b - - default default] 10.0.0.122 "PUT /v2.0/routers/a5c57d6e-9f65-413d-b582-9be304d66b0a/tags HTTP/1.1" status: 200 len: 230 time: 0.0524256
2026-03-06 01:44:53.214 9 INFO neutron.api.wsgi [req-35a59c21-a739-4c8c-8c43-3cb6c030d2a1 req-91a1686a-a822-47dd-8dd6-c64704a8ddc6 8eb44330508a426c9ba86ad21a028714 e548c96dd269448eb17847e3a6495a83 - - a3b3c7e74b3740aba4cc2320f7985a70 a3b3c7e74b3740aba4cc2320f7985a70] 199.204.45.155 "GET /v2.0/networks/ff6175a7-5e62-4198-8f74-c32e180e0ea5?fields=provider%3Aphysical_network&fields=provider%3Anetwork_type HTTP/1.1" status: 200 len: 277 time: 0.0490286
2026-03-06 01:44:53.220 9 INFO neutron.api.wsgi [None req-f13162cf-715b-4d32-a468-c80428a12919 4d78048c068f41bdae149c6ec83f6a4d b52a85a9e45b4ca5a9b000e1a396182b - - default default] 10.0.0.122 "GET /v2.0/routers/a5c57d6e-9f65-413d-b582-9be304d66b0a/tags HTTP/1.1" status: 200 len: 230 time: 0.0308859
2026-03-06 01:44:53.236 9 INFO neutron.api.wsgi [req-35a59c21-a739-4c8c-8c43-3cb6c030d2a1 req-3fef2e67-d247-4594-a8be-467a4d0cb009 8eb44330508a426c9ba86ad21a028714 e548c96dd269448eb17847e3a6495a83 - - a3b3c7e74b3740aba4cc2320f7985a70 a3b3c7e74b3740aba4cc2320f7985a70] 199.204.45.155 "GET /v2.0/floatingips?fixed_ip_address=10.2.2.35&port_id=4b1f7465-9f23-40ac-b2d5-4f88eafda5b9 HTTP/1.1" status: 200 len: 217 time: 0.0155504
2026-03-06 01:44:53.240 10 INFO neutron.db.ovn_revision_numbers_db [None req-6cacb133-0598-4b0f-a4f0-c4356f312fb7 4f661e7539f24fa08ab35d125a591772 44743313ab4b4a07ad97767f8c572854 - - default default] Successfully bumped revision number for resource ff4cba27-c1dd-4691-8c12-4d7cf07eab4e (type: ports) to 1
2026-03-06 01:44:53.265 9 INFO neutron.api.wsgi [req-35a59c21-a739-4c8c-8c43-3cb6c030d2a1 req-bc0f018b-2e39-4c5c-a21e-810e89c49044 8eb44330508a426c9ba86ad21a028714 e548c96dd269448eb17847e3a6495a83 - - a3b3c7e74b3740aba4cc2320f7985a70 a3b3c7e74b3740aba4cc2320f7985a70] 199.204.45.155 "GET /v2.0/floatingips?fixed_ip_address=fd77%3A1457%3A4cf0%3A26a8%3A%3Af3&port_id=4b1f7465-9f23-40ac-b2d5-4f88eafda5b9 HTTP/1.1" status: 200 len: 217 time: 0.0172729
2026-03-06 01:44:53.267 9 INFO neutron.api.wsgi [None req-cfd922ac-ed83-4975-8a2b-36abde8db3e2 4d78048c068f41bdae149c6ec83f6a4d b52a85a9e45b4ca5a9b000e1a396182b - - default default] 10.0.0.122 "GET /v2.0/routers/a5c57d6e-9f65-413d-b582-9be304d66b0a/tags/red HTTP/1.1" status: 204 len: 168 time: 0.0421894
2026-03-06 01:44:53.286 10 WARNING neutron.scheduler.dhcp_agent_scheduler [None req-6cacb133-0598-4b0f-a4f0-c4356f312fb7 4f661e7539f24fa08ab35d125a591772 44743313ab4b4a07ad97767f8c572854 - - default default] No more DHCP agents
2026-03-06 01:44:53.287 10 WARNING neutron.api.rpc.agentnotifiers.dhcp_rpc_agent_api [None req-6cacb133-0598-4b0f-a4f0-c4356f312fb7 4f661e7539f24fa08ab35d125a591772 44743313ab4b4a07ad97767f8c572854 - - default default] Unable to schedule network 569b29a1-69bc-4a59-936a-741a836e2d1d: no agents available; will retry on subsequent port and subnet creation events.
2026-03-06 01:44:53.310 9 INFO neutron.api.wsgi [req-35a59c21-a739-4c8c-8c43-3cb6c030d2a1 req-571e66fd-3b2c-450e-8cd9-572ffe62aea0 8eb44330508a426c9ba86ad21a028714 e548c96dd269448eb17847e3a6495a83 - - a3b3c7e74b3740aba4cc2320f7985a70 a3b3c7e74b3740aba4cc2320f7985a70] 199.204.45.155 "GET /v2.0/subnets?id=9c35576b-aeb0-49bd-889d-57578e4ae52a&id=520de760-ed4d-4a2f-b6f2-dfc29240644c HTTP/1.1" status: 200 len: 1614 time: 0.0392175
2026-03-06 01:44:53.312 9 INFO neutron.api.v2.resource [None req-fcdc54e1-9b10-4324-8a57-94c279950df7 4d78048c068f41bdae149c6ec83f6a4d b52a85a9e45b4ca5a9b000e1a396182b - - default default] show failed (client error): The resource could not be found.
2026-03-06 01:44:53.313 9 INFO neutron.api.wsgi [None req-fcdc54e1-9b10-4324-8a57-94c279950df7 4d78048c068f41bdae149c6ec83f6a4d b52a85a9e45b4ca5a9b000e1a396182b - - default default] 10.0.0.122 "GET /v2.0/routers/a5c57d6e-9f65-413d-b582-9be304d66b0a/tags/green HTTP/1.1" status: 404 len: 299 time: 0.0416558
2026-03-06 01:44:53.339 9 INFO neutron.api.wsgi [req-35a59c21-a739-4c8c-8c43-3cb6c030d2a1 req-4b3ebce2-d413-486b-ab07-bae79570533b 8eb44330508a426c9ba86ad21a028714 e548c96dd269448eb17847e3a6495a83 - - a3b3c7e74b3740aba4cc2320f7985a70 a3b3c7e74b3740aba4cc2320f7985a70] 199.204.45.155 "GET /v2.0/ports?network_id=dd655bbc-74f0-4bf0-96a6-a97aa8f2d653&device_owner=network%3Adhcp HTTP/1.1" status: 200 len: 210 time: 0.0229578
2026-03-06 01:44:53.363 9 INFO neutron.api.wsgi [req-35a59c21-a739-4c8c-8c43-3cb6c030d2a1 req-8153c120-3e8a-403a-b4f6-ee53feedf2a4 8eb44330508a426c9ba86ad21a028714 e548c96dd269448eb17847e3a6495a83 - - a3b3c7e74b3740aba4cc2320f7985a70 a3b3c7e74b3740aba4cc2320f7985a70] 199.204.45.155 "GET /v2.0/ports?network_id=dd655bbc-74f0-4bf0-96a6-a97aa8f2d653&device_owner=network%3Adhcp HTTP/1.1" status: 200 len: 210 time: 0.0184658
2026-03-06 01:44:53.376 9 INFO neutron.api.wsgi [None req-b17cde1d-bcdf-4a81-81db-d4828f5b7eef 4d78048c068f41bdae149c6ec83f6a4d b52a85a9e45b4ca5a9b000e1a396182b - - default default] 10.0.0.122 "DELETE /v2.0/routers/a5c57d6e-9f65-413d-b582-9be304d66b0a/tags/red HTTP/1.1" status: 204 len: 168 time: 0.0589347
2026-03-06 01:44:53.416 9 INFO neutron.api.wsgi [None req-34c0da07-7669-4b3a-9763-eb988639d3c6 4d78048c068f41bdae149c6ec83f6a4d b52a85a9e45b4ca5a9b000e1a396182b - - default default] 10.0.0.122 "GET /v2.0/routers/a5c57d6e-9f65-413d-b582-9be304d66b0a/tags HTTP/1.1" status: 200 len: 223 time: 0.0353415
2026-03-06 01:44:53.423 9 INFO neutron.api.wsgi [req-35a59c21-a739-4c8c-8c43-3cb6c030d2a1 req-f9132077-b0e8-44b9-b143-c526674e57bf 8eb44330508a426c9ba86ad21a028714 e548c96dd269448eb17847e3a6495a83 - - a3b3c7e74b3740aba4cc2320f7985a70 a3b3c7e74b3740aba4cc2320f7985a70] 199.204.45.155 "GET /v2.0/networks/dd655bbc-74f0-4bf0-96a6-a97aa8f2d653?fields=segments HTTP/1.1" status: 200 len: 212 time: 0.0538449
2026-03-06 01:44:53.462 9 INFO neutron.api.v2.resource [None req-2a2acc68-f452-42c7-a8cc-7a0afe8ec693 4d78048c068f41bdae149c6ec83f6a4d b52a85a9e45b4ca5a9b000e1a396182b - - default default] delete failed (client error): The resource could not be found.
2026-03-06 01:44:53.463 9 INFO neutron.api.wsgi [None req-2a2acc68-f452-42c7-a8cc-7a0afe8ec693 4d78048c068f41bdae149c6ec83f6a4d b52a85a9e45b4ca5a9b000e1a396182b - - default default] 10.0.0.122 "DELETE /v2.0/routers/a5c57d6e-9f65-413d-b582-9be304d66b0a/tags/green HTTP/1.1" status: 404 len: 299 time: 0.0424280
2026-03-06 01:44:53.483 9 INFO neutron.api.wsgi [req-35a59c21-a739-4c8c-8c43-3cb6c030d2a1 req-e44af5d8-570e-40b2-94e3-7159d121db2d 8eb44330508a426c9ba86ad21a028714 e548c96dd269448eb17847e3a6495a83 - - a3b3c7e74b3740aba4cc2320f7985a70 a3b3c7e74b3740aba4cc2320f7985a70] 199.204.45.155 "GET /v2.0/networks/dd655bbc-74f0-4bf0-96a6-a97aa8f2d653?fields=provider%3Aphysical_network&fields=provider%3Anetwork_type HTTP/1.1" status: 200 len: 277 time: 0.0535090
2026-03-06 01:44:53.516 9 INFO neutron.api.wsgi [None req-4ec767cb-768d-4a02-a0db-50186af30774 4d78048c068f41bdae149c6ec83f6a4d b52a85a9e45b4ca5a9b000e1a396182b - - default default] 10.0.0.122 "DELETE /v2.0/routers/a5c57d6e-9f65-413d-b582-9be304d66b0a/tags HTTP/1.1" status: 204 len: 168 time: 0.0476608
2026-03-06 01:44:53.557 9 INFO neutron.api.wsgi [None req-bae266a6-5908-4a73-bc52-b10add7e78a0 4d78048c068f41bdae149c6ec83f6a4d b52a85a9e45b4ca5a9b000e1a396182b - - default default] 10.0.0.122 "GET /v2.0/routers/a5c57d6e-9f65-413d-b582-9be304d66b0a/tags HTTP/1.1" status: 200 len: 205 time: 0.0356855
2026-03-06 01:44:53.609 9 INFO neutron.api.wsgi [None req-2d984200-f7cb-40f5-8d6f-a45f1b3dc2d0 4d78048c068f41bdae149c6ec83f6a4d b52a85a9e45b4ca5a9b000e1a396182b - - default default] 10.0.0.122 "GET /v2.0/routers/a5c57d6e-9f65-413d-b582-9be304d66b0a HTTP/1.1" status: 200 len: 770 time: 0.0345895
2026-03-06 01:44:53.622 10 INFO neutron.db.ovn_revision_numbers_db [None req-6cacb133-0598-4b0f-a4f0-c4356f312fb7 4f661e7539f24fa08ab35d125a591772 44743313ab4b4a07ad97767f8c572854 - - default default] Successfully bumped revision number for resource ff4cba27-c1dd-4691-8c12-4d7cf07eab4e (type: router_ports) to 1
2026-03-06 01:44:53.627 10 INFO neutron.api.wsgi [None req-6cacb133-0598-4b0f-a4f0-c4356f312fb7 4f661e7539f24fa08ab35d125a591772 44743313ab4b4a07ad97767f8c572854 - - default default] 10.0.0.122 "PUT /v2.0/routers/a642bea3-cb4e-4388-9964-9cba6027a0f6/add_router_interface HTTP/1.1" status: 200 len: 503 time: 1.6981421
2026-03-06 01:44:53.636 10 WARNING neutron_lib.context [None req-402b9e83-0a27-4d17-beea-0e3194e2c8f8 4f661e7539f24fa08ab35d125a591772 44743313ab4b4a07ad97767f8c572854 - - default default] Method 'is_advsvc' is deprecated since 2023.2 release (neutron-lib 3.8.0) and will be removed once support for the old RBAC API policies will be removed from Neutron. Please use method 'is_service_role' instead.
2026-03-06 01:44:53.879 9 INFO neutron.db.ovn_revision_numbers_db [None req-580747af-5925-4d9b-aa9c-24115f4fd50b 4d78048c068f41bdae149c6ec83f6a4d b52a85a9e45b4ca5a9b000e1a396182b - - default default] Successfully bumped revision number for resource a5c57d6e-9f65-413d-b582-9be304d66b0a (type: routers) to 7
2026-03-06 01:44:53.885 9 INFO neutron.api.wsgi [None req-580747af-5925-4d9b-aa9c-24115f4fd50b 4d78048c068f41bdae149c6ec83f6a4d b52a85a9e45b4ca5a9b000e1a396182b - - default default] 10.0.0.122 "PUT /v2.0/routers/a5c57d6e-9f65-413d-b582-9be304d66b0a HTTP/1.1" status: 200 len: 770 time: 0.2717462
2026-03-06 01:44:53.905 9 INFO neutron.api.wsgi [None req-74a42f2a-2fc4-4471-9d4f-86c2eef42d66 4d78048c068f41bdae149c6ec83f6a4d b52a85a9e45b4ca5a9b000e1a396182b - - default default] 10.0.0.122 "GET /v2.0/ports?device_id=a5c57d6e-9f65-413d-b582-9be304d66b0a HTTP/1.1" status: 200 len: 205 time: 0.0149691
2026-03-06 01:44:54.284 9 INFO neutron.plugins.ml2.drivers.ovn.mech_driver.mech_driver [None req-c7cf2568-841e-4638-914a-223862459b1a - - - - - -] OVN reports status up for port: 4b1f7465-9f23-40ac-b2d5-4f88eafda5b9
2026-03-06 01:44:54.308 9 INFO neutron.plugins.ml2.plugin [None req-c7cf2568-841e-4638-914a-223862459b1a - - - - - -] Attempt 1 to provision port 4b1f7465-9f23-40ac-b2d5-4f88eafda5b9
2026-03-06 01:44:54.345 9 INFO neutron.api.wsgi [None req-f492a212-34e7-48f0-8118-d9b23fbaf3c9 4d78048c068f41bdae149c6ec83f6a4d b52a85a9e45b4ca5a9b000e1a396182b - - default default] 10.0.0.122 "DELETE /v2.0/routers/a5c57d6e-9f65-413d-b582-9be304d66b0a HTTP/1.1" status: 204 len: 168 time: 0.4359627
2026-03-06 01:44:54.506 10 WARNING neutron.scheduler.dhcp_agent_scheduler [None req-7139fbce-a0e4-46f3-a3aa-5604f56b619a - - - - - -] No more DHCP agents
2026-03-06 01:44:54.509 10 WARNING neutron.api.rpc.agentnotifiers.dhcp_rpc_agent_api [None req-7139fbce-a0e4-46f3-a3aa-5604f56b619a - - - - - -] Unable to schedule network 60b3b246-5c65-4e19-9956-25f1b7f50095: no agents available; will retry on subsequent port and subnet creation events.
2026-03-06 01:44:54.534 9 INFO neutron.db.ovn_revision_numbers_db [None req-c7cf2568-841e-4638-914a-223862459b1a - - - - - -] Successfully bumped revision number for resource 4b1f7465-9f23-40ac-b2d5-4f88eafda5b9 (type: ports) to 5
2026-03-06 01:44:54.572 9 INFO neutron.notifiers.nova [-] Nova event matching ['req-5e8e25b3-3ca0-42b0-ba78-fbd46d0cb66b'] response: {'server_uuid': '9cfdbdea-5215-47d5-95fb-aa3293207b70', 'name': 'network-vif-plugged', 'status': 'completed', 'tag': '4b1f7465-9f23-40ac-b2d5-4f88eafda5b9', 'code': 200}
2026-03-06 01:44:54.619 10 INFO neutron.db.ovn_revision_numbers_db [None req-7139fbce-a0e4-46f3-a3aa-5604f56b619a - - - - - -] Successfully bumped revision number for resource 791eb0e7-4147-419b-a448-ffbda80c9dfa (type: ports) to 1
2026-03-06 01:44:54.819 10 INFO neutron.db.ovn_revision_numbers_db [None req-7139fbce-a0e4-46f3-a3aa-5604f56b619a - - - - - -] Successfully bumped revision number for resource 791eb0e7-4147-419b-a448-ffbda80c9dfa (type: ports) to 3
2026-03-06 01:44:54.875 10 INFO neutron.db.segments_db [None req-7139fbce-a0e4-46f3-a3aa-5604f56b619a - - - - - -] Added segment b5ae7329-deb3-4dbb-8859-1ac33ebc396a of type geneve for network 1e734bc9-60f7-4c57-ad1b-22759102329f
2026-03-06 01:44:54.987 10 INFO neutron.db.ovn_revision_numbers_db [None req-4bd2ee61-7df6-4ac2-a88d-52aeb0fce764 - - - - - -] Successfully bumped revision number for resource 1e734bc9-60f7-4c57-ad1b-22759102329f (type: networks) to 1
2026-03-06 01:44:55.112 10 WARNING neutron.scheduler.dhcp_agent_scheduler [None req-4bd2ee61-7df6-4ac2-a88d-52aeb0fce764 - - - - - -] No more DHCP agents
2026-03-06 01:44:55.113 10 WARNING neutron.api.rpc.agentnotifiers.dhcp_rpc_agent_api [None req-4bd2ee61-7df6-4ac2-a88d-52aeb0fce764 - - - - - -] Unable to schedule network 1e734bc9-60f7-4c57-ad1b-22759102329f: no agents available; will retry on subsequent port and subnet creation events.
2026-03-06 01:44:55.186 10 INFO neutron.db.ovn_revision_numbers_db [None req-4bd2ee61-7df6-4ac2-a88d-52aeb0fce764 - - - - - -] Successfully bumped revision number for resource e61e537b-4b85-48fc-af6f-d5765a741f62 (type: ports) to 1
2026-03-06 01:44:55.242 10 INFO neutron.db.ovn_revision_numbers_db [None req-8e339d6e-70f7-421b-a15d-5288ce298ed7 1e7dc8fe47e6429cb2bb978ca1cc15c6 648b6b88fee64ac1b19ebad9b51eece1 - - default default] Successfully bumped revision number for resource 3e25cd40-ec13-46b6-a52b-1ca3f04f2b72 (type: security_groups) to 1
2026-03-06 01:44:55.258 10 INFO neutron.db.ovn_revision_numbers_db [None req-8e339d6e-70f7-421b-a15d-5288ce298ed7 1e7dc8fe47e6429cb2bb978ca1cc15c6 648b6b88fee64ac1b19ebad9b51eece1 - - default default] Successfully bumped revision number for resource 3d4acd7f-af98-48fb-9860-d1308433664c (type: security_group_rules) to 0
2026-03-06 01:44:55.275 10 INFO neutron.db.ovn_revision_numbers_db [None req-8e339d6e-70f7-421b-a15d-5288ce298ed7 1e7dc8fe47e6429cb2bb978ca1cc15c6 648b6b88fee64ac1b19ebad9b51eece1 - - default default] Successfully bumped revision number for resource 80985b4e-eaa7-4a0c-86ac-aa23bbcb0633 (type: security_group_rules) to 0
2026-03-06 01:44:55.288 10 INFO neutron.db.ovn_revision_numbers_db [None req-8e339d6e-70f7-421b-a15d-5288ce298ed7 1e7dc8fe47e6429cb2bb978ca1cc15c6 648b6b88fee64ac1b19ebad9b51eece1 - - default default] Successfully bumped revision number for resource ea2ffc3c-eee5-4970-89a0-bca1831da87c (type: security_group_rules) to 0
2026-03-06 01:44:55.305 10 INFO neutron.db.ovn_revision_numbers_db [None req-8e339d6e-70f7-421b-a15d-5288ce298ed7 1e7dc8fe47e6429cb2bb978ca1cc15c6 648b6b88fee64ac1b19ebad9b51eece1 - - default default] Successfully bumped revision number for resource ebeac09a-b704-412f-9c93-89bda29bc5dc (type: security_group_rules) to 0
2026-03-06 01:44:55.317 10 WARNING neutron.scheduler.dhcp_agent_scheduler [None req-4bd2ee61-7df6-4ac2-a88d-52aeb0fce764 - - - - - -] No more DHCP agents
2026-03-06 01:44:55.319 10 WARNING neutron.api.rpc.agentnotifiers.dhcp_rpc_agent_api [None req-4bd2ee61-7df6-4ac2-a88d-52aeb0fce764 - - - - - -] Unable to schedule network 1e734bc9-60f7-4c57-ad1b-22759102329f: no agents available; will retry on subsequent port and subnet creation events.
2026-03-06 01:44:55.343 10 INFO neutron.api.wsgi [None req-8e339d6e-70f7-421b-a15d-5288ce298ed7 1e7dc8fe47e6429cb2bb978ca1cc15c6 648b6b88fee64ac1b19ebad9b51eece1 - - default default] 10.0.0.122 "GET /v2.0/security-groups?tenant_id=b52a85a9e45b4ca5a9b000e1a396182b&name=default HTTP/1.1" status: 200 len: 3124 time: 0.3835793
2026-03-06 01:44:55.346 10 INFO neutron.db.ovn_revision_numbers_db [None req-4bd2ee61-7df6-4ac2-a88d-52aeb0fce764 - - - - - -] Successfully bumped revision number for resource df0a7944-79d6-4f89-8180-f933f293232b (type: subnets) to 0 /var/lib/openstack/lib/python3.12/site-packages/pycadf/identifier.py:71: UserWarning: Invalid uuid: neutron. To ensure interoperability, identifiers should be a valid uuid. warnings.warn(('Invalid uuid: %s. To ensure interoperability, '
2026-03-06 01:44:55.551 9 INFO neutron.api.wsgi [None req-4822ac20-5818-4b6b-bb44-001f0ce2f86e 1e7dc8fe47e6429cb2bb978ca1cc15c6 648b6b88fee64ac1b19ebad9b51eece1 - - default default] 10.0.0.122 "DELETE /v2.0/security-groups/3e25cd40-ec13-46b6-a52b-1ca3f04f2b72 HTTP/1.1" status: 204 len: 168 time: 0.2033548
2026-03-06 01:44:55.688 10 WARNING neutron.scheduler.dhcp_agent_scheduler [None req-4bd2ee61-7df6-4ac2-a88d-52aeb0fce764 - - - - - -] No more DHCP agents
2026-03-06 01:44:55.690 10 WARNING neutron.api.rpc.agentnotifiers.dhcp_rpc_agent_api [None req-4bd2ee61-7df6-4ac2-a88d-52aeb0fce764 - - - - - -] Unable to schedule network 1e734bc9-60f7-4c57-ad1b-22759102329f: no agents available; will retry on subsequent port and subnet creation events.
2026-03-06 01:44:55.793 9 INFO neutron.db.ovn_revision_numbers_db [None req-9cbf219b-1f88-4ee4-b725-a104104224ba 1e7dc8fe47e6429cb2bb978ca1cc15c6 648b6b88fee64ac1b19ebad9b51eece1 - - default default] Successfully bumped revision number for resource 47ca0e1d-79e3-458c-b252-ed59ca17719b (type: security_groups) to 1
2026-03-06 01:44:55.802 10 INFO neutron.db.ovn_revision_numbers_db [None req-4bd2ee61-7df6-4ac2-a88d-52aeb0fce764 - - - - - -] Successfully bumped revision number for resource 1a879477-d6f2-479c-ad6d-3a66cc7b053d (type: ports) to 1
2026-03-06 01:44:55.806 9 INFO neutron.db.ovn_revision_numbers_db [None req-9cbf219b-1f88-4ee4-b725-a104104224ba 1e7dc8fe47e6429cb2bb978ca1cc15c6 648b6b88fee64ac1b19ebad9b51eece1 - - default default] Successfully bumped revision number for resource 64a5b8b6-2685-49a9-96a0-c79a71dafe2e (type: security_group_rules) to 0
2026-03-06 01:44:55.822 9 INFO neutron.db.ovn_revision_numbers_db [None req-9cbf219b-1f88-4ee4-b725-a104104224ba 1e7dc8fe47e6429cb2bb978ca1cc15c6 648b6b88fee64ac1b19ebad9b51eece1 - - default default] Successfully bumped revision number for resource 961d3509-5a45-467f-b543-43e75a9b8435 (type: security_group_rules) to 0
2026-03-06 01:44:55.836 9 INFO neutron.db.ovn_revision_numbers_db [None req-9cbf219b-1f88-4ee4-b725-a104104224ba 1e7dc8fe47e6429cb2bb978ca1cc15c6 648b6b88fee64ac1b19ebad9b51eece1 - - default default] Successfully bumped revision number for resource cde87f63-53f0-41f9-aa26-c11286b5fa3c (type: security_group_rules) to 0
2026-03-06 01:44:55.852 9 INFO neutron.db.ovn_revision_numbers_db [None req-9cbf219b-1f88-4ee4-b725-a104104224ba 1e7dc8fe47e6429cb2bb978ca1cc15c6 648b6b88fee64ac1b19ebad9b51eece1 - - default default] Successfully bumped revision number for resource fee89a9f-d0c7-4de8-8c03-2b7a41454747 (type: security_group_rules) to 0
2026-03-06 01:44:55.898 9 INFO neutron.api.wsgi [None req-9cbf219b-1f88-4ee4-b725-a104104224ba 1e7dc8fe47e6429cb2bb978ca1cc15c6 648b6b88fee64ac1b19ebad9b51eece1 - - default default] 10.0.0.122 "GET /v2.0/security-groups?tenant_id=71a21931fe224ac5a819196288ab92bf&name=default HTTP/1.1" status: 200 len: 3124 time: 0.2135582
2026-03-06 01:44:56.188 9 INFO neutron.api.wsgi [None req-ef077db4-429d-4db8-949b-4348e6ec1d33 1e7dc8fe47e6429cb2bb978ca1cc15c6 648b6b88fee64ac1b19ebad9b51eece1 - - default default] 10.0.0.122 "DELETE /v2.0/security-groups/47ca0e1d-79e3-458c-b252-ed59ca17719b HTTP/1.1" status: 204 len: 168 time: 0.2856915
2026-03-06 01:44:56.422 10 INFO neutron.db.ovn_revision_numbers_db [None req-4bd2ee61-7df6-4ac2-a88d-52aeb0fce764 - - - - - -] Successfully bumped revision number for resource 1a879477-d6f2-479c-ad6d-3a66cc7b053d (type: ports) to 1
2026-03-06 01:44:56.482 10 WARNING neutron.scheduler.dhcp_agent_scheduler [None req-4bd2ee61-7df6-4ac2-a88d-52aeb0fce764 - - - - - -] No more DHCP agents
2026-03-06 01:44:56.484 10 WARNING neutron.api.rpc.agentnotifiers.dhcp_rpc_agent_api [None req-4bd2ee61-7df6-4ac2-a88d-52aeb0fce764 - - - - - -] Unable to schedule network 1e734bc9-60f7-4c57-ad1b-22759102329f: no agents available; will retry on subsequent port and subnet creation events.
2026-03-06 01:44:56.527 10 INFO neutron.api.wsgi [-] 10.0.0.194 "GET / HTTP/1.1" status: 200 len: 246 time: 0.0017009
2026-03-06 01:44:56.529 9 INFO neutron.api.wsgi [-] 10.0.0.194 "GET / HTTP/1.1" status: 200 len: 246 time: 0.0027103
2026-03-06 01:44:56.607 9 INFO neutron.notifiers.nova [-] Nova event matching ['req-c8d52df2-cae5-4b5e-b3e0-20608604d51f'] response: {'server_uuid': '9cfdbdea-5215-47d5-95fb-aa3293207b70', 'name': 'network-vif-plugged', 'status': 'completed', 'tag': '4b1f7465-9f23-40ac-b2d5-4f88eafda5b9', 'code': 200}
2026-03-06 01:44:56.860 10 INFO neutron.api.wsgi [req-35a59c21-a739-4c8c-8c43-3cb6c030d2a1 req-a511d7e6-cb6d-45c1-ba64-a499fff47d32 1e7dc8fe47e6429cb2bb978ca1cc15c6 648b6b88fee64ac1b19ebad9b51eece1 - - default default] 10.0.0.209 "GET /v2.0/ports/4b1f7465-9f23-40ac-b2d5-4f88eafda5b9 HTTP/1.1" status: 200 len: 1631 time: 0.0385244
