2026-03-06 01:41:21.054 10 INFO neutron.db.ovn_revision_numbers_db [None req-3d1bc7d1-799e-4ba7-a109-98901dc9cc41 1e7dc8fe47e6429cb2bb978ca1cc15c6 648b6b88fee64ac1b19ebad9b51eece1 - - default default] Successfully bumped revision number for resource a31f5711-9d0f-440e-a337-f60e9c8f138b (type: security_group_rules) to 0
2026-03-06 01:41:21.068 10 INFO neutron.db.ovn_revision_numbers_db [None req-3d1bc7d1-799e-4ba7-a109-98901dc9cc41 1e7dc8fe47e6429cb2bb978ca1cc15c6 648b6b88fee64ac1b19ebad9b51eece1 - - default default] Successfully bumped revision number for resource be337420-3b80-4f01-8615-8460e5a5ad69 (type: security_group_rules) to 0
2026-03-06 01:41:21.103 10 INFO neutron.api.wsgi [None req-3d1bc7d1-799e-4ba7-a109-98901dc9cc41 1e7dc8fe47e6429cb2bb978ca1cc15c6 648b6b88fee64ac1b19ebad9b51eece1 - - default default] 10.0.0.122 "GET /v2.0/security-groups?tenant_id=5ea8c4190fc942fcacd55186954ecb44&name=default HTTP/1.1" status: 200 len: 3120 time: 0.2584271
2026-03-06 01:41:21.282 9 INFO neutron.pecan_wsgi.hooks.translation [None req-de9ebab7-4b11-4fe8-8893-9d7129678285 02ef7335ed084ca7a2ac19ef89ac613e a3cefafe339e4a4c9a8312f17a4653de - - default default] GET failed (client error): The resource could not be found.
2026-03-06 01:41:21.283 9 INFO neutron.api.wsgi [None req-de9ebab7-4b11-4fe8-8893-9d7129678285 02ef7335ed084ca7a2ac19ef89ac613e a3cefafe339e4a4c9a8312f17a4653de - - default default] 10.0.0.122 "GET /v2.0/networks/2215ae16-7a10-4d74-a4bf-e78c4355f88f HTTP/1.1" status: 404 len: 339 time: 0.2319932
2026-03-06 01:41:21.365 10 INFO neutron.api.wsgi [None req-fa79cd0f-8eb3-40f7-8260-2f5861be5fcd 1e7dc8fe47e6429cb2bb978ca1cc15c6 648b6b88fee64ac1b19ebad9b51eece1 - - default default] 10.0.0.122 "DELETE /v2.0/security-groups/82739ac6-7c02-4353-bda9-c5665f1dec37 HTTP/1.1" status: 204 len: 168 time: 0.2560747
2026-03-06 01:41:21.687 9 INFO neutron.api.wsgi [None req-8798505b-1642-48f9-b5d0-17bced93f30a 1e7dc8fe47e6429cb2bb978ca1cc15c6 648b6b88fee64ac1b19ebad9b51eece1 - - default default] 10.0.0.122 "PUT /v2.0/routers/115c705e-7fbd-4a4b-aa6f-476bb1aadcad/remove_router_interface HTTP/1.1" status: 200 len: 503 time: 1.0794029 /var/lib/openstack/lib/python3.12/site-packages/pycadf/identifier.py:71: UserWarning: Invalid uuid: neutron. To ensure interoperability, identifiers should be a valid uuid. warnings.warn(('Invalid uuid: %s. To ensure interoperability, '
2026-03-06 01:41:21.980 9 INFO neutron.services.segments.plugin [-] Segment 764dce59-cd3f-4a7f-928e-e3a513f467d9 resource provider aggregate not found
2026-03-06 01:41:21.984 9 INFO neutron.services.segments.plugin [-] Segment 764dce59-cd3f-4a7f-928e-e3a513f467d9 resource provider aggregate not found
2026-03-06 01:41:22.003 9 INFO neutron.services.segments.plugin [-] Segment 764dce59-cd3f-4a7f-928e-e3a513f467d9 resource provider not found; error: Placement Client Error (4xx): {"errors": [{"status": 404, "title": "Not Found", "detail": "The resource could not be found.\n\n No resource provider with uuid 764dce59-cd3f-4a7f-928e-e3a513f467d9 found for delete ", "request_id": "req-9d012eaa-68fb-45f0-9c73-acf8ed3ff6f7"}]}
2026-03-06 01:41:22.004 9 INFO neutron.services.segments.plugin [-] Segment 764dce59-cd3f-4a7f-928e-e3a513f467d9 resource provider not found; error: Placement Client Error (4xx): {"errors": [{"status": 404, "title": "Not Found", "detail": "The resource could not be found.\n\n No resource provider with uuid 764dce59-cd3f-4a7f-928e-e3a513f467d9 found for delete ", "request_id": "req-db1802c0-d4c2-46f9-9e74-b8c1415f60ed"}]}
2026-03-06 01:41:22.014 9 INFO neutron.api.wsgi [None req-9276cb71-56da-4b3c-8de3-bb293c059004 e2f079e08dcf49babf28ebd83da3088a f0ffef4320064a159a0e121f6fcc878c - - default default] 10.0.0.122 "DELETE /v2.0/networks/2215ae16-7a10-4d74-a4bf-e78c4355f88f HTTP/1.1" status: 204 len: 168 time: 0.7268465
2026-03-06 01:41:22.031 10 INFO neutron.pecan_wsgi.hooks.translation [None req-0aab6994-5b9f-4015-a804-2350e52dc0c9 e2f079e08dcf49babf28ebd83da3088a f0ffef4320064a159a0e121f6fcc878c - - default default] DELETE failed (client error): The resource could not be found.
2026-03-06 01:41:22.034 10 INFO neutron.api.wsgi [None req-0aab6994-5b9f-4015-a804-2350e52dc0c9 e2f079e08dcf49babf28ebd83da3088a f0ffef4320064a159a0e121f6fcc878c - - default default] 10.0.0.122 "DELETE /v2.0/subnets/eb648f0f-3f7e-421f-ab0c-1b6c145fcd32 HTTP/1.1" status: 404 len: 337 time: 0.0145888
2026-03-06 01:41:22.046 10 INFO neutron.pecan_wsgi.hooks.translation [None req-17380001-5150-46ab-b615-b6c96de11d10 e2f079e08dcf49babf28ebd83da3088a f0ffef4320064a159a0e121f6fcc878c - - default default] DELETE failed (client error): The resource could not be found.
2026-03-06 01:41:22.048 10 INFO neutron.api.wsgi [None req-17380001-5150-46ab-b615-b6c96de11d10 e2f079e08dcf49babf28ebd83da3088a f0ffef4320064a159a0e121f6fcc878c - - default default] 10.0.0.122 "DELETE /v2.0/subnets/2417e58c-4e3b-4e30-bdb5-85642bd7bbbd HTTP/1.1" status: 404 len: 337 time: 0.0098524
2026-03-06 01:41:22.062 10 INFO neutron.pecan_wsgi.hooks.translation [None req-b8f3b22e-b3bf-4b50-8dd0-7d5e084bd56b e2f079e08dcf49babf28ebd83da3088a f0ffef4320064a159a0e121f6fcc878c - - default default] DELETE failed (client error): The resource could not be found.
2026-03-06 01:41:22.064 10 INFO neutron.api.wsgi [None req-b8f3b22e-b3bf-4b50-8dd0-7d5e084bd56b e2f079e08dcf49babf28ebd83da3088a f0ffef4320064a159a0e121f6fcc878c - - default default] 10.0.0.122 "DELETE /v2.0/subnets/d48ba892-503a-4df8-8115-20ab618c71b7 HTTP/1.1" status: 404 len: 337 time: 0.0100174
2026-03-06 01:41:22.386 9 INFO neutron.api.wsgi [None req-3823a1c8-a9bc-4f39-9808-fe072dacece8 1e7dc8fe47e6429cb2bb978ca1cc15c6 648b6b88fee64ac1b19ebad9b51eece1 - - default default] 10.0.0.122 "DELETE /v2.0/routers/115c705e-7fbd-4a4b-aa6f-476bb1aadcad HTTP/1.1" status: 204 len: 168 time: 0.6904354
2026-03-06 01:41:22.530 9 INFO neutron.api.wsgi [None req-a797f900-5f44-403a-a154-116d269e670a 1e7dc8fe47e6429cb2bb978ca1cc15c6 648b6b88fee64ac1b19ebad9b51eece1 - - default default] 10.0.0.122 "DELETE /v2.0/subnets/15c171c4-1c22-46fc-8dc0-fc60ddb261a2 HTTP/1.1" status: 204 len: 168 time: 0.1388774
2026-03-06 01:41:22.836 9 INFO neutron.api.wsgi [None req-cbc6d687-b529-4025-bbcb-c426cef7c827 1e7dc8fe47e6429cb2bb978ca1cc15c6 648b6b88fee64ac1b19ebad9b51eece1 - - default default] 10.0.0.122 "DELETE /v2.0/networks/bfb3b106-eeca-4198-bcc7-13027fd48b05 HTTP/1.1" status: 204 len: 168 time: 0.3007112
2026-03-06 01:41:22.950 9 INFO neutron.api.wsgi [None req-2e9d3d82-f682-4a54-bc91-cd2cbf68c99c 1e7dc8fe47e6429cb2bb978ca1cc15c6 648b6b88fee64ac1b19ebad9b51eece1 - - default default] 10.0.0.122 "GET /v2.0/security-groups?tenant_id=1cb29106550741ffaccb533906f17ad6&name=default HTTP/1.1" status: 200 len: 3120 time: 0.0317283
2026-03-06 01:41:23.071 10 INFO neutron.api.wsgi [None req-cbfbeb4a-4255-446c-8c3e-4f4b9586d043 1e7dc8fe47e6429cb2bb978ca1cc15c6 648b6b88fee64ac1b19ebad9b51eece1 - - default default] 10.0.0.122 "GET /v2.0/security-groups?tenant_id=f0ffef4320064a159a0e121f6fcc878c&name=default HTTP/1.1" status: 200 len: 3120 time: 0.2414203
2026-03-06 01:41:23.133 9 INFO neutron.api.wsgi [None req-cae44395-2b3e-4b25-8950-76c605eb10c8 1e7dc8fe47e6429cb2bb978ca1cc15c6 648b6b88fee64ac1b19ebad9b51eece1 - - default default] 10.0.0.122 "DELETE /v2.0/security-groups/aaff20b9-ac9c-405f-9440-766c9dbb0a73 HTTP/1.1" status: 204 len: 168 time: 0.1765709
2026-03-06 01:41:23.295 10 INFO neutron.api.wsgi [None req-0d349db3-e62c-4894-affa-1ee3c3183e0d 1e7dc8fe47e6429cb2bb978ca1cc15c6 648b6b88fee64ac1b19ebad9b51eece1 - - default default] 10.0.0.122 "DELETE /v2.0/security-groups/c227157f-e411-4696-ac7a-8383a7956f0b HTTP/1.1" status: 204 len: 168 time: 0.2143137
2026-03-06 01:41:23.504 10 INFO neutron.db.ovn_revision_numbers_db [None req-96f2e1ab-aea1-48f2-a020-3f41bb649f56 1e7dc8fe47e6429cb2bb978ca1cc15c6 648b6b88fee64ac1b19ebad9b51eece1 - - default default] Successfully bumped revision number for resource f45ffc77-fb55-43b1-be54-bfd6d3095bef (type: security_groups) to 1
2026-03-06 01:41:23.516 10 INFO neutron.db.ovn_revision_numbers_db [None req-96f2e1ab-aea1-48f2-a020-3f41bb649f56 1e7dc8fe47e6429cb2bb978ca1cc15c6 648b6b88fee64ac1b19ebad9b51eece1 - - default default] Successfully bumped revision number for resource 4bfd5a2b-6755-43e4-903a-15eec8dd1e40 (type: security_group_rules) to 0
2026-03-06 01:41:23.528 10 INFO neutron.db.ovn_revision_numbers_db [None req-96f2e1ab-aea1-48f2-a020-3f41bb649f56 1e7dc8fe47e6429cb2bb978ca1cc15c6 648b6b88fee64ac1b19ebad9b51eece1 - - default default] Successfully bumped revision number for resource 8770af3c-12c8-4f73-9f93-78c0f3101378 (type: security_group_rules) to 0
2026-03-06 01:41:23.540 10 INFO neutron.db.ovn_revision_numbers_db [None req-96f2e1ab-aea1-48f2-a020-3f41bb649f56 1e7dc8fe47e6429cb2bb978ca1cc15c6 648b6b88fee64ac1b19ebad9b51eece1 - - default default] Successfully bumped revision number for resource a11a0495-3817-44c3-b05b-23af7eb80018 (type: security_group_rules) to 0
2026-03-06 01:41:23.551 10 INFO neutron.db.ovn_revision_numbers_db [None req-96f2e1ab-aea1-48f2-a020-3f41bb649f56 1e7dc8fe47e6429cb2bb978ca1cc15c6 648b6b88fee64ac1b19ebad9b51eece1 - - default default] Successfully bumped revision number for resource b4d64a2f-0538-4f0a-8e51-f37582aae42f (type: security_group_rules) to 0
2026-03-06 01:41:23.585 10 INFO neutron.api.wsgi [None req-96f2e1ab-aea1-48f2-a020-3f41bb649f56 1e7dc8fe47e6429cb2bb978ca1cc15c6 648b6b88fee64ac1b19ebad9b51eece1 - - default default] 10.0.0.122 "GET /v2.0/security-groups?tenant_id=a3cefafe339e4a4c9a8312f17a4653de&name=default HTTP/1.1" status: 200 len: 3120 time: 0.1804166
2026-03-06 01:41:23.773 10 INFO neutron.api.wsgi [None req-e09727b9-5a9d-49d1-b97d-900a77d95754 1e7dc8fe47e6429cb2bb978ca1cc15c6 648b6b88fee64ac1b19ebad9b51eece1 - - default default] 10.0.0.122 "DELETE /v2.0/security-groups/f45ffc77-fb55-43b1-be54-bfd6d3095bef HTTP/1.1" status: 204 len: 168 time: 0.1821921
2026-03-06 01:41:24.004 10 INFO neutron.db.ovn_revision_numbers_db [None req-e844ce4a-2317-404d-84dc-accbec0fb07b 1e7dc8fe47e6429cb2bb978ca1cc15c6 648b6b88fee64ac1b19ebad9b51eece1 - - default default] Successfully bumped revision number for resource 7411aa0a-092d-40a4-8fe0-c07fede01745 (type: security_groups) to 1
2026-03-06 01:41:24.020 9 INFO neutron.services.segments.plugin [-] Segment 9a7fc22c-5142-4a6a-89b0-77e3a26ac277 resource provider aggregate not found
2026-03-06 01:41:24.021 10 INFO neutron.db.ovn_revision_numbers_db [None req-e844ce4a-2317-404d-84dc-accbec0fb07b 1e7dc8fe47e6429cb2bb978ca1cc15c6 648b6b88fee64ac1b19ebad9b51eece1 - - default default] Successfully bumped revision number for resource 008e9976-a7da-4323-ad52-59675d56a90f (type: security_group_rules) to 0
2026-03-06 01:41:24.029 9 INFO neutron.services.segments.plugin [-] Segment 9a7fc22c-5142-4a6a-89b0-77e3a26ac277 resource provider not found; error: Placement Client Error (4xx): {"errors": [{"status": 404, "title": "Not Found", "detail": "The resource could not be found.\n\n No resource provider with uuid 9a7fc22c-5142-4a6a-89b0-77e3a26ac277 found for delete ", "request_id": "req-089043b1-cc20-48b1-9a27-4591d50d0e1e"}]}
2026-03-06 01:41:24.034 10 INFO neutron.db.ovn_revision_numbers_db [None req-e844ce4a-2317-404d-84dc-accbec0fb07b 1e7dc8fe47e6429cb2bb978ca1cc15c6 648b6b88fee64ac1b19ebad9b51eece1 - - default default] Successfully bumped revision number for resource 6b7f5f6e-8d8b-47fb-8b22-efb19bcc8585 (type: security_group_rules) to 0
2026-03-06 01:41:24.042 9 INFO neutron.services.segments.plugin [-] Segment 9a7fc22c-5142-4a6a-89b0-77e3a26ac277 resource provider aggregate not found
2026-03-06 01:41:24.045 10 INFO neutron.db.ovn_revision_numbers_db [None req-e844ce4a-2317-404d-84dc-accbec0fb07b 1e7dc8fe47e6429cb2bb978ca1cc15c6 648b6b88fee64ac1b19ebad9b51eece1 - - default default] Successfully bumped revision number for resource d0ca232c-b0e8-4ded-bb49-e56ad07923b6 (type: security_group_rules) to 0
2026-03-06 01:41:24.056 9 INFO neutron.services.segments.plugin [-] Segment 9a7fc22c-5142-4a6a-89b0-77e3a26ac277 resource provider not found; error: Placement Client Error (4xx): {"errors": [{"status": 404, "title": "Not Found", "detail": "The resource could not be found.\n\n No resource provider with uuid 9a7fc22c-5142-4a6a-89b0-77e3a26ac277 found for delete ", "request_id": "req-9fce6ae7-0362-48a4-9a87-9b4cde061762"}]}
2026-03-06 01:41:24.057 10 INFO neutron.db.ovn_revision_numbers_db [None req-e844ce4a-2317-404d-84dc-accbec0fb07b 1e7dc8fe47e6429cb2bb978ca1cc15c6 648b6b88fee64ac1b19ebad9b51eece1 - - default default] Successfully bumped revision number for resource e7e2b757-819e-4c0c-b39a-7e46a5a150da (type: security_group_rules) to 0
2026-03-06 01:41:24.093 10 INFO neutron.api.wsgi [None req-e844ce4a-2317-404d-84dc-accbec0fb07b 1e7dc8fe47e6429cb2bb978ca1cc15c6 648b6b88fee64ac1b19ebad9b51eece1 - - default default] 10.0.0.122 "GET /v2.0/security-groups?tenant_id=4a871c20a122447ba5887fb42890e4a4&name=default HTTP/1.1" status: 200 len: 3120 time: 0.1931918
2026-03-06 01:41:24.306 10 INFO neutron.api.wsgi [None req-a5a873e9-60ab-4fb5-b659-5b3f9c665e6f 1e7dc8fe47e6429cb2bb978ca1cc15c6 648b6b88fee64ac1b19ebad9b51eece1 - - default default] 10.0.0.122 "DELETE /v2.0/security-groups/7411aa0a-092d-40a4-8fe0-c07fede01745 HTTP/1.1" status: 204 len: 168 time: 0.2069530
2026-03-06 01:41:24.819 10 INFO neutron.api.wsgi [None req-f21a6395-dcd1-4063-afaf-a7798682b6e2 66cd8d8335634ad8a483ba10769094da a46ca368568841bba3200c58469ac573 - - default default] 10.0.0.122 "POST /v2.0/qos/policies HTTP/1.1" status: 201 len: 558 time: 0.1323664
2026-03-06 01:41:24.869 10 INFO neutron.api.wsgi [None req-ac366087-f01b-4a47-a5aa-a7176dd8b781 66cd8d8335634ad8a483ba10769094da a46ca368568841bba3200c58469ac573 - - default default] 10.0.0.122 "PUT /v2.0/policies/a9d1f201-21b5-4545-94ce-a30b5acbd66f/tags HTTP/1.1" status: 200 len: 218 time: 0.0302970
2026-03-06 01:41:24.907 9 INFO neutron.api.wsgi [None req-c742c6b3-8580-4fa5-858b-4a720760c2d2 66cd8d8335634ad8a483ba10769094da a46ca368568841bba3200c58469ac573 - - default default] 10.0.0.122 "GET /v2.0/policies/a9d1f201-21b5-4545-94ce-a30b5acbd66f/tags HTTP/1.1" status: 200 len: 218 time: 0.0161343
2026-03-06 01:41:24.940 10 INFO neutron.db.ovn_revision_numbers_db [None req-9d034b07-a6b2-4be4-b8ed-9d3774e160ab 1e7dc8fe47e6429cb2bb978ca1cc15c6 648b6b88fee64ac1b19ebad9b51eece1 - - default default] Successfully bumped revision number for resource d38d3cab-caba-4f9a-8d40-c8b4ff4f7291 (type: security_groups) to 1
2026-03-06 01:41:24.944 10 INFO neutron.api.wsgi [None req-45073ad2-d78f-47b3-a07d-f4ef6db4288a 66cd8d8335634ad8a483ba10769094da a46ca368568841bba3200c58469ac573 - - default default] 10.0.0.122 "PUT /v2.0/policies/a9d1f201-21b5-4545-94ce-a30b5acbd66f/tags/green HTTP/1.1" status: 201 len: 201 time: 0.0294204
2026-03-06 01:41:24.952 10 INFO neutron.db.ovn_revision_numbers_db [None req-9d034b07-a6b2-4be4-b8ed-9d3774e160ab 1e7dc8fe47e6429cb2bb978ca1cc15c6 648b6b88fee64ac1b19ebad9b51eece1 - - default default] Successfully bumped revision number for resource 7b55c081-d3b5-47c8-862d-932e8edd47d3 (type: security_group_rules) to 0
2026-03-06 01:41:24.963 10 INFO neutron.db.ovn_revision_numbers_db [None req-9d034b07-a6b2-4be4-b8ed-9d3774e160ab 1e7dc8fe47e6429cb2bb978ca1cc15c6 648b6b88fee64ac1b19ebad9b51eece1 - - default default] Successfully bumped revision number for resource 8c0b69ca-b111-431e-86f6-0ca0b4694dc2 (type: security_group_rules) to 0
2026-03-06 01:41:24.967 9 INFO neutron.api.wsgi [None req-84878dbb-6e6d-45d5-8b25-d6faee528142 66cd8d8335634ad8a483ba10769094da a46ca368568841bba3200c58469ac573 - - default default] 10.0.0.122 "GET /v2.0/policies/a9d1f201-21b5-4545-94ce-a30b5acbd66f/tags HTTP/1.1" status: 200 len: 227 time: 0.0178378
2026-03-06 01:41:24.980 10 INFO neutron.db.ovn_revision_numbers_db [None req-9d034b07-a6b2-4be4-b8ed-9d3774e160ab 1e7dc8fe47e6429cb2bb978ca1cc15c6 648b6b88fee64ac1b19ebad9b51eece1 - - default default] Successfully bumped revision number for resource 8e19a3c0-49c4-419c-a0e1-fd77af657a5b (type: security_group_rules) to 0
2026-03-06 01:41:24.987 10 INFO neutron.api.wsgi [None req-732872bc-3fb0-4142-8286-f036c0d39bcc 66cd8d8335634ad8a483ba10769094da a46ca368568841bba3200c58469ac573 - - default default] 10.0.0.122 "PUT /v2.0/policies/a9d1f201-21b5-4545-94ce-a30b5acbd66f/tags/red HTTP/1.1" status: 201 len: 201 time: 0.0163026
2026-03-06 01:41:24.996 10 INFO neutron.db.ovn_revision_numbers_db [None req-9d034b07-a6b2-4be4-b8ed-9d3774e160ab 1e7dc8fe47e6429cb2bb978ca1cc15c6 648b6b88fee64ac1b19ebad9b51eece1 - - default default] Successfully bumped revision number for resource ddb9890e-eb82-4e02-aeb9-289773a5896b (type: security_group_rules) to 0
2026-03-06 01:41:25.009 10 INFO neutron.api.wsgi [None req-d39fef28-271f-45ce-9462-998ce7f2ea15 66cd8d8335634ad8a483ba10769094da a46ca368568841bba3200c58469ac573 - - default default] 10.0.0.122 "GET /v2.0/policies/a9d1f201-21b5-4545-94ce-a30b5acbd66f/tags HTTP/1.1" status: 200 len: 227 time: 0.0175223
2026-03-06 01:41:25.029 10 INFO neutron.api.wsgi [None req-9d034b07-a6b2-4be4-b8ed-9d3774e160ab 1e7dc8fe47e6429cb2bb978ca1cc15c6 648b6b88fee64ac1b19ebad9b51eece1 - - default default] 10.0.0.122 "GET /v2.0/security-groups?tenant_id=6161f0ef9e5d43d9a667702d06ea2dc5&name=default HTTP/1.1" status: 200 len: 3120 time: 0.3224249
2026-03-06 01:41:25.044 9 INFO neutron.api.wsgi [None req-642263c7-c52b-45d8-a2ca-bae27964a345 66cd8d8335634ad8a483ba10769094da a46ca368568841bba3200c58469ac573 - - default default] 10.0.0.122 "PUT /v2.0/policies/a9d1f201-21b5-4545-94ce-a30b5acbd66f/tags/black.or.white HTTP/1.1" status: 201 len: 201 time: 0.0302291
2026-03-06 01:41:25.063 9 INFO neutron.api.wsgi [None req-2c6a2420-8ce5-4021-8ea4-d66539a2d8be 66cd8d8335634ad8a483ba10769094da a46ca368568841bba3200c58469ac573 - - default default] 10.0.0.122 "GET /v2.0/policies/a9d1f201-21b5-4545-94ce-a30b5acbd66f/tags HTTP/1.1" status: 200 len: 245 time: 0.0135040
2026-03-06 01:41:25.097 9 INFO neutron.api.wsgi [None req-6efe92c9-f7b3-4647-a7bd-a05537274770 66cd8d8335634ad8a483ba10769094da a46ca368568841bba3200c58469ac573 - - default default] 10.0.0.122 "PUT /v2.0/policies/a9d1f201-21b5-4545-94ce-a30b5acbd66f/tags HTTP/1.1" status: 200 len: 230 time: 0.0288920
2026-03-06 01:41:25.117 9 INFO neutron.api.wsgi [None req-fb0e04d9-feec-4d01-8d28-facbbc0cb05d 66cd8d8335634ad8a483ba10769094da a46ca368568841bba3200c58469ac573 - - default default] 10.0.0.122 "GET /v2.0/policies/a9d1f201-21b5-4545-94ce-a30b5acbd66f/tags HTTP/1.1" status: 200 len: 230 time: 0.0152543
2026-03-06 01:41:25.138 9 INFO neutron.api.wsgi [None req-8e5d4b3d-425e-44af-b3cc-58572f69abc7 66cd8d8335634ad8a483ba10769094da a46ca368568841bba3200c58469ac573 - - default default] 10.0.0.122 "GET /v2.0/policies/a9d1f201-21b5-4545-94ce-a30b5acbd66f/tags/red HTTP/1.1" status: 204 len: 168 time: 0.0150714
2026-03-06 01:41:25.162 9 INFO neutron.api.v2.resource [None req-25ac7790-fa1f-48c8-993c-b903639bf31c 66cd8d8335634ad8a483ba10769094da a46ca368568841bba3200c58469ac573 - - default default] show failed (client error): The resource could not be found.
2026-03-06 01:41:25.163 9 INFO neutron.api.wsgi [None req-25ac7790-fa1f-48c8-993c-b903639bf31c 66cd8d8335634ad8a483ba10769094da a46ca368568841bba3200c58469ac573 - - default default] 10.0.0.122 "GET /v2.0/policies/a9d1f201-21b5-4545-94ce-a30b5acbd66f/tags/green HTTP/1.1" status: 404 len: 299 time: 0.0191932
2026-03-06 01:41:25.191 9 INFO neutron.api.wsgi [None req-214ea9b7-e95c-4f91-807e-138cca56b057 66cd8d8335634ad8a483ba10769094da a46ca368568841bba3200c58469ac573 - - default default] 10.0.0.122 "DELETE /v2.0/policies/a9d1f201-21b5-4545-94ce-a30b5acbd66f/tags/red HTTP/1.1" status: 204 len: 168 time: 0.0240998
2026-03-06 01:41:25.219 10 INFO neutron.api.wsgi [None req-f830edf4-00de-404b-99c0-aac99ce4267a 66cd8d8335634ad8a483ba10769094da a46ca368568841bba3200c58469ac573 - - default default] 10.0.0.122 "GET /v2.0/policies/a9d1f201-21b5-4545-94ce-a30b5acbd66f/tags HTTP/1.1" status: 200 len: 223 time: 0.0222280
2026-03-06 01:41:25.235 10 INFO neutron.api.wsgi [None req-8a355b67-8638-4657-8597-794c2ee6bee8 1e7dc8fe47e6429cb2bb978ca1cc15c6 648b6b88fee64ac1b19ebad9b51eece1 - - default default] 10.0.0.122 "DELETE /v2.0/security-groups/d38d3cab-caba-4f9a-8d40-c8b4ff4f7291 HTTP/1.1" status: 204 len: 168 time: 0.2027230
2026-03-06 01:41:25.249 10 INFO neutron.api.v2.resource [None req-c18b0ecf-731d-4f53-85af-5d63505644ca 66cd8d8335634ad8a483ba10769094da a46ca368568841bba3200c58469ac573 - - default default] delete failed (client error): The resource could not be found.
2026-03-06 01:41:25.250 10 INFO neutron.api.wsgi [None req-c18b0ecf-731d-4f53-85af-5d63505644ca 66cd8d8335634ad8a483ba10769094da a46ca368568841bba3200c58469ac573 - - default default] 10.0.0.122 "DELETE /v2.0/policies/a9d1f201-21b5-4545-94ce-a30b5acbd66f/tags/green HTTP/1.1" status: 404 len: 299 time: 0.0178270
2026-03-06 01:41:25.279 10 INFO neutron.api.wsgi [None req-cb11da9b-ba0b-4813-9e8f-4a2ed21d3ff4 66cd8d8335634ad8a483ba10769094da a46ca368568841bba3200c58469ac573 - - default default] 10.0.0.122 "DELETE /v2.0/policies/a9d1f201-21b5-4545-94ce-a30b5acbd66f/tags HTTP/1.1" status: 204 len: 168 time: 0.0248189
2026-03-06 01:41:25.295 10 INFO neutron.api.wsgi [None req-d005d743-a940-4e59-9c22-453f86f605b8 66cd8d8335634ad8a483ba10769094da a46ca368568841bba3200c58469ac573 - - default default] 10.0.0.122 "GET /v2.0/policies/a9d1f201-21b5-4545-94ce-a30b5acbd66f/tags HTTP/1.1" status: 200 len: 205 time: 0.0119822
2026-03-06 01:41:25.358 10 INFO neutron.api.wsgi [None req-2374c36a-5910-4b88-8318-32327f6f6439 66cd8d8335634ad8a483ba10769094da a46ca368568841bba3200c58469ac573 - - default default] 10.0.0.122 "DELETE /v2.0/qos/policies/a9d1f201-21b5-4545-94ce-a30b5acbd66f HTTP/1.1" status: 204 len: 168 time: 0.0583763
2026-03-06 01:41:25.457 10 INFO neutron.db.ovn_revision_numbers_db [None req-22809053-89e0-4e8f-b9a7-93ccceaa5786 1e7dc8fe47e6429cb2bb978ca1cc15c6 648b6b88fee64ac1b19ebad9b51eece1 - - default default] Successfully bumped revision number for resource 28d0a2ca-f022-40e7-b864-c5ffeb72d3c0 (type: security_groups) to 1
2026-03-06 01:41:25.469 10 INFO neutron.db.ovn_revision_numbers_db [None req-22809053-89e0-4e8f-b9a7-93ccceaa5786 1e7dc8fe47e6429cb2bb978ca1cc15c6 648b6b88fee64ac1b19ebad9b51eece1 - - default default] Successfully bumped revision number for resource 4373b973-c343-4765-bb5d-896840b38d71 (type: security_group_rules) to 0
2026-03-06 01:41:25.480 10 INFO neutron.db.ovn_revision_numbers_db [None req-22809053-89e0-4e8f-b9a7-93ccceaa5786 1e7dc8fe47e6429cb2bb978ca1cc15c6 648b6b88fee64ac1b19ebad9b51eece1 - - default default] Successfully bumped revision number for resource 45f0930b-fb5b-42fd-99f5-3e59a9961382 (type: security_group_rules) to 0
2026-03-06 01:41:25.491 10 INFO neutron.db.ovn_revision_numbers_db [None req-22809053-89e0-4e8f-b9a7-93ccceaa5786 1e7dc8fe47e6429cb2bb978ca1cc15c6 648b6b88fee64ac1b19ebad9b51eece1 - - default default] Successfully bumped revision number for resource 8c1ad520-b313-4ff8-a762-113581857a63 (type: security_group_rules) to 0
2026-03-06 01:41:25.504 10 INFO neutron.db.ovn_revision_numbers_db [None req-22809053-89e0-4e8f-b9a7-93ccceaa5786 1e7dc8fe47e6429cb2bb978ca1cc15c6 648b6b88fee64ac1b19ebad9b51eece1 - - default default] Successfully bumped revision number for resource beb2ae47-1203-4d56-a37d-fec1b45cb079 (type: security_group_rules) to 0
2026-03-06 01:41:25.544 10 INFO neutron.api.wsgi [None req-22809053-89e0-4e8f-b9a7-93ccceaa5786 1e7dc8fe47e6429cb2bb978ca1cc15c6 648b6b88fee64ac1b19ebad9b51eece1 - - default default] 10.0.0.122 "GET /v2.0/security-groups?tenant_id=4bcf4d6b8f0440efa0b99049f5652ea6&name=default HTTP/1.1" status: 200 len: 3120 time: 0.1938524
2026-03-06 01:41:26.014 10 INFO neutron.api.wsgi [None req-376ad810-c936-4c1d-b042-c930fc46ea8b 1e7dc8fe47e6429cb2bb978ca1cc15c6 648b6b88fee64ac1b19ebad9b51eece1 - - default default] 10.0.0.122 "DELETE /v2.0/security-groups/28d0a2ca-f022-40e7-b864-c5ffeb72d3c0 HTTP/1.1" status: 204 len: 168 time: 0.4652295
2026-03-06 01:41:26.337 10 INFO neutron.db.ovn_revision_numbers_db [None req-3bb05002-3af5-4f5d-9b08-a353b875dbae 1e7dc8fe47e6429cb2bb978ca1cc15c6 648b6b88fee64ac1b19ebad9b51eece1 - - default default] Successfully bumped revision number for resource 8c84cd02-0752-47c1-a0d5-fef79ca029a2 (type: security_groups) to 1
2026-03-06 01:41:26.352 10 INFO neutron.db.ovn_revision_numbers_db [None req-3bb05002-3af5-4f5d-9b08-a353b875dbae 1e7dc8fe47e6429cb2bb978ca1cc15c6 648b6b88fee64ac1b19ebad9b51eece1 - - default default] Successfully bumped revision number for resource 2f9ffc30-1ed0-4405-98fa-f6e5c539c6bb (type: security_group_rules) to 0
2026-03-06 01:41:26.364 10 INFO neutron.db.ovn_revision_numbers_db [None req-3bb05002-3af5-4f5d-9b08-a353b875dbae 1e7dc8fe47e6429cb2bb978ca1cc15c6 648b6b88fee64ac1b19ebad9b51eece1 - - default default] Successfully bumped revision number for resource 5969ef67-4da2-48f0-952f-68d0eaa7e834 (type: security_group_rules) to 0
2026-03-06 01:41:26.375 10 INFO neutron.db.ovn_revision_numbers_db [None req-3bb05002-3af5-4f5d-9b08-a353b875dbae 1e7dc8fe47e6429cb2bb978ca1cc15c6 648b6b88fee64ac1b19ebad9b51eece1 - - default default] Successfully bumped revision number for resource 5f0d1ace-04aa-43ba-a5f4-8bf50476a648 (type: security_group_rules) to 0
2026-03-06 01:41:26.387 10 INFO neutron.db.ovn_revision_numbers_db [None req-3bb05002-3af5-4f5d-9b08-a353b875dbae 1e7dc8fe47e6429cb2bb978ca1cc15c6 648b6b88fee64ac1b19ebad9b51eece1 - - default default] Successfully bumped revision number for resource 99a0c216-30ca-42d2-9bce-7b8cee3c5c67 (type: security_group_rules) to 0
2026-03-06 01:41:26.421 10 INFO neutron.api.wsgi [None req-3bb05002-3af5-4f5d-9b08-a353b875dbae 1e7dc8fe47e6429cb2bb978ca1cc15c6 648b6b88fee64ac1b19ebad9b51eece1 - - default default] 10.0.0.122 "GET /v2.0/security-groups?tenant_id=4d32005b1928446f9742f3d7f50956bd&name=default HTTP/1.1" status: 200 len: 3120 time: 0.3731225
2026-03-06 01:41:26.529 9 INFO neutron.api.wsgi [-] 10.0.0.194 "GET / HTTP/1.1" status: 200 len: 246 time: 0.0030165
2026-03-06 01:41:26.532 9 INFO neutron.api.wsgi [-] 10.0.0.194 "GET / HTTP/1.1" status: 200 len: 246 time: 0.0024819
2026-03-06 01:41:26.602 10 INFO neutron.api.wsgi [None req-f5064db7-0b66-464f-9820-8ff1b909e9c1 1e7dc8fe47e6429cb2bb978ca1cc15c6 648b6b88fee64ac1b19ebad9b51eece1 - - default default] 10.0.0.122 "DELETE /v2.0/security-groups/8c84cd02-0752-47c1-a0d5-fef79ca029a2 HTTP/1.1" status: 204 len: 168 time: 0.1752043
2026-03-06 01:41:26.838 10 INFO neutron.db.ovn_revision_numbers_db [None req-7b5f7866-9a32-42c3-aa0d-141b4d06de2e 1e7dc8fe47e6429cb2bb978ca1cc15c6 648b6b88fee64ac1b19ebad9b51eece1 - - default default] Successfully bumped revision number for resource c826d7b6-a4fa-45ce-bfa5-718c7570347f (type: security_groups) to 1
2026-03-06 01:41:26.851 10 INFO neutron.db.ovn_revision_numbers_db [None req-7b5f7866-9a32-42c3-aa0d-141b4d06de2e 1e7dc8fe47e6429cb2bb978ca1cc15c6 648b6b88fee64ac1b19ebad9b51eece1 - - default default] Successfully bumped revision number for resource 02ec8190-ab92-488e-8d4e-68ed15895018 (type: security_group_rules) to 0
2026-03-06 01:41:26.862 10 INFO neutron.db.ovn_revision_numbers_db [None req-7b5f7866-9a32-42c3-aa0d-141b4d06de2e 1e7dc8fe47e6429cb2bb978ca1cc15c6 648b6b88fee64ac1b19ebad9b51eece1 - - default default] Successfully bumped revision number for resource 32a1ddaf-5adc-443d-b155-acc2c40413cd (type: security_group_rules) to 0
2026-03-06 01:41:26.874 10 INFO neutron.db.ovn_revision_numbers_db [None req-7b5f7866-9a32-42c3-aa0d-141b4d06de2e 1e7dc8fe47e6429cb2bb978ca1cc15c6 648b6b88fee64ac1b19ebad9b51eece1 - - default default] Successfully bumped revision number for resource b2dcc8c5-40a2-4b11-b021-ad88c11d6ca8 (type: security_group_rules) to 0
2026-03-06 01:41:26.886 10 INFO neutron.db.ovn_revision_numbers_db [None req-7b5f7866-9a32-42c3-aa0d-141b4d06de2e 1e7dc8fe47e6429cb2bb978ca1cc15c6 648b6b88fee64ac1b19ebad9b51eece1 - - default default] Successfully bumped revision number for resource cf24e806-f237-4a95-9062-74d25a3ea9e1 (type: security_group_rules) to 0
2026-03-06 01:41:26.918 10 INFO neutron.api.wsgi [None req-7b5f7866-9a32-42c3-aa0d-141b4d06de2e 1e7dc8fe47e6429cb2bb978ca1cc15c6 648b6b88fee64ac1b19ebad9b51eece1 - - default default] 10.0.0.122 "GET /v2.0/security-groups?tenant_id=a46ca368568841bba3200c58469ac573&name=default HTTP/1.1" status: 200 len: 3120 time: 0.2075491
2026-03-06 01:41:27.095 10 INFO neutron.api.wsgi [None req-5f76797f-11d6-475b-8feb-7c5918b3c333 1e7dc8fe47e6429cb2bb978ca1cc15c6 648b6b88fee64ac1b19ebad9b51eece1 - - default default] 10.0.0.122 "DELETE /v2.0/security-groups/c826d7b6-a4fa-45ce-bfa5-718c7570347f HTTP/1.1" status: 204 len: 168 time: 0.1706026
2026-03-06 01:41:27.861 10 INFO neutron.db.ovn_revision_numbers_db [None req-92d51432-e7cc-4df6-bee8-8f3e2acaf936 1e7dc8fe47e6429cb2bb978ca1cc15c6 648b6b88fee64ac1b19ebad9b51eece1 - - default default] Successfully bumped revision number for resource 8a7f8f81-7751-4dbf-9988-a55f22ae62c4 (type: security_groups) to 1
2026-03-06 01:41:27.873 10 INFO neutron.db.ovn_revision_numbers_db [None req-92d51432-e7cc-4df6-bee8-8f3e2acaf936 1e7dc8fe47e6429cb2bb978ca1cc15c6 648b6b88fee64ac1b19ebad9b51eece1 - - default default] Successfully bumped revision number for resource 14f95821-166d-4347-9e87-21a60973a54c (type: security_group_rules) to 0
2026-03-06 01:41:27.884 10 INFO neutron.db.ovn_revision_numbers_db [None req-92d51432-e7cc-4df6-bee8-8f3e2acaf936 1e7dc8fe47e6429cb2bb978ca1cc15c6 648b6b88fee64ac1b19ebad9b51eece1 - - default default] Successfully bumped revision number for resource 2aa4542c-4ffc-43ab-b679-00b57b5f51f3 (type: security_group_rules) to 0
2026-03-06 01:41:27.896 10 INFO neutron.db.ovn_revision_numbers_db [None req-92d51432-e7cc-4df6-bee8-8f3e2acaf936 1e7dc8fe47e6429cb2bb978ca1cc15c6 648b6b88fee64ac1b19ebad9b51eece1 - - default default] Successfully bumped revision number for resource 47f0b463-247a-452b-895c-d8e2fb8a189d (type: security_group_rules) to 0
2026-03-06 01:41:27.907 10 INFO neutron.db.ovn_revision_numbers_db [None req-92d51432-e7cc-4df6-bee8-8f3e2acaf936 1e7dc8fe47e6429cb2bb978ca1cc15c6 648b6b88fee64ac1b19ebad9b51eece1 - - default default] Successfully bumped revision number for resource 82889f1a-f060-4eb1-9775-f62ad53ea8ea (type: security_group_rules) to 0
2026-03-06 01:41:27.942 10 INFO neutron.api.wsgi [None req-92d51432-e7cc-4df6-bee8-8f3e2acaf936 1e7dc8fe47e6429cb2bb978ca1cc15c6 648b6b88fee64ac1b19ebad9b51eece1 - - default default] 10.0.0.122 "GET /v2.0/security-groups?tenant_id=2131d786040f4c4595570b376d86a224&name=default HTTP/1.1" status: 200 len: 3120 time: 0.3482318
2026-03-06 01:41:28.136 10 INFO neutron.api.wsgi [None req-e59ee991-1a4b-4859-8b13-5a9abaadd39f 1e7dc8fe47e6429cb2bb978ca1cc15c6 648b6b88fee64ac1b19ebad9b51eece1 - - default default] 10.0.0.122 "DELETE /v2.0/security-groups/8a7f8f81-7751-4dbf-9988-a55f22ae62c4 HTTP/1.1" status: 204 len: 168 time: 0.1863558
2026-03-06 01:41:28.177 9 WARNING neutron_lib.context [None req-7b3db873-8bf6-45b4-a1be-8a82c92541bd 5d4d04ab394348babdcdd0d0ba79d6aa a5bd65a144a64a498a56581e6372df93 - - default default] Method 'is_advsvc' is deprecated since 2023.2 release (neutron-lib 3.8.0) and will be removed once support for the old RBAC API policies will be removed from Neutron. Please use method 'is_service_role' instead.
2026-03-06 01:41:28.177 9 WARNING neutron_lib.context [None req-7b3db873-8bf6-45b4-a1be-8a82c92541bd 5d4d04ab394348babdcdd0d0ba79d6aa a5bd65a144a64a498a56581e6372df93 - - default default] Method 'is_advsvc' is deprecated since 2023.2 release (neutron-lib 3.8.0) and will be removed once support for the old RBAC API policies will be removed from Neutron. Please use method 'is_service_role' instead.
2026-03-06 01:41:28.306 9 INFO neutron.db.ovn_revision_numbers_db [None req-7b3db873-8bf6-45b4-a1be-8a82c92541bd 5d4d04ab394348babdcdd0d0ba79d6aa a5bd65a144a64a498a56581e6372df93 - - default default] Successfully bumped revision number for resource d68e4e69-71ef-405b-91e9-591d82aaea65 (type: security_groups) to 1
2026-03-06 01:41:28.316 10 INFO neutron.db.ovn_revision_numbers_db [None req-222e48cf-6669-4baa-ad5f-b752af21cb17 1e7dc8fe47e6429cb2bb978ca1cc15c6 648b6b88fee64ac1b19ebad9b51eece1 - - default default] Successfully bumped revision number for resource f11b4621-09b9-436e-aa03-932a1b1673b1 (type: security_groups) to 1
2026-03-06 01:41:28.318 9 INFO neutron.db.ovn_revision_numbers_db [None req-7b3db873-8bf6-45b4-a1be-8a82c92541bd 5d4d04ab394348babdcdd0d0ba79d6aa a5bd65a144a64a498a56581e6372df93 - - default default] Successfully bumped revision number for resource 2fae9ffc-f8b0-43ed-a1f4-bdf8a35643ca (type: security_group_rules) to 0
2026-03-06 01:41:28.332 10 INFO neutron.db.ovn_revision_numbers_db [None req-222e48cf-6669-4baa-ad5f-b752af21cb17 1e7dc8fe47e6429cb2bb978ca1cc15c6 648b6b88fee64ac1b19ebad9b51eece1 - - default default] Successfully bumped revision number for resource 6097feff-a649-48b8-bd79-e11d574b24d1 (type: security_group_rules) to 0
2026-03-06 01:41:28.333 9 INFO neutron.db.ovn_revision_numbers_db [None req-7b3db873-8bf6-45b4-a1be-8a82c92541bd 5d4d04ab394348babdcdd0d0ba79d6aa a5bd65a144a64a498a56581e6372df93 - - default default] Successfully bumped revision number for resource 3da75a08-a7cc-4737-8ee8-58e51f377da0 (type: security_group_rules) to 0
2026-03-06 01:41:28.344 10 INFO neutron.db.ovn_revision_numbers_db [None req-222e48cf-6669-4baa-ad5f-b752af21cb17 1e7dc8fe47e6429cb2bb978ca1cc15c6 648b6b88fee64ac1b19ebad9b51eece1 - - default default] Successfully bumped revision number for resource 77c8090c-5361-4fd0-b7ee-a98307fb3345 (type: security_group_rules) to 0
2026-03-06 01:41:28.348 9 INFO neutron.db.ovn_revision_numbers_db [None req-7b3db873-8bf6-45b4-a1be-8a82c92541bd 5d4d04ab394348babdcdd0d0ba79d6aa a5bd65a144a64a498a56581e6372df93 - - default default] Successfully bumped revision number for resource 9e68c2fe-e67d-457c-9899-8653a44b47c6 (type: security_group_rules) to 0
2026-03-06 01:41:28.364 9 INFO neutron.db.ovn_revision_numbers_db [None req-7b3db873-8bf6-45b4-a1be-8a82c92541bd 5d4d04ab394348babdcdd0d0ba79d6aa a5bd65a144a64a498a56581e6372df93 - - default default] Successfully bumped revision number for resource eda59ecb-21da-4844-87f9-fec6dc8e9932 (type: security_group_rules) to 0
2026-03-06 01:41:28.366 10 INFO neutron.db.ovn_revision_numbers_db [None req-222e48cf-6669-4baa-ad5f-b752af21cb17 1e7dc8fe47e6429cb2bb978ca1cc15c6 648b6b88fee64ac1b19ebad9b51eece1 - - default default] Successfully bumped revision number for resource 9797f413-c24e-4c4e-a34b-14e012c3dd70 (type: security_group_rules) to 0
2026-03-06 01:41:28.383 10 INFO neutron.db.ovn_revision_numbers_db [None req-222e48cf-6669-4baa-ad5f-b752af21cb17 1e7dc8fe47e6429cb2bb978ca1cc15c6 648b6b88fee64ac1b19ebad9b51eece1 - - default default] Successfully bumped revision number for resource c233dc67-a6d5-4982-ab4d-1a5b280d9328 (type: security_group_rules) to 0
2026-03-06 01:41:28.419 10 INFO neutron.api.wsgi [None req-222e48cf-6669-4baa-ad5f-b752af21cb17 1e7dc8fe47e6429cb2bb978ca1cc15c6 648b6b88fee64ac1b19ebad9b51eece1 - - default default] 10.0.0.122 "GET /v2.0/security-groups?tenant_id=b810ca6dac78411884a59e29f20d952b&name=default HTTP/1.1" status: 200 len: 3120 time: 0.2029850
2026-03-06 01:41:28.467 9 INFO neutron.db.segments_db [None req-7b3db873-8bf6-45b4-a1be-8a82c92541bd 5d4d04ab394348babdcdd0d0ba79d6aa a5bd65a144a64a498a56581e6372df93 - - default default] Added segment 1508eab8-a653-4659-a0c2-4ea1af4631b3 of type geneve for network efbb0819-994d-47b1-9385-f9a8fbc62122
2026-03-06 01:41:28.570 9 INFO neutron.db.segments_db [None req-7b3db873-8bf6-45b4-a1be-8a82c92541bd 5d4d04ab394348babdcdd0d0ba79d6aa a5bd65a144a64a498a56581e6372df93 - - default default] Added segment 857133ef-5856-4e88-bfe6-f40c8be0c914 of type geneve for network 6b233bc1-8d33-4e18-a88e-f3fa5a17ecc9
2026-03-06 01:41:28.602 9 WARNING neutron_lib.context [None req-3102b967-da6f-4402-b892-65a3ff385f38 1bd8fd51d66a46c48cd787b4765b9d69 2b0c8cf023924afd96086000241fe7b0 - - default default] Method 'is_advsvc' is deprecated since 2023.2 release (neutron-lib 3.8.0) and will be removed once support for the old RBAC API policies will be removed from Neutron. Please use method 'is_service_role' instead.
2026-03-06 01:41:28.659 9 INFO neutron.api.wsgi [None req-5f01b257-754c-4bdf-9dea-e187a1452b45 1e7dc8fe47e6429cb2bb978ca1cc15c6 648b6b88fee64ac1b19ebad9b51eece1 - - default default] 10.0.0.122 "DELETE /v2.0/security-groups/f11b4621-09b9-436e-aa03-932a1b1673b1 HTTP/1.1" status: 204 len: 168 time: 0.2348821
2026-03-06 01:41:28.711 9 INFO neutron.db.ovn_revision_numbers_db [None req-7b3db873-8bf6-45b4-a1be-8a82c92541bd 5d4d04ab394348babdcdd0d0ba79d6aa a5bd65a144a64a498a56581e6372df93 - - default default] Successfully bumped revision number for resource efbb0819-994d-47b1-9385-f9a8fbc62122 (type: networks) to 1
2026-03-06 01:41:28.763 9 INFO neutron.db.ovn_revision_numbers_db [None req-3102b967-da6f-4402-b892-65a3ff385f38 1bd8fd51d66a46c48cd787b4765b9d69 2b0c8cf023924afd96086000241fe7b0 - - default default] Successfully bumped revision number for resource efe38f0c-66ff-427e-9363-46693b5ba604 (type: security_groups) to 1
2026-03-06 01:41:28.780 9 INFO neutron.db.ovn_revision_numbers_db [None req-3102b967-da6f-4402-b892-65a3ff385f38 1bd8fd51d66a46c48cd787b4765b9d69 2b0c8cf023924afd96086000241fe7b0 - - default default] Successfully bumped revision number for resource 5d73359c-e284-44cd-945f-eccb11975472 (type: security_group_rules) to 0
2026-03-06 01:41:28.796 9 INFO neutron.db.ovn_revision_numbers_db [None req-3102b967-da6f-4402-b892-65a3ff385f38 1bd8fd51d66a46c48cd787b4765b9d69 2b0c8cf023924afd96086000241fe7b0 - - default default] Successfully bumped revision number for resource 6fd645cf-46e1-4f22-b801-6d63a59bedf6 (type: security_group_rules) to 0
2026-03-06 01:41:28.816 9 INFO neutron.db.ovn_revision_numbers_db [None req-3102b967-da6f-4402-b892-65a3ff385f38 1bd8fd51d66a46c48cd787b4765b9d69 2b0c8cf023924afd96086000241fe7b0 - - default default] Successfully bumped revision number for resource 7716b5da-c56e-4172-b34b-6b81ad88c44b (type: security_group_rules) to 0
2026-03-06 01:41:28.831 9 INFO neutron.db.ovn_revision_numbers_db [None req-3102b967-da6f-4402-b892-65a3ff385f38 1bd8fd51d66a46c48cd787b4765b9d69 2b0c8cf023924afd96086000241fe7b0 - - default default] Successfully bumped revision number for resource d8321d1f-0114-4583-b3af-b4b53977c9b3 (type: security_group_rules) to 0
2026-03-06 01:41:28.875 9 WARNING neutron.scheduler.dhcp_agent_scheduler [None req-7b3db873-8bf6-45b4-a1be-8a82c92541bd 5d4d04ab394348babdcdd0d0ba79d6aa a5bd65a144a64a498a56581e6372df93 - - default default] No more DHCP agents
2026-03-06 01:41:28.877 9 WARNING neutron.api.rpc.agentnotifiers.dhcp_rpc_agent_api [None req-7b3db873-8bf6-45b4-a1be-8a82c92541bd 5d4d04ab394348babdcdd0d0ba79d6aa a5bd65a144a64a498a56581e6372df93 - - default default] Unable to schedule network efbb0819-994d-47b1-9385-f9a8fbc62122: no agents available; will retry on subsequent port and subnet creation events.
2026-03-06 01:41:28.909 9 INFO neutron.db.segments_db [None req-3102b967-da6f-4402-b892-65a3ff385f38 1bd8fd51d66a46c48cd787b4765b9d69 2b0c8cf023924afd96086000241fe7b0 - - default default] Added segment e3c6ae6c-4015-4059-8aaf-1b03d40f0fe9 of type geneve for network c46135d5-cbbd-44e0-bb8c-966c68d57798
2026-03-06 01:41:28.944 9 INFO neutron.db.ovn_revision_numbers_db [None req-7b3db873-8bf6-45b4-a1be-8a82c92541bd 5d4d04ab394348babdcdd0d0ba79d6aa a5bd65a144a64a498a56581e6372df93 - - default default] Successfully bumped revision number for resource 9ff175b5-5161-4db9-9d91-4ec5033a1e37 (type: ports) to 1
2026-03-06 01:41:29.018 9 INFO neutron.db.ovn_revision_numbers_db [None req-7b3db873-8bf6-45b4-a1be-8a82c92541bd 5d4d04ab394348babdcdd0d0ba79d6aa a5bd65a144a64a498a56581e6372df93 - - default default] Successfully bumped revision number for resource 6b233bc1-8d33-4e18-a88e-f3fa5a17ecc9 (type: networks) to 1
2026-03-06 01:41:29.046 9 INFO neutron.db.ovn_revision_numbers_db [None req-3102b967-da6f-4402-b892-65a3ff385f38 1bd8fd51d66a46c48cd787b4765b9d69 2b0c8cf023924afd96086000241fe7b0 - - default default] Successfully bumped revision number for resource c46135d5-cbbd-44e0-bb8c-966c68d57798 (type: networks) to 1
2026-03-06 01:41:29.197 9 WARNING neutron.scheduler.dhcp_agent_scheduler [None req-7b3db873-8bf6-45b4-a1be-8a82c92541bd 5d4d04ab394348babdcdd0d0ba79d6aa a5bd65a144a64a498a56581e6372df93 - - default default] No more DHCP agents
2026-03-06 01:41:29.199 9 WARNING neutron.api.rpc.agentnotifiers.dhcp_rpc_agent_api [None req-7b3db873-8bf6-45b4-a1be-8a82c92541bd 5d4d04ab394348babdcdd0d0ba79d6aa a5bd65a144a64a498a56581e6372df93 - - default default] Unable to schedule network 6b233bc1-8d33-4e18-a88e-f3fa5a17ecc9: no agents available; will retry on subsequent port and subnet creation events.
2026-03-06 01:41:29.220 9 WARNING neutron.scheduler.dhcp_agent_scheduler [None req-3102b967-da6f-4402-b892-65a3ff385f38 1bd8fd51d66a46c48cd787b4765b9d69 2b0c8cf023924afd96086000241fe7b0 - - default default] No more DHCP agents
2026-03-06 01:41:29.222 9 WARNING neutron.api.rpc.agentnotifiers.dhcp_rpc_agent_api [None req-3102b967-da6f-4402-b892-65a3ff385f38 1bd8fd51d66a46c48cd787b4765b9d69 2b0c8cf023924afd96086000241fe7b0 - - default default] Unable to schedule network c46135d5-cbbd-44e0-bb8c-966c68d57798: no agents available; will retry on subsequent port and subnet creation events.
2026-03-06 01:41:29.269 9 INFO neutron.db.ovn_revision_numbers_db [None req-7b3db873-8bf6-45b4-a1be-8a82c92541bd 5d4d04ab394348babdcdd0d0ba79d6aa a5bd65a144a64a498a56581e6372df93 - - default default] Successfully bumped revision number for resource 046763ab-bf39-4e09-b4c8-0276a8b9a0db (type: ports) to 1
2026-03-06 01:41:29.291 9 INFO neutron.api.wsgi [None req-7b3db873-8bf6-45b4-a1be-8a82c92541bd 5d4d04ab394348babdcdd0d0ba79d6aa a5bd65a144a64a498a56581e6372df93 - - default default] 10.0.0.122 "POST /v2.0/networks HTTP/1.1" status: 201 len: 1445 time: 1.3167317
2026-03-06 01:41:29.292 9 INFO neutron.db.ovn_revision_numbers_db [None req-3102b967-da6f-4402-b892-65a3ff385f38 1bd8fd51d66a46c48cd787b4765b9d69 2b0c8cf023924afd96086000241fe7b0 - - default default] Successfully bumped revision number for resource 199b5988-e671-411c-911c-b0047feaa2b7 (type: ports) to 1
2026-03-06 01:41:29.322 9 INFO neutron.api.wsgi [None req-3102b967-da6f-4402-b892-65a3ff385f38 1bd8fd51d66a46c48cd787b4765b9d69 2b0c8cf023924afd96086000241fe7b0 - - default default] 10.0.0.122 "POST /v2.0/networks HTTP/1.1" status: 201 len: 830 time: 0.9179919
2026-03-06 01:41:29.333 9 WARNING neutron_lib.context [None req-84a940d0-6208-4b23-84d1-b369440a4989 1bd8fd51d66a46c48cd787b4765b9d69 2b0c8cf023924afd96086000241fe7b0 - - default default] Method 'is_advsvc' is deprecated since 2023.2 release (neutron-lib 3.8.0) and will be removed once support for the old RBAC API policies will be removed from Neutron. Please use method 'is_service_role' instead.
2026-03-06 01:41:29.387 9 INFO neutron.api.wsgi [None req-063661e2-5b0b-4bcf-96eb-c61fb9d621aa 5d4d04ab394348babdcdd0d0ba79d6aa a5bd65a144a64a498a56581e6372df93 - - default default] 10.0.0.122 "GET /v2.0/networks HTTP/1.1" status: 200 len: 2051 time: 0.0906034
2026-03-06 01:41:29.450 9 INFO neutron.db.segments_db [None req-84a940d0-6208-4b23-84d1-b369440a4989 1bd8fd51d66a46c48cd787b4765b9d69 2b0c8cf023924afd96086000241fe7b0 - - default default] Added segment 4e695de8-6be7-454c-8c90-46ed19f93fe1 of type geneve for network 4241fc5d-259f-4ee5-872d-df3a58410af8
2026-03-06 01:41:29.569 9 INFO neutron.db.ovn_revision_numbers_db [None req-84a940d0-6208-4b23-84d1-b369440a4989 1bd8fd51d66a46c48cd787b4765b9d69 2b0c8cf023924afd96086000241fe7b0 - - default default] Successfully bumped revision number for resource 4241fc5d-259f-4ee5-872d-df3a58410af8 (type: networks) to 1
2026-03-06 01:41:29.674 10 INFO neutron.services.segments.plugin [-] Segment 1508eab8-a653-4659-a0c2-4ea1af4631b3 resource provider aggregate not found
2026-03-06 01:41:29.678 10 INFO neutron.services.segments.plugin [-] Segment 1508eab8-a653-4659-a0c2-4ea1af4631b3 resource provider aggregate not found
2026-03-06 01:41:29.698 10 INFO neutron.services.segments.plugin [-] Segment 1508eab8-a653-4659-a0c2-4ea1af4631b3 resource provider not found; error: Placement Client Error (4xx): {"errors": [{"status": 404, "title": "Not Found", "detail": "The resource could not be found.\n\n No resource provider with uuid 1508eab8-a653-4659-a0c2-4ea1af4631b3 found for delete ", "request_id": "req-aded2301-43f0-4680-8cde-28198fe2791e"}]}
2026-03-06 01:41:29.699 10 INFO neutron.services.segments.plugin [-] Segment 1508eab8-a653-4659-a0c2-4ea1af4631b3 resource provider not found; error: Placement Client Error (4xx): {"errors": [{"status": 404, "title": "Not Found", "detail": "The resource could not be found.\n\n No resource provider with uuid 1508eab8-a653-4659-a0c2-4ea1af4631b3 found for delete ", "request_id": "req-be9f9367-8e93-4dad-98a5-169fe2c1919b"}]}
2026-03-06 01:41:29.707 10 INFO neutron.api.wsgi [None req-e39d2f6c-1a73-4145-a66b-9cdb1862991c 5d4d04ab394348babdcdd0d0ba79d6aa a5bd65a144a64a498a56581e6372df93 - - default default] 10.0.0.122 "DELETE /v2.0/networks/efbb0819-994d-47b1-9385-f9a8fbc62122 HTTP/1.1" status: 204 len: 168 time: 0.3137381
2026-03-06 01:41:29.752 9 WARNING neutron.scheduler.dhcp_agent_scheduler [None req-84a940d0-6208-4b23-84d1-b369440a4989 1bd8fd51d66a46c48cd787b4765b9d69 2b0c8cf023924afd96086000241fe7b0 - - default default] No more DHCP agents
2026-03-06 01:41:29.754 9 WARNING neutron.api.rpc.agentnotifiers.dhcp_rpc_agent_api [None req-84a940d0-6208-4b23-84d1-b369440a4989 1bd8fd51d66a46c48cd787b4765b9d69 2b0c8cf023924afd96086000241fe7b0 - - default default] Unable to schedule network 4241fc5d-259f-4ee5-872d-df3a58410af8: no agents available; will retry on subsequent port and subnet creation events.
2026-03-06 01:41:29.860 9 INFO neutron.db.ovn_revision_numbers_db [None req-84a940d0-6208-4b23-84d1-b369440a4989 1bd8fd51d66a46c48cd787b4765b9d69 2b0c8cf023924afd96086000241fe7b0 - - default default] Successfully bumped revision number for resource 2790b6e5-ad8e-4cbd-ab61-25919621987d (type: ports) to 1
2026-03-06 01:41:29.893 9 INFO neutron.api.wsgi [None req-84a940d0-6208-4b23-84d1-b369440a4989 1bd8fd51d66a46c48cd787b4765b9d69 2b0c8cf023924afd96086000241fe7b0 - - default default] 10.0.0.122 "POST /v2.0/networks HTTP/1.1" status: 201 len: 831 time: 0.5651278
2026-03-06 01:41:29.902 9 WARNING neutron_lib.context [None req-857c5dd7-4eeb-4075-a6ac-cfd998b43845 1bd8fd51d66a46c48cd787b4765b9d69 2b0c8cf023924afd96086000241fe7b0 - - default default] Method 'is_advsvc' is deprecated since 2023.2 release (neutron-lib 3.8.0) and will be removed once support for the old RBAC API policies will be removed from Neutron. Please use method 'is_service_role' instead.
2026-03-06 01:41:29.984 9 INFO neutron.db.segments_db [None req-857c5dd7-4eeb-4075-a6ac-cfd998b43845 1bd8fd51d66a46c48cd787b4765b9d69 2b0c8cf023924afd96086000241fe7b0 - - default default] Added segment 7c558f20-0f59-4f18-a83d-bbf9ece695a4 of type geneve for network b78dbcaa-a1cf-42ea-9c31-b7a011562beb
2026-03-06 01:41:30.047 10 INFO neutron.api.wsgi [None req-97345e3d-c2b6-4e85-ba00-a217c16ad203 5d4d04ab394348babdcdd0d0ba79d6aa a5bd65a144a64a498a56581e6372df93 - - default default] 10.0.0.122 "DELETE /v2.0/networks/6b233bc1-8d33-4e18-a88e-f3fa5a17ecc9 HTTP/1.1" status: 204 len: 168 time: 0.3245673
2026-03-06 01:41:30.080 9 INFO neutron.db.ovn_revision_numbers_db [None req-857c5dd7-4eeb-4075-a6ac-cfd998b43845 1bd8fd51d66a46c48cd787b4765b9d69 2b0c8cf023924afd96086000241fe7b0 - - default default] Successfully bumped revision number for resource b78dbcaa-a1cf-42ea-9c31-b7a011562beb (type: networks) to 1
2026-03-06 01:41:30.096 10 INFO neutron.api.wsgi [None req-c05c4090-b340-4d7d-81ec-86cab61790b5 5d4d04ab394348babdcdd0d0ba79d6aa a5bd65a144a64a498a56581e6372df93 - - default default] 10.0.0.122 "GET /v2.0/networks HTTP/1.1" status: 200 len: 845 time: 0.0391068
2026-03-06 01:41:30.109 10 WARNING neutron_lib.context [None req-de210ea4-49d0-4962-8d27-0eda4d4db97f 5d4d04ab394348babdcdd0d0ba79d6aa a5bd65a144a64a498a56581e6372df93 - - default default] Method 'is_advsvc' is deprecated since 2023.2 release (neutron-lib 3.8.0) and will be removed once support for the old RBAC API policies will be removed from Neutron. Please use method 'is_service_role' instead.
2026-03-06 01:41:30.192 10 INFO neutron.db.segments_db [None req-de210ea4-49d0-4962-8d27-0eda4d4db97f 5d4d04ab394348babdcdd0d0ba79d6aa a5bd65a144a64a498a56581e6372df93 - - default default] Added segment 385c1060-f6f3-4d8f-8df2-1698e9bfc0bc of type geneve for network d55bd9f5-5734-4d18-910f-77376510bf2d
2026-03-06 01:41:30.221 9 WARNING neutron.scheduler.dhcp_agent_scheduler [None req-857c5dd7-4eeb-4075-a6ac-cfd998b43845 1bd8fd51d66a46c48cd787b4765b9d69 2b0c8cf023924afd96086000241fe7b0 - - default default] No more DHCP agents
2026-03-06 01:41:30.222 9 WARNING neutron.api.rpc.agentnotifiers.dhcp_rpc_agent_api [None req-857c5dd7-4eeb-4075-a6ac-cfd998b43845 1bd8fd51d66a46c48cd787b4765b9d69 2b0c8cf023924afd96086000241fe7b0 - - default default] Unable to schedule network b78dbcaa-a1cf-42ea-9c31-b7a011562beb: no agents available; will retry on subsequent port and subnet creation events.
2026-03-06 01:41:30.286 9 INFO neutron.db.ovn_revision_numbers_db [None req-857c5dd7-4eeb-4075-a6ac-cfd998b43845 1bd8fd51d66a46c48cd787b4765b9d69 2b0c8cf023924afd96086000241fe7b0 - - default default] Successfully bumped revision number for resource d045511f-d009-4e24-b80f-5126e5dc32d7 (type: ports) to 1
2026-03-06 01:41:30.303 9 INFO neutron.api.wsgi [None req-857c5dd7-4eeb-4075-a6ac-cfd998b43845 1bd8fd51d66a46c48cd787b4765b9d69 2b0c8cf023924afd96086000241fe7b0 - - default default] 10.0.0.122 "POST /v2.0/networks HTTP/1.1" status: 201 len: 831 time: 0.4054668
