2026-03-06 01:21:26.531 10 INFO neutron.api.wsgi [-] 10.0.0.194 "GET / HTTP/1.1" status: 200 len: 246 time: 0.0035758
2026-03-06 01:21:41.528 10 INFO neutron.api.wsgi [-] 10.0.0.194 "GET / HTTP/1.1" status: 200 len: 246 time: 0.0025592
2026-03-06 01:21:41.536 9 INFO neutron.api.wsgi [-] 10.0.0.194 "GET / HTTP/1.1" status: 200 len: 246 time: 0.0086467
2026-03-06 01:21:56.529 9 INFO neutron.api.wsgi [-] 10.0.0.194 "GET / HTTP/1.1" status: 200 len: 246 time: 0.0026720
2026-03-06 01:21:56.529 10 INFO neutron.api.wsgi [-] 10.0.0.194 "GET / HTTP/1.1" status: 200 len: 246 time: 0.0029433
2026-03-06 01:22:09.889 10 INFO neutron.api.v2.resource [None req-fbca32cb-85b1-439f-86aa-9c893a8fbee5 1e7dc8fe47e6429cb2bb978ca1cc15c6 648b6b88fee64ac1b19ebad9b51eece1 - - default default] show failed (client error): The resource could not be found.
2026-03-06 01:22:09.890 10 INFO neutron.api.wsgi [None req-fbca32cb-85b1-439f-86aa-9c893a8fbee5 1e7dc8fe47e6429cb2bb978ca1cc15c6 648b6b88fee64ac1b19ebad9b51eece1 - - default default] 199.204.45.155,10.0.0.194 "GET /v2.0/security-groups/manila-service-security-group?project_id=e548c96dd269448eb17847e3a6495a83 HTTP/1.1" status: 404 len: 321 time: 0.1501346
2026-03-06 01:22:10.023 10 INFO neutron.db.ovn_revision_numbers_db [None req-f5954623-0a78-40b0-b435-a2f178c58749 1e7dc8fe47e6429cb2bb978ca1cc15c6 648b6b88fee64ac1b19ebad9b51eece1 - - default default] Successfully bumped revision number for resource 011790b6-a302-49d3-8f58-07db80e950bf (type: security_groups) to 1
2026-03-06 01:22:10.037 10 INFO neutron.db.ovn_revision_numbers_db [None req-f5954623-0a78-40b0-b435-a2f178c58749 1e7dc8fe47e6429cb2bb978ca1cc15c6 648b6b88fee64ac1b19ebad9b51eece1 - - default default] Successfully bumped revision number for resource 12406890-96a6-42b3-ae49-07d48d7645fa (type: security_group_rules) to 0
2026-03-06 01:22:10.048 10 INFO neutron.db.ovn_revision_numbers_db [None req-f5954623-0a78-40b0-b435-a2f178c58749 1e7dc8fe47e6429cb2bb978ca1cc15c6 648b6b88fee64ac1b19ebad9b51eece1 - - default default] Successfully bumped revision number for resource 165e804b-9b71-42fe-89bc-4add0805d38e (type: security_group_rules) to 0
2026-03-06 01:22:10.061 10 INFO neutron.db.ovn_revision_numbers_db [None req-f5954623-0a78-40b0-b435-a2f178c58749 1e7dc8fe47e6429cb2bb978ca1cc15c6 648b6b88fee64ac1b19ebad9b51eece1 - - default default] Successfully bumped revision number for resource 4c3a5eec-a971-4d3f-ad2e-5d2fce76316f (type: security_group_rules) to 0
2026-03-06 01:22:10.072 10 INFO neutron.db.ovn_revision_numbers_db [None req-f5954623-0a78-40b0-b435-a2f178c58749 1e7dc8fe47e6429cb2bb978ca1cc15c6 648b6b88fee64ac1b19ebad9b51eece1 - - default default] Successfully bumped revision number for resource 8d74b475-202c-4d6a-9364-0156f62ea750 (type: security_group_rules) to 0
2026-03-06 01:22:10.116 10 INFO neutron.api.wsgi [None req-f5954623-0a78-40b0-b435-a2f178c58749 1e7dc8fe47e6429cb2bb978ca1cc15c6 648b6b88fee64ac1b19ebad9b51eece1 - - default default] 199.204.45.155,10.0.0.194 "GET /v2.0/security-groups?name=manila-service-security-group&project_id=e548c96dd269448eb17847e3a6495a83 HTTP/1.1" status: 200 len: 197 time: 0.2223523
2026-03-06 01:22:10.288 10 INFO neutron.db.ovn_revision_numbers_db [None req-658220e8-b784-41de-9d34-3cc2c63ec6f1 1e7dc8fe47e6429cb2bb978ca1cc15c6 648b6b88fee64ac1b19ebad9b51eece1 - - default default] Successfully bumped revision number for resource 4e4f6740-cb43-4e31-aaba-541146308e34 (type: security_groups) to 1
2026-03-06 01:22:10.298 10 INFO neutron.db.ovn_revision_numbers_db [None req-658220e8-b784-41de-9d34-3cc2c63ec6f1 1e7dc8fe47e6429cb2bb978ca1cc15c6 648b6b88fee64ac1b19ebad9b51eece1 - - default default] Successfully bumped revision number for resource 61f51787-3861-4e46-bffb-8ee461a932ef (type: security_group_rules) to 0
2026-03-06 01:22:10.310 10 INFO neutron.db.ovn_revision_numbers_db [None req-658220e8-b784-41de-9d34-3cc2c63ec6f1 1e7dc8fe47e6429cb2bb978ca1cc15c6 648b6b88fee64ac1b19ebad9b51eece1 - - default default] Successfully bumped revision number for resource feff3eaa-0309-4862-bb4f-83c8aea8e52e (type: security_group_rules) to 0
2026-03-06 01:22:10.342 10 INFO neutron.api.wsgi [None req-658220e8-b784-41de-9d34-3cc2c63ec6f1 1e7dc8fe47e6429cb2bb978ca1cc15c6 648b6b88fee64ac1b19ebad9b51eece1 - - default default] 199.204.45.155,10.0.0.194 "POST /v2.0/security-groups HTTP/1.1" status: 201 len: 1805 time: 0.1619108
2026-03-06 01:22:11.393 10 INFO neutron.api.wsgi [None req-488c3804-c3a7-4d34-8304-981064ce66d0 1e7dc8fe47e6429cb2bb978ca1cc15c6 648b6b88fee64ac1b19ebad9b51eece1 - - default default] 199.204.45.155,10.0.0.194 "GET /v2.0/security-groups/4e4f6740-cb43-4e31-aaba-541146308e34?project_id=e548c96dd269448eb17847e3a6495a83 HTTP/1.1" status: 200 len: 1800 time: 0.0611103
2026-03-06 01:22:11.421 10 INFO neutron.api.wsgi [None req-d86b1d39-9521-4964-8041-1f97eda21fe1 1e7dc8fe47e6429cb2bb978ca1cc15c6 648b6b88fee64ac1b19ebad9b51eece1 - - default default] 199.204.45.155,10.0.0.194 "GET /v2.0/security-groups/4e4f6740-cb43-4e31-aaba-541146308e34 HTTP/1.1" status: 200 len: 1800 time: 0.0200269
2026-03-06 01:22:11.503 10 INFO neutron.api.wsgi [None req-70de5463-90f0-4951-a3ac-fd0925b749a1 1e7dc8fe47e6429cb2bb978ca1cc15c6 648b6b88fee64ac1b19ebad9b51eece1 - - default default] 199.204.45.155,10.0.0.194 "GET /v2.0/security-groups/4e4f6740-cb43-4e31-aaba-541146308e34?project_id=e548c96dd269448eb17847e3a6495a83 HTTP/1.1" status: 200 len: 1800 time: 0.0217566
2026-03-06 01:22:11.529 10 INFO neutron.api.wsgi [-] 10.0.0.194 "GET / HTTP/1.1" status: 200 len: 246 time: 0.0022056
2026-03-06 01:22:11.530 9 INFO neutron.api.wsgi [-] 10.0.0.194 "GET / HTTP/1.1" status: 200 len: 246 time: 0.0028293
2026-03-06 01:22:11.649 10 INFO neutron.db.ovn_revision_numbers_db [None req-69ce2c0f-fdff-4e70-823e-10c5791a0842 1e7dc8fe47e6429cb2bb978ca1cc15c6 648b6b88fee64ac1b19ebad9b51eece1 - - default default] Successfully bumped revision number for resource 57658908-061c-408e-be06-956ab440258b (type: security_group_rules) to 0
2026-03-06 01:22:11.673 10 INFO neutron.api.wsgi [None req-69ce2c0f-fdff-4e70-823e-10c5791a0842 1e7dc8fe47e6429cb2bb978ca1cc15c6 648b6b88fee64ac1b19ebad9b51eece1 - - default default] 199.204.45.155,10.0.0.194 "POST /v2.0/security-group-rules HTTP/1.1" status: 201 len: 777 time: 0.1629694
2026-03-06 01:22:12.717 10 INFO neutron.api.wsgi [None req-e6374d5c-8aff-40d4-969c-1b1f19f0fc15 1e7dc8fe47e6429cb2bb978ca1cc15c6 648b6b88fee64ac1b19ebad9b51eece1 - - default default] 199.204.45.155,10.0.0.194 "GET /v2.0/security-groups/4e4f6740-cb43-4e31-aaba-541146308e34?project_id=e548c96dd269448eb17847e3a6495a83 HTTP/1.1" status: 200 len: 2410 time: 0.0533643
2026-03-06 01:22:12.744 10 INFO neutron.api.wsgi [None req-6820892f-27f8-4bb2-b4f7-f5df90f659c4 1e7dc8fe47e6429cb2bb978ca1cc15c6 648b6b88fee64ac1b19ebad9b51eece1 - - default default] 199.204.45.155,10.0.0.194 "GET /v2.0/security-groups/4e4f6740-cb43-4e31-aaba-541146308e34 HTTP/1.1" status: 200 len: 2410 time: 0.0193746
2026-03-06 01:22:12.830 10 INFO neutron.api.wsgi [None req-f2f5d157-0231-400c-af1c-cb620f5a5c42 1e7dc8fe47e6429cb2bb978ca1cc15c6 648b6b88fee64ac1b19ebad9b51eece1 - - default default] 199.204.45.155,10.0.0.194 "GET /v2.0/security-groups/4e4f6740-cb43-4e31-aaba-541146308e34?project_id=e548c96dd269448eb17847e3a6495a83 HTTP/1.1" status: 200 len: 2410 time: 0.0224051
2026-03-06 01:22:12.932 10 INFO neutron.db.ovn_revision_numbers_db [None req-1bc0c248-c19a-42ba-a092-3ccddc98bef2 1e7dc8fe47e6429cb2bb978ca1cc15c6 648b6b88fee64ac1b19ebad9b51eece1 - - default default] Successfully bumped revision number for resource eab02ac0-e2af-47de-90ee-c43defadaa86 (type: security_group_rules) to 0
2026-03-06 01:22:12.953 10 INFO neutron.api.wsgi [None req-1bc0c248-c19a-42ba-a092-3ccddc98bef2 1e7dc8fe47e6429cb2bb978ca1cc15c6 648b6b88fee64ac1b19ebad9b51eece1 - - default default] 199.204.45.155,10.0.0.194 "POST /v2.0/security-group-rules HTTP/1.1" status: 201 len: 779 time: 0.1157084
2026-03-06 01:22:13.910 10 INFO neutron.api.wsgi [None req-75498cbf-8910-4f58-a948-812ada297cac 1e7dc8fe47e6429cb2bb978ca1cc15c6 648b6b88fee64ac1b19ebad9b51eece1 - - default default] 199.204.45.155,10.0.0.194 "GET /v2.0/security-groups/4e4f6740-cb43-4e31-aaba-541146308e34?project_id=e548c96dd269448eb17847e3a6495a83 HTTP/1.1" status: 200 len: 3022 time: 0.0612807
2026-03-06 01:22:13.947 10 INFO neutron.api.wsgi [None req-814247be-4ab6-45c5-8787-e7af194d912e 1e7dc8fe47e6429cb2bb978ca1cc15c6 648b6b88fee64ac1b19ebad9b51eece1 - - default default] 199.204.45.155,10.0.0.194 "GET /v2.0/security-groups/4e4f6740-cb43-4e31-aaba-541146308e34 HTTP/1.1" status: 200 len: 3022 time: 0.0268393
2026-03-06 01:22:14.037 10 INFO neutron.api.wsgi [None req-2a6e3469-b846-4efe-8c83-f6fdf4585df9 1e7dc8fe47e6429cb2bb978ca1cc15c6 648b6b88fee64ac1b19ebad9b51eece1 - - default default] 199.204.45.155,10.0.0.194 "GET /v2.0/security-groups/4e4f6740-cb43-4e31-aaba-541146308e34?project_id=e548c96dd269448eb17847e3a6495a83 HTTP/1.1" status: 200 len: 3022 time: 0.0247371
2026-03-06 01:22:14.145 10 INFO neutron.db.ovn_revision_numbers_db [None req-554fd752-ad55-4500-95fd-31d55f261b3d 1e7dc8fe47e6429cb2bb978ca1cc15c6 648b6b88fee64ac1b19ebad9b51eece1 - - default default] Successfully bumped revision number for resource 5b7f6823-62bb-4b5a-b031-ae658c5b20cd (type: security_group_rules) to 0
2026-03-06 01:22:14.174 10 INFO neutron.api.wsgi [None req-554fd752-ad55-4500-95fd-31d55f261b3d 1e7dc8fe47e6429cb2bb978ca1cc15c6 648b6b88fee64ac1b19ebad9b51eece1 - - default default] 199.204.45.155,10.0.0.194 "POST /v2.0/security-group-rules HTTP/1.1" status: 201 len: 781 time: 0.1286869
2026-03-06 01:22:15.242 10 INFO neutron.api.wsgi [None req-4ea3bf2f-710f-4cc9-90f2-7a5503cf7f29 1e7dc8fe47e6429cb2bb978ca1cc15c6 648b6b88fee64ac1b19ebad9b51eece1 - - default default] 199.204.45.155,10.0.0.194 "GET /v2.0/security-groups/4e4f6740-cb43-4e31-aaba-541146308e34?project_id=e548c96dd269448eb17847e3a6495a83 HTTP/1.1" status: 200 len: 3636 time: 0.0565372
2026-03-06 01:22:15.277 10 INFO neutron.api.wsgi [None req-96c93116-c55b-47d4-b9f8-602a6e1f8b6b 1e7dc8fe47e6429cb2bb978ca1cc15c6 648b6b88fee64ac1b19ebad9b51eece1 - - default default] 199.204.45.155,10.0.0.194 "GET /v2.0/security-groups/4e4f6740-cb43-4e31-aaba-541146308e34 HTTP/1.1" status: 200 len: 3636 time: 0.0305150
2026-03-06 01:22:15.366 10 INFO neutron.api.wsgi [None req-ab46eedb-bf7f-4036-be9d-f27ff709a0c7 1e7dc8fe47e6429cb2bb978ca1cc15c6 648b6b88fee64ac1b19ebad9b51eece1 - - default default] 199.204.45.155,10.0.0.194 "GET /v2.0/security-groups/4e4f6740-cb43-4e31-aaba-541146308e34?project_id=e548c96dd269448eb17847e3a6495a83 HTTP/1.1" status: 200 len: 3636 time: 0.0384500
2026-03-06 01:22:15.489 10 INFO neutron.db.ovn_revision_numbers_db [None req-ec52ba56-4a36-45a7-b9ef-bd5b9759b64b 1e7dc8fe47e6429cb2bb978ca1cc15c6 648b6b88fee64ac1b19ebad9b51eece1 - - default default] Successfully bumped revision number for resource 1fd80d19-1ca9-46b6-86d0-73555b318b9d (type: security_group_rules) to 0
2026-03-06 01:22:15.521 10 INFO neutron.api.wsgi [None req-ec52ba56-4a36-45a7-b9ef-bd5b9759b64b 1e7dc8fe47e6429cb2bb978ca1cc15c6 648b6b88fee64ac1b19ebad9b51eece1 - - default default] 199.204.45.155,10.0.0.194 "POST /v2.0/security-group-rules HTTP/1.1" status: 201 len: 782 time: 0.1481111
2026-03-06 01:22:26.529 9 INFO neutron.api.wsgi [-] 10.0.0.194 "GET / HTTP/1.1" status: 200 len: 246 time: 0.0031424
2026-03-06 01:22:26.529 10 INFO neutron.api.wsgi [-] 10.0.0.194 "GET / HTTP/1.1" status: 200 len: 246 time: 0.0030751
2026-03-06 01:22:41.528 9 INFO neutron.api.wsgi [-] 10.0.0.194 "GET / HTTP/1.1" status: 200 len: 246 time: 0.0016201
2026-03-06 01:22:41.528 10 INFO neutron.api.wsgi [-] 10.0.0.194 "GET / HTTP/1.1" status: 200 len: 246 time: 0.0019884
2026-03-06 01:22:56.528 9 INFO neutron.api.wsgi [-] 10.0.0.194 "GET / HTTP/1.1" status: 200 len: 246 time: 0.0018675
2026-03-06 01:22:56.530 10 INFO neutron.api.wsgi [-] 10.0.0.194 "GET / HTTP/1.1" status: 200 len: 246 time: 0.0038328
2026-03-06 01:23:11.529 9 INFO neutron.api.wsgi [-] 10.0.0.194 "GET / HTTP/1.1" status: 200 len: 246 time: 0.0025558
2026-03-06 01:23:11.532 10 INFO neutron.api.wsgi [-] 10.0.0.194 "GET / HTTP/1.1" status: 200 len: 246 time: 0.0049675
2026-03-06 01:23:26.529 9 INFO neutron.api.wsgi [-] 10.0.0.194 "GET / HTTP/1.1" status: 200 len: 246 time: 0.0025752
2026-03-06 01:23:26.529 10 INFO neutron.api.wsgi [-] 10.0.0.194 "GET / HTTP/1.1" status: 200 len: 246 time: 0.0027449
2026-03-06 01:23:41.529 9 INFO neutron.api.wsgi [-] 10.0.0.194 "GET / HTTP/1.1" status: 200 len: 246 time: 0.0025787
2026-03-06 01:23:41.529 10 INFO neutron.api.wsgi [-] 10.0.0.194 "GET / HTTP/1.1" status: 200 len: 246 time: 0.0034218
2026-03-06 01:23:56.530 9 INFO neutron.api.wsgi [-] 10.0.0.194 "GET / HTTP/1.1" status: 200 len: 246 time: 0.0028524
2026-03-06 01:23:56.532 10 INFO neutron.api.wsgi [-] 10.0.0.194 "GET / HTTP/1.1" status: 200 len: 246 time: 0.0027046
2026-03-06 01:24:11.530 10 INFO neutron.api.wsgi [-] 10.0.0.194 "GET / HTTP/1.1" status: 200 len: 246 time: 0.0032034
2026-03-06 01:24:11.532 9 INFO neutron.api.wsgi [-] 10.0.0.194 "GET / HTTP/1.1" status: 200 len: 246 time: 0.0060225
2026-03-06 01:24:26.528 9 INFO neutron.api.wsgi [-] 10.0.0.194 "GET / HTTP/1.1" status: 200 len: 246 time: 0.0021636
2026-03-06 01:24:26.530 9 INFO neutron.api.wsgi [-] 10.0.0.194 "GET / HTTP/1.1" status: 200 len: 246 time: 0.0012913 /var/lib/openstack/lib/python3.12/site-packages/pycadf/identifier.py:71: UserWarning: Invalid uuid: neutron. To ensure interoperability, identifiers should be a valid uuid. warnings.warn(('Invalid uuid: %s. To ensure interoperability, '
2026-03-06 01:24:31.268 9 INFO neutron.api.wsgi [None req-6ca46a40-8a61-4f35-b165-9e564ec4fecf dc3d476b6fdb4629b0211521d2f5b9da e548c96dd269448eb17847e3a6495a83 - - a3b3c7e74b3740aba4cc2320f7985a70 a3b3c7e74b3740aba4cc2320f7985a70] 199.204.45.155 "GET /v2.0/networks?tenant_id=e548c96dd269448eb17847e3a6495a83&shared=False HTTP/1.1" status: 200 len: 213 time: 0.1634932
2026-03-06 01:24:31.412 9 INFO neutron.db.segments_db [None req-c9b340f5-0ebc-4082-897f-222c8dd3ddcd dc3d476b6fdb4629b0211521d2f5b9da e548c96dd269448eb17847e3a6495a83 - - a3b3c7e74b3740aba4cc2320f7985a70 a3b3c7e74b3740aba4cc2320f7985a70] Added segment 0702443b-5726-405c-974f-6fff8e0e3b36 of type geneve for network fb49beca-55f7-4fc6-841b-4d64f58feb30
2026-03-06 01:24:31.579 9 INFO neutron.db.ovn_revision_numbers_db [None req-c9b340f5-0ebc-4082-897f-222c8dd3ddcd dc3d476b6fdb4629b0211521d2f5b9da e548c96dd269448eb17847e3a6495a83 - - a3b3c7e74b3740aba4cc2320f7985a70 a3b3c7e74b3740aba4cc2320f7985a70] Successfully bumped revision number for resource fb49beca-55f7-4fc6-841b-4d64f58feb30 (type: networks) to 1
2026-03-06 01:24:31.753 9 WARNING neutron.scheduler.dhcp_agent_scheduler [None req-c9b340f5-0ebc-4082-897f-222c8dd3ddcd dc3d476b6fdb4629b0211521d2f5b9da e548c96dd269448eb17847e3a6495a83 - - a3b3c7e74b3740aba4cc2320f7985a70 a3b3c7e74b3740aba4cc2320f7985a70] No more DHCP agents
2026-03-06 01:24:31.755 9 WARNING neutron.api.rpc.agentnotifiers.dhcp_rpc_agent_api [None req-c9b340f5-0ebc-4082-897f-222c8dd3ddcd dc3d476b6fdb4629b0211521d2f5b9da e548c96dd269448eb17847e3a6495a83 - - a3b3c7e74b3740aba4cc2320f7985a70 a3b3c7e74b3740aba4cc2320f7985a70] Unable to schedule network fb49beca-55f7-4fc6-841b-4d64f58feb30: no agents available; will retry on subsequent port and subnet creation events.
2026-03-06 01:24:31.817 9 INFO neutron.db.ovn_revision_numbers_db [None req-c9b340f5-0ebc-4082-897f-222c8dd3ddcd dc3d476b6fdb4629b0211521d2f5b9da e548c96dd269448eb17847e3a6495a83 - - a3b3c7e74b3740aba4cc2320f7985a70 a3b3c7e74b3740aba4cc2320f7985a70] Successfully bumped revision number for resource 3a7462c3-bc5b-4577-8c5f-2dec2a0e4619 (type: ports) to 1
2026-03-06 01:24:31.837 9 INFO neutron.api.wsgi [None req-c9b340f5-0ebc-4082-897f-222c8dd3ddcd dc3d476b6fdb4629b0211521d2f5b9da e548c96dd269448eb17847e3a6495a83 - - a3b3c7e74b3740aba4cc2320f7985a70 a3b3c7e74b3740aba4cc2320f7985a70] 199.204.45.155 "POST /v2.0/networks HTTP/1.1" status: 201 len: 925 time: 0.5629032
2026-03-06 01:24:31.873 9 INFO neutron.api.wsgi [None req-8f31f374-a71d-4b00-8d23-2d0a408be029 dc3d476b6fdb4629b0211521d2f5b9da e548c96dd269448eb17847e3a6495a83 - - a3b3c7e74b3740aba4cc2320f7985a70 a3b3c7e74b3740aba4cc2320f7985a70] 199.204.45.155 "GET /v2.0/ports?device_id=manila-share&binding%3Ahost_id=instance HTTP/1.1" status: 200 len: 210 time: 0.0305228
2026-03-06 01:24:31.885 9 INFO neutron.api.wsgi [None req-a35eda64-7f4c-4cd0-9be8-5d5ab09751f4 dc3d476b6fdb4629b0211521d2f5b9da e548c96dd269448eb17847e3a6495a83 - - a3b3c7e74b3740aba4cc2320f7985a70 a3b3c7e74b3740aba4cc2320f7985a70] 199.204.45.155 "GET /v2.0/extensions HTTP/1.1" status: 200 len: 19298 time: 0.0051732
2026-03-06 01:24:32.096 9 WARNING neutron.scheduler.dhcp_agent_scheduler [None req-6e64399e-f0dc-47c1-a05c-a80850e1cece dc3d476b6fdb4629b0211521d2f5b9da e548c96dd269448eb17847e3a6495a83 - - a3b3c7e74b3740aba4cc2320f7985a70 a3b3c7e74b3740aba4cc2320f7985a70] No more DHCP agents
2026-03-06 01:24:32.097 9 WARNING neutron.api.rpc.agentnotifiers.dhcp_rpc_agent_api [None req-6e64399e-f0dc-47c1-a05c-a80850e1cece dc3d476b6fdb4629b0211521d2f5b9da e548c96dd269448eb17847e3a6495a83 - - a3b3c7e74b3740aba4cc2320f7985a70 a3b3c7e74b3740aba4cc2320f7985a70] Unable to schedule network fb49beca-55f7-4fc6-841b-4d64f58feb30: no agents available; will retry on subsequent port and subnet creation events.
2026-03-06 01:24:32.149 9 INFO neutron.db.ovn_revision_numbers_db [None req-6e64399e-f0dc-47c1-a05c-a80850e1cece dc3d476b6fdb4629b0211521d2f5b9da e548c96dd269448eb17847e3a6495a83 - - a3b3c7e74b3740aba4cc2320f7985a70 a3b3c7e74b3740aba4cc2320f7985a70] Successfully bumped revision number for resource 3147e31f-59b6-4fee-ba6a-f8175a5fb52c (type: ports) to 1
2026-03-06 01:24:32.320 9 INFO neutron.db.ovn_revision_numbers_db [None req-6e64399e-f0dc-47c1-a05c-a80850e1cece dc3d476b6fdb4629b0211521d2f5b9da e548c96dd269448eb17847e3a6495a83 - - a3b3c7e74b3740aba4cc2320f7985a70 a3b3c7e74b3740aba4cc2320f7985a70] Successfully bumped revision number for resource 3147e31f-59b6-4fee-ba6a-f8175a5fb52c (type: ports) to 3
2026-03-06 01:24:32.351 9 INFO neutron.api.wsgi [None req-6e64399e-f0dc-47c1-a05c-a80850e1cece dc3d476b6fdb4629b0211521d2f5b9da e548c96dd269448eb17847e3a6495a83 - - a3b3c7e74b3740aba4cc2320f7985a70 a3b3c7e74b3740aba4cc2320f7985a70] 199.204.45.155 "POST /v2.0/ports HTTP/1.1" status: 201 len: 1172 time: 0.4629829
2026-03-06 01:24:32.392 9 INFO neutron.api.wsgi [None req-77cfbd49-55fd-4ee6-a60e-9f9a2d8ead94 dc3d476b6fdb4629b0211521d2f5b9da e548c96dd269448eb17847e3a6495a83 - - a3b3c7e74b3740aba4cc2320f7985a70 a3b3c7e74b3740aba4cc2320f7985a70] 199.204.45.155 "GET /v2.0/networks/fb49beca-55f7-4fc6-841b-4d64f58feb30 HTTP/1.1" status: 200 len: 907 time: 0.0334175
2026-03-06 01:24:33.115 10 INFO neutron.plugins.ml2.drivers.ovn.mech_driver.mech_driver [-] OVN reports status up for port: 3147e31f-59b6-4fee-ba6a-f8175a5fb52c
2026-03-06 01:24:33.131 10 INFO neutron.plugins.ml2.plugin [None req-720ae7fc-1932-459d-a9d3-4400c1906412 - - - - - -] Attempt 1 to provision port 3147e31f-59b6-4fee-ba6a-f8175a5fb52c
2026-03-06 01:24:33.313 10 INFO neutron.db.ovn_revision_numbers_db [None req-720ae7fc-1932-459d-a9d3-4400c1906412 - - - - - -] Successfully bumped revision number for resource 3147e31f-59b6-4fee-ba6a-f8175a5fb52c (type: ports) to 4
2026-03-06 01:24:34.579 9 INFO neutron.api.wsgi [None req-12088ef3-0a49-482c-af40-ddc4ee280666 dc3d476b6fdb4629b0211521d2f5b9da e548c96dd269448eb17847e3a6495a83 - - a3b3c7e74b3740aba4cc2320f7985a70 a3b3c7e74b3740aba4cc2320f7985a70] 199.204.45.155 "GET /v2.0/ports?device_id=manila-share&binding%3Ahost_id=instance HTTP/1.1" status: 200 len: 1172 time: 0.0352058
2026-03-06 01:24:34.616 9 INFO neutron.api.wsgi [None req-d5f820e7-f12e-4d91-8e4b-1387089cdffe dc3d476b6fdb4629b0211521d2f5b9da e548c96dd269448eb17847e3a6495a83 - - a3b3c7e74b3740aba4cc2320f7985a70 a3b3c7e74b3740aba4cc2320f7985a70] 199.204.45.155 "GET /v2.0/networks/fb49beca-55f7-4fc6-841b-4d64f58feb30 HTTP/1.1" status: 200 len: 907 time: 0.0316591
2026-03-06 01:24:41.528 10 INFO neutron.api.wsgi [-] 10.0.0.194 "GET / HTTP/1.1" status: 200 len: 246 time: 0.0021639
2026-03-06 01:24:41.529 9 INFO neutron.api.wsgi [-] 10.0.0.194 "GET / HTTP/1.1" status: 200 len: 246 time: 0.0027688
2026-03-06 01:24:47.674 10 INFO neutron.api.wsgi [None req-8a2950dd-bc84-4ece-bb79-dac7e2a53ae3 1e7dc8fe47e6429cb2bb978ca1cc15c6 648b6b88fee64ac1b19ebad9b51eece1 - - default default] 199.204.45.155,10.0.0.194 "GET /v2.0/quotas/e548c96dd269448eb17847e3a6495a83 HTTP/1.1" status: 200 len: 467 time: 0.0147326
2026-03-06 01:24:48.182 10 INFO neutron.api.wsgi [None req-7031a320-4f74-41f0-9735-8d988b846e49 1e7dc8fe47e6429cb2bb978ca1cc15c6 648b6b88fee64ac1b19ebad9b51eece1 - - default default] 199.204.45.155,10.0.0.194 "PUT /v2.0/quotas/e548c96dd269448eb17847e3a6495a83 HTTP/1.1" status: 200 len: 466 time: 0.0268667
2026-03-06 01:24:56.528 10 INFO neutron.api.wsgi [-] 10.0.0.194 "GET / HTTP/1.1" status: 200 len: 246 time: 0.0023575
2026-03-06 01:24:56.530 9 INFO neutron.api.wsgi [-] 10.0.0.194 "GET / HTTP/1.1" status: 200 len: 246 time: 0.0041416
2026-03-06 01:25:11.529 10 INFO neutron.api.wsgi [-] 10.0.0.194 "GET / HTTP/1.1" status: 200 len: 246 time: 0.0027432
2026-03-06 01:25:11.533 9 INFO neutron.api.wsgi [-] 10.0.0.194 "GET / HTTP/1.1" status: 200 len: 246 time: 0.0059400
2026-03-06 01:25:26.528 10 INFO neutron.api.wsgi [-] 10.0.0.194 "GET / HTTP/1.1" status: 200 len: 246 time: 0.0017457
2026-03-06 01:25:26.531 10 INFO neutron.api.wsgi [-] 10.0.0.194 "GET / HTTP/1.1" status: 200 len: 246 time: 0.0014088 /var/lib/openstack/lib/python3.12/site-packages/pycadf/identifier.py:71: UserWarning: Invalid uuid: neutron. To ensure interoperability, identifiers should be a valid uuid. warnings.warn(('Invalid uuid: %s. To ensure interoperability, '
2026-03-06 01:25:39.023 10 INFO neutron.api.wsgi [None req-8f520a7e-4450-42ed-b410-4346909c27c7 1e7dc8fe47e6429cb2bb978ca1cc15c6 648b6b88fee64ac1b19ebad9b51eece1 - - default default] 10.0.0.27 "GET /v2.0/networks HTTP/1.1" status: 200 len: 2350 time: 0.1046379
2026-03-06 01:25:39.086 10 INFO neutron.api.wsgi [None req-14184e27-dfe3-4eb2-bb83-68a62465b3f2 1e7dc8fe47e6429cb2bb978ca1cc15c6 648b6b88fee64ac1b19ebad9b51eece1 - - default default] 10.0.0.27 "GET /v2.0/subnets HTTP/1.1" status: 200 len: 1484 time: 0.0612884
2026-03-06 01:25:39.098 10 INFO neutron.api.wsgi [None req-e00c766b-b2f5-4b50-8b38-c498b1f489b7 1e7dc8fe47e6429cb2bb978ca1cc15c6 648b6b88fee64ac1b19ebad9b51eece1 - - default default] 10.0.0.27 "GET /v2.0/subnetpools HTTP/1.1" status: 200 len: 193 time: 0.0106759
2026-03-06 01:25:39.138 10 INFO neutron.api.wsgi [None req-33180724-9730-4d37-81c0-6b6c77730bac 1e7dc8fe47e6429cb2bb978ca1cc15c6 648b6b88fee64ac1b19ebad9b51eece1 - - default default] 10.0.0.27 "GET /v2.0/floatingips HTTP/1.1" status: 200 len: 193 time: 0.0392628
2026-03-06 01:25:39.188 10 INFO neutron.api.wsgi [None req-46b73869-5f1f-43aa-9f3a-168e552ab0cb 1e7dc8fe47e6429cb2bb978ca1cc15c6 648b6b88fee64ac1b19ebad9b51eece1 - - default default] 10.0.0.27 "GET /v2.0/subnets HTTP/1.1" status: 200 len: 1484 time: 0.0499797
2026-03-06 01:25:39.247 10 INFO neutron.api.wsgi [None req-81327c8b-6018-42d3-bbcb-b01e476577e6 1e7dc8fe47e6429cb2bb978ca1cc15c6 648b6b88fee64ac1b19ebad9b51eece1 - - default default] 10.0.0.27 "GET /v2.0/ports HTTP/1.1" status: 200 len: 5351 time: 0.0566642
2026-03-06 01:25:39.284 10 INFO neutron.api.wsgi [None req-b5482e38-2b9f-4901-83a4-0c35b52b39ea 1e7dc8fe47e6429cb2bb978ca1cc15c6 648b6b88fee64ac1b19ebad9b51eece1 - - default default] 10.0.0.27 "GET /v2.0/routers HTTP/1.1" status: 200 len: 189 time: 0.0321236
2026-03-06 01:25:39.334 10 INFO neutron.api.wsgi [None req-c8131022-0d24-4b5b-86d0-99ad4024332c 1e7dc8fe47e6429cb2bb978ca1cc15c6 648b6b88fee64ac1b19ebad9b51eece1 - - default default] 10.0.0.27 "GET /v2.0/agents?binary=ovn-controller HTTP/1.1" status: 200 len: 591 time: 0.0486984
2026-03-06 01:25:39.371 10 INFO neutron.api.wsgi [None req-1db79225-ce11-4938-a9f8-bb9b0db0202a 1e7dc8fe47e6429cb2bb978ca1cc15c6 648b6b88fee64ac1b19ebad9b51eece1 - - default default] 10.0.0.27 "GET /v2.0/security-groups HTTP/1.1" status: 200 len: 17578 time: 0.0365405
2026-03-06 01:25:39.394 10 INFO neutron.api.wsgi [None req-c3152b2c-b73c-4997-9d62-a651de8fb095 1e7dc8fe47e6429cb2bb978ca1cc15c6 648b6b88fee64ac1b19ebad9b51eece1 - - default default] 10.0.0.27 "GET /v2.0/agents HTTP/1.1" status: 200 len: 1390 time: 0.0116038
2026-03-06 01:25:39.410 10 INFO neutron.api.wsgi [None req-f5def68e-c974-44a5-8071-dc26c3d427bc 1e7dc8fe47e6429cb2bb978ca1cc15c6 648b6b88fee64ac1b19ebad9b51eece1 - - default default] 10.0.0.27 "GET /v2.0/network-ip-availabilities HTTP/1.1" status: 200 len: 1280 time: 0.0138779
2026-03-06 01:25:41.528 10 INFO neutron.api.wsgi [-] 10.0.0.194 "GET / HTTP/1.1" status: 200 len: 246 time: 0.0017364
2026-03-06 01:25:41.531 10 INFO neutron.api.wsgi [-] 10.0.0.194 "GET / HTTP/1.1" status: 200 len: 246 time: 0.0017712
2026-03-06 01:25:56.529 10 INFO neutron.api.wsgi [-] 10.0.0.194 "GET / HTTP/1.1" status: 200 len: 246 time: 0.0025282
2026-03-06 01:25:56.529 9 INFO neutron.api.wsgi [-] 10.0.0.194 "GET / HTTP/1.1" status: 200 len: 246 time: 0.0024676
2026-03-06 01:26:11.528 10 INFO neutron.api.wsgi [-] 10.0.0.194 "GET / HTTP/1.1" status: 200 len: 246 time: 0.0017724
2026-03-06 01:26:11.529 9 INFO neutron.api.wsgi [-] 10.0.0.194 "GET / HTTP/1.1" status: 200 len: 246 time: 0.0019464
2026-03-06 01:26:26.529 10 INFO neutron.api.wsgi [-] 10.0.0.194 "GET / HTTP/1.1" status: 200 len: 246 time: 0.0025401
2026-03-06 01:26:26.575 9 INFO neutron.api.wsgi [-] 10.0.0.194 "GET / HTTP/1.1" status: 200 len: 246 time: 0.0480292
2026-03-06 01:26:38.954 10 INFO neutron.api.wsgi [None req-1f0ede6d-e69d-446e-b10f-5f9271572888 1e7dc8fe47e6429cb2bb978ca1cc15c6 648b6b88fee64ac1b19ebad9b51eece1 - - default default] 10.0.0.27 "GET /v2.0/networks HTTP/1.1" status: 200 len: 2350 time: 0.1492770
2026-03-06 01:26:39.001 10 INFO neutron.api.wsgi [None req-5a88b073-cebf-45db-add7-770743e17939 1e7dc8fe47e6429cb2bb978ca1cc15c6 648b6b88fee64ac1b19ebad9b51eece1 - - default default] 10.0.0.27 "GET /v2.0/agents HTTP/1.1" status: 200 len: 1390 time: 0.0424302
2026-03-06 01:26:39.032 10 INFO neutron.api.wsgi [None req-ad0081c7-adc0-4b14-a640-027d7d08aac9 1e7dc8fe47e6429cb2bb978ca1cc15c6 648b6b88fee64ac1b19ebad9b51eece1 - - default default] 10.0.0.27 "GET /v2.0/subnets HTTP/1.1" status: 200 len: 1484 time: 0.0294683
2026-03-06 01:26:39.078 10 INFO neutron.api.wsgi [None req-38d264d7-b5f5-466b-a4c5-ecc29ba556f1 1e7dc8fe47e6429cb2bb978ca1cc15c6 648b6b88fee64ac1b19ebad9b51eece1 - - default default] 10.0.0.27 "GET /v2.0/ports HTTP/1.1" status: 200 len: 5351 time: 0.0439382
2026-03-06 01:26:39.110 10 INFO neutron.api.wsgi [None req-ddf6c13c-8106-4d2b-9af0-fba51eda0deb 1e7dc8fe47e6429cb2bb978ca1cc15c6 648b6b88fee64ac1b19ebad9b51eece1 - - default default] 10.0.0.27 "GET /v2.0/subnets HTTP/1.1" status: 200 len: 1484 time: 0.0307355
2026-03-06 01:26:39.136 10 INFO neutron.api.wsgi [None req-a0f4f512-fb36-4667-96f7-ec0481173f5e 1e7dc8fe47e6429cb2bb978ca1cc15c6 648b6b88fee64ac1b19ebad9b51eece1 - - default default] 10.0.0.27 "GET /v2.0/subnetpools HTTP/1.1" status: 200 len: 193 time: 0.0250716
2026-03-06 01:26:39.160 10 INFO neutron.api.wsgi [None req-46120f11-6b35-4f6b-bc66-44af0fc2579d 1e7dc8fe47e6429cb2bb978ca1cc15c6 648b6b88fee64ac1b19ebad9b51eece1 - - default default] 10.0.0.27 "GET /v2.0/floatingips HTTP/1.1" status: 200 len: 193 time: 0.0227160
2026-03-06 01:26:39.195 10 INFO neutron.api.wsgi [None req-53e9e94e-7c46-4c3b-9dab-f9b297e04190 1e7dc8fe47e6429cb2bb978ca1cc15c6 648b6b88fee64ac1b19ebad9b51eece1 - - default default] 10.0.0.27 "GET /v2.0/security-groups HTTP/1.1" status: 200 len: 17578 time: 0.0338814
2026-03-06 01:26:39.222 10 INFO neutron.api.wsgi [None req-46de7e8f-6eb5-40e3-bfe7-ad27c39fa18e 1e7dc8fe47e6429cb2bb978ca1cc15c6 648b6b88fee64ac1b19ebad9b51eece1 - - default default] 10.0.0.27 "GET /v2.0/routers HTTP/1.1" status: 200 len: 189 time: 0.0163677
2026-03-06 01:26:39.230 10 INFO neutron.api.wsgi [None req-2fc49766-297d-4dde-981b-74350c12b941 1e7dc8fe47e6429cb2bb978ca1cc15c6 648b6b88fee64ac1b19ebad9b51eece1 - - default default] 10.0.0.27 "GET /v2.0/agents?binary=ovn-controller HTTP/1.1" status: 200 len: 591 time: 0.0075190
2026-03-06 01:26:39.240 10 INFO neutron.api.wsgi [None req-e8209b45-5d7a-4807-8d74-39f65da88f11 1e7dc8fe47e6429cb2bb978ca1cc15c6 648b6b88fee64ac1b19ebad9b51eece1 - - default default] 10.0.0.27 "GET /v2.0/network-ip-availabilities HTTP/1.1" status: 200 len: 1280 time: 0.0085652
2026-03-06 01:26:41.529 9 INFO neutron.api.wsgi [-] 10.0.0.194 "GET / HTTP/1.1" status: 200 len: 246 time: 0.0019667
2026-03-06 01:26:41.531 9 INFO neutron.api.wsgi [-] 10.0.0.194 "GET / HTTP/1.1" status: 200 len: 246 time: 0.0015187
2026-03-06 01:26:56.528 9 INFO neutron.api.wsgi [-] 10.0.0.194 "GET / HTTP/1.1" status: 200 len: 246 time: 0.0020967
2026-03-06 01:26:56.529 10 INFO neutron.api.wsgi [-] 10.0.0.194 "GET / HTTP/1.1" status: 200 len: 246 time: 0.0027111
2026-03-06 01:27:11.530 9 INFO neutron.api.wsgi [-] 10.0.0.194 "GET / HTTP/1.1" status: 200 len: 246 time: 0.0025849
2026-03-06 01:27:11.533 10 INFO neutron.api.wsgi [-] 10.0.0.194 "GET / HTTP/1.1" status: 200 len: 246 time: 0.0050790
2026-03-06 01:27:26.529 10 INFO neutron.api.wsgi [-] 10.0.0.194 "GET / HTTP/1.1" status: 200 len: 246 time: 0.0020170
2026-03-06 01:27:26.529 9 INFO neutron.api.wsgi [-] 10.0.0.194 "GET / HTTP/1.1" status: 200 len: 246 time: 0.0025709
2026-03-06 01:27:33.128 15 INFO neutron.db.ovn_revision_numbers_db [None req-1485e26e-7468-4421-9530-5347b512bc26 - - - - - -] Successfully bumped revision number for resource 4e4f6740-cb43-4e31-aaba-541146308e34 (type: security_groups) to 5
2026-03-06 01:27:33.128 15 INFO neutron.plugins.ml2.drivers.ovn.mech_driver.ovsdb.maintenance [None req-1485e26e-7468-4421-9530-5347b512bc26 - - - - - -] Maintenance task: Synchronization completed (took 0.05 seconds)
2026-03-06 01:27:38.858 10 INFO neutron.api.wsgi [None req-f38624e5-27e0-4f2c-a803-44644ae5961f 1e7dc8fe47e6429cb2bb978ca1cc15c6 648b6b88fee64ac1b19ebad9b51eece1 - - default default] 10.0.0.27 "GET /v2.0/ports HTTP/1.1" status: 200 len: 5351 time: 0.1340547
2026-03-06 01:27:38.877 10 INFO neutron.api.wsgi [None req-b57e184f-04e3-4a5e-b21b-2f46e89f9a95 1e7dc8fe47e6429cb2bb978ca1cc15c6 648b6b88fee64ac1b19ebad9b51eece1 - - default default] 10.0.0.27 "GET /v2.0/routers HTTP/1.1" status: 200 len: 189 time: 0.0169783
2026-03-06 01:27:38.919 10 INFO neutron.api.wsgi [None req-65d8ba6e-c650-4c9a-a734-37af20f28374 1e7dc8fe47e6429cb2bb978ca1cc15c6 648b6b88fee64ac1b19ebad9b51eece1 - - default default] 10.0.0.27 "GET /v2.0/agents?binary=ovn-controller HTTP/1.1" status: 200 len: 591 time: 0.0407186
2026-03-06 01:27:38.948 10 INFO neutron.api.wsgi [None req-d062ff66-416f-4f1c-ab6e-d528003a7eef 1e7dc8fe47e6429cb2bb978ca1cc15c6 648b6b88fee64ac1b19ebad9b51eece1 - - default default] 10.0.0.27 "GET /v2.0/subnets HTTP/1.1" status: 200 len: 1484 time: 0.0258384
2026-03-06 01:27:38.959 10 INFO neutron.api.wsgi [None req-c92bf290-0c01-44ed-97b2-aa8fc52f0d13 1e7dc8fe47e6429cb2bb978ca1cc15c6 648b6b88fee64ac1b19ebad9b51eece1 - - default default] 10.0.0.27 "GET /v2.0/subnetpools HTTP/1.1" status: 200 len: 193 time: 0.0104210
2026-03-06 01:27:39.008 10 INFO neutron.api.wsgi [None req-79ecb460-2d46-4dbd-a7bb-f9c9c714ecdc 1e7dc8fe47e6429cb2bb978ca1cc15c6 648b6b88fee64ac1b19ebad9b51eece1 - - default default] 10.0.0.27 "GET /v2.0/networks HTTP/1.1" status: 200 len: 2350 time: 0.0483778
2026-03-06 01:27:39.018 10 INFO neutron.api.wsgi [None req-c8e13619-0557-4836-8ee4-93f27fb259e1 1e7dc8fe47e6429cb2bb978ca1cc15c6 648b6b88fee64ac1b19ebad9b51eece1 - - default default] 10.0.0.27 "GET /v2.0/agents HTTP/1.1" status: 200 len: 1390 time: 0.0084441
2026-03-06 01:27:39.036 10 INFO neutron.api.wsgi [None req-a9897f77-9e0c-4ab7-9c55-62029375c2aa 1e7dc8fe47e6429cb2bb978ca1cc15c6 648b6b88fee64ac1b19ebad9b51eece1 - - default default] 10.0.0.27 "GET /v2.0/floatingips HTTP/1.1" status: 200 len: 193 time: 0.0163710
2026-03-06 01:27:39.046 10 INFO neutron.api.wsgi [None req-ceb99fc7-06fe-471f-af6f-c8e8e8c39ce5 1e7dc8fe47e6429cb2bb978ca1cc15c6 648b6b88fee64ac1b19ebad9b51eece1 - - default default] 10.0.0.27 "GET /v2.0/network-ip-availabilities HTTP/1.1" status: 200 len: 1280 time: 0.0087643
2026-03-06 01:27:39.083 10 INFO neutron.api.wsgi [None req-c3455d99-3275-4035-93ac-d0e61009dcc1 1e7dc8fe47e6429cb2bb978ca1cc15c6 648b6b88fee64ac1b19ebad9b51eece1 - - default default] 10.0.0.27 "GET /v2.0/security-groups HTTP/1.1" status: 200 len: 17578 time: 0.0367529
2026-03-06 01:27:39.121 10 INFO neutron.api.wsgi [None req-2e3dcbab-da9c-479b-b45a-59aaf08c0505 1e7dc8fe47e6429cb2bb978ca1cc15c6 648b6b88fee64ac1b19ebad9b51eece1 - - default default] 10.0.0.27 "GET /v2.0/subnets HTTP/1.1" status: 200 len: 1484 time: 0.0312045
2026-03-06 01:27:41.529 10 INFO neutron.api.wsgi [-] 10.0.0.194 "GET / HTTP/1.1" status: 200 len: 246 time: 0.0025723
2026-03-06 01:27:41.530 9 INFO neutron.api.wsgi [-] 10.0.0.194 "GET / HTTP/1.1" status: 200 len: 246 time: 0.0033259
2026-03-06 01:27:56.528 10 INFO neutron.api.wsgi [-] 10.0.0.194 "GET / HTTP/1.1" status: 200 len: 246 time: 0.0018747
2026-03-06 01:27:56.529 9 INFO neutron.api.wsgi [-] 10.0.0.194 "GET / HTTP/1.1" status: 200 len: 246 time: 0.0025795
2026-03-06 01:28:11.530 9 INFO neutron.api.wsgi [-] 10.0.0.194 "GET / HTTP/1.1" status: 200 len: 246 time: 0.0035968
2026-03-06 01:28:11.533 10 INFO neutron.api.wsgi [-] 10.0.0.194 "GET / HTTP/1.1" status: 200 len: 246 time: 0.0050075
2026-03-06 01:28:26.529 10 INFO neutron.api.wsgi [-] 10.0.0.194 "GET / HTTP/1.1" status: 200 len: 246 time: 0.0018950
2026-03-06 01:28:26.529 9 INFO neutron.api.wsgi [-] 10.0.0.194 "GET / HTTP/1.1" status: 200 len: 246 time: 0.0032375
2026-03-06 01:28:38.845 10 INFO neutron.api.wsgi [None req-0af6450a-3132-46ee-99fd-b4a946b66d90 1e7dc8fe47e6429cb2bb978ca1cc15c6 648b6b88fee64ac1b19ebad9b51eece1 - - default default] 10.0.0.27 "GET /v2.0/routers HTTP/1.1" status: 200 len: 189 time: 0.0860496
2026-03-06 01:28:38.880 10 INFO neutron.api.wsgi [None req-8030d490-ced1-4d0f-9f99-af0210988f16 1e7dc8fe47e6429cb2bb978ca1cc15c6 648b6b88fee64ac1b19ebad9b51eece1 - - default default] 10.0.0.27 "GET /v2.0/agents?binary=ovn-controller HTTP/1.1" status: 200 len: 591 time: 0.0320776
2026-03-06 01:28:38.916 10 INFO neutron.api.wsgi [None req-0ce38f5e-3c6f-45c8-823f-bddf4def02a7 1e7dc8fe47e6429cb2bb978ca1cc15c6 648b6b88fee64ac1b19ebad9b51eece1 - - default default] 10.0.0.27 "GET /v2.0/security-groups HTTP/1.1" status: 200 len: 17578 time: 0.0351737
2026-03-06 01:28:38.951 10 INFO neutron.api.wsgi [None req-b56ff516-ca4f-4c41-8dd4-233ce31d691c 1e7dc8fe47e6429cb2bb978ca1cc15c6 648b6b88fee64ac1b19ebad9b51eece1 - - default default] 10.0.0.27 "GET /v2.0/subnets HTTP/1.1" status: 200 len: 1484 time: 0.0266581
2026-03-06 01:28:38.980 10 INFO neutron.api.wsgi [None req-7930b6c9-9377-48d4-ab8f-b4c6ee276216 1e7dc8fe47e6429cb2bb978ca1cc15c6 648b6b88fee64ac1b19ebad9b51eece1 - - default default] 10.0.0.27 "GET /v2.0/subnets HTTP/1.1" status: 200 len: 1484 time: 0.0267751
2026-03-06 01:28:38.993 10 INFO neutron.api.wsgi [None req-601c89c2-efb2-4b2f-9ba3-8d3b8c2d0f00 1e7dc8fe47e6429cb2bb978ca1cc15c6 648b6b88fee64ac1b19ebad9b51eece1 - - default default] 10.0.0.27 "GET /v2.0/subnetpools HTTP/1.1" status: 200 len: 193 time: 0.0096834
2026-03-06 01:28:39.062 10 INFO neutron.api.wsgi [None req-1e6f3791-8c9f-483c-a20a-6fe8384dff64 1e7dc8fe47e6429cb2bb978ca1cc15c6 648b6b88fee64ac1b19ebad9b51eece1 - - default default] 10.0.0.27 "GET /v2.0/networks HTTP/1.1" status: 200 len: 2350 time: 0.0677395
2026-03-06 01:28:39.107 10 INFO neutron.api.wsgi [None req-0943daf4-0e8e-4342-a365-200488633842 1e7dc8fe47e6429cb2bb978ca1cc15c6 648b6b88fee64ac1b19ebad9b51eece1 - - default default] 10.0.0.27 "GET /v2.0/ports HTTP/1.1" status: 200 len: 5351 time: 0.0425670
2026-03-06 01:28:39.122 10 INFO neutron.api.wsgi [None req-71c30db4-7b06-4bc9-b29b-d09d543d1165 1e7dc8fe47e6429cb2bb978ca1cc15c6 648b6b88fee64ac1b19ebad9b51eece1 - - default default] 10.0.0.27 "GET /v2.0/agents HTTP/1.1" status: 200 len: 1390 time: 0.0101833
2026-03-06 01:28:39.143 10 INFO neutron.api.wsgi [None req-2eea980a-7e6f-4081-b134-3e639e80729f 1e7dc8fe47e6429cb2bb978ca1cc15c6 648b6b88fee64ac1b19ebad9b51eece1 - - default default] 10.0.0.27 "GET /v2.0/network-ip-availabilities HTTP/1.1" status: 200 len: 1280 time: 0.0193574
2026-03-06 01:28:39.160 10 INFO neutron.api.wsgi [None req-5663074b-a655-4779-a9e5-f7acf7c41a6a 1e7dc8fe47e6429cb2bb978ca1cc15c6 648b6b88fee64ac1b19ebad9b51eece1 - - default default] 10.0.0.27 "GET /v2.0/floatingips HTTP/1.1" status: 200 len: 193 time: 0.0162945
2026-03-06 01:28:41.528 9 INFO neutron.api.wsgi [-] 10.0.0.194 "GET / HTTP/1.1" status: 200 len: 246 time: 0.0013242
2026-03-06 01:28:41.530 9 INFO neutron.api.wsgi [-] 10.0.0.194 "GET / HTTP/1.1" status: 200 len: 246 time: 0.0013521
2026-03-06 01:28:56.529 9 INFO neutron.api.wsgi [-] 10.0.0.194 "GET / HTTP/1.1" status: 200 len: 246 time: 0.0019035
2026-03-06 01:28:56.530 10 INFO neutron.api.wsgi [-] 10.0.0.194 "GET / HTTP/1.1" status: 200 len: 246 time: 0.0028858
2026-03-06 01:29:11.529 10 INFO neutron.api.wsgi [-] 10.0.0.194 "GET / HTTP/1.1" status: 200 len: 246 time: 0.0026758
2026-03-06 01:29:11.532 10 INFO neutron.api.wsgi [-] 10.0.0.194 "GET / HTTP/1.1" status: 200 len: 246 time: 0.0028992
2026-03-06 01:29:26.529 9 INFO neutron.api.wsgi [-] 10.0.0.194 "GET / HTTP/1.1" status: 200 len: 246 time: 0.0026333
2026-03-06 01:29:26.529 10 INFO neutron.api.wsgi [-] 10.0.0.194 "GET / HTTP/1.1" status: 200 len: 246 time: 0.0027206
2026-03-06 01:29:38.920 10 INFO neutron.api.wsgi [None req-639aed84-22ce-4f1a-9adb-0223cbc4dea4 1e7dc8fe47e6429cb2bb978ca1cc15c6 648b6b88fee64ac1b19ebad9b51eece1 - - default default] 10.0.0.27 "GET /v2.0/networks HTTP/1.1" status: 200 len: 2350 time: 0.1393912
2026-03-06 01:29:38.949 10 INFO neutron.api.wsgi [None req-b77be1eb-8cdf-4591-abdd-f3686cddb360 1e7dc8fe47e6429cb2bb978ca1cc15c6 648b6b88fee64ac1b19ebad9b51eece1 - - default default] 10.0.0.27 "GET /v2.0/subnets HTTP/1.1" status: 200 len: 1484 time: 0.0253294
2026-03-06 01:29:38.956 10 INFO neutron.api.wsgi [None req-f554c3db-8fd0-4781-b6f6-cd47f84646d9 1e7dc8fe47e6429cb2bb978ca1cc15c6 648b6b88fee64ac1b19ebad9b51eece1 - - default default] 10.0.0.27 "GET /v2.0/subnetpools HTTP/1.1" status: 200 len: 193 time: 0.0058875
2026-03-06 01:29:38.999 10 INFO neutron.api.wsgi [None req-78a2575d-f7ff-4281-a61e-c9c0f0d475ad 1e7dc8fe47e6429cb2bb978ca1cc15c6 648b6b88fee64ac1b19ebad9b51eece1 - - default default] 10.0.0.27 "GET /v2.0/agents HTTP/1.1" status: 200 len: 1390 time: 0.0426171
2026-03-06 01:29:39.027 10 INFO neutron.api.wsgi [None req-3117af02-6863-4d02-9990-f154462184c0 1e7dc8fe47e6429cb2bb978ca1cc15c6 648b6b88fee64ac1b19ebad9b51eece1 - - default default] 10.0.0.27 "GET /v2.0/subnets HTTP/1.1" status: 200 len: 1484 time: 0.0259159
2026-03-06 01:29:39.044 10 INFO neutron.api.wsgi [None req-b0ce5538-4e56-4b69-927e-0598a11045e8 1e7dc8fe47e6429cb2bb978ca1cc15c6 648b6b88fee64ac1b19ebad9b51eece1 - - default default] 10.0.0.27 "GET /v2.0/routers HTTP/1.1" status: 200 len: 189 time: 0.0160208
2026-03-06 01:29:39.052 10 INFO neutron.api.wsgi [None req-6678524a-9054-43f5-8bd7-90345bcbc1f0 1e7dc8fe47e6429cb2bb978ca1cc15c6 648b6b88fee64ac1b19ebad9b51eece1 - - default default] 10.0.0.27 "GET /v2.0/agents?binary=ovn-controller HTTP/1.1" status: 200 len: 591 time: 0.0077095
2026-03-06 01:29:39.067 10 INFO neutron.api.wsgi [None req-eb15b06d-e144-460a-9bb1-1423d6da7cc3 1e7dc8fe47e6429cb2bb978ca1cc15c6 648b6b88fee64ac1b19ebad9b51eece1 - - default default] 10.0.0.27 "GET /v2.0/network-ip-availabilities HTTP/1.1" status: 200 len: 1280 time: 0.0128596
2026-03-06 01:29:39.082 10 INFO neutron.api.wsgi [None req-eedab0f7-c3d9-43c7-904a-c1cbbb301fb1 1e7dc8fe47e6429cb2bb978ca1cc15c6 648b6b88fee64ac1b19ebad9b51eece1 - - default default] 10.0.0.27 "GET /v2.0/floatingips HTTP/1.1" status: 200 len: 193 time: 0.0138240
2026-03-06 01:29:39.119 10 INFO neutron.api.wsgi [None req-4b8fe304-ffd5-466e-b37d-008faed94a85 1e7dc8fe47e6429cb2bb978ca1cc15c6 648b6b88fee64ac1b19ebad9b51eece1 - - default default] 10.0.0.27 "GET /v2.0/security-groups HTTP/1.1" status: 200 len: 17578 time: 0.0368755
2026-03-06 01:29:39.191 10 INFO neutron.api.wsgi [None req-76908172-2c39-4930-9622-621baf629354 1e7dc8fe47e6429cb2bb978ca1cc15c6 648b6b88fee64ac1b19ebad9b51eece1 - - default default] 10.0.0.27 "GET /v2.0/ports HTTP/1.1" status: 200 len: 5351 time: 0.0530691
2026-03-06 01:29:41.528 10 INFO neutron.api.wsgi [-] 10.0.0.194 "GET / HTTP/1.1" status: 200 len: 246 time: 0.0017431
2026-03-06 01:29:41.534 9 INFO neutron.api.wsgi [-] 10.0.0.194 "GET / HTTP/1.1" status: 200 len: 246 time: 0.0069814
2026-03-06 01:29:56.529 9 INFO neutron.api.wsgi [-] 10.0.0.194 "GET / HTTP/1.1" status: 200 len: 246 time: 0.0024045
2026-03-06 01:29:56.532 9 INFO neutron.api.wsgi [-] 10.0.0.194 "GET / HTTP/1.1" status: 200 len: 246 time: 0.0020311
2026-03-06 01:30:11.529 9 INFO neutron.api.wsgi [-] 10.0.0.194 "GET / HTTP/1.1" status: 200 len: 246 time: 0.0024972
2026-03-06 01:30:11.531 10 INFO neutron.api.wsgi [-] 10.0.0.194 "GET / HTTP/1.1" status: 200 len: 246 time: 0.0039961
2026-03-06 01:30:26.528 9 INFO neutron.api.wsgi [-] 10.0.0.194 "GET / HTTP/1.1" status: 200 len: 246 time: 0.0013535
2026-03-06 01:30:26.530 10 INFO neutron.api.wsgi [-] 10.0.0.194 "GET / HTTP/1.1" status: 200 len: 246 time: 0.0033791
2026-03-06 01:30:38.881 10 INFO neutron.api.wsgi [None req-5def4fb4-7138-4df6-b070-4bea51079cc0 1e7dc8fe47e6429cb2bb978ca1cc15c6 648b6b88fee64ac1b19ebad9b51eece1 - - default default] 10.0.0.27 "GET /v2.0/ports HTTP/1.1" status: 200 len: 5351 time: 0.1179562
2026-03-06 01:30:38.921 10 INFO neutron.api.wsgi [None req-ac226c40-3d67-4e5b-8c8c-e33983623edd 1e7dc8fe47e6429cb2bb978ca1cc15c6 648b6b88fee64ac1b19ebad9b51eece1 - - default default] 10.0.0.27 "GET /v2.0/security-groups HTTP/1.1" status: 200 len: 17578 time: 0.0353198
2026-03-06 01:30:38.936 10 INFO neutron.api.wsgi [None req-d2cad040-e05e-48de-8618-420674a3492b 1e7dc8fe47e6429cb2bb978ca1cc15c6 648b6b88fee64ac1b19ebad9b51eece1 - - default default] 10.0.0.27 "GET /v2.0/floatingips HTTP/1.1" status: 200 len: 193 time: 0.0122948
2026-03-06 01:30:38.995 10 INFO neutron.api.wsgi [None req-c4619a54-b97a-4576-976d-a5669cafd1a2 1e7dc8fe47e6429cb2bb978ca1cc15c6 648b6b88fee64ac1b19ebad9b51eece1 - - default default] 10.0.0.27 "GET /v2.0/networks HTTP/1.1" status: 200 len: 2350 time: 0.0580711
2026-03-06 01:30:39.010 10 INFO neutron.api.wsgi [None req-3612a511-c34d-4b1d-bfc3-384679c2a2c4 1e7dc8fe47e6429cb2bb978ca1cc15c6 648b6b88fee64ac1b19ebad9b51eece1 - - default default] 10.0.0.27 "GET /v2.0/routers HTTP/1.1" status: 200 len: 189 time: 0.0123885
2026-03-06 01:30:39.045 10 INFO neutron.api.wsgi [None req-dd1d0475-a02e-4abc-ba41-ece86451db47 1e7dc8fe47e6429cb2bb978ca1cc15c6 648b6b88fee64ac1b19ebad9b51eece1 - - default default] 10.0.0.27 "GET /v2.0/agents?binary=ovn-controller HTTP/1.1" status: 200 len: 591 time: 0.0348420
2026-03-06 01:30:39.055 10 INFO neutron.api.wsgi [None req-c785f228-0188-4875-86dc-c9145de95eb5 1e7dc8fe47e6429cb2bb978ca1cc15c6 648b6b88fee64ac1b19ebad9b51eece1 - - default default] 10.0.0.27 "GET /v2.0/agents HTTP/1.1" status: 200 len: 1390 time: 0.0078981
2026-03-06 01:30:39.065 10 INFO neutron.api.wsgi [None req-4e3ab02d-6ee1-4161-bd42-4fcfaf904ee2 1e7dc8fe47e6429cb2bb978ca1cc15c6 648b6b88fee64ac1b19ebad9b51eece1 - - default default] 10.0.0.27 "GET /v2.0/network-ip-availabilities HTTP/1.1" status: 200 len: 1280 time: 0.0086179
2026-03-06 01:30:39.104 10 INFO neutron.api.wsgi [None req-2ba9826c-0a98-4243-80b6-175ef55c4f3b 1e7dc8fe47e6429cb2bb978ca1cc15c6 648b6b88fee64ac1b19ebad9b51eece1 - - default default] 10.0.0.27 "GET /v2.0/subnets HTTP/1.1" status: 200 len: 1484 time: 0.0367517
2026-03-06 01:30:39.133 10 INFO neutron.api.wsgi [None req-22d1792e-66a7-4a1a-8ae5-3e2d38023390 1e7dc8fe47e6429cb2bb978ca1cc15c6 648b6b88fee64ac1b19ebad9b51eece1 - - default default] 10.0.0.27 "GET /v2.0/subnets HTTP/1.1" status: 200 len: 1484 time: 0.0273454
2026-03-06 01:30:39.145 10 INFO neutron.api.wsgi [None req-186826e9-0ec8-4f76-8afb-584626b9eaf6 1e7dc8fe47e6429cb2bb978ca1cc15c6 648b6b88fee64ac1b19ebad9b51eece1 - - default default] 10.0.0.27 "GET /v2.0/subnetpools HTTP/1.1" status: 200 len: 193 time: 0.0103536
2026-03-06 01:30:41.529 9 INFO neutron.api.wsgi [-] 10.0.0.194 "GET / HTTP/1.1" status: 200 len: 246 time: 0.0024297
2026-03-06 01:30:41.532 9 INFO neutron.api.wsgi [-] 10.0.0.194 "GET / HTTP/1.1" status: 200 len: 246 time: 0.0014372
2026-03-06 01:30:56.528 10 INFO neutron.api.wsgi [-] 10.0.0.194 "GET / HTTP/1.1" status: 200 len: 246 time: 0.0016291
2026-03-06 01:30:56.529 9 INFO neutron.api.wsgi [-] 10.0.0.194 "GET / HTTP/1.1" status: 200 len: 246 time: 0.0027673
2026-03-06 01:31:11.530 9 INFO neutron.api.wsgi [-] 10.0.0.194 "GET / HTTP/1.1" status: 200 len: 246 time: 0.0028512
2026-03-06 01:31:11.537 9 INFO neutron.api.wsgi [-] 10.0.0.194 "GET / HTTP/1.1" status: 200 len: 246 time: 0.0017874
2026-03-06 01:31:26.529 9 INFO neutron.api.wsgi [-] 10.0.0.194 "GET / HTTP/1.1" status: 200 len: 246 time: 0.0026755
2026-03-06 01:31:26.532 10 INFO neutron.api.wsgi [-] 10.0.0.194 "GET / HTTP/1.1" status: 200 len: 246 time: 0.0043137
2026-03-06 01:31:38.801 10 INFO neutron.api.wsgi [None req-5c09b1f7-e3d3-4857-a659-873518aadb6d 1e7dc8fe47e6429cb2bb978ca1cc15c6 648b6b88fee64ac1b19ebad9b51eece1 - - default default] 10.0.0.27 "GET /v2.0/subnets HTTP/1.1" status: 200 len: 1484 time: 0.1120901
2026-03-06 01:31:38.848 10 INFO neutron.api.wsgi [None req-ff55dc03-c380-46ea-87fe-0665b3b43e27 1e7dc8fe47e6429cb2bb978ca1cc15c6 648b6b88fee64ac1b19ebad9b51eece1 - - default default] 10.0.0.27 "GET /v2.0/ports HTTP/1.1" status: 200 len: 5351 time: 0.0459628
2026-03-06 01:31:38.868 10 INFO neutron.api.wsgi [None req-96eafcc7-8f64-47e2-95f8-182e11b89299 1e7dc8fe47e6429cb2bb978ca1cc15c6 648b6b88fee64ac1b19ebad9b51eece1 - - default default] 10.0.0.27 "GET /v2.0/routers HTTP/1.1" status: 200 len: 189 time: 0.0158653
2026-03-06 01:31:38.899 10 INFO neutron.api.wsgi [None req-b57139ae-88e1-4266-9a17-c2e974734263 1e7dc8fe47e6429cb2bb978ca1cc15c6 648b6b88fee64ac1b19ebad9b51eece1 - - default default] 10.0.0.27 "GET /v2.0/agents?binary=ovn-controller HTTP/1.1" status: 200 len: 591 time: 0.0299413
2026-03-06 01:31:38.924 10 INFO neutron.api.wsgi [None req-8339b814-c48b-48ae-bb1f-867fe3d448d4 1e7dc8fe47e6429cb2bb978ca1cc15c6 648b6b88fee64ac1b19ebad9b51eece1 - - default default] 10.0.0.27 "GET /v2.0/subnets HTTP/1.1" status: 200 len: 1484 time: 0.0241380
2026-03-06 01:31:38.931 10 INFO neutron.api.wsgi [None req-1adf3b5f-d9c4-4851-8423-461031c9b7d7 1e7dc8fe47e6429cb2bb978ca1cc15c6 648b6b88fee64ac1b19ebad9b51eece1 - - default default] 10.0.0.27 "GET /v2.0/subnetpools HTTP/1.1" status: 200 len: 193 time: 0.0062528
2026-03-06 01:31:38.945 10 INFO neutron.api.wsgi [None req-49113699-7be7-47ca-a704-4c3f51dfff59 1e7dc8fe47e6429cb2bb978ca1cc15c6 648b6b88fee64ac1b19ebad9b51eece1 - - default default] 10.0.0.27 "GET /v2.0/floatingips HTTP/1.1" status: 200 len: 193 time: 0.0131650
2026-03-06 01:31:38.954 10 INFO neutron.api.wsgi [None req-c3c1bd9f-06ae-4826-bd14-06b9fd75a49b 1e7dc8fe47e6429cb2bb978ca1cc15c6 648b6b88fee64ac1b19ebad9b51eece1 - - default default] 10.0.0.27 "GET /v2.0/agents HTTP/1.1" status: 200 len: 1390 time: 0.0076497
2026-03-06 01:31:38.966 10 INFO neutron.api.wsgi [None req-af6fa779-e7f5-46fe-a18d-d2b7ad4c478f 1e7dc8fe47e6429cb2bb978ca1cc15c6 648b6b88fee64ac1b19ebad9b51eece1 - - default default] 10.0.0.27 "GET /v2.0/network-ip-availabilities HTTP/1.1" status: 200 len: 1280 time: 0.0095437
2026-03-06 01:31:39.011 10 INFO neutron.api.wsgi [None req-a3f7de2a-15d0-41fd-b78e-31e8d7c452af 1e7dc8fe47e6429cb2bb978ca1cc15c6 648b6b88fee64ac1b19ebad9b51eece1 - - default default] 10.0.0.27 "GET /v2.0/networks HTTP/1.1" status: 200 len: 2350 time: 0.0449448
2026-03-06 01:31:39.044 10 INFO neutron.api.wsgi [None req-781c0b24-e573-4a52-846f-cc97a2023b27 1e7dc8fe47e6429cb2bb978ca1cc15c6 648b6b88fee64ac1b19ebad9b51eece1 - - default default] 10.0.0.27 "GET /v2.0/security-groups HTTP/1.1" status: 200 len: 17578 time: 0.0300751
2026-03-06 01:31:41.532 10 INFO neutron.api.wsgi [-] 10.0.0.194 "GET / HTTP/1.1" status: 200 len: 246 time: 0.0047538
2026-03-06 01:31:41.536 10 INFO neutron.api.wsgi [-] 10.0.0.194 "GET / HTTP/1.1" status: 200 len: 246 time: 0.0028169
2026-03-06 01:31:56.531 9 INFO neutron.api.wsgi [-] 10.0.0.194 "GET / HTTP/1.1" status: 200 len: 246 time: 0.0039313
2026-03-06 01:31:56.532 10 INFO neutron.api.wsgi [-] 10.0.0.194 "GET / HTTP/1.1" status: 200 len: 246 time: 0.0035913
2026-03-06 01:32:11.531 9 INFO neutron.api.wsgi [-] 10.0.0.194 "GET / HTTP/1.1" status: 200 len: 246 time: 0.0043249
2026-03-06 01:32:11.531 10 INFO neutron.api.wsgi [-] 10.0.0.194 "GET / HTTP/1.1" status: 200 len: 246 time: 0.0037844
2026-03-06 01:32:26.529 10 INFO neutron.api.wsgi [-] 10.0.0.194 "GET / HTTP/1.1" status: 200 len: 246 time: 0.0026770
2026-03-06 01:32:26.530 9 INFO neutron.api.wsgi [-] 10.0.0.194 "GET / HTTP/1.1" status: 200 len: 246 time: 0.0036533
2026-03-06 01:32:38.948 10 INFO neutron.api.wsgi [None req-a9e24037-cdf9-461f-a58f-2b37b3194496 1e7dc8fe47e6429cb2bb978ca1cc15c6 648b6b88fee64ac1b19ebad9b51eece1 - - default default] 10.0.0.27 "GET /v2.0/subnets HTTP/1.1" status: 200 len: 1484 time: 0.1319337
2026-03-06 01:32:38.974 10 INFO neutron.api.wsgi [None req-0051a729-6cd2-4707-b260-d2fec514803f 1e7dc8fe47e6429cb2bb978ca1cc15c6 648b6b88fee64ac1b19ebad9b51eece1 - - default default] 10.0.0.27 "GET /v2.0/routers HTTP/1.1" status: 200 len: 189 time: 0.0249238
