2026-03-06 01:44:39.634 9 INFO neutron.services.segments.plugin [-] Segment 73648c41-faf4-44eb-a140-b4b7982d4e2b resource provider not found; error: Placement Client Error (4xx): {"errors": [{"status": 404, "title": "Not Found", "detail": "The resource could not be found.\n\n No resource provider with uuid 73648c41-faf4-44eb-a140-b4b7982d4e2b found for delete ", "request_id": "req-732ad0a9-93e6-4798-846a-5c1f93286db6"}]}
2026-03-06 01:44:39.643 9 INFO neutron.services.segments.plugin [-] Segment 73648c41-faf4-44eb-a140-b4b7982d4e2b resource provider not found; error: Placement Client Error (4xx): {"errors": [{"status": 404, "title": "Not Found", "detail": "The resource could not be found.\n\n No resource provider with uuid 73648c41-faf4-44eb-a140-b4b7982d4e2b found for delete ", "request_id": "req-196052cd-66a8-4d8f-9893-2a60e2cad718"}]}
2026-03-06 01:44:39.655 9 INFO neutron.api.wsgi [None req-6cf0f3bb-56f4-450e-9a37-d9f212d2362a ae0e7e550fa44c9b93b8551a4fdaab00 951f408b0818493d9664d230d85e33ef - - default default] 10.0.0.122 "DELETE /v2.0/networks/e2442236-eff3-4a39-b638-8da1f252a209 HTTP/1.1" status: 204 len: 168 time: 0.4515638 /var/lib/openstack/lib/python3.12/site-packages/pycadf/identifier.py:71: UserWarning: Invalid uuid: neutron. To ensure interoperability, identifiers should be a valid uuid. warnings.warn(('Invalid uuid: %s. To ensure interoperability, '
2026-03-06 01:44:39.816 9 INFO neutron.api.wsgi [None req-ae074b18-b797-4b67-8f76-d30ce8158a9f 80225ead0d42461bb9b93180fc26da51 b108462240f34ff58801c6b3f8c657e6 - - default default] 10.0.0.122 "DELETE /v2.0/floatingips/4a41d611-d27a-43a7-b84b-06fef2322092 HTTP/1.1" status: 204 len: 168 time: 0.3174422
2026-03-06 01:44:39.972 10 INFO neutron.api.wsgi [None req-a6a6b279-2670-4fcd-bd87-b7f78d1f87ec ae0e7e550fa44c9b93b8551a4fdaab00 951f408b0818493d9664d230d85e33ef - - default default] 10.0.0.122 "DELETE /v2.0/networks/c9f361e6-3f00-4954-8f8f-c470142f4918 HTTP/1.1" status: 204 len: 168 time: 0.3096967
2026-03-06 01:44:39.974 9 INFO neutron.api.wsgi [None req-7a7fa6c0-21ca-4a38-9ee3-91831e41e282 80225ead0d42461bb9b93180fc26da51 b108462240f34ff58801c6b3f8c657e6 - - default default] 10.0.0.122 "DELETE /v2.0/security-groups/a43dcb6d-c695-4637-97f8-f6e4d150e907 HTTP/1.1" status: 204 len: 168 time: 0.1534381
2026-03-06 01:44:40.311 10 INFO neutron.services.segments.plugin [-] Segment b24be8bf-9fd3-4dd2-9df3-28b49532d5d8 resource provider aggregate not found
2026-03-06 01:44:40.318 10 INFO neutron.services.segments.plugin [-] Segment b24be8bf-9fd3-4dd2-9df3-28b49532d5d8 resource provider aggregate not found
2026-03-06 01:44:40.333 10 INFO neutron.services.segments.plugin [-] Segment b24be8bf-9fd3-4dd2-9df3-28b49532d5d8 resource provider not found; error: Placement Client Error (4xx): {"errors": [{"status": 404, "title": "Not Found", "detail": "The resource could not be found.\n\n No resource provider with uuid b24be8bf-9fd3-4dd2-9df3-28b49532d5d8 found for delete ", "request_id": "req-0748357b-dd20-4293-906f-1c04260705a0"}]}
2026-03-06 01:44:40.341 10 INFO neutron.services.segments.plugin [-] Segment b24be8bf-9fd3-4dd2-9df3-28b49532d5d8 resource provider not found; error: Placement Client Error (4xx): {"errors": [{"status": 404, "title": "Not Found", "detail": "The resource could not be found.\n\n No resource provider with uuid b24be8bf-9fd3-4dd2-9df3-28b49532d5d8 found for delete ", "request_id": "req-3212e76a-dcb4-4605-8ba1-764dc6abb8ef"}]}
2026-03-06 01:44:40.351 10 INFO neutron.services.segments.plugin [-] Segment 99a7a21a-f4c9-4b8b-81d4-343ef7793b83 resource provider aggregate not found
2026-03-06 01:44:40.355 10 INFO neutron.services.segments.plugin [-] Segment 99a7a21a-f4c9-4b8b-81d4-343ef7793b83 resource provider aggregate not found
2026-03-06 01:44:40.361 10 INFO neutron.services.segments.plugin [-] Segment 99a7a21a-f4c9-4b8b-81d4-343ef7793b83 resource provider not found; error: Placement Client Error (4xx): {"errors": [{"status": 404, "title": "Not Found", "detail": "The resource could not be found.\n\n No resource provider with uuid 99a7a21a-f4c9-4b8b-81d4-343ef7793b83 found for delete ", "request_id": "req-6a88e578-6bfa-47a1-a9d4-f24bd2f5ae49"}]}
2026-03-06 01:44:40.364 10 INFO neutron.services.segments.plugin [-] Segment 99a7a21a-f4c9-4b8b-81d4-343ef7793b83 resource provider not found; error: Placement Client Error (4xx): {"errors": [{"status": 404, "title": "Not Found", "detail": "The resource could not be found.\n\n No resource provider with uuid 99a7a21a-f4c9-4b8b-81d4-343ef7793b83 found for delete ", "request_id": "req-0e9aeb5e-1219-4f16-b5c3-7d0f1efa7728"}]}
2026-03-06 01:44:40.373 10 INFO neutron.services.segments.plugin [-] Segment 69d13c10-d99c-4fdd-9929-3632ed66c301 resource provider aggregate not found
2026-03-06 01:44:40.376 10 INFO neutron.services.segments.plugin [-] Segment 69d13c10-d99c-4fdd-9929-3632ed66c301 resource provider aggregate not found
2026-03-06 01:44:40.381 10 INFO neutron.services.segments.plugin [-] Segment 69d13c10-d99c-4fdd-9929-3632ed66c301 resource provider not found; error: Placement Client Error (4xx): {"errors": [{"status": 404, "title": "Not Found", "detail": "The resource could not be found.\n\n No resource provider with uuid 69d13c10-d99c-4fdd-9929-3632ed66c301 found for delete ", "request_id": "req-7b55ea99-e811-41b5-a240-1ae02fa2dba8"}]}
2026-03-06 01:44:40.386 10 INFO neutron.services.segments.plugin [-] Segment 69d13c10-d99c-4fdd-9929-3632ed66c301 resource provider not found; error: Placement Client Error (4xx): {"errors": [{"status": 404, "title": "Not Found", "detail": "The resource could not be found.\n\n No resource provider with uuid 69d13c10-d99c-4fdd-9929-3632ed66c301 found for delete ", "request_id": "req-621422b6-ec9e-49e9-b538-0b50a576840c"}]}
2026-03-06 01:44:40.964 9 INFO neutron.db.ovn_revision_numbers_db [None req-167e215f-745d-403c-8be2-dc7b8e80efea 1e7dc8fe47e6429cb2bb978ca1cc15c6 648b6b88fee64ac1b19ebad9b51eece1 - - default default] Successfully bumped revision number for resource c5e2dc3f-2a8a-4c91-ad67-a23dac361209 (type: security_groups) to 1
2026-03-06 01:44:40.980 9 INFO neutron.db.ovn_revision_numbers_db [None req-167e215f-745d-403c-8be2-dc7b8e80efea 1e7dc8fe47e6429cb2bb978ca1cc15c6 648b6b88fee64ac1b19ebad9b51eece1 - - default default] Successfully bumped revision number for resource 18648d70-6b9e-4410-8605-e9af7cab953b (type: security_group_rules) to 0
2026-03-06 01:44:40.995 9 INFO neutron.db.ovn_revision_numbers_db [None req-167e215f-745d-403c-8be2-dc7b8e80efea 1e7dc8fe47e6429cb2bb978ca1cc15c6 648b6b88fee64ac1b19ebad9b51eece1 - - default default] Successfully bumped revision number for resource 3deeba67-37a8-476c-b7b0-269f5773a9c5 (type: security_group_rules) to 0
2026-03-06 01:44:41.013 9 INFO neutron.db.ovn_revision_numbers_db [None req-167e215f-745d-403c-8be2-dc7b8e80efea 1e7dc8fe47e6429cb2bb978ca1cc15c6 648b6b88fee64ac1b19ebad9b51eece1 - - default default] Successfully bumped revision number for resource d02aa55f-053d-45d7-ad94-867eb10b013e (type: security_group_rules) to 0
2026-03-06 01:44:41.029 9 INFO neutron.db.ovn_revision_numbers_db [None req-167e215f-745d-403c-8be2-dc7b8e80efea 1e7dc8fe47e6429cb2bb978ca1cc15c6 648b6b88fee64ac1b19ebad9b51eece1 - - default default] Successfully bumped revision number for resource e57f83da-ddc8-43c8-a0b4-fafc5a2cb510 (type: security_group_rules) to 0
2026-03-06 01:44:41.088 9 INFO neutron.api.wsgi [None req-0687fc8a-38b1-4f95-9dbe-c69cd11af4b1 1e7dc8fe47e6429cb2bb978ca1cc15c6 648b6b88fee64ac1b19ebad9b51eece1 - - default default] 10.0.0.122 "PUT /v2.0/routers/9dd513eb-16c2-4741-903e-d9f814021d39/remove_router_interface HTTP/1.1" status: 200 len: 503 time: 1.0795772
2026-03-06 01:44:41.109 9 INFO neutron.api.wsgi [None req-167e215f-745d-403c-8be2-dc7b8e80efea 1e7dc8fe47e6429cb2bb978ca1cc15c6 648b6b88fee64ac1b19ebad9b51eece1 - - default default] 10.0.0.122 "GET /v2.0/security-groups?tenant_id=dacae8cf77bd4eeba8f895898c4705bb&name=default HTTP/1.1" status: 200 len: 3124 time: 0.4338326 /var/lib/openstack/lib/python3.12/site-packages/pycadf/identifier.py:71: UserWarning: Invalid uuid: neutron. To ensure interoperability, identifiers should be a valid uuid. warnings.warn(('Invalid uuid: %s. To ensure interoperability, '
2026-03-06 01:44:41.222 10 INFO neutron.notifiers.nova [-] Nova event matching ['req-288669da-9532-4894-902e-4dc8822278ee'] response: {'server_uuid': '9cfdbdea-5215-47d5-95fb-aa3293207b70', 'name': 'network-vif-plugged', 'status': 'completed', 'tag': '3fe6011a-8c49-453f-b1a7-1b0c87130d96', 'code': 200}
2026-03-06 01:44:41.230 9 INFO neutron.api.wsgi [req-ee260f40-477b-436e-be07-08f16f250e95 req-b54d8381-72d1-43a0-9c69-781f84655dee 8eb44330508a426c9ba86ad21a028714 e548c96dd269448eb17847e3a6495a83 - - a3b3c7e74b3740aba4cc2320f7985a70 a3b3c7e74b3740aba4cc2320f7985a70] 199.204.45.155 "GET /v2.0/ports?device_id=bfb579e9-2120-4991-80ea-707110223080&fields=binding%3Ahost_id&fields=binding%3Avif_type HTTP/1.1" status: 200 len: 265 time: 0.0428927
2026-03-06 01:44:41.401 10 INFO neutron.api.wsgi [None req-19388025-f421-4d54-89bc-6efeffc78ebd 1e7dc8fe47e6429cb2bb978ca1cc15c6 648b6b88fee64ac1b19ebad9b51eece1 - - default default] 10.0.0.122 "DELETE /v2.0/security-groups/c5e2dc3f-2a8a-4c91-ad67-a23dac361209 HTTP/1.1" status: 204 len: 168 time: 0.2879450
2026-03-06 01:44:41.521 10 INFO neutron.api.wsgi [req-763644bc-f2e7-4a38-8c4f-89551f047f2c req-1c1a4ffd-31a9-4314-9cc1-828e2fcc6972 1e7dc8fe47e6429cb2bb978ca1cc15c6 648b6b88fee64ac1b19ebad9b51eece1 - - default default] 10.0.0.209 "GET /v2.0/ports/3fe6011a-8c49-453f-b1a7-1b0c87130d96 HTTP/1.1" status: 200 len: 1635 time: 0.1608675
2026-03-06 01:44:41.527 9 INFO neutron.api.wsgi [-] 10.0.0.194 "GET / HTTP/1.1" status: 200 len: 246 time: 0.0016198
2026-03-06 01:44:41.530 9 INFO neutron.api.wsgi [-] 10.0.0.194 "GET / HTTP/1.1" status: 200 len: 246 time: 0.0016739
2026-03-06 01:44:41.547 9 INFO neutron.api.wsgi [None req-ab267ba4-8243-4879-b126-3032f9eb2567 1e7dc8fe47e6429cb2bb978ca1cc15c6 648b6b88fee64ac1b19ebad9b51eece1 - - default default] 10.0.0.122 "GET /v2.0/security-groups?tenant_id=951f408b0818493d9664d230d85e33ef&name=default HTTP/1.1" status: 200 len: 3124 time: 0.0364211
2026-03-06 01:44:41.568 10 INFO neutron.api.wsgi [None req-1372a8a5-1705-4bb7-b61c-7b4494e35664 1e7dc8fe47e6429cb2bb978ca1cc15c6 648b6b88fee64ac1b19ebad9b51eece1 - - default default] 199.204.45.155 "GET /v2.0/ports/3fe6011a-8c49-453f-b1a7-1b0c87130d96 HTTP/1.1" status: 200 len: 1635 time: 0.0359678
2026-03-06 01:44:41.610 10 INFO neutron.api.wsgi [None req-5dd3febf-be16-499f-a543-d3ea73b534ef 1e7dc8fe47e6429cb2bb978ca1cc15c6 648b6b88fee64ac1b19ebad9b51eece1 - - default default] 199.204.45.155 "GET /v2.0/ports/3fe6011a-8c49-453f-b1a7-1b0c87130d96 HTTP/1.1" status: 200 len: 1635 time: 0.0340233
2026-03-06 01:44:41.781 9 INFO neutron.api.wsgi [None req-753fae48-6efb-44d0-9681-92f104af4f01 1e7dc8fe47e6429cb2bb978ca1cc15c6 648b6b88fee64ac1b19ebad9b51eece1 - - default default] 10.0.0.122 "DELETE /v2.0/security-groups/eba51b02-8b28-4288-a9d2-1edfbac8c8fb HTTP/1.1" status: 204 len: 168 time: 0.2192180
2026-03-06 01:44:41.907 10 INFO neutron.api.wsgi [None req-41d21598-91ea-4c86-a4fe-fd739f705a8f 1e7dc8fe47e6429cb2bb978ca1cc15c6 648b6b88fee64ac1b19ebad9b51eece1 - - default default] 10.0.0.122 "DELETE /v2.0/routers/9dd513eb-16c2-4741-903e-d9f814021d39 HTTP/1.1" status: 204 len: 168 time: 0.8129351
2026-03-06 01:44:42.061 9 INFO neutron.db.ovn_revision_numbers_db [None req-6ebd885e-d0d7-4c7c-8b96-078a6e9a589d 1e7dc8fe47e6429cb2bb978ca1cc15c6 648b6b88fee64ac1b19ebad9b51eece1 - - default default] Successfully bumped revision number for resource b164f8b2-3bf2-48b9-95a5-d236b1edfcee (type: security_groups) to 1
2026-03-06 01:44:42.075 9 INFO neutron.db.ovn_revision_numbers_db [None req-6ebd885e-d0d7-4c7c-8b96-078a6e9a589d 1e7dc8fe47e6429cb2bb978ca1cc15c6 648b6b88fee64ac1b19ebad9b51eece1 - - default default] Successfully bumped revision number for resource 00fb4546-1867-4fbf-bd74-3b97d9258896 (type: security_group_rules) to 0
2026-03-06 01:44:42.089 9 INFO neutron.db.ovn_revision_numbers_db [None req-6ebd885e-d0d7-4c7c-8b96-078a6e9a589d 1e7dc8fe47e6429cb2bb978ca1cc15c6 648b6b88fee64ac1b19ebad9b51eece1 - - default default] Successfully bumped revision number for resource 5fc73a63-c989-452f-aecf-78cdef23901f (type: security_group_rules) to 0
2026-03-06 01:44:42.100 10 INFO neutron.api.wsgi [None req-656eaf98-0fd1-4f5b-aa27-6f51ea697e65 1e7dc8fe47e6429cb2bb978ca1cc15c6 648b6b88fee64ac1b19ebad9b51eece1 - - default default] 10.0.0.122 "DELETE /v2.0/subnets/87a2c708-e1f1-4e0c-9c9a-a2e84c146380 HTTP/1.1" status: 204 len: 168 time: 0.1885464
2026-03-06 01:44:42.102 9 INFO neutron.db.ovn_revision_numbers_db [None req-6ebd885e-d0d7-4c7c-8b96-078a6e9a589d 1e7dc8fe47e6429cb2bb978ca1cc15c6 648b6b88fee64ac1b19ebad9b51eece1 - - default default] Successfully bumped revision number for resource 945bd52c-22bc-49a0-9604-022dd9a68416 (type: security_group_rules) to 0 /var/lib/openstack/lib/python3.12/site-packages/pycadf/identifier.py:71: UserWarning: Invalid uuid: neutron. To ensure interoperability, identifiers should be a valid uuid. warnings.warn(('Invalid uuid: %s. To ensure interoperability, '
2026-03-06 01:44:42.119 9 INFO neutron.db.ovn_revision_numbers_db [None req-6ebd885e-d0d7-4c7c-8b96-078a6e9a589d 1e7dc8fe47e6429cb2bb978ca1cc15c6 648b6b88fee64ac1b19ebad9b51eece1 - - default default] Successfully bumped revision number for resource fa7525ba-ef81-4438-a13a-744bb19b869f (type: security_group_rules) to 0
2026-03-06 01:44:42.159 9 INFO neutron.api.wsgi [None req-6ebd885e-d0d7-4c7c-8b96-078a6e9a589d 1e7dc8fe47e6429cb2bb978ca1cc15c6 648b6b88fee64ac1b19ebad9b51eece1 - - default default] 10.0.0.122 "GET /v2.0/security-groups?tenant_id=947626f2c031429995e45d8441b313b8&name=default HTTP/1.1" status: 200 len: 3124 time: 0.2095814
2026-03-06 01:44:42.168 10 INFO neutron.db.ovn_revision_numbers_db [None req-f810f6fe-61ad-4a8a-a368-29126e20c957 1e7dc8fe47e6429cb2bb978ca1cc15c6 648b6b88fee64ac1b19ebad9b51eece1 - - default default] Successfully bumped revision number for resource 3fe6011a-8c49-453f-b1a7-1b0c87130d96 (type: ports) to 6
2026-03-06 01:44:42.179 10 INFO neutron.api.wsgi [None req-f810f6fe-61ad-4a8a-a368-29126e20c957 1e7dc8fe47e6429cb2bb978ca1cc15c6 648b6b88fee64ac1b19ebad9b51eece1 - - default default] 199.204.45.155 "PUT /v2.0/ports/3fe6011a-8c49-453f-b1a7-1b0c87130d96 HTTP/1.1" status: 200 len: 1378 time: 0.5615427
2026-03-06 01:44:42.232 10 INFO neutron.api.wsgi [None req-044bd253-be6f-4a41-8256-5234003feed5 1e7dc8fe47e6429cb2bb978ca1cc15c6 648b6b88fee64ac1b19ebad9b51eece1 - - default default] 199.204.45.155 "GET /v2.0/networks/ff6175a7-5e62-4198-8f74-c32e180e0ea5 HTTP/1.1" status: 200 len: 999 time: 0.0456738
2026-03-06 01:44:42.261 10 INFO neutron.api.wsgi [None req-d834f35a-4121-4792-a9a0-ad6945031be5 1e7dc8fe47e6429cb2bb978ca1cc15c6 648b6b88fee64ac1b19ebad9b51eece1 - - default default] 199.204.45.155 "GET /v2.0/subnets/32be5f4a-8df5-415c-bab7-0baf01e67c67 HTTP/1.1" status: 200 len: 873 time: 0.0250623
2026-03-06 01:44:42.276 9 INFO neutron.api.wsgi [req-ee260f40-477b-436e-be07-08f16f250e95 req-20451ea0-5f19-4702-bf6e-ffa94124806e 8eb44330508a426c9ba86ad21a028714 e548c96dd269448eb17847e3a6495a83 - - a3b3c7e74b3740aba4cc2320f7985a70 a3b3c7e74b3740aba4cc2320f7985a70] 199.204.45.155 "GET /v2.0/ports?tenant_id=396ef6d375f64b9bbe6133a01d1f9f28&device_id=bfb579e9-2120-4991-80ea-707110223080 HTTP/1.1" status: 200 len: 1630 time: 0.0352595
2026-03-06 01:44:42.363 10 INFO neutron.api.wsgi [None req-b675ee07-834d-4865-9f41-ccf766b4c859 1e7dc8fe47e6429cb2bb978ca1cc15c6 648b6b88fee64ac1b19ebad9b51eece1 - - default default] 199.204.45.155 "GET /v2.0/extensions/security-group HTTP/1.1" status: 200 len: 369 time: 0.0052893
2026-03-06 01:44:42.369 10 INFO neutron.api.wsgi [None req-8a3af7ac-97c8-4774-b761-75b03f68c630 1e7dc8fe47e6429cb2bb978ca1cc15c6 648b6b88fee64ac1b19ebad9b51eece1 - - default default] 199.204.45.155 "GET /v2.0/extensions/dns-integration HTTP/1.1" status: 200 len: 371 time: 0.0037374
2026-03-06 01:44:42.370 9 INFO neutron.api.wsgi [None req-f90d1ea8-237e-4829-82ee-7db3ba676348 1e7dc8fe47e6429cb2bb978ca1cc15c6 648b6b88fee64ac1b19ebad9b51eece1 - - default default] 10.0.0.122 "DELETE /v2.0/security-groups/b164f8b2-3bf2-48b9-95a5-d236b1edfcee HTTP/1.1" status: 204 len: 168 time: 0.2062204
2026-03-06 01:44:42.376 10 INFO neutron.api.wsgi [None req-e18aaae3-9521-4eb4-9a7d-ad83d4164a61 1e7dc8fe47e6429cb2bb978ca1cc15c6 648b6b88fee64ac1b19ebad9b51eece1 - - default default] 199.204.45.155 "GET /v2.0/extensions/qos HTTP/1.1" status: 200 len: 365 time: 0.0030758
2026-03-06 01:44:42.382 10 INFO neutron.api.wsgi [None req-907b18f1-9635-4999-9401-11a66685fd89 1e7dc8fe47e6429cb2bb978ca1cc15c6 648b6b88fee64ac1b19ebad9b51eece1 - - default default] 199.204.45.155 "GET /v2.0/extensions/allowed-address-pairs HTTP/1.1" status: 200 len: 383 time: 0.0027556
2026-03-06 01:44:42.419 10 INFO neutron.api.wsgi [None req-cd79f99b-6f7e-4996-972f-d3b4965149e5 1e7dc8fe47e6429cb2bb978ca1cc15c6 648b6b88fee64ac1b19ebad9b51eece1 - - default default] 199.204.45.155 "GET /v2.0/subnets/98324841-6b08-4da6-b4af-cd7e39c7bd9f HTTP/1.1" status: 200 len: 874 time: 0.0331364
2026-03-06 01:44:42.450 10 INFO neutron.api.wsgi [None req-9e6adbc6-5e70-47c1-ad39-72a8c050a8f8 1e7dc8fe47e6429cb2bb978ca1cc15c6 648b6b88fee64ac1b19ebad9b51eece1 - - default default] 199.204.45.155 "GET /v2.0/ports/79173243-faba-49d0-a6e4-462d2e8fec96 HTTP/1.1" status: 200 len: 1336 time: 0.0244448
2026-03-06 01:44:42.478 10 INFO neutron.api.wsgi [None req-a2c43c82-30f1-4034-a9fd-2a1b0008c55f 1e7dc8fe47e6429cb2bb978ca1cc15c6 648b6b88fee64ac1b19ebad9b51eece1 - - default default] 10.0.0.122 "DELETE /v2.0/networks/bca3b067-bbe9-4862-8ea9-78e4b8568644 HTTP/1.1" status: 204 len: 168 time: 0.3721137
2026-03-06 01:44:42.486 10 INFO neutron.api.wsgi [None req-2ab9e6df-b4bb-48d8-8981-f9545bb2df54 1e7dc8fe47e6429cb2bb978ca1cc15c6 648b6b88fee64ac1b19ebad9b51eece1 - - default default] 199.204.45.155 "GET /v2.0/ports/c9bec741-5b78-49dc-90f6-d597a249371b HTTP/1.1" status: 200 len: 1518 time: 0.0293324
2026-03-06 01:44:42.511 10 INFO neutron.api.wsgi [None req-e9562de8-672a-4f6a-b6c8-466eaec2232a 1e7dc8fe47e6429cb2bb978ca1cc15c6 648b6b88fee64ac1b19ebad9b51eece1 - - default default] 199.204.45.155 "GET /v2.0/subnets/98324841-6b08-4da6-b4af-cd7e39c7bd9f HTTP/1.1" status: 200 len: 874 time: 0.0190902
2026-03-06 01:44:42.550 10 INFO neutron.api.wsgi [None req-5d99de3e-bf74-43a2-9cbf-a0c723a4be61 1e7dc8fe47e6429cb2bb978ca1cc15c6 648b6b88fee64ac1b19ebad9b51eece1 - - default default] 199.204.45.155 "GET /v2.0/networks/c052d116-70a7-401f-97e2-f369f5475d83 HTTP/1.1" status: 200 len: 1002 time: 0.0329351
2026-03-06 01:44:42.582 10 INFO neutron.api.wsgi [None req-48de7c3d-2052-4c15-8bdf-0dbffb6329e0 1e7dc8fe47e6429cb2bb978ca1cc15c6 648b6b88fee64ac1b19ebad9b51eece1 - - default default] 199.204.45.155 "GET /v2.0/ports/79173243-faba-49d0-a6e4-462d2e8fec96 HTTP/1.1" status: 200 len: 1336 time: 0.0262268
2026-03-06 01:44:42.605 10 INFO neutron.api.wsgi [None req-71037cc9-4989-43c7-8f2d-300ee0fcbbc6 1e7dc8fe47e6429cb2bb978ca1cc15c6 648b6b88fee64ac1b19ebad9b51eece1 - - default default] 199.204.45.155 "GET /v2.0/subnets/98324841-6b08-4da6-b4af-cd7e39c7bd9f HTTP/1.1" status: 200 len: 874 time: 0.0178828
2026-03-06 01:44:42.622 10 INFO neutron.services.segments.plugin [-] Segment db64d4fb-877d-442b-959b-3724a794878c resource provider aggregate not found
2026-03-06 01:44:42.632 10 INFO neutron.services.segments.plugin [-] Segment db64d4fb-877d-442b-959b-3724a794878c resource provider aggregate not found
2026-03-06 01:44:42.636 10 INFO neutron.services.segments.plugin [-] Segment db64d4fb-877d-442b-959b-3724a794878c resource provider not found; error: Placement Client Error (4xx): {"errors": [{"status": 404, "title": "Not Found", "detail": "The resource could not be found.\n\n No resource provider with uuid db64d4fb-877d-442b-959b-3724a794878c found for delete ", "request_id": "req-0cbccba0-c8d5-4f95-8107-53e20ae4c78c"}]}
2026-03-06 01:44:42.643 10 INFO neutron.services.segments.plugin [-] Segment db64d4fb-877d-442b-959b-3724a794878c resource provider not found; error: Placement Client Error (4xx): {"errors": [{"status": 404, "title": "Not Found", "detail": "The resource could not be found.\n\n No resource provider with uuid db64d4fb-877d-442b-959b-3724a794878c found for delete ", "request_id": "req-3be3b2a3-2c9f-4786-9b1e-7636491c9758"}]}
2026-03-06 01:44:43.262 10 INFO neutron.notifiers.nova [-] Nova event matching ['req-eedca1ad-3311-4057-887d-cbef46aa8328'] response: {'name': 'network-changed', 'server_uuid': '9cfdbdea-5215-47d5-95fb-aa3293207b70', 'tag': '3fe6011a-8c49-453f-b1a7-1b0c87130d96', 'status': 'completed', 'code': 200}
2026-03-06 01:44:43.439 9 INFO neutron.api.wsgi [req-ee260f40-477b-436e-be07-08f16f250e95 req-cece2e07-f7be-4e85-afd3-d98a4b0a29a2 8eb44330508a426c9ba86ad21a028714 e548c96dd269448eb17847e3a6495a83 - - a3b3c7e74b3740aba4cc2320f7985a70 a3b3c7e74b3740aba4cc2320f7985a70] 199.204.45.155 "GET /v2.0/networks?id=ff6175a7-5e62-4198-8f74-c32e180e0ea5 HTTP/1.1" status: 200 len: 1002 time: 0.6507931
2026-03-06 01:44:43.493 9 INFO neutron.api.wsgi [req-ee260f40-477b-436e-be07-08f16f250e95 req-ccaceede-7afd-4ea4-8b5e-adbbe3a17eae 8eb44330508a426c9ba86ad21a028714 e548c96dd269448eb17847e3a6495a83 - - a3b3c7e74b3740aba4cc2320f7985a70 a3b3c7e74b3740aba4cc2320f7985a70] 199.204.45.155 "GET /v2.0/floatingips?fixed_ip_address=10.2.1.38&port_id=62cb0042-d30c-4b53-93d8-981391d8578f HTTP/1.1" status: 200 len: 1058 time: 0.0491400
2026-03-06 01:44:43.511 9 INFO neutron.api.wsgi [req-ee260f40-477b-436e-be07-08f16f250e95 req-a558b875-38ba-45b6-943a-ec13d73a81bd 8eb44330508a426c9ba86ad21a028714 e548c96dd269448eb17847e3a6495a83 - - a3b3c7e74b3740aba4cc2320f7985a70 a3b3c7e74b3740aba4cc2320f7985a70] 199.204.45.155 "GET /v2.0/floatingips?fixed_ip_address=fd7b%3Af9f7%3Afff%3A4eca%3A%3A2e&port_id=62cb0042-d30c-4b53-93d8-981391d8578f HTTP/1.1" status: 200 len: 217 time: 0.0146635
2026-03-06 01:44:43.545 9 INFO neutron.api.wsgi [req-ee260f40-477b-436e-be07-08f16f250e95 req-26a63ca5-f476-4970-b482-4afedf9903dd 8eb44330508a426c9ba86ad21a028714 e548c96dd269448eb17847e3a6495a83 - - a3b3c7e74b3740aba4cc2320f7985a70 a3b3c7e74b3740aba4cc2320f7985a70] 199.204.45.155 "GET /v2.0/subnets?id=b3c674ac-53c0-4733-875f-d1dd574bfcb2&id=32be5f4a-8df5-415c-bab7-0baf01e67c67 HTTP/1.1" status: 200 len: 1610 time: 0.0311153
2026-03-06 01:44:43.564 9 INFO neutron.api.wsgi [req-ee260f40-477b-436e-be07-08f16f250e95 req-60f47af2-2a83-4120-8654-9d839c4cc65f 8eb44330508a426c9ba86ad21a028714 e548c96dd269448eb17847e3a6495a83 - - a3b3c7e74b3740aba4cc2320f7985a70 a3b3c7e74b3740aba4cc2320f7985a70] 199.204.45.155 "GET /v2.0/ports?network_id=ff6175a7-5e62-4198-8f74-c32e180e0ea5&device_owner=network%3Adhcp HTTP/1.1" status: 200 len: 210 time: 0.0134993
2026-03-06 01:44:43.581 9 INFO neutron.api.wsgi [req-ee260f40-477b-436e-be07-08f16f250e95 req-6236dfa7-0a2e-4c4d-9d82-7d803ec162c4 8eb44330508a426c9ba86ad21a028714 e548c96dd269448eb17847e3a6495a83 - - a3b3c7e74b3740aba4cc2320f7985a70 a3b3c7e74b3740aba4cc2320f7985a70] 199.204.45.155 "GET /v2.0/ports?network_id=ff6175a7-5e62-4198-8f74-c32e180e0ea5&device_owner=network%3Adhcp HTTP/1.1" status: 200 len: 210 time: 0.0123637
2026-03-06 01:44:43.632 9 INFO neutron.api.wsgi [req-ee260f40-477b-436e-be07-08f16f250e95 req-1c32f637-63a8-4344-93f5-e4a8ce2f8c33 8eb44330508a426c9ba86ad21a028714 e548c96dd269448eb17847e3a6495a83 - - a3b3c7e74b3740aba4cc2320f7985a70 a3b3c7e74b3740aba4cc2320f7985a70] 199.204.45.155 "GET /v2.0/networks/ff6175a7-5e62-4198-8f74-c32e180e0ea5?fields=segments HTTP/1.1" status: 200 len: 212 time: 0.0400627
2026-03-06 01:44:43.690 9 INFO neutron.api.wsgi [req-ee260f40-477b-436e-be07-08f16f250e95 req-57a65cea-5e21-463a-b359-1188fa662bc4 8eb44330508a426c9ba86ad21a028714 e548c96dd269448eb17847e3a6495a83 - - a3b3c7e74b3740aba4cc2320f7985a70 a3b3c7e74b3740aba4cc2320f7985a70] 199.204.45.155 "GET /v2.0/networks/ff6175a7-5e62-4198-8f74-c32e180e0ea5?fields=provider%3Aphysical_network&fields=provider%3Anetwork_type HTTP/1.1" status: 200 len: 277 time: 0.0523663
2026-03-06 01:44:43.818 9 INFO neutron.api.wsgi [req-bfd46117-b5fd-4c21-b4a8-510bdb03be42 req-1a533bd3-481f-4476-beca-8d44c1823d47 8eb44330508a426c9ba86ad21a028714 e548c96dd269448eb17847e3a6495a83 - - a3b3c7e74b3740aba4cc2320f7985a70 a3b3c7e74b3740aba4cc2320f7985a70] 199.204.45.155 "GET /v2.0/ports?tenant_id=648b6b88fee64ac1b19ebad9b51eece1&device_id=9cfdbdea-5215-47d5-95fb-aa3293207b70 HTTP/1.1" status: 200 len: 3925 time: 0.0434031
2026-03-06 01:44:43.870 9 INFO neutron.api.wsgi [req-bfd46117-b5fd-4c21-b4a8-510bdb03be42 req-5781346c-d5ea-460d-9500-ba8e76ec1b84 8eb44330508a426c9ba86ad21a028714 e548c96dd269448eb17847e3a6495a83 - - a3b3c7e74b3740aba4cc2320f7985a70 a3b3c7e74b3740aba4cc2320f7985a70] 199.204.45.155 "GET /v2.0/networks?id=ff6175a7-5e62-4198-8f74-c32e180e0ea5 HTTP/1.1" status: 200 len: 1002 time: 0.0489633
2026-03-06 01:44:43.889 9 INFO neutron.api.wsgi [req-bfd46117-b5fd-4c21-b4a8-510bdb03be42 req-12453b38-fab8-4622-b7a2-6e488c4e9ba0 8eb44330508a426c9ba86ad21a028714 e548c96dd269448eb17847e3a6495a83 - - a3b3c7e74b3740aba4cc2320f7985a70 a3b3c7e74b3740aba4cc2320f7985a70] 199.204.45.155 "GET /v2.0/floatingips?fixed_ip_address=10.2.1.181&port_id=3fe6011a-8c49-453f-b1a7-1b0c87130d96 HTTP/1.1" status: 200 len: 217 time: 0.0153596
2026-03-06 01:44:43.920 9 INFO neutron.api.wsgi [req-bfd46117-b5fd-4c21-b4a8-510bdb03be42 req-94131b99-714d-4410-9e20-3f258c9f15ef 8eb44330508a426c9ba86ad21a028714 e548c96dd269448eb17847e3a6495a83 - - a3b3c7e74b3740aba4cc2320f7985a70 a3b3c7e74b3740aba4cc2320f7985a70] 199.204.45.155 "GET /v2.0/subnets?id=32be5f4a-8df5-415c-bab7-0baf01e67c67 HTTP/1.1" status: 200 len: 876 time: 0.0272081
2026-03-06 01:44:43.937 9 INFO neutron.api.wsgi [req-bfd46117-b5fd-4c21-b4a8-510bdb03be42 req-94c64bb6-22f1-4dfc-95d8-a9ccbbc1b634 8eb44330508a426c9ba86ad21a028714 e548c96dd269448eb17847e3a6495a83 - - a3b3c7e74b3740aba4cc2320f7985a70 a3b3c7e74b3740aba4cc2320f7985a70] 199.204.45.155 "GET /v2.0/ports?network_id=ff6175a7-5e62-4198-8f74-c32e180e0ea5&device_owner=network%3Adhcp HTTP/1.1" status: 200 len: 210 time: 0.0142610
2026-03-06 01:44:44.004 9 INFO neutron.api.wsgi [req-bfd46117-b5fd-4c21-b4a8-510bdb03be42 req-1b4bb5ed-6a31-4bd9-a98c-f79672c07bcd 8eb44330508a426c9ba86ad21a028714 e548c96dd269448eb17847e3a6495a83 - - a3b3c7e74b3740aba4cc2320f7985a70 a3b3c7e74b3740aba4cc2320f7985a70] 199.204.45.155 "GET /v2.0/networks/ff6175a7-5e62-4198-8f74-c32e180e0ea5?fields=segments HTTP/1.1" status: 200 len: 212 time: 0.0524442
2026-03-06 01:44:44.063 9 INFO neutron.api.wsgi [req-bfd46117-b5fd-4c21-b4a8-510bdb03be42 req-8a06f67d-3dcf-45e4-be00-89a3bd23d282 8eb44330508a426c9ba86ad21a028714 e548c96dd269448eb17847e3a6495a83 - - a3b3c7e74b3740aba4cc2320f7985a70 a3b3c7e74b3740aba4cc2320f7985a70] 199.204.45.155 "GET /v2.0/networks/ff6175a7-5e62-4198-8f74-c32e180e0ea5?fields=provider%3Aphysical_network&fields=provider%3Anetwork_type HTTP/1.1" status: 200 len: 277 time: 0.0550716
2026-03-06 01:44:44.149 9 INFO neutron.api.wsgi [None req-5bd3e627-9fd3-4956-85bd-f959f5bafb5a 1e7dc8fe47e6429cb2bb978ca1cc15c6 648b6b88fee64ac1b19ebad9b51eece1 - - default default] 10.0.0.122 "PUT /v2.0/routers/8c18f515-fe66-4242-b314-404fd915a53d/remove_router_interface HTTP/1.1" status: 200 len: 503 time: 1.6653569 /var/lib/openstack/lib/python3.12/site-packages/pycadf/identifier.py:71: UserWarning: Invalid uuid: neutron. To ensure interoperability, identifiers should be a valid uuid. warnings.warn(('Invalid uuid: %s. To ensure interoperability, '
2026-03-06 01:44:44.775 9 INFO neutron.api.wsgi [None req-b0f2922c-c4ff-45f9-a5cf-ceb921e571b3 1e7dc8fe47e6429cb2bb978ca1cc15c6 648b6b88fee64ac1b19ebad9b51eece1 - - default default] 10.0.0.122 "DELETE /v2.0/routers/8c18f515-fe66-4242-b314-404fd915a53d HTTP/1.1" status: 204 len: 168 time: 0.6220427
2026-03-06 01:44:44.933 9 INFO neutron.api.wsgi [None req-5235d0f0-7b1a-4e5b-9991-71005ba3a51e 1e7dc8fe47e6429cb2bb978ca1cc15c6 648b6b88fee64ac1b19ebad9b51eece1 - - default default] 10.0.0.122 "DELETE /v2.0/subnets/cec5bb28-a270-4651-bb4f-afd736602b01 HTTP/1.1" status: 204 len: 168 time: 0.1532996
2026-03-06 01:44:45.223 9 INFO neutron.services.segments.plugin [-] Segment 8604dc6c-feb8-42ef-8469-b8dce3a23e48 resource provider aggregate not found
2026-03-06 01:44:45.227 9 INFO neutron.services.segments.plugin [-] Segment 8604dc6c-feb8-42ef-8469-b8dce3a23e48 resource provider aggregate not found
2026-03-06 01:44:45.239 9 INFO neutron.services.segments.plugin [-] Segment 8604dc6c-feb8-42ef-8469-b8dce3a23e48 resource provider not found; error: Placement Client Error (4xx): {"errors": [{"status": 404, "title": "Not Found", "detail": "The resource could not be found.\n\n No resource provider with uuid 8604dc6c-feb8-42ef-8469-b8dce3a23e48 found for delete ", "request_id": "req-084407d1-ed6f-4e46-aa9c-f2d13a1c4ad2"}]}
2026-03-06 01:44:45.251 9 INFO neutron.services.segments.plugin [-] Segment 8604dc6c-feb8-42ef-8469-b8dce3a23e48 resource provider not found; error: Placement Client Error (4xx): {"errors": [{"status": 404, "title": "Not Found", "detail": "The resource could not be found.\n\n No resource provider with uuid 8604dc6c-feb8-42ef-8469-b8dce3a23e48 found for delete ", "request_id": "req-b166e196-6148-4db4-a557-bcc258a72027"}]}
2026-03-06 01:44:45.260 9 INFO neutron.api.wsgi [None req-e3218f11-0afd-403d-995d-e7c9c6f7d5e8 1e7dc8fe47e6429cb2bb978ca1cc15c6 648b6b88fee64ac1b19ebad9b51eece1 - - default default] 10.0.0.122 "DELETE /v2.0/networks/ba89d309-01f6-4487-bf5d-16b630d24685 HTTP/1.1" status: 204 len: 168 time: 0.3224010
2026-03-06 01:44:45.613 9 INFO neutron.api.wsgi [None req-a3421a10-e931-42bd-9293-fe101fd65fd9 1e7dc8fe47e6429cb2bb978ca1cc15c6 648b6b88fee64ac1b19ebad9b51eece1 - - default default] 10.0.0.122 "GET /v2.0/security-groups?tenant_id=515ac17c319242ef93f58f9e0346c1bc&name=default HTTP/1.1" status: 200 len: 3121 time: 0.0434806
2026-03-06 01:44:45.628 9 WARNING neutron_lib.context [None req-2901718b-1c9e-4d48-8013-6e471a7028a9 e6ec4e5e650a4166abed5771d0605367 c689bf0a81bf403c89aab3609a590d5c - - default default] Method 'is_advsvc' is deprecated since 2023.2 release (neutron-lib 3.8.0) and will be removed once support for the old RBAC API policies will be removed from Neutron. Please use method 'is_service_role' instead.
2026-03-06 01:44:45.781 9 INFO neutron.db.ovn_revision_numbers_db [None req-2901718b-1c9e-4d48-8013-6e471a7028a9 e6ec4e5e650a4166abed5771d0605367 c689bf0a81bf403c89aab3609a590d5c - - default default] Successfully bumped revision number for resource 8460dc0b-5950-4033-bc0a-d4e7115db97a (type: security_groups) to 1
2026-03-06 01:44:45.797 9 INFO neutron.db.ovn_revision_numbers_db [None req-2901718b-1c9e-4d48-8013-6e471a7028a9 e6ec4e5e650a4166abed5771d0605367 c689bf0a81bf403c89aab3609a590d5c - - default default] Successfully bumped revision number for resource 9371e61f-2beb-41d9-a340-0331674ae41f (type: security_group_rules) to 0
2026-03-06 01:44:45.812 9 INFO neutron.db.ovn_revision_numbers_db [None req-2901718b-1c9e-4d48-8013-6e471a7028a9 e6ec4e5e650a4166abed5771d0605367 c689bf0a81bf403c89aab3609a590d5c - - default default] Successfully bumped revision number for resource a178605c-8e9c-4ff2-95e1-08550ca2fa63 (type: security_group_rules) to 0
2026-03-06 01:44:45.826 9 INFO neutron.db.ovn_revision_numbers_db [None req-2901718b-1c9e-4d48-8013-6e471a7028a9 e6ec4e5e650a4166abed5771d0605367 c689bf0a81bf403c89aab3609a590d5c - - default default] Successfully bumped revision number for resource a9c2a032-6bf1-4821-a399-a3e2c7ca586a (type: security_group_rules) to 0
2026-03-06 01:44:45.839 9 INFO neutron.db.ovn_revision_numbers_db [None req-2901718b-1c9e-4d48-8013-6e471a7028a9 e6ec4e5e650a4166abed5771d0605367 c689bf0a81bf403c89aab3609a590d5c - - default default] Successfully bumped revision number for resource d9b180d6-e41d-418d-881a-07f2d52bdd19 (type: security_group_rules) to 0
2026-03-06 01:44:45.844 9 INFO neutron.api.wsgi [None req-ce806721-2dc2-46c4-9272-8fd54c4ccaae 1e7dc8fe47e6429cb2bb978ca1cc15c6 648b6b88fee64ac1b19ebad9b51eece1 - - default default] 10.0.0.122 "DELETE /v2.0/security-groups/e90f36af-58a9-4eaa-aa2c-35853482217e HTTP/1.1" status: 204 len: 168 time: 0.2251883
2026-03-06 01:44:45.922 9 INFO neutron.db.segments_db [None req-2901718b-1c9e-4d48-8013-6e471a7028a9 e6ec4e5e650a4166abed5771d0605367 c689bf0a81bf403c89aab3609a590d5c - - default default] Added segment 64141eb5-37e8-4819-a51c-e7baf782bdcf of type geneve for network dfa31a5a-f909-489b-851b-adae74180840
2026-03-06 01:44:46.030 9 INFO neutron.api.wsgi [None req-1c05dfc2-f0ac-4906-8305-269baf3772e5 1e7dc8fe47e6429cb2bb978ca1cc15c6 648b6b88fee64ac1b19ebad9b51eece1 - - default default] 10.0.0.122 "GET /v2.0/security-groups?tenant_id=b108462240f34ff58801c6b3f8c657e6&name=default HTTP/1.1" status: 200 len: 3120 time: 0.0372872
2026-03-06 01:44:46.060 9 INFO neutron.db.ovn_revision_numbers_db [None req-2901718b-1c9e-4d48-8013-6e471a7028a9 e6ec4e5e650a4166abed5771d0605367 c689bf0a81bf403c89aab3609a590d5c - - default default] Successfully bumped revision number for resource dfa31a5a-f909-489b-851b-adae74180840 (type: networks) to 1
2026-03-06 01:44:46.225 9 WARNING neutron.scheduler.dhcp_agent_scheduler [None req-2901718b-1c9e-4d48-8013-6e471a7028a9 e6ec4e5e650a4166abed5771d0605367 c689bf0a81bf403c89aab3609a590d5c - - default default] No more DHCP agents
2026-03-06 01:44:46.227 9 WARNING neutron.api.rpc.agentnotifiers.dhcp_rpc_agent_api [None req-2901718b-1c9e-4d48-8013-6e471a7028a9 e6ec4e5e650a4166abed5771d0605367 c689bf0a81bf403c89aab3609a590d5c - - default default] Unable to schedule network dfa31a5a-f909-489b-851b-adae74180840: no agents available; will retry on subsequent port and subnet creation events.
2026-03-06 01:44:46.272 9 INFO neutron.api.wsgi [None req-58eaacd2-33f4-4df7-9f05-59fbf921a7b4 1e7dc8fe47e6429cb2bb978ca1cc15c6 648b6b88fee64ac1b19ebad9b51eece1 - - default default] 10.0.0.122 "DELETE /v2.0/security-groups/ab441382-3c2f-4f18-93c1-2fa017f21778 HTTP/1.1" status: 204 len: 168 time: 0.2355387
2026-03-06 01:44:46.303 9 INFO neutron.db.ovn_revision_numbers_db [None req-2901718b-1c9e-4d48-8013-6e471a7028a9 e6ec4e5e650a4166abed5771d0605367 c689bf0a81bf403c89aab3609a590d5c - - default default] Successfully bumped revision number for resource a7b44d6d-5385-42c6-a138-5a9c5609a71a (type: ports) to 1
2026-03-06 01:44:46.328 9 INFO neutron.api.wsgi [None req-2901718b-1c9e-4d48-8013-6e471a7028a9 e6ec4e5e650a4166abed5771d0605367 c689bf0a81bf403c89aab3609a590d5c - - default default] 10.0.0.122 "POST /v2.0/networks HTTP/1.1" status: 201 len: 830 time: 0.9136043
2026-03-06 01:44:46.337 9 WARNING neutron_lib.context [None req-6b420723-b1a1-4399-98e0-bfd624831913 e6ec4e5e650a4166abed5771d0605367 c689bf0a81bf403c89aab3609a590d5c - - default default] Method 'is_advsvc' is deprecated since 2023.2 release (neutron-lib 3.8.0) and will be removed once support for the old RBAC API policies will be removed from Neutron. Please use method 'is_service_role' instead.
2026-03-06 01:44:46.371 10 INFO neutron.api.wsgi [None req-75a21ed3-0e65-442c-a4bc-bfdb7eef0ed1 1e7dc8fe47e6429cb2bb978ca1cc15c6 648b6b88fee64ac1b19ebad9b51eece1 - - default default] 10.0.0.116 "GET /v2.0/extensions/security-group HTTP/1.1" status: 200 len: 369 time: 0.0070972
2026-03-06 01:44:46.378 10 INFO neutron.api.wsgi [None req-a7d50409-d8dc-423a-9b1a-278a2fd17861 1e7dc8fe47e6429cb2bb978ca1cc15c6 648b6b88fee64ac1b19ebad9b51eece1 - - default default] 10.0.0.116 "GET /v2.0/extensions/dns-integration HTTP/1.1" status: 200 len: 371 time: 0.0028083
2026-03-06 01:44:46.387 10 INFO neutron.api.wsgi [None req-a08978ba-84fa-400c-aecc-8f2ffe18e219 1e7dc8fe47e6429cb2bb978ca1cc15c6 648b6b88fee64ac1b19ebad9b51eece1 - - default default] 10.0.0.116 "GET /v2.0/extensions/qos HTTP/1.1" status: 200 len: 365 time: 0.0040247
2026-03-06 01:44:46.397 10 INFO neutron.api.wsgi [None req-97cbe304-e37e-4804-95d7-a592ca094b10 1e7dc8fe47e6429cb2bb978ca1cc15c6 648b6b88fee64ac1b19ebad9b51eece1 - - default default] 10.0.0.116 "GET /v2.0/extensions/allowed-address-pairs HTTP/1.1" status: 200 len: 383 time: 0.0065484
2026-03-06 01:44:46.592 9 WARNING neutron.scheduler.dhcp_agent_scheduler [None req-6b420723-b1a1-4399-98e0-bfd624831913 e6ec4e5e650a4166abed5771d0605367 c689bf0a81bf403c89aab3609a590d5c - - default default] No more DHCP agents
2026-03-06 01:44:46.593 9 WARNING neutron.api.rpc.agentnotifiers.dhcp_rpc_agent_api [None req-6b420723-b1a1-4399-98e0-bfd624831913 e6ec4e5e650a4166abed5771d0605367 c689bf0a81bf403c89aab3609a590d5c - - default default] Unable to schedule network dfa31a5a-f909-489b-851b-adae74180840: no agents available; will retry on subsequent port and subnet creation events.
2026-03-06 01:44:46.659 9 INFO neutron.db.ovn_revision_numbers_db [None req-6b420723-b1a1-4399-98e0-bfd624831913 e6ec4e5e650a4166abed5771d0605367 c689bf0a81bf403c89aab3609a590d5c - - default default] Successfully bumped revision number for resource 82da38b1-88fb-46e6-be05-b3002781bce3 (type: ports) to 1
2026-03-06 01:44:46.683 9 INFO neutron.api.wsgi [None req-6b420723-b1a1-4399-98e0-bfd624831913 e6ec4e5e650a4166abed5771d0605367 c689bf0a81bf403c89aab3609a590d5c - - default default] 10.0.0.122 "POST /v2.0/ports HTTP/1.1" status: 201 len: 942 time: 0.3504341 /var/lib/openstack/lib/python3.12/site-packages/pycadf/identifier.py:71: UserWarning: Invalid uuid: neutron. To ensure interoperability, identifiers should be a valid uuid. warnings.warn(('Invalid uuid: %s. To ensure interoperability, '
2026-03-06 01:44:46.726 9 INFO neutron.api.wsgi [None req-787d45f2-ae30-4ed7-85e7-1242ed7b71b6 e6ec4e5e650a4166abed5771d0605367 c689bf0a81bf403c89aab3609a590d5c - - default default] 10.0.0.122 "PUT /v2.0/ports/82da38b1-88fb-46e6-be05-b3002781bce3/tags HTTP/1.1" status: 200 len: 218 time: 0.0375118
2026-03-06 01:44:46.760 10 INFO neutron.api.wsgi [-] 10.0.0.116 "GET / HTTP/1.1" status: 200 len: 284 time: 0.0035145
2026-03-06 01:44:46.763 9 INFO neutron.api.wsgi [None req-1909cf3a-3d44-494d-87f2-cf4b36823bbd e6ec4e5e650a4166abed5771d0605367 c689bf0a81bf403c89aab3609a590d5c - - default default] 10.0.0.122 "GET /v2.0/ports/82da38b1-88fb-46e6-be05-b3002781bce3/tags HTTP/1.1" status: 200 len: 218 time: 0.0326171
2026-03-06 01:44:46.812 9 INFO neutron.api.wsgi [None req-9870ea5e-e27d-41ca-aba1-0330e31a56bd e6ec4e5e650a4166abed5771d0605367 c689bf0a81bf403c89aab3609a590d5c - - default default] 10.0.0.122 "PUT /v2.0/ports/82da38b1-88fb-46e6-be05-b3002781bce3/tags/green HTTP/1.1" status: 201 len: 201 time: 0.0444584
2026-03-06 01:44:46.821 10 INFO neutron.api.wsgi [None req-10690fcc-c471-43d0-ac93-91f0e902ab94 fc46425083984c3e98aa6cfaff298d83 396ef6d375f64b9bbe6133a01d1f9f28 - - default default] 10.0.0.116 "GET /v2.0/subnets/520de760-ed4d-4a2f-b6f2-dfc29240644c HTTP/1.1" status: 200 len: 855 time: 0.0283191
2026-03-06 01:44:46.857 10 INFO neutron.api.wsgi [None req-ba529824-62bd-4997-8c87-8e871406d469 e6ec4e5e650a4166abed5771d0605367 c689bf0a81bf403c89aab3609a590d5c - - default default] 10.0.0.122 "GET /v2.0/ports/82da38b1-88fb-46e6-be05-b3002781bce3/tags HTTP/1.1" status: 200 len: 227 time: 0.0399251
2026-03-06 01:44:46.908 10 INFO neutron.api.wsgi [None req-6f040a88-d00d-4ff8-a40f-4a83097d6ba4 e6ec4e5e650a4166abed5771d0605367 c689bf0a81bf403c89aab3609a590d5c - - default default] 10.0.0.122 "PUT /v2.0/ports/82da38b1-88fb-46e6-be05-b3002781bce3/tags/red HTTP/1.1" status: 201 len: 201 time: 0.0470421
2026-03-06 01:44:46.942 10 INFO neutron.api.wsgi [None req-d4d46904-f52e-44bb-af9d-aa575841a4e7 e6ec4e5e650a4166abed5771d0605367 c689bf0a81bf403c89aab3609a590d5c - - default default] 10.0.0.122 "GET /v2.0/ports/82da38b1-88fb-46e6-be05-b3002781bce3/tags HTTP/1.1" status: 200 len: 227 time: 0.0307093
2026-03-06 01:44:46.980 10 INFO neutron.api.wsgi [None req-b9b2a697-8839-48f2-ac27-e8f6dc63f05e e6ec4e5e650a4166abed5771d0605367 c689bf0a81bf403c89aab3609a590d5c - - default default] 10.0.0.122 "PUT /v2.0/ports/82da38b1-88fb-46e6-be05-b3002781bce3/tags/black.or.white HTTP/1.1" status: 201 len: 201 time: 0.0329137
2026-03-06 01:44:47.018 10 INFO neutron.api.wsgi [None req-033a03c1-631d-4833-85aa-d3f413d72f02 e6ec4e5e650a4166abed5771d0605367 c689bf0a81bf403c89aab3609a590d5c - - default default] 10.0.0.122 "GET /v2.0/ports/82da38b1-88fb-46e6-be05-b3002781bce3/tags HTTP/1.1" status: 200 len: 245 time: 0.0330145
2026-03-06 01:44:47.074 10 INFO neutron.api.wsgi [None req-444dc7f3-7411-4e2c-972c-0717469d3b85 e6ec4e5e650a4166abed5771d0605367 c689bf0a81bf403c89aab3609a590d5c - - default default] 10.0.0.122 "PUT /v2.0/ports/82da38b1-88fb-46e6-be05-b3002781bce3/tags HTTP/1.1" status: 200 len: 230 time: 0.0465479
2026-03-06 01:44:47.104 10 INFO neutron.api.wsgi [None req-9a0900dd-5736-4fa2-971d-6b9ed910ddd9 e6ec4e5e650a4166abed5771d0605367 c689bf0a81bf403c89aab3609a590d5c - - default default] 10.0.0.122 "GET /v2.0/ports/82da38b1-88fb-46e6-be05-b3002781bce3/tags HTTP/1.1" status: 200 len: 230 time: 0.0256121
2026-03-06 01:44:47.139 10 INFO neutron.api.wsgi [None req-2378b4c2-5169-4185-b220-9990bfb7f3a4 e6ec4e5e650a4166abed5771d0605367 c689bf0a81bf403c89aab3609a590d5c - - default default] 10.0.0.122 "GET /v2.0/ports/82da38b1-88fb-46e6-be05-b3002781bce3/tags/red HTTP/1.1" status: 204 len: 168 time: 0.0316200
2026-03-06 01:44:47.177 10 INFO neutron.api.v2.resource [None req-4260f2f2-33eb-4ac8-9e5f-6b2bd347fe54 e6ec4e5e650a4166abed5771d0605367 c689bf0a81bf403c89aab3609a590d5c - - default default] show failed (client error): The resource could not be found.
2026-03-06 01:44:47.179 10 INFO neutron.api.wsgi [None req-4260f2f2-33eb-4ac8-9e5f-6b2bd347fe54 e6ec4e5e650a4166abed5771d0605367 c689bf0a81bf403c89aab3609a590d5c - - default default] 10.0.0.122 "GET /v2.0/ports/82da38b1-88fb-46e6-be05-b3002781bce3/tags/green HTTP/1.1" status: 404 len: 299 time: 0.0355353
2026-03-06 01:44:47.223 10 INFO neutron.api.wsgi [None req-5d216304-590e-4188-8cbe-5dbeef5455f6 e6ec4e5e650a4166abed5771d0605367 c689bf0a81bf403c89aab3609a590d5c - - default default] 10.0.0.122 "DELETE /v2.0/ports/82da38b1-88fb-46e6-be05-b3002781bce3/tags/red HTTP/1.1" status: 204 len: 168 time: 0.0399895
2026-03-06 01:44:47.252 10 INFO neutron.api.wsgi [None req-16348fb5-ffa3-422e-9350-6e2f6f5bbfc9 e6ec4e5e650a4166abed5771d0605367 c689bf0a81bf403c89aab3609a590d5c - - default default] 10.0.0.122 "GET /v2.0/ports/82da38b1-88fb-46e6-be05-b3002781bce3/tags HTTP/1.1" status: 200 len: 223 time: 0.0250146
2026-03-06 01:44:47.283 10 INFO neutron.api.v2.resource [None req-74f40f39-48ee-44fe-b97b-d2f9ac1184ab e6ec4e5e650a4166abed5771d0605367 c689bf0a81bf403c89aab3609a590d5c - - default default] delete failed (client error): The resource could not be found.
2026-03-06 01:44:47.284 10 INFO neutron.api.wsgi [None req-74f40f39-48ee-44fe-b97b-d2f9ac1184ab e6ec4e5e650a4166abed5771d0605367 c689bf0a81bf403c89aab3609a590d5c - - default default] 10.0.0.122 "DELETE /v2.0/ports/82da38b1-88fb-46e6-be05-b3002781bce3/tags/green HTTP/1.1" status: 404 len: 299 time: 0.0276923
2026-03-06 01:44:47.327 10 INFO neutron.api.wsgi [None req-89cf7179-d61a-410a-a17a-1aa05c7f08e0 e6ec4e5e650a4166abed5771d0605367 c689bf0a81bf403c89aab3609a590d5c - - default default] 10.0.0.122 "DELETE /v2.0/ports/82da38b1-88fb-46e6-be05-b3002781bce3/tags HTTP/1.1" status: 204 len: 168 time: 0.0388050
2026-03-06 01:44:47.358 10 INFO neutron.api.wsgi [None req-d353c635-c814-4324-b44a-8b0b60135de4 e6ec4e5e650a4166abed5771d0605367 c689bf0a81bf403c89aab3609a590d5c - - default default] 10.0.0.122 "GET /v2.0/ports/82da38b1-88fb-46e6-be05-b3002781bce3/tags HTTP/1.1" status: 200 len: 205 time: 0.0272536
2026-03-06 01:44:47.450 10 INFO neutron.api.wsgi [None req-57891a1c-67c4-4cfb-a735-9fe13f08f14c 1e7dc8fe47e6429cb2bb978ca1cc15c6 648b6b88fee64ac1b19ebad9b51eece1 - - default default] 199.204.45.155 "GET /v2.0/extensions/security-group HTTP/1.1" status: 200 len: 369 time: 0.0056112
2026-03-06 01:44:47.457 10 INFO neutron.api.wsgi [None req-dc6ca31d-321b-4228-89c8-e9b1d2d1236d 1e7dc8fe47e6429cb2bb978ca1cc15c6 648b6b88fee64ac1b19ebad9b51eece1 - - default default] 199.204.45.155 "GET /v2.0/extensions/dns-integration HTTP/1.1" status: 200 len: 371 time: 0.0026176
2026-03-06 01:44:47.463 10 INFO neutron.api.wsgi [None req-ce50065b-495f-4ead-ae3e-b3e4280c6131 1e7dc8fe47e6429cb2bb978ca1cc15c6 648b6b88fee64ac1b19ebad9b51eece1 - - default default] 199.204.45.155 "GET /v2.0/extensions/qos HTTP/1.1" status: 200 len: 365 time: 0.0029852
2026-03-06 01:44:47.469 10 INFO neutron.api.wsgi [None req-ae279923-1b54-4113-bec6-f882998e620c 1e7dc8fe47e6429cb2bb978ca1cc15c6 648b6b88fee64ac1b19ebad9b51eece1 - - default default] 199.204.45.155 "GET /v2.0/extensions/allowed-address-pairs HTTP/1.1" status: 200 len: 383 time: 0.0028026
2026-03-06 01:44:47.502 10 INFO neutron.api.wsgi [None req-5f2cf83d-0ebc-48d4-ab06-d00d6431435e 1e7dc8fe47e6429cb2bb978ca1cc15c6 648b6b88fee64ac1b19ebad9b51eece1 - - default default] 199.204.45.155 "GET /v2.0/subnets/32be5f4a-8df5-415c-bab7-0baf01e67c67 HTTP/1.1" status: 200 len: 873 time: 0.0234191
2026-03-06 01:44:47.534 10 INFO neutron.api.wsgi [None req-73236a3e-581b-4447-9425-4d7d4293a063 1e7dc8fe47e6429cb2bb978ca1cc15c6 648b6b88fee64ac1b19ebad9b51eece1 - - default default] 199.204.45.155 "GET /v2.0/subnets/520de760-ed4d-4a2f-b6f2-dfc29240644c HTTP/1.1" status: 200 len: 873 time: 0.0268400
2026-03-06 01:44:47.581 10 INFO neutron.api.wsgi [None req-dbeae729-b4bb-4b95-afeb-3217c472422f 1e7dc8fe47e6429cb2bb978ca1cc15c6 648b6b88fee64ac1b19ebad9b51eece1 - - default default] 199.204.45.155 "GET /v2.0/ports?device_id=9cfdbdea-5215-47d5-95fb-aa3293207b70 HTTP/1.1" status: 200 len: 3925 time: 0.0422521
2026-03-06 01:44:47.647 10 INFO neutron.api.wsgi [None req-fc787c01-66f3-48af-a762-61531e4640d9 e6ec4e5e650a4166abed5771d0605367 c689bf0a81bf403c89aab3609a590d5c - - default default] 10.0.0.122 "DELETE /v2.0/ports/82da38b1-88fb-46e6-be05-b3002781bce3 HTTP/1.1" status: 204 len: 168 time: 0.2844565
2026-03-06 01:44:47.709 10 INFO neutron.api.wsgi [None req-7ef00065-1834-48fc-8f65-6ee29a37c6ef 1e7dc8fe47e6429cb2bb978ca1cc15c6 648b6b88fee64ac1b19ebad9b51eece1 - - default default] 199.204.45.155 "GET /v2.0/extensions/security-group HTTP/1.1" status: 200 len: 369 time: 0.0037737
2026-03-06 01:44:47.715 10 INFO neutron.api.wsgi [None req-0584fa24-0c10-4010-9765-95b9012827f0 1e7dc8fe47e6429cb2bb978ca1cc15c6 648b6b88fee64ac1b19ebad9b51eece1 - - default default] 199.204.45.155 "GET /v2.0/extensions/dns-integration HTTP/1.1" status: 200 len: 371 time: 0.0027654
2026-03-06 01:44:47.720 10 INFO neutron.api.wsgi [None req-eb635180-a250-40e1-a93e-542f5a073d41 1e7dc8fe47e6429cb2bb978ca1cc15c6 648b6b88fee64ac1b19ebad9b51eece1 - - default default] 199.204.45.155 "GET /v2.0/extensions/qos HTTP/1.1" status: 200 len: 365 time: 0.0027289
2026-03-06 01:44:47.726 10 INFO neutron.api.wsgi [None req-55e569c4-77ca-4ec7-8241-61b20105da9a 1e7dc8fe47e6429cb2bb978ca1cc15c6 648b6b88fee64ac1b19ebad9b51eece1 - - default default] 199.204.45.155 "GET /v2.0/extensions/allowed-address-pairs HTTP/1.1" status: 200 len: 383 time: 0.0028851
2026-03-06 01:44:47.950 10 INFO neutron.services.segments.plugin [-] Segment 64141eb5-37e8-4819-a51c-e7baf782bdcf resource provider aggregate not found
2026-03-06 01:44:47.954 10 INFO neutron.services.segments.plugin [-] Segment 64141eb5-37e8-4819-a51c-e7baf782bdcf resource provider aggregate not found
2026-03-06 01:44:47.968 10 INFO neutron.services.segments.plugin [-] Segment 64141eb5-37e8-4819-a51c-e7baf782bdcf resource provider not found; error: Placement Client Error (4xx): {"errors": [{"status": 404, "title": "Not Found", "detail": "The resource could not be found.\n\n No resource provider with uuid 64141eb5-37e8-4819-a51c-e7baf782bdcf found for delete ", "request_id": "req-5c91d53e-58bb-4fc4-bc76-6fbec71afeff"}]}
2026-03-06 01:44:47.969 10 INFO neutron.services.segments.plugin [-] Segment 64141eb5-37e8-4819-a51c-e7baf782bdcf resource provider not found; error: Placement Client Error (4xx): {"errors": [{"status": 404, "title": "Not Found", "detail": "The resource could not be found.\n\n No resource provider with uuid 64141eb5-37e8-4819-a51c-e7baf782bdcf found for delete ", "request_id": "req-3b723e00-b87b-4e0a-915f-0b4953c0dcea"}]}
2026-03-06 01:44:47.988 10 INFO neutron.api.wsgi [None req-a5df0d18-29d2-480f-8eb7-a9a871320eb1 e6ec4e5e650a4166abed5771d0605367 c689bf0a81bf403c89aab3609a590d5c - - default default] 10.0.0.122 "DELETE /v2.0/networks/dfa31a5a-f909-489b-851b-adae74180840 HTTP/1.1" status: 204 len: 168 time: 0.3356643
2026-03-06 01:44:48.683 10 INFO neutron.api.wsgi [None req-2b1908df-38b3-4082-a6e8-f285d00086c1 1e7dc8fe47e6429cb2bb978ca1cc15c6 648b6b88fee64ac1b19ebad9b51eece1 - - default default] 10.0.0.122 "GET /v2.0/security-groups?tenant_id=c689bf0a81bf403c89aab3609a590d5c&name=default HTTP/1.1" status: 200 len: 3124 time: 0.1695638
2026-03-06 01:44:48.844 9 INFO neutron.api.wsgi [req-35a59c21-a739-4c8c-8c43-3cb6c030d2a1 req-be19a661-7bde-4224-9d54-af12db2fe63c 8eb44330508a426c9ba86ad21a028714 e548c96dd269448eb17847e3a6495a83 - - a3b3c7e74b3740aba4cc2320f7985a70 a3b3c7e74b3740aba4cc2320f7985a70] 199.204.45.155 "GET /v2.0/networks/dd655bbc-74f0-4bf0-96a6-a97aa8f2d653?fields=segments HTTP/1.1" status: 200 len: 212 time: 0.0485833
2026-03-06 01:44:48.899 10 INFO neutron.api.wsgi [None req-09f868a4-e983-44e8-b221-f65645362aa2 1e7dc8fe47e6429cb2bb978ca1cc15c6 648b6b88fee64ac1b19ebad9b51eece1 - - default default] 10.0.0.122 "DELETE /v2.0/security-groups/8460dc0b-5950-4033-bc0a-d4e7115db97a HTTP/1.1" status: 204 len: 168 time: 0.2113767
