2026-03-06 01:40:17.602 10 WARNING neutron.api.rpc.agentnotifiers.dhcp_rpc_agent_api [None req-06444cde-4900-45ec-aca5-27e4fbd36949 1e7dc8fe47e6429cb2bb978ca1cc15c6 648b6b88fee64ac1b19ebad9b51eece1 - - default default] Unable to schedule network 19faa80a-6c9e-44e6-837c-6175e97a19d8: no agents available; will retry on subsequent port and subnet creation events.
2026-03-06 01:40:17.696 10 INFO neutron.db.ovn_revision_numbers_db [None req-06444cde-4900-45ec-aca5-27e4fbd36949 1e7dc8fe47e6429cb2bb978ca1cc15c6 648b6b88fee64ac1b19ebad9b51eece1 - - default default] Successfully bumped revision number for resource eb5eca07-5090-4d3a-b58e-0dc24ee64237 (type: ports) to 1
2026-03-06 01:40:17.713 10 INFO neutron.api.wsgi [req-6d6f72f8-237c-4ddb-9401-a8756af54406 req-d4d0348b-c0af-4abe-8ed2-7358e9f61910 8eb44330508a426c9ba86ad21a028714 e548c96dd269448eb17847e3a6495a83 - - a3b3c7e74b3740aba4cc2320f7985a70 a3b3c7e74b3740aba4cc2320f7985a70] 199.204.45.155 "GET /v2.0/ports?tenant_id=aa9767ceabca474aa3ac12318a0ffeff&device_id=a3f5d8c5-1123-4162-a2f5-148373c6d08b HTTP/1.1" status: 200 len: 1590 time: 0.0370991
2026-03-06 01:40:17.724 9 INFO neutron.db.ovn_revision_numbers_db [None req-4284b74a-38dd-4b9c-a925-bbf93ff5dac3 - - - - - -] Successfully bumped revision number for resource 82a109d3-cd56-4b95-ba37-f4b46e8b23e6 (type: ports) to 2
2026-03-06 01:40:17.728 10 INFO neutron.api.wsgi [None req-06444cde-4900-45ec-aca5-27e4fbd36949 1e7dc8fe47e6429cb2bb978ca1cc15c6 648b6b88fee64ac1b19ebad9b51eece1 - - default default] 10.0.0.122 "POST /v2.0/networks HTTP/1.1" status: 201 len: 945 time: 0.8753436
2026-03-06 01:40:17.786 10 INFO neutron.api.wsgi [req-6d6f72f8-237c-4ddb-9401-a8756af54406 req-c9d1569f-6c33-4af8-be3a-8755c77f68b2 8eb44330508a426c9ba86ad21a028714 e548c96dd269448eb17847e3a6495a83 - - a3b3c7e74b3740aba4cc2320f7985a70 a3b3c7e74b3740aba4cc2320f7985a70] 199.204.45.155 "GET /v2.0/networks?id=2f6c0549-aa54-48a1-8973-2533247e4806 HTTP/1.1" status: 200 len: 981 time: 0.0664945
2026-03-06 01:40:17.837 10 INFO neutron.api.wsgi [req-6d6f72f8-237c-4ddb-9401-a8756af54406 req-824c0c6a-a2cd-4b70-83cd-b48169a9ab93 8eb44330508a426c9ba86ad21a028714 e548c96dd269448eb17847e3a6495a83 - - a3b3c7e74b3740aba4cc2320f7985a70 a3b3c7e74b3740aba4cc2320f7985a70] 199.204.45.155 "GET /v2.0/floatingips?fixed_ip_address=10.100.0.11&port_id=dd7bd289-636b-496a-8d39-ca4bd2516365 HTTP/1.1" status: 200 len: 1060 time: 0.0414047
2026-03-06 01:40:17.862 10 INFO neutron.api.wsgi [req-6d6f72f8-237c-4ddb-9401-a8756af54406 req-b335ed6b-e1b8-4a74-873b-cfe7da6f47f6 8eb44330508a426c9ba86ad21a028714 e548c96dd269448eb17847e3a6495a83 - - a3b3c7e74b3740aba4cc2320f7985a70 a3b3c7e74b3740aba4cc2320f7985a70] 199.204.45.155 "GET /v2.0/floatingips?fixed_ip_address=10.100.0.9&port_id=dd7bd289-636b-496a-8d39-ca4bd2516365 HTTP/1.1" status: 200 len: 217 time: 0.0172129
2026-03-06 01:40:17.903 10 INFO neutron.api.wsgi [req-6d6f72f8-237c-4ddb-9401-a8756af54406 req-f3682634-3e8e-4795-abdf-8b7e3e27a848 8eb44330508a426c9ba86ad21a028714 e548c96dd269448eb17847e3a6495a83 - - a3b3c7e74b3740aba4cc2320f7985a70 a3b3c7e74b3740aba4cc2320f7985a70] 199.204.45.155 "GET /v2.0/subnets?id=016be69d-eec0-43b9-a904-33c6301cb535 HTTP/1.1" status: 200 len: 901 time: 0.0313063
2026-03-06 01:40:17.923 10 WARNING neutron.scheduler.dhcp_agent_scheduler [None req-9f95810f-00cf-4bf5-9b6c-f14df3c0e877 1e7dc8fe47e6429cb2bb978ca1cc15c6 648b6b88fee64ac1b19ebad9b51eece1 - - default default] No more DHCP agents
2026-03-06 01:40:17.925 10 INFO neutron.api.wsgi [req-6d6f72f8-237c-4ddb-9401-a8756af54406 req-e8a701a8-0509-4679-b70b-9984307d3950 8eb44330508a426c9ba86ad21a028714 e548c96dd269448eb17847e3a6495a83 - - a3b3c7e74b3740aba4cc2320f7985a70 a3b3c7e74b3740aba4cc2320f7985a70] 199.204.45.155 "GET /v2.0/ports?network_id=2f6c0549-aa54-48a1-8973-2533247e4806&device_owner=network%3Adhcp HTTP/1.1" status: 200 len: 210 time: 0.0144682
2026-03-06 01:40:17.927 10 WARNING neutron.api.rpc.agentnotifiers.dhcp_rpc_agent_api [None req-9f95810f-00cf-4bf5-9b6c-f14df3c0e877 1e7dc8fe47e6429cb2bb978ca1cc15c6 648b6b88fee64ac1b19ebad9b51eece1 - - default default] Unable to schedule network 19faa80a-6c9e-44e6-837c-6175e97a19d8: no agents available; will retry on subsequent port and subnet creation events.
2026-03-06 01:40:17.998 10 INFO neutron.api.wsgi [req-6d6f72f8-237c-4ddb-9401-a8756af54406 req-3cd66dbc-66d9-40d8-9e6b-99255c183060 8eb44330508a426c9ba86ad21a028714 e548c96dd269448eb17847e3a6495a83 - - a3b3c7e74b3740aba4cc2320f7985a70 a3b3c7e74b3740aba4cc2320f7985a70] 199.204.45.155 "GET /v2.0/networks/2f6c0549-aa54-48a1-8973-2533247e4806?fields=segments HTTP/1.1" status: 200 len: 212 time: 0.0688519
2026-03-06 01:40:18.004 10 INFO neutron.services.segments.plugin [-] Segment 7a99e260-61b9-4606-8ee9-9f754effd5ee resource provider aggregate not found
2026-03-06 01:40:18.009 10 INFO neutron.services.segments.plugin [-] Segment 7a99e260-61b9-4606-8ee9-9f754effd5ee resource provider aggregate not found
2026-03-06 01:40:18.016 10 INFO neutron.services.segments.plugin [-] Segment 7a99e260-61b9-4606-8ee9-9f754effd5ee resource provider not found; error: Placement Client Error (4xx): {"errors": [{"status": 404, "title": "Not Found", "detail": "The resource could not be found.\n\n No resource provider with uuid 7a99e260-61b9-4606-8ee9-9f754effd5ee found for delete ", "request_id": "req-a7d23ffd-0988-4ffa-947c-729dffa2f6c0"}]}
2026-03-06 01:40:18.018 10 INFO neutron.services.segments.plugin [-] Segment 7a99e260-61b9-4606-8ee9-9f754effd5ee resource provider not found; error: Placement Client Error (4xx): {"errors": [{"status": 404, "title": "Not Found", "detail": "The resource could not be found.\n\n No resource provider with uuid 7a99e260-61b9-4606-8ee9-9f754effd5ee found for delete ", "request_id": "req-551df890-a398-4905-a78b-a2448e52c904"}]}
2026-03-06 01:40:18.044 9 INFO neutron.db.ovn_revision_numbers_db [None req-a229f5f1-242b-4b72-851b-dc4df6ef0d24 1e7dc8fe47e6429cb2bb978ca1cc15c6 648b6b88fee64ac1b19ebad9b51eece1 - - default default] Successfully bumped revision number for resource 82a109d3-cd56-4b95-ba37-f4b46e8b23e6 (type: router_ports) to 1
2026-03-06 01:40:18.048 10 INFO neutron.api.wsgi [None req-d380f72d-8d6f-463d-91be-167695100dfe c5abab81628c4152aa09703e28423b97 0190cf8c0fff41a5a00727781cbb62a3 - - default default] 10.0.0.122 "DELETE /v2.0/networks/0605a467-444e-4ea3-99a2-f402cb1aa068 HTTP/1.1" status: 204 len: 168 time: 0.4792099
2026-03-06 01:40:18.050 9 INFO neutron.api.wsgi [None req-a229f5f1-242b-4b72-851b-dc4df6ef0d24 1e7dc8fe47e6429cb2bb978ca1cc15c6 648b6b88fee64ac1b19ebad9b51eece1 - - default default] 10.0.0.122 "PUT /v2.0/routers/115c705e-7fbd-4a4b-aa6f-476bb1aadcad/add_router_interface HTTP/1.1" status: 200 len: 503 time: 2.2874625
2026-03-06 01:40:18.067 10 INFO neutron.api.wsgi [req-6d6f72f8-237c-4ddb-9401-a8756af54406 req-a69fe50c-5dcf-4a2f-95c3-b469f59c3bf6 8eb44330508a426c9ba86ad21a028714 e548c96dd269448eb17847e3a6495a83 - - a3b3c7e74b3740aba4cc2320f7985a70 a3b3c7e74b3740aba4cc2320f7985a70] 199.204.45.155 "GET /v2.0/networks/2f6c0549-aa54-48a1-8973-2533247e4806?fields=provider%3Aphysical_network&fields=provider%3Anetwork_type HTTP/1.1" status: 200 len: 277 time: 0.0599067
2026-03-06 01:40:18.328 9 INFO neutron.services.segments.plugin [-] Segment 484151c5-07b6-4f04-9cf1-9704b275def5 resource provider aggregate not found
2026-03-06 01:40:18.332 9 INFO neutron.services.segments.plugin [-] Segment 484151c5-07b6-4f04-9cf1-9704b275def5 resource provider aggregate not found
2026-03-06 01:40:18.340 9 INFO neutron.services.segments.plugin [-] Segment 484151c5-07b6-4f04-9cf1-9704b275def5 resource provider not found; error: Placement Client Error (4xx): {"errors": [{"status": 404, "title": "Not Found", "detail": "The resource could not be found.\n\n No resource provider with uuid 484151c5-07b6-4f04-9cf1-9704b275def5 found for delete ", "request_id": "req-f0c23620-b70f-41d8-a877-d0b934677042"}]}
2026-03-06 01:40:18.344 9 INFO neutron.services.segments.plugin [-] Segment 484151c5-07b6-4f04-9cf1-9704b275def5 resource provider not found; error: Placement Client Error (4xx): {"errors": [{"status": 404, "title": "Not Found", "detail": "The resource could not be found.\n\n No resource provider with uuid 484151c5-07b6-4f04-9cf1-9704b275def5 found for delete ", "request_id": "req-fa5a96a6-ba6c-49ed-bf20-14c9d0e02d54"}]}
2026-03-06 01:40:18.376 9 INFO neutron.api.wsgi [None req-09f21304-d530-43b1-abbb-9f67c585fc2b c5abab81628c4152aa09703e28423b97 0190cf8c0fff41a5a00727781cbb62a3 - - default default] 10.0.0.122 "DELETE /v2.0/networks/8f597622-a481-4780-9bff-aa5c7ba1578c HTTP/1.1" status: 204 len: 168 time: 0.3227148
2026-03-06 01:40:18.386 10 INFO neutron.db.ovn_revision_numbers_db [None req-fc6c8315-dffb-44c5-bc37-9ff36afdc07f - - - - - -] Successfully bumped revision number for resource eb5eca07-5090-4d3a-b58e-0dc24ee64237 (type: ports) to 2
2026-03-06 01:40:18.419 10 INFO neutron.db.ovn_revision_numbers_db [None req-fc6c8315-dffb-44c5-bc37-9ff36afdc07f - - - - - -] Successfully bumped revision number for resource 769aaa2f-60c9-4ca1-b6ae-55e7d4ec688c (type: subnets) to 0
2026-03-06 01:40:18.431 10 INFO neutron.api.wsgi [None req-9f95810f-00cf-4bf5-9b6c-f14df3c0e877 1e7dc8fe47e6429cb2bb978ca1cc15c6 648b6b88fee64ac1b19ebad9b51eece1 - - default default] 10.0.0.122 "POST /v2.0/subnets HTTP/1.1" status: 201 len: 889 time: 0.6962545
2026-03-06 01:40:18.590 10 WARNING neutron_lib.context [None req-7dbf70f2-b89e-46e2-bb94-00725f24a75f 06cac389b0b64391bae0e8e073919655 1cb29106550741ffaccb533906f17ad6 - - default default] Method 'is_advsvc' is deprecated since 2023.2 release (neutron-lib 3.8.0) and will be removed once support for the old RBAC API policies will be removed from Neutron. Please use method 'is_service_role' instead.
2026-03-06 01:40:18.702 10 INFO neutron.db.ovn_revision_numbers_db [None req-7dbf70f2-b89e-46e2-bb94-00725f24a75f 06cac389b0b64391bae0e8e073919655 1cb29106550741ffaccb533906f17ad6 - - default default] Successfully bumped revision number for resource 9bdc12f5-01c0-4571-be30-5355d249fea0 (type: security_groups) to 1
2026-03-06 01:40:18.714 10 INFO neutron.db.ovn_revision_numbers_db [None req-7dbf70f2-b89e-46e2-bb94-00725f24a75f 06cac389b0b64391bae0e8e073919655 1cb29106550741ffaccb533906f17ad6 - - default default] Successfully bumped revision number for resource 0299b250-7e84-4a39-96a1-197f98312159 (type: security_group_rules) to 0
2026-03-06 01:40:18.726 10 INFO neutron.db.ovn_revision_numbers_db [None req-7dbf70f2-b89e-46e2-bb94-00725f24a75f 06cac389b0b64391bae0e8e073919655 1cb29106550741ffaccb533906f17ad6 - - default default] Successfully bumped revision number for resource acc0b778-ee5f-4584-8642-3c30ed08c255 (type: security_group_rules) to 0
2026-03-06 01:40:18.765 10 INFO neutron.api.wsgi [None req-7dbf70f2-b89e-46e2-bb94-00725f24a75f 06cac389b0b64391bae0e8e073919655 1cb29106550741ffaccb533906f17ad6 - - default default] 10.0.0.122 "POST /v2.0/security-groups HTTP/1.1" status: 201 len: 1861 time: 0.1834795
2026-03-06 01:40:18.775 10 WARNING neutron_lib.context [None req-98fe5b91-cf9f-4eb7-b21c-cc0ef9672396 06cac389b0b64391bae0e8e073919655 1cb29106550741ffaccb533906f17ad6 - - default default] Method 'is_advsvc' is deprecated since 2023.2 release (neutron-lib 3.8.0) and will be removed once support for the old RBAC API policies will be removed from Neutron. Please use method 'is_service_role' instead.
2026-03-06 01:40:18.781 9 INFO neutron.api.wsgi [None req-88694c9d-b36e-4266-b557-e547e1ca5cc1 c5abab81628c4152aa09703e28423b97 0190cf8c0fff41a5a00727781cbb62a3 - - default default] 10.0.0.122 "DELETE /v2.0/networks/0c3e35b8-f6dc-4ca7-ac51-5de7da5cd449 HTTP/1.1" status: 204 len: 168 time: 0.3982239
2026-03-06 01:40:18.873 9 WARNING neutron.scheduler.dhcp_agent_scheduler [None req-37f4462f-4478-4a17-b2b4-54acdd0c31f1 1e7dc8fe47e6429cb2bb978ca1cc15c6 648b6b88fee64ac1b19ebad9b51eece1 - - default default] No more DHCP agents
2026-03-06 01:40:18.875 9 WARNING neutron.api.rpc.agentnotifiers.dhcp_rpc_agent_api [None req-37f4462f-4478-4a17-b2b4-54acdd0c31f1 1e7dc8fe47e6429cb2bb978ca1cc15c6 648b6b88fee64ac1b19ebad9b51eece1 - - default default] Unable to schedule network 60b3b246-5c65-4e19-9956-25f1b7f50095: no agents available; will retry on subsequent port and subnet creation events.
2026-03-06 01:40:18.911 10 INFO neutron.db.ovn_revision_numbers_db [None req-98fe5b91-cf9f-4eb7-b21c-cc0ef9672396 06cac389b0b64391bae0e8e073919655 1cb29106550741ffaccb533906f17ad6 - - default default] Successfully bumped revision number for resource 56cdaa1f-2378-428f-8c68-27f4a5541ce1 (type: security_group_rules) to 0
2026-03-06 01:40:18.952 10 INFO neutron.api.wsgi [None req-98fe5b91-cf9f-4eb7-b21c-cc0ef9672396 06cac389b0b64391bae0e8e073919655 1cb29106550741ffaccb533906f17ad6 - - default default] 10.0.0.122 "POST /v2.0/security-group-rules HTTP/1.1" status: 201 len: 796 time: 0.1809299
2026-03-06 01:40:18.961 10 WARNING neutron_lib.context [None req-cae1367d-e4e4-454a-b1ca-49d6fe8e862e 06cac389b0b64391bae0e8e073919655 1cb29106550741ffaccb533906f17ad6 - - default default] Method 'is_advsvc' is deprecated since 2023.2 release (neutron-lib 3.8.0) and will be removed once support for the old RBAC API policies will be removed from Neutron. Please use method 'is_service_role' instead.
2026-03-06 01:40:18.994 9 INFO neutron.db.ovn_revision_numbers_db [None req-37f4462f-4478-4a17-b2b4-54acdd0c31f1 1e7dc8fe47e6429cb2bb978ca1cc15c6 648b6b88fee64ac1b19ebad9b51eece1 - - default default] Successfully bumped revision number for resource 5231c0c1-6678-4ecf-8acb-7e7da7401750 (type: ports) to 1
2026-03-06 01:40:19.122 10 INFO neutron.api.wsgi [req-d9c6d6bf-69cc-4ab7-ac3d-db28347c3d47 req-68dffba8-f3e8-4016-91c2-0287b2f5c1c3 c27e4ede994f452bba7ebcf483fb619e aa9767ceabca474aa3ac12318a0ffeff - - default default] 10.0.0.209 "GET /v2.0/ports?device_id=a3f5d8c5-1123-4162-a2f5-148373c6d08b HTTP/1.1" status: 200 len: 1352 time: 0.0554168
2026-03-06 01:40:19.134 10 INFO neutron.api.wsgi [req-88bd342b-4253-4f3b-9b1d-1f956ff5c1b2 req-3df24cd2-03ed-4a03-8dd8-42b34a1a9b63 8eb44330508a426c9ba86ad21a028714 e548c96dd269448eb17847e3a6495a83 - - a3b3c7e74b3740aba4cc2320f7985a70 a3b3c7e74b3740aba4cc2320f7985a70] 199.204.45.155 "GET /v2.0/ports?tenant_id=aa9767ceabca474aa3ac12318a0ffeff&device_id=a3f5d8c5-1123-4162-a2f5-148373c6d08b HTTP/1.1" status: 200 len: 1590 time: 0.0468674
2026-03-06 01:40:19.139 10 INFO neutron.db.ovn_revision_numbers_db [None req-cae1367d-e4e4-454a-b1ca-49d6fe8e862e 06cac389b0b64391bae0e8e073919655 1cb29106550741ffaccb533906f17ad6 - - default default] Successfully bumped revision number for resource fb20e80a-1a0f-4d21-afe9-9360304913a3 (type: security_group_rules) to 0
2026-03-06 01:40:19.185 10 INFO neutron.api.wsgi [req-d9c6d6bf-69cc-4ab7-ac3d-db28347c3d47 req-e1e1c9f9-18df-4b72-b1c1-38dc302f4de5 c27e4ede994f452bba7ebcf483fb619e aa9767ceabca474aa3ac12318a0ffeff - - default default] 10.0.0.209 "GET /v2.0/security-groups?id=7a448a25-7e63-423d-93ee-aec5f4b56197&fields=id&fields=name HTTP/1.1" status: 200 len: 313 time: 0.0560191
2026-03-06 01:40:19.191 10 INFO neutron.api.wsgi [None req-cae1367d-e4e4-454a-b1ca-49d6fe8e862e 06cac389b0b64391bae0e8e073919655 1cb29106550741ffaccb533906f17ad6 - - default default] 10.0.0.122 "POST /v2.0/security-group-rules HTTP/1.1" status: 201 len: 801 time: 0.2341776
2026-03-06 01:40:19.194 10 INFO neutron.api.wsgi [None req-30b6720f-de40-4598-9f9c-ab91d4679c5f c5abab81628c4152aa09703e28423b97 0190cf8c0fff41a5a00727781cbb62a3 - - default default] 10.0.0.122 "DELETE /v2.0/networks/824d400d-0792-46f5-a9a5-3bdd6fc575da HTTP/1.1" status: 204 len: 168 time: 0.4087336
2026-03-06 01:40:19.200 10 WARNING neutron_lib.context [None req-082ba2db-5e21-4508-b093-886dea8845dd 06cac389b0b64391bae0e8e073919655 1cb29106550741ffaccb533906f17ad6 - - default default] Method 'is_advsvc' is deprecated since 2023.2 release (neutron-lib 3.8.0) and will be removed once support for the old RBAC API policies will be removed from Neutron. Please use method 'is_service_role' instead.
2026-03-06 01:40:19.205 10 INFO neutron.api.wsgi [req-88bd342b-4253-4f3b-9b1d-1f956ff5c1b2 req-54d38db6-060f-43e5-ad19-ad16e6a8e417 8eb44330508a426c9ba86ad21a028714 e548c96dd269448eb17847e3a6495a83 - - a3b3c7e74b3740aba4cc2320f7985a70 a3b3c7e74b3740aba4cc2320f7985a70] 199.204.45.155 "GET /v2.0/networks?id=2f6c0549-aa54-48a1-8973-2533247e4806 HTTP/1.1" status: 200 len: 981 time: 0.0664141
2026-03-06 01:40:19.248 10 INFO neutron.api.wsgi [req-88bd342b-4253-4f3b-9b1d-1f956ff5c1b2 req-fd3f4a9b-84c2-4e33-8c7f-825a7b661298 8eb44330508a426c9ba86ad21a028714 e548c96dd269448eb17847e3a6495a83 - - a3b3c7e74b3740aba4cc2320f7985a70 a3b3c7e74b3740aba4cc2320f7985a70] 199.204.45.155 "GET /v2.0/floatingips?fixed_ip_address=10.100.0.11&port_id=dd7bd289-636b-496a-8d39-ca4bd2516365 HTTP/1.1" status: 200 len: 1060 time: 0.0381937
2026-03-06 01:40:19.270 10 INFO neutron.api.wsgi [req-88bd342b-4253-4f3b-9b1d-1f956ff5c1b2 req-11b1b51f-b0b4-4e7f-aa79-69c8bd828621 8eb44330508a426c9ba86ad21a028714 e548c96dd269448eb17847e3a6495a83 - - a3b3c7e74b3740aba4cc2320f7985a70 a3b3c7e74b3740aba4cc2320f7985a70] 199.204.45.155 "GET /v2.0/floatingips?fixed_ip_address=10.100.0.9&port_id=dd7bd289-636b-496a-8d39-ca4bd2516365 HTTP/1.1" status: 200 len: 217 time: 0.0173290
2026-03-06 01:40:19.306 10 INFO neutron.api.wsgi [req-88bd342b-4253-4f3b-9b1d-1f956ff5c1b2 req-119652f5-e247-4396-a0e2-1e0e4d2cb7ff 8eb44330508a426c9ba86ad21a028714 e548c96dd269448eb17847e3a6495a83 - - a3b3c7e74b3740aba4cc2320f7985a70 a3b3c7e74b3740aba4cc2320f7985a70] 199.204.45.155 "GET /v2.0/subnets?id=016be69d-eec0-43b9-a904-33c6301cb535 HTTP/1.1" status: 200 len: 901 time: 0.0280440
2026-03-06 01:40:19.333 10 INFO neutron.api.wsgi [req-88bd342b-4253-4f3b-9b1d-1f956ff5c1b2 req-23ce0791-625d-4354-af85-e55be2f6d4fa 8eb44330508a426c9ba86ad21a028714 e548c96dd269448eb17847e3a6495a83 - - a3b3c7e74b3740aba4cc2320f7985a70 a3b3c7e74b3740aba4cc2320f7985a70] 199.204.45.155 "GET /v2.0/ports?network_id=2f6c0549-aa54-48a1-8973-2533247e4806&device_owner=network%3Adhcp HTTP/1.1" status: 200 len: 210 time: 0.0197113
2026-03-06 01:40:19.381 10 INFO neutron.api.wsgi [req-88bd342b-4253-4f3b-9b1d-1f956ff5c1b2 req-841d68b8-6e2e-452e-aece-7cf1487ac617 8eb44330508a426c9ba86ad21a028714 e548c96dd269448eb17847e3a6495a83 - - a3b3c7e74b3740aba4cc2320f7985a70 a3b3c7e74b3740aba4cc2320f7985a70] 199.204.45.155 "GET /v2.0/networks/2f6c0549-aa54-48a1-8973-2533247e4806?fields=segments HTTP/1.1" status: 200 len: 212 time: 0.0433714
2026-03-06 01:40:19.426 10 INFO neutron.api.wsgi [req-88bd342b-4253-4f3b-9b1d-1f956ff5c1b2 req-ef36fab5-8291-4873-808f-8a742ee9a990 8eb44330508a426c9ba86ad21a028714 e548c96dd269448eb17847e3a6495a83 - - a3b3c7e74b3740aba4cc2320f7985a70 a3b3c7e74b3740aba4cc2320f7985a70] 199.204.45.155 "GET /v2.0/networks/2f6c0549-aa54-48a1-8973-2533247e4806?fields=provider%3Aphysical_network&fields=provider%3Anetwork_type HTTP/1.1" status: 200 len: 277 time: 0.0409682
2026-03-06 01:40:19.441 10 WARNING neutron.scheduler.dhcp_agent_scheduler [None req-082ba2db-5e21-4508-b093-886dea8845dd 06cac389b0b64391bae0e8e073919655 1cb29106550741ffaccb533906f17ad6 - - default default] No more DHCP agents
2026-03-06 01:40:19.442 10 WARNING neutron.api.rpc.agentnotifiers.dhcp_rpc_agent_api [None req-082ba2db-5e21-4508-b093-886dea8845dd 06cac389b0b64391bae0e8e073919655 1cb29106550741ffaccb533906f17ad6 - - default default] Unable to schedule network 60b3b246-5c65-4e19-9956-25f1b7f50095: no agents available; will retry on subsequent port and subnet creation events.
2026-03-06 01:40:19.553 9 INFO neutron.plugins.ml2.drivers.ovn.mech_driver.ovsdb.commands [None req-561e6e8b-9f72-4dec-86fb-09f2b9f9d32a - - - - - -] Schedule LRP lrp-5231c0c1-6678-4ecf-8acb-7e7da7401750 on gateway dc7bffda-cb5e-4580-b311-7859ed7c6048 with priority 1
2026-03-06 01:40:19.563 10 INFO neutron.plugins.ml2.drivers.ovn.mech_driver.mech_driver [None req-b160b62b-0640-46e6-8f39-73da0e6bb19b - - - - - -] OVN reports status up for port: 5231c0c1-6678-4ecf-8acb-7e7da7401750
2026-03-06 01:40:19.572 10 INFO neutron.plugins.ml2.plugin [None req-b160b62b-0640-46e6-8f39-73da0e6bb19b - - - - - -] Attempt 1 to provision port 5231c0c1-6678-4ecf-8acb-7e7da7401750
2026-03-06 01:40:19.577 10 INFO neutron.plugins.ml2.drivers.ovn.mech_driver.ovsdb.ovsdb_monitor [None req-f2322ccd-c346-4265-b0cd-4ae5eeb9060d - - - - - -] Router 0d3434c0-d0c5-4a7c-bc8b-7657f6224149 is bound to host instance
2026-03-06 01:40:19.592 9 INFO neutron.db.ovn_revision_numbers_db [None req-37f4462f-4478-4a17-b2b4-54acdd0c31f1 1e7dc8fe47e6429cb2bb978ca1cc15c6 648b6b88fee64ac1b19ebad9b51eece1 - - default default] Successfully bumped revision number for resource 5231c0c1-6678-4ecf-8acb-7e7da7401750 (type: router_ports) to 1
2026-03-06 01:40:19.665 9 INFO neutron.db.ovn_revision_numbers_db [None req-37f4462f-4478-4a17-b2b4-54acdd0c31f1 1e7dc8fe47e6429cb2bb978ca1cc15c6 648b6b88fee64ac1b19ebad9b51eece1 - - default default] Successfully bumped revision number for resource 0d3434c0-d0c5-4a7c-bc8b-7657f6224149 (type: routers) to 2
2026-03-06 01:40:19.681 9 INFO neutron.api.wsgi [None req-37f4462f-4478-4a17-b2b4-54acdd0c31f1 1e7dc8fe47e6429cb2bb978ca1cc15c6 648b6b88fee64ac1b19ebad9b51eece1 - - default default] 10.0.0.122 "POST /v2.0/routers HTTP/1.1" status: 201 len: 1167 time: 1.2458656
2026-03-06 01:40:19.737 10 INFO neutron.api.wsgi [None req-082ba2db-5e21-4508-b093-886dea8845dd 06cac389b0b64391bae0e8e073919655 1cb29106550741ffaccb533906f17ad6 - - default default] 10.0.0.122 "POST /v2.0/floatingips HTTP/1.1" status: 201 len: 751 time: 0.5397713
2026-03-06 01:40:19.806 9 INFO neutron.api.wsgi [None req-8914dfc2-0490-48bc-8ed0-50a2c491348d 1e7dc8fe47e6429cb2bb978ca1cc15c6 648b6b88fee64ac1b19ebad9b51eece1 - - default default] 10.0.0.122 "GET /v2.0/security-groups?tenant_id=0190cf8c0fff41a5a00727781cbb62a3&name=default HTTP/1.1" status: 200 len: 3120 time: 0.1471412
2026-03-06 01:40:20.065 10 INFO neutron.services.segments.plugin [-] Segment f05f95e4-a80d-4313-9897-d5c951323b0d resource provider aggregate not found
2026-03-06 01:40:20.068 10 INFO neutron.services.segments.plugin [-] Segment f05f95e4-a80d-4313-9897-d5c951323b0d resource provider aggregate not found
2026-03-06 01:40:20.082 10 INFO neutron.services.segments.plugin [-] Segment f05f95e4-a80d-4313-9897-d5c951323b0d resource provider not found; error: Placement Client Error (4xx): {"errors": [{"status": 404, "title": "Not Found", "detail": "The resource could not be found.\n\n No resource provider with uuid f05f95e4-a80d-4313-9897-d5c951323b0d found for delete ", "request_id": "req-8aa74483-9e54-4905-82f8-ce35a7cdc375"}]}
2026-03-06 01:40:20.090 10 INFO neutron.services.segments.plugin [-] Segment f05f95e4-a80d-4313-9897-d5c951323b0d resource provider not found; error: Placement Client Error (4xx): {"errors": [{"status": 404, "title": "Not Found", "detail": "The resource could not be found.\n\n No resource provider with uuid f05f95e4-a80d-4313-9897-d5c951323b0d found for delete ", "request_id": "req-3fb82fad-e0cd-401d-9245-af2c8b452636"}]}
2026-03-06 01:40:20.108 10 INFO neutron.api.wsgi [req-f19346cb-0c2d-41b0-86fc-ea982c9c6795 req-7a3c2837-235c-40da-ae04-735ca2bb29d8 c27e4ede994f452bba7ebcf483fb619e aa9767ceabca474aa3ac12318a0ffeff - - default default] 199.204.45.155 "GET /v2.0/ports?device_id=a3f5d8c5-1123-4162-a2f5-148373c6d08b&device_owner=compute%3Anova&fixed_ips=ip_address%3D10.100.0.9 HTTP/1.1" status: 200 len: 1352 time: 0.0646110
2026-03-06 01:40:20.139 9 WARNING neutron.scheduler.dhcp_agent_scheduler [None req-ebdc3eae-bc9a-4fa6-a69f-5bea80af752a 1e7dc8fe47e6429cb2bb978ca1cc15c6 648b6b88fee64ac1b19ebad9b51eece1 - - default default] No more DHCP agents
2026-03-06 01:40:20.143 9 WARNING neutron.api.rpc.agentnotifiers.dhcp_rpc_agent_api [None req-ebdc3eae-bc9a-4fa6-a69f-5bea80af752a 1e7dc8fe47e6429cb2bb978ca1cc15c6 648b6b88fee64ac1b19ebad9b51eece1 - - default default] Unable to schedule network 19faa80a-6c9e-44e6-837c-6175e97a19d8: no agents available; will retry on subsequent port and subnet creation events.
2026-03-06 01:40:20.238 10 INFO neutron.api.wsgi [req-749a2915-71cd-4adc-8cee-1b74600aa652 req-ecb7d541-af8b-4278-889b-5eb83b2c2d5b 06cac389b0b64391bae0e8e073919655 1cb29106550741ffaccb533906f17ad6 - - default default] 10.0.0.209 "GET /v2.0/security-groups?name=tempest-securitygroup--1892761820&fields=id&tenant_id=1cb29106550741ffaccb533906f17ad6 HTTP/1.1" status: 200 len: 267 time: 0.0474269
2026-03-06 01:40:20.318 10 INFO neutron.api.wsgi [req-749a2915-71cd-4adc-8cee-1b74600aa652 req-5123a718-5684-4e9c-b6dd-7a1f3b17caea 06cac389b0b64391bae0e8e073919655 1cb29106550741ffaccb533906f17ad6 - - default default] 10.0.0.209 "GET /v2.0/networks?id=bfb3b106-eeca-4198-bcc7-13027fd48b05 HTTP/1.1" status: 200 len: 875 time: 0.0674446
2026-03-06 01:40:20.332 10 INFO neutron.api.wsgi [None req-71b05d0e-f5f8-45f8-bf41-7d8b12d01b62 1e7dc8fe47e6429cb2bb978ca1cc15c6 648b6b88fee64ac1b19ebad9b51eece1 - - default default] 10.0.0.122 "DELETE /v2.0/security-groups/5bb3d261-891d-4845-b669-fbeb78f55350 HTTP/1.1" status: 204 len: 168 time: 0.5219972
2026-03-06 01:40:20.333 10 INFO neutron.db.ovn_revision_numbers_db [None req-2c85b321-59c5-4197-a463-0dfea7ee413c - - - - - -] Successfully bumped revision number for resource 5231c0c1-6678-4ecf-8acb-7e7da7401750 (type: ports) to 1
2026-03-06 01:40:20.341 10 INFO neutron.api.wsgi [req-749a2915-71cd-4adc-8cee-1b74600aa652 req-1b1adb22-2feb-454d-a7b3-f8f8158e3b61 06cac389b0b64391bae0e8e073919655 1cb29106550741ffaccb533906f17ad6 - - default default] 10.0.0.209 "GET /v2.0/quotas/1cb29106550741ffaccb533906f17ad6 HTTP/1.1" status: 200 len: 491 time: 0.0183432
2026-03-06 01:40:20.348 9 INFO neutron.db.ovn_revision_numbers_db [None req-ebdc3eae-bc9a-4fa6-a69f-5bea80af752a 1e7dc8fe47e6429cb2bb978ca1cc15c6 648b6b88fee64ac1b19ebad9b51eece1 - - default default] Successfully bumped revision number for resource bcb63a88-04f3-4ed1-af86-5b59d49c6a60 (type: ports) to 1
2026-03-06 01:40:20.357 9 INFO neutron.services.segments.plugin [-] Segment 823a04ef-330f-4678-8b94-dd8491ce73a4 resource provider aggregate not found
2026-03-06 01:40:20.373 9 INFO neutron.services.segments.plugin [-] Segment 823a04ef-330f-4678-8b94-dd8491ce73a4 resource provider aggregate not found
2026-03-06 01:40:20.382 9 INFO neutron.services.segments.plugin [-] Segment 823a04ef-330f-4678-8b94-dd8491ce73a4 resource provider not found; error: Placement Client Error (4xx): {"errors": [{"status": 404, "title": "Not Found", "detail": "The resource could not be found.\n\n No resource provider with uuid 823a04ef-330f-4678-8b94-dd8491ce73a4 found for delete ", "request_id": "req-4a7e155f-bf3e-45a4-b463-144e8d7056cf"}]}
2026-03-06 01:40:20.388 9 INFO neutron.services.segments.plugin [-] Segment 823a04ef-330f-4678-8b94-dd8491ce73a4 resource provider not found; error: Placement Client Error (4xx): {"errors": [{"status": 404, "title": "Not Found", "detail": "The resource could not be found.\n\n No resource provider with uuid 823a04ef-330f-4678-8b94-dd8491ce73a4 found for delete ", "request_id": "req-7112736e-bd0f-4a7a-9bde-9c6296f2a17a"}]}
2026-03-06 01:40:20.444 10 INFO neutron.api.wsgi [req-749a2915-71cd-4adc-8cee-1b74600aa652 req-202343fb-6020-4344-8530-8bcde4082618 06cac389b0b64391bae0e8e073919655 1cb29106550741ffaccb533906f17ad6 - - default default] 10.0.0.209 "GET /v2.0/ports?tenant_id=1cb29106550741ffaccb533906f17ad6&fields=id HTTP/1.1" status: 200 len: 302 time: 0.0981200
2026-03-06 01:40:20.540 10 INFO neutron.api.wsgi [req-749a2915-71cd-4adc-8cee-1b74600aa652 req-f28c5e97-4ce1-4b2e-b762-eb9f62865adf 8eb44330508a426c9ba86ad21a028714 e548c96dd269448eb17847e3a6495a83 - - a3b3c7e74b3740aba4cc2320f7985a70 a3b3c7e74b3740aba4cc2320f7985a70] 10.0.0.209 "GET /v2.0/networks/bfb3b106-eeca-4198-bcc7-13027fd48b05?fields=segments HTTP/1.1" status: 200 len: 212 time: 0.0816317
2026-03-06 01:40:20.601 10 INFO neutron.api.wsgi [req-749a2915-71cd-4adc-8cee-1b74600aa652 req-760f01ac-c535-4d1d-8bc1-17a700f4dc67 8eb44330508a426c9ba86ad21a028714 e548c96dd269448eb17847e3a6495a83 - - a3b3c7e74b3740aba4cc2320f7985a70 a3b3c7e74b3740aba4cc2320f7985a70] 10.0.0.209 "GET /v2.0/networks/bfb3b106-eeca-4198-bcc7-13027fd48b05?fields=provider%3Aphysical_network&fields=provider%3Anetwork_type HTTP/1.1" status: 200 len: 277 time: 0.0542738 /var/lib/openstack/lib/python3.12/site-packages/pycadf/identifier.py:71: UserWarning: Invalid uuid: neutron. To ensure interoperability, identifiers should be a valid uuid. warnings.warn(('Invalid uuid: %s. To ensure interoperability, '
2026-03-06 01:40:20.729 10 INFO neutron.api.wsgi [req-8d73ee6b-91cc-42b3-8385-6737ba67ddc6 req-07046b25-7764-4f2f-8912-ad5096282296 06cac389b0b64391bae0e8e073919655 1cb29106550741ffaccb533906f17ad6 - - default default] 10.0.0.209 "GET /v2.0/ports?device_id=f5b07468-1a20-4682-a4b5-8c86bed1dc23 HTTP/1.1" status: 200 len: 210 time: 0.0147886
2026-03-06 01:40:20.781 10 INFO neutron.db.ovn_revision_numbers_db [None req-2c85b321-59c5-4197-a463-0dfea7ee413c - - - - - -] Successfully bumped revision number for resource 5231c0c1-6678-4ecf-8acb-7e7da7401750 (type: ports) to 4
2026-03-06 01:40:20.826 10 INFO neutron.db.ovn_revision_numbers_db [req-f19346cb-0c2d-41b0-86fc-ea982c9c6795 req-5757c36f-01a8-4645-85d2-73467ecbb8c1 c27e4ede994f452bba7ebcf483fb619e aa9767ceabca474aa3ac12318a0ffeff - - default default] Successfully bumped revision number for resource dd7bd289-636b-496a-8d39-ca4bd2516365 (type: ports) to 7
2026-03-06 01:40:20.840 10 INFO neutron.api.wsgi [req-f19346cb-0c2d-41b0-86fc-ea982c9c6795 req-5757c36f-01a8-4645-85d2-73467ecbb8c1 c27e4ede994f452bba7ebcf483fb619e aa9767ceabca474aa3ac12318a0ffeff - - default default] 199.204.45.155 "PUT /v2.0/ports/dd7bd289-636b-496a-8d39-ca4bd2516365 HTTP/1.1" status: 200 len: 1171 time: 0.7279103
2026-03-06 01:40:20.910 10 INFO neutron.notifiers.nova [-] Nova event matching ['req-d7b3bd4e-eb2f-4459-ad27-9e4808db4bfc'] response: {'name': 'network-changed', 'server_uuid': 'a3f5d8c5-1123-4162-a2f5-148373c6d08b', 'tag': 'dd7bd289-636b-496a-8d39-ca4bd2516365', 'status': 'completed', 'code': 200}
2026-03-06 01:40:21.087 10 INFO neutron.db.ovn_revision_numbers_db [None req-2c85b321-59c5-4197-a463-0dfea7ee413c - - - - - -] Successfully bumped revision number for resource 5231c0c1-6678-4ecf-8acb-7e7da7401750 (type: ports) to 5
2026-03-06 01:40:21.099 9 INFO neutron.db.ovn_revision_numbers_db [None req-ebdc3eae-bc9a-4fa6-a69f-5bea80af752a 1e7dc8fe47e6429cb2bb978ca1cc15c6 648b6b88fee64ac1b19ebad9b51eece1 - - default default] Successfully bumped revision number for resource bcb63a88-04f3-4ed1-af86-5b59d49c6a60 (type: ports) to 1
2026-03-06 01:40:21.166 9 WARNING neutron.scheduler.dhcp_agent_scheduler [None req-ebdc3eae-bc9a-4fa6-a69f-5bea80af752a 1e7dc8fe47e6429cb2bb978ca1cc15c6 648b6b88fee64ac1b19ebad9b51eece1 - - default default] No more DHCP agents
2026-03-06 01:40:21.167 9 WARNING neutron.api.rpc.agentnotifiers.dhcp_rpc_agent_api [None req-ebdc3eae-bc9a-4fa6-a69f-5bea80af752a 1e7dc8fe47e6429cb2bb978ca1cc15c6 648b6b88fee64ac1b19ebad9b51eece1 - - default default] Unable to schedule network 19faa80a-6c9e-44e6-837c-6175e97a19d8: no agents available; will retry on subsequent port and subnet creation events.
2026-03-06 01:40:21.411 10 INFO neutron.api.wsgi [req-f19346cb-0c2d-41b0-86fc-ea982c9c6795 req-60d7b872-1360-4741-bd62-67eca84cea9f 8eb44330508a426c9ba86ad21a028714 e548c96dd269448eb17847e3a6495a83 - - a3b3c7e74b3740aba4cc2320f7985a70 a3b3c7e74b3740aba4cc2320f7985a70] 199.204.45.155 "GET /v2.0/ports?tenant_id=aa9767ceabca474aa3ac12318a0ffeff&device_id=a3f5d8c5-1123-4162-a2f5-148373c6d08b HTTP/1.1" status: 200 len: 1413 time: 0.0533907
2026-03-06 01:40:21.473 10 INFO neutron.api.wsgi [req-f19346cb-0c2d-41b0-86fc-ea982c9c6795 req-038a3c8d-d0c8-4ded-a1b8-1ca94b68d260 8eb44330508a426c9ba86ad21a028714 e548c96dd269448eb17847e3a6495a83 - - a3b3c7e74b3740aba4cc2320f7985a70 a3b3c7e74b3740aba4cc2320f7985a70] 199.204.45.155 "GET /v2.0/networks?id=2f6c0549-aa54-48a1-8973-2533247e4806 HTTP/1.1" status: 200 len: 981 time: 0.0563369
2026-03-06 01:40:21.520 10 INFO neutron.api.wsgi [req-f19346cb-0c2d-41b0-86fc-ea982c9c6795 req-13067766-0277-4a04-a38c-86aef1cc4cb5 8eb44330508a426c9ba86ad21a028714 e548c96dd269448eb17847e3a6495a83 - - a3b3c7e74b3740aba4cc2320f7985a70 a3b3c7e74b3740aba4cc2320f7985a70] 199.204.45.155 "GET /v2.0/floatingips?fixed_ip_address=10.100.0.11&port_id=dd7bd289-636b-496a-8d39-ca4bd2516365 HTTP/1.1" status: 200 len: 1060 time: 0.0388746
2026-03-06 01:40:21.549 10 INFO neutron.api.wsgi [req-f19346cb-0c2d-41b0-86fc-ea982c9c6795 req-28df6ceb-d610-4e77-83d9-96a1f004cde3 8eb44330508a426c9ba86ad21a028714 e548c96dd269448eb17847e3a6495a83 - - a3b3c7e74b3740aba4cc2320f7985a70 a3b3c7e74b3740aba4cc2320f7985a70] 199.204.45.155 "GET /v2.0/subnets?id=016be69d-eec0-43b9-a904-33c6301cb535 HTTP/1.1" status: 200 len: 901 time: 0.0247726
2026-03-06 01:40:21.569 10 INFO neutron.api.wsgi [req-f19346cb-0c2d-41b0-86fc-ea982c9c6795 req-bd94c85f-aaa1-4344-9a93-a5de74bf3929 8eb44330508a426c9ba86ad21a028714 e548c96dd269448eb17847e3a6495a83 - - a3b3c7e74b3740aba4cc2320f7985a70 a3b3c7e74b3740aba4cc2320f7985a70] 199.204.45.155 "GET /v2.0/ports?network_id=2f6c0549-aa54-48a1-8973-2533247e4806&device_owner=network%3Adhcp HTTP/1.1" status: 200 len: 210 time: 0.0152934
2026-03-06 01:40:21.625 10 INFO neutron.api.wsgi [req-f19346cb-0c2d-41b0-86fc-ea982c9c6795 req-021894d8-8229-4e15-a2a2-4b456e338669 8eb44330508a426c9ba86ad21a028714 e548c96dd269448eb17847e3a6495a83 - - a3b3c7e74b3740aba4cc2320f7985a70 a3b3c7e74b3740aba4cc2320f7985a70] 199.204.45.155 "GET /v2.0/networks/2f6c0549-aa54-48a1-8973-2533247e4806?fields=segments HTTP/1.1" status: 200 len: 212 time: 0.0520992
2026-03-06 01:40:21.666 10 INFO neutron.api.wsgi [req-f19346cb-0c2d-41b0-86fc-ea982c9c6795 req-12a9766b-d93e-4d81-aaf2-acf8bfcf5956 8eb44330508a426c9ba86ad21a028714 e548c96dd269448eb17847e3a6495a83 - - a3b3c7e74b3740aba4cc2320f7985a70 a3b3c7e74b3740aba4cc2320f7985a70] 199.204.45.155 "GET /v2.0/networks/2f6c0549-aa54-48a1-8973-2533247e4806?fields=provider%3Aphysical_network&fields=provider%3Anetwork_type HTTP/1.1" status: 200 len: 277 time: 0.0376248
2026-03-06 01:40:21.841 10 INFO neutron.api.wsgi [req-0e682546-09ea-44bb-ae5f-63366c8420e6 req-c3a59ee2-fe74-4113-a5f7-18e0a208744c 06cac389b0b64391bae0e8e073919655 1cb29106550741ffaccb533906f17ad6 - - default default] 10.0.0.209 "GET /v2.0/ports?device_id=f5b07468-1a20-4682-a4b5-8c86bed1dc23 HTTP/1.1" status: 200 len: 210 time: 0.0264778
2026-03-06 01:40:21.884 9 INFO neutron.db.ovn_revision_numbers_db [None req-ebdc3eae-bc9a-4fa6-a69f-5bea80af752a 1e7dc8fe47e6429cb2bb978ca1cc15c6 648b6b88fee64ac1b19ebad9b51eece1 - - default default] Successfully bumped revision number for resource bcb63a88-04f3-4ed1-af86-5b59d49c6a60 (type: router_ports) to 1
2026-03-06 01:40:21.889 9 INFO neutron.api.wsgi [None req-ebdc3eae-bc9a-4fa6-a69f-5bea80af752a 1e7dc8fe47e6429cb2bb978ca1cc15c6 648b6b88fee64ac1b19ebad9b51eece1 - - default default] 10.0.0.122 "PUT /v2.0/routers/0d3434c0-d0c5-4a7c-bc8b-7657f6224149/add_router_interface HTTP/1.1" status: 200 len: 503 time: 2.2018337
2026-03-06 01:40:22.215 10 WARNING neutron_lib.context [None req-1e47daf1-21ed-4e5c-835d-2c1870a75f08 c0f7141ce8d04f5eb133994aaccc62f1 22c2796dd0c24e5785064e5511da88bf - - default default] Method 'is_advsvc' is deprecated since 2023.2 release (neutron-lib 3.8.0) and will be removed once support for the old RBAC API policies will be removed from Neutron. Please use method 'is_service_role' instead.
2026-03-06 01:40:22.333 10 INFO neutron.db.ovn_revision_numbers_db [None req-1e47daf1-21ed-4e5c-835d-2c1870a75f08 c0f7141ce8d04f5eb133994aaccc62f1 22c2796dd0c24e5785064e5511da88bf - - default default] Successfully bumped revision number for resource 6b9ab527-5915-4924-a000-379e3aa02291 (type: security_groups) to 1
2026-03-06 01:40:22.344 10 INFO neutron.db.ovn_revision_numbers_db [None req-1e47daf1-21ed-4e5c-835d-2c1870a75f08 c0f7141ce8d04f5eb133994aaccc62f1 22c2796dd0c24e5785064e5511da88bf - - default default] Successfully bumped revision number for resource 413810c9-27b6-4388-a65f-07339cf3185d (type: security_group_rules) to 0
2026-03-06 01:40:22.357 10 INFO neutron.db.ovn_revision_numbers_db [None req-1e47daf1-21ed-4e5c-835d-2c1870a75f08 c0f7141ce8d04f5eb133994aaccc62f1 22c2796dd0c24e5785064e5511da88bf - - default default] Successfully bumped revision number for resource c95ec7ac-2903-46d2-a0df-26388315f7c7 (type: security_group_rules) to 0
2026-03-06 01:40:22.370 10 INFO neutron.db.ovn_revision_numbers_db [None req-1e47daf1-21ed-4e5c-835d-2c1870a75f08 c0f7141ce8d04f5eb133994aaccc62f1 22c2796dd0c24e5785064e5511da88bf - - default default] Successfully bumped revision number for resource f6265101-0c7d-4de9-9256-b4fa582852e2 (type: security_group_rules) to 0
2026-03-06 01:40:22.385 10 INFO neutron.db.ovn_revision_numbers_db [None req-1e47daf1-21ed-4e5c-835d-2c1870a75f08 c0f7141ce8d04f5eb133994aaccc62f1 22c2796dd0c24e5785064e5511da88bf - - default default] Successfully bumped revision number for resource f6483d65-55e8-4d6e-9994-d40b3b0d2162 (type: security_group_rules) to 0
2026-03-06 01:40:22.430 10 WARNING neutron_lib.context [None req-6e2dee92-03d2-4629-b6f8-d350be59499e 56f2f9589b7340dbb380a99ae71d352a 43348e6e89894591b44a736ce55ba7c5 - - default default] Method 'is_advsvc' is deprecated since 2023.2 release (neutron-lib 3.8.0) and will be removed once support for the old RBAC API policies will be removed from Neutron. Please use method 'is_service_role' instead.
2026-03-06 01:40:22.462 10 INFO neutron.db.segments_db [None req-1e47daf1-21ed-4e5c-835d-2c1870a75f08 c0f7141ce8d04f5eb133994aaccc62f1 22c2796dd0c24e5785064e5511da88bf - - default default] Added segment 7bebba8f-2a1b-433d-9970-23a4be6f57bc of type geneve for network 018e0f4a-a0c0-45bd-b2d7-2b9fd7556572
2026-03-06 01:40:22.551 10 INFO neutron.db.ovn_revision_numbers_db [None req-6e2dee92-03d2-4629-b6f8-d350be59499e 56f2f9589b7340dbb380a99ae71d352a 43348e6e89894591b44a736ce55ba7c5 - - default default] Successfully bumped revision number for resource bd61bc9d-4558-4886-82a5-929c752f1644 (type: security_groups) to 1
2026-03-06 01:40:22.579 10 INFO neutron.db.ovn_revision_numbers_db [None req-6e2dee92-03d2-4629-b6f8-d350be59499e 56f2f9589b7340dbb380a99ae71d352a 43348e6e89894591b44a736ce55ba7c5 - - default default] Successfully bumped revision number for resource 0a994f6a-4253-45f2-b342-901bba5571ec (type: security_group_rules) to 0
2026-03-06 01:40:22.596 10 INFO neutron.db.ovn_revision_numbers_db [None req-1e47daf1-21ed-4e5c-835d-2c1870a75f08 c0f7141ce8d04f5eb133994aaccc62f1 22c2796dd0c24e5785064e5511da88bf - - default default] Successfully bumped revision number for resource 018e0f4a-a0c0-45bd-b2d7-2b9fd7556572 (type: networks) to 1
2026-03-06 01:40:22.600 10 INFO neutron.db.ovn_revision_numbers_db [None req-6e2dee92-03d2-4629-b6f8-d350be59499e 56f2f9589b7340dbb380a99ae71d352a 43348e6e89894591b44a736ce55ba7c5 - - default default] Successfully bumped revision number for resource 85a03609-95cb-4ca7-8e88-a387a22bb227 (type: security_group_rules) to 0
2026-03-06 01:40:22.647 10 INFO neutron.api.wsgi [req-38c6769f-ab92-4938-9c6c-2cfc91b6a8e1 req-c9373ef2-b027-4162-a803-325cc628a06d c27e4ede994f452bba7ebcf483fb619e aa9767ceabca474aa3ac12318a0ffeff - - default default] 10.0.0.209 "GET /v2.0/ports?device_id=a3f5d8c5-1123-4162-a2f5-148373c6d08b HTTP/1.1" status: 200 len: 1174 time: 0.0988567
2026-03-06 01:40:22.653 10 INFO neutron.api.wsgi [None req-6e2dee92-03d2-4629-b6f8-d350be59499e 56f2f9589b7340dbb380a99ae71d352a 43348e6e89894591b44a736ce55ba7c5 - - default default] 10.0.0.122 "POST /v2.0/security-groups HTTP/1.1" status: 201 len: 1858 time: 0.2270072
2026-03-06 01:40:22.667 9 WARNING neutron_lib.context [None req-ff2e2294-02e7-4332-bb5f-b4e4b375161c 56f2f9589b7340dbb380a99ae71d352a 43348e6e89894591b44a736ce55ba7c5 - - default default] Method 'is_advsvc' is deprecated since 2023.2 release (neutron-lib 3.8.0) and will be removed once support for the old RBAC API policies will be removed from Neutron. Please use method 'is_service_role' instead.
2026-03-06 01:40:22.710 10 INFO neutron.api.wsgi [req-38c6769f-ab92-4938-9c6c-2cfc91b6a8e1 req-60523950-88df-443d-9a72-173e5c3b56d8 c27e4ede994f452bba7ebcf483fb619e aa9767ceabca474aa3ac12318a0ffeff - - default default] 10.0.0.209 "GET /v2.0/security-groups?id=7a448a25-7e63-423d-93ee-aec5f4b56197&fields=id&fields=name HTTP/1.1" status: 200 len: 313 time: 0.0554388
2026-03-06 01:40:22.720 10 INFO neutron.api.wsgi [req-49c81903-f724-4713-acbb-8a408ddf2d95 req-a8db09a8-bf6a-4cb7-a31d-e7e443feac04 8eb44330508a426c9ba86ad21a028714 e548c96dd269448eb17847e3a6495a83 - - a3b3c7e74b3740aba4cc2320f7985a70 a3b3c7e74b3740aba4cc2320f7985a70] 199.204.45.155 "GET /v2.0/ports?tenant_id=aa9767ceabca474aa3ac12318a0ffeff&device_id=a3f5d8c5-1123-4162-a2f5-148373c6d08b HTTP/1.1" status: 200 len: 1413 time: 0.0413928
2026-03-06 01:40:22.772 10 INFO neutron.api.wsgi [req-49c81903-f724-4713-acbb-8a408ddf2d95 req-4c70e147-67bc-4736-83b1-ce4030361a28 8eb44330508a426c9ba86ad21a028714 e548c96dd269448eb17847e3a6495a83 - - a3b3c7e74b3740aba4cc2320f7985a70 a3b3c7e74b3740aba4cc2320f7985a70] 199.204.45.155 "GET /v2.0/networks?id=2f6c0549-aa54-48a1-8973-2533247e4806 HTTP/1.1" status: 200 len: 981 time: 0.0472288
2026-03-06 01:40:22.794 9 INFO neutron.db.ovn_revision_numbers_db [None req-ff2e2294-02e7-4332-bb5f-b4e4b375161c 56f2f9589b7340dbb380a99ae71d352a 43348e6e89894591b44a736ce55ba7c5 - - default default] Successfully bumped revision number for resource c47ce296-51f2-4e71-9ad1-efe401fd44e6 (type: security_group_rules) to 0
2026-03-06 01:40:22.823 10 INFO neutron.api.wsgi [req-49c81903-f724-4713-acbb-8a408ddf2d95 req-9f6be304-e8c8-4d67-b08c-371dd8eccb14 8eb44330508a426c9ba86ad21a028714 e548c96dd269448eb17847e3a6495a83 - - a3b3c7e74b3740aba4cc2320f7985a70 a3b3c7e74b3740aba4cc2320f7985a70] 199.204.45.155 "GET /v2.0/floatingips?fixed_ip_address=10.100.0.11&port_id=dd7bd289-636b-496a-8d39-ca4bd2516365 HTTP/1.1" status: 200 len: 1060 time: 0.0478461
2026-03-06 01:40:22.824 10 WARNING neutron.scheduler.dhcp_agent_scheduler [None req-1e47daf1-21ed-4e5c-835d-2c1870a75f08 c0f7141ce8d04f5eb133994aaccc62f1 22c2796dd0c24e5785064e5511da88bf - - default default] No more DHCP agents
2026-03-06 01:40:22.825 10 WARNING neutron.api.rpc.agentnotifiers.dhcp_rpc_agent_api [None req-1e47daf1-21ed-4e5c-835d-2c1870a75f08 c0f7141ce8d04f5eb133994aaccc62f1 22c2796dd0c24e5785064e5511da88bf - - default default] Unable to schedule network 018e0f4a-a0c0-45bd-b2d7-2b9fd7556572: no agents available; will retry on subsequent port and subnet creation events.
2026-03-06 01:40:22.826 9 INFO neutron.api.wsgi [None req-ff2e2294-02e7-4332-bb5f-b4e4b375161c 56f2f9589b7340dbb380a99ae71d352a 43348e6e89894591b44a736ce55ba7c5 - - default default] 10.0.0.122 "POST /v2.0/security-group-rules HTTP/1.1" status: 201 len: 796 time: 0.1676898
2026-03-06 01:40:22.837 9 WARNING neutron_lib.context [None req-9daaba4d-5b09-4715-9823-96a5973acad3 56f2f9589b7340dbb380a99ae71d352a 43348e6e89894591b44a736ce55ba7c5 - - default default] Method 'is_advsvc' is deprecated since 2023.2 release (neutron-lib 3.8.0) and will be removed once support for the old RBAC API policies will be removed from Neutron. Please use method 'is_service_role' instead.
2026-03-06 01:40:22.856 10 INFO neutron.api.wsgi [req-49c81903-f724-4713-acbb-8a408ddf2d95 req-ef79e915-b054-4de5-8676-ade12b78cf07 8eb44330508a426c9ba86ad21a028714 e548c96dd269448eb17847e3a6495a83 - - a3b3c7e74b3740aba4cc2320f7985a70 a3b3c7e74b3740aba4cc2320f7985a70] 199.204.45.155 "GET /v2.0/subnets?id=016be69d-eec0-43b9-a904-33c6301cb535 HTTP/1.1" status: 200 len: 901 time: 0.0268478
2026-03-06 01:40:22.877 10 INFO neutron.api.wsgi [req-49c81903-f724-4713-acbb-8a408ddf2d95 req-406ceae5-d04f-4255-83a9-e1824d575492 8eb44330508a426c9ba86ad21a028714 e548c96dd269448eb17847e3a6495a83 - - a3b3c7e74b3740aba4cc2320f7985a70 a3b3c7e74b3740aba4cc2320f7985a70] 199.204.45.155 "GET /v2.0/ports?network_id=2f6c0549-aa54-48a1-8973-2533247e4806&device_owner=network%3Adhcp HTTP/1.1" status: 200 len: 210 time: 0.0157192
2026-03-06 01:40:22.909 10 INFO neutron.db.ovn_revision_numbers_db [None req-1e47daf1-21ed-4e5c-835d-2c1870a75f08 c0f7141ce8d04f5eb133994aaccc62f1 22c2796dd0c24e5785064e5511da88bf - - default default] Successfully bumped revision number for resource 72b13289-e216-4c29-886f-e292247f6088 (type: ports) to 1
2026-03-06 01:40:22.912 9 WARNING neutron.plugins.ml2.drivers.ovn.mech_driver.ovsdb.ovn_client [None req-904cb181-e001-4953-b5a4-48728e48626e - - - - - -] No hosting information found for port 82a109d3-cd56-4b95-ba37-f4b46e8b23e6: RuntimeError: No hosting information found for port 82a109d3-cd56-4b95-ba37-f4b46e8b23e6
2026-03-06 01:40:22.936 10 INFO neutron.api.wsgi [req-dbaead9c-4438-4fab-83a5-e9bbafb13180 req-73483a66-8638-497e-8268-596d0cc03fae 06cac389b0b64391bae0e8e073919655 1cb29106550741ffaccb533906f17ad6 - - default default] 10.0.0.209 "GET /v2.0/ports?device_id=f5b07468-1a20-4682-a4b5-8c86bed1dc23 HTTP/1.1" status: 200 len: 210 time: 0.0201414
2026-03-06 01:40:22.939 10 INFO neutron.api.wsgi [req-49c81903-f724-4713-acbb-8a408ddf2d95 req-c9c5169c-33d6-4a90-9b59-35be660e6232 8eb44330508a426c9ba86ad21a028714 e548c96dd269448eb17847e3a6495a83 - - a3b3c7e74b3740aba4cc2320f7985a70 a3b3c7e74b3740aba4cc2320f7985a70] 199.204.45.155 "GET /v2.0/networks/2f6c0549-aa54-48a1-8973-2533247e4806?fields=segments HTTP/1.1" status: 200 len: 212 time: 0.0555401
2026-03-06 01:40:22.947 10 INFO neutron.api.wsgi [None req-1e47daf1-21ed-4e5c-835d-2c1870a75f08 c0f7141ce8d04f5eb133994aaccc62f1 22c2796dd0c24e5785064e5511da88bf - - default default] 10.0.0.122 "POST /v2.0/networks HTTP/1.1" status: 201 len: 847 time: 0.8787591
2026-03-06 01:40:22.966 9 INFO neutron.db.ovn_revision_numbers_db [None req-9daaba4d-5b09-4715-9823-96a5973acad3 56f2f9589b7340dbb380a99ae71d352a 43348e6e89894591b44a736ce55ba7c5 - - default default] Successfully bumped revision number for resource 2bed533c-ca48-45f1-b9c1-adc9670e8ab1 (type: security_group_rules) to 0
2026-03-06 01:40:22.984 10 INFO neutron.api.wsgi [req-49c81903-f724-4713-acbb-8a408ddf2d95 req-0a24a508-6735-40ac-8e4c-ffbfe4f7f476 8eb44330508a426c9ba86ad21a028714 e548c96dd269448eb17847e3a6495a83 - - a3b3c7e74b3740aba4cc2320f7985a70 a3b3c7e74b3740aba4cc2320f7985a70] 199.204.45.155 "GET /v2.0/networks/2f6c0549-aa54-48a1-8973-2533247e4806?fields=provider%3Aphysical_network&fields=provider%3Anetwork_type HTTP/1.1" status: 200 len: 277 time: 0.0399311
2026-03-06 01:40:22.986 9 INFO neutron.db.ovn_revision_numbers_db [None req-904cb181-e001-4953-b5a4-48728e48626e - - - - - -] Successfully bumped revision number for resource 82a109d3-cd56-4b95-ba37-f4b46e8b23e6 (type: router_ports) to 2
2026-03-06 01:40:22.986 9 INFO neutron.plugins.ml2.drivers.ovn.mech_driver.mech_driver [None req-904cb181-e001-4953-b5a4-48728e48626e - - - - - -] OVN reports status up for port: bcb63a88-04f3-4ed1-af86-5b59d49c6a60
2026-03-06 01:40:22.993 9 INFO neutron.plugins.ml2.plugin [None req-904cb181-e001-4953-b5a4-48728e48626e - - - - - -] Attempt 1 to provision port bcb63a88-04f3-4ed1-af86-5b59d49c6a60
2026-03-06 01:40:23.003 9 INFO neutron.api.wsgi [None req-9daaba4d-5b09-4715-9823-96a5973acad3 56f2f9589b7340dbb380a99ae71d352a 43348e6e89894591b44a736ce55ba7c5 - - default default] 10.0.0.122 "POST /v2.0/security-group-rules HTTP/1.1" status: 201 len: 801 time: 0.1702006
2026-03-06 01:40:23.014 10 WARNING neutron_lib.context [None req-62a6ea01-13ae-4be5-8c02-86e37e82d644 56f2f9589b7340dbb380a99ae71d352a 43348e6e89894591b44a736ce55ba7c5 - - default default] Method 'is_advsvc' is deprecated since 2023.2 release (neutron-lib 3.8.0) and will be removed once support for the old RBAC API policies will be removed from Neutron. Please use method 'is_service_role' instead.
2026-03-06 01:40:23.266 10 WARNING neutron.scheduler.dhcp_agent_scheduler [None req-62a6ea01-13ae-4be5-8c02-86e37e82d644 56f2f9589b7340dbb380a99ae71d352a 43348e6e89894591b44a736ce55ba7c5 - - default default] No more DHCP agents
2026-03-06 01:40:23.269 10 WARNING neutron.api.rpc.agentnotifiers.dhcp_rpc_agent_api [None req-62a6ea01-13ae-4be5-8c02-86e37e82d644 56f2f9589b7340dbb380a99ae71d352a 43348e6e89894591b44a736ce55ba7c5 - - default default] Unable to schedule network 60b3b246-5c65-4e19-9956-25f1b7f50095: no agents available; will retry on subsequent port and subnet creation events.
2026-03-06 01:40:23.336 9 INFO neutron.db.ovn_revision_numbers_db [None req-904cb181-e001-4953-b5a4-48728e48626e - - - - - -] Successfully bumped revision number for resource bcb63a88-04f3-4ed1-af86-5b59d49c6a60 (type: ports) to 2
2026-03-06 01:40:23.523 10 INFO neutron.api.wsgi [None req-62a6ea01-13ae-4be5-8c02-86e37e82d644 56f2f9589b7340dbb380a99ae71d352a 43348e6e89894591b44a736ce55ba7c5 - - default default] 10.0.0.122 "POST /v2.0/floatingips HTTP/1.1" status: 201 len: 751 time: 0.5151641
2026-03-06 01:40:23.612 10 WARNING neutron_lib.context [None req-301fd257-7698-4619-8e7c-9f78cd7caaf9 c0f7141ce8d04f5eb133994aaccc62f1 22c2796dd0c24e5785064e5511da88bf - - default default] Method 'is_advsvc' is deprecated since 2023.2 release (neutron-lib 3.8.0) and will be removed once support for the old RBAC API policies will be removed from Neutron. Please use method 'is_service_role' instead.
2026-03-06 01:40:23.765 10 WARNING neutron.scheduler.dhcp_agent_scheduler [None req-301fd257-7698-4619-8e7c-9f78cd7caaf9 c0f7141ce8d04f5eb133994aaccc62f1 22c2796dd0c24e5785064e5511da88bf - - default default] No more DHCP agents
2026-03-06 01:40:23.766 10 WARNING neutron.api.rpc.agentnotifiers.dhcp_rpc_agent_api [None req-301fd257-7698-4619-8e7c-9f78cd7caaf9 c0f7141ce8d04f5eb133994aaccc62f1 22c2796dd0c24e5785064e5511da88bf - - default default] Unable to schedule network 018e0f4a-a0c0-45bd-b2d7-2b9fd7556572: no agents available; will retry on subsequent port and subnet creation events.
