2026-03-06 01:41:44.056 10 INFO neutron.api.wsgi [None req-ef161ac1-d9b0-4f16-b15c-61c2f624cf37 35926a3f70da43c28daa8502fe21c202 82e9efefbda54738a47e3fc8567fdc3a - - default default] 10.0.0.122 "DELETE /v2.0/subnets/41ae6c28-d689-470f-9953-92db11fe1477 HTTP/1.1" status: 404 len: 337 time: 0.0134537
2026-03-06 01:41:44.069 10 INFO neutron.pecan_wsgi.hooks.translation [None req-6bdf1d72-2465-4ad8-94f0-6b5aee5bd5ff 35926a3f70da43c28daa8502fe21c202 82e9efefbda54738a47e3fc8567fdc3a - - default default] DELETE failed (client error): The resource could not be found.
2026-03-06 01:41:44.071 10 INFO neutron.api.wsgi [None req-6bdf1d72-2465-4ad8-94f0-6b5aee5bd5ff 35926a3f70da43c28daa8502fe21c202 82e9efefbda54738a47e3fc8567fdc3a - - default default] 10.0.0.122 "DELETE /v2.0/networks/2733a1b0-94e8-47fe-b286-c083aa446992 HTTP/1.1" status: 404 len: 339 time: 0.0105500
2026-03-06 01:41:44.117 9 INFO neutron.api.wsgi [None req-2e329a40-9515-41fe-86f6-c9c1419116dd 1e7dc8fe47e6429cb2bb978ca1cc15c6 648b6b88fee64ac1b19ebad9b51eece1 - - default default] 10.0.0.122 "DELETE /v2.0/security-groups/7b33b834-89e1-4a22-b65b-3c2735cb0817 HTTP/1.1" status: 204 len: 168 time: 0.1990747
2026-03-06 01:41:44.221 10 INFO neutron.api.wsgi [None req-e590bab9-0485-4c1f-87aa-225f68e17ce5 35926a3f70da43c28daa8502fe21c202 82e9efefbda54738a47e3fc8567fdc3a - - default default] 10.0.0.122 "DELETE /v2.0/subnets/46ba334a-e592-42c7-bf2e-bcd9c594be6e HTTP/1.1" status: 204 len: 168 time: 0.1455600
2026-03-06 01:41:44.563 10 INFO neutron.api.wsgi [None req-36380b24-a9eb-4271-b4bc-e7bef93bb998 35926a3f70da43c28daa8502fe21c202 82e9efefbda54738a47e3fc8567fdc3a - - default default] 10.0.0.122 "DELETE /v2.0/networks/00081ada-4d89-466c-a89a-f1a6e5e7fd67 HTTP/1.1" status: 204 len: 168 time: 0.3370559
2026-03-06 01:41:44.740 9 WARNING neutron_lib.context [None req-5dbb4b91-4e7d-4cfa-b355-2c11823da42f fc46425083984c3e98aa6cfaff298d83 396ef6d375f64b9bbe6133a01d1f9f28 - - default default] Method 'is_advsvc' is deprecated since 2023.2 release (neutron-lib 3.8.0) and will be removed once support for the old RBAC API policies will be removed from Neutron. Please use method 'is_service_role' instead.
2026-03-06 01:41:44.822 10 INFO neutron.api.wsgi [None req-d674d789-6492-4529-9b3d-45c2d1ecace9 1e7dc8fe47e6429cb2bb978ca1cc15c6 648b6b88fee64ac1b19ebad9b51eece1 - - default default] 10.0.0.122 "GET /v2.0/security-groups?tenant_id=bd0960df6b0e414aa5aae933095675e7&name=default HTTP/1.1" status: 200 len: 3120 time: 0.2520518
2026-03-06 01:41:45.071 10 INFO neutron.api.wsgi [None req-78e891ac-2c4b-4ab8-9bb8-9f9f7d972294 1e7dc8fe47e6429cb2bb978ca1cc15c6 648b6b88fee64ac1b19ebad9b51eece1 - - default default] 10.0.0.122 "DELETE /v2.0/security-groups/e08ac643-0521-42f2-beba-c240926b9b92 HTTP/1.1" status: 204 len: 168 time: 0.2433412
2026-03-06 01:41:45.110 10 INFO neutron.api.wsgi [None req-9deb83ff-7a0e-4d09-bde4-c1e6b0d44aa5 1e7dc8fe47e6429cb2bb978ca1cc15c6 648b6b88fee64ac1b19ebad9b51eece1 - - default default] 10.0.0.122 "GET /v2.0/security-groups?tenant_id=82e9efefbda54738a47e3fc8567fdc3a&name=default HTTP/1.1" status: 200 len: 3120 time: 0.1466453
2026-03-06 01:41:45.330 10 INFO neutron.api.wsgi [None req-2ab10be6-e109-4849-ad09-d37f2dd19418 1e7dc8fe47e6429cb2bb978ca1cc15c6 648b6b88fee64ac1b19ebad9b51eece1 - - default default] 10.0.0.122 "DELETE /v2.0/security-groups/8554b4af-57f2-4148-a0b4-e1151435d1c4 HTTP/1.1" status: 204 len: 168 time: 0.1983550
2026-03-06 01:41:45.330 10 INFO neutron.db.ovn_revision_numbers_db [None req-22ea54a0-254f-42cc-bc07-b305f5bb5f1e 1e7dc8fe47e6429cb2bb978ca1cc15c6 648b6b88fee64ac1b19ebad9b51eece1 - - default default] Successfully bumped revision number for resource e46aefc3-eaa7-420d-a320-0bb697b6d8d4 (type: security_groups) to 1
2026-03-06 01:41:45.341 10 INFO neutron.db.ovn_revision_numbers_db [None req-22ea54a0-254f-42cc-bc07-b305f5bb5f1e 1e7dc8fe47e6429cb2bb978ca1cc15c6 648b6b88fee64ac1b19ebad9b51eece1 - - default default] Successfully bumped revision number for resource 10f96fb5-aaf8-45d8-8c52-cb98186ac335 (type: security_group_rules) to 0
2026-03-06 01:41:45.352 10 INFO neutron.db.ovn_revision_numbers_db [None req-22ea54a0-254f-42cc-bc07-b305f5bb5f1e 1e7dc8fe47e6429cb2bb978ca1cc15c6 648b6b88fee64ac1b19ebad9b51eece1 - - default default] Successfully bumped revision number for resource 129c6ed9-a2fe-45c5-b2ea-03a94f2a2242 (type: security_group_rules) to 0
2026-03-06 01:41:45.363 10 INFO neutron.db.ovn_revision_numbers_db [None req-22ea54a0-254f-42cc-bc07-b305f5bb5f1e 1e7dc8fe47e6429cb2bb978ca1cc15c6 648b6b88fee64ac1b19ebad9b51eece1 - - default default] Successfully bumped revision number for resource 4d1d66f5-5f80-46dc-be12-b943eebc6408 (type: security_group_rules) to 0
2026-03-06 01:41:45.370 9 INFO neutron.db.ovn_revision_numbers_db [None req-5dbb4b91-4e7d-4cfa-b355-2c11823da42f fc46425083984c3e98aa6cfaff298d83 396ef6d375f64b9bbe6133a01d1f9f28 - - default default] Successfully bumped revision number for resource 143d1628-44bd-46ad-bdb6-aabd9edee11a (type: security_groups) to 1
2026-03-06 01:41:45.373 10 INFO neutron.db.ovn_revision_numbers_db [None req-22ea54a0-254f-42cc-bc07-b305f5bb5f1e 1e7dc8fe47e6429cb2bb978ca1cc15c6 648b6b88fee64ac1b19ebad9b51eece1 - - default default] Successfully bumped revision number for resource 988c03ea-837e-40bd-aa2a-00e07de61328 (type: security_group_rules) to 0
2026-03-06 01:41:45.383 9 INFO neutron.db.ovn_revision_numbers_db [None req-5dbb4b91-4e7d-4cfa-b355-2c11823da42f fc46425083984c3e98aa6cfaff298d83 396ef6d375f64b9bbe6133a01d1f9f28 - - default default] Successfully bumped revision number for resource 298749d6-eadd-4f3e-9757-f43aef5a70f9 (type: security_group_rules) to 0
2026-03-06 01:41:45.394 9 INFO neutron.db.ovn_revision_numbers_db [None req-5dbb4b91-4e7d-4cfa-b355-2c11823da42f fc46425083984c3e98aa6cfaff298d83 396ef6d375f64b9bbe6133a01d1f9f28 - - default default] Successfully bumped revision number for resource 3b5557d9-d2ab-49e4-9e78-70b205bef0d1 (type: security_group_rules) to 0
2026-03-06 01:41:45.400 10 INFO neutron.api.wsgi [None req-22ea54a0-254f-42cc-bc07-b305f5bb5f1e 1e7dc8fe47e6429cb2bb978ca1cc15c6 648b6b88fee64ac1b19ebad9b51eece1 - - default default] 10.0.0.122 "GET /v2.0/security-groups?tenant_id=64bce36f556d40bfbc8b2508d3018da3&name=default HTTP/1.1" status: 200 len: 3120 time: 0.1755815
2026-03-06 01:41:45.405 9 INFO neutron.db.ovn_revision_numbers_db [None req-5dbb4b91-4e7d-4cfa-b355-2c11823da42f fc46425083984c3e98aa6cfaff298d83 396ef6d375f64b9bbe6133a01d1f9f28 - - default default] Successfully bumped revision number for resource aaadee6e-9fd5-489d-8062-ad192d179297 (type: security_group_rules) to 0
2026-03-06 01:41:45.417 9 INFO neutron.db.ovn_revision_numbers_db [None req-5dbb4b91-4e7d-4cfa-b355-2c11823da42f fc46425083984c3e98aa6cfaff298d83 396ef6d375f64b9bbe6133a01d1f9f28 - - default default] Successfully bumped revision number for resource c688e5d1-d2d2-4673-a2f3-442823ec63b0 (type: security_group_rules) to 0
2026-03-06 01:41:45.485 9 INFO neutron.db.segments_db [None req-5dbb4b91-4e7d-4cfa-b355-2c11823da42f fc46425083984c3e98aa6cfaff298d83 396ef6d375f64b9bbe6133a01d1f9f28 - - default default] Added segment 579d90fb-e8c8-40c5-ae17-d05e5fb75470 of type geneve for network c052d116-70a7-401f-97e2-f369f5475d83
2026-03-06 01:41:45.588 9 INFO neutron.db.ovn_revision_numbers_db [None req-5dbb4b91-4e7d-4cfa-b355-2c11823da42f fc46425083984c3e98aa6cfaff298d83 396ef6d375f64b9bbe6133a01d1f9f28 - - default default] Successfully bumped revision number for resource c052d116-70a7-401f-97e2-f369f5475d83 (type: networks) to 1
2026-03-06 01:41:45.626 10 INFO neutron.api.wsgi [None req-0c1df63b-c420-4a96-acb5-ce9d4e8cfb98 1e7dc8fe47e6429cb2bb978ca1cc15c6 648b6b88fee64ac1b19ebad9b51eece1 - - default default] 10.0.0.122 "DELETE /v2.0/security-groups/e46aefc3-eaa7-420d-a320-0bb697b6d8d4 HTTP/1.1" status: 204 len: 168 time: 0.2193027
2026-03-06 01:41:45.756 10 INFO neutron.services.segments.plugin [-] Segment a536035e-df43-4ab5-b823-660826ae52a0 resource provider aggregate not found
2026-03-06 01:41:45.760 10 INFO neutron.services.segments.plugin [-] Segment a536035e-df43-4ab5-b823-660826ae52a0 resource provider aggregate not found
2026-03-06 01:41:45.772 10 INFO neutron.services.segments.plugin [-] Segment a536035e-df43-4ab5-b823-660826ae52a0 resource provider not found; error: Placement Client Error (4xx): {"errors": [{"status": 404, "title": "Not Found", "detail": "The resource could not be found.\n\n No resource provider with uuid a536035e-df43-4ab5-b823-660826ae52a0 found for delete ", "request_id": "req-ba9bf2a0-8d42-4eb9-abe9-14914fc1cc45"}]}
2026-03-06 01:41:45.773 9 WARNING neutron.scheduler.dhcp_agent_scheduler [None req-5dbb4b91-4e7d-4cfa-b355-2c11823da42f fc46425083984c3e98aa6cfaff298d83 396ef6d375f64b9bbe6133a01d1f9f28 - - default default] No more DHCP agents
2026-03-06 01:41:45.775 9 WARNING neutron.api.rpc.agentnotifiers.dhcp_rpc_agent_api [None req-5dbb4b91-4e7d-4cfa-b355-2c11823da42f fc46425083984c3e98aa6cfaff298d83 396ef6d375f64b9bbe6133a01d1f9f28 - - default default] Unable to schedule network c052d116-70a7-401f-97e2-f369f5475d83: no agents available; will retry on subsequent port and subnet creation events.
2026-03-06 01:41:45.779 10 INFO neutron.services.segments.plugin [-] Segment a536035e-df43-4ab5-b823-660826ae52a0 resource provider not found; error: Placement Client Error (4xx): {"errors": [{"status": 404, "title": "Not Found", "detail": "The resource could not be found.\n\n No resource provider with uuid a536035e-df43-4ab5-b823-660826ae52a0 found for delete ", "request_id": "req-66a8cbeb-9ca4-4945-91be-c65de183ed78"}]}
2026-03-06 01:41:45.834 9 INFO neutron.db.ovn_revision_numbers_db [None req-5dbb4b91-4e7d-4cfa-b355-2c11823da42f fc46425083984c3e98aa6cfaff298d83 396ef6d375f64b9bbe6133a01d1f9f28 - - default default] Successfully bumped revision number for resource 48e4fb63-7a77-4912-8eb2-fd381bcca35e (type: ports) to 1
2026-03-06 01:41:45.862 9 INFO neutron.api.wsgi [None req-5dbb4b91-4e7d-4cfa-b355-2c11823da42f fc46425083984c3e98aa6cfaff298d83 396ef6d375f64b9bbe6133a01d1f9f28 - - default default] 10.0.0.122 "POST /v2.0/networks HTTP/1.1" status: 201 len: 839 time: 1.3169947
2026-03-06 01:41:45.871 10 WARNING neutron_lib.context [None req-ecf7329a-f592-4263-bdaf-57fc444d6fd6 fc46425083984c3e98aa6cfaff298d83 396ef6d375f64b9bbe6133a01d1f9f28 - - default default] Method 'is_advsvc' is deprecated since 2023.2 release (neutron-lib 3.8.0) and will be removed once support for the old RBAC API policies will be removed from Neutron. Please use method 'is_service_role' instead.
2026-03-06 01:41:45.954 9 INFO neutron.db.ovn_revision_numbers_db [None req-a14e07b9-0c79-4789-a05d-0ee04067be6a 1e7dc8fe47e6429cb2bb978ca1cc15c6 648b6b88fee64ac1b19ebad9b51eece1 - - default default] Successfully bumped revision number for resource 47294f17-9f38-496c-bed6-590003cf9374 (type: security_groups) to 1
2026-03-06 01:41:45.966 9 INFO neutron.db.ovn_revision_numbers_db [None req-a14e07b9-0c79-4789-a05d-0ee04067be6a 1e7dc8fe47e6429cb2bb978ca1cc15c6 648b6b88fee64ac1b19ebad9b51eece1 - - default default] Successfully bumped revision number for resource 103a2acf-2e29-4565-9962-7d7637e49308 (type: security_group_rules) to 0
2026-03-06 01:41:45.985 9 INFO neutron.db.ovn_revision_numbers_db [None req-a14e07b9-0c79-4789-a05d-0ee04067be6a 1e7dc8fe47e6429cb2bb978ca1cc15c6 648b6b88fee64ac1b19ebad9b51eece1 - - default default] Successfully bumped revision number for resource 9fb71556-c761-4c6e-a0dc-ce625ce803be (type: security_group_rules) to 0
2026-03-06 01:41:45.999 9 INFO neutron.db.ovn_revision_numbers_db [None req-a14e07b9-0c79-4789-a05d-0ee04067be6a 1e7dc8fe47e6429cb2bb978ca1cc15c6 648b6b88fee64ac1b19ebad9b51eece1 - - default default] Successfully bumped revision number for resource d1d640b4-f35d-4356-b8d0-def1dd8c779e (type: security_group_rules) to 0
2026-03-06 01:41:46.013 9 INFO neutron.db.ovn_revision_numbers_db [None req-a14e07b9-0c79-4789-a05d-0ee04067be6a 1e7dc8fe47e6429cb2bb978ca1cc15c6 648b6b88fee64ac1b19ebad9b51eece1 - - default default] Successfully bumped revision number for resource eba63210-2c00-491e-877c-d7ba11b15d82 (type: security_group_rules) to 0
2026-03-06 01:41:46.060 9 INFO neutron.api.wsgi [None req-a14e07b9-0c79-4789-a05d-0ee04067be6a 1e7dc8fe47e6429cb2bb978ca1cc15c6 648b6b88fee64ac1b19ebad9b51eece1 - - default default] 10.0.0.122 "GET /v2.0/security-groups?tenant_id=c69dc70ef3fc47ff8d33b8feb2a6193d&name=default HTTP/1.1" status: 200 len: 3120 time: 0.2309179
2026-03-06 01:41:46.109 10 WARNING neutron.scheduler.dhcp_agent_scheduler [None req-ecf7329a-f592-4263-bdaf-57fc444d6fd6 fc46425083984c3e98aa6cfaff298d83 396ef6d375f64b9bbe6133a01d1f9f28 - - default default] No more DHCP agents
2026-03-06 01:41:46.110 10 WARNING neutron.api.rpc.agentnotifiers.dhcp_rpc_agent_api [None req-ecf7329a-f592-4263-bdaf-57fc444d6fd6 fc46425083984c3e98aa6cfaff298d83 396ef6d375f64b9bbe6133a01d1f9f28 - - default default] Unable to schedule network c052d116-70a7-401f-97e2-f369f5475d83: no agents available; will retry on subsequent port and subnet creation events.
2026-03-06 01:41:46.250 9 INFO neutron.api.wsgi [None req-44092c13-755f-44e7-83a3-1dd14f6424c3 1e7dc8fe47e6429cb2bb978ca1cc15c6 648b6b88fee64ac1b19ebad9b51eece1 - - default default] 10.0.0.122 "DELETE /v2.0/security-groups/47294f17-9f38-496c-bed6-590003cf9374 HTTP/1.1" status: 204 len: 168 time: 0.1855948
2026-03-06 01:41:46.518 10 INFO neutron.db.ovn_revision_numbers_db [None req-71f4bdd6-d3c4-40a6-a68e-7877694d9d32 - - - - - -] Successfully bumped revision number for resource 48e4fb63-7a77-4912-8eb2-fd381bcca35e (type: ports) to 2
2026-03-06 01:41:46.573 10 INFO neutron.db.ovn_revision_numbers_db [None req-71f4bdd6-d3c4-40a6-a68e-7877694d9d32 - - - - - -] Successfully bumped revision number for resource 98324841-6b08-4da6-b4af-cd7e39c7bd9f (type: subnets) to 0
2026-03-06 01:41:46.589 10 INFO neutron.api.wsgi [None req-ecf7329a-f592-4263-bdaf-57fc444d6fd6 fc46425083984c3e98aa6cfaff298d83 396ef6d375f64b9bbe6133a01d1f9f28 - - default default] 10.0.0.122 "POST /v2.0/subnets HTTP/1.1" status: 201 len: 856 time: 0.7232604
2026-03-06 01:41:46.821 10 INFO neutron.api.wsgi [None req-1e757173-16e0-4ec8-bc9a-bfaac5c2d198 e39486201ff34065999d4f83ffb66d74 7275beeca27049dc98b551e6920942c1 - - default default] 10.0.0.122 "GET /v2.0/subnetpools?name=shared-default-subnetpool-v6 HTTP/1.1" status: 200 len: 212 time: 0.2270288
2026-03-06 01:41:46.830 10 WARNING neutron_lib.context [None req-ba62e72f-9265-4097-8738-2932e479795c fc46425083984c3e98aa6cfaff298d83 396ef6d375f64b9bbe6133a01d1f9f28 - - default default] Method 'is_advsvc' is deprecated since 2023.2 release (neutron-lib 3.8.0) and will be removed once support for the old RBAC API policies will be removed from Neutron. Please use method 'is_service_role' instead.
2026-03-06 01:41:47.002 10 WARNING neutron.scheduler.dhcp_agent_scheduler [None req-ba62e72f-9265-4097-8738-2932e479795c fc46425083984c3e98aa6cfaff298d83 396ef6d375f64b9bbe6133a01d1f9f28 - - default default] No more DHCP agents
2026-03-06 01:41:47.003 10 WARNING neutron.api.rpc.agentnotifiers.dhcp_rpc_agent_api [None req-ba62e72f-9265-4097-8738-2932e479795c fc46425083984c3e98aa6cfaff298d83 396ef6d375f64b9bbe6133a01d1f9f28 - - default default] Unable to schedule network c052d116-70a7-401f-97e2-f369f5475d83: no agents available; will retry on subsequent port and subnet creation events.
2026-03-06 01:41:47.029 10 INFO neutron.db.ovn_revision_numbers_db [None req-ba62e72f-9265-4097-8738-2932e479795c fc46425083984c3e98aa6cfaff298d83 396ef6d375f64b9bbe6133a01d1f9f28 - - default default] Successfully bumped revision number for resource 45f0a943-3b42-47de-a962-bf0d0ab61c19 (type: subnets) to 0
2026-03-06 01:41:47.043 10 INFO neutron.api.wsgi [None req-ba62e72f-9265-4097-8738-2932e479795c fc46425083984c3e98aa6cfaff298d83 396ef6d375f64b9bbe6133a01d1f9f28 - - default default] 10.0.0.122 "POST /v2.0/subnets HTTP/1.1" status: 201 len: 931 time: 0.2171729
2026-03-06 01:41:47.054 9 WARNING neutron_lib.context [None req-c976b041-a0f2-494e-8c74-86ebbca85bae fc46425083984c3e98aa6cfaff298d83 396ef6d375f64b9bbe6133a01d1f9f28 - - default default] Method 'is_advsvc' is deprecated since 2023.2 release (neutron-lib 3.8.0) and will be removed once support for the old RBAC API policies will be removed from Neutron. Please use method 'is_service_role' instead.
2026-03-06 01:41:47.137 9 INFO neutron.db.segments_db [None req-c976b041-a0f2-494e-8c74-86ebbca85bae fc46425083984c3e98aa6cfaff298d83 396ef6d375f64b9bbe6133a01d1f9f28 - - default default] Added segment 865b8b6a-c56b-42d4-8492-94d32bc0e9b6 of type geneve for network ff6175a7-5e62-4198-8f74-c32e180e0ea5
2026-03-06 01:41:47.216 10 WARNING neutron_lib.context [None req-8d539eb4-50ad-43ae-a39a-480a6f8c5588 e01af144186a4353a714835139d0011d f459688858444c21b2baec90df601f6e - - default default] Method 'is_advsvc' is deprecated since 2023.2 release (neutron-lib 3.8.0) and will be removed once support for the old RBAC API policies will be removed from Neutron. Please use method 'is_service_role' instead.
2026-03-06 01:41:47.245 9 INFO neutron.db.ovn_revision_numbers_db [None req-c976b041-a0f2-494e-8c74-86ebbca85bae fc46425083984c3e98aa6cfaff298d83 396ef6d375f64b9bbe6133a01d1f9f28 - - default default] Successfully bumped revision number for resource ff6175a7-5e62-4198-8f74-c32e180e0ea5 (type: networks) to 1
2026-03-06 01:41:47.335 10 INFO neutron.db.ovn_revision_numbers_db [None req-8d539eb4-50ad-43ae-a39a-480a6f8c5588 e01af144186a4353a714835139d0011d f459688858444c21b2baec90df601f6e - - default default] Successfully bumped revision number for resource 20566e46-f87a-47a5-a381-cc4d801799d7 (type: security_groups) to 1
2026-03-06 01:41:47.346 10 INFO neutron.db.ovn_revision_numbers_db [None req-8d539eb4-50ad-43ae-a39a-480a6f8c5588 e01af144186a4353a714835139d0011d f459688858444c21b2baec90df601f6e - - default default] Successfully bumped revision number for resource 7c2b411f-7f98-4267-a449-ebdf7cac2aee (type: security_group_rules) to 0
2026-03-06 01:41:47.361 10 INFO neutron.db.ovn_revision_numbers_db [None req-8d539eb4-50ad-43ae-a39a-480a6f8c5588 e01af144186a4353a714835139d0011d f459688858444c21b2baec90df601f6e - - default default] Successfully bumped revision number for resource 9e409307-9bd8-4b57-a6cc-8b4e0c884816 (type: security_group_rules) to 0
2026-03-06 01:41:47.373 10 INFO neutron.db.ovn_revision_numbers_db [None req-8d539eb4-50ad-43ae-a39a-480a6f8c5588 e01af144186a4353a714835139d0011d f459688858444c21b2baec90df601f6e - - default default] Successfully bumped revision number for resource be9310ad-de2d-40bf-8c34-8a823971d5e9 (type: security_group_rules) to 0
2026-03-06 01:41:47.386 10 INFO neutron.db.ovn_revision_numbers_db [None req-8d539eb4-50ad-43ae-a39a-480a6f8c5588 e01af144186a4353a714835139d0011d f459688858444c21b2baec90df601f6e - - default default] Successfully bumped revision number for resource caa0a60d-87b8-441b-b332-eb156e0eb474 (type: security_group_rules) to 0
2026-03-06 01:41:47.400 9 WARNING neutron.scheduler.dhcp_agent_scheduler [None req-c976b041-a0f2-494e-8c74-86ebbca85bae fc46425083984c3e98aa6cfaff298d83 396ef6d375f64b9bbe6133a01d1f9f28 - - default default] No more DHCP agents
2026-03-06 01:41:47.402 9 WARNING neutron.api.rpc.agentnotifiers.dhcp_rpc_agent_api [None req-c976b041-a0f2-494e-8c74-86ebbca85bae fc46425083984c3e98aa6cfaff298d83 396ef6d375f64b9bbe6133a01d1f9f28 - - default default] Unable to schedule network ff6175a7-5e62-4198-8f74-c32e180e0ea5: no agents available; will retry on subsequent port and subnet creation events.
2026-03-06 01:41:47.449 10 INFO neutron.db.segments_db [None req-8d539eb4-50ad-43ae-a39a-480a6f8c5588 e01af144186a4353a714835139d0011d f459688858444c21b2baec90df601f6e - - default default] Added segment 5fdc5723-6e62-4c6a-a956-d1df2d31a49b of type geneve for network a03cad28-a052-462d-8a44-d1274467a939
2026-03-06 01:41:47.466 9 INFO neutron.db.ovn_revision_numbers_db [None req-c976b041-a0f2-494e-8c74-86ebbca85bae fc46425083984c3e98aa6cfaff298d83 396ef6d375f64b9bbe6133a01d1f9f28 - - default default] Successfully bumped revision number for resource b87e7b2d-3ac3-4d60-b921-2288abbd6021 (type: ports) to 1
2026-03-06 01:41:47.489 9 INFO neutron.api.wsgi [None req-c976b041-a0f2-494e-8c74-86ebbca85bae fc46425083984c3e98aa6cfaff298d83 396ef6d375f64b9bbe6133a01d1f9f28 - - default default] 10.0.0.122 "POST /v2.0/networks HTTP/1.1" status: 201 len: 836 time: 0.4401612
2026-03-06 01:41:47.498 10 WARNING neutron_lib.context [None req-ee227c81-7074-4985-a215-0085fba4ce0d fc46425083984c3e98aa6cfaff298d83 396ef6d375f64b9bbe6133a01d1f9f28 - - default default] Method 'is_advsvc' is deprecated since 2023.2 release (neutron-lib 3.8.0) and will be removed once support for the old RBAC API policies will be removed from Neutron. Please use method 'is_service_role' instead.
2026-03-06 01:41:47.558 10 INFO neutron.db.ovn_revision_numbers_db [None req-8d539eb4-50ad-43ae-a39a-480a6f8c5588 e01af144186a4353a714835139d0011d f459688858444c21b2baec90df601f6e - - default default] Successfully bumped revision number for resource a03cad28-a052-462d-8a44-d1274467a939 (type: networks) to 1
2026-03-06 01:41:47.685 10 WARNING neutron.scheduler.dhcp_agent_scheduler [None req-ee227c81-7074-4985-a215-0085fba4ce0d fc46425083984c3e98aa6cfaff298d83 396ef6d375f64b9bbe6133a01d1f9f28 - - default default] No more DHCP agents
2026-03-06 01:41:47.686 10 WARNING neutron.api.rpc.agentnotifiers.dhcp_rpc_agent_api [None req-ee227c81-7074-4985-a215-0085fba4ce0d fc46425083984c3e98aa6cfaff298d83 396ef6d375f64b9bbe6133a01d1f9f28 - - default default] Unable to schedule network ff6175a7-5e62-4198-8f74-c32e180e0ea5: no agents available; will retry on subsequent port and subnet creation events.
2026-03-06 01:41:47.710 10 WARNING neutron.scheduler.dhcp_agent_scheduler [None req-8d539eb4-50ad-43ae-a39a-480a6f8c5588 e01af144186a4353a714835139d0011d f459688858444c21b2baec90df601f6e - - default default] No more DHCP agents
2026-03-06 01:41:47.711 10 WARNING neutron.api.rpc.agentnotifiers.dhcp_rpc_agent_api [None req-8d539eb4-50ad-43ae-a39a-480a6f8c5588 e01af144186a4353a714835139d0011d f459688858444c21b2baec90df601f6e - - default default] Unable to schedule network a03cad28-a052-462d-8a44-d1274467a939: no agents available; will retry on subsequent port and subnet creation events.
2026-03-06 01:41:47.776 10 INFO neutron.db.ovn_revision_numbers_db [None req-8d539eb4-50ad-43ae-a39a-480a6f8c5588 e01af144186a4353a714835139d0011d f459688858444c21b2baec90df601f6e - - default default] Successfully bumped revision number for resource fca999fd-212b-4803-a5da-08cbced32a7c (type: ports) to 1
2026-03-06 01:41:47.800 10 INFO neutron.api.wsgi [None req-8d539eb4-50ad-43ae-a39a-480a6f8c5588 e01af144186a4353a714835139d0011d f459688858444c21b2baec90df601f6e - - default default] 10.0.0.122 "POST /v2.0/networks HTTP/1.1" status: 201 len: 833 time: 0.7313528
2026-03-06 01:41:47.811 9 WARNING neutron_lib.context [None req-9eb799dd-8584-4e0b-82cd-da293638934d e01af144186a4353a714835139d0011d f459688858444c21b2baec90df601f6e - - default default] Method 'is_advsvc' is deprecated since 2023.2 release (neutron-lib 3.8.0) and will be removed once support for the old RBAC API policies will be removed from Neutron. Please use method 'is_service_role' instead.
2026-03-06 01:41:47.896 9 INFO neutron.db.segments_db [None req-9eb799dd-8584-4e0b-82cd-da293638934d e01af144186a4353a714835139d0011d f459688858444c21b2baec90df601f6e - - default default] Added segment 49f57f1a-1d05-4317-8bb7-352cb19298be of type geneve for network 7f0b16fe-f356-4461-8e4a-4250137c3622
2026-03-06 01:41:48.000 9 INFO neutron.db.ovn_revision_numbers_db [None req-9eb799dd-8584-4e0b-82cd-da293638934d e01af144186a4353a714835139d0011d f459688858444c21b2baec90df601f6e - - default default] Successfully bumped revision number for resource 7f0b16fe-f356-4461-8e4a-4250137c3622 (type: networks) to 1
2026-03-06 01:41:48.045 10 INFO neutron.db.ovn_revision_numbers_db [None req-c425c3d6-769f-4a70-a95c-080d81132ca6 - - - - - -] Successfully bumped revision number for resource b87e7b2d-3ac3-4d60-b921-2288abbd6021 (type: ports) to 2
2026-03-06 01:41:48.071 10 INFO neutron.db.ovn_revision_numbers_db [None req-c425c3d6-769f-4a70-a95c-080d81132ca6 - - - - - -] Successfully bumped revision number for resource 32be5f4a-8df5-415c-bab7-0baf01e67c67 (type: subnets) to 0
2026-03-06 01:41:48.086 10 INFO neutron.api.wsgi [None req-ee227c81-7074-4985-a215-0085fba4ce0d fc46425083984c3e98aa6cfaff298d83 396ef6d375f64b9bbe6133a01d1f9f28 - - default default] 10.0.0.122 "POST /v2.0/subnets HTTP/1.1" status: 201 len: 855 time: 0.5913973
2026-03-06 01:41:48.096 10 WARNING neutron_lib.context [None req-b11c3e70-bb04-4416-9409-a5cdd3fe7bfa fc46425083984c3e98aa6cfaff298d83 396ef6d375f64b9bbe6133a01d1f9f28 - - default default] Method 'is_advsvc' is deprecated since 2023.2 release (neutron-lib 3.8.0) and will be removed once support for the old RBAC API policies will be removed from Neutron. Please use method 'is_service_role' instead.
2026-03-06 01:41:48.150 9 WARNING neutron.scheduler.dhcp_agent_scheduler [None req-9eb799dd-8584-4e0b-82cd-da293638934d e01af144186a4353a714835139d0011d f459688858444c21b2baec90df601f6e - - default default] No more DHCP agents
2026-03-06 01:41:48.151 9 WARNING neutron.api.rpc.agentnotifiers.dhcp_rpc_agent_api [None req-9eb799dd-8584-4e0b-82cd-da293638934d e01af144186a4353a714835139d0011d f459688858444c21b2baec90df601f6e - - default default] Unable to schedule network 7f0b16fe-f356-4461-8e4a-4250137c3622: no agents available; will retry on subsequent port and subnet creation events.
2026-03-06 01:41:48.211 9 INFO neutron.db.ovn_revision_numbers_db [None req-9eb799dd-8584-4e0b-82cd-da293638934d e01af144186a4353a714835139d0011d f459688858444c21b2baec90df601f6e - - default default] Successfully bumped revision number for resource 66675089-1d31-447f-952e-e47c31d3ccfc (type: ports) to 1
2026-03-06 01:41:48.232 9 INFO neutron.api.wsgi [None req-9eb799dd-8584-4e0b-82cd-da293638934d e01af144186a4353a714835139d0011d f459688858444c21b2baec90df601f6e - - default default] 10.0.0.122 "POST /v2.0/networks HTTP/1.1" status: 201 len: 832 time: 0.4273798
2026-03-06 01:41:48.242 10 WARNING neutron_lib.context [None req-bf71d31f-0b9b-460d-9df3-1e74e23adc9e e01af144186a4353a714835139d0011d f459688858444c21b2baec90df601f6e - - default default] Method 'is_advsvc' is deprecated since 2023.2 release (neutron-lib 3.8.0) and will be removed once support for the old RBAC API policies will be removed from Neutron. Please use method 'is_service_role' instead.
2026-03-06 01:41:48.279 10 WARNING neutron.scheduler.dhcp_agent_scheduler [None req-b11c3e70-bb04-4416-9409-a5cdd3fe7bfa fc46425083984c3e98aa6cfaff298d83 396ef6d375f64b9bbe6133a01d1f9f28 - - default default] No more DHCP agents
2026-03-06 01:41:48.280 10 WARNING neutron.api.rpc.agentnotifiers.dhcp_rpc_agent_api [None req-b11c3e70-bb04-4416-9409-a5cdd3fe7bfa fc46425083984c3e98aa6cfaff298d83 396ef6d375f64b9bbe6133a01d1f9f28 - - default default] Unable to schedule network ff6175a7-5e62-4198-8f74-c32e180e0ea5: no agents available; will retry on subsequent port and subnet creation events.
2026-03-06 01:41:48.307 10 INFO neutron.db.ovn_revision_numbers_db [None req-b11c3e70-bb04-4416-9409-a5cdd3fe7bfa fc46425083984c3e98aa6cfaff298d83 396ef6d375f64b9bbe6133a01d1f9f28 - - default default] Successfully bumped revision number for resource b3c674ac-53c0-4733-875f-d1dd574bfcb2 (type: subnets) to 0
2026-03-06 01:41:48.321 10 INFO neutron.api.wsgi [None req-b11c3e70-bb04-4416-9409-a5cdd3fe7bfa fc46425083984c3e98aa6cfaff298d83 396ef6d375f64b9bbe6133a01d1f9f28 - - default default] 10.0.0.122 "POST /v2.0/subnets HTTP/1.1" status: 201 len: 924 time: 0.2288635
2026-03-06 01:41:48.331 9 WARNING neutron_lib.context [None req-507e7a68-d22c-4178-b856-2109bc75e51b fc46425083984c3e98aa6cfaff298d83 396ef6d375f64b9bbe6133a01d1f9f28 - - default default] Method 'is_advsvc' is deprecated since 2023.2 release (neutron-lib 3.8.0) and will be removed once support for the old RBAC API policies will be removed from Neutron. Please use method 'is_service_role' instead.
2026-03-06 01:41:48.409 10 WARNING neutron.scheduler.dhcp_agent_scheduler [None req-bf71d31f-0b9b-460d-9df3-1e74e23adc9e e01af144186a4353a714835139d0011d f459688858444c21b2baec90df601f6e - - default default] No more DHCP agents
2026-03-06 01:41:48.411 10 WARNING neutron.api.rpc.agentnotifiers.dhcp_rpc_agent_api [None req-bf71d31f-0b9b-460d-9df3-1e74e23adc9e e01af144186a4353a714835139d0011d f459688858444c21b2baec90df601f6e - - default default] Unable to schedule network a03cad28-a052-462d-8a44-d1274467a939: no agents available; will retry on subsequent port and subnet creation events.
2026-03-06 01:41:48.412 9 INFO neutron.db.segments_db [None req-507e7a68-d22c-4178-b856-2109bc75e51b fc46425083984c3e98aa6cfaff298d83 396ef6d375f64b9bbe6133a01d1f9f28 - - default default] Added segment 4ce09026-34cc-4cfc-8567-3e2cba1586db of type geneve for network dd655bbc-74f0-4bf0-96a6-a97aa8f2d653
2026-03-06 01:41:48.437 10 INFO neutron.db.ovn_revision_numbers_db [None req-bf71d31f-0b9b-460d-9df3-1e74e23adc9e e01af144186a4353a714835139d0011d f459688858444c21b2baec90df601f6e - - default default] Successfully bumped revision number for resource 9725d7e5-b513-478e-b5cc-8bef607b1250 (type: subnets) to 0
2026-03-06 01:41:48.450 10 INFO neutron.api.wsgi [None req-bf71d31f-0b9b-460d-9df3-1e74e23adc9e e01af144186a4353a714835139d0011d f459688858444c21b2baec90df601f6e - - default default] 10.0.0.122 "POST /v2.0/subnets HTTP/1.1" status: 201 len: 845 time: 0.2120447
2026-03-06 01:41:48.459 10 WARNING neutron_lib.context [None req-1bb2d352-7abd-496a-9660-451b1b0e33f4 e01af144186a4353a714835139d0011d f459688858444c21b2baec90df601f6e - - default default] Method 'is_advsvc' is deprecated since 2023.2 release (neutron-lib 3.8.0) and will be removed once support for the old RBAC API policies will be removed from Neutron. Please use method 'is_service_role' instead.
2026-03-06 01:41:48.524 9 INFO neutron.db.ovn_revision_numbers_db [None req-507e7a68-d22c-4178-b856-2109bc75e51b fc46425083984c3e98aa6cfaff298d83 396ef6d375f64b9bbe6133a01d1f9f28 - - default default] Successfully bumped revision number for resource dd655bbc-74f0-4bf0-96a6-a97aa8f2d653 (type: networks) to 1
2026-03-06 01:41:48.628 10 WARNING neutron.scheduler.dhcp_agent_scheduler [None req-1bb2d352-7abd-496a-9660-451b1b0e33f4 e01af144186a4353a714835139d0011d f459688858444c21b2baec90df601f6e - - default default] No more DHCP agents
2026-03-06 01:41:48.629 10 WARNING neutron.api.rpc.agentnotifiers.dhcp_rpc_agent_api [None req-1bb2d352-7abd-496a-9660-451b1b0e33f4 e01af144186a4353a714835139d0011d f459688858444c21b2baec90df601f6e - - default default] Unable to schedule network 7f0b16fe-f356-4461-8e4a-4250137c3622: no agents available; will retry on subsequent port and subnet creation events.
2026-03-06 01:41:48.661 10 INFO neutron.db.ovn_revision_numbers_db [None req-1bb2d352-7abd-496a-9660-451b1b0e33f4 e01af144186a4353a714835139d0011d f459688858444c21b2baec90df601f6e - - default default] Successfully bumped revision number for resource 6bc0f2f1-a4a4-47c0-a167-b3b6c642ef7f (type: subnets) to 0
2026-03-06 01:41:48.673 9 WARNING neutron.scheduler.dhcp_agent_scheduler [None req-507e7a68-d22c-4178-b856-2109bc75e51b fc46425083984c3e98aa6cfaff298d83 396ef6d375f64b9bbe6133a01d1f9f28 - - default default] No more DHCP agents
2026-03-06 01:41:48.674 9 WARNING neutron.api.rpc.agentnotifiers.dhcp_rpc_agent_api [None req-507e7a68-d22c-4178-b856-2109bc75e51b fc46425083984c3e98aa6cfaff298d83 396ef6d375f64b9bbe6133a01d1f9f28 - - default default] Unable to schedule network dd655bbc-74f0-4bf0-96a6-a97aa8f2d653: no agents available; will retry on subsequent port and subnet creation events.
2026-03-06 01:41:48.681 10 INFO neutron.api.wsgi [None req-1bb2d352-7abd-496a-9660-451b1b0e33f4 e01af144186a4353a714835139d0011d f459688858444c21b2baec90df601f6e - - default default] 10.0.0.122 "POST /v2.0/subnets HTTP/1.1" status: 201 len: 854 time: 0.2257297
2026-03-06 01:41:48.690 10 WARNING neutron_lib.context [None req-b78cfaea-d788-4152-94e2-d18c09e3585f e01af144186a4353a714835139d0011d f459688858444c21b2baec90df601f6e - - default default] Method 'is_advsvc' is deprecated since 2023.2 release (neutron-lib 3.8.0) and will be removed once support for the old RBAC API policies will be removed from Neutron. Please use method 'is_service_role' instead.
2026-03-06 01:41:48.725 9 INFO neutron.db.ovn_revision_numbers_db [None req-507e7a68-d22c-4178-b856-2109bc75e51b fc46425083984c3e98aa6cfaff298d83 396ef6d375f64b9bbe6133a01d1f9f28 - - default default] Successfully bumped revision number for resource 5da7253a-9361-4233-a2e0-f735e9eddaec (type: ports) to 1
2026-03-06 01:41:48.744 9 INFO neutron.api.wsgi [None req-507e7a68-d22c-4178-b856-2109bc75e51b fc46425083984c3e98aa6cfaff298d83 396ef6d375f64b9bbe6133a01d1f9f28 - - default default] 10.0.0.122 "POST /v2.0/networks HTTP/1.1" status: 201 len: 837 time: 0.4170444
2026-03-06 01:41:48.753 9 WARNING neutron_lib.context [None req-af1f70ec-afeb-4041-a76d-2f526fe4adc6 fc46425083984c3e98aa6cfaff298d83 396ef6d375f64b9bbe6133a01d1f9f28 - - default default] Method 'is_advsvc' is deprecated since 2023.2 release (neutron-lib 3.8.0) and will be removed once support for the old RBAC API policies will be removed from Neutron. Please use method 'is_service_role' instead.
2026-03-06 01:41:48.815 10 INFO neutron.db.ovn_revision_numbers_db [None req-b78cfaea-d788-4152-94e2-d18c09e3585f e01af144186a4353a714835139d0011d f459688858444c21b2baec90df601f6e - - default default] Successfully bumped revision number for resource 243cc3fc-3fd9-45b0-a949-96867ad50499 (type: routers) to 1
2026-03-06 01:41:48.830 10 INFO neutron.api.wsgi [None req-b78cfaea-d788-4152-94e2-d18c09e3585f e01af144186a4353a714835139d0011d f459688858444c21b2baec90df601f6e - - default default] 10.0.0.122 "POST /v2.0/routers HTTP/1.1" status: 201 len: 806 time: 0.1444287
2026-03-06 01:41:48.906 9 WARNING neutron.scheduler.dhcp_agent_scheduler [None req-af1f70ec-afeb-4041-a76d-2f526fe4adc6 fc46425083984c3e98aa6cfaff298d83 396ef6d375f64b9bbe6133a01d1f9f28 - - default default] No more DHCP agents
2026-03-06 01:41:48.907 9 WARNING neutron.api.rpc.agentnotifiers.dhcp_rpc_agent_api [None req-af1f70ec-afeb-4041-a76d-2f526fe4adc6 fc46425083984c3e98aa6cfaff298d83 396ef6d375f64b9bbe6133a01d1f9f28 - - default default] Unable to schedule network dd655bbc-74f0-4bf0-96a6-a97aa8f2d653: no agents available; will retry on subsequent port and subnet creation events.
2026-03-06 01:41:49.175 10 WARNING neutron.scheduler.dhcp_agent_scheduler [None req-c51c3e7a-55c8-4138-9ec0-7a78e51a702f e01af144186a4353a714835139d0011d f459688858444c21b2baec90df601f6e - - default default] No more DHCP agents
2026-03-06 01:41:49.176 10 WARNING neutron.api.rpc.agentnotifiers.dhcp_rpc_agent_api [None req-c51c3e7a-55c8-4138-9ec0-7a78e51a702f e01af144186a4353a714835139d0011d f459688858444c21b2baec90df601f6e - - default default] Unable to schedule network a03cad28-a052-462d-8a44-d1274467a939: no agents available; will retry on subsequent port and subnet creation events.
2026-03-06 01:41:49.262 10 INFO neutron.db.ovn_revision_numbers_db [None req-c51c3e7a-55c8-4138-9ec0-7a78e51a702f e01af144186a4353a714835139d0011d f459688858444c21b2baec90df601f6e - - default default] Successfully bumped revision number for resource ee44d013-2074-410b-adf0-dc29d4764afc (type: ports) to 1
2026-03-06 01:41:49.302 9 INFO neutron.db.ovn_revision_numbers_db [None req-2320524e-1c2c-4833-92ed-e1bb5a76e09b - - - - - -] Successfully bumped revision number for resource 5da7253a-9361-4233-a2e0-f735e9eddaec (type: ports) to 2
2026-03-06 01:41:49.330 9 INFO neutron.db.ovn_revision_numbers_db [None req-2320524e-1c2c-4833-92ed-e1bb5a76e09b - - - - - -] Successfully bumped revision number for resource 520de760-ed4d-4a2f-b6f2-dfc29240644c (type: subnets) to 0
2026-03-06 01:41:49.344 9 INFO neutron.api.wsgi [None req-af1f70ec-afeb-4041-a76d-2f526fe4adc6 fc46425083984c3e98aa6cfaff298d83 396ef6d375f64b9bbe6133a01d1f9f28 - - default default] 10.0.0.122 "POST /v2.0/subnets HTTP/1.1" status: 201 len: 855 time: 0.5944474
2026-03-06 01:41:49.353 9 WARNING neutron_lib.context [None req-cfec5578-f306-4b6d-9996-a3bf4c896788 fc46425083984c3e98aa6cfaff298d83 396ef6d375f64b9bbe6133a01d1f9f28 - - default default] Method 'is_advsvc' is deprecated since 2023.2 release (neutron-lib 3.8.0) and will be removed once support for the old RBAC API policies will be removed from Neutron. Please use method 'is_service_role' instead.
2026-03-06 01:41:49.394 10 WARNING neutron_lib.context [None req-b07556f4-a609-46e7-8320-fd524eee0510 c6c927fb86e3479fb2b3b038adc7a35f 31e2367fd42b4750b08ea4b5105c1282 - - default default] Method 'is_advsvc' is deprecated since 2023.2 release (neutron-lib 3.8.0) and will be removed once support for the old RBAC API policies will be removed from Neutron. Please use method 'is_service_role' instead.
2026-03-06 01:41:49.568 9 WARNING neutron.scheduler.dhcp_agent_scheduler [None req-cfec5578-f306-4b6d-9996-a3bf4c896788 fc46425083984c3e98aa6cfaff298d83 396ef6d375f64b9bbe6133a01d1f9f28 - - default default] No more DHCP agents
2026-03-06 01:41:49.569 9 WARNING neutron.api.rpc.agentnotifiers.dhcp_rpc_agent_api [None req-cfec5578-f306-4b6d-9996-a3bf4c896788 fc46425083984c3e98aa6cfaff298d83 396ef6d375f64b9bbe6133a01d1f9f28 - - default default] Unable to schedule network dd655bbc-74f0-4bf0-96a6-a97aa8f2d653: no agents available; will retry on subsequent port and subnet creation events.
2026-03-06 01:41:49.599 9 INFO neutron.db.ovn_revision_numbers_db [None req-cfec5578-f306-4b6d-9996-a3bf4c896788 fc46425083984c3e98aa6cfaff298d83 396ef6d375f64b9bbe6133a01d1f9f28 - - default default] Successfully bumped revision number for resource 9c35576b-aeb0-49bd-889d-57578e4ae52a (type: subnets) to 0
2026-03-06 01:41:49.614 9 INFO neutron.api.wsgi [None req-cfec5578-f306-4b6d-9996-a3bf4c896788 fc46425083984c3e98aa6cfaff298d83 396ef6d375f64b9bbe6133a01d1f9f28 - - default default] 10.0.0.122 "POST /v2.0/subnets HTTP/1.1" status: 201 len: 928 time: 0.2656226
2026-03-06 01:41:49.624 10 WARNING neutron_lib.context [None req-c3cc0ce6-73ac-4452-b8c7-d4d06ff35626 fc46425083984c3e98aa6cfaff298d83 396ef6d375f64b9bbe6133a01d1f9f28 - - default default] Method 'is_advsvc' is deprecated since 2023.2 release (neutron-lib 3.8.0) and will be removed once support for the old RBAC API policies will be removed from Neutron. Please use method 'is_service_role' instead.
2026-03-06 01:41:49.662 10 WARNING neutron.scheduler.dhcp_agent_scheduler [None req-b07556f4-a609-46e7-8320-fd524eee0510 c6c927fb86e3479fb2b3b038adc7a35f 31e2367fd42b4750b08ea4b5105c1282 - - default default] No more DHCP agents
2026-03-06 01:41:49.665 10 WARNING neutron.api.rpc.agentnotifiers.dhcp_rpc_agent_api [None req-b07556f4-a609-46e7-8320-fd524eee0510 c6c927fb86e3479fb2b3b038adc7a35f 31e2367fd42b4750b08ea4b5105c1282 - - default default] Unable to schedule network 60b3b246-5c65-4e19-9956-25f1b7f50095: no agents available; will retry on subsequent port and subnet creation events.
2026-03-06 01:41:49.996 10 INFO neutron.plugins.ml2.drivers.ovn.mech_driver.mech_driver [None req-7192ca53-c248-48eb-baec-6567d9c5485e - - - - - -] OVN reports status up for port: ee44d013-2074-410b-adf0-dc29d4764afc
2026-03-06 01:41:50.011 10 INFO neutron.plugins.ml2.plugin [None req-7192ca53-c248-48eb-baec-6567d9c5485e - - - - - -] Attempt 1 to provision port ee44d013-2074-410b-adf0-dc29d4764afc
2026-03-06 01:41:50.038 10 INFO neutron.db.ovn_revision_numbers_db [None req-c51c3e7a-55c8-4138-9ec0-7a78e51a702f e01af144186a4353a714835139d0011d f459688858444c21b2baec90df601f6e - - default default] Successfully bumped revision number for resource ee44d013-2074-410b-adf0-dc29d4764afc (type: ports) to 1
2026-03-06 01:41:50.164 10 WARNING neutron.scheduler.dhcp_agent_scheduler [None req-c51c3e7a-55c8-4138-9ec0-7a78e51a702f e01af144186a4353a714835139d0011d f459688858444c21b2baec90df601f6e - - default default] No more DHCP agents
2026-03-06 01:41:50.172 10 WARNING neutron.api.rpc.agentnotifiers.dhcp_rpc_agent_api [None req-c51c3e7a-55c8-4138-9ec0-7a78e51a702f e01af144186a4353a714835139d0011d f459688858444c21b2baec90df601f6e - - default default] Unable to schedule network a03cad28-a052-462d-8a44-d1274467a939: no agents available; will retry on subsequent port and subnet creation events.
2026-03-06 01:41:50.186 9 INFO neutron.db.ovn_revision_numbers_db [None req-bad01cc3-83a6-40b6-9d7f-4acd0c725a49 1e7dc8fe47e6429cb2bb978ca1cc15c6 648b6b88fee64ac1b19ebad9b51eece1 - - default default] Successfully bumped revision number for resource 37d8a93c-e485-4ba4-8144-be80266826eb (type: security_groups) to 1
2026-03-06 01:41:50.198 9 INFO neutron.db.ovn_revision_numbers_db [None req-bad01cc3-83a6-40b6-9d7f-4acd0c725a49 1e7dc8fe47e6429cb2bb978ca1cc15c6 648b6b88fee64ac1b19ebad9b51eece1 - - default default] Successfully bumped revision number for resource 834d3c8c-c804-4681-abb4-23710b6b7aa6 (type: security_group_rules) to 0
2026-03-06 01:41:50.212 9 INFO neutron.db.ovn_revision_numbers_db [None req-bad01cc3-83a6-40b6-9d7f-4acd0c725a49 1e7dc8fe47e6429cb2bb978ca1cc15c6 648b6b88fee64ac1b19ebad9b51eece1 - - default default] Successfully bumped revision number for resource a35ffaa6-d01a-4ab6-a7f8-f18cbb99bd90 (type: security_group_rules) to 0
2026-03-06 01:41:50.224 9 INFO neutron.db.ovn_revision_numbers_db [None req-bad01cc3-83a6-40b6-9d7f-4acd0c725a49 1e7dc8fe47e6429cb2bb978ca1cc15c6 648b6b88fee64ac1b19ebad9b51eece1 - - default default] Successfully bumped revision number for resource cf459355-7ded-4d8c-b529-0e32bbd275ba (type: security_group_rules) to 0
2026-03-06 01:41:50.238 9 INFO neutron.db.ovn_revision_numbers_db [None req-bad01cc3-83a6-40b6-9d7f-4acd0c725a49 1e7dc8fe47e6429cb2bb978ca1cc15c6 648b6b88fee64ac1b19ebad9b51eece1 - - default default] Successfully bumped revision number for resource da02eeee-a889-4aee-a4f6-1aee60bf8a56 (type: security_group_rules) to 0
2026-03-06 01:41:50.277 9 INFO neutron.api.wsgi [None req-bad01cc3-83a6-40b6-9d7f-4acd0c725a49 1e7dc8fe47e6429cb2bb978ca1cc15c6 648b6b88fee64ac1b19ebad9b51eece1 - - default default] 10.0.0.122 "GET /v2.0/security-groups?tenant_id=a8771fdc39324d4485017b33212488ca&name=default HTTP/1.1" status: 200 len: 3120 time: 0.3915164
2026-03-06 01:41:50.485 9 INFO neutron.api.wsgi [None req-4b683c52-f31e-4850-ad7d-b33f86a201bc 1e7dc8fe47e6429cb2bb978ca1cc15c6 648b6b88fee64ac1b19ebad9b51eece1 - - default default] 10.0.0.122 "DELETE /v2.0/security-groups/37d8a93c-e485-4ba4-8144-be80266826eb HTTP/1.1" status: 204 len: 168 time: 0.2026079
2026-03-06 01:41:50.517 10 INFO neutron.api.wsgi [None req-b07556f4-a609-46e7-8320-fd524eee0510 c6c927fb86e3479fb2b3b038adc7a35f 31e2367fd42b4750b08ea4b5105c1282 - - default default] 10.0.0.122 "POST /v2.0/floatingips HTTP/1.1" status: 201 len: 751 time: 1.2719605
2026-03-06 01:41:50.560 10 WARNING neutron.scheduler.dhcp_agent_scheduler [None req-c3cc0ce6-73ac-4452-b8c7-d4d06ff35626 fc46425083984c3e98aa6cfaff298d83 396ef6d375f64b9bbe6133a01d1f9f28 - - default default] No more DHCP agents
2026-03-06 01:41:50.560 10 INFO neutron.db.ovn_revision_numbers_db [None req-c51c3e7a-55c8-4138-9ec0-7a78e51a702f e01af144186a4353a714835139d0011d f459688858444c21b2baec90df601f6e - - default default] Successfully bumped revision number for resource ee44d013-2074-410b-adf0-dc29d4764afc (type: router_ports) to 1
2026-03-06 01:41:50.565 10 INFO neutron.api.wsgi [None req-c51c3e7a-55c8-4138-9ec0-7a78e51a702f e01af144186a4353a714835139d0011d f459688858444c21b2baec90df601f6e - - default default] 10.0.0.122 "PUT /v2.0/routers/243cc3fc-3fd9-45b0-a949-96867ad50499/add_router_interface HTTP/1.1" status: 200 len: 503 time: 1.7284849
2026-03-06 01:41:50.566 10 WARNING neutron.api.rpc.agentnotifiers.dhcp_rpc_agent_api [None req-c3cc0ce6-73ac-4452-b8c7-d4d06ff35626 fc46425083984c3e98aa6cfaff298d83 396ef6d375f64b9bbe6133a01d1f9f28 - - default default] Unable to schedule network 60b3b246-5c65-4e19-9956-25f1b7f50095: no agents available; will retry on subsequent port and subnet creation events.
2026-03-06 01:41:50.574 9 INFO neutron.api.wsgi [None req-a0a73ba8-bb1b-4ed9-ad64-a388ac42c0ed c6c927fb86e3479fb2b3b038adc7a35f 31e2367fd42b4750b08ea4b5105c1282 - - default default] 10.0.0.122 "PUT /v2.0/floatingips/c90eb8f4-d6dc-4fd8-88dd-fc06c860ed21/tags HTTP/1.1" status: 200 len: 218 time: 0.0510859
2026-03-06 01:41:50.634 10 INFO neutron.api.wsgi [None req-03ecc5e7-34ef-4714-8acc-83e2293bad39 c6c927fb86e3479fb2b3b038adc7a35f 31e2367fd42b4750b08ea4b5105c1282 - - default default] 10.0.0.122 "GET /v2.0/floatingips/c90eb8f4-d6dc-4fd8-88dd-fc06c860ed21/tags HTTP/1.1" status: 200 len: 218 time: 0.0539792
2026-03-06 01:41:50.640 9 INFO neutron.api.wsgi [None req-27f6088d-ff18-4e30-8985-1afcc9e322e0 e01af144186a4353a714835139d0011d f459688858444c21b2baec90df601f6e - - default default] 10.0.0.122 "GET /v2.0/ports/ee44d013-2074-410b-adf0-dc29d4764afc HTTP/1.1" status: 200 len: 1141 time: 0.0695570
2026-03-06 01:41:50.756 10 INFO neutron.api.wsgi [None req-fe699f55-034f-430a-89d9-be520ecc9bb0 c6c927fb86e3479fb2b3b038adc7a35f 31e2367fd42b4750b08ea4b5105c1282 - - default default] 10.0.0.122 "PUT /v2.0/floatingips/c90eb8f4-d6dc-4fd8-88dd-fc06c860ed21/tags/green HTTP/1.1" status: 201 len: 201 time: 0.1160431
2026-03-06 01:41:50.794 9 INFO neutron.api.wsgi [None req-6b8812ba-a1ec-43bf-939e-67633362a000 c6c927fb86e3479fb2b3b038adc7a35f 31e2367fd42b4750b08ea4b5105c1282 - - default default] 10.0.0.122 "GET /v2.0/floatingips/c90eb8f4-d6dc-4fd8-88dd-fc06c860ed21/tags HTTP/1.1" status: 200 len: 227 time: 0.0339882
2026-03-06 01:41:50.821 10 INFO neutron.db.ovn_revision_numbers_db [None req-7192ca53-c248-48eb-baec-6567d9c5485e - - - - - -] Successfully bumped revision number for resource ee44d013-2074-410b-adf0-dc29d4764afc (type: ports) to 2
2026-03-06 01:41:50.822 9 INFO neutron.api.wsgi [None req-35bc83e7-b70c-45a9-8f05-c3c86ff75ee0 c6c927fb86e3479fb2b3b038adc7a35f 31e2367fd42b4750b08ea4b5105c1282 - - default default] 10.0.0.122 "PUT /v2.0/floatingips/c90eb8f4-d6dc-4fd8-88dd-fc06c860ed21/tags/red HTTP/1.1" status: 201 len: 201 time: 0.0227864
2026-03-06 01:41:50.863 10 INFO neutron.db.ovn_revision_numbers_db [None req-4a20ef84-ece7-4399-90c4-bec3ff65f187 1e7dc8fe47e6429cb2bb978ca1cc15c6 648b6b88fee64ac1b19ebad9b51eece1 - - default default] Successfully bumped revision number for resource 5a0f484f-477b-49dd-a0fa-a9448d69c6cf (type: security_groups) to 1
2026-03-06 01:41:50.891 10 INFO neutron.db.ovn_revision_numbers_db [None req-4a20ef84-ece7-4399-90c4-bec3ff65f187 1e7dc8fe47e6429cb2bb978ca1cc15c6 648b6b88fee64ac1b19ebad9b51eece1 - - default default] Successfully bumped revision number for resource 192e532a-e86c-4542-a22e-c557d8bf544c (type: security_group_rules) to 0
2026-03-06 01:41:50.894 10 INFO neutron.db.ovn_revision_numbers_db [None req-c3cc0ce6-73ac-4452-b8c7-d4d06ff35626 fc46425083984c3e98aa6cfaff298d83 396ef6d375f64b9bbe6133a01d1f9f28 - - default default] Successfully bumped revision number for resource 4d45f2f3-5c12-4ad0-a627-f96094b845a4 (type: ports) to 1
2026-03-06 01:41:50.910 9 INFO neutron.api.wsgi [None req-b6bb3195-da93-408d-b01c-abdf21b14794 c6c927fb86e3479fb2b3b038adc7a35f 31e2367fd42b4750b08ea4b5105c1282 - - default default] 10.0.0.122 "GET /v2.0/floatingips/c90eb8f4-d6dc-4fd8-88dd-fc06c860ed21/tags HTTP/1.1" status: 200 len: 227 time: 0.0736778
2026-03-06 01:41:50.932 10 INFO neutron.db.ovn_revision_numbers_db [None req-4a20ef84-ece7-4399-90c4-bec3ff65f187 1e7dc8fe47e6429cb2bb978ca1cc15c6 648b6b88fee64ac1b19ebad9b51eece1 - - default default] Successfully bumped revision number for resource 2b7736ce-3a56-4aeb-b086-291325b24cfa (type: security_group_rules) to 0
2026-03-06 01:41:50.960 10 INFO neutron.db.ovn_revision_numbers_db [None req-4a20ef84-ece7-4399-90c4-bec3ff65f187 1e7dc8fe47e6429cb2bb978ca1cc15c6 648b6b88fee64ac1b19ebad9b51eece1 - - default default] Successfully bumped revision number for resource 36536ef7-b350-44cc-a65d-fb4ad4933848 (type: security_group_rules) to 0
2026-03-06 01:41:50.974 10 INFO neutron.api.wsgi [None req-c3060e6f-0f34-4102-8857-2649cb76b950 c6c927fb86e3479fb2b3b038adc7a35f 31e2367fd42b4750b08ea4b5105c1282 - - default default] 10.0.0.122 "PUT /v2.0/floatingips/c90eb8f4-d6dc-4fd8-88dd-fc06c860ed21/tags/black.or.white HTTP/1.1" status: 201 len: 201 time: 0.0477257
2026-03-06 01:41:50.976 10 INFO neutron.db.ovn_revision_numbers_db [None req-4a20ef84-ece7-4399-90c4-bec3ff65f187 1e7dc8fe47e6429cb2bb978ca1cc15c6 648b6b88fee64ac1b19ebad9b51eece1 - - default default] Successfully bumped revision number for resource 9872d14f-9e00-43d4-b52a-66c54d93d7ac (type: security_group_rules) to 0
2026-03-06 01:41:51.010 9 INFO neutron.api.wsgi [None req-2a7c402c-62b7-4da0-8096-e4a4b420b28f c6c927fb86e3479fb2b3b038adc7a35f 31e2367fd42b4750b08ea4b5105c1282 - - default default] 10.0.0.122 "GET /v2.0/floatingips/c90eb8f4-d6dc-4fd8-88dd-fc06c860ed21/tags HTTP/1.1" status: 200 len: 245 time: 0.0297294
2026-03-06 01:41:51.031 10 INFO neutron.api.wsgi [None req-4a20ef84-ece7-4399-90c4-bec3ff65f187 1e7dc8fe47e6429cb2bb978ca1cc15c6 648b6b88fee64ac1b19ebad9b51eece1 - - default default] 10.0.0.122 "GET /v2.0/security-groups?tenant_id=0831013f32a04aeb8ddf263bcd0de43f&name=default HTTP/1.1" status: 200 len: 3120 time: 0.4511509
2026-03-06 01:41:51.087 10 INFO neutron.api.wsgi [None req-0958dfa9-5e35-4d42-b7fc-340dccc67e86 c6c927fb86e3479fb2b3b038adc7a35f 31e2367fd42b4750b08ea4b5105c1282 - - default default] 10.0.0.122 "PUT /v2.0/floatingips/c90eb8f4-d6dc-4fd8-88dd-fc06c860ed21/tags HTTP/1.1" status: 200 len: 230 time: 0.0714090
