2026-03-06 01:40:09.902 10 WARNING neutron_lib.context [None req-b4d45fcd-f139-4253-aa41-b2a2045a9b6d c5abab81628c4152aa09703e28423b97 0190cf8c0fff41a5a00727781cbb62a3 - - default default] Method 'is_advsvc' is deprecated since 2023.2 release (neutron-lib 3.8.0) and will be removed once support for the old RBAC API policies will be removed from Neutron. Please use method 'is_service_role' instead.
2026-03-06 01:40:09.902 10 WARNING neutron_lib.context [None req-b4d45fcd-f139-4253-aa41-b2a2045a9b6d c5abab81628c4152aa09703e28423b97 0190cf8c0fff41a5a00727781cbb62a3 - - default default] Method 'is_advsvc' is deprecated since 2023.2 release (neutron-lib 3.8.0) and will be removed once support for the old RBAC API policies will be removed from Neutron. Please use method 'is_service_role' instead.
2026-03-06 01:40:10.053 10 INFO neutron.db.ovn_revision_numbers_db [None req-b4d45fcd-f139-4253-aa41-b2a2045a9b6d c5abab81628c4152aa09703e28423b97 0190cf8c0fff41a5a00727781cbb62a3 - - default default] Successfully bumped revision number for resource 5bb3d261-891d-4845-b669-fbeb78f55350 (type: security_groups) to 1
2026-03-06 01:40:10.067 10 INFO neutron.db.ovn_revision_numbers_db [None req-b4d45fcd-f139-4253-aa41-b2a2045a9b6d c5abab81628c4152aa09703e28423b97 0190cf8c0fff41a5a00727781cbb62a3 - - default default] Successfully bumped revision number for resource 0336a334-8d78-4020-9085-26f1c072e504 (type: security_group_rules) to 0
2026-03-06 01:40:10.082 9 INFO neutron.api.wsgi [None req-10f9db82-6e23-4274-8a2c-bbac6194c316 1e7dc8fe47e6429cb2bb978ca1cc15c6 648b6b88fee64ac1b19ebad9b51eece1 - - default default] 10.0.0.122 "DELETE /v2.0/routers/74d40478-505f-4b37-a732-8faae7685c65 HTTP/1.1" status: 204 len: 168 time: 0.6772573
2026-03-06 01:40:10.100 10 INFO neutron.db.ovn_revision_numbers_db [None req-b4d45fcd-f139-4253-aa41-b2a2045a9b6d c5abab81628c4152aa09703e28423b97 0190cf8c0fff41a5a00727781cbb62a3 - - default default] Successfully bumped revision number for resource 2882fdb1-cecc-41f9-a0e5-fbfebfcb61cc (type: security_group_rules) to 0
2026-03-06 01:40:10.116 10 INFO neutron.db.ovn_revision_numbers_db [None req-b4d45fcd-f139-4253-aa41-b2a2045a9b6d c5abab81628c4152aa09703e28423b97 0190cf8c0fff41a5a00727781cbb62a3 - - default default] Successfully bumped revision number for resource 937205c1-a729-4b68-80cb-f7b28d1be753 (type: security_group_rules) to 0
2026-03-06 01:40:10.137 10 INFO neutron.db.ovn_revision_numbers_db [None req-b4d45fcd-f139-4253-aa41-b2a2045a9b6d c5abab81628c4152aa09703e28423b97 0190cf8c0fff41a5a00727781cbb62a3 - - default default] Successfully bumped revision number for resource e191f998-5def-4cbb-aa25-c40778aeae0e (type: security_group_rules) to 0
2026-03-06 01:40:10.257 10 INFO neutron.db.segments_db [None req-b4d45fcd-f139-4253-aa41-b2a2045a9b6d c5abab81628c4152aa09703e28423b97 0190cf8c0fff41a5a00727781cbb62a3 - - default default] Added segment 28231c71-c0c2-4a10-aca2-0a18d5686cc4 of type geneve for network 137a0c52-0999-462e-96ad-770e46b37b0d
2026-03-06 01:40:10.301 10 INFO neutron.api.wsgi [None req-e4b69608-3dcd-4012-8c84-21208144142a 1e7dc8fe47e6429cb2bb978ca1cc15c6 648b6b88fee64ac1b19ebad9b51eece1 - - default default] 10.0.0.122 "DELETE /v2.0/subnets/ebed06ac-1dc3-4325-a125-cc28ffab28a4 HTTP/1.1" status: 204 len: 168 time: 0.2079744
2026-03-06 01:40:10.380 10 INFO neutron.api.wsgi [req-e85572d3-54ec-4c64-a853-3e1b0c47bd78 req-12d1dbd5-11c7-40d9-9b8d-24bd07f10228 45fed12c0b414b3dad0208fc7ad9a8b1 9d7be83f77fa419dbb1ba9d15c5a6cfd - - default default] 10.0.0.209 "GET /v2.0/ports?device_id=1b6c66de-a046-4af8-af34-3eee310545b5 HTTP/1.1" status: 200 len: 210 time: 0.0180032
2026-03-06 01:40:10.383 10 INFO neutron.db.segments_db [None req-b4d45fcd-f139-4253-aa41-b2a2045a9b6d c5abab81628c4152aa09703e28423b97 0190cf8c0fff41a5a00727781cbb62a3 - - default default] Added segment 2e36c9dc-002a-4f1b-85d8-7fc3e3ff85e9 of type geneve for network e3161c4f-5159-43d8-8b94-7c9e59f88440
2026-03-06 01:40:10.504 10 INFO neutron.db.ovn_revision_numbers_db [None req-b4d45fcd-f139-4253-aa41-b2a2045a9b6d c5abab81628c4152aa09703e28423b97 0190cf8c0fff41a5a00727781cbb62a3 - - default default] Successfully bumped revision number for resource 137a0c52-0999-462e-96ad-770e46b37b0d (type: networks) to 1
2026-03-06 01:40:10.656 9 INFO neutron.api.wsgi [None req-d91250a2-a996-4883-8204-ae4d10e77512 1e7dc8fe47e6429cb2bb978ca1cc15c6 648b6b88fee64ac1b19ebad9b51eece1 - - default default] 10.0.0.122 "DELETE /v2.0/networks/ad1cfa2f-efab-48a1-9dc6-867d6d8fe261 HTTP/1.1" status: 204 len: 168 time: 0.3500957
2026-03-06 01:40:10.688 10 WARNING neutron.scheduler.dhcp_agent_scheduler [None req-b4d45fcd-f139-4253-aa41-b2a2045a9b6d c5abab81628c4152aa09703e28423b97 0190cf8c0fff41a5a00727781cbb62a3 - - default default] No more DHCP agents
2026-03-06 01:40:10.689 10 WARNING neutron.api.rpc.agentnotifiers.dhcp_rpc_agent_api [None req-b4d45fcd-f139-4253-aa41-b2a2045a9b6d c5abab81628c4152aa09703e28423b97 0190cf8c0fff41a5a00727781cbb62a3 - - default default] Unable to schedule network 137a0c52-0999-462e-96ad-770e46b37b0d: no agents available; will retry on subsequent port and subnet creation events.
2026-03-06 01:40:10.755 10 INFO neutron.db.ovn_revision_numbers_db [None req-b4d45fcd-f139-4253-aa41-b2a2045a9b6d c5abab81628c4152aa09703e28423b97 0190cf8c0fff41a5a00727781cbb62a3 - - default default] Successfully bumped revision number for resource 474d893d-2385-4692-ac91-0af47f0d6018 (type: ports) to 1
2026-03-06 01:40:10.820 10 INFO neutron.api.wsgi [None req-30515ffd-6f6c-401f-963d-da0d8dc8fb70 1e7dc8fe47e6429cb2bb978ca1cc15c6 648b6b88fee64ac1b19ebad9b51eece1 - - default default] 10.0.0.122 "GET /v2.0/security-groups?tenant_id=e1d604e18aea41358fcccba336b26357&name=default HTTP/1.1" status: 200 len: 3116 time: 0.0420759
2026-03-06 01:40:10.860 10 INFO neutron.db.ovn_revision_numbers_db [None req-b4d45fcd-f139-4253-aa41-b2a2045a9b6d c5abab81628c4152aa09703e28423b97 0190cf8c0fff41a5a00727781cbb62a3 - - default default] Successfully bumped revision number for resource e3161c4f-5159-43d8-8b94-7c9e59f88440 (type: networks) to 1
2026-03-06 01:40:11.048 10 WARNING neutron.scheduler.dhcp_agent_scheduler [None req-b4d45fcd-f139-4253-aa41-b2a2045a9b6d c5abab81628c4152aa09703e28423b97 0190cf8c0fff41a5a00727781cbb62a3 - - default default] No more DHCP agents
2026-03-06 01:40:11.049 10 WARNING neutron.api.rpc.agentnotifiers.dhcp_rpc_agent_api [None req-b4d45fcd-f139-4253-aa41-b2a2045a9b6d c5abab81628c4152aa09703e28423b97 0190cf8c0fff41a5a00727781cbb62a3 - - default default] Unable to schedule network e3161c4f-5159-43d8-8b94-7c9e59f88440: no agents available; will retry on subsequent port and subnet creation events.
2026-03-06 01:40:11.092 9 INFO neutron.api.wsgi [None req-15ca979a-9d20-4e5c-a5d5-95bd8e71eca8 1e7dc8fe47e6429cb2bb978ca1cc15c6 648b6b88fee64ac1b19ebad9b51eece1 - - default default] 10.0.0.122 "DELETE /v2.0/security-groups/d6fa00fd-3092-4499-8f88-8ee683aea97c HTTP/1.1" status: 204 len: 168 time: 0.2633209
2026-03-06 01:40:11.107 10 INFO neutron.db.ovn_revision_numbers_db [None req-b4d45fcd-f139-4253-aa41-b2a2045a9b6d c5abab81628c4152aa09703e28423b97 0190cf8c0fff41a5a00727781cbb62a3 - - default default] Successfully bumped revision number for resource 2951b808-b0e3-4219-96a6-e518cf041ee4 (type: ports) to 1
2026-03-06 01:40:11.115 9 INFO neutron.services.segments.plugin [-] Segment bcde121b-033e-4ae7-8937-168fbbb28957 resource provider aggregate not found
2026-03-06 01:40:11.137 9 INFO neutron.services.segments.plugin [-] Segment bcde121b-033e-4ae7-8937-168fbbb28957 resource provider not found; error: Placement Client Error (4xx): {"errors": [{"status": 404, "title": "Not Found", "detail": "The resource could not be found.\n\n No resource provider with uuid bcde121b-033e-4ae7-8937-168fbbb28957 found for delete ", "request_id": "req-c355c824-c719-4261-86f4-f1efb272baa2"}]}
2026-03-06 01:40:11.142 9 INFO neutron.services.segments.plugin [-] Segment bcde121b-033e-4ae7-8937-168fbbb28957 resource provider aggregate not found
2026-03-06 01:40:11.144 10 INFO neutron.api.wsgi [None req-b4d45fcd-f139-4253-aa41-b2a2045a9b6d c5abab81628c4152aa09703e28423b97 0190cf8c0fff41a5a00727781cbb62a3 - - default default] 10.0.0.122 "POST /v2.0/networks HTTP/1.1" status: 201 len: 1446 time: 1.4100139
2026-03-06 01:40:11.157 9 INFO neutron.services.segments.plugin [-] Segment bcde121b-033e-4ae7-8937-168fbbb28957 resource provider not found; error: Placement Client Error (4xx): {"errors": [{"status": 404, "title": "Not Found", "detail": "The resource could not be found.\n\n No resource provider with uuid bcde121b-033e-4ae7-8937-168fbbb28957 found for delete ", "request_id": "req-5afbce00-9cea-4e4e-b87a-939081c33e81"}]}
2026-03-06 01:40:11.204 10 INFO neutron.api.wsgi [None req-1131b381-53fd-4cc2-bd23-c2af94dee70a c5abab81628c4152aa09703e28423b97 0190cf8c0fff41a5a00727781cbb62a3 - - default default] 10.0.0.122 "GET /v2.0/networks HTTP/1.1" status: 200 len: 2052 time: 0.0555923
2026-03-06 01:40:11.528 10 INFO neutron.api.wsgi [-] 10.0.0.194 "GET / HTTP/1.1" status: 200 len: 246 time: 0.0028110
2026-03-06 01:40:11.529 10 INFO neutron.services.segments.plugin [-] Segment 28231c71-c0c2-4a10-aca2-0a18d5686cc4 resource provider aggregate not found
2026-03-06 01:40:11.529 9 INFO neutron.api.wsgi [-] 10.0.0.194 "GET / HTTP/1.1" status: 200 len: 246 time: 0.0036407
2026-03-06 01:40:11.533 10 INFO neutron.services.segments.plugin [-] Segment 28231c71-c0c2-4a10-aca2-0a18d5686cc4 resource provider aggregate not found
2026-03-06 01:40:11.545 10 INFO neutron.services.segments.plugin [-] Segment 28231c71-c0c2-4a10-aca2-0a18d5686cc4 resource provider not found; error: Placement Client Error (4xx): {"errors": [{"status": 404, "title": "Not Found", "detail": "The resource could not be found.\n\n No resource provider with uuid 28231c71-c0c2-4a10-aca2-0a18d5686cc4 found for delete ", "request_id": "req-bff109f1-72f7-4862-bf43-5c9784035e2f"}]}
2026-03-06 01:40:11.548 10 INFO neutron.services.segments.plugin [-] Segment 28231c71-c0c2-4a10-aca2-0a18d5686cc4 resource provider not found; error: Placement Client Error (4xx): {"errors": [{"status": 404, "title": "Not Found", "detail": "The resource could not be found.\n\n No resource provider with uuid 28231c71-c0c2-4a10-aca2-0a18d5686cc4 found for delete ", "request_id": "req-d0d4fd05-e89d-4c32-99fd-079767889b9f"}]}
2026-03-06 01:40:11.564 10 INFO neutron.api.wsgi [None req-07f25fd8-cb2b-43f6-a515-6a4ab604ca5a c5abab81628c4152aa09703e28423b97 0190cf8c0fff41a5a00727781cbb62a3 - - default default] 10.0.0.122 "DELETE /v2.0/networks/137a0c52-0999-462e-96ad-770e46b37b0d HTTP/1.1" status: 204 len: 168 time: 0.3528190
2026-03-06 01:40:11.639 10 INFO neutron.api.wsgi [None req-2e9acc5b-3dba-4744-88cc-110bf434d202 45fed12c0b414b3dad0208fc7ad9a8b1 9d7be83f77fa419dbb1ba9d15c5a6cfd - - default default] 10.0.0.122 "DELETE /v2.0/security-groups/172eb836-3771-4b6d-8fe5-e5a121238db6 HTTP/1.1" status: 204 len: 168 time: 0.1703124
2026-03-06 01:40:11.654 9 INFO neutron.api.v2.resource [None req-e845fa13-6b64-406e-bc7c-184de4c2380d 45fed12c0b414b3dad0208fc7ad9a8b1 9d7be83f77fa419dbb1ba9d15c5a6cfd - - default default] show failed (client error): The resource could not be found.
2026-03-06 01:40:11.655 9 INFO neutron.api.wsgi [None req-e845fa13-6b64-406e-bc7c-184de4c2380d 45fed12c0b414b3dad0208fc7ad9a8b1 9d7be83f77fa419dbb1ba9d15c5a6cfd - - default default] 10.0.0.122 "GET /v2.0/security-groups/172eb836-3771-4b6d-8fe5-e5a121238db6 HTTP/1.1" status: 404 len: 347 time: 0.0122836
2026-03-06 01:40:12.105 10 INFO neutron.api.wsgi [None req-f72e16fe-8396-40d1-ab93-1d6cb09cd138 c5abab81628c4152aa09703e28423b97 0190cf8c0fff41a5a00727781cbb62a3 - - default default] 10.0.0.122 "DELETE /v2.0/networks/e3161c4f-5159-43d8-8b94-7c9e59f88440 HTTP/1.1" status: 204 len: 168 time: 0.5352151
2026-03-06 01:40:12.135 10 INFO neutron.api.wsgi [None req-52073acd-9c1b-430d-a34c-d43b4b9d1075 45fed12c0b414b3dad0208fc7ad9a8b1 9d7be83f77fa419dbb1ba9d15c5a6cfd - - default default] 10.0.0.122 "DELETE /v2.0/floatingips/3053e1ce-2f62-4368-8ea5-376583babad8 HTTP/1.1" status: 204 len: 168 time: 0.4754577
2026-03-06 01:40:12.190 9 INFO neutron.api.wsgi [None req-b0a149bf-f8bc-4c85-b267-0a4eef693993 c5abab81628c4152aa09703e28423b97 0190cf8c0fff41a5a00727781cbb62a3 - - default default] 10.0.0.122 "GET /v2.0/networks HTTP/1.1" status: 200 len: 845 time: 0.0800791
2026-03-06 01:40:12.216 9 WARNING neutron_lib.context [None req-83183089-bffd-4eb5-94e4-bec0625c4ad1 c5abab81628c4152aa09703e28423b97 0190cf8c0fff41a5a00727781cbb62a3 - - default default] Method 'is_advsvc' is deprecated since 2023.2 release (neutron-lib 3.8.0) and will be removed once support for the old RBAC API policies will be removed from Neutron. Please use method 'is_service_role' instead.
2026-03-06 01:40:12.302 9 INFO neutron.db.segments_db [None req-83183089-bffd-4eb5-94e4-bec0625c4ad1 c5abab81628c4152aa09703e28423b97 0190cf8c0fff41a5a00727781cbb62a3 - - default default] Added segment f05f95e4-a80d-4313-9897-d5c951323b0d of type geneve for network 824d400d-0792-46f5-a9a5-3bdd6fc575da
2026-03-06 01:40:12.460 9 INFO neutron.db.ovn_revision_numbers_db [None req-83183089-bffd-4eb5-94e4-bec0625c4ad1 c5abab81628c4152aa09703e28423b97 0190cf8c0fff41a5a00727781cbb62a3 - - default default] Successfully bumped revision number for resource 824d400d-0792-46f5-a9a5-3bdd6fc575da (type: networks) to 1
2026-03-06 01:40:12.659 9 WARNING neutron.scheduler.dhcp_agent_scheduler [None req-83183089-bffd-4eb5-94e4-bec0625c4ad1 c5abab81628c4152aa09703e28423b97 0190cf8c0fff41a5a00727781cbb62a3 - - default default] No more DHCP agents
2026-03-06 01:40:12.660 9 WARNING neutron.api.rpc.agentnotifiers.dhcp_rpc_agent_api [None req-83183089-bffd-4eb5-94e4-bec0625c4ad1 c5abab81628c4152aa09703e28423b97 0190cf8c0fff41a5a00727781cbb62a3 - - default default] Unable to schedule network 824d400d-0792-46f5-a9a5-3bdd6fc575da: no agents available; will retry on subsequent port and subnet creation events.
2026-03-06 01:40:12.728 9 INFO neutron.db.ovn_revision_numbers_db [None req-83183089-bffd-4eb5-94e4-bec0625c4ad1 c5abab81628c4152aa09703e28423b97 0190cf8c0fff41a5a00727781cbb62a3 - - default default] Successfully bumped revision number for resource e36c444e-40cd-43fa-b420-f255b18f729f (type: ports) to 1
2026-03-06 01:40:12.755 9 INFO neutron.api.wsgi [None req-83183089-bffd-4eb5-94e4-bec0625c4ad1 c5abab81628c4152aa09703e28423b97 0190cf8c0fff41a5a00727781cbb62a3 - - default default] 10.0.0.122 "POST /v2.0/networks HTTP/1.1" status: 201 len: 851 time: 0.5434031
2026-03-06 01:40:12.764 9 WARNING neutron_lib.context [None req-c9a39f0a-15bd-4285-8b99-74d2e9e465dc c5abab81628c4152aa09703e28423b97 0190cf8c0fff41a5a00727781cbb62a3 - - default default] Method 'is_advsvc' is deprecated since 2023.2 release (neutron-lib 3.8.0) and will be removed once support for the old RBAC API policies will be removed from Neutron. Please use method 'is_service_role' instead.
2026-03-06 01:40:12.866 9 INFO neutron.db.segments_db [None req-c9a39f0a-15bd-4285-8b99-74d2e9e465dc c5abab81628c4152aa09703e28423b97 0190cf8c0fff41a5a00727781cbb62a3 - - default default] Added segment 823a04ef-330f-4678-8b94-dd8491ce73a4 of type geneve for network 0c3e35b8-f6dc-4ca7-ac51-5de7da5cd449
2026-03-06 01:40:12.995 9 INFO neutron.db.ovn_revision_numbers_db [None req-c9a39f0a-15bd-4285-8b99-74d2e9e465dc c5abab81628c4152aa09703e28423b97 0190cf8c0fff41a5a00727781cbb62a3 - - default default] Successfully bumped revision number for resource 0c3e35b8-f6dc-4ca7-ac51-5de7da5cd449 (type: networks) to 1
2026-03-06 01:40:13.050 10 INFO neutron.db.ovn_revision_numbers_db [None req-48ca711a-9293-4161-813f-2c7d397e5473 1e7dc8fe47e6429cb2bb978ca1cc15c6 648b6b88fee64ac1b19ebad9b51eece1 - - default default] Successfully bumped revision number for resource aaff20b9-ac9c-405f-9440-766c9dbb0a73 (type: security_groups) to 1
2026-03-06 01:40:13.083 10 INFO neutron.db.ovn_revision_numbers_db [None req-48ca711a-9293-4161-813f-2c7d397e5473 1e7dc8fe47e6429cb2bb978ca1cc15c6 648b6b88fee64ac1b19ebad9b51eece1 - - default default] Successfully bumped revision number for resource 1ec439b7-f15c-4455-a908-51ce796cc654 (type: security_group_rules) to 0
2026-03-06 01:40:13.100 10 INFO neutron.db.ovn_revision_numbers_db [None req-48ca711a-9293-4161-813f-2c7d397e5473 1e7dc8fe47e6429cb2bb978ca1cc15c6 648b6b88fee64ac1b19ebad9b51eece1 - - default default] Successfully bumped revision number for resource c399ed72-eaac-4ccb-8f40-fb6d185d6d55 (type: security_group_rules) to 0
2026-03-06 01:40:13.114 10 INFO neutron.db.ovn_revision_numbers_db [None req-48ca711a-9293-4161-813f-2c7d397e5473 1e7dc8fe47e6429cb2bb978ca1cc15c6 648b6b88fee64ac1b19ebad9b51eece1 - - default default] Successfully bumped revision number for resource e8de0247-5868-4d22-bbee-813862de5336 (type: security_group_rules) to 0
2026-03-06 01:40:13.127 10 INFO neutron.db.ovn_revision_numbers_db [None req-48ca711a-9293-4161-813f-2c7d397e5473 1e7dc8fe47e6429cb2bb978ca1cc15c6 648b6b88fee64ac1b19ebad9b51eece1 - - default default] Successfully bumped revision number for resource f83270ea-83f0-4fbf-af59-fc1ac5c760a7 (type: security_group_rules) to 0
2026-03-06 01:40:13.192 10 INFO neutron.db.segments_db [None req-48ca711a-9293-4161-813f-2c7d397e5473 1e7dc8fe47e6429cb2bb978ca1cc15c6 648b6b88fee64ac1b19ebad9b51eece1 - - default default] Added segment 9a7fc22c-5142-4a6a-89b0-77e3a26ac277 of type geneve for network bfb3b106-eeca-4198-bcc7-13027fd48b05
2026-03-06 01:40:13.311 10 INFO neutron.db.ovn_revision_numbers_db [None req-48ca711a-9293-4161-813f-2c7d397e5473 1e7dc8fe47e6429cb2bb978ca1cc15c6 648b6b88fee64ac1b19ebad9b51eece1 - - default default] Successfully bumped revision number for resource bfb3b106-eeca-4198-bcc7-13027fd48b05 (type: networks) to 1
2026-03-06 01:40:13.380 9 WARNING neutron.scheduler.dhcp_agent_scheduler [None req-c9a39f0a-15bd-4285-8b99-74d2e9e465dc c5abab81628c4152aa09703e28423b97 0190cf8c0fff41a5a00727781cbb62a3 - - default default] No more DHCP agents
2026-03-06 01:40:13.382 9 WARNING neutron.api.rpc.agentnotifiers.dhcp_rpc_agent_api [None req-c9a39f0a-15bd-4285-8b99-74d2e9e465dc c5abab81628c4152aa09703e28423b97 0190cf8c0fff41a5a00727781cbb62a3 - - default default] Unable to schedule network 0c3e35b8-f6dc-4ca7-ac51-5de7da5cd449: no agents available; will retry on subsequent port and subnet creation events.
2026-03-06 01:40:13.451 9 INFO neutron.api.wsgi [None req-e60a8fdc-ba86-4bfc-9b09-6bfd1f2b2ca2 1e7dc8fe47e6429cb2bb978ca1cc15c6 648b6b88fee64ac1b19ebad9b51eece1 - - default default] 10.0.0.122 "PUT /v2.0/routers/258f7b93-2857-4e0d-a8a7-fadaab351f4a/remove_router_interface HTTP/1.1" status: 200 len: 503 time: 1.3106229
2026-03-06 01:40:13.466 9 INFO neutron.db.ovn_revision_numbers_db [None req-c9a39f0a-15bd-4285-8b99-74d2e9e465dc c5abab81628c4152aa09703e28423b97 0190cf8c0fff41a5a00727781cbb62a3 - - default default] Successfully bumped revision number for resource b667a3a5-5da6-4f2c-9076-9a0bfdc59768 (type: ports) to 1
2026-03-06 01:40:13.485 10 WARNING neutron.scheduler.dhcp_agent_scheduler [None req-48ca711a-9293-4161-813f-2c7d397e5473 1e7dc8fe47e6429cb2bb978ca1cc15c6 648b6b88fee64ac1b19ebad9b51eece1 - - default default] No more DHCP agents
2026-03-06 01:40:13.486 10 WARNING neutron.api.rpc.agentnotifiers.dhcp_rpc_agent_api [None req-48ca711a-9293-4161-813f-2c7d397e5473 1e7dc8fe47e6429cb2bb978ca1cc15c6 648b6b88fee64ac1b19ebad9b51eece1 - - default default] Unable to schedule network bfb3b106-eeca-4198-bcc7-13027fd48b05: no agents available; will retry on subsequent port and subnet creation events.
2026-03-06 01:40:13.487 9 INFO neutron.api.wsgi [None req-c9a39f0a-15bd-4285-8b99-74d2e9e465dc c5abab81628c4152aa09703e28423b97 0190cf8c0fff41a5a00727781cbb62a3 - - default default] 10.0.0.122 "POST /v2.0/networks HTTP/1.1" status: 201 len: 852 time: 0.7278986 /var/lib/openstack/lib/python3.12/site-packages/pycadf/identifier.py:71: UserWarning: Invalid uuid: neutron. To ensure interoperability, identifiers should be a valid uuid. warnings.warn(('Invalid uuid: %s. To ensure interoperability, '
2026-03-06 01:40:13.497 9 WARNING neutron_lib.context [None req-463d4220-5529-47ce-b84c-fa5a9d5937e6 c5abab81628c4152aa09703e28423b97 0190cf8c0fff41a5a00727781cbb62a3 - - default default] Method 'is_advsvc' is deprecated since 2023.2 release (neutron-lib 3.8.0) and will be removed once support for the old RBAC API policies will be removed from Neutron. Please use method 'is_service_role' instead.
2026-03-06 01:40:13.523 9 WARNING neutron_lib.context [None req-463d4220-5529-47ce-b84c-fa5a9d5937e6 c5abab81628c4152aa09703e28423b97 0190cf8c0fff41a5a00727781cbb62a3 - - default default] Method 'is_advsvc' is deprecated since 2023.2 release (neutron-lib 3.8.0) and will be removed once support for the old RBAC API policies will be removed from Neutron. Please use method 'is_service_role' instead.
2026-03-06 01:40:13.565 10 INFO neutron.api.wsgi [req-3af92323-532c-4c65-b48c-b338dd368919 req-4281e79a-1fe7-40f5-b4e9-726d007889d0 8eb44330508a426c9ba86ad21a028714 e548c96dd269448eb17847e3a6495a83 - - a3b3c7e74b3740aba4cc2320f7985a70 a3b3c7e74b3740aba4cc2320f7985a70] 10.0.0.40 "GET /v2.0/ports?device_id=a3f5d8c5-1123-4162-a2f5-148373c6d08b HTTP/1.1" status: 200 len: 1413 time: 0.1405473
2026-03-06 01:40:13.567 10 INFO neutron.services.segments.plugin [-] Segment 2e36c9dc-002a-4f1b-85d8-7fc3e3ff85e9 resource provider aggregate not found
2026-03-06 01:40:13.571 10 INFO neutron.services.segments.plugin [-] Segment 2e36c9dc-002a-4f1b-85d8-7fc3e3ff85e9 resource provider aggregate not found
2026-03-06 01:40:13.581 10 INFO neutron.services.segments.plugin [-] Segment 2e36c9dc-002a-4f1b-85d8-7fc3e3ff85e9 resource provider not found; error: Placement Client Error (4xx): {"errors": [{"status": 404, "title": "Not Found", "detail": "The resource could not be found.\n\n No resource provider with uuid 2e36c9dc-002a-4f1b-85d8-7fc3e3ff85e9 found for delete ", "request_id": "req-b81847ae-7aa8-4aec-a739-4f82d49a724a"}]}
2026-03-06 01:40:13.621 10 INFO neutron.services.segments.plugin [-] Segment 2e36c9dc-002a-4f1b-85d8-7fc3e3ff85e9 resource provider not found; error: Placement Client Error (4xx): {"errors": [{"status": 404, "title": "Not Found", "detail": "The resource could not be found.\n\n No resource provider with uuid 2e36c9dc-002a-4f1b-85d8-7fc3e3ff85e9 found for delete ", "request_id": "req-61442153-3458-4978-99a5-8a249c829b9c"}]}
2026-03-06 01:40:13.644 10 INFO neutron.api.wsgi [req-3af92323-532c-4c65-b48c-b338dd368919 req-6a2ecc46-67fc-497b-a486-b69433691584 8eb44330508a426c9ba86ad21a028714 e548c96dd269448eb17847e3a6495a83 - - a3b3c7e74b3740aba4cc2320f7985a70 a3b3c7e74b3740aba4cc2320f7985a70] 10.0.0.40 "GET /v2.0/security-groups?id=7a448a25-7e63-423d-93ee-aec5f4b56197&fields=id&fields=name HTTP/1.1" status: 200 len: 313 time: 0.0735481
2026-03-06 01:40:13.646 10 INFO neutron.db.ovn_revision_numbers_db [None req-48ca711a-9293-4161-813f-2c7d397e5473 1e7dc8fe47e6429cb2bb978ca1cc15c6 648b6b88fee64ac1b19ebad9b51eece1 - - default default] Successfully bumped revision number for resource c2422ec8-819a-45ed-aa4a-252bc11583bf (type: ports) to 1
2026-03-06 01:40:13.669 10 INFO neutron.api.wsgi [None req-48ca711a-9293-4161-813f-2c7d397e5473 1e7dc8fe47e6429cb2bb978ca1cc15c6 648b6b88fee64ac1b19ebad9b51eece1 - - default default] 10.0.0.122 "POST /v2.0/networks HTTP/1.1" status: 201 len: 945 time: 0.8519073
2026-03-06 01:40:13.828 9 WARNING neutron.scheduler.dhcp_agent_scheduler [None req-eff9371d-e777-45ed-a133-263977ffcc6f 1e7dc8fe47e6429cb2bb978ca1cc15c6 648b6b88fee64ac1b19ebad9b51eece1 - - default default] No more DHCP agents
2026-03-06 01:40:13.830 9 WARNING neutron.api.rpc.agentnotifiers.dhcp_rpc_agent_api [None req-eff9371d-e777-45ed-a133-263977ffcc6f 1e7dc8fe47e6429cb2bb978ca1cc15c6 648b6b88fee64ac1b19ebad9b51eece1 - - default default] Unable to schedule network bfb3b106-eeca-4198-bcc7-13027fd48b05: no agents available; will retry on subsequent port and subnet creation events.
2026-03-06 01:40:13.900 9 WARNING neutron.scheduler.dhcp_agent_scheduler [None req-463d4220-5529-47ce-b84c-fa5a9d5937e6 c5abab81628c4152aa09703e28423b97 0190cf8c0fff41a5a00727781cbb62a3 - - default default] No more DHCP agents
2026-03-06 01:40:13.906 9 WARNING neutron.api.rpc.agentnotifiers.dhcp_rpc_agent_api [None req-463d4220-5529-47ce-b84c-fa5a9d5937e6 c5abab81628c4152aa09703e28423b97 0190cf8c0fff41a5a00727781cbb62a3 - - default default] Unable to schedule network 824d400d-0792-46f5-a9a5-3bdd6fc575da: no agents available; will retry on subsequent port and subnet creation events.
2026-03-06 01:40:13.985 9 INFO neutron.db.ovn_revision_numbers_db [None req-463d4220-5529-47ce-b84c-fa5a9d5937e6 c5abab81628c4152aa09703e28423b97 0190cf8c0fff41a5a00727781cbb62a3 - - default default] Successfully bumped revision number for resource d26813ac-91ad-4839-b1d7-9732954aa5d2 (type: ports) to 1
2026-03-06 01:40:14.037 9 WARNING neutron.scheduler.dhcp_agent_scheduler [None req-463d4220-5529-47ce-b84c-fa5a9d5937e6 c5abab81628c4152aa09703e28423b97 0190cf8c0fff41a5a00727781cbb62a3 - - default default] No more DHCP agents
2026-03-06 01:40:14.039 9 WARNING neutron.api.rpc.agentnotifiers.dhcp_rpc_agent_api [None req-463d4220-5529-47ce-b84c-fa5a9d5937e6 c5abab81628c4152aa09703e28423b97 0190cf8c0fff41a5a00727781cbb62a3 - - default default] Unable to schedule network 0c3e35b8-f6dc-4ca7-ac51-5de7da5cd449: no agents available; will retry on subsequent port and subnet creation events.
2026-03-06 01:40:14.104 9 INFO neutron.db.ovn_revision_numbers_db [None req-463d4220-5529-47ce-b84c-fa5a9d5937e6 c5abab81628c4152aa09703e28423b97 0190cf8c0fff41a5a00727781cbb62a3 - - default default] Successfully bumped revision number for resource a05e83c0-1073-4f68-94e7-95b0792f5d78 (type: ports) to 1
2026-03-06 01:40:14.142 9 INFO neutron.api.wsgi [None req-463d4220-5529-47ce-b84c-fa5a9d5937e6 c5abab81628c4152aa09703e28423b97 0190cf8c0fff41a5a00727781cbb62a3 - - default default] 10.0.0.122 "POST /v2.0/ports HTTP/1.1" status: 201 len: 1706 time: 0.6493783 /var/lib/openstack/lib/python3.12/site-packages/pycadf/identifier.py:71: UserWarning: Invalid uuid: neutron. To ensure interoperability, identifiers should be a valid uuid. warnings.warn(('Invalid uuid: %s. To ensure interoperability, '
2026-03-06 01:40:14.247 9 INFO neutron.api.wsgi [None req-31a2ef09-1134-4c8d-b0c3-ff74eddafdef c5abab81628c4152aa09703e28423b97 0190cf8c0fff41a5a00727781cbb62a3 - - default default] 10.0.0.122 "GET /v2.0/ports HTTP/1.1" status: 200 len: 3213 time: 0.0994756
2026-03-06 01:40:14.283 10 INFO neutron.api.wsgi [None req-08f225c6-9f42-4a31-983e-9443b3acc9e3 1e7dc8fe47e6429cb2bb978ca1cc15c6 648b6b88fee64ac1b19ebad9b51eece1 - - default default] 10.0.0.122 "DELETE /v2.0/routers/258f7b93-2857-4e0d-a8a7-fadaab351f4a HTTP/1.1" status: 204 len: 168 time: 0.8271122
2026-03-06 01:40:14.314 9 INFO neutron.db.ovn_revision_numbers_db [None req-10998674-3918-4e43-ba99-59333c4d15a6 - - - - - -] Successfully bumped revision number for resource c2422ec8-819a-45ed-aa4a-252bc11583bf (type: ports) to 2
2026-03-06 01:40:14.355 9 INFO neutron.db.ovn_revision_numbers_db [None req-10998674-3918-4e43-ba99-59333c4d15a6 - - - - - -] Successfully bumped revision number for resource 15c171c4-1c22-46fc-8dc0-fc60ddb261a2 (type: subnets) to 0
2026-03-06 01:40:14.371 9 INFO neutron.api.wsgi [None req-eff9371d-e777-45ed-a133-263977ffcc6f 1e7dc8fe47e6429cb2bb978ca1cc15c6 648b6b88fee64ac1b19ebad9b51eece1 - - default default] 10.0.0.122 "POST /v2.0/subnets HTTP/1.1" status: 201 len: 890 time: 0.6964149
2026-03-06 01:40:14.455 10 INFO neutron.api.wsgi [None req-8112a514-047d-4487-b005-f976ac1ea70f 1e7dc8fe47e6429cb2bb978ca1cc15c6 648b6b88fee64ac1b19ebad9b51eece1 - - default default] 10.0.0.122 "DELETE /v2.0/subnets/867e65e4-8dfd-4cd2-ac44-4bd28936bebe HTTP/1.1" status: 204 len: 168 time: 0.1665921
2026-03-06 01:40:14.486 9 INFO neutron.api.wsgi [None req-ab48578f-bc7d-4be1-b188-cc8c055506db c5abab81628c4152aa09703e28423b97 0190cf8c0fff41a5a00727781cbb62a3 - - default default] 10.0.0.122 "DELETE /v2.0/ports/d26813ac-91ad-4839-b1d7-9732954aa5d2 HTTP/1.1" status: 204 len: 168 time: 0.2315845
2026-03-06 01:40:14.729 9 INFO neutron.api.wsgi [None req-dbe44e57-3f31-4e11-bd99-f5be65022106 c5abab81628c4152aa09703e28423b97 0190cf8c0fff41a5a00727781cbb62a3 - - default default] 10.0.0.122 "DELETE /v2.0/ports/a05e83c0-1073-4f68-94e7-95b0792f5d78 HTTP/1.1" status: 204 len: 168 time: 0.2363231
2026-03-06 01:40:14.771 9 INFO neutron.api.wsgi [None req-4796c8b1-4f00-40ca-8875-81f61c9838b5 c5abab81628c4152aa09703e28423b97 0190cf8c0fff41a5a00727781cbb62a3 - - default default] 10.0.0.122 "GET /v2.0/ports HTTP/1.1" status: 200 len: 1718 time: 0.0361958
2026-03-06 01:40:14.779 9 WARNING neutron_lib.context [None req-8b62fbe6-6591-40d4-bb45-b611dfd07331 c5abab81628c4152aa09703e28423b97 0190cf8c0fff41a5a00727781cbb62a3 - - default default] Method 'is_advsvc' is deprecated since 2023.2 release (neutron-lib 3.8.0) and will be removed once support for the old RBAC API policies will be removed from Neutron. Please use method 'is_service_role' instead.
2026-03-06 01:40:14.781 9 WARNING neutron.scheduler.dhcp_agent_scheduler [None req-69f78010-708f-4a4f-8aca-38edb24eeda8 1e7dc8fe47e6429cb2bb978ca1cc15c6 648b6b88fee64ac1b19ebad9b51eece1 - - default default] No more DHCP agents
2026-03-06 01:40:14.782 9 WARNING neutron.api.rpc.agentnotifiers.dhcp_rpc_agent_api [None req-69f78010-708f-4a4f-8aca-38edb24eeda8 1e7dc8fe47e6429cb2bb978ca1cc15c6 648b6b88fee64ac1b19ebad9b51eece1 - - default default] Unable to schedule network 60b3b246-5c65-4e19-9956-25f1b7f50095: no agents available; will retry on subsequent port and subnet creation events.
2026-03-06 01:40:14.787 10 INFO neutron.api.wsgi [None req-745d1681-04b8-4368-9c11-ff75d816583e 1e7dc8fe47e6429cb2bb978ca1cc15c6 648b6b88fee64ac1b19ebad9b51eece1 - - default default] 10.0.0.122 "DELETE /v2.0/networks/b4b7bd7f-3766-4113-b91d-fe92468b438a HTTP/1.1" status: 204 len: 168 time: 0.3234076
2026-03-06 01:40:14.860 9 INFO neutron.db.segments_db [None req-8b62fbe6-6591-40d4-bb45-b611dfd07331 c5abab81628c4152aa09703e28423b97 0190cf8c0fff41a5a00727781cbb62a3 - - default default] Added segment 484151c5-07b6-4f04-9cf1-9704b275def5 of type geneve for network 8f597622-a481-4780-9bff-aa5c7ba1578c
2026-03-06 01:40:14.917 9 INFO neutron.db.ovn_revision_numbers_db [None req-69f78010-708f-4a4f-8aca-38edb24eeda8 1e7dc8fe47e6429cb2bb978ca1cc15c6 648b6b88fee64ac1b19ebad9b51eece1 - - default default] Successfully bumped revision number for resource 5666099c-e269-4545-9b23-075cdff0d364 (type: ports) to 1
2026-03-06 01:40:14.928 9 INFO neutron.api.wsgi [None req-e1342b0f-9946-4fb8-95a1-881d071fdb7c 1e7dc8fe47e6429cb2bb978ca1cc15c6 648b6b88fee64ac1b19ebad9b51eece1 - - default default] 10.0.0.122 "GET /v2.0/security-groups?tenant_id=9d7be83f77fa419dbb1ba9d15c5a6cfd&name=default HTTP/1.1" status: 200 len: 3116 time: 0.0345135
2026-03-06 01:40:15.015 9 INFO neutron.db.ovn_revision_numbers_db [None req-8b62fbe6-6591-40d4-bb45-b611dfd07331 c5abab81628c4152aa09703e28423b97 0190cf8c0fff41a5a00727781cbb62a3 - - default default] Successfully bumped revision number for resource 8f597622-a481-4780-9bff-aa5c7ba1578c (type: networks) to 1
2026-03-06 01:40:15.142 10 INFO neutron.api.wsgi [None req-5997a5aa-3a2a-48c2-b3a6-d149f555ba0f 1e7dc8fe47e6429cb2bb978ca1cc15c6 648b6b88fee64ac1b19ebad9b51eece1 - - default default] 10.0.0.122 "DELETE /v2.0/security-groups/8ceb5518-15a8-497e-a270-0e20f9dc8e9b HTTP/1.1" status: 204 len: 168 time: 0.2086654
2026-03-06 01:40:15.213 9 WARNING neutron.scheduler.dhcp_agent_scheduler [None req-8b62fbe6-6591-40d4-bb45-b611dfd07331 c5abab81628c4152aa09703e28423b97 0190cf8c0fff41a5a00727781cbb62a3 - - default default] No more DHCP agents
2026-03-06 01:40:15.216 9 WARNING neutron.api.rpc.agentnotifiers.dhcp_rpc_agent_api [None req-8b62fbe6-6591-40d4-bb45-b611dfd07331 c5abab81628c4152aa09703e28423b97 0190cf8c0fff41a5a00727781cbb62a3 - - default default] Unable to schedule network 8f597622-a481-4780-9bff-aa5c7ba1578c: no agents available; will retry on subsequent port and subnet creation events.
2026-03-06 01:40:15.290 9 INFO neutron.db.ovn_revision_numbers_db [None req-8b62fbe6-6591-40d4-bb45-b611dfd07331 c5abab81628c4152aa09703e28423b97 0190cf8c0fff41a5a00727781cbb62a3 - - default default] Successfully bumped revision number for resource fe0e165a-9b2f-4f78-bb1c-647810e989eb (type: ports) to 1
2026-03-06 01:40:15.318 9 INFO neutron.api.wsgi [None req-8b62fbe6-6591-40d4-bb45-b611dfd07331 c5abab81628c4152aa09703e28423b97 0190cf8c0fff41a5a00727781cbb62a3 - - default default] 10.0.0.122 "POST /v2.0/networks HTTP/1.1" status: 201 len: 853 time: 0.5419130
2026-03-06 01:40:15.339 10 WARNING neutron_lib.context [None req-2c42f61b-aaa0-474e-94bd-d15b1b78de22 c5abab81628c4152aa09703e28423b97 0190cf8c0fff41a5a00727781cbb62a3 - - default default] Method 'is_advsvc' is deprecated since 2023.2 release (neutron-lib 3.8.0) and will be removed once support for the old RBAC API policies will be removed from Neutron. Please use method 'is_service_role' instead.
2026-03-06 01:40:15.413 10 INFO neutron.db.segments_db [None req-2c42f61b-aaa0-474e-94bd-d15b1b78de22 c5abab81628c4152aa09703e28423b97 0190cf8c0fff41a5a00727781cbb62a3 - - default default] Added segment 7a99e260-61b9-4606-8ee9-9f754effd5ee of type geneve for network 0605a467-444e-4ea3-99a2-f402cb1aa068
2026-03-06 01:40:15.535 10 INFO neutron.db.ovn_revision_numbers_db [None req-2c42f61b-aaa0-474e-94bd-d15b1b78de22 c5abab81628c4152aa09703e28423b97 0190cf8c0fff41a5a00727781cbb62a3 - - default default] Successfully bumped revision number for resource 0605a467-444e-4ea3-99a2-f402cb1aa068 (type: networks) to 1
2026-03-06 01:40:15.538 9 INFO neutron.plugins.ml2.drivers.ovn.mech_driver.ovsdb.commands [None req-561e6e8b-9f72-4dec-86fb-09f2b9f9d32a - - - - - -] Schedule LRP lrp-5666099c-e269-4545-9b23-075cdff0d364 on gateway dc7bffda-cb5e-4580-b311-7859ed7c6048 with priority 1
2026-03-06 01:40:15.549 10 INFO neutron.plugins.ml2.drivers.ovn.mech_driver.mech_driver [None req-b160b62b-0640-46e6-8f39-73da0e6bb19b - - - - - -] OVN reports status up for port: 5666099c-e269-4545-9b23-075cdff0d364
2026-03-06 01:40:15.564 10 INFO neutron.plugins.ml2.plugin [None req-b160b62b-0640-46e6-8f39-73da0e6bb19b - - - - - -] Attempt 1 to provision port 5666099c-e269-4545-9b23-075cdff0d364
2026-03-06 01:40:15.567 9 INFO neutron.plugins.ml2.drivers.ovn.mech_driver.ovsdb.ovsdb_monitor [None req-0067eed9-0a53-4873-beb8-832d993b7f02 - - - - - -] Router 115c705e-7fbd-4a4b-aa6f-476bb1aadcad is bound to host instance
2026-03-06 01:40:15.603 10 INFO neutron.api.wsgi [req-49d2a6bb-1c79-46e0-a926-a242b5fd683a req-93624229-dd7c-4f0a-9946-33f3a129dc77 c27e4ede994f452bba7ebcf483fb619e aa9767ceabca474aa3ac12318a0ffeff - - default default] 10.0.0.209 "GET /v2.0/ports?device_id=a3f5d8c5-1123-4162-a2f5-148373c6d08b HTTP/1.1" status: 200 len: 1174 time: 0.1018097
2026-03-06 01:40:15.605 10 INFO neutron.services.segments.plugin [-] Segment 1b956b97-f722-4a3c-8af2-2e450b14b52a resource provider aggregate not found
2026-03-06 01:40:15.627 9 INFO neutron.db.ovn_revision_numbers_db [None req-69f78010-708f-4a4f-8aca-38edb24eeda8 1e7dc8fe47e6429cb2bb978ca1cc15c6 648b6b88fee64ac1b19ebad9b51eece1 - - default default] Successfully bumped revision number for resource 5666099c-e269-4545-9b23-075cdff0d364 (type: router_ports) to 1
2026-03-06 01:40:15.627 10 INFO neutron.services.segments.plugin [-] Segment 1b956b97-f722-4a3c-8af2-2e450b14b52a resource provider not found; error: Placement Client Error (4xx): {"errors": [{"status": 404, "title": "Not Found", "detail": "The resource could not be found.\n\n No resource provider with uuid 1b956b97-f722-4a3c-8af2-2e450b14b52a found for delete ", "request_id": "req-bc935e38-75aa-414c-b1bc-61c964fa55c5"}]}
2026-03-06 01:40:15.638 10 INFO neutron.services.segments.plugin [-] Segment 1b956b97-f722-4a3c-8af2-2e450b14b52a resource provider aggregate not found
2026-03-06 01:40:15.655 10 INFO neutron.services.segments.plugin [-] Segment 1b956b97-f722-4a3c-8af2-2e450b14b52a resource provider not found; error: Placement Client Error (4xx): {"errors": [{"status": 404, "title": "Not Found", "detail": "The resource could not be found.\n\n No resource provider with uuid 1b956b97-f722-4a3c-8af2-2e450b14b52a found for delete ", "request_id": "req-08110d04-749e-43ff-bf54-dc60728e2aeb"}]}
2026-03-06 01:40:15.695 10 INFO neutron.api.wsgi [req-8e84f2d1-d2df-49f2-8474-8db6f9951650 req-1fc90870-d30b-4b51-bf38-399cb16c34ca c27e4ede994f452bba7ebcf483fb619e aa9767ceabca474aa3ac12318a0ffeff - - default default] 10.0.0.209 "GET /v2.0/ports/dd7bd289-636b-496a-8d39-ca4bd2516365 HTTP/1.1" status: 200 len: 1171 time: 0.0339928
2026-03-06 01:40:15.709 9 INFO neutron.db.ovn_revision_numbers_db [None req-69f78010-708f-4a4f-8aca-38edb24eeda8 1e7dc8fe47e6429cb2bb978ca1cc15c6 648b6b88fee64ac1b19ebad9b51eece1 - - default default] Successfully bumped revision number for resource 115c705e-7fbd-4a4b-aa6f-476bb1aadcad (type: routers) to 2
2026-03-06 01:40:15.752 9 INFO neutron.api.wsgi [None req-69f78010-708f-4a4f-8aca-38edb24eeda8 1e7dc8fe47e6429cb2bb978ca1cc15c6 648b6b88fee64ac1b19ebad9b51eece1 - - default default] 10.0.0.122 "POST /v2.0/routers HTTP/1.1" status: 201 len: 1168 time: 1.3753002
2026-03-06 01:40:15.772 10 WARNING neutron.scheduler.dhcp_agent_scheduler [None req-2c42f61b-aaa0-474e-94bd-d15b1b78de22 c5abab81628c4152aa09703e28423b97 0190cf8c0fff41a5a00727781cbb62a3 - - default default] No more DHCP agents
2026-03-06 01:40:15.774 10 WARNING neutron.api.rpc.agentnotifiers.dhcp_rpc_agent_api [None req-2c42f61b-aaa0-474e-94bd-d15b1b78de22 c5abab81628c4152aa09703e28423b97 0190cf8c0fff41a5a00727781cbb62a3 - - default default] Unable to schedule network 0605a467-444e-4ea3-99a2-f402cb1aa068: no agents available; will retry on subsequent port and subnet creation events.
2026-03-06 01:40:15.875 10 INFO neutron.db.ovn_revision_numbers_db [None req-2c42f61b-aaa0-474e-94bd-d15b1b78de22 c5abab81628c4152aa09703e28423b97 0190cf8c0fff41a5a00727781cbb62a3 - - default default] Successfully bumped revision number for resource f0e82e66-c43e-48a5-8f3b-910cce0b9228 (type: ports) to 1
2026-03-06 01:40:15.916 10 INFO neutron.api.wsgi [None req-2c42f61b-aaa0-474e-94bd-d15b1b78de22 c5abab81628c4152aa09703e28423b97 0190cf8c0fff41a5a00727781cbb62a3 - - default default] 10.0.0.122 "POST /v2.0/networks HTTP/1.1" status: 201 len: 851 time: 0.5795183
2026-03-06 01:40:16.136 9 INFO neutron.db.ovn_revision_numbers_db [None req-09d4765d-5643-47a4-bd3b-cf5bbd246ca3 - - - - - -] Successfully bumped revision number for resource 5666099c-e269-4545-9b23-075cdff0d364 (type: ports) to 1
2026-03-06 01:40:16.290 9 WARNING neutron.scheduler.dhcp_agent_scheduler [None req-a229f5f1-242b-4b72-851b-dc4df6ef0d24 1e7dc8fe47e6429cb2bb978ca1cc15c6 648b6b88fee64ac1b19ebad9b51eece1 - - default default] No more DHCP agents
2026-03-06 01:40:16.292 9 WARNING neutron.api.rpc.agentnotifiers.dhcp_rpc_agent_api [None req-a229f5f1-242b-4b72-851b-dc4df6ef0d24 1e7dc8fe47e6429cb2bb978ca1cc15c6 648b6b88fee64ac1b19ebad9b51eece1 - - default default] Unable to schedule network bfb3b106-eeca-4198-bcc7-13027fd48b05: no agents available; will retry on subsequent port and subnet creation events.
2026-03-06 01:40:16.335 10 INFO neutron.api.wsgi [req-6d6f72f8-237c-4ddb-9401-a8756af54406 req-f5e04b6a-cb4f-4041-aa2c-24d9b81451ee c27e4ede994f452bba7ebcf483fb619e aa9767ceabca474aa3ac12318a0ffeff - - default default] 199.204.45.155 "GET /v2.0/subnets?network_id=2f6c0549-aa54-48a1-8973-2533247e4806 HTTP/1.1" status: 200 len: 883 time: 0.0331314
2026-03-06 01:40:16.370 10 WARNING neutron_lib.context [None req-2121bf01-d0b4-4407-8a58-f40399456964 c5abab81628c4152aa09703e28423b97 0190cf8c0fff41a5a00727781cbb62a3 - - default default] Method 'is_advsvc' is deprecated since 2023.2 release (neutron-lib 3.8.0) and will be removed once support for the old RBAC API policies will be removed from Neutron. Please use method 'is_service_role' instead.
2026-03-06 01:40:16.418 10 INFO neutron.api.wsgi [req-6d6f72f8-237c-4ddb-9401-a8756af54406 req-8026ae1f-b0fc-4a85-a6bc-98bbef6ec897 c27e4ede994f452bba7ebcf483fb619e aa9767ceabca474aa3ac12318a0ffeff - - default default] 199.204.45.155 "GET /v2.0/ports?device_id=a3f5d8c5-1123-4162-a2f5-148373c6d08b&device_owner=compute%3Anova&network_id=2f6c0549-aa54-48a1-8973-2533247e4806 HTTP/1.1" status: 200 len: 1174 time: 0.0772927
2026-03-06 01:40:16.425 10 WARNING neutron_lib.context [None req-2121bf01-d0b4-4407-8a58-f40399456964 c5abab81628c4152aa09703e28423b97 0190cf8c0fff41a5a00727781cbb62a3 - - default default] Method 'is_advsvc' is deprecated since 2023.2 release (neutron-lib 3.8.0) and will be removed once support for the old RBAC API policies will be removed from Neutron. Please use method 'is_service_role' instead.
2026-03-06 01:40:16.456 9 INFO neutron.db.ovn_revision_numbers_db [None req-a229f5f1-242b-4b72-851b-dc4df6ef0d24 1e7dc8fe47e6429cb2bb978ca1cc15c6 648b6b88fee64ac1b19ebad9b51eece1 - - default default] Successfully bumped revision number for resource 82a109d3-cd56-4b95-ba37-f4b46e8b23e6 (type: ports) to 1
2026-03-06 01:40:16.489 9 INFO neutron.db.ovn_revision_numbers_db [None req-09d4765d-5643-47a4-bd3b-cf5bbd246ca3 - - - - - -] Successfully bumped revision number for resource 5666099c-e269-4545-9b23-075cdff0d364 (type: ports) to 4
2026-03-06 01:40:16.729 10 WARNING neutron.scheduler.dhcp_agent_scheduler [None req-2121bf01-d0b4-4407-8a58-f40399456964 c5abab81628c4152aa09703e28423b97 0190cf8c0fff41a5a00727781cbb62a3 - - default default] No more DHCP agents
2026-03-06 01:40:16.733 10 WARNING neutron.api.rpc.agentnotifiers.dhcp_rpc_agent_api [None req-2121bf01-d0b4-4407-8a58-f40399456964 c5abab81628c4152aa09703e28423b97 0190cf8c0fff41a5a00727781cbb62a3 - - default default] Unable to schedule network 8f597622-a481-4780-9bff-aa5c7ba1578c: no agents available; will retry on subsequent port and subnet creation events.
2026-03-06 01:40:16.762 10 INFO neutron.db.ovn_revision_numbers_db [None req-2121bf01-d0b4-4407-8a58-f40399456964 c5abab81628c4152aa09703e28423b97 0190cf8c0fff41a5a00727781cbb62a3 - - default default] Successfully bumped revision number for resource f1a351df-ba1c-47f7-bbfc-f260a80e9b1c (type: subnets) to 0
2026-03-06 01:40:16.826 10 WARNING neutron.scheduler.dhcp_agent_scheduler [None req-2121bf01-d0b4-4407-8a58-f40399456964 c5abab81628c4152aa09703e28423b97 0190cf8c0fff41a5a00727781cbb62a3 - - default default] No more DHCP agents
2026-03-06 01:40:16.829 10 WARNING neutron.api.rpc.agentnotifiers.dhcp_rpc_agent_api [None req-2121bf01-d0b4-4407-8a58-f40399456964 c5abab81628c4152aa09703e28423b97 0190cf8c0fff41a5a00727781cbb62a3 - - default default] Unable to schedule network 0605a467-444e-4ea3-99a2-f402cb1aa068: no agents available; will retry on subsequent port and subnet creation events.
2026-03-06 01:40:16.892 10 INFO neutron.db.ovn_revision_numbers_db [None req-2121bf01-d0b4-4407-8a58-f40399456964 c5abab81628c4152aa09703e28423b97 0190cf8c0fff41a5a00727781cbb62a3 - - default default] Successfully bumped revision number for resource 26f6409f-8a08-4609-a1ff-52fb1b3409bf (type: subnets) to 0
2026-03-06 01:40:16.916 9 INFO neutron.db.ovn_revision_numbers_db [None req-09d4765d-5643-47a4-bd3b-cf5bbd246ca3 - - - - - -] Successfully bumped revision number for resource 5666099c-e269-4545-9b23-075cdff0d364 (type: ports) to 5
2026-03-06 01:40:16.922 10 INFO neutron.api.wsgi [None req-2121bf01-d0b4-4407-8a58-f40399456964 c5abab81628c4152aa09703e28423b97 0190cf8c0fff41a5a00727781cbb62a3 - - default default] 10.0.0.122 "POST /v2.0/subnets HTTP/1.1" status: 201 len: 1524 time: 0.5555758
2026-03-06 01:40:16.961 10 INFO neutron.api.wsgi [None req-508c8f53-d863-405d-bd04-3de2da4ea439 c5abab81628c4152aa09703e28423b97 0190cf8c0fff41a5a00727781cbb62a3 - - default default] 10.0.0.122 "GET /v2.0/subnets HTTP/1.1" status: 200 len: 2155 time: 0.0334430
2026-03-06 01:40:17.099 9 INFO neutron.plugins.ml2.drivers.ovn.mech_driver.mech_driver [None req-4284b74a-38dd-4b9c-a925-bbf93ff5dac3 - - - - - -] OVN reports status up for port: 82a109d3-cd56-4b95-ba37-f4b46e8b23e6
2026-03-06 01:40:17.112 9 INFO neutron.plugins.ml2.plugin [None req-4284b74a-38dd-4b9c-a925-bbf93ff5dac3 - - - - - -] Attempt 1 to provision port 82a109d3-cd56-4b95-ba37-f4b46e8b23e6
2026-03-06 01:40:17.127 9 INFO neutron.db.ovn_revision_numbers_db [None req-a229f5f1-242b-4b72-851b-dc4df6ef0d24 1e7dc8fe47e6429cb2bb978ca1cc15c6 648b6b88fee64ac1b19ebad9b51eece1 - - default default] Successfully bumped revision number for resource 82a109d3-cd56-4b95-ba37-f4b46e8b23e6 (type: ports) to 1
2026-03-06 01:40:17.155 10 INFO neutron.db.ovn_revision_numbers_db [req-6d6f72f8-237c-4ddb-9401-a8756af54406 req-eee45998-dfcd-49a0-b18a-51205bb923f7 c27e4ede994f452bba7ebcf483fb619e aa9767ceabca474aa3ac12318a0ffeff - - default default] Successfully bumped revision number for resource dd7bd289-636b-496a-8d39-ca4bd2516365 (type: ports) to 6
2026-03-06 01:40:17.165 9 INFO neutron.api.wsgi [None req-1b02bfd9-0546-443d-bf60-07502d613d47 c5abab81628c4152aa09703e28423b97 0190cf8c0fff41a5a00727781cbb62a3 - - default default] 10.0.0.122 "DELETE /v2.0/subnets/f1a351df-ba1c-47f7-bbfc-f260a80e9b1c HTTP/1.1" status: 204 len: 168 time: 0.1923473
2026-03-06 01:40:17.165 10 INFO neutron.api.wsgi [req-6d6f72f8-237c-4ddb-9401-a8756af54406 req-eee45998-dfcd-49a0-b18a-51205bb923f7 c27e4ede994f452bba7ebcf483fb619e aa9767ceabca474aa3ac12318a0ffeff - - default default] 199.204.45.155 "PUT /v2.0/ports/dd7bd289-636b-496a-8d39-ca4bd2516365 HTTP/1.1" status: 200 len: 1349 time: 0.7381012
2026-03-06 01:40:17.193 10 INFO neutron.db.ovn_revision_numbers_db [None req-06444cde-4900-45ec-aca5-27e4fbd36949 1e7dc8fe47e6429cb2bb978ca1cc15c6 648b6b88fee64ac1b19ebad9b51eece1 - - default default] Successfully bumped revision number for resource 0432219f-f8cd-4e83-ab24-c763e8338cb3 (type: security_groups) to 1
2026-03-06 01:40:17.197 10 INFO neutron.notifiers.nova [-] Nova event matching ['req-3a1d485c-50fb-4fa4-8e3e-8e05caab5a6c'] response: {'name': 'network-changed', 'server_uuid': 'a3f5d8c5-1123-4162-a2f5-148373c6d08b', 'tag': 'dd7bd289-636b-496a-8d39-ca4bd2516365', 'status': 'completed', 'code': 200}
2026-03-06 01:40:17.207 10 INFO neutron.db.ovn_revision_numbers_db [None req-06444cde-4900-45ec-aca5-27e4fbd36949 1e7dc8fe47e6429cb2bb978ca1cc15c6 648b6b88fee64ac1b19ebad9b51eece1 - - default default] Successfully bumped revision number for resource 32657282-a021-4a1b-879f-81e49a5ed9ba (type: security_group_rules) to 0
2026-03-06 01:40:17.208 9 WARNING neutron.scheduler.dhcp_agent_scheduler [None req-a229f5f1-242b-4b72-851b-dc4df6ef0d24 1e7dc8fe47e6429cb2bb978ca1cc15c6 648b6b88fee64ac1b19ebad9b51eece1 - - default default] No more DHCP agents
2026-03-06 01:40:17.210 9 WARNING neutron.api.rpc.agentnotifiers.dhcp_rpc_agent_api [None req-a229f5f1-242b-4b72-851b-dc4df6ef0d24 1e7dc8fe47e6429cb2bb978ca1cc15c6 648b6b88fee64ac1b19ebad9b51eece1 - - default default] Unable to schedule network bfb3b106-eeca-4198-bcc7-13027fd48b05: no agents available; will retry on subsequent port and subnet creation events.
2026-03-06 01:40:17.221 10 INFO neutron.db.ovn_revision_numbers_db [None req-06444cde-4900-45ec-aca5-27e4fbd36949 1e7dc8fe47e6429cb2bb978ca1cc15c6 648b6b88fee64ac1b19ebad9b51eece1 - - default default] Successfully bumped revision number for resource 5b387257-2c3f-4034-93c4-fa2b1a8b19c2 (type: security_group_rules) to 0
2026-03-06 01:40:17.235 10 INFO neutron.db.ovn_revision_numbers_db [None req-06444cde-4900-45ec-aca5-27e4fbd36949 1e7dc8fe47e6429cb2bb978ca1cc15c6 648b6b88fee64ac1b19ebad9b51eece1 - - default default] Successfully bumped revision number for resource bd9d081d-cc84-456d-b558-948b3b293b66 (type: security_group_rules) to 0
2026-03-06 01:40:17.248 10 INFO neutron.db.ovn_revision_numbers_db [None req-06444cde-4900-45ec-aca5-27e4fbd36949 1e7dc8fe47e6429cb2bb978ca1cc15c6 648b6b88fee64ac1b19ebad9b51eece1 - - default default] Successfully bumped revision number for resource ffb3501e-5b4b-4fc7-8dad-c29ea4e7080b (type: security_group_rules) to 0
2026-03-06 01:40:17.316 10 INFO neutron.db.segments_db [None req-06444cde-4900-45ec-aca5-27e4fbd36949 1e7dc8fe47e6429cb2bb978ca1cc15c6 648b6b88fee64ac1b19ebad9b51eece1 - - default default] Added segment 1264f478-3f2c-4fcd-901f-83ecee3434e2 of type geneve for network 19faa80a-6c9e-44e6-837c-6175e97a19d8
2026-03-06 01:40:17.424 10 INFO neutron.db.ovn_revision_numbers_db [None req-06444cde-4900-45ec-aca5-27e4fbd36949 1e7dc8fe47e6429cb2bb978ca1cc15c6 648b6b88fee64ac1b19ebad9b51eece1 - - default default] Successfully bumped revision number for resource 19faa80a-6c9e-44e6-837c-6175e97a19d8 (type: networks) to 1
2026-03-06 01:40:17.522 9 INFO neutron.api.wsgi [None req-1f29374a-4d71-446e-840e-827588d8d047 c5abab81628c4152aa09703e28423b97 0190cf8c0fff41a5a00727781cbb62a3 - - default default] 10.0.0.122 "DELETE /v2.0/subnets/26f6409f-8a08-4609-a1ff-52fb1b3409bf HTTP/1.1" status: 204 len: 168 time: 0.3527939
2026-03-06 01:40:17.563 9 INFO neutron.api.wsgi [None req-547c259d-cf88-411d-8e2b-8c087b872aab c5abab81628c4152aa09703e28423b97 0190cf8c0fff41a5a00727781cbb62a3 - - default default] 10.0.0.122 "GET /v2.0/subnets HTTP/1.1" status: 200 len: 843 time: 0.0357697 /var/lib/openstack/lib/python3.12/site-packages/pycadf/identifier.py:71: UserWarning: Invalid uuid: neutron. To ensure interoperability, identifiers should be a valid uuid. warnings.warn(('Invalid uuid: %s. To ensure interoperability, '
2026-03-06 01:40:17.598 10 WARNING neutron.scheduler.dhcp_agent_scheduler [None req-06444cde-4900-45ec-aca5-27e4fbd36949 1e7dc8fe47e6429cb2bb978ca1cc15c6 648b6b88fee64ac1b19ebad9b51eece1 - - default default] No more DHCP agents
