2026-03-06 01:42:04.059 10 INFO neutron.db.ovn_revision_numbers_db [None req-9ad0ef32-6933-4504-9489-4d11b7a32c8b b7ff17bbe94f4c3795c74f6a9ab8ca66 f6539e0f6d1f47eaa8394192ba1c443d - - default default] Successfully bumped revision number for resource 3eac83eb-4d45-4fbb-bc67-ef1c9f6142fe (type: security_group_rules) to 0
2026-03-06 01:42:04.071 10 INFO neutron.db.ovn_revision_numbers_db [None req-9ad0ef32-6933-4504-9489-4d11b7a32c8b b7ff17bbe94f4c3795c74f6a9ab8ca66 f6539e0f6d1f47eaa8394192ba1c443d - - default default] Successfully bumped revision number for resource fd66ea18-df5c-4a26-8fe3-70768d88045f (type: security_group_rules) to 0
2026-03-06 01:42:04.093 9 WARNING neutron.scheduler.dhcp_agent_scheduler [None req-7bdbf34f-c2a1-485b-8dd6-12eb71edca84 6559c8f29259407a9221550baf5ede4a 3d04ddf88d564edc8dc1e1f13323dd94 - - default default] No more DHCP agents
2026-03-06 01:42:04.094 9 WARNING neutron.api.rpc.agentnotifiers.dhcp_rpc_agent_api [None req-7bdbf34f-c2a1-485b-8dd6-12eb71edca84 6559c8f29259407a9221550baf5ede4a 3d04ddf88d564edc8dc1e1f13323dd94 - - default default] Unable to schedule network 60b3b246-5c65-4e19-9956-25f1b7f50095: no agents available; will retry on subsequent port and subnet creation events.
2026-03-06 01:42:04.105 10 INFO neutron.api.wsgi [None req-9ad0ef32-6933-4504-9489-4d11b7a32c8b b7ff17bbe94f4c3795c74f6a9ab8ca66 f6539e0f6d1f47eaa8394192ba1c443d - - default default] 10.0.0.122 "POST /v2.0/security-groups HTTP/1.1" status: 201 len: 1801 time: 0.4496095
2026-03-06 01:42:04.136 10 INFO neutron.api.wsgi [None req-66297503-5d06-4c30-b036-c31f5b83c80c b7ff17bbe94f4c3795c74f6a9ab8ca66 f6539e0f6d1f47eaa8394192ba1c443d - - default default] 10.0.0.122 "PUT /v2.0/security-groups/6397daec-f558-4315-9788-588e6faba7b0/tags HTTP/1.1" status: 200 len: 218 time: 0.0259836
2026-03-06 01:42:04.156 10 INFO neutron.api.wsgi [None req-cc07d240-0a1a-48c8-836e-dcb899cd547b b7ff17bbe94f4c3795c74f6a9ab8ca66 f6539e0f6d1f47eaa8394192ba1c443d - - default default] 10.0.0.122 "GET /v2.0/security-groups/6397daec-f558-4315-9788-588e6faba7b0/tags HTTP/1.1" status: 200 len: 218 time: 0.0158246
2026-03-06 01:42:04.187 10 INFO neutron.api.wsgi [None req-52f7bdfc-7372-4682-8a53-f9883ced73ec b7ff17bbe94f4c3795c74f6a9ab8ca66 f6539e0f6d1f47eaa8394192ba1c443d - - default default] 10.0.0.122 "PUT /v2.0/security-groups/6397daec-f558-4315-9788-588e6faba7b0/tags/green HTTP/1.1" status: 201 len: 201 time: 0.0265579
2026-03-06 01:42:04.208 10 INFO neutron.api.wsgi [None req-68da9d84-6b68-4ab1-a2e3-58bcb932a768 b7ff17bbe94f4c3795c74f6a9ab8ca66 f6539e0f6d1f47eaa8394192ba1c443d - - default default] 10.0.0.122 "GET /v2.0/security-groups/6397daec-f558-4315-9788-588e6faba7b0/tags HTTP/1.1" status: 200 len: 227 time: 0.0161207
2026-03-06 01:42:04.230 10 INFO neutron.api.wsgi [None req-e78e33e3-9c83-4050-b506-af484e5c2e69 b7ff17bbe94f4c3795c74f6a9ab8ca66 f6539e0f6d1f47eaa8394192ba1c443d - - default default] 10.0.0.122 "PUT /v2.0/security-groups/6397daec-f558-4315-9788-588e6faba7b0/tags/red HTTP/1.1" status: 201 len: 201 time: 0.0176423
2026-03-06 01:42:04.252 10 INFO neutron.api.wsgi [None req-17807af2-4968-4f70-bb2f-d760fa90ab75 b7ff17bbe94f4c3795c74f6a9ab8ca66 f6539e0f6d1f47eaa8394192ba1c443d - - default default] 10.0.0.122 "GET /v2.0/security-groups/6397daec-f558-4315-9788-588e6faba7b0/tags HTTP/1.1" status: 200 len: 227 time: 0.0169101
2026-03-06 01:42:04.285 10 INFO neutron.api.wsgi [None req-f641c209-7434-42fd-93cd-69a528cae4e0 b7ff17bbe94f4c3795c74f6a9ab8ca66 f6539e0f6d1f47eaa8394192ba1c443d - - default default] 10.0.0.122 "PUT /v2.0/security-groups/6397daec-f558-4315-9788-588e6faba7b0/tags/black.or.white HTTP/1.1" status: 201 len: 201 time: 0.0280321
2026-03-06 01:42:04.306 10 INFO neutron.api.wsgi [None req-65fb9f1f-0997-4dcb-81b4-2999484bdc44 b7ff17bbe94f4c3795c74f6a9ab8ca66 f6539e0f6d1f47eaa8394192ba1c443d - - default default] 10.0.0.122 "GET /v2.0/security-groups/6397daec-f558-4315-9788-588e6faba7b0/tags HTTP/1.1" status: 200 len: 245 time: 0.0162864
2026-03-06 01:42:04.340 10 INFO neutron.api.wsgi [None req-74ff0474-2b99-498e-8316-227f59d44703 b7ff17bbe94f4c3795c74f6a9ab8ca66 f6539e0f6d1f47eaa8394192ba1c443d - - default default] 10.0.0.122 "PUT /v2.0/security-groups/6397daec-f558-4315-9788-588e6faba7b0/tags HTTP/1.1" status: 200 len: 230 time: 0.0296850
2026-03-06 01:42:04.361 10 INFO neutron.api.wsgi [None req-7d752794-1559-42d7-8a59-bbb40f65cffd b7ff17bbe94f4c3795c74f6a9ab8ca66 f6539e0f6d1f47eaa8394192ba1c443d - - default default] 10.0.0.122 "GET /v2.0/security-groups/6397daec-f558-4315-9788-588e6faba7b0/tags HTTP/1.1" status: 200 len: 230 time: 0.0168538
2026-03-06 01:42:04.382 10 INFO neutron.api.wsgi [None req-5120ebd1-84f7-4652-9d36-02333064a6bd b7ff17bbe94f4c3795c74f6a9ab8ca66 f6539e0f6d1f47eaa8394192ba1c443d - - default default] 10.0.0.122 "GET /v2.0/security-groups/6397daec-f558-4315-9788-588e6faba7b0/tags/red HTTP/1.1" status: 204 len: 168 time: 0.0164373
2026-03-06 01:42:04.400 10 INFO neutron.api.v2.resource [None req-e24789ec-69f0-4d42-9b03-4b6ad7d8e6e0 b7ff17bbe94f4c3795c74f6a9ab8ca66 f6539e0f6d1f47eaa8394192ba1c443d - - default default] show failed (client error): The resource could not be found.
2026-03-06 01:42:04.401 10 INFO neutron.api.wsgi [None req-e24789ec-69f0-4d42-9b03-4b6ad7d8e6e0 b7ff17bbe94f4c3795c74f6a9ab8ca66 f6539e0f6d1f47eaa8394192ba1c443d - - default default] 10.0.0.122 "GET /v2.0/security-groups/6397daec-f558-4315-9788-588e6faba7b0/tags/green HTTP/1.1" status: 404 len: 299 time: 0.0152419
2026-03-06 01:42:04.431 10 INFO neutron.api.wsgi [None req-e68282b6-29dd-452c-84a7-6c273238f545 b7ff17bbe94f4c3795c74f6a9ab8ca66 f6539e0f6d1f47eaa8394192ba1c443d - - default default] 10.0.0.122 "DELETE /v2.0/security-groups/6397daec-f558-4315-9788-588e6faba7b0/tags/red HTTP/1.1" status: 204 len: 168 time: 0.0256054
2026-03-06 01:42:04.453 10 INFO neutron.api.wsgi [None req-07f4a3d5-6bb0-4052-b995-ec1d0eae0a19 b7ff17bbe94f4c3795c74f6a9ab8ca66 f6539e0f6d1f47eaa8394192ba1c443d - - default default] 10.0.0.122 "GET /v2.0/security-groups/6397daec-f558-4315-9788-588e6faba7b0/tags HTTP/1.1" status: 200 len: 223 time: 0.0165594
2026-03-06 01:42:04.485 10 INFO neutron.api.wsgi [None req-1c46f180-9c16-4aee-8231-26ddbb34d639 e01af144186a4353a714835139d0011d f459688858444c21b2baec90df601f6e - - default default] 10.0.0.122 "GET /v2.0/ports/0535ef82-4cd9-4fd2-b9b7-bf01b1a84dba HTTP/1.1" status: 200 len: 1139 time: 0.0288475
2026-03-06 01:42:04.486 9 INFO neutron.api.v2.resource [None req-593b3bb3-1724-4ae1-8a94-16a84f26afc6 b7ff17bbe94f4c3795c74f6a9ab8ca66 f6539e0f6d1f47eaa8394192ba1c443d - - default default] delete failed (client error): The resource could not be found.
2026-03-06 01:42:04.487 9 INFO neutron.api.wsgi [None req-593b3bb3-1724-4ae1-8a94-16a84f26afc6 b7ff17bbe94f4c3795c74f6a9ab8ca66 f6539e0f6d1f47eaa8394192ba1c443d - - default default] 10.0.0.122 "DELETE /v2.0/security-groups/6397daec-f558-4315-9788-588e6faba7b0/tags/green HTTP/1.1" status: 404 len: 299 time: 0.0285635
2026-03-06 01:42:04.525 9 INFO neutron.api.wsgi [None req-4a16bbbd-39c5-429a-b419-7550fec3871b b7ff17bbe94f4c3795c74f6a9ab8ca66 f6539e0f6d1f47eaa8394192ba1c443d - - default default] 10.0.0.122 "DELETE /v2.0/security-groups/6397daec-f558-4315-9788-588e6faba7b0/tags HTTP/1.1" status: 204 len: 168 time: 0.0332327
2026-03-06 01:42:04.548 10 INFO neutron.api.wsgi [None req-3ce72504-8509-40c6-a24d-8cc1a7ff47ba b7ff17bbe94f4c3795c74f6a9ab8ca66 f6539e0f6d1f47eaa8394192ba1c443d - - default default] 10.0.0.122 "GET /v2.0/security-groups/6397daec-f558-4315-9788-588e6faba7b0/tags HTTP/1.1" status: 200 len: 205 time: 0.0173542
2026-03-06 01:42:04.655 10 INFO neutron.api.wsgi [None req-e9ef3001-307f-4d4c-9a24-10cb8f5353e2 b7ff17bbe94f4c3795c74f6a9ab8ca66 f6539e0f6d1f47eaa8394192ba1c443d - - default default] 10.0.0.122 "DELETE /v2.0/security-groups/6397daec-f558-4315-9788-588e6faba7b0 HTTP/1.1" status: 204 len: 168 time: 0.0998790
2026-03-06 01:42:04.721 9 INFO neutron.db.ovn_revision_numbers_db [None req-7bdbf34f-c2a1-485b-8dd6-12eb71edca84 6559c8f29259407a9221550baf5ede4a 3d04ddf88d564edc8dc1e1f13323dd94 - - default default] Successfully bumped revision number for resource 503e3b1d-ae39-4607-923b-42c2e70d9318 (type: floatingips) to -1
2026-03-06 01:42:04.829 9 INFO neutron.db.ovn_revision_numbers_db [None req-7bdbf34f-c2a1-485b-8dd6-12eb71edca84 6559c8f29259407a9221550baf5ede4a 3d04ddf88d564edc8dc1e1f13323dd94 - - default default] Successfully bumped revision number for resource 503e3b1d-ae39-4607-923b-42c2e70d9318 (type: floatingips) to 1
2026-03-06 01:42:04.830 9 INFO neutron.db.l3_db [None req-7bdbf34f-c2a1-485b-8dd6-12eb71edca84 6559c8f29259407a9221550baf5ede4a 3d04ddf88d564edc8dc1e1f13323dd94 - - default default] Floating IP 503e3b1d-ae39-4607-923b-42c2e70d9318 associated. External IP: 10.96.250.201, port: 1dd48e37-79fb-4d85-a4ec-d2ce359219fc.
2026-03-06 01:42:04.867 9 INFO neutron.api.wsgi [None req-7bdbf34f-c2a1-485b-8dd6-12eb71edca84 6559c8f29259407a9221550baf5ede4a 3d04ddf88d564edc8dc1e1f13323dd94 - - default default] 10.0.0.122 "POST /v2.0/floatingips HTTP/1.1" status: 201 len: 1041 time: 0.9671240
2026-03-06 01:42:05.009 9 INFO neutron.db.ovn_revision_numbers_db [None req-de3b7c4c-c854-48cb-aa87-593138578f2c 6559c8f29259407a9221550baf5ede4a 3d04ddf88d564edc8dc1e1f13323dd94 - - default default] Successfully bumped revision number for resource 503e3b1d-ae39-4607-923b-42c2e70d9318 (type: floatingips) to 2
2026-03-06 01:42:05.054 9 INFO neutron.db.l3_db [None req-de3b7c4c-c854-48cb-aa87-593138578f2c 6559c8f29259407a9221550baf5ede4a 3d04ddf88d564edc8dc1e1f13323dd94 - - default default] Floating IP 503e3b1d-ae39-4607-923b-42c2e70d9318 disassociated. External IP: 10.96.250.201, port: 1dd48e37-79fb-4d85-a4ec-d2ce359219fc.
2026-03-06 01:42:05.088 9 INFO neutron.api.wsgi [None req-de3b7c4c-c854-48cb-aa87-593138578f2c 6559c8f29259407a9221550baf5ede4a 3d04ddf88d564edc8dc1e1f13323dd94 - - default default] 10.0.0.122 "PUT /v2.0/floatingips/503e3b1d-ae39-4607-923b-42c2e70d9318 HTTP/1.1" status: 200 len: 748 time: 0.2157929
2026-03-06 01:42:05.329 9 INFO neutron.api.wsgi [None req-a62acc1d-1078-44be-9975-91ea72d09401 6559c8f29259407a9221550baf5ede4a 3d04ddf88d564edc8dc1e1f13323dd94 - - default default] 10.0.0.122 "DELETE /v2.0/floatingips/503e3b1d-ae39-4607-923b-42c2e70d9318 HTTP/1.1" status: 204 len: 168 time: 0.2368674
2026-03-06 01:42:05.340 9 WARNING neutron_lib.context [None req-79120a7a-de05-422a-b707-36a2bc8793fc 6559c8f29259407a9221550baf5ede4a 3d04ddf88d564edc8dc1e1f13323dd94 - - default default] Method 'is_advsvc' is deprecated since 2023.2 release (neutron-lib 3.8.0) and will be removed once support for the old RBAC API policies will be removed from Neutron. Please use method 'is_service_role' instead.
2026-03-06 01:42:05.501 9 INFO neutron.db.ovn_revision_numbers_db [None req-d13525d0-7db5-4a05-a677-7730c3ee5f21 1e7dc8fe47e6429cb2bb978ca1cc15c6 648b6b88fee64ac1b19ebad9b51eece1 - - default default] Successfully bumped revision number for resource ccce8bfd-a54e-4568-ab8a-67da44e8a10a (type: security_groups) to 1
2026-03-06 01:42:05.513 9 INFO neutron.db.ovn_revision_numbers_db [None req-d13525d0-7db5-4a05-a677-7730c3ee5f21 1e7dc8fe47e6429cb2bb978ca1cc15c6 648b6b88fee64ac1b19ebad9b51eece1 - - default default] Successfully bumped revision number for resource 32bbe76d-5e05-4bd9-8578-bc5832d69d94 (type: security_group_rules) to 0
2026-03-06 01:42:05.528 9 INFO neutron.db.ovn_revision_numbers_db [None req-d13525d0-7db5-4a05-a677-7730c3ee5f21 1e7dc8fe47e6429cb2bb978ca1cc15c6 648b6b88fee64ac1b19ebad9b51eece1 - - default default] Successfully bumped revision number for resource 63d9483e-212e-4048-a27e-605f41ee840e (type: security_group_rules) to 0
2026-03-06 01:42:05.541 9 INFO neutron.db.ovn_revision_numbers_db [None req-d13525d0-7db5-4a05-a677-7730c3ee5f21 1e7dc8fe47e6429cb2bb978ca1cc15c6 648b6b88fee64ac1b19ebad9b51eece1 - - default default] Successfully bumped revision number for resource b5785765-a070-4949-904c-2a57f080dc4a (type: security_group_rules) to 0
2026-03-06 01:42:05.553 9 INFO neutron.db.ovn_revision_numbers_db [None req-d13525d0-7db5-4a05-a677-7730c3ee5f21 1e7dc8fe47e6429cb2bb978ca1cc15c6 648b6b88fee64ac1b19ebad9b51eece1 - - default default] Successfully bumped revision number for resource d56674ef-d789-4bc4-8c0f-b3052c0a5a67 (type: security_group_rules) to 0
2026-03-06 01:42:05.553 10 INFO neutron.api.wsgi [None req-29d4dc2e-1410-4642-9765-d141cda101ef e01af144186a4353a714835139d0011d f459688858444c21b2baec90df601f6e - - default default] 10.0.0.122 "GET /v2.0/ports/0535ef82-4cd9-4fd2-b9b7-bf01b1a84dba HTTP/1.1" status: 200 len: 1139 time: 0.0636477
2026-03-06 01:42:05.554 9 WARNING neutron.scheduler.dhcp_agent_scheduler [None req-79120a7a-de05-422a-b707-36a2bc8793fc 6559c8f29259407a9221550baf5ede4a 3d04ddf88d564edc8dc1e1f13323dd94 - - default default] No more DHCP agents
2026-03-06 01:42:05.556 9 WARNING neutron.api.rpc.agentnotifiers.dhcp_rpc_agent_api [None req-79120a7a-de05-422a-b707-36a2bc8793fc 6559c8f29259407a9221550baf5ede4a 3d04ddf88d564edc8dc1e1f13323dd94 - - default default] Unable to schedule network 60b3b246-5c65-4e19-9956-25f1b7f50095: no agents available; will retry on subsequent port and subnet creation events.
2026-03-06 01:42:05.592 9 INFO neutron.api.wsgi [None req-d13525d0-7db5-4a05-a677-7730c3ee5f21 1e7dc8fe47e6429cb2bb978ca1cc15c6 648b6b88fee64ac1b19ebad9b51eece1 - - default default] 10.0.0.122 "GET /v2.0/security-groups?tenant_id=c7a2cb6aa3524dbba52c17a082e78ec9&name=default HTTP/1.1" status: 200 len: 3120 time: 0.3106825
2026-03-06 01:42:05.883 9 INFO neutron.api.wsgi [None req-b8fa53e7-0453-4d82-aa82-115d12ac3e1e 1e7dc8fe47e6429cb2bb978ca1cc15c6 648b6b88fee64ac1b19ebad9b51eece1 - - default default] 10.0.0.122 "DELETE /v2.0/security-groups/ccce8bfd-a54e-4568-ab8a-67da44e8a10a HTTP/1.1" status: 204 len: 168 time: 0.2827325
2026-03-06 01:42:06.005 10 INFO neutron.api.wsgi [None req-f0e51d84-6e58-45e3-b99d-d703d49f73d1 1e7dc8fe47e6429cb2bb978ca1cc15c6 648b6b88fee64ac1b19ebad9b51eece1 - - default default] 10.0.0.122 "GET /v2.0/security-groups?tenant_id=f6539e0f6d1f47eaa8394192ba1c443d&name=default HTTP/1.1" status: 200 len: 3120 time: 0.0308528
2026-03-06 01:42:06.215 9 INFO neutron.db.ovn_revision_numbers_db [None req-79120a7a-de05-422a-b707-36a2bc8793fc 6559c8f29259407a9221550baf5ede4a 3d04ddf88d564edc8dc1e1f13323dd94 - - default default] Successfully bumped revision number for resource 8fa68989-9459-4b6b-a9bb-6fe053e45af3 (type: floatingips) to -1
2026-03-06 01:42:06.234 10 INFO neutron.api.wsgi [None req-1f853d64-07ba-4e99-88b6-419ffd332fd8 1e7dc8fe47e6429cb2bb978ca1cc15c6 648b6b88fee64ac1b19ebad9b51eece1 - - default default] 10.0.0.122 "DELETE /v2.0/security-groups/2592e10e-a4c3-49eb-bbc5-fbdfd85e7368 HTTP/1.1" status: 204 len: 168 time: 0.2248080
2026-03-06 01:42:06.309 9 INFO neutron.db.ovn_revision_numbers_db [None req-79120a7a-de05-422a-b707-36a2bc8793fc 6559c8f29259407a9221550baf5ede4a 3d04ddf88d564edc8dc1e1f13323dd94 - - default default] Successfully bumped revision number for resource 8fa68989-9459-4b6b-a9bb-6fe053e45af3 (type: floatingips) to 1
2026-03-06 01:42:06.310 9 INFO neutron.db.l3_db [None req-79120a7a-de05-422a-b707-36a2bc8793fc 6559c8f29259407a9221550baf5ede4a 3d04ddf88d564edc8dc1e1f13323dd94 - - default default] Floating IP 8fa68989-9459-4b6b-a9bb-6fe053e45af3 associated. External IP: 10.96.250.211, port: 808e572f-f1d9-43f2-a218-3cbdb3dea52e.
2026-03-06 01:42:06.345 9 INFO neutron.api.wsgi [None req-79120a7a-de05-422a-b707-36a2bc8793fc 6559c8f29259407a9221550baf5ede4a 3d04ddf88d564edc8dc1e1f13323dd94 - - default default] 10.0.0.122 "POST /v2.0/floatingips HTTP/1.1" status: 201 len: 1042 time: 1.0088236
2026-03-06 01:42:06.383 9 INFO neutron.api.wsgi [None req-fab89d81-699e-42c7-b18e-c9c2a77f9723 6559c8f29259407a9221550baf5ede4a 3d04ddf88d564edc8dc1e1f13323dd94 - - default default] 10.0.0.122 "GET /v2.0/floatingips/8fa68989-9459-4b6b-a9bb-6fe053e45af3 HTTP/1.1" status: 200 len: 1039 time: 0.0336840
2026-03-06 01:42:06.441 9 INFO neutron.api.wsgi [None req-dbd341e5-2ef9-469a-9591-92adf6f50c7b 6559c8f29259407a9221550baf5ede4a 3d04ddf88d564edc8dc1e1f13323dd94 - - default default] 10.0.0.122 "GET /v2.0/floatingips HTTP/1.1" status: 200 len: 1042 time: 0.0533323
2026-03-06 01:42:06.603 10 INFO neutron.api.wsgi [None req-bc920870-154a-4531-9471-f00df181df00 e01af144186a4353a714835139d0011d f459688858444c21b2baec90df601f6e - - default default] 10.0.0.122 "GET /v2.0/ports/0535ef82-4cd9-4fd2-b9b7-bf01b1a84dba HTTP/1.1" status: 200 len: 1139 time: 0.0418236
2026-03-06 01:42:06.654 9 INFO neutron.api.wsgi [req-3196a6fe-2165-4b1d-b5eb-062888561a7d req-3380862a-2a03-471e-b0e0-fcefabf7d760 fc46425083984c3e98aa6cfaff298d83 396ef6d375f64b9bbe6133a01d1f9f28 - - default default] 199.204.45.155 "GET /v2.0/networks?id=ff6175a7-5e62-4198-8f74-c32e180e0ea5 HTTP/1.1" status: 200 len: 903 time: 0.0757694
2026-03-06 01:42:06.701 9 INFO neutron.api.wsgi [req-3196a6fe-2165-4b1d-b5eb-062888561a7d req-c64e680e-9ab9-4e49-8be8-0deb8b623bba fc46425083984c3e98aa6cfaff298d83 396ef6d375f64b9bbe6133a01d1f9f28 - - default default] 199.204.45.155 "GET /v2.0/security-groups?fields=id&fields=name&tenant_id=396ef6d375f64b9bbe6133a01d1f9f28 HTTP/1.1" status: 200 len: 378 time: 0.0386341
2026-03-06 01:42:06.709 9 WARNING neutron_lib.context [req-3196a6fe-2165-4b1d-b5eb-062888561a7d req-5a557dd2-ecdf-467e-9577-825a405b223e fc46425083984c3e98aa6cfaff298d83 396ef6d375f64b9bbe6133a01d1f9f28 - - default default] Method 'is_advsvc' is deprecated since 2023.2 release (neutron-lib 3.8.0) and will be removed once support for the old RBAC API policies will be removed from Neutron. Please use method 'is_service_role' instead.
2026-03-06 01:42:07.003 9 INFO neutron.db.ovn_revision_numbers_db [None req-c69cf5a9-3b2e-4f84-a4e3-9cdd7762fddd 6559c8f29259407a9221550baf5ede4a 3d04ddf88d564edc8dc1e1f13323dd94 - - default default] Successfully bumped revision number for resource 8fa68989-9459-4b6b-a9bb-6fe053e45af3 (type: floatingips) to 2
2026-03-06 01:42:07.094 9 WARNING neutron.scheduler.dhcp_agent_scheduler [req-3196a6fe-2165-4b1d-b5eb-062888561a7d req-5a557dd2-ecdf-467e-9577-825a405b223e fc46425083984c3e98aa6cfaff298d83 396ef6d375f64b9bbe6133a01d1f9f28 - - default default] No more DHCP agents
2026-03-06 01:42:07.096 9 WARNING neutron.api.rpc.agentnotifiers.dhcp_rpc_agent_api [req-3196a6fe-2165-4b1d-b5eb-062888561a7d req-5a557dd2-ecdf-467e-9577-825a405b223e fc46425083984c3e98aa6cfaff298d83 396ef6d375f64b9bbe6133a01d1f9f28 - - default default] Unable to schedule network ff6175a7-5e62-4198-8f74-c32e180e0ea5: no agents available; will retry on subsequent port and subnet creation events.
2026-03-06 01:42:07.116 9 INFO neutron.db.ovn_revision_numbers_db [None req-c69cf5a9-3b2e-4f84-a4e3-9cdd7762fddd 6559c8f29259407a9221550baf5ede4a 3d04ddf88d564edc8dc1e1f13323dd94 - - default default] Successfully bumped revision number for resource 8fa68989-9459-4b6b-a9bb-6fe053e45af3 (type: floatingips) to 2
2026-03-06 01:42:07.116 9 INFO neutron.db.l3_db [None req-c69cf5a9-3b2e-4f84-a4e3-9cdd7762fddd 6559c8f29259407a9221550baf5ede4a 3d04ddf88d564edc8dc1e1f13323dd94 - - default default] Floating IP 8fa68989-9459-4b6b-a9bb-6fe053e45af3 associated. External IP: 10.96.250.211, port: 808e572f-f1d9-43f2-a218-3cbdb3dea52e.
2026-03-06 01:42:07.166 9 INFO neutron.api.wsgi [None req-c69cf5a9-3b2e-4f84-a4e3-9cdd7762fddd 6559c8f29259407a9221550baf5ede4a 3d04ddf88d564edc8dc1e1f13323dd94 - - default default] 10.0.0.122 "PUT /v2.0/floatingips/8fa68989-9459-4b6b-a9bb-6fe053e45af3 HTTP/1.1" status: 200 len: 1038 time: 0.7198403 /var/lib/openstack/lib/python3.12/site-packages/pycadf/identifier.py:71: UserWarning: Invalid uuid: neutron. To ensure interoperability, identifiers should be a valid uuid. warnings.warn(('Invalid uuid: %s. To ensure interoperability, '
2026-03-06 01:42:07.247 9 INFO neutron.db.ovn_revision_numbers_db [req-3196a6fe-2165-4b1d-b5eb-062888561a7d req-5a557dd2-ecdf-467e-9577-825a405b223e fc46425083984c3e98aa6cfaff298d83 396ef6d375f64b9bbe6133a01d1f9f28 - - default default] Successfully bumped revision number for resource 62cb0042-d30c-4b53-93d8-981391d8578f (type: ports) to 1
2026-03-06 01:42:07.266 9 INFO neutron.api.wsgi [req-3196a6fe-2165-4b1d-b5eb-062888561a7d req-5a557dd2-ecdf-467e-9577-825a405b223e fc46425083984c3e98aa6cfaff298d83 396ef6d375f64b9bbe6133a01d1f9f28 - - default default] 199.204.45.155 "POST /v2.0/ports HTTP/1.1" status: 201 len: 1380 time: 0.5612383
2026-03-06 01:42:07.320 9 INFO neutron.db.ovn_revision_numbers_db [None req-af3647cb-a027-4784-a0ca-5149db92d9e5 6559c8f29259407a9221550baf5ede4a 3d04ddf88d564edc8dc1e1f13323dd94 - - default default] Successfully bumped revision number for resource 8fa68989-9459-4b6b-a9bb-6fe053e45af3 (type: floatingips) to 3
2026-03-06 01:42:07.368 9 INFO neutron.db.l3_db [None req-af3647cb-a027-4784-a0ca-5149db92d9e5 6559c8f29259407a9221550baf5ede4a 3d04ddf88d564edc8dc1e1f13323dd94 - - default default] Floating IP 8fa68989-9459-4b6b-a9bb-6fe053e45af3 disassociated. External IP: 10.96.250.211, port: 1dd48e37-79fb-4d85-a4ec-d2ce359219fc.
2026-03-06 01:42:07.399 9 INFO neutron.api.wsgi [None req-af3647cb-a027-4784-a0ca-5149db92d9e5 6559c8f29259407a9221550baf5ede4a 3d04ddf88d564edc8dc1e1f13323dd94 - - default default] 10.0.0.122 "PUT /v2.0/floatingips/8fa68989-9459-4b6b-a9bb-6fe053e45af3 HTTP/1.1" status: 200 len: 748 time: 0.2281446
2026-03-06 01:42:07.504 10 INFO neutron.api.wsgi [req-4b283cf7-a9e8-43de-b065-58d02573b0da req-277dbe69-3a3e-4d5d-83d1-7e28fd8a5d19 fc46425083984c3e98aa6cfaff298d83 396ef6d375f64b9bbe6133a01d1f9f28 - - default default] 10.0.0.209 "GET /v2.0/ports?device_id=bfb579e9-2120-4991-80ea-707110223080 HTTP/1.1" status: 200 len: 1378 time: 0.0795128
2026-03-06 01:42:07.549 10 INFO neutron.api.wsgi [req-4b283cf7-a9e8-43de-b065-58d02573b0da req-e4423f0c-e999-4abd-81f1-713fa3638c62 fc46425083984c3e98aa6cfaff298d83 396ef6d375f64b9bbe6133a01d1f9f28 - - default default] 10.0.0.209 "GET /v2.0/security-groups?id=031247f1-5498-4e15-93e4-377b8a069e79&fields=id&fields=name HTTP/1.1" status: 200 len: 311 time: 0.0379012
2026-03-06 01:42:07.635 9 INFO neutron.db.ovn_revision_numbers_db [req-3196a6fe-2165-4b1d-b5eb-062888561a7d req-703207df-bdbb-471d-b9cd-21a64c4b6412 8eb44330508a426c9ba86ad21a028714 e548c96dd269448eb17847e3a6495a83 - - a3b3c7e74b3740aba4cc2320f7985a70 a3b3c7e74b3740aba4cc2320f7985a70] Successfully bumped revision number for resource 62cb0042-d30c-4b53-93d8-981391d8578f (type: ports) to 2
2026-03-06 01:42:07.644 10 INFO neutron.api.wsgi [None req-b8536a56-1827-44e0-be76-2bab1ecbdc66 e01af144186a4353a714835139d0011d f459688858444c21b2baec90df601f6e - - default default] 10.0.0.122 "GET /v2.0/ports/0535ef82-4cd9-4fd2-b9b7-bf01b1a84dba HTTP/1.1" status: 200 len: 1139 time: 0.0343015
2026-03-06 01:42:07.715 10 INFO neutron.api.wsgi [None req-8fbdbd67-be14-467e-9c3d-fb84172ddfd7 6559c8f29259407a9221550baf5ede4a 3d04ddf88d564edc8dc1e1f13323dd94 - - default default] 10.0.0.122 "DELETE /v2.0/floatingips/8fa68989-9459-4b6b-a9bb-6fe053e45af3 HTTP/1.1" status: 204 len: 168 time: 0.3112483 /var/lib/openstack/lib/python3.12/site-packages/pycadf/identifier.py:71: UserWarning: Invalid uuid: neutron. To ensure interoperability, identifiers should be a valid uuid. warnings.warn(('Invalid uuid: %s. To ensure interoperability, '
2026-03-06 01:42:07.733 9 INFO neutron.api.v2.resource [None req-b2ae2a0c-d752-4d67-b1ba-b0b73d226f60 6559c8f29259407a9221550baf5ede4a 3d04ddf88d564edc8dc1e1f13323dd94 - - default default] delete failed (client error): The resource could not be found.
2026-03-06 01:42:07.734 9 INFO neutron.api.wsgi [None req-b2ae2a0c-d752-4d67-b1ba-b0b73d226f60 6559c8f29259407a9221550baf5ede4a 3d04ddf88d564edc8dc1e1f13323dd94 - - default default] 10.0.0.122 "DELETE /v2.0/floatingips/8fa68989-9459-4b6b-a9bb-6fe053e45af3 HTTP/1.1" status: 404 len: 345 time: 0.0146027
2026-03-06 01:42:07.838 9 INFO neutron.db.ovn_revision_numbers_db [req-3196a6fe-2165-4b1d-b5eb-062888561a7d req-703207df-bdbb-471d-b9cd-21a64c4b6412 8eb44330508a426c9ba86ad21a028714 e548c96dd269448eb17847e3a6495a83 - - a3b3c7e74b3740aba4cc2320f7985a70 a3b3c7e74b3740aba4cc2320f7985a70] Successfully bumped revision number for resource 62cb0042-d30c-4b53-93d8-981391d8578f (type: ports) to 4
2026-03-06 01:42:07.853 9 INFO neutron.api.wsgi [req-3196a6fe-2165-4b1d-b5eb-062888561a7d req-703207df-bdbb-471d-b9cd-21a64c4b6412 8eb44330508a426c9ba86ad21a028714 e548c96dd269448eb17847e3a6495a83 - - a3b3c7e74b3740aba4cc2320f7985a70 a3b3c7e74b3740aba4cc2320f7985a70] 199.204.45.155 "PUT /v2.0/ports/62cb0042-d30c-4b53-93d8-981391d8578f HTTP/1.1" status: 200 len: 1625 time: 0.5815599
2026-03-06 01:42:07.886 9 INFO neutron.notifiers.nova [-] Nova event matching ['req-93f82102-6733-47ae-bb5b-bd666ed59bd9'] response: {'name': 'network-changed', 'server_uuid': 'bfb579e9-2120-4991-80ea-707110223080', 'tag': '62cb0042-d30c-4b53-93d8-981391d8578f', 'status': 'completed', 'code': 200}
2026-03-06 01:42:08.044 10 INFO neutron.api.wsgi [None req-fe809ace-d205-410b-aed3-49a69c0e5529 6559c8f29259407a9221550baf5ede4a 3d04ddf88d564edc8dc1e1f13323dd94 - - default default] 10.0.0.122 "DELETE /v2.0/ports/1dd48e37-79fb-4d85-a4ec-d2ce359219fc HTTP/1.1" status: 204 len: 168 time: 0.3035846
2026-03-06 01:42:08.309 10 INFO neutron.api.wsgi [None req-50352439-3766-43ac-9429-c82515b502e8 6559c8f29259407a9221550baf5ede4a 3d04ddf88d564edc8dc1e1f13323dd94 - - default default] 10.0.0.122 "DELETE /v2.0/ports/808e572f-f1d9-43f2-a218-3cbdb3dea52e HTTP/1.1" status: 204 len: 168 time: 0.2604496
2026-03-06 01:42:08.344 10 INFO neutron.api.wsgi [None req-a0036bfc-696f-41b0-a2f5-df082d2bd123 6559c8f29259407a9221550baf5ede4a 3d04ddf88d564edc8dc1e1f13323dd94 - - default default] 10.0.0.122 "GET /v2.0/ports?device_id=c1ebf65c-2e1b-4ad6-bf44-452538540845 HTTP/1.1" status: 200 len: 1140 time: 0.0307388 /var/lib/openstack/lib/python3.12/site-packages/pycadf/identifier.py:71: UserWarning: Invalid uuid: neutron. To ensure interoperability, identifiers should be a valid uuid. warnings.warn(('Invalid uuid: %s. To ensure interoperability, '
2026-03-06 01:42:08.430 9 INFO neutron.api.wsgi [req-30c124cf-4867-42bf-a5cc-968614ba1910 req-4a1a0a89-e6f5-4435-a29e-6eedbb4c7f92 8eb44330508a426c9ba86ad21a028714 e548c96dd269448eb17847e3a6495a83 - - a3b3c7e74b3740aba4cc2320f7985a70 a3b3c7e74b3740aba4cc2320f7985a70] 199.204.45.155 "GET /v2.0/ports?tenant_id=396ef6d375f64b9bbe6133a01d1f9f28&device_id=bfb579e9-2120-4991-80ea-707110223080 HTTP/1.1" status: 200 len: 1628 time: 0.0359900
2026-03-06 01:42:08.478 9 INFO neutron.api.wsgi [req-30c124cf-4867-42bf-a5cc-968614ba1910 req-14d6832e-5380-455d-9cae-347a3b3fa8ba 8eb44330508a426c9ba86ad21a028714 e548c96dd269448eb17847e3a6495a83 - - a3b3c7e74b3740aba4cc2320f7985a70 a3b3c7e74b3740aba4cc2320f7985a70] 199.204.45.155 "GET /v2.0/networks?tenant_id=396ef6d375f64b9bbe6133a01d1f9f28&shared=False HTTP/1.1" status: 200 len: 2585 time: 0.0435781
2026-03-06 01:42:08.525 9 INFO neutron.api.wsgi [req-30c124cf-4867-42bf-a5cc-968614ba1910 req-6cff5785-2e65-4f8b-9727-13668bbc5974 8eb44330508a426c9ba86ad21a028714 e548c96dd269448eb17847e3a6495a83 - - a3b3c7e74b3740aba4cc2320f7985a70 a3b3c7e74b3740aba4cc2320f7985a70] 199.204.45.155 "GET /v2.0/networks?shared=True HTTP/1.1" status: 200 len: 952 time: 0.0403001
2026-03-06 01:42:08.685 10 INFO neutron.api.wsgi [None req-8ddfa90b-131a-496b-86e2-618ffe7bac3e e01af144186a4353a714835139d0011d f459688858444c21b2baec90df601f6e - - default default] 10.0.0.122 "GET /v2.0/ports/0535ef82-4cd9-4fd2-b9b7-bf01b1a84dba HTTP/1.1" status: 200 len: 1139 time: 0.0360293
2026-03-06 01:42:09.095 10 INFO neutron.api.wsgi [None req-dc7b8834-a732-4906-bfcd-435e13e0ee47 6559c8f29259407a9221550baf5ede4a 3d04ddf88d564edc8dc1e1f13323dd94 - - default default] 10.0.0.122 "PUT /v2.0/routers/c1ebf65c-2e1b-4ad6-bf44-452538540845/remove_router_interface HTTP/1.1" status: 200 len: 503 time: 0.7454565 /var/lib/openstack/lib/python3.12/site-packages/pycadf/identifier.py:71: UserWarning: Invalid uuid: neutron. To ensure interoperability, identifiers should be a valid uuid. warnings.warn(('Invalid uuid: %s. To ensure interoperability, '
2026-03-06 01:42:09.113 9 WARNING neutron.plugins.ml2.drivers.ovn.mech_driver.ovsdb.ovn_client [None req-aad439c3-bdfc-4ed4-a4a1-f75ecbd2307c - - - - - -] No hosting information found for port 5926f5cf-c70b-41fb-b386-ca8ee48a32b0: RuntimeError: No hosting information found for port 5926f5cf-c70b-41fb-b386-ca8ee48a32b0
2026-03-06 01:42:09.195 9 INFO neutron.db.ovn_revision_numbers_db [None req-aad439c3-bdfc-4ed4-a4a1-f75ecbd2307c - - - - - -] Successfully bumped revision number for resource 5926f5cf-c70b-41fb-b386-ca8ee48a32b0 (type: router_ports) to 2
2026-03-06 01:42:09.196 9 INFO neutron.plugins.ml2.drivers.ovn.mech_driver.mech_driver [None req-aad439c3-bdfc-4ed4-a4a1-f75ecbd2307c - - - - - -] OVN reports status up for port: dcf541f2-689b-4f01-92c4-bbaa578e7e8a
2026-03-06 01:42:09.250 9 INFO neutron.plugins.ml2.drivers.ovn.mech_driver.mech_driver [None req-aad439c3-bdfc-4ed4-a4a1-f75ecbd2307c - - - - - -] OVN reports status up for port: 3c06ee1c-205f-4976-9b9e-556efebabd6d
2026-03-06 01:42:09.264 9 INFO neutron.plugins.ml2.plugin [None req-aad439c3-bdfc-4ed4-a4a1-f75ecbd2307c - - - - - -] Attempt 1 to provision port 3c06ee1c-205f-4976-9b9e-556efebabd6d
2026-03-06 01:42:09.332 10 WARNING neutron.plugins.ml2.drivers.ovn.mech_driver.ovsdb.ovn_client [None req-5a869724-c9d4-45bb-b2c3-0f7894e11c23 - - - - - -] No port found with ID ee75dd3b-f322-4ea8-8b17-509313cb0788: RuntimeError: No port found with ID ee75dd3b-f322-4ea8-8b17-509313cb0788
2026-03-06 01:42:09.361 9 WARNING neutron_lib.context [None req-4413fdd5-3540-4403-88c8-82985467ad1c f2aeaf35e6f04682b1f88385749e9199 a0fbb614d8a74e779af17612c1ab8038 - - default default] Method 'is_advsvc' is deprecated since 2023.2 release (neutron-lib 3.8.0) and will be removed once support for the old RBAC API policies will be removed from Neutron. Please use method 'is_service_role' instead.
2026-03-06 01:42:09.414 9 INFO neutron.api.wsgi [None req-4413fdd5-3540-4403-88c8-82985467ad1c f2aeaf35e6f04682b1f88385749e9199 a0fbb614d8a74e779af17612c1ab8038 - - default default] 10.0.0.122 "POST /v2.0/subnetpools HTTP/1.1" status: 201 len: 715 time: 0.1970124
2026-03-06 01:42:09.444 9 INFO neutron.api.wsgi [None req-984cc8d1-0591-467c-8574-086d6c953450 f2aeaf35e6f04682b1f88385749e9199 a0fbb614d8a74e779af17612c1ab8038 - - default default] 10.0.0.122 "PUT /v2.0/subnetpools/a8c1f2ea-7cbc-400f-a984-277ded26a22c/tags HTTP/1.1" status: 200 len: 218 time: 0.0263615
2026-03-06 01:42:09.464 9 INFO neutron.api.wsgi [None req-699ecda5-6e68-446f-be2d-22046e03cfa5 f2aeaf35e6f04682b1f88385749e9199 a0fbb614d8a74e779af17612c1ab8038 - - default default] 10.0.0.122 "GET /v2.0/subnetpools/a8c1f2ea-7cbc-400f-a984-277ded26a22c/tags HTTP/1.1" status: 200 len: 218 time: 0.0144286
2026-03-06 01:42:09.493 9 INFO neutron.api.wsgi [None req-ece59040-e894-4800-9e1f-b6453b21e63a f2aeaf35e6f04682b1f88385749e9199 a0fbb614d8a74e779af17612c1ab8038 - - default default] 10.0.0.122 "PUT /v2.0/subnetpools/a8c1f2ea-7cbc-400f-a984-277ded26a22c/tags/green HTTP/1.1" status: 201 len: 201 time: 0.0248098
2026-03-06 01:42:09.517 9 INFO neutron.api.wsgi [None req-e0082371-e5b6-46c9-81fd-ff88ef11d2dc f2aeaf35e6f04682b1f88385749e9199 a0fbb614d8a74e779af17612c1ab8038 - - default default] 10.0.0.122 "GET /v2.0/subnetpools/a8c1f2ea-7cbc-400f-a984-277ded26a22c/tags HTTP/1.1" status: 200 len: 227 time: 0.0181136
2026-03-06 01:42:09.541 9 INFO neutron.api.wsgi [None req-3daa9fdf-5db9-48de-930e-ce428d41cad4 f2aeaf35e6f04682b1f88385749e9199 a0fbb614d8a74e779af17612c1ab8038 - - default default] 10.0.0.122 "PUT /v2.0/subnetpools/a8c1f2ea-7cbc-400f-a984-277ded26a22c/tags/red HTTP/1.1" status: 201 len: 201 time: 0.0189977 /var/lib/openstack/lib/python3.12/site-packages/pycadf/identifier.py:71: UserWarning: Invalid uuid: neutron. To ensure interoperability, identifiers should be a valid uuid. warnings.warn(('Invalid uuid: %s. To ensure interoperability, '
2026-03-06 01:42:09.568 10 INFO neutron.api.wsgi [None req-15f517ec-2068-424d-be07-fbc03696b617 f2aeaf35e6f04682b1f88385749e9199 a0fbb614d8a74e779af17612c1ab8038 - - default default] 10.0.0.122 "GET /v2.0/subnetpools/a8c1f2ea-7cbc-400f-a984-277ded26a22c/tags HTTP/1.1" status: 200 len: 227 time: 0.0223699
2026-03-06 01:42:09.571 9 INFO neutron.api.wsgi [req-3196a6fe-2165-4b1d-b5eb-062888561a7d req-384a630a-6a3b-4e6a-bb09-6b0a9e4d0b47 8eb44330508a426c9ba86ad21a028714 e548c96dd269448eb17847e3a6495a83 - - a3b3c7e74b3740aba4cc2320f7985a70 a3b3c7e74b3740aba4cc2320f7985a70] 199.204.45.155 "GET /v2.0/ports?tenant_id=396ef6d375f64b9bbe6133a01d1f9f28&device_id=bfb579e9-2120-4991-80ea-707110223080 HTTP/1.1" status: 200 len: 1628 time: 0.0297947
2026-03-06 01:42:09.617 10 INFO neutron.api.wsgi [None req-1682777e-3cfd-402f-b12a-6cb93eaa6a01 f2aeaf35e6f04682b1f88385749e9199 a0fbb614d8a74e779af17612c1ab8038 - - default default] 10.0.0.122 "PUT /v2.0/subnetpools/a8c1f2ea-7cbc-400f-a984-277ded26a22c/tags/black.or.white HTTP/1.1" status: 201 len: 201 time: 0.0433786
2026-03-06 01:42:09.640 10 INFO neutron.api.wsgi [None req-e2eabb5f-792e-42dc-8e54-63b65f0e1686 f2aeaf35e6f04682b1f88385749e9199 a0fbb614d8a74e779af17612c1ab8038 - - default default] 10.0.0.122 "GET /v2.0/subnetpools/a8c1f2ea-7cbc-400f-a984-277ded26a22c/tags HTTP/1.1" status: 200 len: 245 time: 0.0186796
2026-03-06 01:42:09.678 10 INFO neutron.api.wsgi [None req-63353707-0ce1-45b1-958f-6151ad64d888 f2aeaf35e6f04682b1f88385749e9199 a0fbb614d8a74e779af17612c1ab8038 - - default default] 10.0.0.122 "PUT /v2.0/subnetpools/a8c1f2ea-7cbc-400f-a984-277ded26a22c/tags HTTP/1.1" status: 200 len: 230 time: 0.0343075
2026-03-06 01:42:09.710 10 INFO neutron.api.wsgi [None req-d63f7739-e1f3-4b77-8778-411c33fe2c55 f2aeaf35e6f04682b1f88385749e9199 a0fbb614d8a74e779af17612c1ab8038 - - default default] 10.0.0.122 "GET /v2.0/subnetpools/a8c1f2ea-7cbc-400f-a984-277ded26a22c/tags HTTP/1.1" status: 200 len: 230 time: 0.0273223
2026-03-06 01:42:09.729 10 INFO neutron.api.wsgi [None req-921284c6-b14e-40ab-99ad-9e0cf9c06f52 e01af144186a4353a714835139d0011d f459688858444c21b2baec90df601f6e - - default default] 10.0.0.122 "GET /v2.0/ports/0535ef82-4cd9-4fd2-b9b7-bf01b1a84dba HTTP/1.1" status: 200 len: 1139 time: 0.0400124
2026-03-06 01:42:09.744 10 INFO neutron.api.wsgi [None req-5ce8a898-b637-48fb-81e8-34bc82ac9049 f2aeaf35e6f04682b1f88385749e9199 a0fbb614d8a74e779af17612c1ab8038 - - default default] 10.0.0.122 "GET /v2.0/subnetpools/a8c1f2ea-7cbc-400f-a984-277ded26a22c/tags/red HTTP/1.1" status: 204 len: 168 time: 0.0291820
2026-03-06 01:42:09.763 10 INFO neutron.api.v2.resource [None req-4f543a2a-2ad9-4f4b-a8cc-9e69362774fa f2aeaf35e6f04682b1f88385749e9199 a0fbb614d8a74e779af17612c1ab8038 - - default default] show failed (client error): The resource could not be found.
2026-03-06 01:42:09.764 10 INFO neutron.api.wsgi [None req-4f543a2a-2ad9-4f4b-a8cc-9e69362774fa f2aeaf35e6f04682b1f88385749e9199 a0fbb614d8a74e779af17612c1ab8038 - - default default] 10.0.0.122 "GET /v2.0/subnetpools/a8c1f2ea-7cbc-400f-a984-277ded26a22c/tags/green HTTP/1.1" status: 404 len: 299 time: 0.0159597
2026-03-06 01:42:09.821 10 INFO neutron.api.wsgi [None req-751f71ea-5425-4018-b713-c3be51aeb812 f2aeaf35e6f04682b1f88385749e9199 a0fbb614d8a74e779af17612c1ab8038 - - default default] 10.0.0.122 "DELETE /v2.0/subnetpools/a8c1f2ea-7cbc-400f-a984-277ded26a22c/tags/red HTTP/1.1" status: 204 len: 168 time: 0.0519159
2026-03-06 01:42:09.863 10 INFO neutron.api.wsgi [None req-2e4fb4e5-d0b3-46ff-8f2f-785fad0a72f1 f2aeaf35e6f04682b1f88385749e9199 a0fbb614d8a74e779af17612c1ab8038 - - default default] 10.0.0.122 "GET /v2.0/subnetpools/a8c1f2ea-7cbc-400f-a984-277ded26a22c/tags HTTP/1.1" status: 200 len: 223 time: 0.0365734
2026-03-06 01:42:09.898 10 INFO neutron.api.v2.resource [None req-d98836c5-6281-4e3f-ad3b-b178ab7cae02 f2aeaf35e6f04682b1f88385749e9199 a0fbb614d8a74e779af17612c1ab8038 - - default default] delete failed (client error): The resource could not be found.
2026-03-06 01:42:09.899 10 INFO neutron.api.wsgi [None req-d98836c5-6281-4e3f-ad3b-b178ab7cae02 f2aeaf35e6f04682b1f88385749e9199 a0fbb614d8a74e779af17612c1ab8038 - - default default] 10.0.0.122 "DELETE /v2.0/subnetpools/a8c1f2ea-7cbc-400f-a984-277ded26a22c/tags/green HTTP/1.1" status: 404 len: 299 time: 0.0309532
2026-03-06 01:42:09.961 10 INFO neutron.api.wsgi [None req-2498ebd3-70e8-4e39-a8a6-9270bdc1ad95 f2aeaf35e6f04682b1f88385749e9199 a0fbb614d8a74e779af17612c1ab8038 - - default default] 10.0.0.122 "DELETE /v2.0/subnetpools/a8c1f2ea-7cbc-400f-a984-277ded26a22c/tags HTTP/1.1" status: 204 len: 168 time: 0.0563409
2026-03-06 01:42:09.977 10 INFO neutron.api.wsgi [None req-fa47f57c-c79b-4dad-a302-4e1af7fc7c9e 6559c8f29259407a9221550baf5ede4a 3d04ddf88d564edc8dc1e1f13323dd94 - - default default] 10.0.0.122 "DELETE /v2.0/routers/c1ebf65c-2e1b-4ad6-bf44-452538540845 HTTP/1.1" status: 204 len: 168 time: 0.8775473
2026-03-06 01:42:09.993 10 INFO neutron.api.wsgi [None req-d3a70d05-0d56-4fbd-a87b-0ffe89b6d45f f2aeaf35e6f04682b1f88385749e9199 a0fbb614d8a74e779af17612c1ab8038 - - default default] 10.0.0.122 "GET /v2.0/subnetpools/a8c1f2ea-7cbc-400f-a984-277ded26a22c/tags HTTP/1.1" status: 200 len: 205 time: 0.0254567
2026-03-06 01:42:10.063 10 INFO neutron.api.wsgi [None req-2f0e887f-6944-4f88-8366-e7d245c3e635 f2aeaf35e6f04682b1f88385749e9199 a0fbb614d8a74e779af17612c1ab8038 - - default default] 10.0.0.122 "DELETE /v2.0/subnetpools/a8c1f2ea-7cbc-400f-a984-277ded26a22c HTTP/1.1" status: 204 len: 168 time: 0.0562534
2026-03-06 01:42:10.123 9 INFO neutron.api.wsgi [req-3196a6fe-2165-4b1d-b5eb-062888561a7d req-f44f716d-bdd1-4125-91a1-a4a00197a03b 8eb44330508a426c9ba86ad21a028714 e548c96dd269448eb17847e3a6495a83 - - a3b3c7e74b3740aba4cc2320f7985a70 a3b3c7e74b3740aba4cc2320f7985a70] 199.204.45.155 "GET /v2.0/floatingips?fixed_ip_address=10.2.1.38&port_id=62cb0042-d30c-4b53-93d8-981391d8578f HTTP/1.1" status: 200 len: 217 time: 0.5468071
2026-03-06 01:42:10.129 10 INFO neutron.api.wsgi [None req-f13e4d84-e25c-4013-b98d-49de44d420c7 6559c8f29259407a9221550baf5ede4a 3d04ddf88d564edc8dc1e1f13323dd94 - - default default] 10.0.0.122 "DELETE /v2.0/subnets/22dd7dbe-a46c-4f96-b187-632efe838627 HTTP/1.1" status: 204 len: 168 time: 0.1467662
2026-03-06 01:42:10.147 9 INFO neutron.api.wsgi [req-3196a6fe-2165-4b1d-b5eb-062888561a7d req-c0ec9551-4c27-43db-8070-b203daba54de 8eb44330508a426c9ba86ad21a028714 e548c96dd269448eb17847e3a6495a83 - - a3b3c7e74b3740aba4cc2320f7985a70 a3b3c7e74b3740aba4cc2320f7985a70] 199.204.45.155 "GET /v2.0/floatingips?fixed_ip_address=fd7b%3Af9f7%3Afff%3A4eca%3A%3A2e&port_id=62cb0042-d30c-4b53-93d8-981391d8578f HTTP/1.1" status: 200 len: 217 time: 0.0199175
2026-03-06 01:42:10.177 9 INFO neutron.api.wsgi [req-3196a6fe-2165-4b1d-b5eb-062888561a7d req-34c46c96-2b80-4c36-8934-090d421d534f 8eb44330508a426c9ba86ad21a028714 e548c96dd269448eb17847e3a6495a83 - - a3b3c7e74b3740aba4cc2320f7985a70 a3b3c7e74b3740aba4cc2320f7985a70] 199.204.45.155 "GET /v2.0/subnets?id=b3c674ac-53c0-4733-875f-d1dd574bfcb2&id=32be5f4a-8df5-415c-bab7-0baf01e67c67 HTTP/1.1" status: 200 len: 1610 time: 0.0256910
2026-03-06 01:42:10.196 9 INFO neutron.api.wsgi [req-3196a6fe-2165-4b1d-b5eb-062888561a7d req-8f7670eb-58d7-4b32-b350-fd8e832aee29 8eb44330508a426c9ba86ad21a028714 e548c96dd269448eb17847e3a6495a83 - - a3b3c7e74b3740aba4cc2320f7985a70 a3b3c7e74b3740aba4cc2320f7985a70] 199.204.45.155 "GET /v2.0/ports?network_id=ff6175a7-5e62-4198-8f74-c32e180e0ea5&device_owner=network%3Adhcp HTTP/1.1" status: 200 len: 210 time: 0.0146129
2026-03-06 01:42:10.216 9 INFO neutron.api.wsgi [req-3196a6fe-2165-4b1d-b5eb-062888561a7d req-881243e9-bc56-4213-b511-20e97e3616fc 8eb44330508a426c9ba86ad21a028714 e548c96dd269448eb17847e3a6495a83 - - a3b3c7e74b3740aba4cc2320f7985a70 a3b3c7e74b3740aba4cc2320f7985a70] 199.204.45.155 "GET /v2.0/ports?network_id=ff6175a7-5e62-4198-8f74-c32e180e0ea5&device_owner=network%3Adhcp HTTP/1.1" status: 200 len: 210 time: 0.0153785
2026-03-06 01:42:10.262 9 INFO neutron.api.wsgi [req-3196a6fe-2165-4b1d-b5eb-062888561a7d req-9d4ec65a-3169-42bb-a401-ab7ff1f4a4ad 8eb44330508a426c9ba86ad21a028714 e548c96dd269448eb17847e3a6495a83 - - a3b3c7e74b3740aba4cc2320f7985a70 a3b3c7e74b3740aba4cc2320f7985a70] 199.204.45.155 "GET /v2.0/networks/ff6175a7-5e62-4198-8f74-c32e180e0ea5?fields=segments HTTP/1.1" status: 200 len: 212 time: 0.0386794
2026-03-06 01:42:10.304 9 INFO neutron.api.wsgi [req-3196a6fe-2165-4b1d-b5eb-062888561a7d req-f9ea5953-fe8f-47ad-83f8-d1cbcfc783ed 8eb44330508a426c9ba86ad21a028714 e548c96dd269448eb17847e3a6495a83 - - a3b3c7e74b3740aba4cc2320f7985a70 a3b3c7e74b3740aba4cc2320f7985a70] 199.204.45.155 "GET /v2.0/networks/ff6175a7-5e62-4198-8f74-c32e180e0ea5?fields=provider%3Aphysical_network&fields=provider%3Anetwork_type HTTP/1.1" status: 200 len: 277 time: 0.0388899
2026-03-06 01:42:10.427 10 INFO neutron.services.segments.plugin [-] Segment 2a784a78-a597-41bf-bd17-e30a0d6f74fc resource provider aggregate not found
2026-03-06 01:42:10.431 10 INFO neutron.services.segments.plugin [-] Segment 2a784a78-a597-41bf-bd17-e30a0d6f74fc resource provider aggregate not found
2026-03-06 01:42:10.441 10 INFO neutron.services.segments.plugin [-] Segment 2a784a78-a597-41bf-bd17-e30a0d6f74fc resource provider not found; error: Placement Client Error (4xx): {"errors": [{"status": 404, "title": "Not Found", "detail": "The resource could not be found.\n\n No resource provider with uuid 2a784a78-a597-41bf-bd17-e30a0d6f74fc found for delete ", "request_id": "req-24b42d0e-91de-4e40-8dff-22f50a7031d3"}]}
2026-03-06 01:42:10.442 10 INFO neutron.services.segments.plugin [-] Segment 2a784a78-a597-41bf-bd17-e30a0d6f74fc resource provider not found; error: Placement Client Error (4xx): {"errors": [{"status": 404, "title": "Not Found", "detail": "The resource could not be found.\n\n No resource provider with uuid 2a784a78-a597-41bf-bd17-e30a0d6f74fc found for delete ", "request_id": "req-eb95d0c7-dfe3-4c9d-aa3e-ed4b27658c4e"}]}
2026-03-06 01:42:10.490 10 INFO neutron.api.wsgi [None req-5acfd487-81fc-42f2-8439-eb613d19a9a8 6559c8f29259407a9221550baf5ede4a 3d04ddf88d564edc8dc1e1f13323dd94 - - default default] 10.0.0.122 "DELETE /v2.0/networks/caa262bf-9049-4ebd-b92b-db1c95aaebbb HTTP/1.1" status: 204 len: 168 time: 0.3543522
2026-03-06 01:42:10.820 9 INFO neutron.api.wsgi [None req-885c471d-8dc3-4d21-9b44-000aee5cb23c e01af144186a4353a714835139d0011d f459688858444c21b2baec90df601f6e - - default default] 10.0.0.122 "GET /v2.0/ports/0535ef82-4cd9-4fd2-b9b7-bf01b1a84dba HTTP/1.1" status: 200 len: 1139 time: 0.0855742
2026-03-06 01:42:11.066 9 INFO neutron.db.ovn_revision_numbers_db [None req-57651dce-4891-42aa-b27c-1cbe0dd73e6d 1e7dc8fe47e6429cb2bb978ca1cc15c6 648b6b88fee64ac1b19ebad9b51eece1 - - default default] Successfully bumped revision number for resource d98885b1-4dc2-4757-84db-3d64802567fb (type: security_groups) to 1
2026-03-06 01:42:11.071 10 INFO neutron.api.wsgi [None req-977b316f-d0a7-4fee-95de-46a02c27c573 1e7dc8fe47e6429cb2bb978ca1cc15c6 648b6b88fee64ac1b19ebad9b51eece1 - - default default] 10.0.0.122 "GET /v2.0/security-groups?tenant_id=3d04ddf88d564edc8dc1e1f13323dd94&name=default HTTP/1.1" status: 200 len: 3120 time: 0.1224871
2026-03-06 01:42:11.088 9 INFO neutron.db.ovn_revision_numbers_db [None req-57651dce-4891-42aa-b27c-1cbe0dd73e6d 1e7dc8fe47e6429cb2bb978ca1cc15c6 648b6b88fee64ac1b19ebad9b51eece1 - - default default] Successfully bumped revision number for resource 3f1bc24a-1f57-4b9a-9da7-fdaa9970e92e (type: security_group_rules) to 0
2026-03-06 01:42:11.108 9 INFO neutron.db.ovn_revision_numbers_db [None req-57651dce-4891-42aa-b27c-1cbe0dd73e6d 1e7dc8fe47e6429cb2bb978ca1cc15c6 648b6b88fee64ac1b19ebad9b51eece1 - - default default] Successfully bumped revision number for resource 70829038-d455-4a9b-8842-9f105c02f683 (type: security_group_rules) to 0
2026-03-06 01:42:11.136 9 INFO neutron.db.ovn_revision_numbers_db [None req-57651dce-4891-42aa-b27c-1cbe0dd73e6d 1e7dc8fe47e6429cb2bb978ca1cc15c6 648b6b88fee64ac1b19ebad9b51eece1 - - default default] Successfully bumped revision number for resource 72eac95a-b10e-458a-99fe-8053858ee218 (type: security_group_rules) to 0
2026-03-06 01:42:11.159 9 INFO neutron.db.ovn_revision_numbers_db [None req-57651dce-4891-42aa-b27c-1cbe0dd73e6d 1e7dc8fe47e6429cb2bb978ca1cc15c6 648b6b88fee64ac1b19ebad9b51eece1 - - default default] Successfully bumped revision number for resource 97f399f5-a924-44c9-91b1-462ab94e8394 (type: security_group_rules) to 0
2026-03-06 01:42:11.198 9 INFO neutron.api.wsgi [None req-57651dce-4891-42aa-b27c-1cbe0dd73e6d 1e7dc8fe47e6429cb2bb978ca1cc15c6 648b6b88fee64ac1b19ebad9b51eece1 - - default default] 10.0.0.122 "GET /v2.0/security-groups?tenant_id=dd5f22f21fd049e6a2a7c8399fec2cd6&name=default HTTP/1.1" status: 200 len: 3120 time: 0.5221493
2026-03-06 01:42:11.304 9 INFO neutron.api.wsgi [None req-223c7d72-83bc-4374-ae54-352bfff7d5db 1e7dc8fe47e6429cb2bb978ca1cc15c6 648b6b88fee64ac1b19ebad9b51eece1 - - default default] 10.0.0.122 "DELETE /v2.0/security-groups/68f3bb2f-6399-48da-a3b1-d5659ce240fc HTTP/1.1" status: 204 len: 168 time: 0.2270350
2026-03-06 01:42:11.412 9 INFO neutron.api.wsgi [None req-443ef1cf-c330-429b-b747-fb3c71f130f4 1e7dc8fe47e6429cb2bb978ca1cc15c6 648b6b88fee64ac1b19ebad9b51eece1 - - default default] 10.0.0.122 "DELETE /v2.0/security-groups/d98885b1-4dc2-4757-84db-3d64802567fb HTTP/1.1" status: 204 len: 168 time: 0.2096980
2026-03-06 01:42:11.528 10 INFO neutron.api.wsgi [-] 10.0.0.194 "GET / HTTP/1.1" status: 200 len: 246 time: 0.0018172
2026-03-06 01:42:11.529 9 INFO neutron.api.wsgi [-] 10.0.0.194 "GET / HTTP/1.1" status: 200 len: 246 time: 0.0028677
2026-03-06 01:42:11.652 10 INFO neutron.db.ovn_revision_numbers_db [None req-57b857e7-e14a-475e-a3a1-4e2a5a506172 1e7dc8fe47e6429cb2bb978ca1cc15c6 648b6b88fee64ac1b19ebad9b51eece1 - - default default] Successfully bumped revision number for resource 7b3a444d-0120-4869-b9b9-645b869c6ebd (type: security_groups) to 1
2026-03-06 01:42:11.666 10 INFO neutron.db.ovn_revision_numbers_db [None req-57b857e7-e14a-475e-a3a1-4e2a5a506172 1e7dc8fe47e6429cb2bb978ca1cc15c6 648b6b88fee64ac1b19ebad9b51eece1 - - default default] Successfully bumped revision number for resource 3bc27a1c-5c5b-4dd4-b82b-fd2430395a6f (type: security_group_rules) to 0
2026-03-06 01:42:11.684 10 INFO neutron.db.ovn_revision_numbers_db [None req-57b857e7-e14a-475e-a3a1-4e2a5a506172 1e7dc8fe47e6429cb2bb978ca1cc15c6 648b6b88fee64ac1b19ebad9b51eece1 - - default default] Successfully bumped revision number for resource 6427504f-4fcc-42f0-af53-3eee9abf230e (type: security_group_rules) to 0
2026-03-06 01:42:11.695 10 INFO neutron.db.ovn_revision_numbers_db [None req-57b857e7-e14a-475e-a3a1-4e2a5a506172 1e7dc8fe47e6429cb2bb978ca1cc15c6 648b6b88fee64ac1b19ebad9b51eece1 - - default default] Successfully bumped revision number for resource afccd600-ed8d-4a42-b037-5828b09a4199 (type: security_group_rules) to 0
2026-03-06 01:42:11.708 10 INFO neutron.db.ovn_revision_numbers_db [None req-57b857e7-e14a-475e-a3a1-4e2a5a506172 1e7dc8fe47e6429cb2bb978ca1cc15c6 648b6b88fee64ac1b19ebad9b51eece1 - - default default] Successfully bumped revision number for resource e260bd5d-1f6a-4889-8975-2727511d7bc5 (type: security_group_rules) to 0
2026-03-06 01:42:11.743 10 INFO neutron.api.wsgi [None req-57b857e7-e14a-475e-a3a1-4e2a5a506172 1e7dc8fe47e6429cb2bb978ca1cc15c6 648b6b88fee64ac1b19ebad9b51eece1 - - default default] 10.0.0.122 "GET /v2.0/security-groups?tenant_id=a0fbb614d8a74e779af17612c1ab8038&name=default HTTP/1.1" status: 200 len: 3120 time: 0.1937039
2026-03-06 01:42:11.905 10 INFO neutron.api.wsgi [None req-c90cc0bb-5447-4eaf-87fb-8d775c603679 e01af144186a4353a714835139d0011d f459688858444c21b2baec90df601f6e - - default default] 10.0.0.122 "GET /v2.0/ports/0535ef82-4cd9-4fd2-b9b7-bf01b1a84dba HTTP/1.1" status: 200 len: 1139 time: 0.0792387
2026-03-06 01:42:11.984 10 INFO neutron.api.wsgi [None req-e4f4e591-36ee-4df5-8b4d-59193dcc7a3b 1e7dc8fe47e6429cb2bb978ca1cc15c6 648b6b88fee64ac1b19ebad9b51eece1 - - default default] 10.0.0.122 "DELETE /v2.0/security-groups/7b3a444d-0120-4869-b9b9-645b869c6ebd HTTP/1.1" status: 204 len: 168 time: 0.2369208
2026-03-06 01:42:12.693 10 INFO neutron.api.wsgi [req-432bf789-cca1-4097-b48b-54e66ab81417 req-16e6ff60-c08c-4cb1-9413-2c40c46b6989 fc46425083984c3e98aa6cfaff298d83 396ef6d375f64b9bbe6133a01d1f9f28 - - default default] 10.0.0.209 "GET /v2.0/ports?device_id=bfb579e9-2120-4991-80ea-707110223080 HTTP/1.1" status: 200 len: 1390 time: 0.0787957
2026-03-06 01:42:12.729 10 INFO neutron.api.wsgi [req-432bf789-cca1-4097-b48b-54e66ab81417 req-497ff547-048d-4d36-9d35-bd86bb3807d9 fc46425083984c3e98aa6cfaff298d83 396ef6d375f64b9bbe6133a01d1f9f28 - - default default] 10.0.0.209 "GET /v2.0/security-groups?id=031247f1-5498-4e15-93e4-377b8a069e79&fields=id&fields=name HTTP/1.1" status: 200 len: 311 time: 0.0331810
2026-03-06 01:42:12.941 9 INFO neutron.api.wsgi [None req-20b41cb9-ad7c-437d-a793-c040bdafad4d e01af144186a4353a714835139d0011d f459688858444c21b2baec90df601f6e - - default default] 10.0.0.122 "GET /v2.0/ports/0535ef82-4cd9-4fd2-b9b7-bf01b1a84dba HTTP/1.1" status: 200 len: 1139 time: 0.0308158
2026-03-06 01:42:13.984 9 INFO neutron.api.wsgi [None req-038a643f-104c-40e8-97a3-300aceccc925 e01af144186a4353a714835139d0011d f459688858444c21b2baec90df601f6e - - default default] 10.0.0.122 "GET /v2.0/ports/0535ef82-4cd9-4fd2-b9b7-bf01b1a84dba HTTP/1.1" status: 200 len: 1139 time: 0.0368040
2026-03-06 01:42:14.489 9 WARNING neutron.plugins.ml2.drivers.ovn.mech_driver.ovsdb.ovn_client [None req-aad439c3-bdfc-4ed4-a4a1-f75ecbd2307c - - - - - -] No port found with ID 3c06ee1c-205f-4976-9b9e-556efebabd6d: RuntimeError: No port found with ID 3c06ee1c-205f-4976-9b9e-556efebabd6d
