2026-03-06 01:39:18.967 9 INFO neutron.api.wsgi [None req-7cc022e3-d26d-4ee7-9dd7-73e42e8c62c0 1e7dc8fe47e6429cb2bb978ca1cc15c6 648b6b88fee64ac1b19ebad9b51eece1 - - default default] 10.0.0.122 "GET /v2.0/subnets HTTP/1.1" status: 200 len: 1503 time: 0.0293920
2026-03-06 01:39:19.025 9 INFO neutron.api.wsgi [None req-bce09081-c3d6-430c-8166-7b2acc7b8112 1e7dc8fe47e6429cb2bb978ca1cc15c6 648b6b88fee64ac1b19ebad9b51eece1 - - default default] 10.0.0.122 "GET /v2.0/networks HTTP/1.1" status: 200 len: 2369 time: 0.0527332
2026-03-06 01:39:19.063 9 INFO neutron.api.wsgi [None req-fca1be3e-3c2d-4cc6-8d3a-406f317edbd3 1e7dc8fe47e6429cb2bb978ca1cc15c6 648b6b88fee64ac1b19ebad9b51eece1 - - default default] 10.0.0.122 "GET /v2.0/security-groups HTTP/1.1" status: 200 len: 17597 time: 0.0345187
2026-03-06 01:39:19.073 9 INFO neutron.api.wsgi [None req-2b980a4e-ec22-478b-901e-fccad880e0ee 1e7dc8fe47e6429cb2bb978ca1cc15c6 648b6b88fee64ac1b19ebad9b51eece1 - - default default] 10.0.0.122 "GET /v2.0/subnetpools HTTP/1.1" status: 200 len: 212 time: 0.0064893
2026-03-06 01:39:26.528 9 INFO neutron.api.wsgi [-] 10.0.0.194 "GET / HTTP/1.1" status: 200 len: 246 time: 0.0022757
2026-03-06 01:39:26.529 10 INFO neutron.api.wsgi [-] 10.0.0.194 "GET / HTTP/1.1" status: 200 len: 246 time: 0.0025713
2026-03-06 01:39:30.150 10 INFO neutron.db.ovn_revision_numbers_db [None req-16fe0077-572e-49a7-82c7-572130044bca 1e7dc8fe47e6429cb2bb978ca1cc15c6 648b6b88fee64ac1b19ebad9b51eece1 - - default default] Successfully bumped revision number for resource c86762a7-df8e-4a70-833a-4b539c348fea (type: security_groups) to 1
2026-03-06 01:39:30.153 10 INFO neutron.db.ovn_revision_numbers_db [None req-9d85373f-c276-48f4-a43d-6772abf93228 1e7dc8fe47e6429cb2bb978ca1cc15c6 648b6b88fee64ac1b19ebad9b51eece1 - - default default] Successfully bumped revision number for resource 8ceb5518-15a8-497e-a270-0e20f9dc8e9b (type: security_groups) to 1
2026-03-06 01:39:30.163 9 INFO neutron.db.ovn_revision_numbers_db [None req-0ab2f2a0-2e52-4ebc-aa09-9dfe3d9ee302 1e7dc8fe47e6429cb2bb978ca1cc15c6 648b6b88fee64ac1b19ebad9b51eece1 - - default default] Successfully bumped revision number for resource 0e908547-5727-43ef-be45-8e1a8ecebdea (type: security_groups) to 1
2026-03-06 01:39:30.166 10 INFO neutron.db.ovn_revision_numbers_db [None req-16fe0077-572e-49a7-82c7-572130044bca 1e7dc8fe47e6429cb2bb978ca1cc15c6 648b6b88fee64ac1b19ebad9b51eece1 - - default default] Successfully bumped revision number for resource 37e82c5b-378f-409f-867c-05fbb3803ef4 (type: security_group_rules) to 0
2026-03-06 01:39:30.169 10 INFO neutron.db.ovn_revision_numbers_db [None req-9d85373f-c276-48f4-a43d-6772abf93228 1e7dc8fe47e6429cb2bb978ca1cc15c6 648b6b88fee64ac1b19ebad9b51eece1 - - default default] Successfully bumped revision number for resource 0b755cc4-a8a9-430d-b478-fcd117df0883 (type: security_group_rules) to 0
2026-03-06 01:39:30.179 9 INFO neutron.db.ovn_revision_numbers_db [None req-0ab2f2a0-2e52-4ebc-aa09-9dfe3d9ee302 1e7dc8fe47e6429cb2bb978ca1cc15c6 648b6b88fee64ac1b19ebad9b51eece1 - - default default] Successfully bumped revision number for resource 3f006147-e6cb-4a79-ab15-d54b6f194a49 (type: security_group_rules) to 0
2026-03-06 01:39:30.182 10 INFO neutron.db.ovn_revision_numbers_db [None req-16fe0077-572e-49a7-82c7-572130044bca 1e7dc8fe47e6429cb2bb978ca1cc15c6 648b6b88fee64ac1b19ebad9b51eece1 - - default default] Successfully bumped revision number for resource 8ba60791-55ae-4d12-bac8-9e038f9f9a3d (type: security_group_rules) to 0
2026-03-06 01:39:30.184 10 INFO neutron.db.ovn_revision_numbers_db [None req-9d85373f-c276-48f4-a43d-6772abf93228 1e7dc8fe47e6429cb2bb978ca1cc15c6 648b6b88fee64ac1b19ebad9b51eece1 - - default default] Successfully bumped revision number for resource 75b37e65-851e-438a-a7fb-01a3c5d2900c (type: security_group_rules) to 0
2026-03-06 01:39:30.192 9 INFO neutron.db.ovn_revision_numbers_db [None req-0ab2f2a0-2e52-4ebc-aa09-9dfe3d9ee302 1e7dc8fe47e6429cb2bb978ca1cc15c6 648b6b88fee64ac1b19ebad9b51eece1 - - default default] Successfully bumped revision number for resource 57c5402f-671b-4722-90f2-62806760eb53 (type: security_group_rules) to 0
2026-03-06 01:39:30.200 10 INFO neutron.db.ovn_revision_numbers_db [None req-9d85373f-c276-48f4-a43d-6772abf93228 1e7dc8fe47e6429cb2bb978ca1cc15c6 648b6b88fee64ac1b19ebad9b51eece1 - - default default] Successfully bumped revision number for resource b0521806-80d2-42d8-ba70-3bb5dbdee8a1 (type: security_group_rules) to 0
2026-03-06 01:39:30.204 10 INFO neutron.db.ovn_revision_numbers_db [None req-16fe0077-572e-49a7-82c7-572130044bca 1e7dc8fe47e6429cb2bb978ca1cc15c6 648b6b88fee64ac1b19ebad9b51eece1 - - default default] Successfully bumped revision number for resource 9bd67916-e912-4fa8-8663-2f11e1340e7b (type: security_group_rules) to 0
2026-03-06 01:39:30.205 9 INFO neutron.db.ovn_revision_numbers_db [None req-0ab2f2a0-2e52-4ebc-aa09-9dfe3d9ee302 1e7dc8fe47e6429cb2bb978ca1cc15c6 648b6b88fee64ac1b19ebad9b51eece1 - - default default] Successfully bumped revision number for resource 5d21b9c8-8655-457b-8117-fcc6e3772ae2 (type: security_group_rules) to 0
2026-03-06 01:39:30.216 10 INFO neutron.db.ovn_revision_numbers_db [None req-9d85373f-c276-48f4-a43d-6772abf93228 1e7dc8fe47e6429cb2bb978ca1cc15c6 648b6b88fee64ac1b19ebad9b51eece1 - - default default] Successfully bumped revision number for resource c49cf66f-7d35-4e3f-b90d-9efdce351983 (type: security_group_rules) to 0
2026-03-06 01:39:30.218 9 INFO neutron.db.ovn_revision_numbers_db [None req-0ab2f2a0-2e52-4ebc-aa09-9dfe3d9ee302 1e7dc8fe47e6429cb2bb978ca1cc15c6 648b6b88fee64ac1b19ebad9b51eece1 - - default default] Successfully bumped revision number for resource 86a28cae-8eae-49a9-ae8f-1ddfcc613489 (type: security_group_rules) to 0
2026-03-06 01:39:30.219 10 INFO neutron.db.ovn_revision_numbers_db [None req-16fe0077-572e-49a7-82c7-572130044bca 1e7dc8fe47e6429cb2bb978ca1cc15c6 648b6b88fee64ac1b19ebad9b51eece1 - - default default] Successfully bumped revision number for resource dbdfeaa0-1b65-48d5-ade9-b7c48fc99134 (type: security_group_rules) to 0
2026-03-06 01:39:30.303 9 INFO neutron.db.segments_db [None req-0ab2f2a0-2e52-4ebc-aa09-9dfe3d9ee302 1e7dc8fe47e6429cb2bb978ca1cc15c6 648b6b88fee64ac1b19ebad9b51eece1 - - default default] Added segment 6e20d401-a891-4f2d-aef2-d979281c5edb of type geneve for network b5f8a1a1-e47c-47aa-89ae-5b75f66ac01e
2026-03-06 01:39:30.339 10 INFO neutron.db.segments_db [None req-9d85373f-c276-48f4-a43d-6772abf93228 1e7dc8fe47e6429cb2bb978ca1cc15c6 648b6b88fee64ac1b19ebad9b51eece1 - - default default] Added segment 1b956b97-f722-4a3c-8af2-2e450b14b52a of type geneve for network b4b7bd7f-3766-4113-b91d-fe92468b438a
2026-03-06 01:39:30.340 10 INFO neutron.db.segments_db [None req-16fe0077-572e-49a7-82c7-572130044bca 1e7dc8fe47e6429cb2bb978ca1cc15c6 648b6b88fee64ac1b19ebad9b51eece1 - - default default] Added segment 1d40b55c-2821-48c5-8929-3b474532bd2f of type geneve for network e1a70cd1-0875-44b8-99ad-d60877698a1e
2026-03-06 01:39:30.406 9 INFO neutron.db.ovn_revision_numbers_db [None req-0ab2f2a0-2e52-4ebc-aa09-9dfe3d9ee302 1e7dc8fe47e6429cb2bb978ca1cc15c6 648b6b88fee64ac1b19ebad9b51eece1 - - default default] Successfully bumped revision number for resource b5f8a1a1-e47c-47aa-89ae-5b75f66ac01e (type: networks) to 1
2026-03-06 01:39:30.468 10 INFO neutron.db.ovn_revision_numbers_db [None req-9d85373f-c276-48f4-a43d-6772abf93228 1e7dc8fe47e6429cb2bb978ca1cc15c6 648b6b88fee64ac1b19ebad9b51eece1 - - default default] Successfully bumped revision number for resource b4b7bd7f-3766-4113-b91d-fe92468b438a (type: networks) to 1
2026-03-06 01:39:30.470 10 INFO neutron.db.ovn_revision_numbers_db [None req-16fe0077-572e-49a7-82c7-572130044bca 1e7dc8fe47e6429cb2bb978ca1cc15c6 648b6b88fee64ac1b19ebad9b51eece1 - - default default] Successfully bumped revision number for resource e1a70cd1-0875-44b8-99ad-d60877698a1e (type: networks) to 1
2026-03-06 01:39:30.572 9 WARNING neutron.scheduler.dhcp_agent_scheduler [None req-0ab2f2a0-2e52-4ebc-aa09-9dfe3d9ee302 1e7dc8fe47e6429cb2bb978ca1cc15c6 648b6b88fee64ac1b19ebad9b51eece1 - - default default] No more DHCP agents
2026-03-06 01:39:30.573 9 WARNING neutron.api.rpc.agentnotifiers.dhcp_rpc_agent_api [None req-0ab2f2a0-2e52-4ebc-aa09-9dfe3d9ee302 1e7dc8fe47e6429cb2bb978ca1cc15c6 648b6b88fee64ac1b19ebad9b51eece1 - - default default] Unable to schedule network b5f8a1a1-e47c-47aa-89ae-5b75f66ac01e: no agents available; will retry on subsequent port and subnet creation events.
2026-03-06 01:39:30.621 10 WARNING neutron.scheduler.dhcp_agent_scheduler [None req-9d85373f-c276-48f4-a43d-6772abf93228 1e7dc8fe47e6429cb2bb978ca1cc15c6 648b6b88fee64ac1b19ebad9b51eece1 - - default default] No more DHCP agents
2026-03-06 01:39:30.622 10 WARNING neutron.api.rpc.agentnotifiers.dhcp_rpc_agent_api [None req-9d85373f-c276-48f4-a43d-6772abf93228 1e7dc8fe47e6429cb2bb978ca1cc15c6 648b6b88fee64ac1b19ebad9b51eece1 - - default default] Unable to schedule network b4b7bd7f-3766-4113-b91d-fe92468b438a: no agents available; will retry on subsequent port and subnet creation events.
2026-03-06 01:39:30.626 9 INFO neutron.db.ovn_revision_numbers_db [None req-0ab2f2a0-2e52-4ebc-aa09-9dfe3d9ee302 1e7dc8fe47e6429cb2bb978ca1cc15c6 648b6b88fee64ac1b19ebad9b51eece1 - - default default] Successfully bumped revision number for resource 83bb20cb-dde6-44cf-adf6-231049690331 (type: ports) to 1
2026-03-06 01:39:30.629 10 WARNING neutron.scheduler.dhcp_agent_scheduler [None req-16fe0077-572e-49a7-82c7-572130044bca 1e7dc8fe47e6429cb2bb978ca1cc15c6 648b6b88fee64ac1b19ebad9b51eece1 - - default default] No more DHCP agents
2026-03-06 01:39:30.631 10 WARNING neutron.api.rpc.agentnotifiers.dhcp_rpc_agent_api [None req-16fe0077-572e-49a7-82c7-572130044bca 1e7dc8fe47e6429cb2bb978ca1cc15c6 648b6b88fee64ac1b19ebad9b51eece1 - - default default] Unable to schedule network e1a70cd1-0875-44b8-99ad-d60877698a1e: no agents available; will retry on subsequent port and subnet creation events.
2026-03-06 01:39:30.648 9 INFO neutron.api.wsgi [None req-0ab2f2a0-2e52-4ebc-aa09-9dfe3d9ee302 1e7dc8fe47e6429cb2bb978ca1cc15c6 648b6b88fee64ac1b19ebad9b51eece1 - - default default] 10.0.0.122 "POST /v2.0/networks HTTP/1.1" status: 201 len: 946 time: 0.7615812
2026-03-06 01:39:30.689 10 INFO neutron.db.ovn_revision_numbers_db [None req-9d85373f-c276-48f4-a43d-6772abf93228 1e7dc8fe47e6429cb2bb978ca1cc15c6 648b6b88fee64ac1b19ebad9b51eece1 - - default default] Successfully bumped revision number for resource e4a9d360-b189-4e8a-8f7d-708f0475fa59 (type: ports) to 1
2026-03-06 01:39:30.691 10 INFO neutron.db.ovn_revision_numbers_db [None req-16fe0077-572e-49a7-82c7-572130044bca 1e7dc8fe47e6429cb2bb978ca1cc15c6 648b6b88fee64ac1b19ebad9b51eece1 - - default default] Successfully bumped revision number for resource 168ed8f0-039f-4d52-a889-8194b11d3565 (type: ports) to 1
2026-03-06 01:39:30.710 10 INFO neutron.api.wsgi [None req-9d85373f-c276-48f4-a43d-6772abf93228 1e7dc8fe47e6429cb2bb978ca1cc15c6 648b6b88fee64ac1b19ebad9b51eece1 - - default default] 10.0.0.122 "POST /v2.0/networks HTTP/1.1" status: 201 len: 950 time: 0.8250542
2026-03-06 01:39:30.717 10 INFO neutron.api.wsgi [None req-16fe0077-572e-49a7-82c7-572130044bca 1e7dc8fe47e6429cb2bb978ca1cc15c6 648b6b88fee64ac1b19ebad9b51eece1 - - default default] 10.0.0.122 "POST /v2.0/networks HTTP/1.1" status: 201 len: 950 time: 0.7923543
2026-03-06 01:39:30.846 9 WARNING neutron.scheduler.dhcp_agent_scheduler [None req-ddc8eb53-6546-41b1-b3e5-6122d08330b3 1e7dc8fe47e6429cb2bb978ca1cc15c6 648b6b88fee64ac1b19ebad9b51eece1 - - default default] No more DHCP agents
2026-03-06 01:39:30.852 9 WARNING neutron.api.rpc.agentnotifiers.dhcp_rpc_agent_api [None req-ddc8eb53-6546-41b1-b3e5-6122d08330b3 1e7dc8fe47e6429cb2bb978ca1cc15c6 648b6b88fee64ac1b19ebad9b51eece1 - - default default] Unable to schedule network b5f8a1a1-e47c-47aa-89ae-5b75f66ac01e: no agents available; will retry on subsequent port and subnet creation events.
2026-03-06 01:39:30.853 10 WARNING neutron.scheduler.dhcp_agent_scheduler [None req-4ddbbdfc-456a-42a1-8ee4-624e15382d8e 1e7dc8fe47e6429cb2bb978ca1cc15c6 648b6b88fee64ac1b19ebad9b51eece1 - - default default] No more DHCP agents
2026-03-06 01:39:30.855 10 WARNING neutron.api.rpc.agentnotifiers.dhcp_rpc_agent_api [None req-4ddbbdfc-456a-42a1-8ee4-624e15382d8e 1e7dc8fe47e6429cb2bb978ca1cc15c6 648b6b88fee64ac1b19ebad9b51eece1 - - default default] Unable to schedule network b4b7bd7f-3766-4113-b91d-fe92468b438a: no agents available; will retry on subsequent port and subnet creation events.
2026-03-06 01:39:30.948 9 WARNING neutron.scheduler.dhcp_agent_scheduler [None req-2cd34e63-d6b6-45b9-93a9-177b2d2ef8db 1e7dc8fe47e6429cb2bb978ca1cc15c6 648b6b88fee64ac1b19ebad9b51eece1 - - default default] No more DHCP agents
2026-03-06 01:39:30.952 9 WARNING neutron.api.rpc.agentnotifiers.dhcp_rpc_agent_api [None req-2cd34e63-d6b6-45b9-93a9-177b2d2ef8db 1e7dc8fe47e6429cb2bb978ca1cc15c6 648b6b88fee64ac1b19ebad9b51eece1 - - default default] Unable to schedule network e1a70cd1-0875-44b8-99ad-d60877698a1e: no agents available; will retry on subsequent port and subnet creation events.
2026-03-06 01:39:31.004 9 INFO neutron.db.ovn_revision_numbers_db [None req-05d98108-4ef1-4c4b-b762-ba568ef64bb9 1e7dc8fe47e6429cb2bb978ca1cc15c6 648b6b88fee64ac1b19ebad9b51eece1 - - default default] Successfully bumped revision number for resource 206493ca-2cb4-4ef8-831b-ab708b1fde6d (type: security_groups) to 1
2026-03-06 01:39:31.028 9 INFO neutron.db.ovn_revision_numbers_db [None req-05d98108-4ef1-4c4b-b762-ba568ef64bb9 1e7dc8fe47e6429cb2bb978ca1cc15c6 648b6b88fee64ac1b19ebad9b51eece1 - - default default] Successfully bumped revision number for resource 1d6ac41d-588d-4146-b94d-1733b34c8a61 (type: security_group_rules) to 0
2026-03-06 01:39:31.052 9 INFO neutron.db.ovn_revision_numbers_db [None req-05d98108-4ef1-4c4b-b762-ba568ef64bb9 1e7dc8fe47e6429cb2bb978ca1cc15c6 648b6b88fee64ac1b19ebad9b51eece1 - - default default] Successfully bumped revision number for resource 3ed27f59-e1c3-4700-971d-5fecee528e66 (type: security_group_rules) to 0
2026-03-06 01:39:31.082 9 INFO neutron.db.ovn_revision_numbers_db [None req-05d98108-4ef1-4c4b-b762-ba568ef64bb9 1e7dc8fe47e6429cb2bb978ca1cc15c6 648b6b88fee64ac1b19ebad9b51eece1 - - default default] Successfully bumped revision number for resource 6ad9dad9-a59b-4ad7-817b-a8a0911597b8 (type: security_group_rules) to 0
2026-03-06 01:39:31.115 9 INFO neutron.db.ovn_revision_numbers_db [None req-05d98108-4ef1-4c4b-b762-ba568ef64bb9 1e7dc8fe47e6429cb2bb978ca1cc15c6 648b6b88fee64ac1b19ebad9b51eece1 - - default default] Successfully bumped revision number for resource 71a32407-2659-447c-902a-17bd78492ef4 (type: security_group_rules) to 0
2026-03-06 01:39:31.173 9 INFO neutron.api.wsgi [None req-05d98108-4ef1-4c4b-b762-ba568ef64bb9 1e7dc8fe47e6429cb2bb978ca1cc15c6 648b6b88fee64ac1b19ebad9b51eece1 - - default default] 10.0.0.122 "GET /v2.0/security-groups?tenant_id=86ef6d55c6a2465198b492a7ab958e80&name=default HTTP/1.1" status: 200 len: 3116 time: 0.4869108
2026-03-06 01:39:31.308 10 INFO neutron.db.ovn_revision_numbers_db [None req-53e9e65f-fc38-4ac5-9589-72054d6b0638 - - - - - -] Successfully bumped revision number for resource e4a9d360-b189-4e8a-8f7d-708f0475fa59 (type: ports) to 2
2026-03-06 01:39:31.340 10 INFO neutron.db.ovn_revision_numbers_db [None req-53e9e65f-fc38-4ac5-9589-72054d6b0638 - - - - - -] Successfully bumped revision number for resource 867e65e4-8dfd-4cd2-ac44-4bd28936bebe (type: subnets) to 0
2026-03-06 01:39:31.357 10 INFO neutron.api.wsgi [None req-4ddbbdfc-456a-42a1-8ee4-624e15382d8e 1e7dc8fe47e6429cb2bb978ca1cc15c6 648b6b88fee64ac1b19ebad9b51eece1 - - default default] 10.0.0.122 "POST /v2.0/subnets HTTP/1.1" status: 201 len: 894 time: 0.6431177
2026-03-06 01:39:31.418 10 INFO neutron.api.wsgi [None req-d363a323-c37a-405b-a12f-7340507b11af 1e7dc8fe47e6429cb2bb978ca1cc15c6 648b6b88fee64ac1b19ebad9b51eece1 - - default default] 10.0.0.122 "DELETE /v2.0/security-groups/206493ca-2cb4-4ef8-831b-ab708b1fde6d HTTP/1.1" status: 204 len: 168 time: 0.2382205
2026-03-06 01:39:31.609 9 INFO neutron.db.ovn_revision_numbers_db [None req-61e2585f-717c-40f9-a3bf-5672991fc2f8 - - - - - -] Successfully bumped revision number for resource 83bb20cb-dde6-44cf-adf6-231049690331 (type: ports) to 2
2026-03-06 01:39:31.684 9 INFO neutron.db.ovn_revision_numbers_db [None req-61e2585f-717c-40f9-a3bf-5672991fc2f8 - - - - - -] Successfully bumped revision number for resource 0d6b6493-a918-47f6-bf9e-79a9f9de1f76 (type: subnets) to 0
2026-03-06 01:39:31.721 9 INFO neutron.api.wsgi [None req-ddc8eb53-6546-41b1-b3e5-6122d08330b3 1e7dc8fe47e6429cb2bb978ca1cc15c6 648b6b88fee64ac1b19ebad9b51eece1 - - default default] 10.0.0.122 "POST /v2.0/subnets HTTP/1.1" status: 201 len: 890 time: 1.0676186
2026-03-06 01:39:31.736 9 INFO neutron.db.ovn_revision_numbers_db [None req-8e4a05b8-ca8e-43c5-a529-768035e3780d - - - - - -] Successfully bumped revision number for resource 168ed8f0-039f-4d52-a889-8194b11d3565 (type: ports) to 2
2026-03-06 01:39:31.776 9 INFO neutron.db.ovn_revision_numbers_db [None req-8e4a05b8-ca8e-43c5-a529-768035e3780d - - - - - -] Successfully bumped revision number for resource 4ab1fb80-78de-48a4-b70e-430c12c48349 (type: subnets) to 0
2026-03-06 01:39:31.794 9 INFO neutron.api.wsgi [None req-2cd34e63-d6b6-45b9-93a9-177b2d2ef8db 1e7dc8fe47e6429cb2bb978ca1cc15c6 648b6b88fee64ac1b19ebad9b51eece1 - - default default] 10.0.0.122 "POST /v2.0/subnets HTTP/1.1" status: 201 len: 894 time: 1.0713592
2026-03-06 01:39:32.079 9 WARNING neutron.scheduler.dhcp_agent_scheduler [None req-5e6e8f7b-25db-440a-9fff-a7d1ce52d027 1e7dc8fe47e6429cb2bb978ca1cc15c6 648b6b88fee64ac1b19ebad9b51eece1 - - default default] No more DHCP agents
2026-03-06 01:39:32.081 9 WARNING neutron.api.rpc.agentnotifiers.dhcp_rpc_agent_api [None req-5e6e8f7b-25db-440a-9fff-a7d1ce52d027 1e7dc8fe47e6429cb2bb978ca1cc15c6 648b6b88fee64ac1b19ebad9b51eece1 - - default default] Unable to schedule network 60b3b246-5c65-4e19-9956-25f1b7f50095: no agents available; will retry on subsequent port and subnet creation events.
2026-03-06 01:39:32.185 9 INFO neutron.db.ovn_revision_numbers_db [None req-5e6e8f7b-25db-440a-9fff-a7d1ce52d027 1e7dc8fe47e6429cb2bb978ca1cc15c6 648b6b88fee64ac1b19ebad9b51eece1 - - default default] Successfully bumped revision number for resource 7937c90f-2fa4-4d53-bbbd-9b50eb4c1918 (type: ports) to 1
2026-03-06 01:39:32.301 10 WARNING neutron.scheduler.dhcp_agent_scheduler [None req-c7faf836-1d86-4a01-8e15-94d053a92451 1e7dc8fe47e6429cb2bb978ca1cc15c6 648b6b88fee64ac1b19ebad9b51eece1 - - default default] No more DHCP agents
2026-03-06 01:39:32.302 10 WARNING neutron.api.rpc.agentnotifiers.dhcp_rpc_agent_api [None req-c7faf836-1d86-4a01-8e15-94d053a92451 1e7dc8fe47e6429cb2bb978ca1cc15c6 648b6b88fee64ac1b19ebad9b51eece1 - - default default] Unable to schedule network 60b3b246-5c65-4e19-9956-25f1b7f50095: no agents available; will retry on subsequent port and subnet creation events.
2026-03-06 01:39:32.326 9 WARNING neutron.scheduler.dhcp_agent_scheduler [None req-b9418a95-6338-46f1-bf6b-f55439cc9302 1e7dc8fe47e6429cb2bb978ca1cc15c6 648b6b88fee64ac1b19ebad9b51eece1 - - default default] No more DHCP agents
2026-03-06 01:39:32.328 9 WARNING neutron.api.rpc.agentnotifiers.dhcp_rpc_agent_api [None req-b9418a95-6338-46f1-bf6b-f55439cc9302 1e7dc8fe47e6429cb2bb978ca1cc15c6 648b6b88fee64ac1b19ebad9b51eece1 - - default default] Unable to schedule network 60b3b246-5c65-4e19-9956-25f1b7f50095: no agents available; will retry on subsequent port and subnet creation events.
2026-03-06 01:39:32.411 10 INFO neutron.db.ovn_revision_numbers_db [None req-c7faf836-1d86-4a01-8e15-94d053a92451 1e7dc8fe47e6429cb2bb978ca1cc15c6 648b6b88fee64ac1b19ebad9b51eece1 - - default default] Successfully bumped revision number for resource c638c70c-ca1f-43ea-921e-ffde1790a31a (type: ports) to 1
2026-03-06 01:39:32.466 9 INFO neutron.db.ovn_revision_numbers_db [None req-b9418a95-6338-46f1-bf6b-f55439cc9302 1e7dc8fe47e6429cb2bb978ca1cc15c6 648b6b88fee64ac1b19ebad9b51eece1 - - default default] Successfully bumped revision number for resource ddb74485-7c8d-46c7-9f03-36331858d60d (type: ports) to 1
2026-03-06 01:39:32.485 9 INFO neutron.plugins.ml2.drivers.ovn.mech_driver.ovsdb.extensions.qos [None req-5e6e8f7b-25db-440a-9fff-a7d1ce52d027 1e7dc8fe47e6429cb2bb978ca1cc15c6 648b6b88fee64ac1b19ebad9b51eece1 - - default default] Starting OVNClientQosExtension
2026-03-06 01:39:32.672 10 INFO neutron.plugins.ml2.drivers.ovn.mech_driver.ovsdb.extensions.qos [None req-c7faf836-1d86-4a01-8e15-94d053a92451 1e7dc8fe47e6429cb2bb978ca1cc15c6 648b6b88fee64ac1b19ebad9b51eece1 - - default default] Starting OVNClientQosExtension
2026-03-06 01:39:32.852 9 INFO neutron.plugins.ml2.drivers.ovn.mech_driver.ovsdb.commands [None req-561e6e8b-9f72-4dec-86fb-09f2b9f9d32a - - - - - -] Schedule LRP lrp-7937c90f-2fa4-4d53-bbbd-9b50eb4c1918 on gateway dc7bffda-cb5e-4580-b311-7859ed7c6048 with priority 1
2026-03-06 01:39:32.861 10 INFO neutron.plugins.ml2.drivers.ovn.mech_driver.mech_driver [None req-720ae7fc-1932-459d-a9d3-4400c1906412 - - - - - -] OVN reports status up for port: 7937c90f-2fa4-4d53-bbbd-9b50eb4c1918
2026-03-06 01:39:32.876 10 INFO neutron.plugins.ml2.plugin [None req-720ae7fc-1932-459d-a9d3-4400c1906412 - - - - - -] Attempt 1 to provision port 7937c90f-2fa4-4d53-bbbd-9b50eb4c1918
2026-03-06 01:39:32.878 9 INFO neutron.plugins.ml2.drivers.ovn.mech_driver.ovsdb.ovsdb_monitor [-] Router 258f7b93-2857-4e0d-a8a7-fadaab351f4a is bound to host instance
2026-03-06 01:39:32.991 10 INFO neutron.plugins.ml2.drivers.ovn.mech_driver.ovsdb.commands [None req-cfa7875d-d279-4e7f-8031-865179ad1e4b - - - - - -] Schedule LRP lrp-c638c70c-ca1f-43ea-921e-ffde1790a31a on gateway dc7bffda-cb5e-4580-b311-7859ed7c6048 with priority 1
2026-03-06 01:39:33.019 10 INFO neutron.plugins.ml2.drivers.ovn.mech_driver.ovsdb.ovsdb_monitor [-] Router ff2bca36-76ac-4b6d-8425-f8fc45a25d9b is bound to host instance
2026-03-06 01:39:33.030 9 INFO neutron.db.ovn_revision_numbers_db [None req-5e6e8f7b-25db-440a-9fff-a7d1ce52d027 1e7dc8fe47e6429cb2bb978ca1cc15c6 648b6b88fee64ac1b19ebad9b51eece1 - - default default] Successfully bumped revision number for resource 7937c90f-2fa4-4d53-bbbd-9b50eb4c1918 (type: router_ports) to 1
2026-03-06 01:39:33.073 10 INFO neutron.db.ovn_revision_numbers_db [None req-c7faf836-1d86-4a01-8e15-94d053a92451 1e7dc8fe47e6429cb2bb978ca1cc15c6 648b6b88fee64ac1b19ebad9b51eece1 - - default default] Successfully bumped revision number for resource c638c70c-ca1f-43ea-921e-ffde1790a31a (type: router_ports) to 1
2026-03-06 01:39:33.132 9 INFO neutron.db.ovn_revision_numbers_db [None req-5e6e8f7b-25db-440a-9fff-a7d1ce52d027 1e7dc8fe47e6429cb2bb978ca1cc15c6 648b6b88fee64ac1b19ebad9b51eece1 - - default default] Successfully bumped revision number for resource 258f7b93-2857-4e0d-a8a7-fadaab351f4a (type: routers) to 2
2026-03-06 01:39:33.151 9 INFO neutron.api.wsgi [None req-5e6e8f7b-25db-440a-9fff-a7d1ce52d027 1e7dc8fe47e6429cb2bb978ca1cc15c6 648b6b88fee64ac1b19ebad9b51eece1 - - default default] 10.0.0.122 "POST /v2.0/routers HTTP/1.1" status: 201 len: 1172 time: 1.7880180
2026-03-06 01:39:33.300 10 INFO neutron.db.ovn_revision_numbers_db [None req-c7faf836-1d86-4a01-8e15-94d053a92451 1e7dc8fe47e6429cb2bb978ca1cc15c6 648b6b88fee64ac1b19ebad9b51eece1 - - default default] Successfully bumped revision number for resource ff2bca36-76ac-4b6d-8425-f8fc45a25d9b (type: routers) to 2
2026-03-06 01:39:33.317 10 INFO neutron.api.wsgi [None req-c7faf836-1d86-4a01-8e15-94d053a92451 1e7dc8fe47e6429cb2bb978ca1cc15c6 648b6b88fee64ac1b19ebad9b51eece1 - - default default] 10.0.0.122 "POST /v2.0/routers HTTP/1.1" status: 201 len: 1168 time: 1.5889165
2026-03-06 01:39:33.337 9 INFO neutron.plugins.ml2.drivers.ovn.mech_driver.ovsdb.commands [None req-561e6e8b-9f72-4dec-86fb-09f2b9f9d32a - - - - - -] Schedule LRP lrp-ddb74485-7c8d-46c7-9f03-36331858d60d on gateway dc7bffda-cb5e-4580-b311-7859ed7c6048 with priority 1
2026-03-06 01:39:33.352 9 INFO neutron.plugins.ml2.drivers.ovn.mech_driver.mech_driver [None req-32e0844c-a47d-4dd4-874b-160410c9db92 - - - - - -] OVN reports status up for port: ddb74485-7c8d-46c7-9f03-36331858d60d
2026-03-06 01:39:33.387 9 INFO neutron.plugins.ml2.plugin [None req-32e0844c-a47d-4dd4-874b-160410c9db92 - - - - - -] Attempt 1 to provision port ddb74485-7c8d-46c7-9f03-36331858d60d
2026-03-06 01:39:33.415 9 INFO neutron.db.ovn_revision_numbers_db [None req-b9418a95-6338-46f1-bf6b-f55439cc9302 1e7dc8fe47e6429cb2bb978ca1cc15c6 648b6b88fee64ac1b19ebad9b51eece1 - - default default] Successfully bumped revision number for resource ddb74485-7c8d-46c7-9f03-36331858d60d (type: router_ports) to 1
2026-03-06 01:39:33.543 9 INFO neutron.db.ovn_revision_numbers_db [None req-b9418a95-6338-46f1-bf6b-f55439cc9302 1e7dc8fe47e6429cb2bb978ca1cc15c6 648b6b88fee64ac1b19ebad9b51eece1 - - default default] Successfully bumped revision number for resource f14ca040-c3eb-4d79-b87b-08b9e83597e1 (type: routers) to 2
2026-03-06 01:39:33.569 9 INFO neutron.api.wsgi [None req-b9418a95-6338-46f1-bf6b-f55439cc9302 1e7dc8fe47e6429cb2bb978ca1cc15c6 648b6b88fee64ac1b19ebad9b51eece1 - - default default] 10.0.0.122 "POST /v2.0/routers HTTP/1.1" status: 201 len: 1172 time: 1.7671559
2026-03-06 01:39:33.577 9 INFO neutron.db.ovn_revision_numbers_db [None req-dd3a20a6-4e37-4cda-b21d-f17b5f3e7c60 1e7dc8fe47e6429cb2bb978ca1cc15c6 648b6b88fee64ac1b19ebad9b51eece1 - - default default] Successfully bumped revision number for resource d6fa00fd-3092-4499-8f88-8ee683aea97c (type: security_groups) to 1
2026-03-06 01:39:33.635 9 INFO neutron.db.ovn_revision_numbers_db [None req-dd3a20a6-4e37-4cda-b21d-f17b5f3e7c60 1e7dc8fe47e6429cb2bb978ca1cc15c6 648b6b88fee64ac1b19ebad9b51eece1 - - default default] Successfully bumped revision number for resource 03974544-f46e-4e17-b0f4-921b6a0c909e (type: security_group_rules) to 0
2026-03-06 01:39:33.664 9 INFO neutron.db.ovn_revision_numbers_db [None req-dd3a20a6-4e37-4cda-b21d-f17b5f3e7c60 1e7dc8fe47e6429cb2bb978ca1cc15c6 648b6b88fee64ac1b19ebad9b51eece1 - - default default] Successfully bumped revision number for resource 3d21c05e-2256-4f96-8a02-517523c5544e (type: security_group_rules) to 0
2026-03-06 01:39:33.670 10 INFO neutron.db.ovn_revision_numbers_db [None req-1bebb580-0584-45df-9a59-7359d1d28986 - - - - - -] Successfully bumped revision number for resource c638c70c-ca1f-43ea-921e-ffde1790a31a (type: ports) to 1
2026-03-06 01:39:33.689 9 INFO neutron.db.ovn_revision_numbers_db [None req-dd3a20a6-4e37-4cda-b21d-f17b5f3e7c60 1e7dc8fe47e6429cb2bb978ca1cc15c6 648b6b88fee64ac1b19ebad9b51eece1 - - default default] Successfully bumped revision number for resource a83982d9-6fc4-45e4-a8a9-a5343f806a06 (type: security_group_rules) to 0
2026-03-06 01:39:33.721 9 INFO neutron.db.ovn_revision_numbers_db [None req-dd3a20a6-4e37-4cda-b21d-f17b5f3e7c60 1e7dc8fe47e6429cb2bb978ca1cc15c6 648b6b88fee64ac1b19ebad9b51eece1 - - default default] Successfully bumped revision number for resource ad44211b-e781-43d6-a967-4cb29090fcad (type: security_group_rules) to 0
2026-03-06 01:39:33.776 9 INFO neutron.db.ovn_revision_numbers_db [None req-ca94dbfb-e085-49b2-a3c9-61a6ffd5df39 - - - - - -] Successfully bumped revision number for resource 7937c90f-2fa4-4d53-bbbd-9b50eb4c1918 (type: ports) to 1
2026-03-06 01:39:33.809 10 WARNING neutron.scheduler.dhcp_agent_scheduler [None req-083a91a7-1ad6-4117-a6b1-3a8612e7a2cf 1e7dc8fe47e6429cb2bb978ca1cc15c6 648b6b88fee64ac1b19ebad9b51eece1 - - default default] No more DHCP agents
2026-03-06 01:39:33.811 10 WARNING neutron.api.rpc.agentnotifiers.dhcp_rpc_agent_api [None req-083a91a7-1ad6-4117-a6b1-3a8612e7a2cf 1e7dc8fe47e6429cb2bb978ca1cc15c6 648b6b88fee64ac1b19ebad9b51eece1 - - default default] Unable to schedule network b5f8a1a1-e47c-47aa-89ae-5b75f66ac01e: no agents available; will retry on subsequent port and subnet creation events.
2026-03-06 01:39:33.843 9 INFO neutron.db.segments_db [None req-dd3a20a6-4e37-4cda-b21d-f17b5f3e7c60 1e7dc8fe47e6429cb2bb978ca1cc15c6 648b6b88fee64ac1b19ebad9b51eece1 - - default default] Added segment bcde121b-033e-4ae7-8937-168fbbb28957 of type geneve for network ad1cfa2f-efab-48a1-9dc6-867d6d8fe261
2026-03-06 01:39:33.918 10 INFO neutron.db.ovn_revision_numbers_db [None req-083a91a7-1ad6-4117-a6b1-3a8612e7a2cf 1e7dc8fe47e6429cb2bb978ca1cc15c6 648b6b88fee64ac1b19ebad9b51eece1 - - default default] Successfully bumped revision number for resource 5e9df203-8b32-49f2-8f06-fe46352c11d9 (type: ports) to 1
2026-03-06 01:39:34.006 9 WARNING neutron.scheduler.dhcp_agent_scheduler [None req-49da2779-893e-4af7-9ad3-7416055b7788 1e7dc8fe47e6429cb2bb978ca1cc15c6 648b6b88fee64ac1b19ebad9b51eece1 - - default default] No more DHCP agents
2026-03-06 01:39:34.011 9 WARNING neutron.api.rpc.agentnotifiers.dhcp_rpc_agent_api [None req-49da2779-893e-4af7-9ad3-7416055b7788 1e7dc8fe47e6429cb2bb978ca1cc15c6 648b6b88fee64ac1b19ebad9b51eece1 - - default default] Unable to schedule network b4b7bd7f-3766-4113-b91d-fe92468b438a: no agents available; will retry on subsequent port and subnet creation events.
2026-03-06 01:39:34.054 10 INFO neutron.db.ovn_revision_numbers_db [None req-1bebb580-0584-45df-9a59-7359d1d28986 - - - - - -] Successfully bumped revision number for resource c638c70c-ca1f-43ea-921e-ffde1790a31a (type: ports) to 4
2026-03-06 01:39:34.081 9 INFO neutron.db.ovn_revision_numbers_db [None req-dd3a20a6-4e37-4cda-b21d-f17b5f3e7c60 1e7dc8fe47e6429cb2bb978ca1cc15c6 648b6b88fee64ac1b19ebad9b51eece1 - - default default] Successfully bumped revision number for resource ad1cfa2f-efab-48a1-9dc6-867d6d8fe261 (type: networks) to 1
2026-03-06 01:39:34.211 9 INFO neutron.db.ovn_revision_numbers_db [None req-49da2779-893e-4af7-9ad3-7416055b7788 1e7dc8fe47e6429cb2bb978ca1cc15c6 648b6b88fee64ac1b19ebad9b51eece1 - - default default] Successfully bumped revision number for resource e67d4126-dc12-42e8-89e8-8176c17e8d72 (type: ports) to 1
2026-03-06 01:39:34.493 9 WARNING neutron.scheduler.dhcp_agent_scheduler [None req-15013010-a2f1-44c7-bd63-d87c26e21263 1e7dc8fe47e6429cb2bb978ca1cc15c6 648b6b88fee64ac1b19ebad9b51eece1 - - default default] No more DHCP agents
2026-03-06 01:39:34.495 9 WARNING neutron.api.rpc.agentnotifiers.dhcp_rpc_agent_api [None req-15013010-a2f1-44c7-bd63-d87c26e21263 1e7dc8fe47e6429cb2bb978ca1cc15c6 648b6b88fee64ac1b19ebad9b51eece1 - - default default] Unable to schedule network e1a70cd1-0875-44b8-99ad-d60877698a1e: no agents available; will retry on subsequent port and subnet creation events.
2026-03-06 01:39:34.496 9 WARNING neutron.scheduler.dhcp_agent_scheduler [None req-dd3a20a6-4e37-4cda-b21d-f17b5f3e7c60 1e7dc8fe47e6429cb2bb978ca1cc15c6 648b6b88fee64ac1b19ebad9b51eece1 - - default default] No more DHCP agents
2026-03-06 01:39:34.498 9 WARNING neutron.api.rpc.agentnotifiers.dhcp_rpc_agent_api [None req-dd3a20a6-4e37-4cda-b21d-f17b5f3e7c60 1e7dc8fe47e6429cb2bb978ca1cc15c6 648b6b88fee64ac1b19ebad9b51eece1 - - default default] Unable to schedule network ad1cfa2f-efab-48a1-9dc6-867d6d8fe261: no agents available; will retry on subsequent port and subnet creation events.
2026-03-06 01:39:34.502 9 INFO neutron.db.ovn_revision_numbers_db [None req-ca94dbfb-e085-49b2-a3c9-61a6ffd5df39 - - - - - -] Successfully bumped revision number for resource 7937c90f-2fa4-4d53-bbbd-9b50eb4c1918 (type: ports) to 4
2026-03-06 01:39:34.524 10 INFO neutron.db.ovn_revision_numbers_db [None req-1bebb580-0584-45df-9a59-7359d1d28986 - - - - - -] Successfully bumped revision number for resource c638c70c-ca1f-43ea-921e-ffde1790a31a (type: ports) to 5
2026-03-06 01:39:34.603 9 INFO neutron.db.ovn_revision_numbers_db [None req-dd3a20a6-4e37-4cda-b21d-f17b5f3e7c60 1e7dc8fe47e6429cb2bb978ca1cc15c6 648b6b88fee64ac1b19ebad9b51eece1 - - default default] Successfully bumped revision number for resource d1805dc5-e24f-484c-9347-95b04a36d005 (type: ports) to 1
2026-03-06 01:39:34.649 9 INFO neutron.api.wsgi [None req-dd3a20a6-4e37-4cda-b21d-f17b5f3e7c60 1e7dc8fe47e6429cb2bb978ca1cc15c6 648b6b88fee64ac1b19ebad9b51eece1 - - default default] 10.0.0.122 "POST /v2.0/networks HTTP/1.1" status: 201 len: 940 time: 1.5381236
2026-03-06 01:39:34.707 10 INFO neutron.db.ovn_revision_numbers_db [None req-083a91a7-1ad6-4117-a6b1-3a8612e7a2cf 1e7dc8fe47e6429cb2bb978ca1cc15c6 648b6b88fee64ac1b19ebad9b51eece1 - - default default] Successfully bumped revision number for resource 5e9df203-8b32-49f2-8f06-fe46352c11d9 (type: ports) to 1
2026-03-06 01:39:34.710 9 INFO neutron.db.ovn_revision_numbers_db [None req-15013010-a2f1-44c7-bd63-d87c26e21263 1e7dc8fe47e6429cb2bb978ca1cc15c6 648b6b88fee64ac1b19ebad9b51eece1 - - default default] Successfully bumped revision number for resource c259e0f5-2606-4b8f-9ea0-eac3e0ed4480 (type: ports) to 1
2026-03-06 01:39:34.783 10 WARNING neutron.scheduler.dhcp_agent_scheduler [None req-083a91a7-1ad6-4117-a6b1-3a8612e7a2cf 1e7dc8fe47e6429cb2bb978ca1cc15c6 648b6b88fee64ac1b19ebad9b51eece1 - - default default] No more DHCP agents
2026-03-06 01:39:34.784 10 WARNING neutron.api.rpc.agentnotifiers.dhcp_rpc_agent_api [None req-083a91a7-1ad6-4117-a6b1-3a8612e7a2cf 1e7dc8fe47e6429cb2bb978ca1cc15c6 648b6b88fee64ac1b19ebad9b51eece1 - - default default] Unable to schedule network b5f8a1a1-e47c-47aa-89ae-5b75f66ac01e: no agents available; will retry on subsequent port and subnet creation events.
2026-03-06 01:39:34.937 9 WARNING neutron.scheduler.dhcp_agent_scheduler [None req-4307a6ae-aaf7-4c1e-9e28-17b062722127 1e7dc8fe47e6429cb2bb978ca1cc15c6 648b6b88fee64ac1b19ebad9b51eece1 - - default default] No more DHCP agents
2026-03-06 01:39:34.939 9 WARNING neutron.api.rpc.agentnotifiers.dhcp_rpc_agent_api [None req-4307a6ae-aaf7-4c1e-9e28-17b062722127 1e7dc8fe47e6429cb2bb978ca1cc15c6 648b6b88fee64ac1b19ebad9b51eece1 - - default default] Unable to schedule network ad1cfa2f-efab-48a1-9dc6-867d6d8fe261: no agents available; will retry on subsequent port and subnet creation events.
2026-03-06 01:39:35.113 9 INFO neutron.db.ovn_revision_numbers_db [None req-ca94dbfb-e085-49b2-a3c9-61a6ffd5df39 - - - - - -] Successfully bumped revision number for resource 7937c90f-2fa4-4d53-bbbd-9b50eb4c1918 (type: ports) to 5
2026-03-06 01:39:35.252 9 INFO neutron.plugins.ml2.drivers.ovn.mech_driver.ovsdb.ovsdb_monitor [None req-ca94dbfb-e085-49b2-a3c9-61a6ffd5df39 - - - - - -] Router f14ca040-c3eb-4d79-b87b-08b9e83597e1 is bound to host instance
2026-03-06 01:39:35.322 9 INFO neutron.db.ovn_revision_numbers_db [None req-49da2779-893e-4af7-9ad3-7416055b7788 1e7dc8fe47e6429cb2bb978ca1cc15c6 648b6b88fee64ac1b19ebad9b51eece1 - - default default] Successfully bumped revision number for resource e67d4126-dc12-42e8-89e8-8176c17e8d72 (type: ports) to 1
2026-03-06 01:39:35.496 10 INFO neutron.plugins.ml2.drivers.ovn.mech_driver.mech_driver [None req-720ae7fc-1932-459d-a9d3-4400c1906412 - - - - - -] OVN reports status up for port: c638c70c-ca1f-43ea-921e-ffde1790a31a
2026-03-06 01:39:35.511 10 INFO neutron.plugins.ml2.plugin [None req-720ae7fc-1932-459d-a9d3-4400c1906412 - - - - - -] Attempt 1 to provision port c638c70c-ca1f-43ea-921e-ffde1790a31a
2026-03-06 01:39:35.529 10 INFO neutron.db.ovn_revision_numbers_db [None req-083a91a7-1ad6-4117-a6b1-3a8612e7a2cf 1e7dc8fe47e6429cb2bb978ca1cc15c6 648b6b88fee64ac1b19ebad9b51eece1 - - default default] Successfully bumped revision number for resource 5e9df203-8b32-49f2-8f06-fe46352c11d9 (type: router_ports) to 1
2026-03-06 01:39:35.532 9 WARNING neutron.scheduler.dhcp_agent_scheduler [None req-49da2779-893e-4af7-9ad3-7416055b7788 1e7dc8fe47e6429cb2bb978ca1cc15c6 648b6b88fee64ac1b19ebad9b51eece1 - - default default] No more DHCP agents
2026-03-06 01:39:35.534 10 INFO neutron.api.wsgi [None req-083a91a7-1ad6-4117-a6b1-3a8612e7a2cf 1e7dc8fe47e6429cb2bb978ca1cc15c6 648b6b88fee64ac1b19ebad9b51eece1 - - default default] 10.0.0.122 "PUT /v2.0/routers/ff2bca36-76ac-4b6d-8425-f8fc45a25d9b/add_router_interface HTTP/1.1" status: 200 len: 503 time: 2.2105196
2026-03-06 01:39:35.536 9 WARNING neutron.api.rpc.agentnotifiers.dhcp_rpc_agent_api [None req-49da2779-893e-4af7-9ad3-7416055b7788 1e7dc8fe47e6429cb2bb978ca1cc15c6 648b6b88fee64ac1b19ebad9b51eece1 - - default default] Unable to schedule network b4b7bd7f-3766-4113-b91d-fe92468b438a: no agents available; will retry on subsequent port and subnet creation events.
2026-03-06 01:39:35.588 10 INFO neutron.plugins.ml2.drivers.ovn.mech_driver.mech_driver [None req-720ae7fc-1932-459d-a9d3-4400c1906412 - - - - - -] OVN reports status up for port: 5e9df203-8b32-49f2-8f06-fe46352c11d9
2026-03-06 01:39:35.594 10 INFO neutron.plugins.ml2.plugin [None req-720ae7fc-1932-459d-a9d3-4400c1906412 - - - - - -] Attempt 1 to provision port 5e9df203-8b32-49f2-8f06-fe46352c11d9
2026-03-06 01:39:35.778 9 INFO neutron.db.ovn_revision_numbers_db [None req-15013010-a2f1-44c7-bd63-d87c26e21263 1e7dc8fe47e6429cb2bb978ca1cc15c6 648b6b88fee64ac1b19ebad9b51eece1 - - default default] Successfully bumped revision number for resource c259e0f5-2606-4b8f-9ea0-eac3e0ed4480 (type: ports) to 1
2026-03-06 01:39:35.954 9 INFO neutron.db.ovn_revision_numbers_db [None req-8a76a833-85e4-4e32-90fc-ed084a360622 - - - - - -] Successfully bumped revision number for resource d1805dc5-e24f-484c-9347-95b04a36d005 (type: ports) to 2
2026-03-06 01:39:36.005 9 WARNING neutron.scheduler.dhcp_agent_scheduler [None req-15013010-a2f1-44c7-bd63-d87c26e21263 1e7dc8fe47e6429cb2bb978ca1cc15c6 648b6b88fee64ac1b19ebad9b51eece1 - - default default] No more DHCP agents
2026-03-06 01:39:36.010 9 WARNING neutron.api.rpc.agentnotifiers.dhcp_rpc_agent_api [None req-15013010-a2f1-44c7-bd63-d87c26e21263 1e7dc8fe47e6429cb2bb978ca1cc15c6 648b6b88fee64ac1b19ebad9b51eece1 - - default default] Unable to schedule network e1a70cd1-0875-44b8-99ad-d60877698a1e: no agents available; will retry on subsequent port and subnet creation events.
2026-03-06 01:39:36.030 9 INFO neutron.db.ovn_revision_numbers_db [None req-8a76a833-85e4-4e32-90fc-ed084a360622 - - - - - -] Successfully bumped revision number for resource ebed06ac-1dc3-4325-a125-cc28ffab28a4 (type: subnets) to 0
2026-03-06 01:39:36.048 10 INFO neutron.db.ovn_revision_numbers_db [None req-720ae7fc-1932-459d-a9d3-4400c1906412 - - - - - -] Successfully bumped revision number for resource 5e9df203-8b32-49f2-8f06-fe46352c11d9 (type: ports) to 2
2026-03-06 01:39:36.077 9 INFO neutron.api.wsgi [None req-4307a6ae-aaf7-4c1e-9e28-17b062722127 1e7dc8fe47e6429cb2bb978ca1cc15c6 648b6b88fee64ac1b19ebad9b51eece1 - - default default] 10.0.0.122 "POST /v2.0/subnets HTTP/1.1" status: 201 len: 884 time: 1.4222374
2026-03-06 01:39:36.205 9 INFO neutron.db.ovn_revision_numbers_db [None req-9b978b3a-3362-482e-8c23-123912e67ece - - - - - -] Successfully bumped revision number for resource ddb74485-7c8d-46c7-9f03-36331858d60d (type: ports) to 1
2026-03-06 01:39:36.295 9 INFO neutron.plugins.ml2.drivers.ovn.mech_driver.mech_driver [None req-32e0844c-a47d-4dd4-874b-160410c9db92 - - - - - -] OVN reports status up for port: c259e0f5-2606-4b8f-9ea0-eac3e0ed4480
2026-03-06 01:39:36.324 9 INFO neutron.plugins.ml2.plugin [None req-32e0844c-a47d-4dd4-874b-160410c9db92 - - - - - -] Attempt 1 to provision port c259e0f5-2606-4b8f-9ea0-eac3e0ed4480
2026-03-06 01:39:36.546 10 WARNING neutron_lib.context [req-a17d4161-ce95-44ce-8163-90cb818c7929 req-4cdbc9c7-5e42-4d9f-8b8b-4bd2186f3a0a 86706d78c48d46549133233687fea400 928d48d42abd45a1b7869ef90b9a18c6 - - default default] Method 'is_advsvc' is deprecated since 2023.2 release (neutron-lib 3.8.0) and will be removed once support for the old RBAC API policies will be removed from Neutron. Please use method 'is_service_role' instead.
2026-03-06 01:39:36.661 10 INFO neutron.db.ovn_revision_numbers_db [req-a17d4161-ce95-44ce-8163-90cb818c7929 req-4cdbc9c7-5e42-4d9f-8b8b-4bd2186f3a0a 86706d78c48d46549133233687fea400 928d48d42abd45a1b7869ef90b9a18c6 - - default default] Successfully bumped revision number for resource e490d239-7bd6-4f27-a0d9-8824f079d346 (type: security_groups) to 1
2026-03-06 01:39:36.676 10 INFO neutron.db.ovn_revision_numbers_db [req-a17d4161-ce95-44ce-8163-90cb818c7929 req-4cdbc9c7-5e42-4d9f-8b8b-4bd2186f3a0a 86706d78c48d46549133233687fea400 928d48d42abd45a1b7869ef90b9a18c6 - - default default] Successfully bumped revision number for resource c2a413f0-8a0a-413c-b724-9a45d49a4008 (type: security_group_rules) to 0
2026-03-06 01:39:36.692 10 INFO neutron.db.ovn_revision_numbers_db [req-a17d4161-ce95-44ce-8163-90cb818c7929 req-4cdbc9c7-5e42-4d9f-8b8b-4bd2186f3a0a 86706d78c48d46549133233687fea400 928d48d42abd45a1b7869ef90b9a18c6 - - default default] Successfully bumped revision number for resource fbcc2623-fa91-41a4-a4ee-b95d15dddb97 (type: security_group_rules) to 0
2026-03-06 01:39:36.726 10 INFO neutron.api.wsgi [req-a17d4161-ce95-44ce-8163-90cb818c7929 req-4cdbc9c7-5e42-4d9f-8b8b-4bd2186f3a0a 86706d78c48d46549133233687fea400 928d48d42abd45a1b7869ef90b9a18c6 - - default default] 10.0.0.209 "POST /v2.0/security-groups HTTP/1.1" status: 201 len: 1886 time: 0.2213056
2026-03-06 01:39:37.006 9 INFO neutron.db.ovn_revision_numbers_db [None req-49da2779-893e-4af7-9ad3-7416055b7788 1e7dc8fe47e6429cb2bb978ca1cc15c6 648b6b88fee64ac1b19ebad9b51eece1 - - default default] Successfully bumped revision number for resource e67d4126-dc12-42e8-89e8-8176c17e8d72 (type: router_ports) to 1
2026-03-06 01:39:37.012 9 INFO neutron.api.wsgi [None req-49da2779-893e-4af7-9ad3-7416055b7788 1e7dc8fe47e6429cb2bb978ca1cc15c6 648b6b88fee64ac1b19ebad9b51eece1 - - default default] 10.0.0.122 "PUT /v2.0/routers/258f7b93-2857-4e0d-a8a7-fadaab351f4a/add_router_interface HTTP/1.1" status: 200 len: 503 time: 3.8555081
2026-03-06 01:39:37.021 9 WARNING neutron.scheduler.dhcp_agent_scheduler [None req-58b9e74a-4338-4a09-b570-9129aa6c993a 1e7dc8fe47e6429cb2bb978ca1cc15c6 648b6b88fee64ac1b19ebad9b51eece1 - - default default] No more DHCP agents
2026-03-06 01:39:37.025 9 WARNING neutron.api.rpc.agentnotifiers.dhcp_rpc_agent_api [None req-58b9e74a-4338-4a09-b570-9129aa6c993a 1e7dc8fe47e6429cb2bb978ca1cc15c6 648b6b88fee64ac1b19ebad9b51eece1 - - default default] Unable to schedule network 60b3b246-5c65-4e19-9956-25f1b7f50095: no agents available; will retry on subsequent port and subnet creation events.
2026-03-06 01:39:37.061 9 INFO neutron.db.ovn_revision_numbers_db [None req-9b978b3a-3362-482e-8c23-123912e67ece - - - - - -] Successfully bumped revision number for resource ddb74485-7c8d-46c7-9f03-36331858d60d (type: ports) to 4
2026-03-06 01:39:37.115 10 WARNING neutron_lib.context [req-c0d73a70-39da-4170-8331-cc8589d587db req-8d776962-8c2d-45d3-8ed3-5cec713017a6 86706d78c48d46549133233687fea400 928d48d42abd45a1b7869ef90b9a18c6 - - default default] Method 'is_advsvc' is deprecated since 2023.2 release (neutron-lib 3.8.0) and will be removed once support for the old RBAC API policies will be removed from Neutron. Please use method 'is_service_role' instead.
2026-03-06 01:39:37.222 10 INFO neutron.db.ovn_revision_numbers_db [req-c0d73a70-39da-4170-8331-cc8589d587db req-8d776962-8c2d-45d3-8ed3-5cec713017a6 86706d78c48d46549133233687fea400 928d48d42abd45a1b7869ef90b9a18c6 - - default default] Successfully bumped revision number for resource bb6d8345-bb91-4915-ab69-cf47c6c80c47 (type: security_groups) to 1
2026-03-06 01:39:37.223 9 INFO neutron.db.ovn_revision_numbers_db [None req-58b9e74a-4338-4a09-b570-9129aa6c993a 1e7dc8fe47e6429cb2bb978ca1cc15c6 648b6b88fee64ac1b19ebad9b51eece1 - - default default] Successfully bumped revision number for resource 40a128c9-387d-490d-978b-55bbf324b3d7 (type: ports) to 1
2026-03-06 01:39:37.233 9 INFO neutron.db.ovn_revision_numbers_db [None req-32e0844c-a47d-4dd4-874b-160410c9db92 - - - - - -] Successfully bumped revision number for resource c259e0f5-2606-4b8f-9ea0-eac3e0ed4480 (type: ports) to 2
2026-03-06 01:39:37.234 10 INFO neutron.db.ovn_revision_numbers_db [req-c0d73a70-39da-4170-8331-cc8589d587db req-8d776962-8c2d-45d3-8ed3-5cec713017a6 86706d78c48d46549133233687fea400 928d48d42abd45a1b7869ef90b9a18c6 - - default default] Successfully bumped revision number for resource 9e3a7be0-fb94-41f9-bfa8-cd4c0b5e20dd (type: security_group_rules) to 0
2026-03-06 01:39:37.246 10 INFO neutron.db.ovn_revision_numbers_db [req-c0d73a70-39da-4170-8331-cc8589d587db req-8d776962-8c2d-45d3-8ed3-5cec713017a6 86706d78c48d46549133233687fea400 928d48d42abd45a1b7869ef90b9a18c6 - - default default] Successfully bumped revision number for resource aa2c151e-a440-405a-82a5-5ad590042987 (type: security_group_rules) to 0
2026-03-06 01:39:37.279 10 INFO neutron.api.wsgi [req-c0d73a70-39da-4170-8331-cc8589d587db req-8d776962-8c2d-45d3-8ed3-5cec713017a6 86706d78c48d46549133233687fea400 928d48d42abd45a1b7869ef90b9a18c6 - - default default] 10.0.0.209 "POST /v2.0/security-groups HTTP/1.1" status: 201 len: 1886 time: 0.2013814
2026-03-06 01:39:37.312 10 WARNING neutron_lib.context [req-4e37cd28-41a2-44be-8437-3db958277b09 req-6474a11e-b178-44ca-812e-92c72511bc1c 86706d78c48d46549133233687fea400 928d48d42abd45a1b7869ef90b9a18c6 - - default default] Method 'is_advsvc' is deprecated since 2023.2 release (neutron-lib 3.8.0) and will be removed once support for the old RBAC API policies will be removed from Neutron. Please use method 'is_service_role' instead.
2026-03-06 01:39:37.404 10 INFO neutron.db.ovn_revision_numbers_db [req-4e37cd28-41a2-44be-8437-3db958277b09 req-6474a11e-b178-44ca-812e-92c72511bc1c 86706d78c48d46549133233687fea400 928d48d42abd45a1b7869ef90b9a18c6 - - default default] Successfully bumped revision number for resource c0b8981a-3475-48bd-960d-dd4af41725a4 (type: security_groups) to 1
2026-03-06 01:39:37.418 10 INFO neutron.db.ovn_revision_numbers_db [req-4e37cd28-41a2-44be-8437-3db958277b09 req-6474a11e-b178-44ca-812e-92c72511bc1c 86706d78c48d46549133233687fea400 928d48d42abd45a1b7869ef90b9a18c6 - - default default] Successfully bumped revision number for resource c2d93f13-9fd5-4c5b-8fd3-a86f78523aa6 (type: security_group_rules) to 0
2026-03-06 01:39:37.427 10 INFO neutron.db.ovn_revision_numbers_db [req-4e37cd28-41a2-44be-8437-3db958277b09 req-6474a11e-b178-44ca-812e-92c72511bc1c 86706d78c48d46549133233687fea400 928d48d42abd45a1b7869ef90b9a18c6 - - default default] Successfully bumped revision number for resource e58ddf34-35e4-49c1-a558-e231610049bb (type: security_group_rules) to 0
2026-03-06 01:39:37.455 10 INFO neutron.api.wsgi [req-4e37cd28-41a2-44be-8437-3db958277b09 req-6474a11e-b178-44ca-812e-92c72511bc1c 86706d78c48d46549133233687fea400 928d48d42abd45a1b7869ef90b9a18c6 - - default default] 10.0.0.209 "POST /v2.0/security-groups HTTP/1.1" status: 201 len: 1885 time: 0.1512220
2026-03-06 01:39:37.463 9 INFO neutron.db.ovn_revision_numbers_db [None req-15013010-a2f1-44c7-bd63-d87c26e21263 1e7dc8fe47e6429cb2bb978ca1cc15c6 648b6b88fee64ac1b19ebad9b51eece1 - - default default] Successfully bumped revision number for resource c259e0f5-2606-4b8f-9ea0-eac3e0ed4480 (type: router_ports) to 1
2026-03-06 01:39:37.468 9 INFO neutron.api.wsgi [None req-15013010-a2f1-44c7-bd63-d87c26e21263 1e7dc8fe47e6429cb2bb978ca1cc15c6 648b6b88fee64ac1b19ebad9b51eece1 - - default default] 10.0.0.122 "PUT /v2.0/routers/f14ca040-c3eb-4d79-b87b-08b9e83597e1/add_router_interface HTTP/1.1" status: 200 len: 503 time: 3.8929634
2026-03-06 01:39:37.506 9 WARNING neutron_lib.context [None req-42ac17dd-6d2d-4d67-b41a-4b0e8972ff76 45fed12c0b414b3dad0208fc7ad9a8b1 9d7be83f77fa419dbb1ba9d15c5a6cfd - - default default] Method 'is_advsvc' is deprecated since 2023.2 release (neutron-lib 3.8.0) and will be removed once support for the old RBAC API policies will be removed from Neutron. Please use method 'is_service_role' instead.
2026-03-06 01:39:37.533 10 INFO neutron.api.wsgi [req-4877a800-d69a-4fec-aa3d-cb5d8c9c1ba2 req-19f21011-4819-4f80-8b46-94aed85244a4 86706d78c48d46549133233687fea400 928d48d42abd45a1b7869ef90b9a18c6 - - default default] 10.0.0.209 "GET /v2.0/security-groups?tenant_id=928d48d42abd45a1b7869ef90b9a18c6 HTTP/1.1" status: 200 len: 8103 time: 0.0469878
2026-03-06 01:39:37.599 10 INFO neutron.api.wsgi [req-4877a800-d69a-4fec-aa3d-cb5d8c9c1ba2 req-1bc242b0-c78f-4cab-99e3-ce7e9c0cd0be 86706d78c48d46549133233687fea400 928d48d42abd45a1b7869ef90b9a18c6 - - default default] 10.0.0.209 "GET /v2.0/security-groups/0e908547-5727-43ef-be45-8e1a8ecebdea HTTP/1.1" status: 200 len: 3118 time: 0.0553534
2026-03-06 01:39:37.621 9 INFO neutron.db.ovn_revision_numbers_db [None req-9b978b3a-3362-482e-8c23-123912e67ece - - - - - -] Successfully bumped revision number for resource ddb74485-7c8d-46c7-9f03-36331858d60d (type: ports) to 5
2026-03-06 01:39:37.632 10 INFO neutron.api.wsgi [req-4877a800-d69a-4fec-aa3d-cb5d8c9c1ba2 req-7f9f7abc-1bce-463d-9185-20cf8a40a1ee 86706d78c48d46549133233687fea400 928d48d42abd45a1b7869ef90b9a18c6 - - default default] 10.0.0.209 "GET /v2.0/security-groups/0e908547-5727-43ef-be45-8e1a8ecebdea HTTP/1.1" status: 200 len: 3118 time: 0.0237226
2026-03-06 01:39:37.681 10 INFO neutron.api.wsgi [req-4c39d13b-25ec-457b-80c7-a808c70d305d req-e7f73986-77da-4802-9750-630b9bc2a690 86706d78c48d46549133233687fea400 928d48d42abd45a1b7869ef90b9a18c6 - - default default] 10.0.0.209 "GET /v2.0/security-groups/e490d239-7bd6-4f27-a0d9-8824f079d346 HTTP/1.1" status: 200 len: 1881 time: 0.0245380
2026-03-06 01:39:37.690 9 INFO neutron.db.ovn_revision_numbers_db [None req-42ac17dd-6d2d-4d67-b41a-4b0e8972ff76 45fed12c0b414b3dad0208fc7ad9a8b1 9d7be83f77fa419dbb1ba9d15c5a6cfd - - default default] Successfully bumped revision number for resource 172eb836-3771-4b6d-8fe5-e5a121238db6 (type: security_groups) to 1
