2026-03-06 01:40:23.805 10 INFO neutron.db.ovn_revision_numbers_db [None req-301fd257-7698-4619-8e7c-9f78cd7caaf9 c0f7141ce8d04f5eb133994aaccc62f1 22c2796dd0c24e5785064e5511da88bf - - default default] Successfully bumped revision number for resource 14643e28-4b5b-44b4-b4a2-204638ccb478 (type: subnets) to 0
2026-03-06 01:40:23.814 10 INFO neutron.api.wsgi [req-300f07d3-f006-4791-9107-cc3d96db5d44 req-ece48ccc-5931-46ff-9601-eefe21da3bdc c27e4ede994f452bba7ebcf483fb619e aa9767ceabca474aa3ac12318a0ffeff - - default default] 10.0.0.209 "GET /v2.0/ports?device_id=a3f5d8c5-1123-4162-a2f5-148373c6d08b HTTP/1.1" status: 200 len: 1174 time: 0.0425403
2026-03-06 01:40:23.823 10 INFO neutron.api.wsgi [None req-301fd257-7698-4619-8e7c-9f78cd7caaf9 c0f7141ce8d04f5eb133994aaccc62f1 22c2796dd0c24e5785064e5511da88bf - - default default] 10.0.0.122 "POST /v2.0/subnets HTTP/1.1" status: 201 len: 872 time: 0.2174900
2026-03-06 01:40:23.835 10 WARNING neutron_lib.context [None req-7a486171-bc4e-4af7-853e-c6e780f7f4a0 c0f7141ce8d04f5eb133994aaccc62f1 22c2796dd0c24e5785064e5511da88bf - - default default] Method 'is_advsvc' is deprecated since 2023.2 release (neutron-lib 3.8.0) and will be removed once support for the old RBAC API policies will be removed from Neutron. Please use method 'is_service_role' instead.
2026-03-06 01:40:23.862 10 INFO neutron.api.wsgi [req-300f07d3-f006-4791-9107-cc3d96db5d44 req-77785120-c1dd-4e16-b46f-94dcb50481b2 c27e4ede994f452bba7ebcf483fb619e aa9767ceabca474aa3ac12318a0ffeff - - default default] 10.0.0.209 "GET /v2.0/security-groups?id=7a448a25-7e63-423d-93ee-aec5f4b56197&fields=id&fields=name HTTP/1.1" status: 200 len: 313 time: 0.0377796
2026-03-06 01:40:23.916 10 INFO neutron.db.segments_db [None req-7a486171-bc4e-4af7-853e-c6e780f7f4a0 c0f7141ce8d04f5eb133994aaccc62f1 22c2796dd0c24e5785064e5511da88bf - - default default] Added segment 98e0f11b-e0e1-49a7-bedd-9627798cbc6e of type geneve for network e383b1cb-7776-482f-9125-1e37cf61bd1b
2026-03-06 01:40:23.937 10 INFO neutron.api.wsgi [req-56d59817-48de-4c8c-96a9-08f441a7acf9 req-53ac1aa4-4d9a-4d3b-89b5-0d47e0a8a4c5 56f2f9589b7340dbb380a99ae71d352a 43348e6e89894591b44a736ce55ba7c5 - - default default] 10.0.0.209 "GET /v2.0/security-groups?name=tempest-securitygroup--80878604&fields=id&tenant_id=43348e6e89894591b44a736ce55ba7c5 HTTP/1.1" status: 200 len: 267 time: 0.0397100
2026-03-06 01:40:23.989 10 INFO neutron.api.wsgi [req-56d59817-48de-4c8c-96a9-08f441a7acf9 req-015af35f-32f6-4d41-8f24-84104e097f19 56f2f9589b7340dbb380a99ae71d352a 43348e6e89894591b44a736ce55ba7c5 - - default default] 10.0.0.209 "GET /v2.0/networks?id=19faa80a-6c9e-44e6-837c-6175e97a19d8 HTTP/1.1" status: 200 len: 874 time: 0.0431290
2026-03-06 01:40:24.011 10 INFO neutron.api.wsgi [req-56d59817-48de-4c8c-96a9-08f441a7acf9 req-ad2bb1cf-96b9-4297-a3f1-e876a7206b09 56f2f9589b7340dbb380a99ae71d352a 43348e6e89894591b44a736ce55ba7c5 - - default default] 10.0.0.209 "GET /v2.0/quotas/43348e6e89894591b44a736ce55ba7c5 HTTP/1.1" status: 200 len: 491 time: 0.0163291
2026-03-06 01:40:24.018 10 INFO neutron.api.wsgi [req-9622db05-a0fa-4d8c-83e7-7e9db5e40690 req-b1be34e6-3ef3-4ffb-aeed-e581b20fca97 06cac389b0b64391bae0e8e073919655 1cb29106550741ffaccb533906f17ad6 - - default default] 10.0.0.209 "GET /v2.0/ports?device_id=f5b07468-1a20-4682-a4b5-8c86bed1dc23 HTTP/1.1" status: 200 len: 210 time: 0.0224249
2026-03-06 01:40:24.046 10 INFO neutron.db.ovn_revision_numbers_db [None req-7a486171-bc4e-4af7-853e-c6e780f7f4a0 c0f7141ce8d04f5eb133994aaccc62f1 22c2796dd0c24e5785064e5511da88bf - - default default] Successfully bumped revision number for resource e383b1cb-7776-482f-9125-1e37cf61bd1b (type: networks) to 1
2026-03-06 01:40:24.086 10 INFO neutron.api.wsgi [req-56d59817-48de-4c8c-96a9-08f441a7acf9 req-ce0b01be-53e8-4b1b-b5b8-cdde4a3027fe 56f2f9589b7340dbb380a99ae71d352a 43348e6e89894591b44a736ce55ba7c5 - - default default] 10.0.0.209 "GET /v2.0/ports?tenant_id=43348e6e89894591b44a736ce55ba7c5&fields=id HTTP/1.1" status: 200 len: 302 time: 0.0692551
2026-03-06 01:40:24.145 10 INFO neutron.api.wsgi [req-56d59817-48de-4c8c-96a9-08f441a7acf9 req-8a2a3f4c-4dbf-4eef-8890-f72041469e31 8eb44330508a426c9ba86ad21a028714 e548c96dd269448eb17847e3a6495a83 - - a3b3c7e74b3740aba4cc2320f7985a70 a3b3c7e74b3740aba4cc2320f7985a70] 10.0.0.209 "GET /v2.0/networks/19faa80a-6c9e-44e6-837c-6175e97a19d8?fields=segments HTTP/1.1" status: 200 len: 212 time: 0.0448282
2026-03-06 01:40:24.193 10 INFO neutron.api.wsgi [req-56d59817-48de-4c8c-96a9-08f441a7acf9 req-fc4aa567-452a-4481-9ae4-bc61cb7c3fc8 8eb44330508a426c9ba86ad21a028714 e548c96dd269448eb17847e3a6495a83 - - a3b3c7e74b3740aba4cc2320f7985a70 a3b3c7e74b3740aba4cc2320f7985a70] 10.0.0.209 "GET /v2.0/networks/19faa80a-6c9e-44e6-837c-6175e97a19d8?fields=provider%3Aphysical_network&fields=provider%3Anetwork_type HTTP/1.1" status: 200 len: 277 time: 0.0421989
2026-03-06 01:40:24.208 10 WARNING neutron.scheduler.dhcp_agent_scheduler [None req-7a486171-bc4e-4af7-853e-c6e780f7f4a0 c0f7141ce8d04f5eb133994aaccc62f1 22c2796dd0c24e5785064e5511da88bf - - default default] No more DHCP agents
2026-03-06 01:40:24.209 10 WARNING neutron.api.rpc.agentnotifiers.dhcp_rpc_agent_api [None req-7a486171-bc4e-4af7-853e-c6e780f7f4a0 c0f7141ce8d04f5eb133994aaccc62f1 22c2796dd0c24e5785064e5511da88bf - - default default] Unable to schedule network e383b1cb-7776-482f-9125-1e37cf61bd1b: no agents available; will retry on subsequent port and subnet creation events.
2026-03-06 01:40:24.265 10 INFO neutron.db.ovn_revision_numbers_db [None req-7a486171-bc4e-4af7-853e-c6e780f7f4a0 c0f7141ce8d04f5eb133994aaccc62f1 22c2796dd0c24e5785064e5511da88bf - - default default] Successfully bumped revision number for resource 80d0ac6c-d074-4990-a1c6-0c2420ba58a8 (type: ports) to 1
2026-03-06 01:40:24.285 10 INFO neutron.api.wsgi [None req-7a486171-bc4e-4af7-853e-c6e780f7f4a0 c0f7141ce8d04f5eb133994aaccc62f1 22c2796dd0c24e5785064e5511da88bf - - default default] 10.0.0.122 "POST /v2.0/networks HTTP/1.1" status: 201 len: 847 time: 0.4555113
2026-03-06 01:40:24.336 10 INFO neutron.api.wsgi [req-b02a97d4-0fe4-41cf-8957-0f3744b49ca8 req-94d34beb-71ae-4a92-b740-1ef168c65140 56f2f9589b7340dbb380a99ae71d352a 43348e6e89894591b44a736ce55ba7c5 - - default default] 10.0.0.209 "GET /v2.0/ports?device_id=c604c5d1-a91c-4042-a0be-3f77bf676b87 HTTP/1.1" status: 200 len: 210 time: 0.0236838
2026-03-06 01:40:24.353 10 INFO neutron.api.wsgi [req-50397140-1506-47b0-bda1-1cfbc4c771b0 req-7b780827-10fe-445c-9afc-08f36c6dde02 c27e4ede994f452bba7ebcf483fb619e aa9767ceabca474aa3ac12318a0ffeff - - default default] 199.204.45.155 "GET /v2.0/ports?device_id=a3f5d8c5-1123-4162-a2f5-148373c6d08b HTTP/1.1" status: 200 len: 1174 time: 0.0432751
2026-03-06 01:40:24.459 10 INFO neutron.db.ovn_revision_numbers_db [None req-5550fd2e-a974-4940-98bf-c5709c0d3c01 c0f7141ce8d04f5eb133994aaccc62f1 22c2796dd0c24e5785064e5511da88bf - - default default] Successfully bumped revision number for resource e383b1cb-7776-482f-9125-1e37cf61bd1b (type: networks) to 2
2026-03-06 01:40:24.462 10 INFO neutron.api.wsgi [None req-5550fd2e-a974-4940-98bf-c5709c0d3c01 c0f7141ce8d04f5eb133994aaccc62f1 22c2796dd0c24e5785064e5511da88bf - - default default] 10.0.0.122 "PUT /v2.0/networks/e383b1cb-7776-482f-9125-1e37cf61bd1b HTTP/1.1" status: 200 len: 792 time: 0.1705825
2026-03-06 01:40:24.473 9 WARNING neutron_lib.context [None req-1ae070fd-d458-426a-a63e-9cd7f6c2e9fb c0f7141ce8d04f5eb133994aaccc62f1 22c2796dd0c24e5785064e5511da88bf - - default default] Method 'is_advsvc' is deprecated since 2023.2 release (neutron-lib 3.8.0) and will be removed once support for the old RBAC API policies will be removed from Neutron. Please use method 'is_service_role' instead.
2026-03-06 01:40:24.650 9 WARNING neutron.scheduler.dhcp_agent_scheduler [None req-1ae070fd-d458-426a-a63e-9cd7f6c2e9fb c0f7141ce8d04f5eb133994aaccc62f1 22c2796dd0c24e5785064e5511da88bf - - default default] No more DHCP agents
2026-03-06 01:40:24.651 9 WARNING neutron.api.rpc.agentnotifiers.dhcp_rpc_agent_api [None req-1ae070fd-d458-426a-a63e-9cd7f6c2e9fb c0f7141ce8d04f5eb133994aaccc62f1 22c2796dd0c24e5785064e5511da88bf - - default default] Unable to schedule network e383b1cb-7776-482f-9125-1e37cf61bd1b: no agents available; will retry on subsequent port and subnet creation events.
2026-03-06 01:40:24.670 10 INFO neutron.db.l3_db [req-50397140-1506-47b0-bda1-1cfbc4c771b0 req-98f3a3bf-9b0a-4c29-a56c-10028e3e1e71 c27e4ede994f452bba7ebcf483fb619e aa9767ceabca474aa3ac12318a0ffeff - - default default] Floating IP aaf55b6c-cedb-4221-8bf8-3a0810865b78 disassociated. External IP: 10.96.250.206, port: dd7bd289-636b-496a-8d39-ca4bd2516365.
2026-03-06 01:40:24.681 9 INFO neutron.db.ovn_revision_numbers_db [None req-1ae070fd-d458-426a-a63e-9cd7f6c2e9fb c0f7141ce8d04f5eb133994aaccc62f1 22c2796dd0c24e5785064e5511da88bf - - default default] Successfully bumped revision number for resource e206b8a3-f510-4ff1-9358-9547df59f289 (type: subnets) to 0
2026-03-06 01:40:24.696 9 INFO neutron.api.wsgi [None req-1ae070fd-d458-426a-a63e-9cd7f6c2e9fb c0f7141ce8d04f5eb133994aaccc62f1 22c2796dd0c24e5785064e5511da88bf - - default default] 10.0.0.122 "POST /v2.0/subnets HTTP/1.1" status: 201 len: 845 time: 0.2276757
2026-03-06 01:40:24.780 10 INFO neutron.api.wsgi [req-50397140-1506-47b0-bda1-1cfbc4c771b0 req-98f3a3bf-9b0a-4c29-a56c-10028e3e1e71 c27e4ede994f452bba7ebcf483fb619e aa9767ceabca474aa3ac12318a0ffeff - - default default] 199.204.45.155 "DELETE /v2.0/ports/dd7bd289-636b-496a-8d39-ca4bd2516365 HTTP/1.1" status: 204 len: 173 time: 0.4216158
2026-03-06 01:40:24.811 10 INFO neutron.notifiers.nova [-] Nova event matching ['req-3e8d3bd6-46dc-4fbe-810c-dd83d7844bea'] response: {'server_uuid': 'a3f5d8c5-1123-4162-a2f5-148373c6d08b', 'name': 'network-vif-deleted', 'tag': 'dd7bd289-636b-496a-8d39-ca4bd2516365', 'status': 'completed', 'code': 200}
2026-03-06 01:40:24.932 10 INFO neutron.api.wsgi [req-9418f27b-f834-430a-827f-658bc886e0c9 req-1a76a0b1-5150-49d8-adb5-bc3c647f02dd c27e4ede994f452bba7ebcf483fb619e aa9767ceabca474aa3ac12318a0ffeff - - default default] 10.0.0.209 "GET /v2.0/ports?device_id=a3f5d8c5-1123-4162-a2f5-148373c6d08b HTTP/1.1" status: 200 len: 210 time: 0.0175204
2026-03-06 01:40:25.035 10 INFO neutron.api.wsgi [req-749a2915-71cd-4adc-8cee-1b74600aa652 req-99648a8f-3241-443d-a753-8208c1d4b997 06cac389b0b64391bae0e8e073919655 1cb29106550741ffaccb533906f17ad6 - - default default] 199.204.45.155 "GET /v2.0/networks?id=bfb3b106-eeca-4198-bcc7-13027fd48b05 HTTP/1.1" status: 200 len: 875 time: 0.0447667
2026-03-06 01:40:25.074 10 INFO neutron.api.wsgi [req-749a2915-71cd-4adc-8cee-1b74600aa652 req-9f879e73-9c6d-424a-8974-bec6998e0256 06cac389b0b64391bae0e8e073919655 1cb29106550741ffaccb533906f17ad6 - - default default] 199.204.45.155 "GET /v2.0/security-groups?fields=id&fields=name&tenant_id=1cb29106550741ffaccb533906f17ad6 HTTP/1.1" status: 200 len: 380 time: 0.0322247
2026-03-06 01:40:25.083 10 WARNING neutron_lib.context [req-749a2915-71cd-4adc-8cee-1b74600aa652 req-65527030-1190-4ad7-8dd2-59a0513cff5f 06cac389b0b64391bae0e8e073919655 1cb29106550741ffaccb533906f17ad6 - - default default] Method 'is_advsvc' is deprecated since 2023.2 release (neutron-lib 3.8.0) and will be removed once support for the old RBAC API policies will be removed from Neutron. Please use method 'is_service_role' instead.
2026-03-06 01:40:25.098 10 INFO neutron.api.wsgi [req-e8c5947a-6fe0-4492-b3a4-aaacea373e02 req-61e685f5-fe9a-42a3-ba78-58e332b190e1 06cac389b0b64391bae0e8e073919655 1cb29106550741ffaccb533906f17ad6 - - default default] 10.0.0.209 "GET /v2.0/ports?device_id=f5b07468-1a20-4682-a4b5-8c86bed1dc23 HTTP/1.1" status: 200 len: 210 time: 0.0190682
2026-03-06 01:40:25.217 9 INFO neutron.db.ovn_revision_numbers_db [None req-094b2368-cd8d-4e38-9ff3-c19fea4a3167 - - - - - -] Successfully bumped revision number for resource 80d0ac6c-d074-4990-a1c6-0c2420ba58a8 (type: ports) to 2
2026-03-06 01:40:25.247 9 INFO neutron.db.ovn_revision_numbers_db [None req-094b2368-cd8d-4e38-9ff3-c19fea4a3167 - - - - - -] Successfully bumped revision number for resource e206b8a3-f510-4ff1-9358-9547df59f289 (type: subnets) to 1
2026-03-06 01:40:25.250 9 INFO neutron.api.wsgi [None req-2ab132ae-38e2-47e1-b6fd-56beb4e8cbc3 c0f7141ce8d04f5eb133994aaccc62f1 22c2796dd0c24e5785064e5511da88bf - - default default] 10.0.0.122 "PUT /v2.0/subnets/e206b8a3-f510-4ff1-9358-9547df59f289 HTTP/1.1" status: 200 len: 850 time: 0.5470536
2026-03-06 01:40:25.355 10 WARNING neutron.scheduler.dhcp_agent_scheduler [req-749a2915-71cd-4adc-8cee-1b74600aa652 req-65527030-1190-4ad7-8dd2-59a0513cff5f 06cac389b0b64391bae0e8e073919655 1cb29106550741ffaccb533906f17ad6 - - default default] No more DHCP agents
2026-03-06 01:40:25.356 10 WARNING neutron.api.rpc.agentnotifiers.dhcp_rpc_agent_api [req-749a2915-71cd-4adc-8cee-1b74600aa652 req-65527030-1190-4ad7-8dd2-59a0513cff5f 06cac389b0b64391bae0e8e073919655 1cb29106550741ffaccb533906f17ad6 - - default default] Unable to schedule network bfb3b106-eeca-4198-bcc7-13027fd48b05: no agents available; will retry on subsequent port and subnet creation events. /var/lib/openstack/lib/python3.12/site-packages/pycadf/identifier.py:71: UserWarning: Invalid uuid: neutron. To ensure interoperability, identifiers should be a valid uuid. warnings.warn(('Invalid uuid: %s. To ensure interoperability, '
2026-03-06 01:40:25.417 10 INFO neutron.api.wsgi [req-14843227-a6e2-4321-b703-938355146ee0 req-54ab25cc-32df-48a4-8a9f-cdd73ecbcdf1 56f2f9589b7340dbb380a99ae71d352a 43348e6e89894591b44a736ce55ba7c5 - - default default] 10.0.0.209 "GET /v2.0/ports?device_id=c604c5d1-a91c-4042-a0be-3f77bf676b87 HTTP/1.1" status: 200 len: 210 time: 0.0265765
2026-03-06 01:40:25.514 10 INFO neutron.db.ovn_revision_numbers_db [req-749a2915-71cd-4adc-8cee-1b74600aa652 req-65527030-1190-4ad7-8dd2-59a0513cff5f 06cac389b0b64391bae0e8e073919655 1cb29106550741ffaccb533906f17ad6 - - default default] Successfully bumped revision number for resource e2dce1d2-28d8-4b36-907d-0bd93cea0d9f (type: ports) to 1
2026-03-06 01:40:25.535 10 INFO neutron.api.wsgi [req-749a2915-71cd-4adc-8cee-1b74600aa652 req-65527030-1190-4ad7-8dd2-59a0513cff5f 06cac389b0b64391bae0e8e073919655 1cb29106550741ffaccb533906f17ad6 - - default default] 199.204.45.155 "POST /v2.0/ports HTTP/1.1" status: 201 len: 1162 time: 0.4574337
2026-03-06 01:40:25.643 9 INFO neutron.services.segments.plugin [-] Segment 98e0f11b-e0e1-49a7-bedd-9627798cbc6e resource provider aggregate not found
2026-03-06 01:40:25.646 9 INFO neutron.services.segments.plugin [-] Segment 98e0f11b-e0e1-49a7-bedd-9627798cbc6e resource provider aggregate not found
2026-03-06 01:40:25.652 9 INFO neutron.services.segments.plugin [-] Segment 98e0f11b-e0e1-49a7-bedd-9627798cbc6e resource provider not found; error: Placement Client Error (4xx): {"errors": [{"status": 404, "title": "Not Found", "detail": "The resource could not be found.\n\n No resource provider with uuid 98e0f11b-e0e1-49a7-bedd-9627798cbc6e found for delete ", "request_id": "req-e3ba5796-3bf9-4778-a31c-0f9e94e1694c"}]}
2026-03-06 01:40:25.655 9 INFO neutron.services.segments.plugin [-] Segment 98e0f11b-e0e1-49a7-bedd-9627798cbc6e resource provider not found; error: Placement Client Error (4xx): {"errors": [{"status": 404, "title": "Not Found", "detail": "The resource could not be found.\n\n No resource provider with uuid 98e0f11b-e0e1-49a7-bedd-9627798cbc6e found for delete ", "request_id": "req-2ab6b053-08f4-420f-bbfd-a3cc3370896b"}]}
2026-03-06 01:40:25.679 9 INFO neutron.api.wsgi [None req-88d94669-b6a3-4758-801c-fd9411e73fb3 c0f7141ce8d04f5eb133994aaccc62f1 22c2796dd0c24e5785064e5511da88bf - - default default] 10.0.0.122 "DELETE /v2.0/networks/e383b1cb-7776-482f-9125-1e37cf61bd1b HTTP/1.1" status: 204 len: 168 time: 0.4230680
2026-03-06 01:40:25.702 9 INFO neutron.pecan_wsgi.hooks.translation [None req-c34c851a-c7c1-45c6-a0d1-e2279d97caa7 c0f7141ce8d04f5eb133994aaccc62f1 22c2796dd0c24e5785064e5511da88bf - - default default] DELETE failed (client error): The resource could not be found.
2026-03-06 01:40:25.704 9 INFO neutron.api.wsgi [None req-c34c851a-c7c1-45c6-a0d1-e2279d97caa7 c0f7141ce8d04f5eb133994aaccc62f1 22c2796dd0c24e5785064e5511da88bf - - default default] 10.0.0.122 "DELETE /v2.0/networks/e383b1cb-7776-482f-9125-1e37cf61bd1b HTTP/1.1" status: 404 len: 339 time: 0.0138736
2026-03-06 01:40:25.759 9 INFO neutron.api.wsgi [None req-71a501cd-aab8-42ba-bf7c-64bc91244ed0 c0f7141ce8d04f5eb133994aaccc62f1 22c2796dd0c24e5785064e5511da88bf - - default default] 10.0.0.122 "GET /v2.0/networks?router%3Aexternal=True HTTP/1.1" status: 200 len: 845 time: 0.0469186
2026-03-06 01:40:25.795 9 INFO neutron.api.wsgi [None req-728c58f3-98b4-4ecb-823b-b7fe14227002 c0f7141ce8d04f5eb133994aaccc62f1 22c2796dd0c24e5785064e5511da88bf - - default default] 10.0.0.122 "GET /v2.0/subnets?network_id=60b3b246-5c65-4e19-9956-25f1b7f50095 HTTP/1.1" status: 200 len: 843 time: 0.0302432
2026-03-06 01:40:25.804 9 INFO neutron.api.wsgi [None req-f327ba6f-9031-4917-b59c-aa1cfc9fedc2 c0f7141ce8d04f5eb133994aaccc62f1 22c2796dd0c24e5785064e5511da88bf - - default default] 10.0.0.122 "GET /v2.0/extensions HTTP/1.1" status: 200 len: 19293 time: 0.0048738
2026-03-06 01:40:25.865 9 INFO neutron.api.wsgi [None req-f3a85a5a-83d1-479c-bdd3-5c796105d2b2 c0f7141ce8d04f5eb133994aaccc62f1 22c2796dd0c24e5785064e5511da88bf - - default default] 10.0.0.122 "GET /v2.0/networks HTTP/1.1" status: 200 len: 1508 time: 0.0550823
2026-03-06 01:40:25.891 10 INFO neutron.db.ovn_revision_numbers_db [req-749a2915-71cd-4adc-8cee-1b74600aa652 req-1c919493-9600-4126-a40c-c529dba402e9 8eb44330508a426c9ba86ad21a028714 e548c96dd269448eb17847e3a6495a83 - - a3b3c7e74b3740aba4cc2320f7985a70 a3b3c7e74b3740aba4cc2320f7985a70] Successfully bumped revision number for resource e2dce1d2-28d8-4b36-907d-0bd93cea0d9f (type: ports) to 2
2026-03-06 01:40:25.925 9 INFO neutron.api.wsgi [None req-f29f4ab0-04ff-4e97-90fa-04d2860903d1 c0f7141ce8d04f5eb133994aaccc62f1 22c2796dd0c24e5785064e5511da88bf - - default default] 10.0.0.122 "GET /v2.0/subnets HTTP/1.1" status: 200 len: 1507 time: 0.0530992
2026-03-06 01:40:25.985 9 INFO neutron.api.wsgi [None req-d5cbcf1c-3b0d-4a2b-bdbe-00c0b605fbd0 c0f7141ce8d04f5eb133994aaccc62f1 22c2796dd0c24e5785064e5511da88bf - - default default] 10.0.0.122 "GET /v2.0/networks/018e0f4a-a0c0-45bd-b2d7-2b9fd7556572 HTTP/1.1" status: 200 len: 867 time: 0.0488877 /var/lib/openstack/lib/python3.12/site-packages/pycadf/identifier.py:71: UserWarning: Invalid uuid: neutron. To ensure interoperability, identifiers should be a valid uuid. warnings.warn(('Invalid uuid: %s. To ensure interoperability, '
2026-03-06 01:40:26.023 9 INFO neutron.api.wsgi [None req-b5645ea4-998a-45fc-a9bd-2fbc731403cb c0f7141ce8d04f5eb133994aaccc62f1 22c2796dd0c24e5785064e5511da88bf - - default default] 10.0.0.122 "GET /v2.0/subnets/14643e28-4b5b-44b4-b4a2-204638ccb478 HTTP/1.1" status: 200 len: 867 time: 0.0315650
2026-03-06 01:40:26.027 10 INFO neutron.api.wsgi [req-e46a5c95-0506-4333-95e6-f5862821244f req-156a5b90-7299-4929-b0bb-f274ef20e682 c27e4ede994f452bba7ebcf483fb619e aa9767ceabca474aa3ac12318a0ffeff - - default default] 10.0.0.209 "GET /v2.0/ports?device_id=a3f5d8c5-1123-4162-a2f5-148373c6d08b HTTP/1.1" status: 200 len: 210 time: 0.0240929
2026-03-06 01:40:26.041 9 INFO neutron.pecan_wsgi.hooks.translation [None req-f7ff0acf-4ab9-41b0-9e11-b584ff783ecf c0f7141ce8d04f5eb133994aaccc62f1 22c2796dd0c24e5785064e5511da88bf - - default default] DELETE failed (client error): The resource could not be found.
2026-03-06 01:40:26.044 9 INFO neutron.api.wsgi [None req-f7ff0acf-4ab9-41b0-9e11-b584ff783ecf c0f7141ce8d04f5eb133994aaccc62f1 22c2796dd0c24e5785064e5511da88bf - - default default] 10.0.0.122 "DELETE /v2.0/subnets/e206b8a3-f510-4ff1-9358-9547df59f289 HTTP/1.1" status: 404 len: 337 time: 0.0137365
2026-03-06 01:40:26.059 9 INFO neutron.pecan_wsgi.hooks.translation [None req-edb11baa-8037-4a02-b629-60eaa66e51f4 c0f7141ce8d04f5eb133994aaccc62f1 22c2796dd0c24e5785064e5511da88bf - - default default] DELETE failed (client error): The resource could not be found.
2026-03-06 01:40:26.061 9 INFO neutron.api.wsgi [None req-edb11baa-8037-4a02-b629-60eaa66e51f4 c0f7141ce8d04f5eb133994aaccc62f1 22c2796dd0c24e5785064e5511da88bf - - default default] 10.0.0.122 "DELETE /v2.0/networks/e383b1cb-7776-482f-9125-1e37cf61bd1b HTTP/1.1" status: 404 len: 339 time: 0.0106878
2026-03-06 01:40:26.150 10 INFO neutron.db.ovn_revision_numbers_db [req-749a2915-71cd-4adc-8cee-1b74600aa652 req-1c919493-9600-4126-a40c-c529dba402e9 8eb44330508a426c9ba86ad21a028714 e548c96dd269448eb17847e3a6495a83 - - a3b3c7e74b3740aba4cc2320f7985a70 a3b3c7e74b3740aba4cc2320f7985a70] Successfully bumped revision number for resource e2dce1d2-28d8-4b36-907d-0bd93cea0d9f (type: ports) to 4
2026-03-06 01:40:26.167 10 INFO neutron.api.wsgi [req-749a2915-71cd-4adc-8cee-1b74600aa652 req-1c919493-9600-4126-a40c-c529dba402e9 8eb44330508a426c9ba86ad21a028714 e548c96dd269448eb17847e3a6495a83 - - a3b3c7e74b3740aba4cc2320f7985a70 a3b3c7e74b3740aba4cc2320f7985a70] 199.204.45.155 "PUT /v2.0/ports/e2dce1d2-28d8-4b36-907d-0bd93cea0d9f HTTP/1.1" status: 200 len: 1408 time: 0.6257877 /var/lib/openstack/lib/python3.12/site-packages/pycadf/identifier.py:71: UserWarning: Invalid uuid: neutron. To ensure interoperability, identifiers should be a valid uuid. warnings.warn(('Invalid uuid: %s. To ensure interoperability, '
2026-03-06 01:40:26.192 9 INFO neutron.api.wsgi [None req-5f4feaf9-bf6d-44a3-b54a-04875bbba970 c0f7141ce8d04f5eb133994aaccc62f1 22c2796dd0c24e5785064e5511da88bf - - default default] 10.0.0.122 "DELETE /v2.0/subnets/14643e28-4b5b-44b4-b4a2-204638ccb478 HTTP/1.1" status: 204 len: 168 time: 0.1272838
2026-03-06 01:40:26.233 10 INFO neutron.api.wsgi [req-d014c2ff-58c5-40bd-86eb-ffbc00e63a61 req-bac6ad72-0a51-4f11-9246-83aa96e9745b 06cac389b0b64391bae0e8e073919655 1cb29106550741ffaccb533906f17ad6 - - default default] 10.0.0.209 "GET /v2.0/ports?device_id=f5b07468-1a20-4682-a4b5-8c86bed1dc23 HTTP/1.1" status: 200 len: 1172 time: 0.0658982
2026-03-06 01:40:26.268 10 INFO neutron.api.wsgi [req-d014c2ff-58c5-40bd-86eb-ffbc00e63a61 req-2130729b-b367-4792-b025-42f083755f95 06cac389b0b64391bae0e8e073919655 1cb29106550741ffaccb533906f17ad6 - - default default] 10.0.0.209 "GET /v2.0/security-groups?id=9bdc12f5-01c0-4571-be30-5355d249fea0&fields=id&fields=name HTTP/1.1" status: 200 len: 313 time: 0.0279644
2026-03-06 01:40:26.484 9 INFO neutron.api.wsgi [None req-a4e31141-fd43-46d8-b38c-d7fadd54cd24 c0f7141ce8d04f5eb133994aaccc62f1 22c2796dd0c24e5785064e5511da88bf - - default default] 10.0.0.122 "DELETE /v2.0/networks/018e0f4a-a0c0-45bd-b2d7-2b9fd7556572 HTTP/1.1" status: 204 len: 168 time: 0.2861242
2026-03-06 01:40:26.500 10 INFO neutron.api.wsgi [req-5b15cfd0-4b06-45a5-a9d6-5e23b2b95b58 req-bd0ef17e-6aa6-4669-9ecf-8f56f6270a8b 56f2f9589b7340dbb380a99ae71d352a 43348e6e89894591b44a736ce55ba7c5 - - default default] 10.0.0.209 "GET /v2.0/ports?device_id=c604c5d1-a91c-4042-a0be-3f77bf676b87 HTTP/1.1" status: 200 len: 210 time: 0.0240631
2026-03-06 01:40:26.528 10 INFO neutron.api.wsgi [-] 10.0.0.194 "GET / HTTP/1.1" status: 200 len: 246 time: 0.0027049
2026-03-06 01:40:26.529 9 INFO neutron.api.wsgi [-] 10.0.0.194 "GET / HTTP/1.1" status: 200 len: 246 time: 0.0032287
2026-03-06 01:40:26.850 10 INFO neutron.notifiers.nova [-] Nova event matching ['req-cc26987e-7cf5-45b2-86b9-fb2ea15368b2'] response: {'name': 'network-changed', 'server_uuid': 'f5b07468-1a20-4682-a4b5-8c86bed1dc23', 'tag': 'e2dce1d2-28d8-4b36-907d-0bd93cea0d9f', 'status': 'completed', 'code': 200}
2026-03-06 01:40:27.106 10 INFO neutron.api.wsgi [req-cfe11a77-3bc0-4a46-a84f-51a48381407c req-32d9f99e-c207-477c-9039-f179878e9fc1 c27e4ede994f452bba7ebcf483fb619e aa9767ceabca474aa3ac12318a0ffeff - - default default] 10.0.0.209 "GET /v2.0/ports?device_id=a3f5d8c5-1123-4162-a2f5-148373c6d08b HTTP/1.1" status: 200 len: 210 time: 0.0157633
2026-03-06 01:40:27.124 10 INFO neutron.api.wsgi [None req-47b1bfd2-f737-422f-9b7c-9f8eb3c184b7 1e7dc8fe47e6429cb2bb978ca1cc15c6 648b6b88fee64ac1b19ebad9b51eece1 - - default default] 10.0.0.122 "GET /v2.0/security-groups?tenant_id=22c2796dd0c24e5785064e5511da88bf&name=default HTTP/1.1" status: 200 len: 3120 time: 0.1402199
2026-03-06 01:40:27.231 10 INFO neutron.api.wsgi [req-749a2915-71cd-4adc-8cee-1b74600aa652 req-708b9271-5cf8-43e7-a09f-aff56b5ed9bf 8eb44330508a426c9ba86ad21a028714 e548c96dd269448eb17847e3a6495a83 - - a3b3c7e74b3740aba4cc2320f7985a70 a3b3c7e74b3740aba4cc2320f7985a70] 199.204.45.155 "GET /v2.0/ports?tenant_id=1cb29106550741ffaccb533906f17ad6&device_id=f5b07468-1a20-4682-a4b5-8c86bed1dc23 HTTP/1.1" status: 200 len: 1411 time: 0.0348899
2026-03-06 01:40:27.274 10 INFO neutron.api.wsgi [req-749a2915-71cd-4adc-8cee-1b74600aa652 req-e8963167-dd26-4353-89bc-d7fd57a128da 8eb44330508a426c9ba86ad21a028714 e548c96dd269448eb17847e3a6495a83 - - a3b3c7e74b3740aba4cc2320f7985a70 a3b3c7e74b3740aba4cc2320f7985a70] 199.204.45.155 "GET /v2.0/floatingips?fixed_ip_address=10.100.0.13&port_id=e2dce1d2-28d8-4b36-907d-0bd93cea0d9f HTTP/1.1" status: 200 len: 217 time: 0.0183375
2026-03-06 01:40:27.306 10 INFO neutron.api.wsgi [req-749a2915-71cd-4adc-8cee-1b74600aa652 req-5684a4fa-3e71-4540-9d29-6d7a30774e96 8eb44330508a426c9ba86ad21a028714 e548c96dd269448eb17847e3a6495a83 - - a3b3c7e74b3740aba4cc2320f7985a70 a3b3c7e74b3740aba4cc2320f7985a70] 199.204.45.155 "GET /v2.0/subnets?id=15c171c4-1c22-46fc-8dc0-fc60ddb261a2 HTTP/1.1" status: 200 len: 893 time: 0.0276821
2026-03-06 01:40:27.338 10 INFO neutron.api.wsgi [req-749a2915-71cd-4adc-8cee-1b74600aa652 req-3e26686c-0016-4502-b307-30db12348d01 8eb44330508a426c9ba86ad21a028714 e548c96dd269448eb17847e3a6495a83 - - a3b3c7e74b3740aba4cc2320f7985a70 a3b3c7e74b3740aba4cc2320f7985a70] 199.204.45.155 "GET /v2.0/ports?network_id=bfb3b106-eeca-4198-bcc7-13027fd48b05&device_owner=network%3Adhcp HTTP/1.1" status: 200 len: 210 time: 0.0267990
2026-03-06 01:40:27.373 10 INFO neutron.api.wsgi [req-2562a955-27f4-4d4e-ba20-7894efcc3548 req-4ed77b38-773d-4677-9816-5f01b8852085 06cac389b0b64391bae0e8e073919655 1cb29106550741ffaccb533906f17ad6 - - default default] 10.0.0.209 "GET /v2.0/ports?device_id=f5b07468-1a20-4682-a4b5-8c86bed1dc23 HTTP/1.1" status: 200 len: 1172 time: 0.0421848
2026-03-06 01:40:27.378 10 INFO neutron.api.wsgi [None req-ec0d9e8b-5aa9-4b33-aa55-15ac96606d18 1e7dc8fe47e6429cb2bb978ca1cc15c6 648b6b88fee64ac1b19ebad9b51eece1 - - default default] 10.0.0.122 "DELETE /v2.0/security-groups/6b9ab527-5915-4924-a000-379e3aa02291 HTTP/1.1" status: 204 len: 168 time: 0.2492690
2026-03-06 01:40:27.402 10 INFO neutron.api.wsgi [req-749a2915-71cd-4adc-8cee-1b74600aa652 req-93a4e3dc-6297-42ac-949d-bd08129584dc 8eb44330508a426c9ba86ad21a028714 e548c96dd269448eb17847e3a6495a83 - - a3b3c7e74b3740aba4cc2320f7985a70 a3b3c7e74b3740aba4cc2320f7985a70] 199.204.45.155 "GET /v2.0/networks/bfb3b106-eeca-4198-bcc7-13027fd48b05?fields=segments HTTP/1.1" status: 200 len: 212 time: 0.0532343
2026-03-06 01:40:27.414 10 INFO neutron.api.wsgi [req-2562a955-27f4-4d4e-ba20-7894efcc3548 req-b1ba3643-7d08-4c08-9f02-e68eae3f5d65 06cac389b0b64391bae0e8e073919655 1cb29106550741ffaccb533906f17ad6 - - default default] 10.0.0.209 "GET /v2.0/security-groups?id=9bdc12f5-01c0-4571-be30-5355d249fea0&fields=id&fields=name HTTP/1.1" status: 200 len: 313 time: 0.0350285
2026-03-06 01:40:27.455 10 INFO neutron.api.wsgi [req-749a2915-71cd-4adc-8cee-1b74600aa652 req-3b484693-0b03-45f4-be33-4a3a1467cc7f 8eb44330508a426c9ba86ad21a028714 e548c96dd269448eb17847e3a6495a83 - - a3b3c7e74b3740aba4cc2320f7985a70 a3b3c7e74b3740aba4cc2320f7985a70] 199.204.45.155 "GET /v2.0/networks/bfb3b106-eeca-4198-bcc7-13027fd48b05?fields=provider%3Aphysical_network&fields=provider%3Anetwork_type HTTP/1.1" status: 200 len: 277 time: 0.0478449
2026-03-06 01:40:27.582 10 INFO neutron.api.wsgi [req-8277b8eb-1245-4147-b287-3e9032bce43b req-86784fe4-60ff-4be5-bef9-7cb420ee4a2e 56f2f9589b7340dbb380a99ae71d352a 43348e6e89894591b44a736ce55ba7c5 - - default default] 10.0.0.209 "GET /v2.0/ports?device_id=c604c5d1-a91c-4042-a0be-3f77bf676b87 HTTP/1.1" status: 200 len: 210 time: 0.0228143
2026-03-06 01:40:27.669 9 INFO neutron.services.segments.plugin [-] Segment 7bebba8f-2a1b-433d-9970-23a4be6f57bc resource provider aggregate not found
2026-03-06 01:40:27.676 9 INFO neutron.services.segments.plugin [-] Segment 7bebba8f-2a1b-433d-9970-23a4be6f57bc resource provider aggregate not found
2026-03-06 01:40:27.679 9 INFO neutron.services.segments.plugin [-] Segment 7bebba8f-2a1b-433d-9970-23a4be6f57bc resource provider not found; error: Placement Client Error (4xx): {"errors": [{"status": 404, "title": "Not Found", "detail": "The resource could not be found.\n\n No resource provider with uuid 7bebba8f-2a1b-433d-9970-23a4be6f57bc found for delete ", "request_id": "req-9a342fa4-b3d8-47b0-b48e-82cd052be83b"}]}
2026-03-06 01:40:27.687 9 INFO neutron.services.segments.plugin [-] Segment 7bebba8f-2a1b-433d-9970-23a4be6f57bc resource provider not found; error: Placement Client Error (4xx): {"errors": [{"status": 404, "title": "Not Found", "detail": "The resource could not be found.\n\n No resource provider with uuid 7bebba8f-2a1b-433d-9970-23a4be6f57bc found for delete ", "request_id": "req-d4cde914-7c9b-4cdb-825b-b6ab7976e84b"}]}
2026-03-06 01:40:27.722 9 WARNING neutron.plugins.ml2.drivers.ovn.mech_driver.ovsdb.ovn_client [None req-af1b484e-3a6b-4d8e-84d8-585d1b9ba613 - - - - - -] No hosting information found for port bcb63a88-04f3-4ed1-af86-5b59d49c6a60: RuntimeError: No hosting information found for port bcb63a88-04f3-4ed1-af86-5b59d49c6a60
2026-03-06 01:40:27.787 9 INFO neutron.db.ovn_revision_numbers_db [None req-af1b484e-3a6b-4d8e-84d8-585d1b9ba613 - - - - - -] Successfully bumped revision number for resource bcb63a88-04f3-4ed1-af86-5b59d49c6a60 (type: router_ports) to 2
2026-03-06 01:40:27.788 9 INFO neutron.plugins.ml2.drivers.ovn.mech_driver.mech_driver [None req-af1b484e-3a6b-4d8e-84d8-585d1b9ba613 - - - - - -] OVN reports status down for port: dd7bd289-636b-496a-8d39-ca4bd2516365
2026-03-06 01:40:28.158 10 INFO neutron.api.wsgi [req-56d59817-48de-4c8c-96a9-08f441a7acf9 req-31f4562f-88f6-4a7b-b9e4-103a3db177e9 56f2f9589b7340dbb380a99ae71d352a 43348e6e89894591b44a736ce55ba7c5 - - default default] 199.204.45.155 "GET /v2.0/networks?id=19faa80a-6c9e-44e6-837c-6175e97a19d8 HTTP/1.1" status: 200 len: 874 time: 0.0439675
2026-03-06 01:40:28.189 10 INFO neutron.api.wsgi [req-393fa523-4782-4570-97e6-b30a35d26dcb req-1232a50b-35a1-4a1a-81c4-3bcdf1486007 c27e4ede994f452bba7ebcf483fb619e aa9767ceabca474aa3ac12318a0ffeff - - default default] 10.0.0.209 "GET /v2.0/ports?device_id=a3f5d8c5-1123-4162-a2f5-148373c6d08b HTTP/1.1" status: 200 len: 210 time: 0.0187328
2026-03-06 01:40:28.206 10 INFO neutron.api.wsgi [req-56d59817-48de-4c8c-96a9-08f441a7acf9 req-38f95a7a-bac7-443a-a324-97d59709f6c7 56f2f9589b7340dbb380a99ae71d352a 43348e6e89894591b44a736ce55ba7c5 - - default default] 199.204.45.155 "GET /v2.0/security-groups?fields=id&fields=name&tenant_id=43348e6e89894591b44a736ce55ba7c5 HTTP/1.1" status: 200 len: 378 time: 0.0441647
2026-03-06 01:40:28.214 10 WARNING neutron_lib.context [req-56d59817-48de-4c8c-96a9-08f441a7acf9 req-5f4c07cd-01c0-4836-914a-5808a438c6ae 56f2f9589b7340dbb380a99ae71d352a 43348e6e89894591b44a736ce55ba7c5 - - default default] Method 'is_advsvc' is deprecated since 2023.2 release (neutron-lib 3.8.0) and will be removed once support for the old RBAC API policies will be removed from Neutron. Please use method 'is_service_role' instead.
2026-03-06 01:40:28.464 10 WARNING neutron.scheduler.dhcp_agent_scheduler [req-56d59817-48de-4c8c-96a9-08f441a7acf9 req-5f4c07cd-01c0-4836-914a-5808a438c6ae 56f2f9589b7340dbb380a99ae71d352a 43348e6e89894591b44a736ce55ba7c5 - - default default] No more DHCP agents
2026-03-06 01:40:28.465 10 WARNING neutron.api.rpc.agentnotifiers.dhcp_rpc_agent_api [req-56d59817-48de-4c8c-96a9-08f441a7acf9 req-5f4c07cd-01c0-4836-914a-5808a438c6ae 56f2f9589b7340dbb380a99ae71d352a 43348e6e89894591b44a736ce55ba7c5 - - default default] Unable to schedule network 19faa80a-6c9e-44e6-837c-6175e97a19d8: no agents available; will retry on subsequent port and subnet creation events. /var/lib/openstack/lib/python3.12/site-packages/pycadf/identifier.py:71: UserWarning: Invalid uuid: neutron. To ensure interoperability, identifiers should be a valid uuid. warnings.warn(('Invalid uuid: %s. To ensure interoperability, ' /var/lib/openstack/lib/python3.12/site-packages/pycadf/identifier.py:71: UserWarning: Invalid uuid: neutron. To ensure interoperability, identifiers should be a valid uuid. warnings.warn(('Invalid uuid: %s. To ensure interoperability, '
2026-03-06 01:40:28.506 9 INFO neutron.api.wsgi [req-cdfe3dce-972d-414e-951c-bfda34314fbb req-959db907-08d0-4fc0-9193-36577c81f8f0 8eb44330508a426c9ba86ad21a028714 e548c96dd269448eb17847e3a6495a83 - - a3b3c7e74b3740aba4cc2320f7985a70 a3b3c7e74b3740aba4cc2320f7985a70] 199.204.45.155 "GET /v2.0/ports?tenant_id=1cb29106550741ffaccb533906f17ad6&device_id=f5b07468-1a20-4682-a4b5-8c86bed1dc23 HTTP/1.1" status: 200 len: 1411 time: 0.0318022
2026-03-06 01:40:28.515 10 INFO neutron.api.wsgi [req-6db33cf2-cf5b-4537-be96-a99dd5ab4fa9 req-78658c7e-74ec-49c5-aad2-48b12f6a13a1 06cac389b0b64391bae0e8e073919655 1cb29106550741ffaccb533906f17ad6 - - default default] 10.0.0.209 "GET /v2.0/ports?device_id=f5b07468-1a20-4682-a4b5-8c86bed1dc23 HTTP/1.1" status: 200 len: 1172 time: 0.0428154
2026-03-06 01:40:28.559 9 INFO neutron.api.wsgi [req-cdfe3dce-972d-414e-951c-bfda34314fbb req-3d3f18e1-c400-4594-9e1a-1540deb195b3 8eb44330508a426c9ba86ad21a028714 e548c96dd269448eb17847e3a6495a83 - - a3b3c7e74b3740aba4cc2320f7985a70 a3b3c7e74b3740aba4cc2320f7985a70] 199.204.45.155 "GET /v2.0/networks?id=bfb3b106-eeca-4198-bcc7-13027fd48b05 HTTP/1.1" status: 200 len: 973 time: 0.0437441
2026-03-06 01:40:28.565 10 INFO neutron.api.wsgi [req-6db33cf2-cf5b-4537-be96-a99dd5ab4fa9 req-840ac308-3999-4bd6-b163-7e6a0b138ce8 06cac389b0b64391bae0e8e073919655 1cb29106550741ffaccb533906f17ad6 - - default default] 10.0.0.209 "GET /v2.0/security-groups?id=9bdc12f5-01c0-4571-be30-5355d249fea0&fields=id&fields=name HTTP/1.1" status: 200 len: 313 time: 0.0412652
2026-03-06 01:40:28.582 9 INFO neutron.api.wsgi [req-cdfe3dce-972d-414e-951c-bfda34314fbb req-299785a3-4027-4c05-839e-076bca1edbb9 8eb44330508a426c9ba86ad21a028714 e548c96dd269448eb17847e3a6495a83 - - a3b3c7e74b3740aba4cc2320f7985a70 a3b3c7e74b3740aba4cc2320f7985a70] 199.204.45.155 "GET /v2.0/floatingips?fixed_ip_address=10.100.0.13&port_id=e2dce1d2-28d8-4b36-907d-0bd93cea0d9f HTTP/1.1" status: 200 len: 217 time: 0.0192003
2026-03-06 01:40:28.610 10 INFO neutron.db.ovn_revision_numbers_db [req-56d59817-48de-4c8c-96a9-08f441a7acf9 req-5f4c07cd-01c0-4836-914a-5808a438c6ae 56f2f9589b7340dbb380a99ae71d352a 43348e6e89894591b44a736ce55ba7c5 - - default default] Successfully bumped revision number for resource 9d17a24d-03fa-4cd9-be40-f5b4896dd457 (type: ports) to 1
2026-03-06 01:40:28.613 9 INFO neutron.api.wsgi [req-cdfe3dce-972d-414e-951c-bfda34314fbb req-bd87495b-a3bf-482f-b8d9-151ed45aee9b 8eb44330508a426c9ba86ad21a028714 e548c96dd269448eb17847e3a6495a83 - - a3b3c7e74b3740aba4cc2320f7985a70 a3b3c7e74b3740aba4cc2320f7985a70] 199.204.45.155 "GET /v2.0/subnets?id=15c171c4-1c22-46fc-8dc0-fc60ddb261a2 HTTP/1.1" status: 200 len: 893 time: 0.0274482
2026-03-06 01:40:28.639 10 INFO neutron.api.wsgi [req-56d59817-48de-4c8c-96a9-08f441a7acf9 req-5f4c07cd-01c0-4836-914a-5808a438c6ae 56f2f9589b7340dbb380a99ae71d352a 43348e6e89894591b44a736ce55ba7c5 - - default default] 199.204.45.155 "POST /v2.0/ports HTTP/1.1" status: 201 len: 1162 time: 0.4291282
2026-03-06 01:40:28.641 9 INFO neutron.api.wsgi [req-cdfe3dce-972d-414e-951c-bfda34314fbb req-64fbc23f-4562-4bf8-bcd1-a862ca13b114 8eb44330508a426c9ba86ad21a028714 e548c96dd269448eb17847e3a6495a83 - - a3b3c7e74b3740aba4cc2320f7985a70 a3b3c7e74b3740aba4cc2320f7985a70] 199.204.45.155 "GET /v2.0/ports?network_id=bfb3b106-eeca-4198-bcc7-13027fd48b05&device_owner=network%3Adhcp HTTP/1.1" status: 200 len: 210 time: 0.0203984
2026-03-06 01:40:28.678 10 INFO neutron.api.wsgi [req-93700aa5-a09e-46dc-b4ff-d2df35c6e176 req-0aa147ad-e4f4-4c6d-8961-5e84ec378a96 56f2f9589b7340dbb380a99ae71d352a 43348e6e89894591b44a736ce55ba7c5 - - default default] 10.0.0.209 "GET /v2.0/ports?device_id=c604c5d1-a91c-4042-a0be-3f77bf676b87 HTTP/1.1" status: 200 len: 1160 time: 0.0370920
2026-03-06 01:40:28.700 9 INFO neutron.api.wsgi [req-cdfe3dce-972d-414e-951c-bfda34314fbb req-a1380e39-ca31-4fa0-b378-8947aac5c71c 8eb44330508a426c9ba86ad21a028714 e548c96dd269448eb17847e3a6495a83 - - a3b3c7e74b3740aba4cc2320f7985a70 a3b3c7e74b3740aba4cc2320f7985a70] 199.204.45.155 "GET /v2.0/networks/bfb3b106-eeca-4198-bcc7-13027fd48b05?fields=segments HTTP/1.1" status: 200 len: 212 time: 0.0510511
2026-03-06 01:40:28.728 10 INFO neutron.api.wsgi [req-93700aa5-a09e-46dc-b4ff-d2df35c6e176 req-6ec47670-bf8a-46f4-a2ad-e89ddc182554 56f2f9589b7340dbb380a99ae71d352a 43348e6e89894591b44a736ce55ba7c5 - - default default] 10.0.0.209 "GET /v2.0/security-groups?id=bd61bc9d-4558-4886-82a5-929c752f1644&fields=id&fields=name HTTP/1.1" status: 200 len: 311 time: 0.0425022
2026-03-06 01:40:28.780 9 INFO neutron.api.wsgi [req-cdfe3dce-972d-414e-951c-bfda34314fbb req-76d45c0e-e83b-495a-bcbe-19ff7645fc94 8eb44330508a426c9ba86ad21a028714 e548c96dd269448eb17847e3a6495a83 - - a3b3c7e74b3740aba4cc2320f7985a70 a3b3c7e74b3740aba4cc2320f7985a70] 199.204.45.155 "GET /v2.0/networks/bfb3b106-eeca-4198-bcc7-13027fd48b05?fields=provider%3Aphysical_network&fields=provider%3Anetwork_type HTTP/1.1" status: 200 len: 277 time: 0.0664358
2026-03-06 01:40:28.991 10 INFO neutron.db.ovn_revision_numbers_db [req-56d59817-48de-4c8c-96a9-08f441a7acf9 req-f00e521d-e9c5-4bb8-aecf-f64af553a313 8eb44330508a426c9ba86ad21a028714 e548c96dd269448eb17847e3a6495a83 - - a3b3c7e74b3740aba4cc2320f7985a70 a3b3c7e74b3740aba4cc2320f7985a70] Successfully bumped revision number for resource 9d17a24d-03fa-4cd9-be40-f5b4896dd457 (type: ports) to 2
2026-03-06 01:40:29.155 9 WARNING neutron_lib.context [None req-250ab5ae-00c2-4718-8bd4-7c03df698e8c cd6f4ff7287045eeb823f8da9024a384 293df0de0f7c426c9d3b84016087f98f - - default default] Method 'is_advsvc' is deprecated since 2023.2 release (neutron-lib 3.8.0) and will be removed once support for the old RBAC API policies will be removed from Neutron. Please use method 'is_service_role' instead.
2026-03-06 01:40:29.199 10 INFO neutron.db.ovn_revision_numbers_db [req-56d59817-48de-4c8c-96a9-08f441a7acf9 req-f00e521d-e9c5-4bb8-aecf-f64af553a313 8eb44330508a426c9ba86ad21a028714 e548c96dd269448eb17847e3a6495a83 - - a3b3c7e74b3740aba4cc2320f7985a70 a3b3c7e74b3740aba4cc2320f7985a70] Successfully bumped revision number for resource 9d17a24d-03fa-4cd9-be40-f5b4896dd457 (type: ports) to 4
2026-03-06 01:40:29.217 10 INFO neutron.api.wsgi [req-56d59817-48de-4c8c-96a9-08f441a7acf9 req-f00e521d-e9c5-4bb8-aecf-f64af553a313 8eb44330508a426c9ba86ad21a028714 e548c96dd269448eb17847e3a6495a83 - - a3b3c7e74b3740aba4cc2320f7985a70 a3b3c7e74b3740aba4cc2320f7985a70] 199.204.45.155 "PUT /v2.0/ports/9d17a24d-03fa-4cd9-be40-f5b4896dd457 HTTP/1.1" status: 200 len: 1408 time: 0.5680828
2026-03-06 01:40:29.251 10 INFO neutron.notifiers.nova [-] Nova event matching ['req-c659d7ef-1aae-4a73-a135-26cedabe512b'] response: {'name': 'network-changed', 'server_uuid': 'c604c5d1-a91c-4042-a0be-3f77bf676b87', 'tag': '9d17a24d-03fa-4cd9-be40-f5b4896dd457', 'status': 'completed', 'code': 200} /var/lib/openstack/lib/python3.12/site-packages/pycadf/identifier.py:71: UserWarning: Invalid uuid: neutron. To ensure interoperability, identifiers should be a valid uuid. warnings.warn(('Invalid uuid: %s. To ensure interoperability, '
2026-03-06 01:40:29.278 10 INFO neutron.api.wsgi [req-c9cc7e38-7f2c-45fa-a20c-9167a0a7a8c2 req-52e9de9c-42bd-4862-a537-9ec7b0b10968 c27e4ede994f452bba7ebcf483fb619e aa9767ceabca474aa3ac12318a0ffeff - - default default] 10.0.0.209 "GET /v2.0/ports?device_id=a3f5d8c5-1123-4162-a2f5-148373c6d08b HTTP/1.1" status: 200 len: 210 time: 0.0204391
2026-03-06 01:40:29.293 9 INFO neutron.db.ovn_revision_numbers_db [None req-250ab5ae-00c2-4718-8bd4-7c03df698e8c cd6f4ff7287045eeb823f8da9024a384 293df0de0f7c426c9d3b84016087f98f - - default default] Successfully bumped revision number for resource 4ea64214-6d16-4cd9-8980-3a911b2a89dd (type: security_groups) to 1
2026-03-06 01:40:29.306 9 INFO neutron.db.ovn_revision_numbers_db [None req-250ab5ae-00c2-4718-8bd4-7c03df698e8c cd6f4ff7287045eeb823f8da9024a384 293df0de0f7c426c9d3b84016087f98f - - default default] Successfully bumped revision number for resource 0407210f-859e-48bc-a64e-d25531804674 (type: security_group_rules) to 0
2026-03-06 01:40:29.319 9 INFO neutron.db.ovn_revision_numbers_db [None req-250ab5ae-00c2-4718-8bd4-7c03df698e8c cd6f4ff7287045eeb823f8da9024a384 293df0de0f7c426c9d3b84016087f98f - - default default] Successfully bumped revision number for resource 3d611114-ad56-4e9b-ad0c-dfcffefb8f49 (type: security_group_rules) to 0
2026-03-06 01:40:29.331 9 INFO neutron.db.ovn_revision_numbers_db [None req-250ab5ae-00c2-4718-8bd4-7c03df698e8c cd6f4ff7287045eeb823f8da9024a384 293df0de0f7c426c9d3b84016087f98f - - default default] Successfully bumped revision number for resource 4327e8f5-6267-4a9d-ac68-b7b4c8799a69 (type: security_group_rules) to 0
2026-03-06 01:40:29.343 9 INFO neutron.db.ovn_revision_numbers_db [None req-250ab5ae-00c2-4718-8bd4-7c03df698e8c cd6f4ff7287045eeb823f8da9024a384 293df0de0f7c426c9d3b84016087f98f - - default default] Successfully bumped revision number for resource d495d367-f9b1-4b49-ac78-255274b7acc8 (type: security_group_rules) to 0
2026-03-06 01:40:29.414 9 INFO neutron.db.segments_db [None req-250ab5ae-00c2-4718-8bd4-7c03df698e8c cd6f4ff7287045eeb823f8da9024a384 293df0de0f7c426c9d3b84016087f98f - - default default] Added segment 6fa5e5fe-1a97-465f-ad77-7c352488f759 of type geneve for network e4983b6f-e541-41b3-aee9-d408c9dc47a9
2026-03-06 01:40:29.512 9 INFO neutron.db.ovn_revision_numbers_db [None req-250ab5ae-00c2-4718-8bd4-7c03df698e8c cd6f4ff7287045eeb823f8da9024a384 293df0de0f7c426c9d3b84016087f98f - - default default] Successfully bumped revision number for resource e4983b6f-e541-41b3-aee9-d408c9dc47a9 (type: networks) to 1
2026-03-06 01:40:29.625 10 INFO neutron.plugins.ml2.drivers.ovn.mech_driver.mech_driver [None req-b160b62b-0640-46e6-8f39-73da0e6bb19b - - - - - -] OVN reports status up for port: e2dce1d2-28d8-4b36-907d-0bd93cea0d9f
2026-03-06 01:40:29.636 10 INFO neutron.plugins.ml2.plugin [None req-b160b62b-0640-46e6-8f39-73da0e6bb19b - - - - - -] Attempt 1 to provision port e2dce1d2-28d8-4b36-907d-0bd93cea0d9f
2026-03-06 01:40:29.665 9 WARNING neutron.scheduler.dhcp_agent_scheduler [None req-250ab5ae-00c2-4718-8bd4-7c03df698e8c cd6f4ff7287045eeb823f8da9024a384 293df0de0f7c426c9d3b84016087f98f - - default default] No more DHCP agents
2026-03-06 01:40:29.666 9 WARNING neutron.api.rpc.agentnotifiers.dhcp_rpc_agent_api [None req-250ab5ae-00c2-4718-8bd4-7c03df698e8c cd6f4ff7287045eeb823f8da9024a384 293df0de0f7c426c9d3b84016087f98f - - default default] Unable to schedule network e4983b6f-e541-41b3-aee9-d408c9dc47a9: no agents available; will retry on subsequent port and subnet creation events.
2026-03-06 01:40:29.678 10 INFO neutron.api.wsgi [req-c8c390d5-80ea-4b8b-9b50-a6f61b6ceaa8 req-0181ee6d-87c3-4d7e-a87c-5b242f907b79 06cac389b0b64391bae0e8e073919655 1cb29106550741ffaccb533906f17ad6 - - default default] 10.0.0.209 "GET /v2.0/ports?device_id=f5b07468-1a20-4682-a4b5-8c86bed1dc23 HTTP/1.1" status: 200 len: 1172 time: 0.0342758
2026-03-06 01:40:29.735 9 INFO neutron.db.ovn_revision_numbers_db [None req-250ab5ae-00c2-4718-8bd4-7c03df698e8c cd6f4ff7287045eeb823f8da9024a384 293df0de0f7c426c9d3b84016087f98f - - default default] Successfully bumped revision number for resource 0d7cc996-1dff-477d-8b60-f588667027a9 (type: ports) to 1
2026-03-06 01:40:29.740 10 INFO neutron.api.wsgi [req-c8c390d5-80ea-4b8b-9b50-a6f61b6ceaa8 req-f12ba1c2-670a-4653-8d2d-406fd39b81c2 06cac389b0b64391bae0e8e073919655 1cb29106550741ffaccb533906f17ad6 - - default default] 10.0.0.209 "GET /v2.0/security-groups?id=9bdc12f5-01c0-4571-be30-5355d249fea0&fields=id&fields=name HTTP/1.1" status: 200 len: 313 time: 0.0570605
2026-03-06 01:40:29.764 9 INFO neutron.api.wsgi [None req-250ab5ae-00c2-4718-8bd4-7c03df698e8c cd6f4ff7287045eeb823f8da9024a384 293df0de0f7c426c9d3b84016087f98f - - default default] 10.0.0.122 "POST /v2.0/networks HTTP/1.1" status: 201 len: 846 time: 0.7609887
2026-03-06 01:40:29.783 9 WARNING neutron_lib.context [None req-7faa3229-becb-4a62-9580-3dee98780692 cd6f4ff7287045eeb823f8da9024a384 293df0de0f7c426c9d3b84016087f98f - - default default] Method 'is_advsvc' is deprecated since 2023.2 release (neutron-lib 3.8.0) and will be removed once support for the old RBAC API policies will be removed from Neutron. Please use method 'is_service_role' instead.
2026-03-06 01:40:29.792 10 INFO neutron.api.wsgi [req-32f715ac-3b2d-41c0-99b2-8ee6896589d7 req-2752fd78-c5d7-4e4f-b785-9ca598dcd30f 8eb44330508a426c9ba86ad21a028714 e548c96dd269448eb17847e3a6495a83 - - a3b3c7e74b3740aba4cc2320f7985a70 a3b3c7e74b3740aba4cc2320f7985a70] 199.204.45.155 "GET /v2.0/ports?tenant_id=43348e6e89894591b44a736ce55ba7c5&device_id=c604c5d1-a91c-4042-a0be-3f77bf676b87 HTTP/1.1" status: 200 len: 1411 time: 0.0331168
2026-03-06 01:40:29.891 10 INFO neutron.api.wsgi [req-32f715ac-3b2d-41c0-99b2-8ee6896589d7 req-bba9610c-0cd0-4503-bba7-79f54cb49609 8eb44330508a426c9ba86ad21a028714 e548c96dd269448eb17847e3a6495a83 - - a3b3c7e74b3740aba4cc2320f7985a70 a3b3c7e74b3740aba4cc2320f7985a70] 199.204.45.155 "GET /v2.0/networks?tenant_id=43348e6e89894591b44a736ce55ba7c5&shared=False HTTP/1.1" status: 200 len: 973 time: 0.0957301
2026-03-06 01:40:29.931 10 INFO neutron.api.wsgi [req-85624a58-3562-47ac-8c0c-de0003f2262d req-3346ab07-7d37-44a4-b814-120dd590e4dd 56f2f9589b7340dbb380a99ae71d352a 43348e6e89894591b44a736ce55ba7c5 - - default default] 10.0.0.209 "GET /v2.0/ports?device_id=c604c5d1-a91c-4042-a0be-3f77bf676b87 HTTP/1.1" status: 200 len: 1172 time: 0.1205616
2026-03-06 01:40:29.959 10 INFO neutron.api.wsgi [req-32f715ac-3b2d-41c0-99b2-8ee6896589d7 req-9735a766-b15a-4bb9-bdae-270120d3ebd2 8eb44330508a426c9ba86ad21a028714 e548c96dd269448eb17847e3a6495a83 - - a3b3c7e74b3740aba4cc2320f7985a70 a3b3c7e74b3740aba4cc2320f7985a70] 199.204.45.155 "GET /v2.0/networks?shared=True HTTP/1.1" status: 200 len: 952 time: 0.0651097
2026-03-06 01:40:29.998 10 INFO neutron.api.wsgi [req-85624a58-3562-47ac-8c0c-de0003f2262d req-1622b172-121c-40eb-b7cf-0c4cc6ff78e5 56f2f9589b7340dbb380a99ae71d352a 43348e6e89894591b44a736ce55ba7c5 - - default default] 10.0.0.209 "GET /v2.0/security-groups?id=bd61bc9d-4558-4886-82a5-929c752f1644&fields=id&fields=name HTTP/1.1" status: 200 len: 311 time: 0.0518970
2026-03-06 01:40:30.011 10 INFO neutron.db.ovn_revision_numbers_db [None req-b160b62b-0640-46e6-8f39-73da0e6bb19b - - - - - -] Successfully bumped revision number for resource e2dce1d2-28d8-4b36-907d-0bd93cea0d9f (type: ports) to 5
2026-03-06 01:40:30.244 9 WARNING neutron.scheduler.dhcp_agent_scheduler [None req-7faa3229-becb-4a62-9580-3dee98780692 cd6f4ff7287045eeb823f8da9024a384 293df0de0f7c426c9d3b84016087f98f - - default default] No more DHCP agents
2026-03-06 01:40:30.245 9 WARNING neutron.api.rpc.agentnotifiers.dhcp_rpc_agent_api [None req-7faa3229-becb-4a62-9580-3dee98780692 cd6f4ff7287045eeb823f8da9024a384 293df0de0f7c426c9d3b84016087f98f - - default default] Unable to schedule network e4983b6f-e541-41b3-aee9-d408c9dc47a9: no agents available; will retry on subsequent port and subnet creation events.
2026-03-06 01:40:30.308 9 INFO neutron.db.ovn_revision_numbers_db [None req-7faa3229-becb-4a62-9580-3dee98780692 cd6f4ff7287045eeb823f8da9024a384 293df0de0f7c426c9d3b84016087f98f - - default default] Successfully bumped revision number for resource 9ef0b247-2e10-48f1-9e3a-fb75ec1d22e7 (type: ports) to 1
2026-03-06 01:40:30.333 9 INFO neutron.api.wsgi [None req-7faa3229-becb-4a62-9580-3dee98780692 cd6f4ff7287045eeb823f8da9024a384 293df0de0f7c426c9d3b84016087f98f - - default default] 10.0.0.122 "POST /v2.0/ports HTTP/1.1" status: 201 len: 978 time: 0.5606990 /var/lib/openstack/lib/python3.12/site-packages/pycadf/identifier.py:71: UserWarning: Invalid uuid: neutron. To ensure interoperability, identifiers should be a valid uuid. warnings.warn(('Invalid uuid: %s. To ensure interoperability, '
2026-03-06 01:40:30.342 9 WARNING neutron_lib.context [None req-13fadc45-e928-4034-8e90-d54f00ab486b cd6f4ff7287045eeb823f8da9024a384 293df0de0f7c426c9d3b84016087f98f - - default default] Method 'is_advsvc' is deprecated since 2023.2 release (neutron-lib 3.8.0) and will be removed once support for the old RBAC API policies will be removed from Neutron. Please use method 'is_service_role' instead.
2026-03-06 01:40:30.447 9 INFO neutron.db.segments_db [None req-13fadc45-e928-4034-8e90-d54f00ab486b cd6f4ff7287045eeb823f8da9024a384 293df0de0f7c426c9d3b84016087f98f - - default default] Added segment fc6914bf-cc34-4bd8-86bd-bd1e735691bd of type geneve for network 7d33bd6c-355d-4b9d-8c98-3c8dcddf8fb9
2026-03-06 01:40:30.565 9 INFO neutron.api.wsgi [None req-3d8b6ba4-82be-43eb-b87e-8c22fa98c620 c27e4ede994f452bba7ebcf483fb619e aa9767ceabca474aa3ac12318a0ffeff - - default default] 10.0.0.122 "DELETE /v2.0/security-groups/7a448a25-7e63-423d-93ee-aec5f4b56197 HTTP/1.1" status: 204 len: 168 time: 0.1939161 /var/lib/openstack/lib/python3.12/site-packages/pycadf/identifier.py:71: UserWarning: Invalid uuid: neutron. To ensure interoperability, identifiers should be a valid uuid. warnings.warn(('Invalid uuid: %s. To ensure interoperability, '
