2026-03-06 01:42:38.389 10 WARNING neutron.api.rpc.agentnotifiers.dhcp_rpc_agent_api [None req-f7a90cf2-c9d2-4a9b-b6c5-7018580758ad 01573e905dc34732a9b50af7fd67beb5 4cd21e5b68724e2fb2de0752ead28c99 - - default default] Unable to schedule network 5d0c5616-75f2-478c-b8db-a38839ef70d4: no agents available; will retry on subsequent port and subnet creation events.
2026-03-06 01:42:38.836 10 INFO neutron.api.wsgi [None req-e2198303-ae36-4bb1-a964-df56f538a814 1e7dc8fe47e6429cb2bb978ca1cc15c6 648b6b88fee64ac1b19ebad9b51eece1 - - default default] 10.0.0.27 "GET /v2.0/floatingips HTTP/1.1" status: 200 len: 1034 time: 0.0879393
2026-03-06 01:42:38.841 10 INFO neutron.db.ovn_revision_numbers_db [None req-f7a90cf2-c9d2-4a9b-b6c5-7018580758ad 01573e905dc34732a9b50af7fd67beb5 4cd21e5b68724e2fb2de0752ead28c99 - - default default] Successfully bumped revision number for resource cc158760-60fc-4d40-8808-21c34d752018 (type: router_ports) to 1
2026-03-06 01:42:38.845 10 INFO neutron.api.wsgi [None req-f7a90cf2-c9d2-4a9b-b6c5-7018580758ad 01573e905dc34732a9b50af7fd67beb5 4cd21e5b68724e2fb2de0752ead28c99 - - default default] 10.0.0.122 "PUT /v2.0/routers/2de7c834-c223-4473-b308-bbb3c0427e2e/add_router_interface HTTP/1.1" status: 200 len: 503 time: 1.4402957
2026-03-06 01:42:38.879 10 INFO neutron.api.wsgi [req-79207445-ee08-4ede-bdef-45f713c9ecef req-2f1e3dfc-6aaa-4abc-a33d-78bc45bd3684 3749c73dd24c430f9bc7f05197e29134 293da02e73f5483ca075d9c54094cba3 - - default default] 10.0.0.209 "GET /v2.0/ports?device_id=d9076bf5-7f38-49ec-a524-4b9992e8c631 HTTP/1.1" status: 200 len: 210 time: 0.0216758
2026-03-06 01:42:38.896 10 INFO neutron.api.wsgi [None req-0c83b54e-686d-49d7-aa15-a4812c4298d2 1e7dc8fe47e6429cb2bb978ca1cc15c6 648b6b88fee64ac1b19ebad9b51eece1 - - default default] 10.0.0.27 "GET /v2.0/subnets HTTP/1.1" status: 200 len: 6986 time: 0.0540199
2026-03-06 01:42:38.907 10 INFO neutron.api.wsgi [None req-932899a6-cb50-45c1-bdf0-73a76917bd4d 1e7dc8fe47e6429cb2bb978ca1cc15c6 648b6b88fee64ac1b19ebad9b51eece1 - - default default] 10.0.0.27 "GET /v2.0/subnetpools HTTP/1.1" status: 200 len: 193 time: 0.0080793
2026-03-06 01:42:38.924 9 INFO neutron.api.wsgi [None req-137dc234-f67f-4573-b6ca-7ed8a43a4c16 01573e905dc34732a9b50af7fd67beb5 4cd21e5b68724e2fb2de0752ead28c99 - - default default] 10.0.0.122 "GET /v2.0/ports/cc158760-60fc-4d40-8808-21c34d752018 HTTP/1.1" status: 200 len: 1135 time: 0.0742984
2026-03-06 01:42:38.960 10 INFO neutron.api.wsgi [None req-e35dbf57-7a30-4032-b185-d344bd9761b1 1e7dc8fe47e6429cb2bb978ca1cc15c6 648b6b88fee64ac1b19ebad9b51eece1 - - default default] 10.0.0.27 "GET /v2.0/security-groups HTTP/1.1" status: 200 len: 39965 time: 0.0518360
2026-03-06 01:42:38.970 9 INFO neutron.api.wsgi [None req-3ba6b3fa-8a53-4243-84b9-5d33c16d71c8 01573e905dc34732a9b50af7fd67beb5 4cd21e5b68724e2fb2de0752ead28c99 - - default default] 10.0.0.122 "GET /v2.0/ports/cc158760-60fc-4d40-8808-21c34d752018 HTTP/1.1" status: 200 len: 1135 time: 0.0382655
2026-03-06 01:42:39.017 10 INFO neutron.api.wsgi [None req-580cd1c8-aa1e-4490-b8a3-8b38ce7bd507 1e7dc8fe47e6429cb2bb978ca1cc15c6 648b6b88fee64ac1b19ebad9b51eece1 - - default default] 10.0.0.27 "GET /v2.0/subnets HTTP/1.1" status: 200 len: 6986 time: 0.0417089
2026-03-06 01:42:39.090 10 INFO neutron.api.wsgi [None req-b887356b-bfba-4172-9df9-de4a43dcf525 1e7dc8fe47e6429cb2bb978ca1cc15c6 648b6b88fee64ac1b19ebad9b51eece1 - - default default] 10.0.0.27 "GET /v2.0/routers HTTP/1.1" status: 200 len: 2714 time: 0.0691133
2026-03-06 01:42:39.099 10 INFO neutron.api.wsgi [None req-56a3c503-4d38-4fb7-af52-ba5830b1e6b5 1e7dc8fe47e6429cb2bb978ca1cc15c6 648b6b88fee64ac1b19ebad9b51eece1 - - default default] 10.0.0.27 "GET /v2.0/agents?binary=ovn-controller HTTP/1.1" status: 200 len: 591 time: 0.0076737
2026-03-06 01:42:39.161 10 INFO neutron.api.wsgi [None req-d94721b1-2e6a-4d29-83fc-2ff81250599f 1e7dc8fe47e6429cb2bb978ca1cc15c6 648b6b88fee64ac1b19ebad9b51eece1 - - default default] 10.0.0.27 "GET /v2.0/networks HTTP/1.1" status: 200 len: 6208 time: 0.0610099
2026-03-06 01:42:39.168 10 INFO neutron.api.wsgi [req-82ede633-f4ed-4319-971e-77e4cfedb5af req-3478ad58-7860-4ca4-99dd-1190ae556bc4 1e7dc8fe47e6429cb2bb978ca1cc15c6 648b6b88fee64ac1b19ebad9b51eece1 - - default default] 10.0.0.209 "GET /v2.0/ports?device_id=d9076bf5-7f38-49ec-a524-4b9992e8c631&device_id=a93a1a02-8bbc-489e-920f-3012a204048d&device_id=bfb579e9-2120-4991-80ea-707110223080 HTTP/1.1" status: 200 len: 3061 time: 0.0570405
2026-03-06 01:42:39.185 10 INFO neutron.api.wsgi [None req-01e813ba-fbab-423c-a895-6c526316108f 1e7dc8fe47e6429cb2bb978ca1cc15c6 648b6b88fee64ac1b19ebad9b51eece1 - - default default] 10.0.0.27 "GET /v2.0/agents HTTP/1.1" status: 200 len: 1390 time: 0.0154066
2026-03-06 01:42:39.264 10 INFO neutron.api.wsgi [None req-35a74ecb-3cec-4e47-b2a3-ef95d35793d4 1e7dc8fe47e6429cb2bb978ca1cc15c6 648b6b88fee64ac1b19ebad9b51eece1 - - default default] 10.0.0.27 "GET /v2.0/ports HTTP/1.1" status: 200 len: 21914 time: 0.0757434
2026-03-06 01:42:39.268 10 INFO neutron.api.wsgi [req-82ede633-f4ed-4319-971e-77e4cfedb5af req-be3aa3f9-5e11-4b6e-bc32-b014f7ef0740 1e7dc8fe47e6429cb2bb978ca1cc15c6 648b6b88fee64ac1b19ebad9b51eece1 - - default default] 10.0.0.209 "GET /v2.0/security-groups?id=031247f1-5498-4e15-93e4-377b8a069e79&fields=id&fields=name HTTP/1.1" status: 200 len: 311 time: 0.0922244
2026-03-06 01:42:39.296 10 INFO neutron.api.wsgi [None req-a1f184d9-e599-4685-a21a-f68272fc094c 1e7dc8fe47e6429cb2bb978ca1cc15c6 648b6b88fee64ac1b19ebad9b51eece1 - - default default] 10.0.0.27 "GET /v2.0/network-ip-availabilities HTTP/1.1" status: 200 len: 4222 time: 0.0152137
2026-03-06 01:42:39.311 9 INFO neutron.api.wsgi [req-b1b65ead-b37f-4ea7-9058-b4e8daabab65 req-96232a09-836e-4117-93ad-8f953247788a 8eb44330508a426c9ba86ad21a028714 e548c96dd269448eb17847e3a6495a83 - - a3b3c7e74b3740aba4cc2320f7985a70 a3b3c7e74b3740aba4cc2320f7985a70] 199.204.45.155 "GET /v2.0/ports?tenant_id=396ef6d375f64b9bbe6133a01d1f9f28&device_id=bfb579e9-2120-4991-80ea-707110223080 HTTP/1.1" status: 200 len: 1630 time: 0.0408537
2026-03-06 01:42:39.861 9 INFO neutron.api.wsgi [req-b1b65ead-b37f-4ea7-9058-b4e8daabab65 req-993278c7-2242-4323-ac6a-aaa42fb257fd 8eb44330508a426c9ba86ad21a028714 e548c96dd269448eb17847e3a6495a83 - - a3b3c7e74b3740aba4cc2320f7985a70 a3b3c7e74b3740aba4cc2320f7985a70] 199.204.45.155 "GET /v2.0/networks?id=ff6175a7-5e62-4198-8f74-c32e180e0ea5 HTTP/1.1" status: 200 len: 1002 time: 0.0392766
2026-03-06 01:42:39.896 9 INFO neutron.api.wsgi [req-b1b65ead-b37f-4ea7-9058-b4e8daabab65 req-58737110-5210-4eb4-8c86-65b39e46811b 8eb44330508a426c9ba86ad21a028714 e548c96dd269448eb17847e3a6495a83 - - a3b3c7e74b3740aba4cc2320f7985a70 a3b3c7e74b3740aba4cc2320f7985a70] 199.204.45.155 "GET /v2.0/floatingips?fixed_ip_address=10.2.1.38&port_id=62cb0042-d30c-4b53-93d8-981391d8578f HTTP/1.1" status: 200 len: 1058 time: 0.0310183
2026-03-06 01:42:39.917 9 INFO neutron.api.wsgi [req-b1b65ead-b37f-4ea7-9058-b4e8daabab65 req-c5a4005c-907c-4c2c-be8e-f73cd57e9d84 8eb44330508a426c9ba86ad21a028714 e548c96dd269448eb17847e3a6495a83 - - a3b3c7e74b3740aba4cc2320f7985a70 a3b3c7e74b3740aba4cc2320f7985a70] 199.204.45.155 "GET /v2.0/floatingips?fixed_ip_address=fd7b%3Af9f7%3Afff%3A4eca%3A%3A2e&port_id=62cb0042-d30c-4b53-93d8-981391d8578f HTTP/1.1" status: 200 len: 217 time: 0.0159028
2026-03-06 01:42:39.962 10 INFO neutron.api.wsgi [req-5a5ce770-6b4a-4c43-8c64-e7e84a14aca4 req-d0771828-7c11-4589-a629-660ecb285814 3749c73dd24c430f9bc7f05197e29134 293da02e73f5483ca075d9c54094cba3 - - default default] 10.0.0.209 "GET /v2.0/ports?device_id=d9076bf5-7f38-49ec-a524-4b9992e8c631 HTTP/1.1" status: 200 len: 210 time: 0.0187681
2026-03-06 01:42:39.964 9 INFO neutron.api.wsgi [req-b1b65ead-b37f-4ea7-9058-b4e8daabab65 req-ae330202-e721-4474-bee4-05fec918a1dc 8eb44330508a426c9ba86ad21a028714 e548c96dd269448eb17847e3a6495a83 - - a3b3c7e74b3740aba4cc2320f7985a70 a3b3c7e74b3740aba4cc2320f7985a70] 199.204.45.155 "GET /v2.0/subnets?id=b3c674ac-53c0-4733-875f-d1dd574bfcb2&id=32be5f4a-8df5-415c-bab7-0baf01e67c67 HTTP/1.1" status: 200 len: 1610 time: 0.0311418
2026-03-06 01:42:39.987 9 INFO neutron.api.wsgi [req-b1b65ead-b37f-4ea7-9058-b4e8daabab65 req-75d83b88-44b6-438a-bb6a-8d514fb67ad0 8eb44330508a426c9ba86ad21a028714 e548c96dd269448eb17847e3a6495a83 - - a3b3c7e74b3740aba4cc2320f7985a70 a3b3c7e74b3740aba4cc2320f7985a70] 199.204.45.155 "GET /v2.0/ports?network_id=ff6175a7-5e62-4198-8f74-c32e180e0ea5&device_owner=network%3Adhcp HTTP/1.1" status: 200 len: 210 time: 0.0166521
2026-03-06 01:42:40.005 10 INFO neutron.api.wsgi [req-a4dda43c-0497-4fac-8f66-4c184d944e9b req-ef9ff070-561a-4e21-a48c-09149e9044ee 3749c73dd24c430f9bc7f05197e29134 293da02e73f5483ca075d9c54094cba3 - - default default] 199.204.45.155 "GET /v2.0/networks?id=860cc167-d3c7-45d6-b174-37c5020a2cc9 HTTP/1.1" status: 200 len: 860 time: 0.0717371
2026-03-06 01:42:40.015 9 INFO neutron.api.wsgi [req-b1b65ead-b37f-4ea7-9058-b4e8daabab65 req-39d16020-dcb2-49a6-9656-089c541f9e04 8eb44330508a426c9ba86ad21a028714 e548c96dd269448eb17847e3a6495a83 - - a3b3c7e74b3740aba4cc2320f7985a70 a3b3c7e74b3740aba4cc2320f7985a70] 199.204.45.155 "GET /v2.0/ports?network_id=ff6175a7-5e62-4198-8f74-c32e180e0ea5&device_owner=network%3Adhcp HTTP/1.1" status: 200 len: 210 time: 0.0213051
2026-03-06 01:42:40.015 10 INFO neutron.api.wsgi [None req-671f1326-9063-4807-9636-547d64495257 01573e905dc34732a9b50af7fd67beb5 4cd21e5b68724e2fb2de0752ead28c99 - - default default] 10.0.0.122 "GET /v2.0/ports/cc158760-60fc-4d40-8808-21c34d752018 HTTP/1.1" status: 200 len: 1135 time: 0.0401199
2026-03-06 01:42:40.047 10 INFO neutron.api.wsgi [req-a4dda43c-0497-4fac-8f66-4c184d944e9b req-acf1177f-70b0-4d22-88f5-965c50d28f6d 3749c73dd24c430f9bc7f05197e29134 293da02e73f5483ca075d9c54094cba3 - - default default] 199.204.45.155 "GET /v2.0/security-groups?fields=id&fields=name&tenant_id=293da02e73f5483ca075d9c54094cba3 HTTP/1.1" status: 200 len: 379 time: 0.0308545
2026-03-06 01:42:40.057 10 WARNING neutron_lib.context [req-a4dda43c-0497-4fac-8f66-4c184d944e9b req-61ebb5ad-0cb8-44df-bc50-159cb5a23c4d 3749c73dd24c430f9bc7f05197e29134 293da02e73f5483ca075d9c54094cba3 - - default default] Method 'is_advsvc' is deprecated since 2023.2 release (neutron-lib 3.8.0) and will be removed once support for the old RBAC API policies will be removed from Neutron. Please use method 'is_service_role' instead.
2026-03-06 01:42:40.060 9 INFO neutron.api.wsgi [req-b1b65ead-b37f-4ea7-9058-b4e8daabab65 req-30196419-f726-4aa0-a59a-2f1fa22219fc 8eb44330508a426c9ba86ad21a028714 e548c96dd269448eb17847e3a6495a83 - - a3b3c7e74b3740aba4cc2320f7985a70 a3b3c7e74b3740aba4cc2320f7985a70] 199.204.45.155 "GET /v2.0/networks/ff6175a7-5e62-4198-8f74-c32e180e0ea5?fields=segments HTTP/1.1" status: 200 len: 212 time: 0.0395005
2026-03-06 01:42:40.110 9 INFO neutron.api.wsgi [req-b1b65ead-b37f-4ea7-9058-b4e8daabab65 req-89a180ee-ae76-4358-86dd-a262d26d894a 8eb44330508a426c9ba86ad21a028714 e548c96dd269448eb17847e3a6495a83 - - a3b3c7e74b3740aba4cc2320f7985a70 a3b3c7e74b3740aba4cc2320f7985a70] 199.204.45.155 "GET /v2.0/networks/ff6175a7-5e62-4198-8f74-c32e180e0ea5?fields=provider%3Aphysical_network&fields=provider%3Anetwork_type HTTP/1.1" status: 200 len: 277 time: 0.0444140
2026-03-06 01:42:40.330 10 WARNING neutron.scheduler.dhcp_agent_scheduler [req-a4dda43c-0497-4fac-8f66-4c184d944e9b req-61ebb5ad-0cb8-44df-bc50-159cb5a23c4d 3749c73dd24c430f9bc7f05197e29134 293da02e73f5483ca075d9c54094cba3 - - default default] No more DHCP agents
2026-03-06 01:42:40.332 10 WARNING neutron.api.rpc.agentnotifiers.dhcp_rpc_agent_api [req-a4dda43c-0497-4fac-8f66-4c184d944e9b req-61ebb5ad-0cb8-44df-bc50-159cb5a23c4d 3749c73dd24c430f9bc7f05197e29134 293da02e73f5483ca075d9c54094cba3 - - default default] Unable to schedule network 860cc167-d3c7-45d6-b174-37c5020a2cc9: no agents available; will retry on subsequent port and subnet creation events. /var/lib/openstack/lib/python3.12/site-packages/pycadf/identifier.py:71: UserWarning: Invalid uuid: neutron. To ensure interoperability, identifiers should be a valid uuid. warnings.warn(('Invalid uuid: %s. To ensure interoperability, '
2026-03-06 01:42:40.483 10 INFO neutron.api.wsgi [req-a3ae99ed-0f70-41e6-9592-99c928e3879d req-7bb5f833-5631-42e6-a1ad-a1e9154abd45 fc46425083984c3e98aa6cfaff298d83 396ef6d375f64b9bbe6133a01d1f9f28 - - default default] 10.0.0.209 "GET /v2.0/ports?device_id=a93a1a02-8bbc-489e-920f-3012a204048d HTTP/1.1" status: 200 len: 1404 time: 0.0959868
2026-03-06 01:42:40.495 10 INFO neutron.db.ovn_revision_numbers_db [req-a4dda43c-0497-4fac-8f66-4c184d944e9b req-61ebb5ad-0cb8-44df-bc50-159cb5a23c4d 3749c73dd24c430f9bc7f05197e29134 293da02e73f5483ca075d9c54094cba3 - - default default] Successfully bumped revision number for resource db61e959-b456-48ea-b400-bbe3dda7f171 (type: ports) to 1
2026-03-06 01:42:40.516 10 INFO neutron.api.wsgi [req-a4dda43c-0497-4fac-8f66-4c184d944e9b req-61ebb5ad-0cb8-44df-bc50-159cb5a23c4d 3749c73dd24c430f9bc7f05197e29134 293da02e73f5483ca075d9c54094cba3 - - default default] 199.204.45.155 "POST /v2.0/ports HTTP/1.1" status: 201 len: 1162 time: 0.4641302
2026-03-06 01:42:40.530 10 INFO neutron.api.wsgi [req-a3ae99ed-0f70-41e6-9592-99c928e3879d req-1531d137-4a3f-4732-81b1-1689f316fa1d fc46425083984c3e98aa6cfaff298d83 396ef6d375f64b9bbe6133a01d1f9f28 - - default default] 10.0.0.209 "GET /v2.0/security-groups?id=031247f1-5498-4e15-93e4-377b8a069e79&fields=id&fields=name HTTP/1.1" status: 200 len: 311 time: 0.0391107
2026-03-06 01:42:40.648 9 INFO neutron.api.wsgi [None req-3c130f78-3491-46ae-9112-a236d9620aa5 fc46425083984c3e98aa6cfaff298d83 396ef6d375f64b9bbe6133a01d1f9f28 - - default default] 10.0.0.122 "GET /v2.0/ports?network_id=dd655bbc-74f0-4bf0-96a6-a97aa8f2d653&mac_address=fa%3A16%3A3e%3Afe%3A90%3A22 HTTP/1.1" status: 200 len: 1399 time: 0.0908034
2026-03-06 01:42:40.658 10 WARNING neutron_lib.context [None req-84921ef0-6ffd-4a27-9452-bd1521ae604b fc46425083984c3e98aa6cfaff298d83 396ef6d375f64b9bbe6133a01d1f9f28 - - default default] Method 'is_advsvc' is deprecated since 2023.2 release (neutron-lib 3.8.0) and will be removed once support for the old RBAC API policies will be removed from Neutron. Please use method 'is_service_role' instead.
2026-03-06 01:42:40.888 10 INFO neutron.db.ovn_revision_numbers_db [req-a4dda43c-0497-4fac-8f66-4c184d944e9b req-6385fd86-02ab-4bcd-ab29-23a9beb3cf1c 8eb44330508a426c9ba86ad21a028714 e548c96dd269448eb17847e3a6495a83 - - a3b3c7e74b3740aba4cc2320f7985a70 a3b3c7e74b3740aba4cc2320f7985a70] Successfully bumped revision number for resource db61e959-b456-48ea-b400-bbe3dda7f171 (type: ports) to 2
2026-03-06 01:42:40.892 10 WARNING neutron.scheduler.dhcp_agent_scheduler [None req-84921ef0-6ffd-4a27-9452-bd1521ae604b fc46425083984c3e98aa6cfaff298d83 396ef6d375f64b9bbe6133a01d1f9f28 - - default default] No more DHCP agents
2026-03-06 01:42:40.894 10 WARNING neutron.api.rpc.agentnotifiers.dhcp_rpc_agent_api [None req-84921ef0-6ffd-4a27-9452-bd1521ae604b fc46425083984c3e98aa6cfaff298d83 396ef6d375f64b9bbe6133a01d1f9f28 - - default default] Unable to schedule network 60b3b246-5c65-4e19-9956-25f1b7f50095: no agents available; will retry on subsequent port and subnet creation events. /var/lib/openstack/lib/python3.12/site-packages/pycadf/identifier.py:71: UserWarning: Invalid uuid: neutron. To ensure interoperability, identifiers should be a valid uuid. warnings.warn(('Invalid uuid: %s. To ensure interoperability, '
2026-03-06 01:42:41.055 9 INFO neutron.api.wsgi [None req-d2ee8137-4eba-42ae-8e8d-aa1a82d271f0 01573e905dc34732a9b50af7fd67beb5 4cd21e5b68724e2fb2de0752ead28c99 - - default default] 10.0.0.122 "GET /v2.0/ports/cc158760-60fc-4d40-8808-21c34d752018 HTTP/1.1" status: 200 len: 1135 time: 0.0340865
2026-03-06 01:42:41.141 10 INFO neutron.api.wsgi [req-3948ef52-8825-4cb4-b527-de6d7541455d req-f151f46a-a2f2-4b55-b416-1114bf649688 3749c73dd24c430f9bc7f05197e29134 293da02e73f5483ca075d9c54094cba3 - - default default] 10.0.0.209 "GET /v2.0/ports?device_id=d9076bf5-7f38-49ec-a524-4b9992e8c631 HTTP/1.1" status: 200 len: 1172 time: 0.1153865 /var/lib/openstack/lib/python3.12/site-packages/pycadf/identifier.py:71: UserWarning: Invalid uuid: neutron. To ensure interoperability, identifiers should be a valid uuid. warnings.warn(('Invalid uuid: %s. To ensure interoperability, '
2026-03-06 01:42:41.208 10 INFO neutron.api.wsgi [req-3948ef52-8825-4cb4-b527-de6d7541455d req-51aa3354-9839-4be4-9153-ab25163b1c07 3749c73dd24c430f9bc7f05197e29134 293da02e73f5483ca075d9c54094cba3 - - default default] 10.0.0.209 "GET /v2.0/security-groups?id=2a0f48a8-92ec-4b14-916a-0c6545954036&fields=id&fields=name HTTP/1.1" status: 200 len: 312 time: 0.0631347
2026-03-06 01:42:41.212 10 INFO neutron.db.ovn_revision_numbers_db [req-a4dda43c-0497-4fac-8f66-4c184d944e9b req-6385fd86-02ab-4bcd-ab29-23a9beb3cf1c 8eb44330508a426c9ba86ad21a028714 e548c96dd269448eb17847e3a6495a83 - - a3b3c7e74b3740aba4cc2320f7985a70 a3b3c7e74b3740aba4cc2320f7985a70] Successfully bumped revision number for resource db61e959-b456-48ea-b400-bbe3dda7f171 (type: ports) to 4
2026-03-06 01:42:41.237 10 INFO neutron.api.wsgi [req-a4dda43c-0497-4fac-8f66-4c184d944e9b req-6385fd86-02ab-4bcd-ab29-23a9beb3cf1c 8eb44330508a426c9ba86ad21a028714 e548c96dd269448eb17847e3a6495a83 - - a3b3c7e74b3740aba4cc2320f7985a70 a3b3c7e74b3740aba4cc2320f7985a70] 199.204.45.155 "PUT /v2.0/ports/db61e959-b456-48ea-b400-bbe3dda7f171 HTTP/1.1" status: 200 len: 1408 time: 0.7142889
2026-03-06 01:42:41.267 10 INFO neutron.notifiers.nova [-] Nova event matching ['req-79aead09-ab9d-48c7-9294-3b69e7616b29'] response: {'name': 'network-changed', 'server_uuid': 'd9076bf5-7f38-49ec-a524-4b9992e8c631', 'tag': 'db61e959-b456-48ea-b400-bbe3dda7f171', 'status': 'completed', 'code': 200}
2026-03-06 01:42:41.528 9 INFO neutron.api.wsgi [-] 10.0.0.194 "GET / HTTP/1.1" status: 200 len: 246 time: 0.0018771
2026-03-06 01:42:41.531 9 INFO neutron.api.wsgi [-] 10.0.0.194 "GET / HTTP/1.1" status: 200 len: 246 time: 0.0025809
2026-03-06 01:42:41.609 10 INFO neutron.db.ovn_revision_numbers_db [None req-84921ef0-6ffd-4a27-9452-bd1521ae604b fc46425083984c3e98aa6cfaff298d83 396ef6d375f64b9bbe6133a01d1f9f28 - - default default] Successfully bumped revision number for resource c286cec2-36b9-4402-9693-e6fde8e6556e (type: floatingips) to -1
2026-03-06 01:42:41.709 10 INFO neutron.db.ovn_revision_numbers_db [None req-84921ef0-6ffd-4a27-9452-bd1521ae604b fc46425083984c3e98aa6cfaff298d83 396ef6d375f64b9bbe6133a01d1f9f28 - - default default] Successfully bumped revision number for resource c286cec2-36b9-4402-9693-e6fde8e6556e (type: floatingips) to 1
2026-03-06 01:42:41.710 10 INFO neutron.db.l3_db [None req-84921ef0-6ffd-4a27-9452-bd1521ae604b fc46425083984c3e98aa6cfaff298d83 396ef6d375f64b9bbe6133a01d1f9f28 - - default default] Floating IP c286cec2-36b9-4402-9693-e6fde8e6556e associated. External IP: 10.96.250.205, port: 8752a58a-d9cb-4570-8df3-4a2d7525ec5d.
2026-03-06 01:42:41.747 10 INFO neutron.api.wsgi [None req-84921ef0-6ffd-4a27-9452-bd1521ae604b fc46425083984c3e98aa6cfaff298d83 396ef6d375f64b9bbe6133a01d1f9f28 - - default default] 10.0.0.122 "POST /v2.0/floatingips HTTP/1.1" status: 201 len: 1054 time: 1.0937586
2026-03-06 01:42:41.836 10 INFO neutron.api.wsgi [req-112f0436-65ab-44b8-9a26-252c83d0b89c req-6b4aa346-9c3b-4ddd-81a3-ce3f829e3573 8eb44330508a426c9ba86ad21a028714 e548c96dd269448eb17847e3a6495a83 - - a3b3c7e74b3740aba4cc2320f7985a70 a3b3c7e74b3740aba4cc2320f7985a70] 199.204.45.155 "GET /v2.0/ports?tenant_id=293da02e73f5483ca075d9c54094cba3&device_id=d9076bf5-7f38-49ec-a524-4b9992e8c631 HTTP/1.1" status: 200 len: 1411 time: 0.0591221
2026-03-06 01:42:41.878 10 INFO neutron.api.wsgi [req-112f0436-65ab-44b8-9a26-252c83d0b89c req-fd53b017-dc2e-4a8c-b9c8-24d40b4df350 8eb44330508a426c9ba86ad21a028714 e548c96dd269448eb17847e3a6495a83 - - a3b3c7e74b3740aba4cc2320f7985a70 a3b3c7e74b3740aba4cc2320f7985a70] 199.204.45.155 "GET /v2.0/networks?tenant_id=293da02e73f5483ca075d9c54094cba3&shared=False HTTP/1.1" status: 200 len: 959 time: 0.0357523
2026-03-06 01:42:41.924 10 INFO neutron.api.wsgi [req-112f0436-65ab-44b8-9a26-252c83d0b89c req-c4e44549-d3fa-4760-8b53-4c8d09999f22 8eb44330508a426c9ba86ad21a028714 e548c96dd269448eb17847e3a6495a83 - - a3b3c7e74b3740aba4cc2320f7985a70 a3b3c7e74b3740aba4cc2320f7985a70] 199.204.45.155 "GET /v2.0/networks?shared=True HTTP/1.1" status: 200 len: 952 time: 0.0409122
2026-03-06 01:42:42.091 9 INFO neutron.api.wsgi [None req-d1986c18-4491-402b-98cb-f96a2015b9b2 01573e905dc34732a9b50af7fd67beb5 4cd21e5b68724e2fb2de0752ead28c99 - - default default] 10.0.0.122 "GET /v2.0/ports/cc158760-60fc-4d40-8808-21c34d752018 HTTP/1.1" status: 200 len: 1135 time: 0.0324283
2026-03-06 01:42:42.301 10 INFO neutron.api.wsgi [req-15453aa1-efd3-4b89-a1f5-0e9955ba8738 req-085e7771-55f1-4cd0-a316-bd1299649d1d 3749c73dd24c430f9bc7f05197e29134 293da02e73f5483ca075d9c54094cba3 - - default default] 10.0.0.209 "GET /v2.0/ports?device_id=d9076bf5-7f38-49ec-a524-4b9992e8c631 HTTP/1.1" status: 200 len: 1172 time: 0.0322595
2026-03-06 01:42:42.344 10 INFO neutron.api.wsgi [req-15453aa1-efd3-4b89-a1f5-0e9955ba8738 req-57157046-4f22-43cc-8346-428d612bc8ab 3749c73dd24c430f9bc7f05197e29134 293da02e73f5483ca075d9c54094cba3 - - default default] 10.0.0.209 "GET /v2.0/security-groups?id=2a0f48a8-92ec-4b14-916a-0c6545954036&fields=id&fields=name HTTP/1.1" status: 200 len: 312 time: 0.0381207
2026-03-06 01:42:42.972 10 INFO neutron.api.wsgi [req-a4dda43c-0497-4fac-8f66-4c184d944e9b req-97424f84-8154-4315-bc11-0b984ca2f66a 8eb44330508a426c9ba86ad21a028714 e548c96dd269448eb17847e3a6495a83 - - a3b3c7e74b3740aba4cc2320f7985a70 a3b3c7e74b3740aba4cc2320f7985a70] 199.204.45.155 "GET /v2.0/ports?tenant_id=293da02e73f5483ca075d9c54094cba3&device_id=d9076bf5-7f38-49ec-a524-4b9992e8c631 HTTP/1.1" status: 200 len: 1411 time: 0.0310037
2026-03-06 01:42:42.993 10 INFO neutron.api.wsgi [req-a4dda43c-0497-4fac-8f66-4c184d944e9b req-9434eedf-8c47-4fa2-aeab-2e0639b757dc 8eb44330508a426c9ba86ad21a028714 e548c96dd269448eb17847e3a6495a83 - - a3b3c7e74b3740aba4cc2320f7985a70 a3b3c7e74b3740aba4cc2320f7985a70] 199.204.45.155 "GET /v2.0/floatingips?fixed_ip_address=10.100.0.13&port_id=db61e959-b456-48ea-b400-bbe3dda7f171 HTTP/1.1" status: 200 len: 217 time: 0.0165589
2026-03-06 01:42:43.017 10 INFO neutron.api.wsgi [req-a4dda43c-0497-4fac-8f66-4c184d944e9b req-d4115b06-87e9-4ba3-99ea-0597610364c9 8eb44330508a426c9ba86ad21a028714 e548c96dd269448eb17847e3a6495a83 - - a3b3c7e74b3740aba4cc2320f7985a70 a3b3c7e74b3740aba4cc2320f7985a70] 199.204.45.155 "GET /v2.0/subnets?id=c7e9313f-8755-4ae5-b9a0-5027085cacb3 HTTP/1.1" status: 200 len: 877 time: 0.0194051
2026-03-06 01:42:43.037 10 INFO neutron.api.wsgi [req-a4dda43c-0497-4fac-8f66-4c184d944e9b req-56d2b66c-9f92-4607-bddf-f04fc20f4a2c 8eb44330508a426c9ba86ad21a028714 e548c96dd269448eb17847e3a6495a83 - - a3b3c7e74b3740aba4cc2320f7985a70 a3b3c7e74b3740aba4cc2320f7985a70] 199.204.45.155 "GET /v2.0/ports?network_id=860cc167-d3c7-45d6-b174-37c5020a2cc9&device_owner=network%3Adhcp HTTP/1.1" status: 200 len: 210 time: 0.0153306
2026-03-06 01:42:43.072 10 INFO neutron.api.wsgi [req-a4dda43c-0497-4fac-8f66-4c184d944e9b req-270dc741-5925-473f-b265-3894c7f7c437 8eb44330508a426c9ba86ad21a028714 e548c96dd269448eb17847e3a6495a83 - - a3b3c7e74b3740aba4cc2320f7985a70 a3b3c7e74b3740aba4cc2320f7985a70] 199.204.45.155 "GET /v2.0/networks/860cc167-d3c7-45d6-b174-37c5020a2cc9?fields=segments HTTP/1.1" status: 200 len: 212 time: 0.0302622
2026-03-06 01:42:43.120 10 INFO neutron.api.wsgi [req-a4dda43c-0497-4fac-8f66-4c184d944e9b req-dbc3b6f0-6392-4cfd-a407-2e31703183a1 8eb44330508a426c9ba86ad21a028714 e548c96dd269448eb17847e3a6495a83 - - a3b3c7e74b3740aba4cc2320f7985a70 a3b3c7e74b3740aba4cc2320f7985a70] 199.204.45.155 "GET /v2.0/networks/860cc167-d3c7-45d6-b174-37c5020a2cc9?fields=provider%3Aphysical_network&fields=provider%3Anetwork_type HTTP/1.1" status: 200 len: 277 time: 0.0430601
2026-03-06 01:42:43.131 9 INFO neutron.api.wsgi [None req-4e640836-f5ce-41e9-9e19-0e7e47c65ae3 01573e905dc34732a9b50af7fd67beb5 4cd21e5b68724e2fb2de0752ead28c99 - - default default] 10.0.0.122 "GET /v2.0/ports/cc158760-60fc-4d40-8808-21c34d752018 HTTP/1.1" status: 200 len: 1135 time: 0.0348592
2026-03-06 01:42:43.311 10 INFO neutron.notifiers.nova [-] Nova event matching ['req-3d7a9779-09ee-40f1-89ec-168055f30749'] response: {'name': 'network-changed', 'server_uuid': 'a93a1a02-8bbc-489e-920f-3012a204048d', 'tag': '8752a58a-d9cb-4570-8df3-4a2d7525ec5d', 'status': 'completed', 'code': 200}
2026-03-06 01:42:43.432 10 INFO neutron.api.wsgi [req-10aa51b4-4eea-45d5-aec1-551365bb8dd3 req-941f48f6-65a0-483a-ac3e-7621d9a2effd 3749c73dd24c430f9bc7f05197e29134 293da02e73f5483ca075d9c54094cba3 - - default default] 10.0.0.209 "GET /v2.0/ports?device_id=d9076bf5-7f38-49ec-a524-4b9992e8c631 HTTP/1.1" status: 200 len: 1172 time: 0.0351329
2026-03-06 01:42:43.441 9 WARNING neutron.plugins.ml2.drivers.ovn.mech_driver.ovsdb.ovn_client [None req-1f317fd8-4fc0-4361-a90a-2e10208db0b6 - - - - - -] No hosting information found for port 504ecbed-d9a2-4eb7-9f27-436b40c56966: RuntimeError: No hosting information found for port 504ecbed-d9a2-4eb7-9f27-436b40c56966
2026-03-06 01:42:43.464 10 INFO neutron.api.wsgi [req-10aa51b4-4eea-45d5-aec1-551365bb8dd3 req-a21649be-943a-46eb-afd2-176f88cae841 3749c73dd24c430f9bc7f05197e29134 293da02e73f5483ca075d9c54094cba3 - - default default] 10.0.0.209 "GET /v2.0/security-groups?id=2a0f48a8-92ec-4b14-916a-0c6545954036&fields=id&fields=name HTTP/1.1" status: 200 len: 312 time: 0.0263293
2026-03-06 01:42:43.505 9 INFO neutron.db.ovn_revision_numbers_db [None req-1f317fd8-4fc0-4361-a90a-2e10208db0b6 - - - - - -] Successfully bumped revision number for resource 504ecbed-d9a2-4eb7-9f27-436b40c56966 (type: router_ports) to 2
2026-03-06 01:42:43.549 9 INFO neutron.plugins.ml2.drivers.ovn.mech_driver.mech_driver [None req-1f317fd8-4fc0-4361-a90a-2e10208db0b6 - - - - - -] OVN reports status up for port: cc158760-60fc-4d40-8808-21c34d752018
2026-03-06 01:42:43.555 9 INFO neutron.plugins.ml2.plugin [None req-1f317fd8-4fc0-4361-a90a-2e10208db0b6 - - - - - -] Attempt 1 to provision port cc158760-60fc-4d40-8808-21c34d752018
2026-03-06 01:42:43.853 10 INFO neutron.api.wsgi [req-51666cb5-9875-4eb0-82c4-be6074e68faa req-e9908eeb-7ddf-4b70-b6f1-e111e69f6c03 8eb44330508a426c9ba86ad21a028714 e548c96dd269448eb17847e3a6495a83 - - a3b3c7e74b3740aba4cc2320f7985a70 a3b3c7e74b3740aba4cc2320f7985a70] 199.204.45.155 "GET /v2.0/ports?tenant_id=396ef6d375f64b9bbe6133a01d1f9f28&device_id=a93a1a02-8bbc-489e-920f-3012a204048d HTTP/1.1" status: 200 len: 1642 time: 0.0321286
2026-03-06 01:42:43.889 9 INFO neutron.db.ovn_revision_numbers_db [None req-1f317fd8-4fc0-4361-a90a-2e10208db0b6 - - - - - -] Successfully bumped revision number for resource cc158760-60fc-4d40-8808-21c34d752018 (type: ports) to 2
2026-03-06 01:42:43.898 10 INFO neutron.api.wsgi [req-51666cb5-9875-4eb0-82c4-be6074e68faa req-2ae424bf-6222-4d48-b299-5ef4b7765901 8eb44330508a426c9ba86ad21a028714 e548c96dd269448eb17847e3a6495a83 - - a3b3c7e74b3740aba4cc2320f7985a70 a3b3c7e74b3740aba4cc2320f7985a70] 199.204.45.155 "GET /v2.0/networks?id=dd655bbc-74f0-4bf0-96a6-a97aa8f2d653 HTTP/1.1" status: 200 len: 1003 time: 0.0407491
2026-03-06 01:42:43.935 10 INFO neutron.api.wsgi [req-51666cb5-9875-4eb0-82c4-be6074e68faa req-422108ff-7d8f-4719-83fb-88e774a4b81a 8eb44330508a426c9ba86ad21a028714 e548c96dd269448eb17847e3a6495a83 - - a3b3c7e74b3740aba4cc2320f7985a70 a3b3c7e74b3740aba4cc2320f7985a70] 199.204.45.155 "GET /v2.0/floatingips?fixed_ip_address=10.2.2.252&port_id=8752a58a-d9cb-4570-8df3-4a2d7525ec5d HTTP/1.1" status: 200 len: 1059 time: 0.0316045
2026-03-06 01:42:43.955 10 INFO neutron.api.wsgi [req-51666cb5-9875-4eb0-82c4-be6074e68faa req-7655d1d0-c909-4a92-930a-232a6deabf8f 8eb44330508a426c9ba86ad21a028714 e548c96dd269448eb17847e3a6495a83 - - a3b3c7e74b3740aba4cc2320f7985a70 a3b3c7e74b3740aba4cc2320f7985a70] 199.204.45.155 "GET /v2.0/floatingips?fixed_ip_address=fd77%3A1457%3A4cf0%3A26a8%3A%3A2ac&port_id=8752a58a-d9cb-4570-8df3-4a2d7525ec5d HTTP/1.1" status: 200 len: 217 time: 0.0163116
2026-03-06 01:42:43.987 10 INFO neutron.api.wsgi [req-51666cb5-9875-4eb0-82c4-be6074e68faa req-73afb2d7-7980-411c-85e6-5c2f1bae5621 8eb44330508a426c9ba86ad21a028714 e548c96dd269448eb17847e3a6495a83 - - a3b3c7e74b3740aba4cc2320f7985a70 a3b3c7e74b3740aba4cc2320f7985a70] 199.204.45.155 "GET /v2.0/subnets?id=9c35576b-aeb0-49bd-889d-57578e4ae52a&id=520de760-ed4d-4a2f-b6f2-dfc29240644c HTTP/1.1" status: 200 len: 1614 time: 0.0266917
2026-03-06 01:42:44.005 10 INFO neutron.api.wsgi [req-51666cb5-9875-4eb0-82c4-be6074e68faa req-0a7132e8-2a76-4929-9e57-3f89a6019f4a 8eb44330508a426c9ba86ad21a028714 e548c96dd269448eb17847e3a6495a83 - - a3b3c7e74b3740aba4cc2320f7985a70 a3b3c7e74b3740aba4cc2320f7985a70] 199.204.45.155 "GET /v2.0/ports?network_id=dd655bbc-74f0-4bf0-96a6-a97aa8f2d653&device_owner=network%3Adhcp HTTP/1.1" status: 200 len: 210 time: 0.0149009
2026-03-06 01:42:44.025 10 INFO neutron.api.wsgi [req-51666cb5-9875-4eb0-82c4-be6074e68faa req-ca42ad07-20b6-4059-a6e8-7bcc9e74b494 8eb44330508a426c9ba86ad21a028714 e548c96dd269448eb17847e3a6495a83 - - a3b3c7e74b3740aba4cc2320f7985a70 a3b3c7e74b3740aba4cc2320f7985a70] 199.204.45.155 "GET /v2.0/ports?network_id=dd655bbc-74f0-4bf0-96a6-a97aa8f2d653&device_owner=network%3Adhcp HTTP/1.1" status: 200 len: 210 time: 0.0148554
2026-03-06 01:42:44.070 10 INFO neutron.api.wsgi [req-51666cb5-9875-4eb0-82c4-be6074e68faa req-04d5208b-496e-40c4-90c5-646f6a190f09 8eb44330508a426c9ba86ad21a028714 e548c96dd269448eb17847e3a6495a83 - - a3b3c7e74b3740aba4cc2320f7985a70 a3b3c7e74b3740aba4cc2320f7985a70] 199.204.45.155 "GET /v2.0/networks/dd655bbc-74f0-4bf0-96a6-a97aa8f2d653?fields=segments HTTP/1.1" status: 200 len: 212 time: 0.0393624
2026-03-06 01:42:44.118 10 INFO neutron.api.wsgi [req-51666cb5-9875-4eb0-82c4-be6074e68faa req-accc4b6d-53c6-4c34-b09e-046c33a8cedd 8eb44330508a426c9ba86ad21a028714 e548c96dd269448eb17847e3a6495a83 - - a3b3c7e74b3740aba4cc2320f7985a70 a3b3c7e74b3740aba4cc2320f7985a70] 199.204.45.155 "GET /v2.0/networks/dd655bbc-74f0-4bf0-96a6-a97aa8f2d653?fields=provider%3Aphysical_network&fields=provider%3Anetwork_type HTTP/1.1" status: 200 len: 277 time: 0.0354173
2026-03-06 01:42:44.205 9 INFO neutron.api.wsgi [None req-d56c5733-f0d6-41ea-ab4d-922d7235872c 01573e905dc34732a9b50af7fd67beb5 4cd21e5b68724e2fb2de0752ead28c99 - - default default] 10.0.0.122 "GET /v2.0/ports/cc158760-60fc-4d40-8808-21c34d752018 HTTP/1.1" status: 200 len: 1137 time: 0.0674310
2026-03-06 01:42:44.557 10 INFO neutron.api.wsgi [req-1dc85aff-edc6-4e7d-9687-978538518d8e req-00de76e6-cf65-43d6-9f1d-5615191e0824 3749c73dd24c430f9bc7f05197e29134 293da02e73f5483ca075d9c54094cba3 - - default default] 10.0.0.209 "GET /v2.0/ports?device_id=d9076bf5-7f38-49ec-a524-4b9992e8c631 HTTP/1.1" status: 200 len: 1172 time: 0.0347707
2026-03-06 01:42:44.587 10 INFO neutron.api.wsgi [req-1dc85aff-edc6-4e7d-9687-978538518d8e req-383948d8-f95f-4343-945d-3c1d04ee456d 3749c73dd24c430f9bc7f05197e29134 293da02e73f5483ca075d9c54094cba3 - - default default] 10.0.0.209 "GET /v2.0/security-groups?id=2a0f48a8-92ec-4b14-916a-0c6545954036&fields=id&fields=name HTTP/1.1" status: 200 len: 312 time: 0.0263910
2026-03-06 01:42:44.722 9 INFO neutron.api.wsgi [None req-b37a09b5-5914-4ac8-ab8b-5438ead8b127 01573e905dc34732a9b50af7fd67beb5 4cd21e5b68724e2fb2de0752ead28c99 - - default default] 10.0.0.122 "PUT /v2.0/routers/2de7c834-c223-4473-b308-bbb3c0427e2e/remove_router_interface HTTP/1.1" status: 200 len: 503 time: 0.5094194 /var/lib/openstack/lib/python3.12/site-packages/pycadf/identifier.py:71: UserWarning: Invalid uuid: neutron. To ensure interoperability, identifiers should be a valid uuid. warnings.warn(('Invalid uuid: %s. To ensure interoperability, '
2026-03-06 01:42:44.742 9 INFO neutron.api.wsgi [None req-dd4301c5-1c1e-47c0-8565-0621e4ed4499 01573e905dc34732a9b50af7fd67beb5 4cd21e5b68724e2fb2de0752ead28c99 - - default default] 10.0.0.122 "GET /v2.0/ports?device_id=2de7c834-c223-4473-b308-bbb3c0427e2e HTTP/1.1" status: 200 len: 205 time: 0.0149212
2026-03-06 01:42:44.905 9 INFO neutron.api.wsgi [None req-d65a0401-6518-4ca1-9ff7-fe7758334533 01573e905dc34732a9b50af7fd67beb5 4cd21e5b68724e2fb2de0752ead28c99 - - default default] 10.0.0.122 "DELETE /v2.0/routers/2de7c834-c223-4473-b308-bbb3c0427e2e HTTP/1.1" status: 204 len: 168 time: 0.1588957
2026-03-06 01:42:45.074 9 INFO neutron.api.wsgi [None req-8709b2db-cee2-4a34-a112-17c09356277a 01573e905dc34732a9b50af7fd67beb5 4cd21e5b68724e2fb2de0752ead28c99 - - default default] 10.0.0.122 "DELETE /v2.0/subnets/5ccf646b-c606-404c-af79-fcb6ac45cf49 HTTP/1.1" status: 204 len: 168 time: 0.1652508
2026-03-06 01:42:45.249 10 INFO neutron.plugins.ml2.drivers.ovn.mech_driver.mech_driver [None req-804fc74c-3c6c-4bde-9f4b-0da241ef563b - - - - - -] OVN reports status up for port: db61e959-b456-48ea-b400-bbe3dda7f171
2026-03-06 01:42:45.259 10 INFO neutron.plugins.ml2.plugin [None req-804fc74c-3c6c-4bde-9f4b-0da241ef563b - - - - - -] Attempt 1 to provision port db61e959-b456-48ea-b400-bbe3dda7f171
2026-03-06 01:42:45.368 10 INFO neutron.notifiers.nova [-] Nova event matching ['req-614e59b5-7735-4f28-ac8b-15d3ae73a465'] response: {'server_uuid': 'd9076bf5-7f38-49ec-a524-4b9992e8c631', 'name': 'network-vif-plugged', 'status': 'completed', 'tag': 'db61e959-b456-48ea-b400-bbe3dda7f171', 'code': 200}
2026-03-06 01:42:45.378 9 INFO neutron.services.segments.plugin [-] Segment 7be7a9a9-dc78-4e88-9281-a763c8ee707b resource provider aggregate not found
2026-03-06 01:42:45.380 9 INFO neutron.services.segments.plugin [-] Segment 7be7a9a9-dc78-4e88-9281-a763c8ee707b resource provider aggregate not found
2026-03-06 01:42:45.389 9 INFO neutron.services.segments.plugin [-] Segment 7be7a9a9-dc78-4e88-9281-a763c8ee707b resource provider not found; error: Placement Client Error (4xx): {"errors": [{"status": 404, "title": "Not Found", "detail": "The resource could not be found.\n\n No resource provider with uuid 7be7a9a9-dc78-4e88-9281-a763c8ee707b found for delete ", "request_id": "req-120f0320-9a8d-4573-89e9-efb2e5b84b4e"}]}
2026-03-06 01:42:45.402 9 INFO neutron.services.segments.plugin [-] Segment 7be7a9a9-dc78-4e88-9281-a763c8ee707b resource provider not found; error: Placement Client Error (4xx): {"errors": [{"status": 404, "title": "Not Found", "detail": "The resource could not be found.\n\n No resource provider with uuid 7be7a9a9-dc78-4e88-9281-a763c8ee707b found for delete ", "request_id": "req-54196b6d-0aba-4d2e-9101-d46c36be0223"}]}
2026-03-06 01:42:45.416 9 INFO neutron.api.wsgi [None req-d4f10af9-fe5c-479f-9dab-6a034c8cf846 01573e905dc34732a9b50af7fd67beb5 4cd21e5b68724e2fb2de0752ead28c99 - - default default] 10.0.0.122 "DELETE /v2.0/networks/5d0c5616-75f2-478c-b8db-a38839ef70d4 HTTP/1.1" status: 204 len: 168 time: 0.3366885
2026-03-06 01:42:45.425 9 WARNING neutron_lib.context [None req-ead28c27-383b-4120-9298-8d68b7ce2c4c 01573e905dc34732a9b50af7fd67beb5 4cd21e5b68724e2fb2de0752ead28c99 - - default default] Method 'is_advsvc' is deprecated since 2023.2 release (neutron-lib 3.8.0) and will be removed once support for the old RBAC API policies will be removed from Neutron. Please use method 'is_service_role' instead.
2026-03-06 01:42:45.475 10 INFO neutron.db.ovn_revision_numbers_db [None req-804fc74c-3c6c-4bde-9f4b-0da241ef563b - - - - - -] Successfully bumped revision number for resource db61e959-b456-48ea-b400-bbe3dda7f171 (type: ports) to 5 /var/lib/openstack/lib/python3.12/site-packages/pycadf/identifier.py:71: UserWarning: Invalid uuid: neutron. To ensure interoperability, identifiers should be a valid uuid. warnings.warn(('Invalid uuid: %s. To ensure interoperability, '
2026-03-06 01:42:45.680 10 INFO neutron.api.wsgi [req-4eda0b84-124a-487d-8db1-3b99debf9f8e req-ee3783d6-13ab-4a16-8dd8-3061cfac9b3b 3749c73dd24c430f9bc7f05197e29134 293da02e73f5483ca075d9c54094cba3 - - default default] 10.0.0.209 "GET /v2.0/ports?device_id=d9076bf5-7f38-49ec-a524-4b9992e8c631 HTTP/1.1" status: 200 len: 1174 time: 0.0343404
2026-03-06 01:42:45.733 10 INFO neutron.api.wsgi [req-4eda0b84-124a-487d-8db1-3b99debf9f8e req-5c17f286-b9fc-4ece-a063-e2b293d4a4c5 3749c73dd24c430f9bc7f05197e29134 293da02e73f5483ca075d9c54094cba3 - - default default] 10.0.0.209 "GET /v2.0/security-groups?id=2a0f48a8-92ec-4b14-916a-0c6545954036&fields=id&fields=name HTTP/1.1" status: 200 len: 312 time: 0.0493782
2026-03-06 01:42:45.781 9 WARNING neutron.scheduler.dhcp_agent_scheduler [None req-ead28c27-383b-4120-9298-8d68b7ce2c4c 01573e905dc34732a9b50af7fd67beb5 4cd21e5b68724e2fb2de0752ead28c99 - - default default] No more DHCP agents
2026-03-06 01:42:45.782 9 WARNING neutron.api.rpc.agentnotifiers.dhcp_rpc_agent_api [None req-ead28c27-383b-4120-9298-8d68b7ce2c4c 01573e905dc34732a9b50af7fd67beb5 4cd21e5b68724e2fb2de0752ead28c99 - - default default] Unable to schedule network 60b3b246-5c65-4e19-9956-25f1b7f50095: no agents available; will retry on subsequent port and subnet creation events.
2026-03-06 01:42:45.942 9 INFO neutron.db.ovn_revision_numbers_db [None req-ead28c27-383b-4120-9298-8d68b7ce2c4c 01573e905dc34732a9b50af7fd67beb5 4cd21e5b68724e2fb2de0752ead28c99 - - default default] Successfully bumped revision number for resource d24a80d1-17e1-405c-8d54-a937adb11f54 (type: ports) to 1
2026-03-06 01:42:46.470 9 INFO neutron.plugins.ml2.drivers.ovn.mech_driver.ovsdb.commands [None req-561e6e8b-9f72-4dec-86fb-09f2b9f9d32a - - - - - -] Schedule LRP lrp-d24a80d1-17e1-405c-8d54-a937adb11f54 on gateway dc7bffda-cb5e-4580-b311-7859ed7c6048 with priority 1
2026-03-06 01:42:46.516 9 INFO neutron.db.ovn_revision_numbers_db [None req-ead28c27-383b-4120-9298-8d68b7ce2c4c 01573e905dc34732a9b50af7fd67beb5 4cd21e5b68724e2fb2de0752ead28c99 - - default default] Successfully bumped revision number for resource d24a80d1-17e1-405c-8d54-a937adb11f54 (type: router_ports) to 1
2026-03-06 01:42:46.575 9 INFO neutron.db.ovn_revision_numbers_db [None req-ead28c27-383b-4120-9298-8d68b7ce2c4c 01573e905dc34732a9b50af7fd67beb5 4cd21e5b68724e2fb2de0752ead28c99 - - default default] Successfully bumped revision number for resource 3a0ed386-2a7a-4834-8a8c-f6f89330ef1d (type: routers) to 2
2026-03-06 01:42:46.593 9 INFO neutron.api.wsgi [None req-ead28c27-383b-4120-9298-8d68b7ce2c4c 01573e905dc34732a9b50af7fd67beb5 4cd21e5b68724e2fb2de0752ead28c99 - - default default] 10.0.0.122 "POST /v2.0/routers HTTP/1.1" status: 201 len: 1146 time: 1.1721377
2026-03-06 01:42:46.678 9 INFO neutron.api.wsgi [None req-49456832-e532-4e3a-bf9e-8a1f36195282 01573e905dc34732a9b50af7fd67beb5 4cd21e5b68724e2fb2de0752ead28c99 - - default default] 10.0.0.122 "GET /v2.0/routers/3a0ed386-2a7a-4834-8a8c-f6f89330ef1d HTTP/1.1" status: 200 len: 1147 time: 0.0800576
2026-03-06 01:42:46.777 9 INFO neutron.api.wsgi [None req-aacf424a-1fab-4769-a996-58581c6aa7db 01573e905dc34732a9b50af7fd67beb5 4cd21e5b68724e2fb2de0752ead28c99 - - default default] 10.0.0.122 "GET /v2.0/routers HTTP/1.1" status: 200 len: 1150 time: 0.0931621
2026-03-06 01:42:46.905 10 INFO neutron.api.wsgi [req-7d8a18e3-f179-433d-9932-e3b39aaa5926 req-a97c8e2b-6fd1-4b77-aac3-f38d2e8acd96 3749c73dd24c430f9bc7f05197e29134 293da02e73f5483ca075d9c54094cba3 - - default default] 10.0.0.209 "GET /v2.0/ports?device_id=d9076bf5-7f38-49ec-a524-4b9992e8c631 HTTP/1.1" status: 200 len: 1174 time: 0.0941310
2026-03-06 01:42:46.953 10 INFO neutron.api.wsgi [req-7d8a18e3-f179-433d-9932-e3b39aaa5926 req-51992e88-078a-42c3-a85d-00afdfb46c17 3749c73dd24c430f9bc7f05197e29134 293da02e73f5483ca075d9c54094cba3 - - default default] 10.0.0.209 "GET /v2.0/security-groups?id=2a0f48a8-92ec-4b14-916a-0c6545954036&fields=id&fields=name HTTP/1.1" status: 200 len: 312 time: 0.0335727
2026-03-06 01:42:47.246 10 INFO neutron.db.ovn_revision_numbers_db [None req-4b40a41f-4d53-4817-87b8-62482f8a9027 01573e905dc34732a9b50af7fd67beb5 4cd21e5b68724e2fb2de0752ead28c99 - - default default] Successfully bumped revision number for resource 3a0ed386-2a7a-4834-8a8c-f6f89330ef1d (type: routers) to 3
2026-03-06 01:42:47.252 10 INFO neutron.api.wsgi [None req-4b40a41f-4d53-4817-87b8-62482f8a9027 01573e905dc34732a9b50af7fd67beb5 4cd21e5b68724e2fb2de0752ead28c99 - - default default] 10.0.0.122 "PUT /v2.0/routers/3a0ed386-2a7a-4834-8a8c-f6f89330ef1d HTTP/1.1" status: 200 len: 1154 time: 0.4599724
2026-03-06 01:42:47.317 10 INFO neutron.api.wsgi [None req-6253c510-5b14-4036-bf3f-44478cf00120 01573e905dc34732a9b50af7fd67beb5 4cd21e5b68724e2fb2de0752ead28c99 - - default default] 10.0.0.122 "GET /v2.0/routers/3a0ed386-2a7a-4834-8a8c-f6f89330ef1d HTTP/1.1" status: 200 len: 1154 time: 0.0586724
2026-03-06 01:42:47.338 10 INFO neutron.api.wsgi [None req-97825611-6f29-40e1-9310-e43241524ff5 01573e905dc34732a9b50af7fd67beb5 4cd21e5b68724e2fb2de0752ead28c99 - - default default] 10.0.0.122 "GET /v2.0/ports?device_id=3a0ed386-2a7a-4834-8a8c-f6f89330ef1d HTTP/1.1" status: 200 len: 205 time: 0.0152884
2026-03-06 01:42:47.402 10 INFO neutron.notifiers.nova [-] Nova event matching ['req-ac177e95-cdbe-403a-b87d-8e2d1b6d03a3'] response: {'server_uuid': 'd9076bf5-7f38-49ec-a524-4b9992e8c631', 'name': 'network-vif-plugged', 'status': 'completed', 'tag': 'db61e959-b456-48ea-b400-bbe3dda7f171', 'code': 200}
2026-03-06 01:42:47.410 10 INFO neutron.api.wsgi [req-a8d290ea-57ec-4b21-b03d-3dd9c597c0c5 req-c9ea5031-51c9-4e74-a456-f6e3ca807c33 8eb44330508a426c9ba86ad21a028714 e548c96dd269448eb17847e3a6495a83 - - a3b3c7e74b3740aba4cc2320f7985a70 a3b3c7e74b3740aba4cc2320f7985a70] 10.0.0.40 "GET /v2.0/ports?device_id=a93a1a02-8bbc-489e-920f-3012a204048d HTTP/1.1" status: 200 len: 1642 time: 0.0392821
2026-03-06 01:42:47.448 10 INFO neutron.api.wsgi [req-a8d290ea-57ec-4b21-b03d-3dd9c597c0c5 req-ae6dcff7-dc9e-44ad-8f1f-1fd1908859aa 8eb44330508a426c9ba86ad21a028714 e548c96dd269448eb17847e3a6495a83 - - a3b3c7e74b3740aba4cc2320f7985a70 a3b3c7e74b3740aba4cc2320f7985a70] 10.0.0.40 "GET /v2.0/security-groups?id=031247f1-5498-4e15-93e4-377b8a069e79&fields=id&fields=name HTTP/1.1" status: 200 len: 311 time: 0.0316434
2026-03-06 01:42:48.018 9 INFO neutron.api.wsgi [None req-32d75df8-68b3-435b-b424-d04807aae91e 01573e905dc34732a9b50af7fd67beb5 4cd21e5b68724e2fb2de0752ead28c99 - - default default] 10.0.0.122 "DELETE /v2.0/routers/3a0ed386-2a7a-4834-8a8c-f6f89330ef1d HTTP/1.1" status: 204 len: 168 time: 0.6674747
2026-03-06 01:42:48.034 9 INFO neutron.api.wsgi [None req-37b98ce0-093c-4cee-8c60-b79a9e9edaf6 01573e905dc34732a9b50af7fd67beb5 4cd21e5b68724e2fb2de0752ead28c99 - - default default] 10.0.0.122 "GET /v2.0/ports?device_id=3a0ed386-2a7a-4834-8a8c-f6f89330ef1d HTTP/1.1" status: 200 len: 205 time: 0.0114558
2026-03-06 01:42:48.050 10 INFO neutron.api.wsgi [req-3a7d7427-d83a-4852-b5cf-be5c69f8c300 req-09c76f84-b542-44c3-a79c-9994ed194d00 3749c73dd24c430f9bc7f05197e29134 293da02e73f5483ca075d9c54094cba3 - - default default] 10.0.0.209 "GET /v2.0/ports?device_id=d9076bf5-7f38-49ec-a524-4b9992e8c631 HTTP/1.1" status: 200 len: 1174 time: 0.0335889
2026-03-06 01:42:48.050 9 INFO neutron.api.v2.resource [None req-98d4d9d1-28e0-4b80-b784-d285edceaa86 01573e905dc34732a9b50af7fd67beb5 4cd21e5b68724e2fb2de0752ead28c99 - - default default] delete failed (client error): The resource could not be found.
2026-03-06 01:42:48.051 9 INFO neutron.api.wsgi [None req-98d4d9d1-28e0-4b80-b784-d285edceaa86 01573e905dc34732a9b50af7fd67beb5 4cd21e5b68724e2fb2de0752ead28c99 - - default default] 10.0.0.122 "DELETE /v2.0/routers/3a0ed386-2a7a-4834-8a8c-f6f89330ef1d HTTP/1.1" status: 404 len: 336 time: 0.0137053
2026-03-06 01:42:48.071 10 INFO neutron.api.wsgi [None req-e127b540-304f-4195-b116-e85a3c095175 01573e905dc34732a9b50af7fd67beb5 4cd21e5b68724e2fb2de0752ead28c99 - - default default] 10.0.0.122 "GET /v2.0/ports?device_id=2de7c834-c223-4473-b308-bbb3c0427e2e HTTP/1.1" status: 200 len: 205 time: 0.0163975
2026-03-06 01:42:48.090 9 INFO neutron.api.v2.resource [None req-dee89c8e-6162-4d81-974b-9b4e4cd7658f 01573e905dc34732a9b50af7fd67beb5 4cd21e5b68724e2fb2de0752ead28c99 - - default default] delete failed (client error): The resource could not be found.
2026-03-06 01:42:48.091 9 INFO neutron.api.wsgi [None req-dee89c8e-6162-4d81-974b-9b4e4cd7658f 01573e905dc34732a9b50af7fd67beb5 4cd21e5b68724e2fb2de0752ead28c99 - - default default] 10.0.0.122 "DELETE /v2.0/routers/2de7c834-c223-4473-b308-bbb3c0427e2e HTTP/1.1" status: 404 len: 336 time: 0.0162766
2026-03-06 01:42:48.094 10 INFO neutron.api.wsgi [req-3a7d7427-d83a-4852-b5cf-be5c69f8c300 req-15e698f7-a783-42fe-8941-481e5092cbd9 3749c73dd24c430f9bc7f05197e29134 293da02e73f5483ca075d9c54094cba3 - - default default] 10.0.0.209 "GET /v2.0/security-groups?id=2a0f48a8-92ec-4b14-916a-0c6545954036&fields=id&fields=name HTTP/1.1" status: 200 len: 312 time: 0.0344307
2026-03-06 01:42:48.107 9 INFO neutron.pecan_wsgi.hooks.translation [None req-f9ea0073-d96c-4eec-9401-9f7aff9ec03e 01573e905dc34732a9b50af7fd67beb5 4cd21e5b68724e2fb2de0752ead28c99 - - default default] DELETE failed (client error): The resource could not be found.
2026-03-06 01:42:48.110 9 INFO neutron.api.wsgi [None req-f9ea0073-d96c-4eec-9401-9f7aff9ec03e 01573e905dc34732a9b50af7fd67beb5 4cd21e5b68724e2fb2de0752ead28c99 - - default default] 10.0.0.122 "DELETE /v2.0/subnets/5ccf646b-c606-404c-af79-fcb6ac45cf49 HTTP/1.1" status: 404 len: 337 time: 0.0129755
2026-03-06 01:42:48.127 9 INFO neutron.api.wsgi [None req-f8afdeac-1052-4db1-9aec-04f9bce0d656 01573e905dc34732a9b50af7fd67beb5 4cd21e5b68724e2fb2de0752ead28c99 - - default default] 10.0.0.122 "GET /v2.0/ports?device_id=76744b87-0b75-4cb2-98b1-25e44e858b42 HTTP/1.1" status: 200 len: 205 time: 0.0133255
2026-03-06 01:42:48.145 9 INFO neutron.api.v2.resource [None req-64b5ba67-d560-4b92-9ecb-21467b7579d3 01573e905dc34732a9b50af7fd67beb5 4cd21e5b68724e2fb2de0752ead28c99 - - default default] delete failed (client error): The resource could not be found.
2026-03-06 01:42:48.146 9 INFO neutron.api.wsgi [None req-64b5ba67-d560-4b92-9ecb-21467b7579d3 01573e905dc34732a9b50af7fd67beb5 4cd21e5b68724e2fb2de0752ead28c99 - - default default] 10.0.0.122 "DELETE /v2.0/routers/76744b87-0b75-4cb2-98b1-25e44e858b42 HTTP/1.1" status: 404 len: 336 time: 0.0154755
2026-03-06 01:42:48.161 9 INFO neutron.pecan_wsgi.hooks.translation [None req-6c2db474-5a40-4122-9004-4b9847f7ab5a 01573e905dc34732a9b50af7fd67beb5 4cd21e5b68724e2fb2de0752ead28c99 - - default default] DELETE failed (client error): The resource could not be found.
2026-03-06 01:42:48.164 9 INFO neutron.api.wsgi [None req-6c2db474-5a40-4122-9004-4b9847f7ab5a 01573e905dc34732a9b50af7fd67beb5 4cd21e5b68724e2fb2de0752ead28c99 - - default default] 10.0.0.122 "DELETE /v2.0/subnets/2f2ee2ab-c396-4291-ac55-879aa9421697 HTTP/1.1" status: 404 len: 337 time: 0.0137897
2026-03-06 01:42:48.180 9 INFO neutron.api.wsgi [None req-8af99b45-fd8a-4def-a436-d4478e3c19d9 01573e905dc34732a9b50af7fd67beb5 4cd21e5b68724e2fb2de0752ead28c99 - - default default] 10.0.0.122 "GET /v2.0/ports?device_id=3b7d31f5-9dfd-4adf-bf6d-59a8946c2faf HTTP/1.1" status: 200 len: 205 time: 0.0124960
2026-03-06 01:42:48.198 9 INFO neutron.api.v2.resource [None req-357c692a-7046-4835-afa6-6be4c65a6bb5 01573e905dc34732a9b50af7fd67beb5 4cd21e5b68724e2fb2de0752ead28c99 - - default default] delete failed (client error): The resource could not be found.
2026-03-06 01:42:48.199 9 INFO neutron.api.wsgi [None req-357c692a-7046-4835-afa6-6be4c65a6bb5 01573e905dc34732a9b50af7fd67beb5 4cd21e5b68724e2fb2de0752ead28c99 - - default default] 10.0.0.122 "DELETE /v2.0/routers/3b7d31f5-9dfd-4adf-bf6d-59a8946c2faf HTTP/1.1" status: 404 len: 336 time: 0.0146291
2026-03-06 01:42:48.199 10 INFO neutron.api.wsgi [req-9716cba7-452c-4db2-b216-0a367cd77487 req-4c33c665-1f24-4394-81fd-5b3dc48bbf3c 3749c73dd24c430f9bc7f05197e29134 293da02e73f5483ca075d9c54094cba3 - - default default] 10.0.0.209 "GET /v2.0/ports?device_id=d9076bf5-7f38-49ec-a524-4b9992e8c631 HTTP/1.1" status: 200 len: 1174 time: 0.0400283
2026-03-06 01:42:48.214 9 INFO neutron.pecan_wsgi.hooks.translation [None req-f9c19322-5d61-4a80-8bda-d734dec92272 01573e905dc34732a9b50af7fd67beb5 4cd21e5b68724e2fb2de0752ead28c99 - - default default] DELETE failed (client error): The resource could not be found.
2026-03-06 01:42:48.216 9 INFO neutron.api.wsgi [None req-f9c19322-5d61-4a80-8bda-d734dec92272 01573e905dc34732a9b50af7fd67beb5 4cd21e5b68724e2fb2de0752ead28c99 - - default default] 10.0.0.122 "DELETE /v2.0/subnets/b96c8056-aed3-4be1-bc5c-182117f8a081 HTTP/1.1" status: 404 len: 337 time: 0.0122311
2026-03-06 01:42:48.230 9 INFO neutron.pecan_wsgi.hooks.translation [None req-649d9d2d-a462-4239-b928-3a87a25429e3 01573e905dc34732a9b50af7fd67beb5 4cd21e5b68724e2fb2de0752ead28c99 - - default default] DELETE failed (client error): The resource could not be found.
2026-03-06 01:42:48.232 9 INFO neutron.api.wsgi [None req-649d9d2d-a462-4239-b928-3a87a25429e3 01573e905dc34732a9b50af7fd67beb5 4cd21e5b68724e2fb2de0752ead28c99 - - default default] 10.0.0.122 "DELETE /v2.0/subnets/62dc3dc6-e5bc-4fe9-9446-307a932702a8 HTTP/1.1" status: 404 len: 337 time: 0.0116951
2026-03-06 01:42:48.238 10 INFO neutron.api.wsgi [req-9716cba7-452c-4db2-b216-0a367cd77487 req-4bb523d6-d06c-4e6f-beee-b98e70750139 3749c73dd24c430f9bc7f05197e29134 293da02e73f5483ca075d9c54094cba3 - - default default] 10.0.0.209 "GET /v2.0/security-groups?id=2a0f48a8-92ec-4b14-916a-0c6545954036&fields=id&fields=name HTTP/1.1" status: 200 len: 312 time: 0.0349350
2026-03-06 01:42:48.299 9 INFO neutron.api.wsgi [None req-5c937b89-060b-48a4-8145-130f1469f807 1fc0783543e14f158be0e3ef7727b6d7 9942fd398b354c4390a7d612a14729ec - - default default] 10.0.0.122 "GET /v2.0/ports?device_id=d9076bf5-7f38-49ec-a524-4b9992e8c631 HTTP/1.1" status: 200 len: 1408 time: 0.0350029
