2026-03-03 02:10:27.941 7 INFO neutron_taas.services.taas.tap_mirror_plugin [None req-206509ae-b3ec-4ee2-818a-529c34c920dd 917fd4e3c01a488aa4e80ba871cb11a2 5750b1ae687d4d42b5e4de72b62cfad2 - - default default] Tap Mirror: Handle Delete Port: 23bdc97f-dd59-47b9-8436-846063ae0426 [pid: 7|app: 0|req: 1721/3594] 10.0.0.162 () {34 vars in 789 bytes} [Tue Mar 3 02:10:27 2026] PUT /v2.0/routers/54b567fc-1e57-4474-a858-f4e062cde8df/remove_router_interface => generated 309 bytes in 862 msecs (HTTP/1.1 200) 4 headers in 157 bytes (1 switches on core 0)
2026-03-03 02:10:28.617 8 INFO neutron.api.v2.resource [None req-c657de6d-3388-442c-bf44-1df1567809d4 917fd4e3c01a488aa4e80ba871cb11a2 5750b1ae687d4d42b5e4de72b62cfad2 - - default default] remove_router_interface failed (client error): The resource could not be found. [pid: 8|app: 0|req: 1874/3595] 10.0.0.162 () {34 vars in 789 bytes} [Tue Mar 3 02:10:28 2026] PUT /v2.0/routers/54b567fc-1e57-4474-a858-f4e062cde8df/remove_router_interface => generated 198 bytes in 101 msecs (HTTP/1.1 404) 4 headers in 164 bytes (1 switches on core 0) /var/lib/openstack/lib/python3.12/site-packages/pycadf/identifier.py:70: UserWarning: Invalid uuid: neutron. To ensure interoperability, identifiers should be a valid uuid. warnings.warn(('Invalid uuid: %s. To ensure interoperability, '
2026-03-03 02:10:28.978 7 INFO neutron_taas.services.taas.taas_plugin [None req-c007ddab-e76c-49d3-bb65-ae73f0d140ba 917fd4e3c01a488aa4e80ba871cb11a2 5750b1ae687d4d42b5e4de72b62cfad2 - - default default] TaaS: Handle Delete Port: d5a7bcf7-f317-4e94-a159-12005b6e7e3c
2026-03-03 02:10:28.982 7 INFO neutron_taas.services.taas.tap_mirror_plugin [None req-c007ddab-e76c-49d3-bb65-ae73f0d140ba 917fd4e3c01a488aa4e80ba871cb11a2 5750b1ae687d4d42b5e4de72b62cfad2 - - default default] Tap Mirror: Handle Delete Port: d5a7bcf7-f317-4e94-a159-12005b6e7e3c [pid: 7|app: 0|req: 1722/3596] 10.0.0.162 () {34 vars in 789 bytes} [Tue Mar 3 02:10:28 2026] PUT /v2.0/routers/54b567fc-1e57-4474-a858-f4e062cde8df/remove_router_interface => generated 309 bytes in 988 msecs (HTTP/1.1 200) 4 headers in 157 bytes (1 switches on core 0)
2026-03-03 02:10:29.718 8 INFO neutron.api.v2.resource [None req-67f7ff3f-a76d-41d9-8a9d-1f6180853c0d 917fd4e3c01a488aa4e80ba871cb11a2 5750b1ae687d4d42b5e4de72b62cfad2 - - default default] remove_router_interface failed (client error): The resource could not be found. [pid: 8|app: 0|req: 1875/3597] 10.0.0.162 () {34 vars in 789 bytes} [Tue Mar 3 02:10:29 2026] PUT /v2.0/routers/54b567fc-1e57-4474-a858-f4e062cde8df/remove_router_interface => generated 198 bytes in 101 msecs (HTTP/1.1 404) 4 headers in 164 bytes (1 switches on core 0) /var/lib/openstack/lib/python3.12/site-packages/pycadf/identifier.py:70: UserWarning: Invalid uuid: neutron. To ensure interoperability, identifiers should be a valid uuid. warnings.warn(('Invalid uuid: %s. To ensure interoperability, '
2026-03-03 02:10:30.038 7 INFO neutron_taas.services.taas.taas_plugin [None req-94179efa-de48-4eed-a05f-164a08ea8e4c 917fd4e3c01a488aa4e80ba871cb11a2 5750b1ae687d4d42b5e4de72b62cfad2 - - default default] TaaS: Handle Delete Port: 1d4d22dc-dcab-4f1b-802c-0936a03c699e
2026-03-03 02:10:30.041 7 INFO neutron_taas.services.taas.tap_mirror_plugin [None req-94179efa-de48-4eed-a05f-164a08ea8e4c 917fd4e3c01a488aa4e80ba871cb11a2 5750b1ae687d4d42b5e4de72b62cfad2 - - default default] Tap Mirror: Handle Delete Port: 1d4d22dc-dcab-4f1b-802c-0936a03c699e [pid: 7|app: 0|req: 1723/3598] 10.0.0.162 () {32 vars in 724 bytes} [Tue Mar 3 02:10:29 2026] DELETE /v2.0/routers/54b567fc-1e57-4474-a858-f4e062cde8df => generated 0 bytes in 801 msecs (HTTP/1.1 204) 2 headers in 112 bytes (1 switches on core 0)
2026-03-03 02:10:30.551 8 INFO neutron.api.v2.resource [None req-868a3456-468b-4268-9fb2-8e8370c52c87 917fd4e3c01a488aa4e80ba871cb11a2 5750b1ae687d4d42b5e4de72b62cfad2 - - default default] show failed (client error): The resource could not be found. [pid: 8|app: 0|req: 1876/3599] 10.0.0.162 () {32 vars in 721 bytes} [Tue Mar 3 02:10:30 2026] GET /v2.0/routers/54b567fc-1e57-4474-a858-f4e062cde8df => generated 135 bytes in 21 msecs (HTTP/1.1 404) 4 headers in 164 bytes (1 switches on core 0) [pid: 7|app: 0|req: 1724/3600] 10.0.0.162 () {32 vars in 724 bytes} [Tue Mar 3 02:10:30 2026] DELETE /v2.0/subnets/0278ff0b-d62b-49d8-9e8e-594f8bfd5e20 => generated 0 bytes in 145 msecs (HTTP/1.1 204) 3 headers in 131 bytes (1 switches on core 0)
2026-03-03 02:10:30.723 8 INFO neutron.pecan_wsgi.hooks.translation [None req-0f8e8a73-fb9f-4bbc-8646-f13b2421b2a9 917fd4e3c01a488aa4e80ba871cb11a2 5750b1ae687d4d42b5e4de72b62cfad2 - - default default] GET failed (client error): The resource could not be found. [pid: 8|app: 0|req: 1877/3601] 10.0.0.162 () {32 vars in 721 bytes} [Tue Mar 3 02:10:30 2026] GET /v2.0/subnets/0278ff0b-d62b-49d8-9e8e-594f8bfd5e20 => generated 136 bytes in 15 msecs (HTTP/1.1 404) 4 headers in 164 bytes (1 switches on core 0) [pid: 7|app: 0|req: 1725/3602] 10.0.0.162 () {32 vars in 724 bytes} [Tue Mar 3 02:10:30 2026] DELETE /v2.0/subnets/e2820924-29f5-4ea8-b47b-4ba8567da148 => generated 0 bytes in 211 msecs (HTTP/1.1 204) 3 headers in 131 bytes (1 switches on core 0)
2026-03-03 02:10:30.959 8 INFO neutron.pecan_wsgi.hooks.translation [None req-1c51a331-6c2a-4fd8-a18a-9abcbe5cef48 917fd4e3c01a488aa4e80ba871cb11a2 5750b1ae687d4d42b5e4de72b62cfad2 - - default default] GET failed (client error): The resource could not be found. [pid: 8|app: 0|req: 1878/3603] 10.0.0.162 () {32 vars in 721 bytes} [Tue Mar 3 02:10:30 2026] GET /v2.0/subnets/e2820924-29f5-4ea8-b47b-4ba8567da148 => generated 136 bytes in 18 msecs (HTTP/1.1 404) 4 headers in 164 bytes (1 switches on core 0)
2026-03-03 02:10:31.084 7 INFO neutron_taas.services.taas.taas_plugin [None req-807f8193-8ba3-4394-b07d-20d752a5c180 917fd4e3c01a488aa4e80ba871cb11a2 5750b1ae687d4d42b5e4de72b62cfad2 - - default default] TaaS: Handle Delete Port: 56491705-9897-4ac0-b9d8-7682715fae04
2026-03-03 02:10:31.087 7 INFO neutron_taas.services.taas.tap_mirror_plugin [None req-807f8193-8ba3-4394-b07d-20d752a5c180 917fd4e3c01a488aa4e80ba871cb11a2 5750b1ae687d4d42b5e4de72b62cfad2 - - default default] Tap Mirror: Handle Delete Port: 56491705-9897-4ac0-b9d8-7682715fae04
2026-03-03 02:10:31.308 7 INFO neutron.services.segments.plugin [-] Segment ab118d7b-5af9-41cf-be58-6630be445f12 resource provider aggregate not found
2026-03-03 02:10:31.312 7 INFO neutron.services.segments.plugin [-] Segment ab118d7b-5af9-41cf-be58-6630be445f12 resource provider aggregate not found
2026-03-03 02:10:31.333 7 INFO neutron.services.segments.plugin [-] Segment ab118d7b-5af9-41cf-be58-6630be445f12 resource provider not found; error: Placement Client Error (4xx): {"errors": [{"status": 404, "title": "Not Found", "detail": "The resource could not be found.\n\n No resource provider with uuid ab118d7b-5af9-41cf-be58-6630be445f12 found for delete ", "request_id": "req-1420cd6a-a759-4e59-800e-7e4fd1100ce2"}]}
2026-03-03 02:10:31.340 7 INFO neutron.services.segments.plugin [-] Segment ab118d7b-5af9-41cf-be58-6630be445f12 resource provider not found; error: Placement Client Error (4xx): {"errors": [{"status": 404, "title": "Not Found", "detail": "The resource could not be found.\n\n No resource provider with uuid ab118d7b-5af9-41cf-be58-6630be445f12 found for delete ", "request_id": "req-d1fc14ff-c4ef-4b7b-b186-2309a28fad15"}]} [pid: 7|app: 0|req: 1726/3604] 10.0.0.162 () {32 vars in 726 bytes} [Tue Mar 3 02:10:30 2026] DELETE /v2.0/networks/98072b27-39c6-41e2-9c29-4f732aca80cd => generated 0 bytes in 411 msecs (HTTP/1.1 204) 3 headers in 131 bytes (1 switches on core 0)
2026-03-03 02:10:31.396 8 INFO neutron.pecan_wsgi.hooks.translation [None req-8e829991-1165-4f55-a775-7b0d913b7234 917fd4e3c01a488aa4e80ba871cb11a2 5750b1ae687d4d42b5e4de72b62cfad2 - - default default] GET failed (client error): The resource could not be found. [pid: 8|app: 0|req: 1879/3605] 10.0.0.162 () {32 vars in 723 bytes} [Tue Mar 3 02:10:31 2026] GET /v2.0/networks/98072b27-39c6-41e2-9c29-4f732aca80cd => generated 138 bytes in 15 msecs (HTTP/1.1 404) 4 headers in 164 bytes (1 switches on core 0) [pid: 7|app: 0|req: 1727/3606] 10.0.0.162 () {32 vars in 724 bytes} [Tue Mar 3 02:10:31 2026] DELETE /v2.0/subnets/a8857e33-22a8-413c-a162-38533d43aa06 => generated 0 bytes in 145 msecs (HTTP/1.1 204) 3 headers in 131 bytes (1 switches on core 0)
2026-03-03 02:10:31.573 8 INFO neutron.pecan_wsgi.hooks.translation [None req-3484f20b-1f89-4c65-b90f-3d97edfdf8bd 917fd4e3c01a488aa4e80ba871cb11a2 5750b1ae687d4d42b5e4de72b62cfad2 - - default default] GET failed (client error): The resource could not be found. [pid: 8|app: 0|req: 1880/3607] 10.0.0.162 () {32 vars in 721 bytes} [Tue Mar 3 02:10:31 2026] GET /v2.0/subnets/a8857e33-22a8-413c-a162-38533d43aa06 => generated 136 bytes in 23 msecs (HTTP/1.1 404) 4 headers in 164 bytes (1 switches on core 0) [pid: 7|app: 0|req: 1728/3608] 10.0.0.162 () {32 vars in 724 bytes} [Tue Mar 3 02:10:31 2026] DELETE /v2.0/subnets/0eb3291f-5988-4c23-88aa-6aa885e7643d => generated 0 bytes in 197 msecs (HTTP/1.1 204) 3 headers in 131 bytes (1 switches on core 0)
2026-03-03 02:10:31.797 8 INFO neutron.pecan_wsgi.hooks.translation [None req-6918aae8-6fa7-4354-98a1-5172b260bbfc 917fd4e3c01a488aa4e80ba871cb11a2 5750b1ae687d4d42b5e4de72b62cfad2 - - default default] GET failed (client error): The resource could not be found. [pid: 8|app: 0|req: 1881/3609] 10.0.0.162 () {32 vars in 721 bytes} [Tue Mar 3 02:10:31 2026] GET /v2.0/subnets/0eb3291f-5988-4c23-88aa-6aa885e7643d => generated 136 bytes in 19 msecs (HTTP/1.1 404) 4 headers in 164 bytes (1 switches on core 0)
2026-03-03 02:10:31.909 7 INFO neutron_taas.services.taas.taas_plugin [None req-0c0359b7-b17d-46e8-ad05-cd9acaa9087b 917fd4e3c01a488aa4e80ba871cb11a2 5750b1ae687d4d42b5e4de72b62cfad2 - - default default] TaaS: Handle Delete Port: bc414b73-c968-4988-8424-3463589ab38e
2026-03-03 02:10:31.912 7 INFO neutron_taas.services.taas.tap_mirror_plugin [None req-0c0359b7-b17d-46e8-ad05-cd9acaa9087b 917fd4e3c01a488aa4e80ba871cb11a2 5750b1ae687d4d42b5e4de72b62cfad2 - - default default] Tap Mirror: Handle Delete Port: bc414b73-c968-4988-8424-3463589ab38e [pid: 7|app: 0|req: 1729/3610] 10.0.0.162 () {32 vars in 726 bytes} [Tue Mar 3 02:10:31 2026] DELETE /v2.0/networks/53c0cf65-f432-469c-a8df-27eb48734537 => generated 0 bytes in 362 msecs (HTTP/1.1 204) 3 headers in 131 bytes (1 switches on core 0)
2026-03-03 02:10:32.181 8 INFO neutron.pecan_wsgi.hooks.translation [None req-6449d949-adbb-42c6-8594-a55725641fcc 917fd4e3c01a488aa4e80ba871cb11a2 5750b1ae687d4d42b5e4de72b62cfad2 - - default default] GET failed (client error): The resource could not be found. [pid: 8|app: 0|req: 1882/3611] 10.0.0.162 () {32 vars in 723 bytes} [Tue Mar 3 02:10:32 2026] GET /v2.0/networks/53c0cf65-f432-469c-a8df-27eb48734537 => generated 138 bytes in 13 msecs (HTTP/1.1 404) 4 headers in 164 bytes (1 switches on core 0) [pid: 7|app: 0|req: 1730/3612] 10.0.0.162 () {32 vars in 724 bytes} [Tue Mar 3 02:10:32 2026] DELETE /v2.0/subnets/5f7659a7-4faf-4710-9978-90d3e2990324 => generated 0 bytes in 155 msecs (HTTP/1.1 204) 3 headers in 131 bytes (1 switches on core 0)
2026-03-03 02:10:32.363 8 INFO neutron.pecan_wsgi.hooks.translation [None req-f186c4ff-e529-43a9-8f98-1050bdac79aa 917fd4e3c01a488aa4e80ba871cb11a2 5750b1ae687d4d42b5e4de72b62cfad2 - - default default] GET failed (client error): The resource could not be found. [pid: 8|app: 0|req: 1883/3613] 10.0.0.162 () {32 vars in 721 bytes} [Tue Mar 3 02:10:32 2026] GET /v2.0/subnets/5f7659a7-4faf-4710-9978-90d3e2990324 => generated 136 bytes in 17 msecs (HTTP/1.1 404) 4 headers in 164 bytes (1 switches on core 0) [pid: 7|app: 0|req: 1731/3614] 10.0.0.162 () {32 vars in 724 bytes} [Tue Mar 3 02:10:32 2026] DELETE /v2.0/subnets/8416f615-53e5-405e-8741-b18de0afcd99 => generated 0 bytes in 168 msecs (HTTP/1.1 204) 3 headers in 131 bytes (1 switches on core 0)
2026-03-03 02:10:32.560 8 INFO neutron.pecan_wsgi.hooks.translation [None req-4ab3f1d8-c7b2-46b2-a3b9-1f6d7b923327 917fd4e3c01a488aa4e80ba871cb11a2 5750b1ae687d4d42b5e4de72b62cfad2 - - default default] GET failed (client error): The resource could not be found. [pid: 8|app: 0|req: 1884/3615] 10.0.0.162 () {32 vars in 721 bytes} [Tue Mar 3 02:10:32 2026] GET /v2.0/subnets/8416f615-53e5-405e-8741-b18de0afcd99 => generated 136 bytes in 19 msecs (HTTP/1.1 404) 4 headers in 164 bytes (1 switches on core 0)
2026-03-03 02:10:32.683 7 INFO neutron_taas.services.taas.taas_plugin [None req-4534ea56-0d22-4b1f-92f7-103ba126de5b 917fd4e3c01a488aa4e80ba871cb11a2 5750b1ae687d4d42b5e4de72b62cfad2 - - default default] TaaS: Handle Delete Port: 90b78f85-f850-491a-a06d-de3dc59308c8
2026-03-03 02:10:32.686 7 INFO neutron_taas.services.taas.tap_mirror_plugin [None req-4534ea56-0d22-4b1f-92f7-103ba126de5b 917fd4e3c01a488aa4e80ba871cb11a2 5750b1ae687d4d42b5e4de72b62cfad2 - - default default] Tap Mirror: Handle Delete Port: 90b78f85-f850-491a-a06d-de3dc59308c8 [pid: 7|app: 0|req: 1732/3616] 10.0.0.162 () {32 vars in 726 bytes} [Tue Mar 3 02:10:32 2026] DELETE /v2.0/networks/f374395a-559d-4765-8818-3de026dde97e => generated 0 bytes in 369 msecs (HTTP/1.1 204) 3 headers in 131 bytes (1 switches on core 0)
2026-03-03 02:10:32.957 8 INFO neutron.pecan_wsgi.hooks.translation [None req-09cca8af-2347-43c4-a7c4-98c5cf5399e8 917fd4e3c01a488aa4e80ba871cb11a2 5750b1ae687d4d42b5e4de72b62cfad2 - - default default] GET failed (client error): The resource could not be found. [pid: 8|app: 0|req: 1885/3617] 10.0.0.162 () {32 vars in 723 bytes} [Tue Mar 3 02:10:32 2026] GET /v2.0/networks/f374395a-559d-4765-8818-3de026dde97e => generated 138 bytes in 15 msecs (HTTP/1.1 404) 4 headers in 164 bytes (1 switches on core 0)
2026-03-03 02:10:33.359 7 INFO neutron.services.segments.plugin [-] Segment fc6bc7d3-eba4-40da-bf39-5a09a3c8d0ed resource provider aggregate not found
2026-03-03 02:10:33.360 7 INFO neutron.services.segments.plugin [-] Segment fc6bc7d3-eba4-40da-bf39-5a09a3c8d0ed resource provider aggregate not found
2026-03-03 02:10:33.380 7 INFO neutron.services.segments.plugin [-] Segment fc6bc7d3-eba4-40da-bf39-5a09a3c8d0ed resource provider not found; error: Placement Client Error (4xx): {"errors": [{"status": 404, "title": "Not Found", "detail": "The resource could not be found.\n\n No resource provider with uuid fc6bc7d3-eba4-40da-bf39-5a09a3c8d0ed found for delete ", "request_id": "req-5e34f7b4-be7b-44ef-a161-54259f43579a"}]}
2026-03-03 02:10:33.387 7 INFO neutron.services.segments.plugin [-] Segment fc6bc7d3-eba4-40da-bf39-5a09a3c8d0ed resource provider not found; error: Placement Client Error (4xx): {"errors": [{"status": 404, "title": "Not Found", "detail": "The resource could not be found.\n\n No resource provider with uuid fc6bc7d3-eba4-40da-bf39-5a09a3c8d0ed found for delete ", "request_id": "req-02cf4356-0015-470b-9401-898439f4082d"}]}
2026-03-03 02:10:33.399 7 INFO neutron.services.segments.plugin [-] Segment a0b4f00e-cfe7-40df-ba1e-71fe3e5c26b4 resource provider aggregate not found
2026-03-03 02:10:33.405 7 INFO neutron.services.segments.plugin [-] Segment a0b4f00e-cfe7-40df-ba1e-71fe3e5c26b4 resource provider aggregate not found
2026-03-03 02:10:33.417 7 INFO neutron.services.segments.plugin [-] Segment a0b4f00e-cfe7-40df-ba1e-71fe3e5c26b4 resource provider not found; error: Placement Client Error (4xx): {"errors": [{"status": 404, "title": "Not Found", "detail": "The resource could not be found.\n\n No resource provider with uuid a0b4f00e-cfe7-40df-ba1e-71fe3e5c26b4 found for delete ", "request_id": "req-0e6dd93c-7312-4a71-9614-1beb6247b2f7"}]}
2026-03-03 02:10:33.423 7 INFO neutron.services.segments.plugin [-] Segment a0b4f00e-cfe7-40df-ba1e-71fe3e5c26b4 resource provider not found; error: Placement Client Error (4xx): {"errors": [{"status": 404, "title": "Not Found", "detail": "The resource could not be found.\n\n No resource provider with uuid a0b4f00e-cfe7-40df-ba1e-71fe3e5c26b4 found for delete ", "request_id": "req-9e9abdb8-c938-4953-b1b2-9371d4d57675"}]}
2026-03-03 02:10:35.572 7 INFO neutron.db.ovn_revision_numbers_db [None req-8b630c2f-cd73-4ac2-a072-99944f3dbbc9 6b82356a65bf4ef7bc29bdd9405834e0 72d1d5b358c242139410f3d79f26d84a - - default default] Successfully bumped revision number for resource 9969256a-b703-42ed-b1a0-570d02745399 (type: security_groups) to 1
2026-03-03 02:10:35.586 7 INFO neutron.db.ovn_revision_numbers_db [None req-8b630c2f-cd73-4ac2-a072-99944f3dbbc9 6b82356a65bf4ef7bc29bdd9405834e0 72d1d5b358c242139410f3d79f26d84a - - default default] Successfully bumped revision number for resource 01eb518f-3634-46fa-ad06-3fa5618bab60 (type: security_group_rules) to 0
2026-03-03 02:10:35.599 7 INFO neutron.db.ovn_revision_numbers_db [None req-8b630c2f-cd73-4ac2-a072-99944f3dbbc9 6b82356a65bf4ef7bc29bdd9405834e0 72d1d5b358c242139410f3d79f26d84a - - default default] Successfully bumped revision number for resource 2319dda4-b067-497f-b345-4e11b8cda757 (type: security_group_rules) to 0
2026-03-03 02:10:35.611 7 INFO neutron.db.ovn_revision_numbers_db [None req-8b630c2f-cd73-4ac2-a072-99944f3dbbc9 6b82356a65bf4ef7bc29bdd9405834e0 72d1d5b358c242139410f3d79f26d84a - - default default] Successfully bumped revision number for resource 27f2f491-e962-447d-a65d-ae4cb72c10ae (type: security_group_rules) to 0
2026-03-03 02:10:35.622 7 INFO neutron.db.ovn_revision_numbers_db [None req-8b630c2f-cd73-4ac2-a072-99944f3dbbc9 6b82356a65bf4ef7bc29bdd9405834e0 72d1d5b358c242139410f3d79f26d84a - - default default] Successfully bumped revision number for resource c0dbd0fc-db08-4c47-81dc-798a98b08f81 (type: security_group_rules) to 0 [pid: 7|app: 0|req: 1733/3618] 10.0.0.162 () {32 vars in 774 bytes} [Tue Mar 3 02:10:35 2026] GET /v2.0/security-groups?tenant_id=1b28a0a6fe1241998882471486d76b0c&name=default => generated 2929 bytes in 415 msecs (HTTP/1.1 200) 4 headers in 158 bytes (1 switches on core 0) [pid: 8|app: 0|req: 1886/3619] 10.0.0.162 () {32 vars in 740 bytes} [Tue Mar 3 02:10:35 2026] DELETE /v2.0/security-groups/9969256a-b703-42ed-b1a0-570d02745399 => generated 0 bytes in 285 msecs (HTTP/1.1 204) 2 headers in 112 bytes (1 switches on core 0)
2026-03-03 02:10:36.223 7 INFO neutron.db.ovn_revision_numbers_db [None req-e9e3eb4a-9745-475a-a9d7-b92835b62dc6 6b82356a65bf4ef7bc29bdd9405834e0 72d1d5b358c242139410f3d79f26d84a - - default default] Successfully bumped revision number for resource 26b6ee0a-047a-4559-be2e-ace23c755d23 (type: security_groups) to 1
2026-03-03 02:10:36.235 7 INFO neutron.db.ovn_revision_numbers_db [None req-e9e3eb4a-9745-475a-a9d7-b92835b62dc6 6b82356a65bf4ef7bc29bdd9405834e0 72d1d5b358c242139410f3d79f26d84a - - default default] Successfully bumped revision number for resource 15df2d92-e0bc-44f0-b009-2fd821e06188 (type: security_group_rules) to 0
2026-03-03 02:10:36.252 7 INFO neutron.db.ovn_revision_numbers_db [None req-e9e3eb4a-9745-475a-a9d7-b92835b62dc6 6b82356a65bf4ef7bc29bdd9405834e0 72d1d5b358c242139410f3d79f26d84a - - default default] Successfully bumped revision number for resource 7a7c80c2-d497-449a-83f4-33483fc70a2c (type: security_group_rules) to 0
2026-03-03 02:10:36.264 7 INFO neutron.db.ovn_revision_numbers_db [None req-e9e3eb4a-9745-475a-a9d7-b92835b62dc6 6b82356a65bf4ef7bc29bdd9405834e0 72d1d5b358c242139410f3d79f26d84a - - default default] Successfully bumped revision number for resource b1f107fa-d659-4747-9700-36a756db7e3f (type: security_group_rules) to 0
2026-03-03 02:10:36.275 7 INFO neutron.db.ovn_revision_numbers_db [None req-e9e3eb4a-9745-475a-a9d7-b92835b62dc6 6b82356a65bf4ef7bc29bdd9405834e0 72d1d5b358c242139410f3d79f26d84a - - default default] Successfully bumped revision number for resource e841bd11-3a6a-459c-8f04-cac33c424e7e (type: security_group_rules) to 0 [pid: 7|app: 0|req: 1734/3620] 10.0.0.162 () {32 vars in 774 bytes} [Tue Mar 3 02:10:36 2026] GET /v2.0/security-groups?tenant_id=b6ea371765ba4b98a20fe0fa4178c727&name=default => generated 2929 bytes in 276 msecs (HTTP/1.1 200) 4 headers in 158 bytes (1 switches on core 0) [pid: 8|app: 0|req: 1887/3621] 10.0.0.162 () {32 vars in 740 bytes} [Tue Mar 3 02:10:36 2026] DELETE /v2.0/security-groups/26b6ee0a-047a-4559-be2e-ace23c755d23 => generated 0 bytes in 307 msecs (HTTP/1.1 204) 2 headers in 112 bytes (1 switches on core 0)
2026-03-03 02:10:36.934 7 INFO neutron.db.ovn_revision_numbers_db [None req-a79d7f61-b816-4e42-97f1-f4a201e12a1e 6b82356a65bf4ef7bc29bdd9405834e0 72d1d5b358c242139410f3d79f26d84a - - default default] Successfully bumped revision number for resource 8ab5e282-b7bf-4246-8650-6db06ae56fb1 (type: security_groups) to 1
2026-03-03 02:10:36.953 7 INFO neutron.db.ovn_revision_numbers_db [None req-a79d7f61-b816-4e42-97f1-f4a201e12a1e 6b82356a65bf4ef7bc29bdd9405834e0 72d1d5b358c242139410f3d79f26d84a - - default default] Successfully bumped revision number for resource 4a911411-7fa2-426f-a47e-181a62ca89c1 (type: security_group_rules) to 0
2026-03-03 02:10:36.964 7 INFO neutron.db.ovn_revision_numbers_db [None req-a79d7f61-b816-4e42-97f1-f4a201e12a1e 6b82356a65bf4ef7bc29bdd9405834e0 72d1d5b358c242139410f3d79f26d84a - - default default] Successfully bumped revision number for resource a1b6a5cf-c2cc-4a2e-9424-8a2d0a6756df (type: security_group_rules) to 0
2026-03-03 02:10:36.980 7 INFO neutron.db.ovn_revision_numbers_db [None req-a79d7f61-b816-4e42-97f1-f4a201e12a1e 6b82356a65bf4ef7bc29bdd9405834e0 72d1d5b358c242139410f3d79f26d84a - - default default] Successfully bumped revision number for resource aabc68b8-28eb-4e62-a2f5-6a668329feeb (type: security_group_rules) to 0
2026-03-03 02:10:36.994 7 INFO neutron.db.ovn_revision_numbers_db [None req-a79d7f61-b816-4e42-97f1-f4a201e12a1e 6b82356a65bf4ef7bc29bdd9405834e0 72d1d5b358c242139410f3d79f26d84a - - default default] Successfully bumped revision number for resource b58b3fd2-9a65-4a5e-b3cf-436362484542 (type: security_group_rules) to 0 [pid: 7|app: 0|req: 1735/3622] 10.0.0.162 () {32 vars in 774 bytes} [Tue Mar 3 02:10:36 2026] GET /v2.0/security-groups?tenant_id=4cd4a42fcade4197b10db3892c61334e&name=default => generated 2929 bytes in 268 msecs (HTTP/1.1 200) 4 headers in 158 bytes (1 switches on core 0) [pid: 8|app: 0|req: 1888/3623] 10.0.0.162 () {32 vars in 740 bytes} [Tue Mar 3 02:10:37 2026] DELETE /v2.0/security-groups/8ab5e282-b7bf-4246-8650-6db06ae56fb1 => generated 0 bytes in 273 msecs (HTTP/1.1 204) 2 headers in 112 bytes (1 switches on core 0) [pid: 7|app: 0|req: 1736/3624] 10.0.0.162 () {32 vars in 774 bytes} [Tue Mar 3 02:10:37 2026] GET /v2.0/security-groups?tenant_id=5750b1ae687d4d42b5e4de72b62cfad2&name=default => generated 2925 bytes in 34 msecs (HTTP/1.1 200) 4 headers in 158 bytes (1 switches on core 0) [pid: 8|app: 0|req: 1889/3625] 10.0.0.162 () {32 vars in 740 bytes} [Tue Mar 3 02:10:37 2026] DELETE /v2.0/security-groups/007c8e8c-703e-4890-b62b-84e75aabe658 => generated 0 bytes in 276 msecs (HTTP/1.1 204) 2 headers in 112 bytes (1 switches on core 0)
2026-03-03 02:10:38.076 7 INFO neutron.db.ovn_revision_numbers_db [None req-51e2cacd-b3f7-46ad-b969-79ed21b39551 6b82356a65bf4ef7bc29bdd9405834e0 72d1d5b358c242139410f3d79f26d84a - - default default] Successfully bumped revision number for resource d0496dc6-1dd2-47b1-bca9-040ae641f138 (type: security_groups) to 1
2026-03-03 02:10:38.092 7 INFO neutron.db.ovn_revision_numbers_db [None req-51e2cacd-b3f7-46ad-b969-79ed21b39551 6b82356a65bf4ef7bc29bdd9405834e0 72d1d5b358c242139410f3d79f26d84a - - default default] Successfully bumped revision number for resource 060f9548-bd99-46a0-92d6-c5eda41a5d42 (type: security_group_rules) to 0
2026-03-03 02:10:38.107 7 INFO neutron.db.ovn_revision_numbers_db [None req-51e2cacd-b3f7-46ad-b969-79ed21b39551 6b82356a65bf4ef7bc29bdd9405834e0 72d1d5b358c242139410f3d79f26d84a - - default default] Successfully bumped revision number for resource 7c1758c5-b495-4bc4-8ade-0ce2e7ae05d2 (type: security_group_rules) to 0
2026-03-03 02:10:38.119 7 INFO neutron.db.ovn_revision_numbers_db [None req-51e2cacd-b3f7-46ad-b969-79ed21b39551 6b82356a65bf4ef7bc29bdd9405834e0 72d1d5b358c242139410f3d79f26d84a - - default default] Successfully bumped revision number for resource 82d9c625-0c6c-494f-b694-1295ef1e2f26 (type: security_group_rules) to 0
2026-03-03 02:10:38.132 7 INFO neutron.db.ovn_revision_numbers_db [None req-51e2cacd-b3f7-46ad-b969-79ed21b39551 6b82356a65bf4ef7bc29bdd9405834e0 72d1d5b358c242139410f3d79f26d84a - - default default] Successfully bumped revision number for resource bf7aed18-5707-4458-a581-edd7998e1029 (type: security_group_rules) to 0 [pid: 7|app: 0|req: 1737/3626] 10.0.0.162 () {32 vars in 774 bytes} [Tue Mar 3 02:10:37 2026] GET /v2.0/security-groups?tenant_id=3391f21ff12247fd833dd89b68cd3c17&name=default => generated 2929 bytes in 272 msecs (HTTP/1.1 200) 4 headers in 158 bytes (1 switches on core 0) [pid: 8|app: 0|req: 1890/3627] 10.0.0.162 () {32 vars in 740 bytes} [Tue Mar 3 02:10:38 2026] DELETE /v2.0/security-groups/d0496dc6-1dd2-47b1-bca9-040ae641f138 => generated 0 bytes in 275 msecs (HTTP/1.1 204) 2 headers in 112 bytes (1 switches on core 0)
2026-03-03 02:10:38.808 7 INFO neutron.db.ovn_revision_numbers_db [None req-aa5151b7-7274-4f51-9540-378e4c9ff8e2 6b82356a65bf4ef7bc29bdd9405834e0 72d1d5b358c242139410f3d79f26d84a - - default default] Successfully bumped revision number for resource 488442a2-f912-4365-b87b-a0d068fbca3f (type: security_groups) to 1
2026-03-03 02:10:38.820 7 INFO neutron.db.ovn_revision_numbers_db [None req-aa5151b7-7274-4f51-9540-378e4c9ff8e2 6b82356a65bf4ef7bc29bdd9405834e0 72d1d5b358c242139410f3d79f26d84a - - default default] Successfully bumped revision number for resource 382a83a9-b0fe-4985-901d-4208c869e619 (type: security_group_rules) to 0
2026-03-03 02:10:38.830 7 INFO neutron.db.ovn_revision_numbers_db [None req-aa5151b7-7274-4f51-9540-378e4c9ff8e2 6b82356a65bf4ef7bc29bdd9405834e0 72d1d5b358c242139410f3d79f26d84a - - default default] Successfully bumped revision number for resource 5940398b-ff18-4d9c-b7f6-c2c518d9d51d (type: security_group_rules) to 0
2026-03-03 02:10:38.841 7 INFO neutron.db.ovn_revision_numbers_db [None req-aa5151b7-7274-4f51-9540-378e4c9ff8e2 6b82356a65bf4ef7bc29bdd9405834e0 72d1d5b358c242139410f3d79f26d84a - - default default] Successfully bumped revision number for resource 9f0d3e9f-fa98-4a27-b0c8-a6193bc3e036 (type: security_group_rules) to 0
2026-03-03 02:10:38.861 7 INFO neutron.db.ovn_revision_numbers_db [None req-aa5151b7-7274-4f51-9540-378e4c9ff8e2 6b82356a65bf4ef7bc29bdd9405834e0 72d1d5b358c242139410f3d79f26d84a - - default default] Successfully bumped revision number for resource b275ec0a-42ac-4e79-a3cd-f6a99bbf2afa (type: security_group_rules) to 0 [pid: 7|app: 0|req: 1738/3628] 10.0.0.162 () {32 vars in 774 bytes} [Tue Mar 3 02:10:38 2026] GET /v2.0/security-groups?tenant_id=3ae0e3c4a2ac4f26b0ecebf51d6c7662&name=default => generated 2929 bytes in 277 msecs (HTTP/1.1 200) 4 headers in 158 bytes (1 switches on core 0) [pid: 8|app: 0|req: 1891/3629] 10.0.0.162 () {32 vars in 740 bytes} [Tue Mar 3 02:10:38 2026] DELETE /v2.0/security-groups/488442a2-f912-4365-b87b-a0d068fbca3f => generated 0 bytes in 301 msecs (HTTP/1.1 204) 2 headers in 112 bytes (1 switches on core 0)
2026-03-03 02:10:39.578 7 INFO neutron.db.ovn_revision_numbers_db [None req-31c9baff-0ee9-4ed2-9331-d4685ed6b136 6b82356a65bf4ef7bc29bdd9405834e0 72d1d5b358c242139410f3d79f26d84a - - default default] Successfully bumped revision number for resource 14e8cc9c-a1ce-4b5c-8e14-6edbd9e3564a (type: security_groups) to 1
2026-03-03 02:10:39.590 7 INFO neutron.db.ovn_revision_numbers_db [None req-31c9baff-0ee9-4ed2-9331-d4685ed6b136 6b82356a65bf4ef7bc29bdd9405834e0 72d1d5b358c242139410f3d79f26d84a - - default default] Successfully bumped revision number for resource 0f75b19f-4c13-4b02-9fee-3c99279e46da (type: security_group_rules) to 0
2026-03-03 02:10:39.600 7 INFO neutron.db.ovn_revision_numbers_db [None req-31c9baff-0ee9-4ed2-9331-d4685ed6b136 6b82356a65bf4ef7bc29bdd9405834e0 72d1d5b358c242139410f3d79f26d84a - - default default] Successfully bumped revision number for resource 301e5558-7069-478d-8244-5de56da31cca (type: security_group_rules) to 0
2026-03-03 02:10:39.615 7 INFO neutron.db.ovn_revision_numbers_db [None req-31c9baff-0ee9-4ed2-9331-d4685ed6b136 6b82356a65bf4ef7bc29bdd9405834e0 72d1d5b358c242139410f3d79f26d84a - - default default] Successfully bumped revision number for resource 3587d773-84a0-4dd5-a843-e6e0eba7a122 (type: security_group_rules) to 0
2026-03-03 02:10:39.628 7 INFO neutron.db.ovn_revision_numbers_db [None req-31c9baff-0ee9-4ed2-9331-d4685ed6b136 6b82356a65bf4ef7bc29bdd9405834e0 72d1d5b358c242139410f3d79f26d84a - - default default] Successfully bumped revision number for resource 56baef1e-f1fd-49c2-b41a-ccf35790693c (type: security_group_rules) to 0 [pid: 7|app: 0|req: 1739/3630] 10.0.0.162 () {32 vars in 774 bytes} [Tue Mar 3 02:10:39 2026] GET /v2.0/security-groups?tenant_id=f90681f364c54b95bf6eb0a60afa5353&name=default => generated 2929 bytes in 304 msecs (HTTP/1.1 200) 4 headers in 158 bytes (1 switches on core 0) [pid: 8|app: 0|req: 1892/3631] 10.0.0.162 () {32 vars in 740 bytes} [Tue Mar 3 02:10:39 2026] DELETE /v2.0/security-groups/14e8cc9c-a1ce-4b5c-8e14-6edbd9e3564a => generated 0 bytes in 264 msecs (HTTP/1.1 204) 2 headers in 112 bytes (1 switches on core 0)
2026-03-03 02:10:44.222 7 INFO neutron.db.ovn_revision_numbers_db [None req-5c44f29d-cd30-4bff-aa30-e8c799675346 dff793ea960d41e8b676be7a4734a452 10381a48051942be93ff122b4736ac38 - - default default] Successfully bumped revision number for resource 7c59f4e4-da88-46df-8011-11f8192c66a6 (type: security_groups) to 1
2026-03-03 02:10:44.235 7 INFO neutron.db.ovn_revision_numbers_db [None req-5c44f29d-cd30-4bff-aa30-e8c799675346 dff793ea960d41e8b676be7a4734a452 10381a48051942be93ff122b4736ac38 - - default default] Successfully bumped revision number for resource 16e66d30-56a9-4a32-b260-0554f96d783e (type: security_group_rules) to 0
2026-03-03 02:10:44.252 7 INFO neutron.db.ovn_revision_numbers_db [None req-5c44f29d-cd30-4bff-aa30-e8c799675346 dff793ea960d41e8b676be7a4734a452 10381a48051942be93ff122b4736ac38 - - default default] Successfully bumped revision number for resource 4400a203-f176-4297-a967-4280a344eb6b (type: security_group_rules) to 0
2026-03-03 02:10:44.267 7 INFO neutron.db.ovn_revision_numbers_db [None req-5c44f29d-cd30-4bff-aa30-e8c799675346 dff793ea960d41e8b676be7a4734a452 10381a48051942be93ff122b4736ac38 - - default default] Successfully bumped revision number for resource 7ca33d6a-df27-40bc-aee6-4727209b47ec (type: security_group_rules) to 0
2026-03-03 02:10:44.282 7 INFO neutron.db.ovn_revision_numbers_db [None req-5c44f29d-cd30-4bff-aa30-e8c799675346 dff793ea960d41e8b676be7a4734a452 10381a48051942be93ff122b4736ac38 - - default default] Successfully bumped revision number for resource 913c798c-432f-4983-8cea-9b93a3b2936d (type: security_group_rules) to 0
2026-03-03 02:10:44.364 7 INFO neutron.db.segments_db [None req-5c44f29d-cd30-4bff-aa30-e8c799675346 dff793ea960d41e8b676be7a4734a452 10381a48051942be93ff122b4736ac38 - - default default] Added segment f9657661-997d-4bf5-873f-80b487b8631f of type geneve for network 922504b7-dd5c-4feb-811a-28967ded4b44
2026-03-03 02:10:44.490 7 INFO neutron.db.ovn_revision_numbers_db [None req-5c44f29d-cd30-4bff-aa30-e8c799675346 dff793ea960d41e8b676be7a4734a452 10381a48051942be93ff122b4736ac38 - - default default] Successfully bumped revision number for resource 922504b7-dd5c-4feb-811a-28967ded4b44 (type: networks) to 1
2026-03-03 02:10:44.716 7 WARNING neutron.scheduler.dhcp_agent_scheduler [None req-5c44f29d-cd30-4bff-aa30-e8c799675346 dff793ea960d41e8b676be7a4734a452 10381a48051942be93ff122b4736ac38 - - default default] No more DHCP agents
2026-03-03 02:10:44.717 7 WARNING neutron.api.rpc.agentnotifiers.dhcp_rpc_agent_api [None req-5c44f29d-cd30-4bff-aa30-e8c799675346 dff793ea960d41e8b676be7a4734a452 10381a48051942be93ff122b4736ac38 - - default default] Unable to schedule network 922504b7-dd5c-4feb-811a-28967ded4b44: no agents available; will retry on subsequent port and subnet creation events.
2026-03-03 02:10:44.788 7 INFO neutron.plugins.ml2.drivers.ovn.mech_driver.mech_driver [None req-94b15b9a-db45-4dfc-8a28-5385bcb5b900 - - - - - -] OVN reports status down for port: 69891b88-2176-45c8-a99a-b8d03e095555
2026-03-03 02:10:44.857 7 INFO neutron.db.ovn_revision_numbers_db [None req-5c44f29d-cd30-4bff-aa30-e8c799675346 dff793ea960d41e8b676be7a4734a452 10381a48051942be93ff122b4736ac38 - - default default] Successfully bumped revision number for resource 69891b88-2176-45c8-a99a-b8d03e095555 (type: ports) to 1 [pid: 7|app: 0|req: 1741/3634] 10.0.0.162 () {34 vars in 670 bytes} [Tue Mar 3 02:10:43 2026] POST /v2.0/networks => generated 767 bytes in 1030 msecs (HTTP/1.1 201) 4 headers in 162 bytes (1 switches on core 0)
2026-03-03 02:10:45.035 8 WARNING neutron.scheduler.dhcp_agent_scheduler [None req-0d272ba3-7348-4146-b11e-1191a497b187 dff793ea960d41e8b676be7a4734a452 10381a48051942be93ff122b4736ac38 - - default default] No more DHCP agents
2026-03-03 02:10:45.036 8 WARNING neutron.api.rpc.agentnotifiers.dhcp_rpc_agent_api [None req-0d272ba3-7348-4146-b11e-1191a497b187 dff793ea960d41e8b676be7a4734a452 10381a48051942be93ff122b4736ac38 - - default default] Unable to schedule network 922504b7-dd5c-4feb-811a-28967ded4b44: no agents available; will retry on subsequent port and subnet creation events.
2026-03-03 02:10:45.487 8 INFO neutron.db.ovn_revision_numbers_db [None req-7ac9909f-e3fa-4b8d-bf80-f7ec0d0e68dc - - - - - -] Successfully bumped revision number for resource 69891b88-2176-45c8-a99a-b8d03e095555 (type: ports) to 2
2026-03-03 02:10:45.520 8 INFO neutron.db.ovn_revision_numbers_db [None req-7ac9909f-e3fa-4b8d-bf80-f7ec0d0e68dc - - - - - -] Successfully bumped revision number for resource 62c8e477-e088-4380-bbb6-f7e50183556b (type: subnets) to 0 [pid: 8|app: 0|req: 1894/3635] 10.0.0.162 () {34 vars in 669 bytes} [Tue Mar 3 02:10:44 2026] POST /v2.0/subnets => generated 644 bytes in 625 msecs (HTTP/1.1 201) 4 headers in 162 bytes (1 switches on core 0)
2026-03-03 02:10:45.552 7 WARNING neutron.api.v2.base [None req-ba1d26fe-0d45-44c1-936c-64d1608d3a5f dff793ea960d41e8b676be7a4734a452 10381a48051942be93ff122b4736ac38 - - default default] An exception happened while processing the request body. The exception message is [Invalid input for target_tenant. Reason: 'None' is not a valid string.].: webob.exc.HTTPBadRequest: Invalid input for target_tenant. Reason: 'None' is not a valid string.
2026-03-03 02:10:45.552 7 INFO neutron.api.v2.resource [None req-ba1d26fe-0d45-44c1-936c-64d1608d3a5f dff793ea960d41e8b676be7a4734a452 10381a48051942be93ff122b4736ac38 - - default default] create failed (client error): Invalid input for target_tenant. Reason: 'None' is not a valid string. [pid: 7|app: 0|req: 1742/3636] 10.0.0.162 () {34 vars in 681 bytes} [Tue Mar 3 02:10:45 2026] POST /v2.0/rbac-policies => generated 143 bytes in 11 msecs (HTTP/1.1 400) 4 headers in 166 bytes (1 switches on core 0)
2026-03-03 02:10:45.706 8 INFO neutron_taas.services.taas.taas_plugin [None req-64340051-a489-4c41-a95a-686c64faab1c dff793ea960d41e8b676be7a4734a452 10381a48051942be93ff122b4736ac38 - - default default] TaaS: Handle Delete Port: 69891b88-2176-45c8-a99a-b8d03e095555
2026-03-03 02:10:45.710 8 INFO neutron_taas.services.taas.tap_mirror_plugin [None req-64340051-a489-4c41-a95a-686c64faab1c dff793ea960d41e8b676be7a4734a452 10381a48051942be93ff122b4736ac38 - - default default] Tap Mirror: Handle Delete Port: 69891b88-2176-45c8-a99a-b8d03e095555
2026-03-03 02:10:46.039 8 INFO neutron.services.segments.plugin [-] Segment f9657661-997d-4bf5-873f-80b487b8631f resource provider aggregate not found
2026-03-03 02:10:46.045 8 INFO neutron.services.segments.plugin [-] Segment f9657661-997d-4bf5-873f-80b487b8631f resource provider aggregate not found
2026-03-03 02:10:46.055 8 INFO neutron.services.segments.plugin [-] Segment f9657661-997d-4bf5-873f-80b487b8631f resource provider not found; error: Placement Client Error (4xx): {"errors": [{"status": 404, "title": "Not Found", "detail": "The resource could not be found.\n\n No resource provider with uuid f9657661-997d-4bf5-873f-80b487b8631f found for delete ", "request_id": "req-3991834f-987a-42f5-a5cf-ae3afad62ec5"}]}
2026-03-03 02:10:46.062 8 INFO neutron.services.segments.plugin [-] Segment f9657661-997d-4bf5-873f-80b487b8631f resource provider not found; error: Placement Client Error (4xx): {"errors": [{"status": 404, "title": "Not Found", "detail": "The resource could not be found.\n\n No resource provider with uuid f9657661-997d-4bf5-873f-80b487b8631f found for delete ", "request_id": "req-2e38daca-3dc9-466a-a094-10e034fb0cb7"}]} [pid: 8|app: 0|req: 1895/3637] 10.0.0.162 () {32 vars in 726 bytes} [Tue Mar 3 02:10:45 2026] DELETE /v2.0/networks/922504b7-dd5c-4feb-811a-28967ded4b44 => generated 0 bytes in 536 msecs (HTTP/1.1 204) 3 headers in 131 bytes (1 switches on core 0)
2026-03-03 02:10:46.201 7 INFO neutron.db.segments_db [None req-75902eab-fc52-4ccc-9d41-d9b89befda11 dff793ea960d41e8b676be7a4734a452 10381a48051942be93ff122b4736ac38 - - default default] Added segment 0b20e20b-ceaf-4b97-8b82-21626deb9825 of type geneve for network 50c3bb8e-bce7-453e-943e-6cc2005b8863
2026-03-03 02:10:46.343 7 INFO neutron.db.ovn_revision_numbers_db [None req-75902eab-fc52-4ccc-9d41-d9b89befda11 dff793ea960d41e8b676be7a4734a452 10381a48051942be93ff122b4736ac38 - - default default] Successfully bumped revision number for resource 50c3bb8e-bce7-453e-943e-6cc2005b8863 (type: networks) to 1
2026-03-03 02:10:46.517 7 WARNING neutron.scheduler.dhcp_agent_scheduler [None req-75902eab-fc52-4ccc-9d41-d9b89befda11 dff793ea960d41e8b676be7a4734a452 10381a48051942be93ff122b4736ac38 - - default default] No more DHCP agents
2026-03-03 02:10:46.518 7 WARNING neutron.api.rpc.agentnotifiers.dhcp_rpc_agent_api [None req-75902eab-fc52-4ccc-9d41-d9b89befda11 dff793ea960d41e8b676be7a4734a452 10381a48051942be93ff122b4736ac38 - - default default] Unable to schedule network 50c3bb8e-bce7-453e-943e-6cc2005b8863: no agents available; will retry on subsequent port and subnet creation events.
2026-03-03 02:10:46.596 7 INFO neutron.plugins.ml2.drivers.ovn.mech_driver.mech_driver [None req-94b15b9a-db45-4dfc-8a28-5385bcb5b900 - - - - - -] OVN reports status down for port: 78c5220b-3350-4334-a1fc-d20244592c2e
2026-03-03 02:10:46.661 7 INFO neutron.db.ovn_revision_numbers_db [None req-75902eab-fc52-4ccc-9d41-d9b89befda11 dff793ea960d41e8b676be7a4734a452 10381a48051942be93ff122b4736ac38 - - default default] Successfully bumped revision number for resource 78c5220b-3350-4334-a1fc-d20244592c2e (type: ports) to 1 [pid: 7|app: 0|req: 1743/3638] 10.0.0.162 () {34 vars in 670 bytes} [Tue Mar 3 02:10:46 2026] POST /v2.0/networks => generated 768 bytes in 591 msecs (HTTP/1.1 201) 4 headers in 162 bytes (1 switches on core 0)
2026-03-03 02:10:46.851 8 WARNING neutron.scheduler.dhcp_agent_scheduler [None req-ffc7ecc5-50aa-411e-af51-90f449749c53 dff793ea960d41e8b676be7a4734a452 10381a48051942be93ff122b4736ac38 - - default default] No more DHCP agents
2026-03-03 02:10:46.852 8 WARNING neutron.api.rpc.agentnotifiers.dhcp_rpc_agent_api [None req-ffc7ecc5-50aa-411e-af51-90f449749c53 dff793ea960d41e8b676be7a4734a452 10381a48051942be93ff122b4736ac38 - - default default] Unable to schedule network 50c3bb8e-bce7-453e-943e-6cc2005b8863: no agents available; will retry on subsequent port and subnet creation events.
2026-03-03 02:10:47.351 8 INFO neutron.db.ovn_revision_numbers_db [None req-afed2688-e743-471a-875f-4c20f67a8627 - - - - - -] Successfully bumped revision number for resource 78c5220b-3350-4334-a1fc-d20244592c2e (type: ports) to 2
2026-03-03 02:10:47.386 8 INFO neutron.db.ovn_revision_numbers_db [None req-afed2688-e743-471a-875f-4c20f67a8627 - - - - - -] Successfully bumped revision number for resource fcbbebce-65d7-4b72-a048-90508c4af37c (type: subnets) to 0 [pid: 8|app: 0|req: 1896/3639] 10.0.0.162 () {34 vars in 669 bytes} [Tue Mar 3 02:10:46 2026] POST /v2.0/subnets => generated 647 bytes in 706 msecs (HTTP/1.1 201) 4 headers in 162 bytes (1 switches on core 0)
2026-03-03 02:10:47.422 7 WARNING neutron.api.v2.base [None req-4bd80e68-218c-40cc-84b0-4a68b0ee37b7 dff793ea960d41e8b676be7a4734a452 10381a48051942be93ff122b4736ac38 - - default default] An exception happened while processing the request body. The exception message is [Invalid input for target_tenant. Reason: '1234123412341234123412341234123412341234123412341234123412341234123412341234123412341234123412341234123412341234123412341234123412341234123412341234123412341234123412341234123412341234123412341234123412341234123412341234123412341234123412341234123412341234123412341234123412341234123412341234123412341234123412341234123412341234123412341234123412341234123412341234123412341234123412341234123412341234' exceeds maximum length of 255.].: webob.exc.HTTPBadRequest: Invalid input for target_tenant. Reason: '1234123412341234123412341234123412341234123412341234123412341234123412341234123412341234123412341234123412341234123412341234123412341234123412341234123412341234123412341234123412341234123412341234123412341234123412341234123412341234123412341234123412341234123412341234123412341234123412341234123412341234123412341234123412341234123412341234123412341234123412341234123412341234123412341234123412341234' exceeds maximum length of 255.
2026-03-03 02:10:47.423 7 INFO neutron.api.v2.resource [None req-4bd80e68-218c-40cc-84b0-4a68b0ee37b7 dff793ea960d41e8b676be7a4734a452 10381a48051942be93ff122b4736ac38 - - default default] create failed (client error): Invalid input for target_tenant. Reason: '1234123412341234123412341234123412341234123412341234123412341234123412341234123412341234123412341234123412341234123412341234123412341234123412341234123412341234123412341234123412341234123412341234123412341234123412341234123412341234123412341234123412341234123412341234123412341234123412341234123412341234123412341234123412341234123412341234123412341234123412341234123412341234123412341234123412341234' exceeds maximum length of 255. [pid: 7|app: 0|req: 1744/3640] 10.0.0.162 () {34 vars in 681 bytes} [Tue Mar 3 02:10:47 2026] POST /v2.0/rbac-policies => generated 547 bytes in 7 msecs (HTTP/1.1 400) 4 headers in 166 bytes (1 switches on core 0)
2026-03-03 02:10:47.557 8 INFO neutron_taas.services.taas.taas_plugin [None req-01b0112f-6f89-46ce-a50c-66aa8f4da231 dff793ea960d41e8b676be7a4734a452 10381a48051942be93ff122b4736ac38 - - default default] TaaS: Handle Delete Port: 78c5220b-3350-4334-a1fc-d20244592c2e
2026-03-03 02:10:47.560 8 INFO neutron_taas.services.taas.tap_mirror_plugin [None req-01b0112f-6f89-46ce-a50c-66aa8f4da231 dff793ea960d41e8b676be7a4734a452 10381a48051942be93ff122b4736ac38 - - default default] Tap Mirror: Handle Delete Port: 78c5220b-3350-4334-a1fc-d20244592c2e [pid: 8|app: 0|req: 1897/3641] 10.0.0.162 () {32 vars in 726 bytes} [Tue Mar 3 02:10:47 2026] DELETE /v2.0/networks/50c3bb8e-bce7-453e-943e-6cc2005b8863 => generated 0 bytes in 479 msecs (HTTP/1.1 204) 3 headers in 131 bytes (1 switches on core 0)
2026-03-03 02:10:48.010 7 INFO neutron.db.segments_db [None req-73419c13-0774-4bc8-9af9-ab9e98caa235 dff793ea960d41e8b676be7a4734a452 10381a48051942be93ff122b4736ac38 - - default default] Added segment 72be852d-0d5f-4b5e-9321-c4ef4ab22eae of type geneve for network 2e99a0f4-9f79-42a9-a0e8-926590f4ee79
2026-03-03 02:10:48.082 8 INFO neutron.services.segments.plugin [-] Segment 0b20e20b-ceaf-4b97-8b82-21626deb9825 resource provider aggregate not found
2026-03-03 02:10:48.084 8 INFO neutron.services.segments.plugin [-] Segment 0b20e20b-ceaf-4b97-8b82-21626deb9825 resource provider aggregate not found
2026-03-03 02:10:48.099 8 INFO neutron.services.segments.plugin [-] Segment 0b20e20b-ceaf-4b97-8b82-21626deb9825 resource provider not found; error: Placement Client Error (4xx): {"errors": [{"status": 404, "title": "Not Found", "detail": "The resource could not be found.\n\n No resource provider with uuid 0b20e20b-ceaf-4b97-8b82-21626deb9825 found for delete ", "request_id": "req-217a99c5-fbaf-44bf-b107-04c006df121e"}]}
2026-03-03 02:10:48.105 8 INFO neutron.services.segments.plugin [-] Segment 0b20e20b-ceaf-4b97-8b82-21626deb9825 resource provider not found; error: Placement Client Error (4xx): {"errors": [{"status": 404, "title": "Not Found", "detail": "The resource could not be found.\n\n No resource provider with uuid 0b20e20b-ceaf-4b97-8b82-21626deb9825 found for delete ", "request_id": "req-665de35a-c311-4494-a0db-277505726a81"}]}
2026-03-03 02:10:48.154 7 INFO neutron.db.ovn_revision_numbers_db [None req-73419c13-0774-4bc8-9af9-ab9e98caa235 dff793ea960d41e8b676be7a4734a452 10381a48051942be93ff122b4736ac38 - - default default] Successfully bumped revision number for resource 2e99a0f4-9f79-42a9-a0e8-926590f4ee79 (type: networks) to 1
2026-03-03 02:10:48.313 7 WARNING neutron.scheduler.dhcp_agent_scheduler [None req-73419c13-0774-4bc8-9af9-ab9e98caa235 dff793ea960d41e8b676be7a4734a452 10381a48051942be93ff122b4736ac38 - - default default] No more DHCP agents
2026-03-03 02:10:48.315 7 WARNING neutron.api.rpc.agentnotifiers.dhcp_rpc_agent_api [None req-73419c13-0774-4bc8-9af9-ab9e98caa235 dff793ea960d41e8b676be7a4734a452 10381a48051942be93ff122b4736ac38 - - default default] Unable to schedule network 2e99a0f4-9f79-42a9-a0e8-926590f4ee79: no agents available; will retry on subsequent port and subnet creation events.
2026-03-03 02:10:48.382 7 INFO neutron.plugins.ml2.drivers.ovn.mech_driver.mech_driver [None req-94b15b9a-db45-4dfc-8a28-5385bcb5b900 - - - - - -] OVN reports status down for port: 80900974-e729-42c9-abcf-bc9ee83f7d41
2026-03-03 02:10:48.454 7 INFO neutron.db.ovn_revision_numbers_db [None req-73419c13-0774-4bc8-9af9-ab9e98caa235 dff793ea960d41e8b676be7a4734a452 10381a48051942be93ff122b4736ac38 - - default default] Successfully bumped revision number for resource 80900974-e729-42c9-abcf-bc9ee83f7d41 (type: ports) to 1 [pid: 7|app: 0|req: 1745/3642] 10.0.0.162 () {34 vars in 670 bytes} [Tue Mar 3 02:10:47 2026] POST /v2.0/networks => generated 768 bytes in 591 msecs (HTTP/1.1 201) 4 headers in 162 bytes (1 switches on core 0)
2026-03-03 02:10:48.663 8 WARNING neutron.scheduler.dhcp_agent_scheduler [None req-225d483a-629d-42c0-b26f-c6282678ff03 dff793ea960d41e8b676be7a4734a452 10381a48051942be93ff122b4736ac38 - - default default] No more DHCP agents
2026-03-03 02:10:48.664 8 WARNING neutron.api.rpc.agentnotifiers.dhcp_rpc_agent_api [None req-225d483a-629d-42c0-b26f-c6282678ff03 dff793ea960d41e8b676be7a4734a452 10381a48051942be93ff122b4736ac38 - - default default] Unable to schedule network 2e99a0f4-9f79-42a9-a0e8-926590f4ee79: no agents available; will retry on subsequent port and subnet creation events.
2026-03-03 02:10:49.134 8 INFO neutron.db.ovn_revision_numbers_db [None req-06376c50-e5de-4286-9808-ee58db9c8aa4 - - - - - -] Successfully bumped revision number for resource 80900974-e729-42c9-abcf-bc9ee83f7d41 (type: ports) to 2
2026-03-03 02:10:49.178 8 INFO neutron.db.ovn_revision_numbers_db [None req-06376c50-e5de-4286-9808-ee58db9c8aa4 - - - - - -] Successfully bumped revision number for resource 65e06a6d-68fe-4ea4-b02f-f99fa7e99968 (type: subnets) to 0 [pid: 8|app: 0|req: 1898/3643] 10.0.0.162 () {34 vars in 669 bytes} [Tue Mar 3 02:10:48 2026] POST /v2.0/subnets => generated 647 bytes in 687 msecs (HTTP/1.1 201) 4 headers in 162 bytes (1 switches on core 0) [pid: 7|app: 0|req: 1746/3644] 10.0.0.162 () {34 vars in 681 bytes} [Tue Mar 3 02:10:49 2026] POST /v2.0/rbac-policies => generated 324 bytes in 281 msecs (HTTP/1.1 201) 4 headers in 162 bytes (1 switches on core 0) [pid: 8|app: 0|req: 1899/3645] 10.0.0.162 () {32 vars in 723 bytes} [Tue Mar 3 02:10:49 2026] GET /v2.0/networks/2e99a0f4-9f79-42a9-a0e8-926590f4ee79 => generated 693 bytes in 106 msecs (HTTP/1.1 200) 4 headers in 157 bytes (1 switches on core 0)
2026-03-03 02:10:50.367 7 INFO neutron.pecan_wsgi.hooks.translation [None req-bd9e6d75-a535-4ca9-816d-d5435e6f4046 7d3543c159234e24b5e370290cc9ea92 cc15441abca5416c8822e70d59c93a21 - - default default] GET failed (client error): The resource could not be found. [pid: 7|app: 0|req: 1747/3646] 10.0.0.162 () {32 vars in 723 bytes} [Tue Mar 3 02:10:50 2026] GET /v2.0/networks/2e99a0f4-9f79-42a9-a0e8-926590f4ee79 => generated 138 bytes in 47 msecs (HTTP/1.1 404) 4 headers in 164 bytes (1 switches on core 0)
2026-03-03 02:10:50.520 8 INFO neutron_taas.services.taas.taas_plugin [None req-184fbd68-42cf-4429-8a5b-35d017e390ba dff793ea960d41e8b676be7a4734a452 10381a48051942be93ff122b4736ac38 - - default default] TaaS: Handle Delete Port: 80900974-e729-42c9-abcf-bc9ee83f7d41
2026-03-03 02:10:50.523 8 INFO neutron_taas.services.taas.tap_mirror_plugin [None req-184fbd68-42cf-4429-8a5b-35d017e390ba dff793ea960d41e8b676be7a4734a452 10381a48051942be93ff122b4736ac38 - - default default] Tap Mirror: Handle Delete Port: 80900974-e729-42c9-abcf-bc9ee83f7d41
2026-03-03 02:10:50.886 8 INFO neutron.services.segments.plugin [-] Segment 72be852d-0d5f-4b5e-9321-c4ef4ab22eae resource provider aggregate not found
2026-03-03 02:10:50.897 8 INFO neutron.services.segments.plugin [-] Segment 72be852d-0d5f-4b5e-9321-c4ef4ab22eae resource provider aggregate not found
2026-03-03 02:10:50.903 8 INFO neutron.services.segments.plugin [-] Segment 72be852d-0d5f-4b5e-9321-c4ef4ab22eae resource provider not found; error: Placement Client Error (4xx): {"errors": [{"status": 404, "title": "Not Found", "detail": "The resource could not be found.\n\n No resource provider with uuid 72be852d-0d5f-4b5e-9321-c4ef4ab22eae found for delete ", "request_id": "req-8db58d73-63c6-4efc-8bc4-4adee3e16bb7"}]}
