2026-03-03 02:04:00.477 8 INFO neutron.db.ovn_revision_numbers_db [None req-cf6f6705-f677-4dee-a0bc-c4c9ed4ef461 c6add0ab19a44043b83597acc8d8ba9a 0f6e3e80206e4857a2b273acc3311e58 - - default default] Successfully bumped revision number for resource fc6e3cd7-fbcf-4ec8-ab90-d5f72d46615b (type: networks) to 1
2026-03-03 02:04:00.526 7 INFO neutron_taas.services.taas.taas_plugin [None req-54c5577c-3cfa-4378-8711-8f80bcecd08d 6486befca7404fb1abc4943f54920215 c98e5db4baba4e9fb670b3f144070eb1 - - default default] TaaS: Handle Delete Port: fafe74f4-ec34-4ca9-8ab1-a519dd14e679
2026-03-03 02:04:00.529 7 INFO neutron_taas.services.taas.tap_mirror_plugin [None req-54c5577c-3cfa-4378-8711-8f80bcecd08d 6486befca7404fb1abc4943f54920215 c98e5db4baba4e9fb670b3f144070eb1 - - default default] Tap Mirror: Handle Delete Port: fafe74f4-ec34-4ca9-8ab1-a519dd14e679
2026-03-03 02:04:00.676 8 WARNING neutron.scheduler.dhcp_agent_scheduler [None req-cf6f6705-f677-4dee-a0bc-c4c9ed4ef461 c6add0ab19a44043b83597acc8d8ba9a 0f6e3e80206e4857a2b273acc3311e58 - - default default] No more DHCP agents
2026-03-03 02:04:00.678 8 WARNING neutron.api.rpc.agentnotifiers.dhcp_rpc_agent_api [None req-cf6f6705-f677-4dee-a0bc-c4c9ed4ef461 c6add0ab19a44043b83597acc8d8ba9a 0f6e3e80206e4857a2b273acc3311e58 - - default default] Unable to schedule network fc6e3cd7-fbcf-4ec8-ab90-d5f72d46615b: no agents available; will retry on subsequent port and subnet creation events.
2026-03-03 02:04:00.768 7 INFO neutron.services.segments.plugin [-] Segment 2ea941a3-64a0-4730-b7d8-bc37e7d87144 resource provider aggregate not found
2026-03-03 02:04:00.774 7 INFO neutron.services.segments.plugin [-] Segment 2ea941a3-64a0-4730-b7d8-bc37e7d87144 resource provider aggregate not found
2026-03-03 02:04:00.783 8 INFO neutron.db.ovn_revision_numbers_db [None req-cf6f6705-f677-4dee-a0bc-c4c9ed4ef461 c6add0ab19a44043b83597acc8d8ba9a 0f6e3e80206e4857a2b273acc3311e58 - - default default] Successfully bumped revision number for resource c04d5a0a-239b-41e3-9bf4-0b6226950006 (type: ports) to 1
2026-03-03 02:04:00.793 7 INFO neutron.services.segments.plugin [-] Segment 2ea941a3-64a0-4730-b7d8-bc37e7d87144 resource provider not found; error: Placement Client Error (4xx): {"errors": [{"status": 404, "title": "Not Found", "detail": "The resource could not be found.\n\n No resource provider with uuid 2ea941a3-64a0-4730-b7d8-bc37e7d87144 found for delete ", "request_id": "req-74b0ba4d-a74b-47f8-967f-2a442fc2200c"}]}
2026-03-03 02:04:00.800 7 INFO neutron.services.segments.plugin [-] Segment 2ea941a3-64a0-4730-b7d8-bc37e7d87144 resource provider not found; error: Placement Client Error (4xx): {"errors": [{"status": 404, "title": "Not Found", "detail": "The resource could not be found.\n\n No resource provider with uuid 2ea941a3-64a0-4730-b7d8-bc37e7d87144 found for delete ", "request_id": "req-ccb48f51-6962-4864-902c-3b8cca4af9ea"}]} [pid: 8|app: 0|req: 744/1415] 10.0.0.162 () {34 vars in 670 bytes} [Tue Mar 3 02:04:00 2026] POST /v2.0/networks => generated 692 bytes in 543 msecs (HTTP/1.1 201) 4 headers in 162 bytes (1 switches on core 0) [pid: 7|app: 0|req: 672/1416] 10.0.0.162 () {32 vars in 726 bytes} [Tue Mar 3 02:04:00 2026] DELETE /v2.0/networks/697e8d1d-d3b5-42bd-92a1-5813592a63ed => generated 0 bytes in 515 msecs (HTTP/1.1 204) 3 headers in 131 bytes (1 switches on core 0) [pid: 7|app: 0|req: 673/1417] 10.0.0.162 () {32 vars in 653 bytes} [Tue Mar 3 02:04:00 2026] GET /v2.0/extensions => generated 20541 bytes in 116 msecs (HTTP/1.1 200) 4 headers in 159 bytes (1 switches on core 0)
2026-03-03 02:04:01.069 7 INFO neutron.db.segments_db [None req-12cbc6e9-0747-4861-af39-d999ea336a8a 6486befca7404fb1abc4943f54920215 c98e5db4baba4e9fb670b3f144070eb1 - - default default] Added segment 502c67aa-2682-4664-829a-764a19e04b3d of type geneve for network f4ee2e35-2c25-46b2-9626-bc7a280bac99
2026-03-03 02:04:01.153 8 INFO neutron.db.ovn_revision_numbers_db [None req-0360977f-d572-4a11-ac6f-3d1e1e18bb8d aa4c21b807c248068a8afd725e5e5d85 c59eda32c5634916ad21073d6e1e43fd - - default default] Successfully bumped revision number for resource 91309a57-1a79-453f-994c-00c832e63ef2 (type: security_groups) to 1
2026-03-03 02:04:01.166 8 INFO neutron.db.ovn_revision_numbers_db [None req-0360977f-d572-4a11-ac6f-3d1e1e18bb8d aa4c21b807c248068a8afd725e5e5d85 c59eda32c5634916ad21073d6e1e43fd - - default default] Successfully bumped revision number for resource 5fed9f55-b461-48c7-a261-a5fd66769774 (type: security_group_rules) to 0
2026-03-03 02:04:01.177 8 INFO neutron.db.ovn_revision_numbers_db [None req-0360977f-d572-4a11-ac6f-3d1e1e18bb8d aa4c21b807c248068a8afd725e5e5d85 c59eda32c5634916ad21073d6e1e43fd - - default default] Successfully bumped revision number for resource a682cc38-f65c-4669-8f81-fb105e13972a (type: security_group_rules) to 0
2026-03-03 02:04:01.202 8 INFO neutron.db.ovn_revision_numbers_db [None req-0360977f-d572-4a11-ac6f-3d1e1e18bb8d aa4c21b807c248068a8afd725e5e5d85 c59eda32c5634916ad21073d6e1e43fd - - default default] Successfully bumped revision number for resource a9564178-17d4-4e9e-bd35-a1caa8a5564e (type: security_group_rules) to 0
2026-03-03 02:04:01.225 8 INFO neutron.db.ovn_revision_numbers_db [None req-0360977f-d572-4a11-ac6f-3d1e1e18bb8d aa4c21b807c248068a8afd725e5e5d85 c59eda32c5634916ad21073d6e1e43fd - - default default] Successfully bumped revision number for resource c4ab8705-c8de-4c28-b4e8-6cee37ca6485 (type: security_group_rules) to 0
2026-03-03 02:04:01.238 7 INFO neutron.db.ovn_revision_numbers_db [None req-12cbc6e9-0747-4861-af39-d999ea336a8a 6486befca7404fb1abc4943f54920215 c98e5db4baba4e9fb670b3f144070eb1 - - default default] Successfully bumped revision number for resource f4ee2e35-2c25-46b2-9626-bc7a280bac99 (type: networks) to 1
2026-03-03 02:04:01.319 8 INFO neutron.db.segments_db [None req-0360977f-d572-4a11-ac6f-3d1e1e18bb8d aa4c21b807c248068a8afd725e5e5d85 c59eda32c5634916ad21073d6e1e43fd - - default default] Added segment 60423d85-88a4-41e0-8e73-3167b94d40a5 of type geneve for network 71f9d447-9723-4a07-97cd-51cd040fc30a
2026-03-03 02:04:01.443 7 WARNING neutron.scheduler.dhcp_agent_scheduler [None req-12cbc6e9-0747-4861-af39-d999ea336a8a 6486befca7404fb1abc4943f54920215 c98e5db4baba4e9fb670b3f144070eb1 - - default default] No more DHCP agents
2026-03-03 02:04:01.444 7 WARNING neutron.api.rpc.agentnotifiers.dhcp_rpc_agent_api [None req-12cbc6e9-0747-4861-af39-d999ea336a8a 6486befca7404fb1abc4943f54920215 c98e5db4baba4e9fb670b3f144070eb1 - - default default] Unable to schedule network f4ee2e35-2c25-46b2-9626-bc7a280bac99: no agents available; will retry on subsequent port and subnet creation events.
2026-03-03 02:04:01.448 8 INFO neutron.db.ovn_revision_numbers_db [None req-0360977f-d572-4a11-ac6f-3d1e1e18bb8d aa4c21b807c248068a8afd725e5e5d85 c59eda32c5634916ad21073d6e1e43fd - - default default] Successfully bumped revision number for resource 71f9d447-9723-4a07-97cd-51cd040fc30a (type: networks) to 1
2026-03-03 02:04:01.563 7 INFO neutron.db.ovn_revision_numbers_db [None req-12cbc6e9-0747-4861-af39-d999ea336a8a 6486befca7404fb1abc4943f54920215 c98e5db4baba4e9fb670b3f144070eb1 - - default default] Successfully bumped revision number for resource b56d6b5a-29da-4e51-834e-1310d824b06f (type: ports) to 1 [pid: 7|app: 0|req: 674/1418] 10.0.0.162 () {34 vars in 670 bytes} [Tue Mar 3 02:04:00 2026] POST /v2.0/networks => generated 671 bytes in 608 msecs (HTTP/1.1 201) 4 headers in 162 bytes (1 switches on core 0) [pid: 7|app: 0|req: 675/1419] 10.0.0.162 () {32 vars in 681 bytes} [Tue Mar 3 02:04:01 2026] GET /v2.0/extensions/address-group => generated 159 bytes in 5 msecs (HTTP/1.1 200) 4 headers in 157 bytes (1 switches on core 0)
2026-03-03 02:04:01.669 8 WARNING neutron.scheduler.dhcp_agent_scheduler [None req-0360977f-d572-4a11-ac6f-3d1e1e18bb8d aa4c21b807c248068a8afd725e5e5d85 c59eda32c5634916ad21073d6e1e43fd - - default default] No more DHCP agents
2026-03-03 02:04:01.672 8 WARNING neutron.api.rpc.agentnotifiers.dhcp_rpc_agent_api [None req-0360977f-d572-4a11-ac6f-3d1e1e18bb8d aa4c21b807c248068a8afd725e5e5d85 c59eda32c5634916ad21073d6e1e43fd - - default default] Unable to schedule network 71f9d447-9723-4a07-97cd-51cd040fc30a: no agents available; will retry on subsequent port and subnet creation events.
2026-03-03 02:04:01.782 8 INFO neutron.db.ovn_revision_numbers_db [None req-0360977f-d572-4a11-ac6f-3d1e1e18bb8d aa4c21b807c248068a8afd725e5e5d85 c59eda32c5634916ad21073d6e1e43fd - - default default] Successfully bumped revision number for resource d0b3824e-3a7d-40b2-8700-0919921d7b0f (type: ports) to 1 [pid: 8|app: 0|req: 745/1420] 10.0.0.162 () {34 vars in 670 bytes} [Tue Mar 3 02:04:00 2026] POST /v2.0/networks => generated 682 bytes in 995 msecs (HTTP/1.1 201) 4 headers in 162 bytes (1 switches on core 0)
2026-03-03 02:04:01.924 7 WARNING neutron.scheduler.dhcp_agent_scheduler [None req-cd172f9f-3973-4766-acfe-b3f0d6c775ce c6add0ab19a44043b83597acc8d8ba9a 0f6e3e80206e4857a2b273acc3311e58 - - default default] No more DHCP agents
2026-03-03 02:04:01.926 7 WARNING neutron.api.rpc.agentnotifiers.dhcp_rpc_agent_api [None req-cd172f9f-3973-4766-acfe-b3f0d6c775ce c6add0ab19a44043b83597acc8d8ba9a 0f6e3e80206e4857a2b273acc3311e58 - - default default] Unable to schedule network 578a6ca8-b7b5-466b-bce1-ce42cec0ca19: no agents available; will retry on subsequent port and subnet creation events.
2026-03-03 02:04:01.978 7 INFO neutron.db.ovn_revision_numbers_db [None req-cd172f9f-3973-4766-acfe-b3f0d6c775ce c6add0ab19a44043b83597acc8d8ba9a 0f6e3e80206e4857a2b273acc3311e58 - - default default] Successfully bumped revision number for resource 7c31bffc-bec0-410c-a690-ad35fd89da3f (type: subnets) to 0
2026-03-03 02:04:02.010 8 WARNING neutron.scheduler.dhcp_agent_scheduler [None req-982ed55b-e016-46eb-a4e9-059a35db4039 6486befca7404fb1abc4943f54920215 c98e5db4baba4e9fb670b3f144070eb1 - - default default] No more DHCP agents
2026-03-03 02:04:02.011 8 WARNING neutron.api.rpc.agentnotifiers.dhcp_rpc_agent_api [None req-982ed55b-e016-46eb-a4e9-059a35db4039 6486befca7404fb1abc4943f54920215 c98e5db4baba4e9fb670b3f144070eb1 - - default default] Unable to schedule network f4ee2e35-2c25-46b2-9626-bc7a280bac99: no agents available; will retry on subsequent port and subnet creation events.
2026-03-03 02:04:02.021 7 WARNING neutron.scheduler.dhcp_agent_scheduler [None req-cd172f9f-3973-4766-acfe-b3f0d6c775ce c6add0ab19a44043b83597acc8d8ba9a 0f6e3e80206e4857a2b273acc3311e58 - - default default] No more DHCP agents
2026-03-03 02:04:02.023 7 WARNING neutron.api.rpc.agentnotifiers.dhcp_rpc_agent_api [None req-cd172f9f-3973-4766-acfe-b3f0d6c775ce c6add0ab19a44043b83597acc8d8ba9a 0f6e3e80206e4857a2b273acc3311e58 - - default default] Unable to schedule network fc6e3cd7-fbcf-4ec8-ab90-d5f72d46615b: no agents available; will retry on subsequent port and subnet creation events.
2026-03-03 02:04:02.057 8 INFO neutron.db.ovn_revision_numbers_db [None req-982ed55b-e016-46eb-a4e9-059a35db4039 6486befca7404fb1abc4943f54920215 c98e5db4baba4e9fb670b3f144070eb1 - - default default] Successfully bumped revision number for resource 85d9c60c-a0ed-49ee-b058-c6b6e58bc896 (type: subnets) to 0
2026-03-03 02:04:02.078 7 INFO neutron.db.ovn_revision_numbers_db [None req-cd172f9f-3973-4766-acfe-b3f0d6c775ce c6add0ab19a44043b83597acc8d8ba9a 0f6e3e80206e4857a2b273acc3311e58 - - default default] Successfully bumped revision number for resource 3821e47b-6760-43d9-8a84-237a29fa3863 (type: subnets) to 0 [pid: 8|app: 0|req: 746/1421] 10.0.0.162 () {34 vars in 669 bytes} [Tue Mar 3 02:04:01 2026] POST /v2.0/subnets => generated 646 bytes in 275 msecs (HTTP/1.1 201) 4 headers in 162 bytes (1 switches on core 0) [pid: 8|app: 0|req: 747/1422] 10.0.0.162 () {32 vars in 681 bytes} [Tue Mar 3 02:04:02 2026] GET /v2.0/extensions/address-scope => generated 163 bytes in 5 msecs (HTTP/1.1 200) 4 headers in 157 bytes (1 switches on core 0) [pid: 7|app: 0|req: 676/1423] 10.0.0.162 () {34 vars in 669 bytes} [Tue Mar 3 02:04:01 2026] POST /v2.0/subnets => generated 1323 bytes in 506 msecs (HTTP/1.1 201) 4 headers in 163 bytes (1 switches on core 0)
2026-03-03 02:04:02.219 7 INFO neutron.db.ovn_revision_numbers_db [None req-8c85e6f6-43d6-48fe-8872-c3f1503fc7dc 6486befca7404fb1abc4943f54920215 c98e5db4baba4e9fb670b3f144070eb1 - - default default] Successfully bumped revision number for resource 4dcc0ebe-99d6-4e90-923d-5c020aeaf540 (type: routers) to 1 [pid: 7|app: 0|req: 677/1424] 10.0.0.162 () {34 vars in 669 bytes} [Tue Mar 3 02:04:02 2026] POST /v2.0/routers => generated 606 bytes in 135 msecs (HTTP/1.1 201) 4 headers in 162 bytes (1 switches on core 0) [pid: 7|app: 0|req: 678/1425] 10.0.0.162 () {32 vars in 665 bytes} [Tue Mar 3 02:04:02 2026] GET /v2.0/extensions/agent => generated 153 bytes in 4 msecs (HTTP/1.1 200) 4 headers in 157 bytes (1 switches on core 0)
2026-03-03 02:04:02.281 8 WARNING neutron.scheduler.dhcp_agent_scheduler [None req-bc0a2851-1a01-4b69-8469-88af6c03b618 aa4c21b807c248068a8afd725e5e5d85 c59eda32c5634916ad21073d6e1e43fd - - default default] No more DHCP agents
2026-03-03 02:04:02.283 8 WARNING neutron.api.rpc.agentnotifiers.dhcp_rpc_agent_api [None req-bc0a2851-1a01-4b69-8469-88af6c03b618 aa4c21b807c248068a8afd725e5e5d85 c59eda32c5634916ad21073d6e1e43fd - - default default] Unable to schedule network 71f9d447-9723-4a07-97cd-51cd040fc30a: no agents available; will retry on subsequent port and subnet creation events. [pid: 7|app: 0|req: 679/1426] 10.0.0.162 () {32 vars in 647 bytes} [Tue Mar 3 02:04:02 2026] GET /v2.0/subnets => generated 1959 bytes in 42 msecs (HTTP/1.1 200) 4 headers in 158 bytes (1 switches on core 0)
2026-03-03 02:04:02.427 8 INFO neutron.db.ovn_revision_numbers_db [None req-bc0a2851-1a01-4b69-8469-88af6c03b618 aa4c21b807c248068a8afd725e5e5d85 c59eda32c5634916ad21073d6e1e43fd - - default default] Successfully bumped revision number for resource 7704de37-8cec-4cf0-a3a3-b7160f3f90be (type: ports) to 1 [pid: 8|app: 0|req: 748/1427] 10.0.0.162 () {34 vars in 665 bytes} [Tue Mar 3 02:04:02 2026] POST /v2.0/ports => generated 775 bytes in 391 msecs (HTTP/1.1 201) 4 headers in 162 bytes (1 switches on core 0) /var/lib/openstack/lib/python3.12/site-packages/pycadf/identifier.py:70: UserWarning: Invalid uuid: neutron. To ensure interoperability, identifiers should be a valid uuid. warnings.warn(('Invalid uuid: %s. To ensure interoperability, ' [pid: 8|app: 0|req: 749/1428] 10.0.0.162 () {32 vars in 697 bytes} [Tue Mar 3 02:04:02 2026] GET /v2.0/extensions/allowed-address-pairs => generated 184 bytes in 5 msecs (HTTP/1.1 200) 4 headers in 157 bytes (1 switches on core 0) [pid: 8|app: 0|req: 750/1429] 10.0.0.162 () {32 vars in 724 bytes} [Tue Mar 3 02:04:02 2026] DELETE /v2.0/subnets/7c31bffc-bec0-410c-a690-ad35fd89da3f => generated 0 bytes in 177 msecs (HTTP/1.1 204) 3 headers in 131 bytes (1 switches on core 0)
2026-03-03 02:04:02.744 8 INFO neutron.db.segments_db [None req-357fc7b3-14d1-4c35-a814-99b8dfcb2356 aa4c21b807c248068a8afd725e5e5d85 c59eda32c5634916ad21073d6e1e43fd - - default default] Added segment af59394a-9345-4ca5-91a0-03d364ae5c69 of type geneve for network 20ad010e-0888-49fa-8a68-e3a6b70b1b32
2026-03-03 02:04:02.763 7 WARNING neutron.scheduler.dhcp_agent_scheduler [None req-44c55fe1-d4dd-4f87-baa3-c98daec51778 6486befca7404fb1abc4943f54920215 c98e5db4baba4e9fb670b3f144070eb1 - - default default] No more DHCP agents
2026-03-03 02:04:02.764 7 WARNING neutron.api.rpc.agentnotifiers.dhcp_rpc_agent_api [None req-44c55fe1-d4dd-4f87-baa3-c98daec51778 6486befca7404fb1abc4943f54920215 c98e5db4baba4e9fb670b3f144070eb1 - - default default] Unable to schedule network f4ee2e35-2c25-46b2-9626-bc7a280bac99: no agents available; will retry on subsequent port and subnet creation events.
2026-03-03 02:04:02.912 8 INFO neutron.db.ovn_revision_numbers_db [None req-357fc7b3-14d1-4c35-a814-99b8dfcb2356 aa4c21b807c248068a8afd725e5e5d85 c59eda32c5634916ad21073d6e1e43fd - - default default] Successfully bumped revision number for resource 20ad010e-0888-49fa-8a68-e3a6b70b1b32 (type: networks) to 1
2026-03-03 02:04:02.920 7 INFO neutron.db.ovn_revision_numbers_db [None req-44c55fe1-d4dd-4f87-baa3-c98daec51778 6486befca7404fb1abc4943f54920215 c98e5db4baba4e9fb670b3f144070eb1 - - default default] Successfully bumped revision number for resource a964fb1b-0364-403a-a4c6-98ffbf9e3b3f (type: ports) to 1
2026-03-03 02:04:03.074 8 WARNING neutron.scheduler.dhcp_agent_scheduler [None req-357fc7b3-14d1-4c35-a814-99b8dfcb2356 aa4c21b807c248068a8afd725e5e5d85 c59eda32c5634916ad21073d6e1e43fd - - default default] No more DHCP agents
2026-03-03 02:04:03.075 8 WARNING neutron.api.rpc.agentnotifiers.dhcp_rpc_agent_api [None req-357fc7b3-14d1-4c35-a814-99b8dfcb2356 aa4c21b807c248068a8afd725e5e5d85 c59eda32c5634916ad21073d6e1e43fd - - default default] Unable to schedule network 20ad010e-0888-49fa-8a68-e3a6b70b1b32: no agents available; will retry on subsequent port and subnet creation events.
2026-03-03 02:04:03.179 8 INFO neutron.db.ovn_revision_numbers_db [None req-357fc7b3-14d1-4c35-a814-99b8dfcb2356 aa4c21b807c248068a8afd725e5e5d85 c59eda32c5634916ad21073d6e1e43fd - - default default] Successfully bumped revision number for resource d70f9b5a-345c-4ea1-834e-62b91a7599c2 (type: ports) to 1 [pid: 8|app: 0|req: 751/1430] 10.0.0.162 () {34 vars in 670 bytes} [Tue Mar 3 02:04:02 2026] POST /v2.0/networks => generated 669 bytes in 544 msecs (HTTP/1.1 201) 4 headers in 162 bytes (1 switches on core 0) [pid: 8|app: 0|req: 752/1431] 10.0.0.162 () {32 vars in 701 bytes} [Tue Mar 3 02:04:03 2026] GET /v2.0/extensions/auto-allocated-topology => generated 200 bytes in 4 msecs (HTTP/1.1 200) 4 headers in 157 bytes (1 switches on core 0)
2026-03-03 02:04:03.247 7 WARNING neutron.plugins.ml2.drivers.ovn.mech_driver.ovsdb.ovn_client [None req-44c16f4f-09fd-4564-baa8-7a7b82f507a3 - - - - - -] No port found with ID c0f042c8-b143-4fdc-b891-df619db1466b: RuntimeError: No port found with ID c0f042c8-b143-4fdc-b891-df619db1466b
2026-03-03 02:04:03.247 7 INFO neutron.plugins.ml2.drivers.ovn.mech_driver.mech_driver [None req-44c16f4f-09fd-4564-baa8-7a7b82f507a3 - - - - - -] OVN reports status down for port: 174d7870-e827-45a9-a10d-cbbf5b030048 [pid: 8|app: 0|req: 753/1432] 10.0.0.162 () {32 vars in 724 bytes} [Tue Mar 3 02:04:03 2026] DELETE /v2.0/subnets/3821e47b-6760-43d9-8a84-237a29fa3863 => generated 0 bytes in 136 msecs (HTTP/1.1 204) 3 headers in 131 bytes (1 switches on core 0)
2026-03-03 02:04:03.402 7 INFO neutron.plugins.ml2.drivers.ovn.mech_driver.mech_driver [None req-44c16f4f-09fd-4564-baa8-7a7b82f507a3 - - - - - -] OVN reports status down for port: 1fa71705-5ee3-4329-86f3-7061367bd914
2026-03-03 02:04:03.417 7 INFO neutron.plugins.ml2.drivers.ovn.mech_driver.mech_driver [None req-44c16f4f-09fd-4564-baa8-7a7b82f507a3 - - - - - -] OVN reports status down for port: 419730d8-6532-41c8-ad5b-4b54d0468f77
2026-03-03 02:04:03.445 7 INFO neutron.plugins.ml2.drivers.ovn.mech_driver.mech_driver [None req-44c16f4f-09fd-4564-baa8-7a7b82f507a3 - - - - - -] OVN reports status down for port: 4de1a63e-2219-411f-96e6-bde760a4f05c
2026-03-03 02:04:03.533 8 WARNING neutron.scheduler.dhcp_agent_scheduler [None req-0c3fcc15-7d54-4996-bebd-6bcde0e06c9c aa4c21b807c248068a8afd725e5e5d85 c59eda32c5634916ad21073d6e1e43fd - - default default] No more DHCP agents
2026-03-03 02:04:03.534 8 WARNING neutron.api.rpc.agentnotifiers.dhcp_rpc_agent_api [None req-0c3fcc15-7d54-4996-bebd-6bcde0e06c9c aa4c21b807c248068a8afd725e5e5d85 c59eda32c5634916ad21073d6e1e43fd - - default default] Unable to schedule network 20ad010e-0888-49fa-8a68-e3a6b70b1b32: no agents available; will retry on subsequent port and subnet creation events.
2026-03-03 02:04:03.584 7 INFO neutron.plugins.ml2.drivers.ovn.mech_driver.mech_driver [None req-44c16f4f-09fd-4564-baa8-7a7b82f507a3 - - - - - -] OVN reports status down for port: c04d5a0a-239b-41e3-9bf4-0b6226950006
2026-03-03 02:04:03.715 7 INFO neutron.plugins.ml2.drivers.ovn.mech_driver.mech_driver [None req-44c16f4f-09fd-4564-baa8-7a7b82f507a3 - - - - - -] OVN reports status down for port: b56d6b5a-29da-4e51-834e-1310d824b06f
2026-03-03 02:04:03.834 7 INFO neutron.plugins.ml2.drivers.ovn.mech_driver.mech_driver [None req-44c16f4f-09fd-4564-baa8-7a7b82f507a3 - - - - - -] OVN reports status down for port: d0b3824e-3a7d-40b2-8700-0919921d7b0f
2026-03-03 02:04:03.842 7 WARNING neutron.scheduler.dhcp_agent_scheduler [None req-44c55fe1-d4dd-4f87-baa3-c98daec51778 6486befca7404fb1abc4943f54920215 c98e5db4baba4e9fb670b3f144070eb1 - - default default] No more DHCP agents
2026-03-03 02:04:03.853 7 WARNING neutron.api.rpc.agentnotifiers.dhcp_rpc_agent_api [None req-44c55fe1-d4dd-4f87-baa3-c98daec51778 6486befca7404fb1abc4943f54920215 c98e5db4baba4e9fb670b3f144070eb1 - - default default] Unable to schedule network f4ee2e35-2c25-46b2-9626-bc7a280bac99: no agents available; will retry on subsequent port and subnet creation events.
2026-03-03 02:04:03.957 7 INFO neutron.plugins.ml2.drivers.ovn.mech_driver.mech_driver [None req-44c16f4f-09fd-4564-baa8-7a7b82f507a3 - - - - - -] OVN reports status down for port: 7704de37-8cec-4cf0-a3a3-b7160f3f90be
2026-03-03 02:04:04.041 8 INFO neutron.db.ovn_revision_numbers_db [None req-e62ad3ce-c14a-4035-938b-895d392f977b - - - - - -] Successfully bumped revision number for resource d70f9b5a-345c-4ea1-834e-62b91a7599c2 (type: ports) to 2
2026-03-03 02:04:04.068 8 INFO neutron.db.ovn_revision_numbers_db [None req-e62ad3ce-c14a-4035-938b-895d392f977b - - - - - -] Successfully bumped revision number for resource bc7f19a8-f508-4dfd-a398-976c6a78d377 (type: subnets) to 0 [pid: 8|app: 0|req: 754/1433] 10.0.0.162 () {34 vars in 669 bytes} [Tue Mar 3 02:04:03 2026] POST /v2.0/subnets => generated 626 bytes in 740 msecs (HTTP/1.1 201) 4 headers in 162 bytes (1 switches on core 0) [pid: 8|app: 0|req: 755/1434] 10.0.0.162 () {32 vars in 689 bytes} [Tue Mar 3 02:04:04 2026] GET /v2.0/extensions/availability_zone => generated 178 bytes in 4 msecs (HTTP/1.1 200) 4 headers in 157 bytes (1 switches on core 0)
2026-03-03 02:04:04.100 7 INFO neutron.plugins.ml2.drivers.ovn.mech_driver.mech_driver [None req-44c16f4f-09fd-4564-baa8-7a7b82f507a3 - - - - - -] OVN reports status down for port: a964fb1b-0364-403a-a4c6-98ffbf9e3b3f [pid: 8|app: 0|req: 756/1435] 10.0.0.162 () {32 vars in 647 bytes} [Tue Mar 3 02:04:04 2026] GET /v2.0/subnets => generated 649 bytes in 26 msecs (HTTP/1.1 200) 4 headers in 157 bytes (1 switches on core 0)
2026-03-03 02:04:04.292 7 WARNING neutron.plugins.ml2.drivers.ovn.mech_driver.ovsdb.ovn_client [None req-44c16f4f-09fd-4564-baa8-7a7b82f507a3 - - - - - -] Logical_Switch_Port a964fb1b-0364-403a-a4c6-98ffbf9e3b3f host information not removed, the port state is up
2026-03-03 02:04:04.293 7 INFO neutron.plugins.ml2.drivers.ovn.mech_driver.mech_driver [None req-44c16f4f-09fd-4564-baa8-7a7b82f507a3 - - - - - -] OVN reports status down for port: d70f9b5a-345c-4ea1-834e-62b91a7599c2
2026-03-03 02:04:04.362 7 INFO neutron.db.ovn_revision_numbers_db [None req-44c55fe1-d4dd-4f87-baa3-c98daec51778 6486befca7404fb1abc4943f54920215 c98e5db4baba4e9fb670b3f144070eb1 - - default default] Successfully bumped revision number for resource a964fb1b-0364-403a-a4c6-98ffbf9e3b3f (type: router_ports) to 1 [pid: 7|app: 0|req: 680/1436] 10.0.0.162 () {34 vars in 783 bytes} [Tue Mar 3 02:04:02 2026] PUT /v2.0/routers/4dcc0ebe-99d6-4e90-923d-5c020aeaf540/add_router_interface => generated 309 bytes in 2091 msecs (HTTP/1.1 200) 4 headers in 157 bytes (1 switches on core 0) [pid: 7|app: 0|req: 681/1437] 10.0.0.162 () {32 vars in 693 bytes} [Tue Mar 3 02:04:04 2026] GET /v2.0/extensions/default-subnetpools => generated 211 bytes in 7 msecs (HTTP/1.1 200) 4 headers in 157 bytes (1 switches on core 0)
2026-03-03 02:04:04.438 7 INFO neutron.plugins.ml2.drivers.ovn.mech_driver.mech_driver [None req-44c16f4f-09fd-4564-baa8-7a7b82f507a3 - - - - - -] OVN reports status up for port: a964fb1b-0364-403a-a4c6-98ffbf9e3b3f
2026-03-03 02:04:04.459 7 INFO neutron.plugins.ml2.plugin [None req-44c16f4f-09fd-4564-baa8-7a7b82f507a3 - - - - - -] Attempt 1 to provision port a964fb1b-0364-403a-a4c6-98ffbf9e3b3f
2026-03-03 02:04:04.486 8 WARNING neutron.scheduler.dhcp_agent_scheduler [None req-84ff150f-d814-42a2-ba28-9d02e42b2232 aa4c21b807c248068a8afd725e5e5d85 c59eda32c5634916ad21073d6e1e43fd - - default default] No more DHCP agents
2026-03-03 02:04:04.488 8 WARNING neutron.api.rpc.agentnotifiers.dhcp_rpc_agent_api [None req-84ff150f-d814-42a2-ba28-9d02e42b2232 aa4c21b807c248068a8afd725e5e5d85 c59eda32c5634916ad21073d6e1e43fd - - default default] Unable to schedule network 20ad010e-0888-49fa-8a68-e3a6b70b1b32: no agents available; will retry on subsequent port and subnet creation events.
2026-03-03 02:04:04.678 8 INFO neutron.db.ovn_revision_numbers_db [None req-84ff150f-d814-42a2-ba28-9d02e42b2232 aa4c21b807c248068a8afd725e5e5d85 c59eda32c5634916ad21073d6e1e43fd - - default default] Successfully bumped revision number for resource 695c8165-c06f-4351-895a-ff216a0a296d (type: ports) to 1 [pid: 8|app: 0|req: 757/1438] 10.0.0.162 () {34 vars in 665 bytes} [Tue Mar 3 02:04:04 2026] POST /v2.0/ports => generated 949 bytes in 585 msecs (HTTP/1.1 201) 4 headers in 162 bytes (1 switches on core 0) /var/lib/openstack/lib/python3.12/site-packages/pycadf/identifier.py:70: UserWarning: Invalid uuid: neutron. To ensure interoperability, identifiers should be a valid uuid. warnings.warn(('Invalid uuid: %s. To ensure interoperability, ' [pid: 8|app: 0|req: 758/1439] 10.0.0.162 () {32 vars in 717 bytes} [Tue Mar 3 02:04:04 2026] GET /v2.0/ports/a964fb1b-0364-403a-a4c6-98ffbf9e3b3f => generated 945 bytes in 34 msecs (HTTP/1.1 200) 4 headers in 157 bytes (1 switches on core 0) [pid: 8|app: 0|req: 759/1440] 10.0.0.162 () {32 vars in 695 bytes} [Tue Mar 3 02:04:04 2026] GET /v2.0/extensions/dhcp_agent_scheduler => generated 187 bytes in 3 msecs (HTTP/1.1 200) 4 headers in 157 bytes (1 switches on core 0)
2026-03-03 02:04:04.774 7 INFO neutron_taas.services.taas.taas_plugin [None req-ac69268b-d631-4c41-8aaa-b05ac4d0b5c0 c6add0ab19a44043b83597acc8d8ba9a 0f6e3e80206e4857a2b273acc3311e58 - - default default] TaaS: Handle Delete Port: c04d5a0a-239b-41e3-9bf4-0b6226950006
2026-03-03 02:04:04.779 7 INFO neutron_taas.services.taas.tap_mirror_plugin [None req-ac69268b-d631-4c41-8aaa-b05ac4d0b5c0 c6add0ab19a44043b83597acc8d8ba9a 0f6e3e80206e4857a2b273acc3311e58 - - default default] Tap Mirror: Handle Delete Port: c04d5a0a-239b-41e3-9bf4-0b6226950006
2026-03-03 02:04:04.843 8 INFO neutron_taas.services.taas.taas_plugin [None req-8c1db97a-2589-4796-89bc-7cdf5a75fb72 aa4c21b807c248068a8afd725e5e5d85 c59eda32c5634916ad21073d6e1e43fd - - default default] TaaS: Handle Delete Port: 695c8165-c06f-4351-895a-ff216a0a296d
2026-03-03 02:04:04.845 8 INFO neutron_taas.services.taas.tap_mirror_plugin [None req-8c1db97a-2589-4796-89bc-7cdf5a75fb72 aa4c21b807c248068a8afd725e5e5d85 c59eda32c5634916ad21073d6e1e43fd - - default default] Tap Mirror: Handle Delete Port: 695c8165-c06f-4351-895a-ff216a0a296d [pid: 8|app: 0|req: 760/1441] 10.0.0.162 () {32 vars in 720 bytes} [Tue Mar 3 02:04:04 2026] DELETE /v2.0/ports/695c8165-c06f-4351-895a-ff216a0a296d => generated 0 bytes in 318 msecs (HTTP/1.1 204) 3 headers in 131 bytes (1 switches on core 0) [pid: 8|app: 0|req: 761/1442] 10.0.0.162 () {32 vars in 717 bytes} [Tue Mar 3 02:04:05 2026] GET /v2.0/ports/a964fb1b-0364-403a-a4c6-98ffbf9e3b3f => generated 947 bytes in 68 msecs (HTTP/1.1 200) 4 headers in 157 bytes (1 switches on core 0) [pid: 8|app: 0|req: 762/1443] 10.0.0.162 () {32 vars in 685 bytes} [Tue Mar 3 02:04:05 2026] GET /v2.0/extensions/dns-integration => generated 172 bytes in 8 msecs (HTTP/1.1 200) 4 headers in 157 bytes (1 switches on core 0)
2026-03-03 02:04:05.156 8 INFO neutron.pecan_wsgi.hooks.translation [None req-29238052-4c1d-4387-b172-2cbf4d6e311d aa4c21b807c248068a8afd725e5e5d85 c59eda32c5634916ad21073d6e1e43fd - - default default] DELETE failed (client error): The resource could not be found. [pid: 8|app: 0|req: 763/1444] 10.0.0.162 () {32 vars in 720 bytes} [Tue Mar 3 02:04:05 2026] DELETE /v2.0/ports/695c8165-c06f-4351-895a-ff216a0a296d => generated 132 bytes in 24 msecs (HTTP/1.1 404) 4 headers in 164 bytes (1 switches on core 0)
2026-03-03 02:04:05.173 7 INFO neutron.db.ovn_revision_numbers_db [None req-44c16f4f-09fd-4564-baa8-7a7b82f507a3 - - - - - -] Successfully bumped revision number for resource a964fb1b-0364-403a-a4c6-98ffbf9e3b3f (type: ports) to 2
2026-03-03 02:04:05.260 7 INFO neutron.services.segments.plugin [-] Segment 9511cb1e-61b3-4418-b041-e8829c7b0970 resource provider aggregate not found
2026-03-03 02:04:05.275 7 INFO neutron.services.segments.plugin [-] Segment 9511cb1e-61b3-4418-b041-e8829c7b0970 resource provider aggregate not found
2026-03-03 02:04:05.292 7 INFO neutron.services.segments.plugin [-] Segment 9511cb1e-61b3-4418-b041-e8829c7b0970 resource provider not found; error: Placement Client Error (4xx): {"errors": [{"status": 404, "title": "Not Found", "detail": "The resource could not be found.\n\n No resource provider with uuid 9511cb1e-61b3-4418-b041-e8829c7b0970 found for delete ", "request_id": "req-b5c21ac2-9e4e-4f5a-859c-1e1279cc475b"}]}
2026-03-03 02:04:05.309 7 INFO neutron.services.segments.plugin [-] Segment 9511cb1e-61b3-4418-b041-e8829c7b0970 resource provider not found; error: Placement Client Error (4xx): {"errors": [{"status": 404, "title": "Not Found", "detail": "The resource could not be found.\n\n No resource provider with uuid 9511cb1e-61b3-4418-b041-e8829c7b0970 found for delete ", "request_id": "req-e3a9f1e2-9212-462c-a652-a4c1caec012b"}]} [pid: 7|app: 0|req: 682/1445] 10.0.0.162 () {32 vars in 726 bytes} [Tue Mar 3 02:04:04 2026] DELETE /v2.0/networks/fc6e3cd7-fbcf-4ec8-ab90-d5f72d46615b => generated 0 bytes in 969 msecs (HTTP/1.1 204) 3 headers in 131 bytes (1 switches on core 0) [pid: 7|app: 0|req: 683/1446] 10.0.0.162 () {32 vars in 687 bytes} [Tue Mar 3 02:04:05 2026] GET /v2.0/extensions/dns-domain-ports => generated 205 bytes in 5 msecs (HTTP/1.1 200) 4 headers in 157 bytes (1 switches on core 0)
2026-03-03 02:04:05.374 7 INFO neutron.pecan_wsgi.hooks.translation [None req-ccb8a1d4-eae3-4138-8e54-592289619b53 aa4c21b807c248068a8afd725e5e5d85 c59eda32c5634916ad21073d6e1e43fd - - default default] GET failed (client error): The resource could not be found. [pid: 7|app: 0|req: 684/1447] 10.0.0.162 () {32 vars in 717 bytes} [Tue Mar 3 02:04:05 2026] GET /v2.0/ports/695c8165-c06f-4351-895a-ff216a0a296d => generated 132 bytes in 18 msecs (HTTP/1.1 404) 4 headers in 164 bytes (1 switches on core 0)
2026-03-03 02:04:05.476 8 INFO neutron_taas.services.taas.taas_plugin [None req-bcab2cf2-752f-485a-92c8-abed196bb162 6486befca7404fb1abc4943f54920215 c98e5db4baba4e9fb670b3f144070eb1 - - default default] TaaS: Handle Delete Port: a964fb1b-0364-403a-a4c6-98ffbf9e3b3f
2026-03-03 02:04:05.479 8 INFO neutron_taas.services.taas.tap_mirror_plugin [None req-bcab2cf2-752f-485a-92c8-abed196bb162 6486befca7404fb1abc4943f54920215 c98e5db4baba4e9fb670b3f144070eb1 - - default default] Tap Mirror: Handle Delete Port: a964fb1b-0364-403a-a4c6-98ffbf9e3b3f
2026-03-03 02:04:05.520 7 INFO neutron_taas.services.taas.taas_plugin [None req-7e932d45-5f5e-4f0d-b00f-ac4fc2e7ee12 c6add0ab19a44043b83597acc8d8ba9a 0f6e3e80206e4857a2b273acc3311e58 - - default default] TaaS: Handle Delete Port: 4de1a63e-2219-411f-96e6-bde760a4f05c
2026-03-03 02:04:05.522 7 INFO neutron_taas.services.taas.tap_mirror_plugin [None req-7e932d45-5f5e-4f0d-b00f-ac4fc2e7ee12 c6add0ab19a44043b83597acc8d8ba9a 0f6e3e80206e4857a2b273acc3311e58 - - default default] Tap Mirror: Handle Delete Port: 4de1a63e-2219-411f-96e6-bde760a4f05c [pid: 7|app: 0|req: 685/1448] 10.0.0.162 () {32 vars in 726 bytes} [Tue Mar 3 02:04:05 2026] DELETE /v2.0/networks/578a6ca8-b7b5-466b-bce1-ce42cec0ca19 => generated 0 bytes in 437 msecs (HTTP/1.1 204) 3 headers in 131 bytes (1 switches on core 0) [pid: 7|app: 0|req: 686/1449] 10.0.0.162 () {32 vars in 717 bytes} [Tue Mar 3 02:04:05 2026] GET /v2.0/extensions/dns-integration-domain-keywords => generated 283 bytes in 4 msecs (HTTP/1.1 200) 4 headers in 157 bytes (1 switches on core 0) [pid: 8|app: 0|req: 764/1450] 10.0.0.162 () {34 vars in 789 bytes} [Tue Mar 3 02:04:05 2026] PUT /v2.0/routers/4dcc0ebe-99d6-4e90-923d-5c020aeaf540/remove_router_interface => generated 309 bytes in 748 msecs (HTTP/1.1 200) 4 headers in 157 bytes (1 switches on core 0) /var/lib/openstack/lib/python3.12/site-packages/pycadf/identifier.py:70: UserWarning: Invalid uuid: neutron. To ensure interoperability, identifiers should be a valid uuid. warnings.warn(('Invalid uuid: %s. To ensure interoperability, ' [pid: 7|app: 0|req: 687/1451] 10.0.0.162 () {32 vars in 724 bytes} [Tue Mar 3 02:04:05 2026] DELETE /v2.0/subnets/bc7f19a8-f508-4dfd-a398-976c6a78d377 => generated 0 bytes in 202 msecs (HTTP/1.1 204) 3 headers in 131 bytes (1 switches on core 0) [pid: 7|app: 0|req: 688/1452] 10.0.0.162 () {32 vars in 699 bytes} [Tue Mar 3 02:04:06 2026] GET /v2.0/extensions/empty-string-filtering => generated 219 bytes in 16 msecs (HTTP/1.1 200) 4 headers in 157 bytes (1 switches on core 0)
2026-03-03 02:04:06.037 8 INFO neutron_taas.services.taas.taas_plugin [None req-eb55117d-5f89-454a-9376-544bf113412d c6add0ab19a44043b83597acc8d8ba9a 0f6e3e80206e4857a2b273acc3311e58 - - default default] TaaS: Handle Delete Port: 174d7870-e827-45a9-a10d-cbbf5b030048
2026-03-03 02:04:06.045 8 INFO neutron_taas.services.taas.tap_mirror_plugin [None req-eb55117d-5f89-454a-9376-544bf113412d c6add0ab19a44043b83597acc8d8ba9a 0f6e3e80206e4857a2b273acc3311e58 - - default default] Tap Mirror: Handle Delete Port: 174d7870-e827-45a9-a10d-cbbf5b030048 [pid: 7|app: 0|req: 689/1453] 10.0.0.162 () {32 vars in 736 bytes} [Tue Mar 3 02:04:06 2026] GET /v2.0/ports?device_id=4dcc0ebe-99d6-4e90-923d-5c020aeaf540 => generated 12 bytes in 17 msecs (HTTP/1.1 200) 4 headers in 156 bytes (1 switches on core 0)
2026-03-03 02:04:06.197 7 INFO neutron_taas.services.taas.taas_plugin [None req-945a28de-23bf-4354-a277-7fd8b11848a4 aa4c21b807c248068a8afd725e5e5d85 c59eda32c5634916ad21073d6e1e43fd - - default default] TaaS: Handle Delete Port: d70f9b5a-345c-4ea1-834e-62b91a7599c2
2026-03-03 02:04:06.200 7 INFO neutron_taas.services.taas.tap_mirror_plugin [None req-945a28de-23bf-4354-a277-7fd8b11848a4 aa4c21b807c248068a8afd725e5e5d85 c59eda32c5634916ad21073d6e1e43fd - - default default] Tap Mirror: Handle Delete Port: d70f9b5a-345c-4ea1-834e-62b91a7599c2
2026-03-03 02:04:06.264 8 INFO neutron.services.segments.plugin [-] Segment 714383ca-81a5-42a9-a407-7c609553080a resource provider aggregate not found
2026-03-03 02:04:06.270 8 INFO neutron.services.segments.plugin [-] Segment 714383ca-81a5-42a9-a407-7c609553080a resource provider aggregate not found
2026-03-03 02:04:06.294 8 INFO neutron.services.segments.plugin [-] Segment 714383ca-81a5-42a9-a407-7c609553080a resource provider not found; error: Placement Client Error (4xx): {"errors": [{"status": 404, "title": "Not Found", "detail": "The resource could not be found.\n\n No resource provider with uuid 714383ca-81a5-42a9-a407-7c609553080a found for delete ", "request_id": "req-cdb655c1-0deb-442e-aae6-dc223cb23fb0"}]}
2026-03-03 02:04:06.300 8 INFO neutron.services.segments.plugin [-] Segment 714383ca-81a5-42a9-a407-7c609553080a resource provider not found; error: Placement Client Error (4xx): {"errors": [{"status": 404, "title": "Not Found", "detail": "The resource could not be found.\n\n No resource provider with uuid 714383ca-81a5-42a9-a407-7c609553080a found for delete ", "request_id": "req-89f77a90-c1d3-4997-a091-e8c31e45f355"}]} [pid: 8|app: 0|req: 765/1454] 10.0.0.162 () {32 vars in 726 bytes} [Tue Mar 3 02:04:05 2026] DELETE /v2.0/networks/567f0d9c-2a72-44ae-b5aa-1daef70f9992 => generated 0 bytes in 445 msecs (HTTP/1.1 204) 3 headers in 131 bytes (1 switches on core 0) [pid: 8|app: 0|req: 766/1455] 10.0.0.162 () {32 vars in 679 bytes} [Tue Mar 3 02:04:06 2026] GET /v2.0/extensions/external-net => generated 200 bytes in 7 msecs (HTTP/1.1 200) 4 headers in 157 bytes (1 switches on core 0) [pid: 7|app: 0|req: 690/1456] 10.0.0.162 () {32 vars in 726 bytes} [Tue Mar 3 02:04:06 2026] DELETE /v2.0/networks/20ad010e-0888-49fa-8a68-e3a6b70b1b32 => generated 0 bytes in 423 msecs (HTTP/1.1 204) 3 headers in 131 bytes (1 switches on core 0) [pid: 8|app: 0|req: 767/1457] 10.0.0.162 () {32 vars in 724 bytes} [Tue Mar 3 02:04:06 2026] DELETE /v2.0/routers/4dcc0ebe-99d6-4e90-923d-5c020aeaf540 => generated 0 bytes in 244 msecs (HTTP/1.1 204) 2 headers in 112 bytes (1 switches on core 0) [pid: 8|app: 0|req: 768/1458] 10.0.0.162 () {32 vars in 683 bytes} [Tue Mar 3 02:04:06 2026] GET /v2.0/extensions/extra_dhcp_opt => generated 304 bytes in 5 msecs (HTTP/1.1 200) 4 headers in 157 bytes (1 switches on core 0)
2026-03-03 02:04:06.625 7 INFO neutron_taas.services.taas.taas_plugin [None req-8be8dff5-8c52-4ce7-97ba-dd8fa4874b1d c6add0ab19a44043b83597acc8d8ba9a 0f6e3e80206e4857a2b273acc3311e58 - - default default] TaaS: Handle Delete Port: b566ffc3-6898-4cb2-a88b-5ea909aba705
2026-03-03 02:04:06.629 7 INFO neutron_taas.services.taas.tap_mirror_plugin [None req-8be8dff5-8c52-4ce7-97ba-dd8fa4874b1d c6add0ab19a44043b83597acc8d8ba9a 0f6e3e80206e4857a2b273acc3311e58 - - default default] Tap Mirror: Handle Delete Port: b566ffc3-6898-4cb2-a88b-5ea909aba705
2026-03-03 02:04:06.716 8 INFO neutron.db.segments_db [None req-b85e303c-3f65-4c32-814b-839f3551d986 aa4c21b807c248068a8afd725e5e5d85 c59eda32c5634916ad21073d6e1e43fd - - default default] Added segment 0199ad34-ac90-41bc-805e-2d592355a63c of type geneve for network 2931a9dc-a6ac-48bd-8f8a-342af45a3375 [pid: 7|app: 0|req: 691/1459] 10.0.0.162 () {32 vars in 726 bytes} [Tue Mar 3 02:04:06 2026] DELETE /v2.0/networks/c1628515-b44d-43ce-8611-2ee00f3581b3 => generated 0 bytes in 425 msecs (HTTP/1.1 204) 3 headers in 131 bytes (1 switches on core 0) [pid: 7|app: 0|req: 692/1460] 10.0.0.162 () {32 vars in 675 bytes} [Tue Mar 3 02:04:06 2026] GET /v2.0/extensions/extraroute => generated 181 bytes in 5 msecs (HTTP/1.1 200) 4 headers in 157 bytes (1 switches on core 0)
2026-03-03 02:04:06.919 8 INFO neutron.db.ovn_revision_numbers_db [None req-b85e303c-3f65-4c32-814b-839f3551d986 aa4c21b807c248068a8afd725e5e5d85 c59eda32c5634916ad21073d6e1e43fd - - default default] Successfully bumped revision number for resource 2931a9dc-a6ac-48bd-8f8a-342af45a3375 (type: networks) to 1 [pid: 7|app: 0|req: 693/1461] 10.0.0.162 () {32 vars in 724 bytes} [Tue Mar 3 02:04:06 2026] DELETE /v2.0/subnets/85d9c60c-a0ed-49ee-b058-c6b6e58bc896 => generated 0 bytes in 162 msecs (HTTP/1.1 204) 3 headers in 131 bytes (1 switches on core 0) [pid: 7|app: 0|req: 694/1462] 10.0.0.162 () {32 vars in 723 bytes} [Tue Mar 3 02:04:07 2026] GET /v2.0/extensions/floating-ip-port-forwarding-detail => generated 271 bytes in 3 msecs (HTTP/1.1 200) 4 headers in 157 bytes (1 switches on core 0)
2026-03-03 02:04:07.107 8 WARNING neutron.scheduler.dhcp_agent_scheduler [None req-b85e303c-3f65-4c32-814b-839f3551d986 aa4c21b807c248068a8afd725e5e5d85 c59eda32c5634916ad21073d6e1e43fd - - default default] No more DHCP agents
2026-03-03 02:04:07.109 8 WARNING neutron.api.rpc.agentnotifiers.dhcp_rpc_agent_api [None req-b85e303c-3f65-4c32-814b-839f3551d986 aa4c21b807c248068a8afd725e5e5d85 c59eda32c5634916ad21073d6e1e43fd - - default default] Unable to schedule network 2931a9dc-a6ac-48bd-8f8a-342af45a3375: no agents available; will retry on subsequent port and subnet creation events.
2026-03-03 02:04:07.260 7 INFO neutron_taas.services.taas.taas_plugin [None req-0f82a8fc-cc4e-4252-a0f4-98efd073447b 6486befca7404fb1abc4943f54920215 c98e5db4baba4e9fb670b3f144070eb1 - - default default] TaaS: Handle Delete Port: b56d6b5a-29da-4e51-834e-1310d824b06f
2026-03-03 02:04:07.261 8 INFO neutron.db.ovn_revision_numbers_db [None req-b85e303c-3f65-4c32-814b-839f3551d986 aa4c21b807c248068a8afd725e5e5d85 c59eda32c5634916ad21073d6e1e43fd - - default default] Successfully bumped revision number for resource eb3ee848-44b2-48c4-8de3-8c1420451a15 (type: ports) to 1
2026-03-03 02:04:07.263 7 INFO neutron_taas.services.taas.tap_mirror_plugin [None req-0f82a8fc-cc4e-4252-a0f4-98efd073447b 6486befca7404fb1abc4943f54920215 c98e5db4baba4e9fb670b3f144070eb1 - - default default] Tap Mirror: Handle Delete Port: b56d6b5a-29da-4e51-834e-1310d824b06f [pid: 8|app: 0|req: 769/1463] 10.0.0.162 () {34 vars in 670 bytes} [Tue Mar 3 02:04:06 2026] POST /v2.0/networks => generated 670 bytes in 695 msecs (HTTP/1.1 201) 4 headers in 162 bytes (1 switches on core 0) [pid: 8|app: 0|req: 770/1464] 10.0.0.162 () {32 vars in 687 bytes} [Tue Mar 3 02:04:07 2026] GET /v2.0/extensions/fip-port-details => generated 212 bytes in 5 msecs (HTTP/1.1 200) 4 headers in 157 bytes (1 switches on core 0)
2026-03-03 02:04:07.329 7 INFO neutron.services.segments.plugin [-] Segment 6fce8322-6f30-483e-ad26-03e553fb72c3 resource provider aggregate not found
2026-03-03 02:04:07.333 7 INFO neutron.services.segments.plugin [-] Segment 6fce8322-6f30-483e-ad26-03e553fb72c3 resource provider aggregate not found
2026-03-03 02:04:07.358 7 INFO neutron.services.segments.plugin [-] Segment 6fce8322-6f30-483e-ad26-03e553fb72c3 resource provider not found; error: Placement Client Error (4xx): {"errors": [{"status": 404, "title": "Not Found", "detail": "The resource could not be found.\n\n No resource provider with uuid 6fce8322-6f30-483e-ad26-03e553fb72c3 found for delete ", "request_id": "req-7c5c7205-64c6-444d-a636-6b179f310175"}]}
2026-03-03 02:04:07.373 7 INFO neutron.services.segments.plugin [-] Segment 6fce8322-6f30-483e-ad26-03e553fb72c3 resource provider not found; error: Placement Client Error (4xx): {"errors": [{"status": 404, "title": "Not Found", "detail": "The resource could not be found.\n\n No resource provider with uuid 6fce8322-6f30-483e-ad26-03e553fb72c3 found for delete ", "request_id": "req-00d76085-69e4-433d-bd63-e1d424f274e6"}]}
2026-03-03 02:04:07.383 7 INFO neutron.services.segments.plugin [-] Segment af59394a-9345-4ca5-91a0-03d364ae5c69 resource provider aggregate not found
2026-03-03 02:04:07.393 7 INFO neutron.services.segments.plugin [-] Segment af59394a-9345-4ca5-91a0-03d364ae5c69 resource provider aggregate not found
2026-03-03 02:04:07.406 7 INFO neutron.services.segments.plugin [-] Segment af59394a-9345-4ca5-91a0-03d364ae5c69 resource provider not found; error: Placement Client Error (4xx): {"errors": [{"status": 404, "title": "Not Found", "detail": "The resource could not be found.\n\n No resource provider with uuid af59394a-9345-4ca5-91a0-03d364ae5c69 found for delete ", "request_id": "req-7938fd62-bea6-495e-b096-9213b4f97233"}]}
2026-03-03 02:04:07.413 7 INFO neutron.services.segments.plugin [-] Segment af59394a-9345-4ca5-91a0-03d364ae5c69 resource provider not found; error: Placement Client Error (4xx): {"errors": [{"status": 404, "title": "Not Found", "detail": "The resource could not be found.\n\n No resource provider with uuid af59394a-9345-4ca5-91a0-03d364ae5c69 found for delete ", "request_id": "req-a8408487-4ab5-4f49-bd1e-c6217720f2c4"}]}
2026-03-03 02:04:07.425 7 INFO neutron.services.segments.plugin [-] Segment 81067f04-0595-4280-bd53-4f1be7e90a0a resource provider aggregate not found
2026-03-03 02:04:07.429 7 INFO neutron.services.segments.plugin [-] Segment 81067f04-0595-4280-bd53-4f1be7e90a0a resource provider aggregate not found
2026-03-03 02:04:07.448 7 INFO neutron.services.segments.plugin [-] Segment 81067f04-0595-4280-bd53-4f1be7e90a0a resource provider not found; error: Placement Client Error (4xx): {"errors": [{"status": 404, "title": "Not Found", "detail": "The resource could not be found.\n\n No resource provider with uuid 81067f04-0595-4280-bd53-4f1be7e90a0a found for delete ", "request_id": "req-6ecf2398-56ee-46ee-92db-37063de427b7"}]}
2026-03-03 02:04:07.449 7 INFO neutron.services.segments.plugin [-] Segment 81067f04-0595-4280-bd53-4f1be7e90a0a resource provider not found; error: Placement Client Error (4xx): {"errors": [{"status": 404, "title": "Not Found", "detail": "The resource could not be found.\n\n No resource provider with uuid 81067f04-0595-4280-bd53-4f1be7e90a0a found for delete ", "request_id": "req-13034e83-cbba-4301-8a29-64bed2635c3d"}]}
2026-03-03 02:04:07.583 8 WARNING neutron.scheduler.dhcp_agent_scheduler [None req-c66a3e0d-8ebf-4c54-8eb3-e17d953afc91 aa4c21b807c248068a8afd725e5e5d85 c59eda32c5634916ad21073d6e1e43fd - - default default] No more DHCP agents
2026-03-03 02:04:07.588 8 WARNING neutron.api.rpc.agentnotifiers.dhcp_rpc_agent_api [None req-c66a3e0d-8ebf-4c54-8eb3-e17d953afc91 aa4c21b807c248068a8afd725e5e5d85 c59eda32c5634916ad21073d6e1e43fd - - default default] Unable to schedule network 2931a9dc-a6ac-48bd-8f8a-342af45a3375: no agents available; will retry on subsequent port and subnet creation events. [pid: 7|app: 0|req: 695/1465] 10.0.0.162 () {32 vars in 726 bytes} [Tue Mar 3 02:04:07 2026] DELETE /v2.0/networks/f4ee2e35-2c25-46b2-9626-bc7a280bac99 => generated 0 bytes in 525 msecs (HTTP/1.1 204) 3 headers in 131 bytes (1 switches on core 0) [pid: 7|app: 0|req: 696/1466] 10.0.0.162 () {32 vars in 669 bytes} [Tue Mar 3 02:04:07 2026] GET /v2.0/extensions/flavors => generated 193 bytes in 3 msecs (HTTP/1.1 200) 4 headers in 157 bytes (1 switches on core 0) [pid: 7|app: 0|req: 697/1467] 10.0.0.162 () {32 vars in 774 bytes} [Tue Mar 3 02:04:07 2026] GET /v2.0/security-groups?tenant_id=0f6e3e80206e4857a2b273acc3311e58&name=default => generated 2925 bytes in 120 msecs (HTTP/1.1 200) 4 headers in 158 bytes (1 switches on core 0)
2026-03-03 02:04:08.060 8 INFO neutron.db.ovn_revision_numbers_db [None req-66ef9a97-5407-4642-bac7-2fe430a0dd1b - - - - - -] Successfully bumped revision number for resource eb3ee848-44b2-48c4-8de3-8c1420451a15 (type: ports) to 2
2026-03-03 02:04:08.091 8 INFO neutron.db.ovn_revision_numbers_db [None req-66ef9a97-5407-4642-bac7-2fe430a0dd1b - - - - - -] Successfully bumped revision number for resource 9f85c89c-78d0-4730-a3fe-548eb4d8d8a8 (type: subnets) to 0 [pid: 8|app: 0|req: 771/1468] 10.0.0.162 () {34 vars in 669 bytes} [Tue Mar 3 02:04:07 2026] POST /v2.0/subnets => generated 626 bytes in 805 msecs (HTTP/1.1 201) 4 headers in 162 bytes (1 switches on core 0) [pid: 8|app: 0|req: 772/1469] 10.0.0.162 () {32 vars in 687 bytes} [Tue Mar 3 02:04:08 2026] GET /v2.0/extensions/floatingip-pools => generated 188 bytes in 5 msecs (HTTP/1.1 200) 4 headers in 157 bytes (1 switches on core 0)
2026-03-03 02:04:08.169 7 WARNING neutron.scheduler.dhcp_agent_scheduler [None req-9b27f99e-0bfa-4fa5-b569-2692ecfdd96e 6486befca7404fb1abc4943f54920215 c98e5db4baba4e9fb670b3f144070eb1 - - default default] No more DHCP agents
2026-03-03 02:04:08.171 7 WARNING neutron.api.rpc.agentnotifiers.dhcp_rpc_agent_api [None req-9b27f99e-0bfa-4fa5-b569-2692ecfdd96e 6486befca7404fb1abc4943f54920215 c98e5db4baba4e9fb670b3f144070eb1 - - default default] Unable to schedule network cbacd402-3e84-4726-b30c-1594c4b4d8a9: no agents available; will retry on subsequent port and subnet creation events.
2026-03-03 02:04:08.382 7 INFO neutron.db.ovn_revision_numbers_db [None req-9b27f99e-0bfa-4fa5-b569-2692ecfdd96e 6486befca7404fb1abc4943f54920215 c98e5db4baba4e9fb670b3f144070eb1 - - default default] Successfully bumped revision number for resource 7ba13854-e67c-4435-8269-6764a19db6a1 (type: ports) to 1 [pid: 8|app: 0|req: 773/1470] 10.0.0.162 () {32 vars in 740 bytes} [Tue Mar 3 02:04:08 2026] DELETE /v2.0/security-groups/e00e3a85-f6d2-4c41-af71-9da1f0389427 => generated 0 bytes in 331 msecs (HTTP/1.1 204) 2 headers in 112 bytes (1 switches on core 0)
2026-03-03 02:04:08.733 8 WARNING neutron.scheduler.dhcp_agent_scheduler [None req-2e05e1b7-cc57-4526-aff2-b163825b7d19 aa4c21b807c248068a8afd725e5e5d85 c59eda32c5634916ad21073d6e1e43fd - - default default] No more DHCP agents
2026-03-03 02:04:08.735 8 WARNING neutron.api.rpc.agentnotifiers.dhcp_rpc_agent_api [None req-2e05e1b7-cc57-4526-aff2-b163825b7d19 aa4c21b807c248068a8afd725e5e5d85 c59eda32c5634916ad21073d6e1e43fd - - default default] Unable to schedule network 2931a9dc-a6ac-48bd-8f8a-342af45a3375: no agents available; will retry on subsequent port and subnet creation events.
2026-03-03 02:04:08.920 8 INFO neutron.db.ovn_revision_numbers_db [None req-2e05e1b7-cc57-4526-aff2-b163825b7d19 aa4c21b807c248068a8afd725e5e5d85 c59eda32c5634916ad21073d6e1e43fd - - default default] Successfully bumped revision number for resource 39bbc8ea-204a-43f7-948d-3f0b06aa6231 (type: ports) to 1 [pid: 8|app: 0|req: 774/1471] 10.0.0.162 () {34 vars in 665 bytes} [Tue Mar 3 02:04:08 2026] POST /v2.0/ports => generated 911 bytes in 492 msecs (HTTP/1.1 201) 4 headers in 162 bytes (1 switches on core 0) [pid: 8|app: 0|req: 775/1472] 10.0.0.162 () {32 vars in 681 bytes} [Tue Mar 3 02:04:08 2026] GET /v2.0/extensions/ip_allocation => generated 162 bytes in 5 msecs (HTTP/1.1 200) 4 headers in 157 bytes (1 switches on core 0)
2026-03-03 02:04:09.071 7 INFO neutron.plugins.ml2.drivers.ovn.mech_driver.ovsdb.commands [-] Schedule LRP lrp-7ba13854-e67c-4435-8269-6764a19db6a1 on gateway 7e45c2d8-2d76-4f30-bc94-e3e349ba1ea7 with priority 1
2026-03-03 02:04:09.207 8 INFO neutron_taas.services.taas.taas_plugin [None req-11c028ee-4548-44dd-b9d9-c790a0645a74 aa4c21b807c248068a8afd725e5e5d85 c59eda32c5634916ad21073d6e1e43fd - - default default] TaaS: Handle Delete Port: 39bbc8ea-204a-43f7-948d-3f0b06aa6231
2026-03-03 02:04:09.211 8 INFO neutron_taas.services.taas.tap_mirror_plugin [None req-11c028ee-4548-44dd-b9d9-c790a0645a74 aa4c21b807c248068a8afd725e5e5d85 c59eda32c5634916ad21073d6e1e43fd - - default default] Tap Mirror: Handle Delete Port: 39bbc8ea-204a-43f7-948d-3f0b06aa6231
