2026-07-16 08:03:40.782 8 WARNING neutron.api.rpc.agentnotifiers.dhcp_rpc_agent_api [None req-b3bc324e-9a16-4212-9e0b-7ef9e35e0625 79ee856eba28440fa60c590fc5cba18e 1b53a785064d4df79f1a9078421d7107 - - default default] Unable to schedule network 5d2a10b3-97a7-40d5-89b7-c1c8c07a66f1: no agents available; will retry on subsequent port and subnet creation events.
2026-07-16 08:03:40.853 7 INFO neutron.plugins.ml2.drivers.ovn.mech_driver.mech_driver [None req-197351ec-c483-4ac8-9e8b-b8374f143f5f - - - - - -] OVN reports status down for port: 54733bf6-5e35-41ac-9137-fba509d9251e
2026-07-16 08:03:40.853 8 INFO neutron.db.ovn_revision_numbers_db [None req-b3bc324e-9a16-4212-9e0b-7ef9e35e0625 79ee856eba28440fa60c590fc5cba18e 1b53a785064d4df79f1a9078421d7107 - - default default] Successfully bumped revision number for resource 54733bf6-5e35-41ac-9137-fba509d9251e (type: ports) to 1 [pid: 8|app: 0|req: 590/1142] 10.0.0.140 () {34 vars in 670 bytes} [Thu Jul 16 08:03:40 2026] POST /v2.0/networks => generated 681 bytes in 491 msecs (HTTP/1.1 201) 4 headers in 162 bytes (1 switches on core 0) [pid: 7|app: 0|req: 553/1143] 10.0.0.140 () {32 vars in 740 bytes} [Thu Jul 16 08:03:40 2026] DELETE /v2.0/security-groups/c9b8ca32-63b7-4fa6-9f91-eeb2e05e50fc => generated 0 bytes in 229 msecs (HTTP/1.1 204) 2 headers in 112 bytes (1 switches on core 0) [pid: 8|app: 0|req: 591/1144] 10.0.0.140 () {32 vars in 740 bytes} [Thu Jul 16 08:03:40 2026] DELETE /v2.0/security-groups/122e27b1-1e83-45aa-b9a7-2be2f98448aa => generated 0 bytes in 212 msecs (HTTP/1.1 204) 2 headers in 112 bytes (1 switches on core 0)
2026-07-16 08:03:41.093 7 INFO neutron_taas.services.taas.taas_plugin [None req-65255489-cb86-47b7-b6ba-7f3efc6eca27 b324c65448de4b758e1ff9a40f89c91d 5648969f2b97447bbbe81ba7db2b7e59 - - default default] TaaS: Handle Delete Port: e2813625-2076-43f6-a2ae-34edc3822f80
2026-07-16 08:03:41.096 7 INFO neutron_taas.services.taas.tap_mirror_plugin [None req-65255489-cb86-47b7-b6ba-7f3efc6eca27 b324c65448de4b758e1ff9a40f89c91d 5648969f2b97447bbbe81ba7db2b7e59 - - default default] Tap Mirror: Handle Delete Port: e2813625-2076-43f6-a2ae-34edc3822f80 [pid: 7|app: 0|req: 554/1145] 10.0.0.140 () {32 vars in 720 bytes} [Thu Jul 16 08:03:40 2026] DELETE /v2.0/ports/e2813625-2076-43f6-a2ae-34edc3822f80 => generated 0 bytes in 287 msecs (HTTP/1.1 204) 3 headers in 131 bytes (1 switches on core 0)
2026-07-16 08:03:41.216 7 WARNING neutron.db.securitygroups_db [None req-aa6ef084-3c9e-42d4-b1a0-1b841d2a845b 3c440e25110e4532afdbd771cc9b1a12 657a6d75ecdc46e4b78d2ffc2f4efcc5 - - default default] project_id key not found in filters, using tenant_id instead. This support has been deprecated and will be removed in a future release.
2026-07-16 08:03:41.279 8 INFO neutron.db.ovn_revision_numbers_db [None req-60d25362-af80-4852-8956-616b8bdf1dd2 79ee856eba28440fa60c590fc5cba18e 1b53a785064d4df79f1a9078421d7107 - - default default] Successfully bumped revision number for resource 5d2a10b3-97a7-40d5-89b7-c1c8c07a66f1 (type: networks) to 2 [pid: 8|app: 0|req: 592/1146] 10.0.0.140 () {34 vars in 743 bytes} [Thu Jul 16 08:03:41 2026] PUT /v2.0/networks/5d2a10b3-97a7-40d5-89b7-c1c8c07a66f1 => generated 636 bytes in 194 msecs (HTTP/1.1 200) 4 headers in 157 bytes (1 switches on core 0) [pid: 8|app: 0|req: 593/1147] 10.0.0.140 () {32 vars in 643 bytes} [Thu Jul 16 08:03:41 2026] GET /v2.0/ports => generated 1534 bytes in 57 msecs (HTTP/1.1 200) 4 headers in 158 bytes (1 switches on core 0)
2026-07-16 08:03:41.389 7 INFO neutron.db.ovn_revision_numbers_db [None req-aa6ef084-3c9e-42d4-b1a0-1b841d2a845b 3c440e25110e4532afdbd771cc9b1a12 657a6d75ecdc46e4b78d2ffc2f4efcc5 - - default default] Successfully bumped revision number for resource 3618fb88-ddf6-4aa5-81ca-fd134efb2944 (type: security_groups) to 1
2026-07-16 08:03:41.399 7 INFO neutron.db.ovn_revision_numbers_db [None req-aa6ef084-3c9e-42d4-b1a0-1b841d2a845b 3c440e25110e4532afdbd771cc9b1a12 657a6d75ecdc46e4b78d2ffc2f4efcc5 - - default default] Successfully bumped revision number for resource 34d3fc3d-99db-4e93-b35b-b90cad94699a (type: security_group_rules) to 0
2026-07-16 08:03:41.411 7 INFO neutron.db.ovn_revision_numbers_db [None req-aa6ef084-3c9e-42d4-b1a0-1b841d2a845b 3c440e25110e4532afdbd771cc9b1a12 657a6d75ecdc46e4b78d2ffc2f4efcc5 - - default default] Successfully bumped revision number for resource 3cc7527e-3963-489b-9058-30df2b891c04 (type: security_group_rules) to 0
2026-07-16 08:03:41.422 7 INFO neutron.db.ovn_revision_numbers_db [None req-aa6ef084-3c9e-42d4-b1a0-1b841d2a845b 3c440e25110e4532afdbd771cc9b1a12 657a6d75ecdc46e4b78d2ffc2f4efcc5 - - default default] Successfully bumped revision number for resource 83efa42c-1bfd-426e-9fde-28b9676a716d (type: security_group_rules) to 0
2026-07-16 08:03:41.433 7 INFO neutron.db.ovn_revision_numbers_db [None req-aa6ef084-3c9e-42d4-b1a0-1b841d2a845b 3c440e25110e4532afdbd771cc9b1a12 657a6d75ecdc46e4b78d2ffc2f4efcc5 - - default default] Successfully bumped revision number for resource 8fb6ca4d-de54-42fd-ab39-9b934ee266a8 (type: security_group_rules) to 0 [pid: 7|app: 0|req: 555/1148] 10.0.0.140 () {32 vars in 774 bytes} [Thu Jul 16 08:03:41 2026] GET /v2.0/security-groups?tenant_id=964d0757ecd4436b9b7ca52f3483ed0f&name=default => generated 2925 bytes in 258 msecs (HTTP/1.1 200) 4 headers in 158 bytes (1 switches on core 0)
2026-07-16 08:03:41.489 7 INFO neutron.pecan_wsgi.hooks.translation [None req-28e70eb4-ae84-424a-a494-14391bc3481f b324c65448de4b758e1ff9a40f89c91d 5648969f2b97447bbbe81ba7db2b7e59 - - default default] GET failed (client error): The resource could not be found. [pid: 7|app: 0|req: 556/1149] 10.0.0.140 () {32 vars in 717 bytes} [Thu Jul 16 08:03:41 2026] GET /v2.0/ports/e2813625-2076-43f6-a2ae-34edc3822f80 => generated 132 bytes in 20 msecs (HTTP/1.1 404) 4 headers in 164 bytes (1 switches on core 0)
2026-07-16 08:03:41.499 8 WARNING neutron.scheduler.dhcp_agent_scheduler [None req-ccbd167e-7051-4ecd-a6d0-de5ded39beaa 79ee856eba28440fa60c590fc5cba18e 1b53a785064d4df79f1a9078421d7107 - - default default] No more DHCP agents
2026-07-16 08:03:41.501 8 WARNING neutron.api.rpc.agentnotifiers.dhcp_rpc_agent_api [None req-ccbd167e-7051-4ecd-a6d0-de5ded39beaa 79ee856eba28440fa60c590fc5cba18e 1b53a785064d4df79f1a9078421d7107 - - default default] Unable to schedule network 5d2a10b3-97a7-40d5-89b7-c1c8c07a66f1: no agents available; will retry on subsequent port and subnet creation events. [pid: 7|app: 0|req: 557/1150] 10.0.0.140 () {32 vars in 740 bytes} [Thu Jul 16 08:03:41 2026] DELETE /v2.0/security-groups/3618fb88-ddf6-4aa5-81ca-fd134efb2944 => generated 0 bytes in 213 msecs (HTTP/1.1 204) 2 headers in 112 bytes (1 switches on core 0) [pid: 7|app: 0|req: 558/1151] 10.0.0.140 () {32 vars in 643 bytes} [Thu Jul 16 08:03:41 2026] GET /v2.0/ports => generated 1534 bytes in 39 msecs (HTTP/1.1 200) 4 headers in 158 bytes (1 switches on core 0) [pid: 7|app: 0|req: 559/1152] 10.0.0.140 () {32 vars in 717 bytes} [Thu Jul 16 08:03:41 2026] GET /v2.0/ports/62f7df55-8c0f-4351-99de-07e25a7da227 => generated 775 bytes in 32 msecs (HTTP/1.1 200) 4 headers in 157 bytes (1 switches on core 0)
2026-07-16 08:03:41.802 7 INFO neutron.pecan_wsgi.hooks.translation [None req-c4f0b230-f107-4480-ba43-871fb03be23e b324c65448de4b758e1ff9a40f89c91d 5648969f2b97447bbbe81ba7db2b7e59 - - default default] DELETE failed (client error): The resource could not be found. [pid: 7|app: 0|req: 560/1153] 10.0.0.140 () {32 vars in 720 bytes} [Thu Jul 16 08:03:41 2026] DELETE /v2.0/ports/4106917e-096a-4241-875d-5c870d32bb5d => generated 132 bytes in 16 msecs (HTTP/1.1 404) 4 headers in 164 bytes (1 switches on core 0)
2026-07-16 08:03:41.826 7 INFO neutron.pecan_wsgi.hooks.translation [None req-6e15764a-8db2-49e1-94fd-45b9c38eed99 b324c65448de4b758e1ff9a40f89c91d 5648969f2b97447bbbe81ba7db2b7e59 - - default default] DELETE failed (client error): The resource could not be found. [pid: 7|app: 0|req: 561/1154] 10.0.0.140 () {32 vars in 724 bytes} [Thu Jul 16 08:03:41 2026] DELETE /v2.0/subnets/9caba626-4c1d-4da7-99ec-24c33779041a => generated 136 bytes in 19 msecs (HTTP/1.1 404) 4 headers in 164 bytes (1 switches on core 0)
2026-07-16 08:03:41.854 7 INFO neutron.pecan_wsgi.hooks.translation [None req-e59b9ee9-ebf3-428c-963b-37eacff40311 b324c65448de4b758e1ff9a40f89c91d 5648969f2b97447bbbe81ba7db2b7e59 - - default default] DELETE failed (client error): The resource could not be found. [pid: 7|app: 0|req: 562/1155] 10.0.0.140 () {32 vars in 724 bytes} [Thu Jul 16 08:03:41 2026] DELETE /v2.0/subnets/9233f184-e9ba-4a2d-87b3-acc315ac95ab => generated 136 bytes in 19 msecs (HTTP/1.1 404) 4 headers in 164 bytes (1 switches on core 0)
2026-07-16 08:03:41.974 8 INFO neutron.db.ovn_revision_numbers_db [None req-ccbd167e-7051-4ecd-a6d0-de5ded39beaa 79ee856eba28440fa60c590fc5cba18e 1b53a785064d4df79f1a9078421d7107 - - default default] Successfully bumped revision number for resource 54733bf6-5e35-41ac-9137-fba509d9251e (type: ports) to 2
2026-07-16 08:03:42.012 8 INFO neutron.db.ovn_revision_numbers_db [None req-ccbd167e-7051-4ecd-a6d0-de5ded39beaa 79ee856eba28440fa60c590fc5cba18e 1b53a785064d4df79f1a9078421d7107 - - default default] Successfully bumped revision number for resource 4a68ee98-624d-48ad-9fa4-dee2ce1cabba (type: subnets) to 0
2026-07-16 08:03:42.014 7 INFO neutron_taas.services.taas.taas_plugin [None req-d2ce9266-6230-4cb0-b404-04108be84ac9 b324c65448de4b758e1ff9a40f89c91d 5648969f2b97447bbbe81ba7db2b7e59 - - default default] TaaS: Handle Delete Port: 62f7df55-8c0f-4351-99de-07e25a7da227
2026-07-16 08:03:42.018 7 INFO neutron_taas.services.taas.tap_mirror_plugin [None req-d2ce9266-6230-4cb0-b404-04108be84ac9 b324c65448de4b758e1ff9a40f89c91d 5648969f2b97447bbbe81ba7db2b7e59 - - default default] Tap Mirror: Handle Delete Port: 62f7df55-8c0f-4351-99de-07e25a7da227 [pid: 8|app: 0|req: 594/1156] 10.0.0.140 () {34 vars in 669 bytes} [Thu Jul 16 08:03:41 2026] POST /v2.0/subnets => generated 626 bytes in 686 msecs (HTTP/1.1 201) 4 headers in 162 bytes (1 switches on core 0) [pid: 7|app: 0|req: 563/1157] 10.0.0.140 () {32 vars in 720 bytes} [Thu Jul 16 08:03:41 2026] DELETE /v2.0/ports/62f7df55-8c0f-4351-99de-07e25a7da227 => generated 0 bytes in 294 msecs (HTTP/1.1 204) 3 headers in 131 bytes (1 switches on core 0)
2026-07-16 08:03:42.269 7 INFO neutron_taas.services.taas.taas_plugin [None req-92072139-c734-4890-88f0-12e27e9484a2 b324c65448de4b758e1ff9a40f89c91d 5648969f2b97447bbbe81ba7db2b7e59 - - default default] TaaS: Handle Delete Port: d77ba4a3-6c5e-46f2-bfa0-99a332c9fcad
2026-07-16 08:03:42.272 7 INFO neutron_taas.services.taas.tap_mirror_plugin [None req-92072139-c734-4890-88f0-12e27e9484a2 b324c65448de4b758e1ff9a40f89c91d 5648969f2b97447bbbe81ba7db2b7e59 - - default default] Tap Mirror: Handle Delete Port: d77ba4a3-6c5e-46f2-bfa0-99a332c9fcad
2026-07-16 08:03:42.301 8 INFO neutron.db.ovn_revision_numbers_db [None req-8f17c9b6-7ca8-4758-9248-47cc457dc68b 79ee856eba28440fa60c590fc5cba18e 1b53a785064d4df79f1a9078421d7107 - - default default] Successfully bumped revision number for resource 4a68ee98-624d-48ad-9fa4-dee2ce1cabba (type: subnets) to 1 [pid: 8|app: 0|req: 595/1158] 10.0.0.140 () {34 vars in 741 bytes} [Thu Jul 16 08:03:42 2026] PUT /v2.0/subnets/4a68ee98-624d-48ad-9fa4-dee2ce1cabba => generated 636 bytes in 273 msecs (HTTP/1.1 200) 4 headers in 157 bytes (1 switches on core 0)
2026-07-16 08:03:42.488 8 INFO neutron_taas.services.taas.taas_plugin [None req-1008af90-452c-4b59-bfc2-4062157ece58 79ee856eba28440fa60c590fc5cba18e 1b53a785064d4df79f1a9078421d7107 - - default default] TaaS: Handle Delete Port: 54733bf6-5e35-41ac-9137-fba509d9251e
2026-07-16 08:03:42.492 8 INFO neutron_taas.services.taas.tap_mirror_plugin [None req-1008af90-452c-4b59-bfc2-4062157ece58 79ee856eba28440fa60c590fc5cba18e 1b53a785064d4df79f1a9078421d7107 - - default default] Tap Mirror: Handle Delete Port: 54733bf6-5e35-41ac-9137-fba509d9251e
2026-07-16 08:03:42.497 7 INFO neutron.services.segments.plugin [-] Segment 26836c27-9ced-4597-876e-8b4c5582f18d resource provider aggregate not found
2026-07-16 08:03:42.502 7 INFO neutron.services.segments.plugin [-] Segment 26836c27-9ced-4597-876e-8b4c5582f18d resource provider aggregate not found
2026-07-16 08:03:42.517 7 INFO neutron.services.segments.plugin [-] Client error retrieving segment 26836c27-9ced-4597-876e-8b4c5582f18d resource provider; error: Placement Client Error (4xx): {"errors": [{"status": 404, "title": "Not Found", "detail": "The resource could not be found.\n\n No resource provider with uuid 26836c27-9ced-4597-876e-8b4c5582f18d found for delete ", "request_id": "req-e92df954-5282-4821-9b72-3d6473cba580"}]}
2026-07-16 08:03:42.521 7 INFO neutron.services.segments.plugin [-] Client error retrieving segment 26836c27-9ced-4597-876e-8b4c5582f18d resource provider; error: Placement Client Error (4xx): {"errors": [{"status": 404, "title": "Not Found", "detail": "The resource could not be found.\n\n No resource provider with uuid 26836c27-9ced-4597-876e-8b4c5582f18d found for delete ", "request_id": "req-58ffff8b-5b33-4ab3-898d-bf9752de67d6"}]} [pid: 7|app: 0|req: 564/1159] 10.0.0.140 () {32 vars in 726 bytes} [Thu Jul 16 08:03:42 2026] DELETE /v2.0/networks/576f6d75-3a1c-4479-b0df-66b0013596bb => generated 0 bytes in 376 msecs (HTTP/1.1 204) 3 headers in 131 bytes (1 switches on core 0)
2026-07-16 08:03:42.828 8 INFO neutron.services.segments.plugin [-] Segment fb63a64f-c9d1-4572-a53f-8b7062f71c31 resource provider aggregate not found
2026-07-16 08:03:42.838 8 INFO neutron.services.segments.plugin [-] Segment fb63a64f-c9d1-4572-a53f-8b7062f71c31 resource provider aggregate not found
2026-07-16 08:03:42.840 8 INFO neutron.services.segments.plugin [-] Client error retrieving segment fb63a64f-c9d1-4572-a53f-8b7062f71c31 resource provider; error: Placement Client Error (4xx): {"errors": [{"status": 404, "title": "Not Found", "detail": "The resource could not be found.\n\n No resource provider with uuid fb63a64f-c9d1-4572-a53f-8b7062f71c31 found for delete ", "request_id": "req-972d5813-5ea0-4c4d-9ea6-3b0e94aa2dca"}]}
2026-07-16 08:03:42.854 8 INFO neutron.services.segments.plugin [-] Client error retrieving segment fb63a64f-c9d1-4572-a53f-8b7062f71c31 resource provider; error: Placement Client Error (4xx): {"errors": [{"status": 404, "title": "Not Found", "detail": "The resource could not be found.\n\n No resource provider with uuid fb63a64f-c9d1-4572-a53f-8b7062f71c31 found for delete ", "request_id": "req-a2cceb61-09f7-4bb1-ae70-c6f4f03bd3cd"}]} [pid: 8|app: 0|req: 596/1160] 10.0.0.140 () {32 vars in 726 bytes} [Thu Jul 16 08:03:42 2026] DELETE /v2.0/networks/5d2a10b3-97a7-40d5-89b7-c1c8c07a66f1 => generated 0 bytes in 572 msecs (HTTP/1.1 204) 3 headers in 131 bytes (1 switches on core 0)
2026-07-16 08:03:42.905 7 INFO neutron.pecan_wsgi.hooks.translation [None req-7f86a884-e0e3-4839-b8af-a5e0e356086e 79ee856eba28440fa60c590fc5cba18e 1b53a785064d4df79f1a9078421d7107 - - default default] DELETE failed (client error): The resource could not be found. [pid: 7|app: 0|req: 565/1161] 10.0.0.140 () {32 vars in 726 bytes} [Thu Jul 16 08:03:42 2026] DELETE /v2.0/networks/5d2a10b3-97a7-40d5-89b7-c1c8c07a66f1 => generated 138 bytes in 20 msecs (HTTP/1.1 404) 4 headers in 164 bytes (1 switches on core 0) [pid: 8|app: 0|req: 597/1162] 10.0.0.140 () {32 vars in 694 bytes} [Thu Jul 16 08:03:42 2026] GET /v2.0/networks?router%3Aexternal=True => generated 689 bytes in 94 msecs (HTTP/1.1 200) 4 headers in 157 bytes (1 switches on core 0) [pid: 8|app: 0|req: 598/1163] 10.0.0.140 () {32 vars in 742 bytes} [Thu Jul 16 08:03:43 2026] GET /v2.0/subnets?network_id=6cae97ac-068e-42eb-ab28-92ca7e56185f => generated 649 bytes in 42 msecs (HTTP/1.1 200) 4 headers in 157 bytes (1 switches on core 0) [pid: 8|app: 0|req: 599/1164] 10.0.0.140 () {32 vars in 653 bytes} [Thu Jul 16 08:03:43 2026] GET /v2.0/extensions => generated 22668 bytes in 6 msecs (HTTP/1.1 200) 4 headers in 159 bytes (1 switches on core 0) [pid: 8|app: 0|req: 600/1165] 10.0.0.140 () {32 vars in 649 bytes} [Thu Jul 16 08:03:43 2026] GET /v2.0/networks => generated 1384 bytes in 52 msecs (HTTP/1.1 200) 4 headers in 158 bytes (1 switches on core 0) [pid: 8|app: 0|req: 601/1166] 10.0.0.140 () {32 vars in 647 bytes} [Thu Jul 16 08:03:43 2026] GET /v2.0/subnets => generated 1280 bytes in 24 msecs (HTTP/1.1 200) 4 headers in 158 bytes (1 switches on core 0) [pid: 8|app: 0|req: 602/1167] 10.0.0.140 () {32 vars in 723 bytes} [Thu Jul 16 08:03:43 2026] GET /v2.0/networks/953fae04-eb63-44b3-8140-8b83a87a7f6b => generated 706 bytes in 37 msecs (HTTP/1.1 200) 4 headers in 157 bytes (1 switches on core 0)
2026-07-16 08:03:43.219 7 WARNING neutron.db.securitygroups_db [None req-e31fe205-9d6d-49e3-9f9a-3f537ac7fb2a 3c440e25110e4532afdbd771cc9b1a12 657a6d75ecdc46e4b78d2ffc2f4efcc5 - - default default] project_id key not found in filters, using tenant_id instead. This support has been deprecated and will be removed in a future release. [pid: 7|app: 0|req: 566/1168] 10.0.0.140 () {32 vars in 774 bytes} [Thu Jul 16 08:03:42 2026] GET /v2.0/security-groups?tenant_id=5648969f2b97447bbbe81ba7db2b7e59&name=default => generated 2925 bytes in 252 msecs (HTTP/1.1 200) 4 headers in 158 bytes (1 switches on core 0) [pid: 8|app: 0|req: 603/1169] 10.0.0.140 () {32 vars in 721 bytes} [Thu Jul 16 08:03:43 2026] GET /v2.0/subnets/d3d38a4e-1c58-4c5a-ad8c-5fa0d7c678f3 => generated 641 bytes in 26 msecs (HTTP/1.1 200) 4 headers in 157 bytes (1 switches on core 0)
2026-07-16 08:03:43.265 7 INFO neutron.pecan_wsgi.hooks.translation [None req-1334e228-1266-48b0-b3de-8bc4fbe4e21e 79ee856eba28440fa60c590fc5cba18e 1b53a785064d4df79f1a9078421d7107 - - default default] DELETE failed (client error): The resource could not be found. [pid: 7|app: 0|req: 567/1170] 10.0.0.140 () {32 vars in 724 bytes} [Thu Jul 16 08:03:43 2026] DELETE /v2.0/subnets/4a68ee98-624d-48ad-9fa4-dee2ce1cabba => generated 136 bytes in 14 msecs (HTTP/1.1 404) 4 headers in 164 bytes (1 switches on core 0)
2026-07-16 08:03:43.287 7 INFO neutron.pecan_wsgi.hooks.translation [None req-9148a3b6-5226-4e13-94bc-b5a99297182f 79ee856eba28440fa60c590fc5cba18e 1b53a785064d4df79f1a9078421d7107 - - default default] DELETE failed (client error): The resource could not be found. [pid: 7|app: 0|req: 568/1171] 10.0.0.140 () {32 vars in 726 bytes} [Thu Jul 16 08:03:43 2026] DELETE /v2.0/networks/5d2a10b3-97a7-40d5-89b7-c1c8c07a66f1 => generated 138 bytes in 14 msecs (HTTP/1.1 404) 4 headers in 164 bytes (1 switches on core 0) [pid: 8|app: 0|req: 604/1172] 10.0.0.140 () {32 vars in 740 bytes} [Thu Jul 16 08:03:43 2026] DELETE /v2.0/security-groups/0b4c3ec0-12db-464d-8fa1-7e35fc08c20d => generated 0 bytes in 189 msecs (HTTP/1.1 204) 2 headers in 112 bytes (1 switches on core 0) [pid: 7|app: 0|req: 569/1173] 10.0.0.140 () {32 vars in 724 bytes} [Thu Jul 16 08:03:43 2026] DELETE /v2.0/subnets/d3d38a4e-1c58-4c5a-ad8c-5fa0d7c678f3 => generated 0 bytes in 195 msecs (HTTP/1.1 204) 3 headers in 131 bytes (1 switches on core 0)
2026-07-16 08:03:43.636 8 WARNING neutron.db.securitygroups_db [None req-f8b6473d-b30e-47b3-82ed-89032a2217c4 3c440e25110e4532afdbd771cc9b1a12 657a6d75ecdc46e4b78d2ffc2f4efcc5 - - default default] project_id key not found in filters, using tenant_id instead. This support has been deprecated and will be removed in a future release.
2026-07-16 08:03:43.710 7 INFO neutron_taas.services.taas.taas_plugin [None req-cf7a8b5a-2d46-4f24-b1ab-81423a089886 79ee856eba28440fa60c590fc5cba18e 1b53a785064d4df79f1a9078421d7107 - - default default] TaaS: Handle Delete Port: 51a52150-65a8-43b1-958f-7bfb5259f31e
2026-07-16 08:03:43.713 7 INFO neutron_taas.services.taas.tap_mirror_plugin [None req-cf7a8b5a-2d46-4f24-b1ab-81423a089886 79ee856eba28440fa60c590fc5cba18e 1b53a785064d4df79f1a9078421d7107 - - default default] Tap Mirror: Handle Delete Port: 51a52150-65a8-43b1-958f-7bfb5259f31e
2026-07-16 08:03:43.778 8 INFO neutron.db.ovn_revision_numbers_db [None req-f8b6473d-b30e-47b3-82ed-89032a2217c4 3c440e25110e4532afdbd771cc9b1a12 657a6d75ecdc46e4b78d2ffc2f4efcc5 - - default default] Successfully bumped revision number for resource b478702b-4d74-4752-80fd-7f85b70932cf (type: security_groups) to 1
2026-07-16 08:03:43.791 8 INFO neutron.db.ovn_revision_numbers_db [None req-f8b6473d-b30e-47b3-82ed-89032a2217c4 3c440e25110e4532afdbd771cc9b1a12 657a6d75ecdc46e4b78d2ffc2f4efcc5 - - default default] Successfully bumped revision number for resource a7c8823e-1500-4cb1-a93f-c151e2dbd774 (type: security_group_rules) to 0
2026-07-16 08:03:43.804 8 INFO neutron.db.ovn_revision_numbers_db [None req-f8b6473d-b30e-47b3-82ed-89032a2217c4 3c440e25110e4532afdbd771cc9b1a12 657a6d75ecdc46e4b78d2ffc2f4efcc5 - - default default] Successfully bumped revision number for resource a7cf4338-99a3-4c10-a4b3-680f51d4095c (type: security_group_rules) to 0
2026-07-16 08:03:43.829 8 INFO neutron.db.ovn_revision_numbers_db [None req-f8b6473d-b30e-47b3-82ed-89032a2217c4 3c440e25110e4532afdbd771cc9b1a12 657a6d75ecdc46e4b78d2ffc2f4efcc5 - - default default] Successfully bumped revision number for resource d2806b3d-72d9-488f-a9f9-2a4f38a49a75 (type: security_group_rules) to 0
2026-07-16 08:03:43.843 8 INFO neutron.db.ovn_revision_numbers_db [None req-f8b6473d-b30e-47b3-82ed-89032a2217c4 3c440e25110e4532afdbd771cc9b1a12 657a6d75ecdc46e4b78d2ffc2f4efcc5 - - default default] Successfully bumped revision number for resource e1a4152c-c32f-4103-96cb-e09bcd9c696e (type: security_group_rules) to 0 [pid: 8|app: 0|req: 605/1174] 10.0.0.140 () {32 vars in 774 bytes} [Thu Jul 16 08:03:43 2026] GET /v2.0/security-groups?tenant_id=decf2d7500024ccfb8ae7b472d05fa4f&name=default => generated 2925 bytes in 393 msecs (HTTP/1.1 200) 4 headers in 158 bytes (1 switches on core 0) [pid: 7|app: 0|req: 570/1175] 10.0.0.140 () {32 vars in 726 bytes} [Thu Jul 16 08:03:43 2026] DELETE /v2.0/networks/953fae04-eb63-44b3-8140-8b83a87a7f6b => generated 0 bytes in 471 msecs (HTTP/1.1 204) 3 headers in 131 bytes (1 switches on core 0) [pid: 8|app: 0|req: 606/1176] 10.0.0.140 () {32 vars in 740 bytes} [Thu Jul 16 08:03:43 2026] DELETE /v2.0/security-groups/b478702b-4d74-4752-80fd-7f85b70932cf => generated 0 bytes in 235 msecs (HTTP/1.1 204) 2 headers in 112 bytes (1 switches on core 0)
2026-07-16 08:03:44.540 7 INFO neutron.services.segments.plugin [-] Segment 15e2e00f-1581-40dc-8916-6f4ee937a917 resource provider aggregate not found
2026-07-16 08:03:44.550 7 INFO neutron.services.segments.plugin [-] Segment 15e2e00f-1581-40dc-8916-6f4ee937a917 resource provider aggregate not found
2026-07-16 08:03:44.555 7 INFO neutron.services.segments.plugin [-] Client error retrieving segment 15e2e00f-1581-40dc-8916-6f4ee937a917 resource provider; error: Placement Client Error (4xx): {"errors": [{"status": 404, "title": "Not Found", "detail": "The resource could not be found.\n\n No resource provider with uuid 15e2e00f-1581-40dc-8916-6f4ee937a917 found for delete ", "request_id": "req-0665d99a-7fa1-48ae-af58-7624379e6047"}]}
2026-07-16 08:03:44.573 7 INFO neutron.services.segments.plugin [-] Client error retrieving segment 15e2e00f-1581-40dc-8916-6f4ee937a917 resource provider; error: Placement Client Error (4xx): {"errors": [{"status": 404, "title": "Not Found", "detail": "The resource could not be found.\n\n No resource provider with uuid 15e2e00f-1581-40dc-8916-6f4ee937a917 found for delete ", "request_id": "req-21e4559f-708c-4fa8-9273-6b12bb304428"}]}
2026-07-16 08:03:44.594 7 WARNING neutron.db.securitygroups_db [None req-4b97302e-92ee-4d39-b7ca-218115f8c80e 3c440e25110e4532afdbd771cc9b1a12 657a6d75ecdc46e4b78d2ffc2f4efcc5 - - default default] project_id key not found in filters, using tenant_id instead. This support has been deprecated and will be removed in a future release. [pid: 7|app: 0|req: 571/1177] 10.0.0.140 () {32 vars in 774 bytes} [Thu Jul 16 08:03:44 2026] GET /v2.0/security-groups?tenant_id=1b53a785064d4df79f1a9078421d7107&name=default => generated 2925 bytes in 201 msecs (HTTP/1.1 200) 4 headers in 158 bytes (1 switches on core 0) [pid: 8|app: 0|req: 607/1180] 10.0.0.140 () {32 vars in 740 bytes} [Thu Jul 16 08:03:44 2026] DELETE /v2.0/security-groups/0f8bb7fc-ec41-4f51-b516-7d4a257bc6ae => generated 0 bytes in 190 msecs (HTTP/1.1 204) 2 headers in 112 bytes (1 switches on core 0)
2026-07-16 08:03:45.641 7 INFO neutron.db.ovn_revision_numbers_db [None req-ea2a1f22-34cd-4377-b7a9-17f8a4d4fd33 7a5249f03118414db9ea70b077304dd6 49db03fe41544919a4f517f3543c25b6 - - default default] Successfully bumped revision number for resource 345cc6a3-f5d3-478b-87c6-0d4fb9f08a38 (type: security_groups) to 1
2026-07-16 08:03:45.655 7 INFO neutron.db.ovn_revision_numbers_db [None req-ea2a1f22-34cd-4377-b7a9-17f8a4d4fd33 7a5249f03118414db9ea70b077304dd6 49db03fe41544919a4f517f3543c25b6 - - default default] Successfully bumped revision number for resource 3ba84368-6613-4518-9caa-cc9bf566f9ed (type: security_group_rules) to 0
2026-07-16 08:03:45.667 7 INFO neutron.db.ovn_revision_numbers_db [None req-ea2a1f22-34cd-4377-b7a9-17f8a4d4fd33 7a5249f03118414db9ea70b077304dd6 49db03fe41544919a4f517f3543c25b6 - - default default] Successfully bumped revision number for resource 53cdf774-bc37-4b0f-b39d-0f3ed85e9c24 (type: security_group_rules) to 0
2026-07-16 08:03:45.679 7 INFO neutron.db.ovn_revision_numbers_db [None req-ea2a1f22-34cd-4377-b7a9-17f8a4d4fd33 7a5249f03118414db9ea70b077304dd6 49db03fe41544919a4f517f3543c25b6 - - default default] Successfully bumped revision number for resource b57bf5c8-5d33-4544-8e0e-de4e8698f141 (type: security_group_rules) to 0
2026-07-16 08:03:45.693 7 INFO neutron.db.ovn_revision_numbers_db [None req-ea2a1f22-34cd-4377-b7a9-17f8a4d4fd33 7a5249f03118414db9ea70b077304dd6 49db03fe41544919a4f517f3543c25b6 - - default default] Successfully bumped revision number for resource eaad86e0-724f-4708-9507-6623840960ed (type: security_group_rules) to 0
2026-07-16 08:03:45.768 7 INFO neutron.db.segments_db [None req-ea2a1f22-34cd-4377-b7a9-17f8a4d4fd33 7a5249f03118414db9ea70b077304dd6 49db03fe41544919a4f517f3543c25b6 - - default default] Added segment b18d50ae-7b15-495f-b8c6-d6cebba61a8a of type geneve for network ada2aa68-322b-47c2-93f6-8a654b7ed121
2026-07-16 08:03:45.881 7 INFO neutron.db.ovn_revision_numbers_db [None req-ea2a1f22-34cd-4377-b7a9-17f8a4d4fd33 7a5249f03118414db9ea70b077304dd6 49db03fe41544919a4f517f3543c25b6 - - default default] Successfully bumped revision number for resource ada2aa68-322b-47c2-93f6-8a654b7ed121 (type: networks) to 1
2026-07-16 08:03:46.071 7 WARNING neutron.scheduler.dhcp_agent_scheduler [None req-ea2a1f22-34cd-4377-b7a9-17f8a4d4fd33 7a5249f03118414db9ea70b077304dd6 49db03fe41544919a4f517f3543c25b6 - - default default] No more DHCP agents
2026-07-16 08:03:46.073 7 WARNING neutron.api.rpc.agentnotifiers.dhcp_rpc_agent_api [None req-ea2a1f22-34cd-4377-b7a9-17f8a4d4fd33 7a5249f03118414db9ea70b077304dd6 49db03fe41544919a4f517f3543c25b6 - - default default] Unable to schedule network ada2aa68-322b-47c2-93f6-8a654b7ed121: no agents available; will retry on subsequent port and subnet creation events.
2026-07-16 08:03:46.140 8 INFO neutron.plugins.ml2.drivers.ovn.mech_driver.mech_driver [None req-f5e13a34-c4e0-48a8-a850-e9d021d7bf5d - - - - - -] OVN reports status down for port: 447ac227-6183-4183-b06b-3e28ae5b478a
2026-07-16 08:03:46.184 7 INFO neutron.db.ovn_revision_numbers_db [None req-ea2a1f22-34cd-4377-b7a9-17f8a4d4fd33 7a5249f03118414db9ea70b077304dd6 49db03fe41544919a4f517f3543c25b6 - - default default] Successfully bumped revision number for resource 447ac227-6183-4183-b06b-3e28ae5b478a (type: ports) to 1 [pid: 7|app: 0|req: 574/1181] 10.0.0.140 () {34 vars in 670 bytes} [Thu Jul 16 08:03:45 2026] POST /v2.0/networks => generated 671 bytes in 877 msecs (HTTP/1.1 201) 4 headers in 162 bytes (1 switches on core 0)
2026-07-16 08:03:46.309 8 INFO neutron.db.segments_db [None req-9149d497-b917-438f-9d06-fcff8f43eeb0 7a5249f03118414db9ea70b077304dd6 49db03fe41544919a4f517f3543c25b6 - - default default] Added segment 77969df3-97a1-420b-848b-81993e777206 of type geneve for network 7225d537-3e16-4227-852d-bd38a6c752d6
2026-07-16 08:03:46.430 8 INFO neutron.db.ovn_revision_numbers_db [None req-9149d497-b917-438f-9d06-fcff8f43eeb0 7a5249f03118414db9ea70b077304dd6 49db03fe41544919a4f517f3543c25b6 - - default default] Successfully bumped revision number for resource 7225d537-3e16-4227-852d-bd38a6c752d6 (type: networks) to 1
2026-07-16 08:03:46.587 8 WARNING neutron.scheduler.dhcp_agent_scheduler [None req-9149d497-b917-438f-9d06-fcff8f43eeb0 7a5249f03118414db9ea70b077304dd6 49db03fe41544919a4f517f3543c25b6 - - default default] No more DHCP agents
2026-07-16 08:03:46.589 8 WARNING neutron.api.rpc.agentnotifiers.dhcp_rpc_agent_api [None req-9149d497-b917-438f-9d06-fcff8f43eeb0 7a5249f03118414db9ea70b077304dd6 49db03fe41544919a4f517f3543c25b6 - - default default] Unable to schedule network 7225d537-3e16-4227-852d-bd38a6c752d6: no agents available; will retry on subsequent port and subnet creation events.
2026-07-16 08:03:46.656 8 INFO neutron.plugins.ml2.drivers.ovn.mech_driver.mech_driver [None req-f5e13a34-c4e0-48a8-a850-e9d021d7bf5d - - - - - -] OVN reports status down for port: cce9157c-967a-4ac4-ba91-c9cf7a3e3df6
2026-07-16 08:03:46.719 8 INFO neutron.db.ovn_revision_numbers_db [None req-9149d497-b917-438f-9d06-fcff8f43eeb0 7a5249f03118414db9ea70b077304dd6 49db03fe41544919a4f517f3543c25b6 - - default default] Successfully bumped revision number for resource cce9157c-967a-4ac4-ba91-c9cf7a3e3df6 (type: ports) to 1 [pid: 8|app: 0|req: 608/1182] 10.0.0.140 () {34 vars in 670 bytes} [Thu Jul 16 08:03:46 2026] POST /v2.0/networks => generated 672 bytes in 556 msecs (HTTP/1.1 201) 4 headers in 162 bytes (1 switches on core 0)
2026-07-16 08:03:46.913 7 WARNING neutron.db.securitygroups_db [None req-4f325250-65e2-4753-a183-898e618f952a 3c440e25110e4532afdbd771cc9b1a12 657a6d75ecdc46e4b78d2ffc2f4efcc5 - - default default] project_id key not found in filters, using tenant_id instead. This support has been deprecated and will be removed in a future release.
2026-07-16 08:03:46.952 8 WARNING neutron.scheduler.dhcp_agent_scheduler [None req-3e8e1f77-431a-4387-b95c-a266afedf19c 7a5249f03118414db9ea70b077304dd6 49db03fe41544919a4f517f3543c25b6 - - default default] No more DHCP agents
2026-07-16 08:03:46.953 8 WARNING neutron.api.rpc.agentnotifiers.dhcp_rpc_agent_api [None req-3e8e1f77-431a-4387-b95c-a266afedf19c 7a5249f03118414db9ea70b077304dd6 49db03fe41544919a4f517f3543c25b6 - - default default] Unable to schedule network ada2aa68-322b-47c2-93f6-8a654b7ed121: no agents available; will retry on subsequent port and subnet creation events.
2026-07-16 08:03:46.981 8 INFO neutron.db.ovn_revision_numbers_db [None req-3e8e1f77-431a-4387-b95c-a266afedf19c 7a5249f03118414db9ea70b077304dd6 49db03fe41544919a4f517f3543c25b6 - - default default] Successfully bumped revision number for resource e4d625e4-24a3-4034-b4f3-ebec89d466e8 (type: subnets) to 0 [pid: 8|app: 0|req: 609/1183] 10.0.0.140 () {34 vars in 669 bytes} [Thu Jul 16 08:03:46 2026] POST /v2.0/subnets => generated 646 bytes in 216 msecs (HTTP/1.1 201) 4 headers in 162 bytes (1 switches on core 0)
2026-07-16 08:03:47.101 7 INFO neutron.db.ovn_revision_numbers_db [None req-4f325250-65e2-4753-a183-898e618f952a 3c440e25110e4532afdbd771cc9b1a12 657a6d75ecdc46e4b78d2ffc2f4efcc5 - - default default] Successfully bumped revision number for resource d6e7cfae-2cb3-44db-ac7e-13021449ae72 (type: security_groups) to 1
2026-07-16 08:03:47.115 7 INFO neutron.db.ovn_revision_numbers_db [None req-4f325250-65e2-4753-a183-898e618f952a 3c440e25110e4532afdbd771cc9b1a12 657a6d75ecdc46e4b78d2ffc2f4efcc5 - - default default] Successfully bumped revision number for resource 2fcf75f5-c66f-4f7b-83a9-179cb85b3d77 (type: security_group_rules) to 0
2026-07-16 08:03:47.135 7 INFO neutron.db.ovn_revision_numbers_db [None req-4f325250-65e2-4753-a183-898e618f952a 3c440e25110e4532afdbd771cc9b1a12 657a6d75ecdc46e4b78d2ffc2f4efcc5 - - default default] Successfully bumped revision number for resource 351c8dd0-c12d-40d1-b460-2d2d2ee83aa0 (type: security_group_rules) to 0
2026-07-16 08:03:47.155 7 INFO neutron.db.ovn_revision_numbers_db [None req-4f325250-65e2-4753-a183-898e618f952a 3c440e25110e4532afdbd771cc9b1a12 657a6d75ecdc46e4b78d2ffc2f4efcc5 - - default default] Successfully bumped revision number for resource 3a2031d2-d1b6-470d-85ad-80bfeca9c2b2 (type: security_group_rules) to 0
2026-07-16 08:03:47.170 7 INFO neutron.db.ovn_revision_numbers_db [None req-4f325250-65e2-4753-a183-898e618f952a 3c440e25110e4532afdbd771cc9b1a12 657a6d75ecdc46e4b78d2ffc2f4efcc5 - - default default] Successfully bumped revision number for resource 883c9389-b608-4a99-8dc6-6749bc963aac (type: security_group_rules) to 0 [pid: 7|app: 0|req: 575/1184] 10.0.0.140 () {32 vars in 774 bytes} [Thu Jul 16 08:03:46 2026] GET /v2.0/security-groups?tenant_id=4238b1c0bda84cad807c8e39f7c43044&name=default => generated 2925 bytes in 610 msecs (HTTP/1.1 200) 4 headers in 158 bytes (1 switches on core 0)
2026-07-16 08:03:47.397 7 WARNING neutron.scheduler.dhcp_agent_scheduler [None req-1b443a55-5309-4487-94b6-d12b335e132b 7a5249f03118414db9ea70b077304dd6 49db03fe41544919a4f517f3543c25b6 - - default default] No more DHCP agents
2026-07-16 08:03:47.398 8 INFO neutron.db.ovn_revision_numbers_db [None req-cc7ab5bd-f4ee-4952-a15d-584075fd66c5 94aa4a0e889744cd94dbf8ca6e22c6f5 eac2fcf8b4bc4428b1563c593c0afdde - - default default] Successfully bumped revision number for resource af24578b-ffde-4983-a2e6-774a2f8aefc1 (type: security_groups) to 1
2026-07-16 08:03:47.398 7 WARNING neutron.api.rpc.agentnotifiers.dhcp_rpc_agent_api [None req-1b443a55-5309-4487-94b6-d12b335e132b 7a5249f03118414db9ea70b077304dd6 49db03fe41544919a4f517f3543c25b6 - - default default] Unable to schedule network 7225d537-3e16-4227-852d-bd38a6c752d6: no agents available; will retry on subsequent port and subnet creation events.
2026-07-16 08:03:47.413 8 INFO neutron.db.ovn_revision_numbers_db [None req-cc7ab5bd-f4ee-4952-a15d-584075fd66c5 94aa4a0e889744cd94dbf8ca6e22c6f5 eac2fcf8b4bc4428b1563c593c0afdde - - default default] Successfully bumped revision number for resource 0dc2e9e0-b385-420a-b091-8b0e91e1dc3c (type: security_group_rules) to 0
2026-07-16 08:03:47.426 8 INFO neutron.db.ovn_revision_numbers_db [None req-cc7ab5bd-f4ee-4952-a15d-584075fd66c5 94aa4a0e889744cd94dbf8ca6e22c6f5 eac2fcf8b4bc4428b1563c593c0afdde - - default default] Successfully bumped revision number for resource 151a1e4a-13ff-4499-bd3e-df242b78880a (type: security_group_rules) to 0
2026-07-16 08:03:47.428 7 INFO neutron.db.ovn_revision_numbers_db [None req-1b443a55-5309-4487-94b6-d12b335e132b 7a5249f03118414db9ea70b077304dd6 49db03fe41544919a4f517f3543c25b6 - - default default] Successfully bumped revision number for resource 15194362-7991-4cf3-8cda-55d30c5abc41 (type: subnets) to 0
2026-07-16 08:03:47.437 8 INFO neutron.db.ovn_revision_numbers_db [None req-cc7ab5bd-f4ee-4952-a15d-584075fd66c5 94aa4a0e889744cd94dbf8ca6e22c6f5 eac2fcf8b4bc4428b1563c593c0afdde - - default default] Successfully bumped revision number for resource 1caa2132-d2a5-4608-bd4c-b417a43a854b (type: security_group_rules) to 0 [pid: 7|app: 0|req: 576/1185] 10.0.0.140 () {34 vars in 669 bytes} [Thu Jul 16 08:03:47 2026] POST /v2.0/subnets => generated 655 bytes in 214 msecs (HTTP/1.1 201) 4 headers in 162 bytes (1 switches on core 0)
2026-07-16 08:03:47.450 8 INFO neutron.db.ovn_revision_numbers_db [None req-cc7ab5bd-f4ee-4952-a15d-584075fd66c5 94aa4a0e889744cd94dbf8ca6e22c6f5 eac2fcf8b4bc4428b1563c593c0afdde - - default default] Successfully bumped revision number for resource 92764d39-1147-4dd2-a083-fe104558ddc1 (type: security_group_rules) to 0
2026-07-16 08:03:47.486 7 WARNING neutron.db.securitygroups_db [None req-772a342d-1fe4-4e16-b01a-bc08223bb0e1 3c440e25110e4532afdbd771cc9b1a12 657a6d75ecdc46e4b78d2ffc2f4efcc5 - - default default] project_id key not found in filters, using tenant_id instead. This support has been deprecated and will be removed in a future release.
2026-07-16 08:03:47.522 8 INFO neutron.db.segments_db [None req-cc7ab5bd-f4ee-4952-a15d-584075fd66c5 94aa4a0e889744cd94dbf8ca6e22c6f5 eac2fcf8b4bc4428b1563c593c0afdde - - default default] Added segment c34811b1-e4ba-45b3-b371-1ab90b6d12b9 of type geneve for network 6d5d7f85-1dcc-4e12-adef-d3b1c715a0a7
2026-07-16 08:03:47.629 7 INFO neutron.db.ovn_revision_numbers_db [None req-772a342d-1fe4-4e16-b01a-bc08223bb0e1 3c440e25110e4532afdbd771cc9b1a12 657a6d75ecdc46e4b78d2ffc2f4efcc5 - - default default] Successfully bumped revision number for resource 295d337b-bf26-44e6-a0fd-a2a947a5f30b (type: security_groups) to 1
2026-07-16 08:03:47.638 8 INFO neutron.db.ovn_revision_numbers_db [None req-cc7ab5bd-f4ee-4952-a15d-584075fd66c5 94aa4a0e889744cd94dbf8ca6e22c6f5 eac2fcf8b4bc4428b1563c593c0afdde - - default default] Successfully bumped revision number for resource 6d5d7f85-1dcc-4e12-adef-d3b1c715a0a7 (type: networks) to 1
2026-07-16 08:03:47.640 7 INFO neutron.db.ovn_revision_numbers_db [None req-772a342d-1fe4-4e16-b01a-bc08223bb0e1 3c440e25110e4532afdbd771cc9b1a12 657a6d75ecdc46e4b78d2ffc2f4efcc5 - - default default] Successfully bumped revision number for resource 3845483a-f1f5-4fe3-90e1-e0e1dfda22de (type: security_group_rules) to 0
2026-07-16 08:03:47.652 7 INFO neutron.db.ovn_revision_numbers_db [None req-772a342d-1fe4-4e16-b01a-bc08223bb0e1 3c440e25110e4532afdbd771cc9b1a12 657a6d75ecdc46e4b78d2ffc2f4efcc5 - - default default] Successfully bumped revision number for resource 6f9b2809-0107-48c2-85d4-c605bce1c57d (type: security_group_rules) to 0
2026-07-16 08:03:47.663 7 INFO neutron.db.ovn_revision_numbers_db [None req-772a342d-1fe4-4e16-b01a-bc08223bb0e1 3c440e25110e4532afdbd771cc9b1a12 657a6d75ecdc46e4b78d2ffc2f4efcc5 - - default default] Successfully bumped revision number for resource 8895ed05-7123-4e82-b9dc-3da27adeb25a (type: security_group_rules) to 0
2026-07-16 08:03:47.676 7 INFO neutron.db.ovn_revision_numbers_db [None req-772a342d-1fe4-4e16-b01a-bc08223bb0e1 3c440e25110e4532afdbd771cc9b1a12 657a6d75ecdc46e4b78d2ffc2f4efcc5 - - default default] Successfully bumped revision number for resource e3467c2c-675f-443a-9c9a-1e243a43811b (type: security_group_rules) to 0 [pid: 7|app: 0|req: 577/1186] 10.0.0.140 () {32 vars in 774 bytes} [Thu Jul 16 08:03:47 2026] GET /v2.0/security-groups?tenant_id=b2feb8d850c243ce96489ad369a1f3f7&name=default => generated 2925 bytes in 267 msecs (HTTP/1.1 200) 4 headers in 158 bytes (1 switches on core 0)
2026-07-16 08:03:47.795 8 WARNING neutron.scheduler.dhcp_agent_scheduler [None req-cc7ab5bd-f4ee-4952-a15d-584075fd66c5 94aa4a0e889744cd94dbf8ca6e22c6f5 eac2fcf8b4bc4428b1563c593c0afdde - - default default] No more DHCP agents
2026-07-16 08:03:47.797 8 WARNING neutron.api.rpc.agentnotifiers.dhcp_rpc_agent_api [None req-cc7ab5bd-f4ee-4952-a15d-584075fd66c5 94aa4a0e889744cd94dbf8ca6e22c6f5 eac2fcf8b4bc4428b1563c593c0afdde - - default default] Unable to schedule network 6d5d7f85-1dcc-4e12-adef-d3b1c715a0a7: no agents available; will retry on subsequent port and subnet creation events.
2026-07-16 08:03:47.863 8 INFO neutron.plugins.ml2.drivers.ovn.mech_driver.mech_driver [None req-f5e13a34-c4e0-48a8-a850-e9d021d7bf5d - - - - - -] OVN reports status down for port: 6b5fd8ee-33bd-44ab-8aff-744b7b717b96 [pid: 7|app: 0|req: 578/1187] 10.0.0.140 () {32 vars in 740 bytes} [Thu Jul 16 08:03:47 2026] DELETE /v2.0/security-groups/d6e7cfae-2cb3-44db-ac7e-13021449ae72 => generated 0 bytes in 185 msecs (HTTP/1.1 204) 2 headers in 112 bytes (1 switches on core 0)
2026-07-16 08:03:47.934 8 INFO neutron.db.ovn_revision_numbers_db [None req-cc7ab5bd-f4ee-4952-a15d-584075fd66c5 94aa4a0e889744cd94dbf8ca6e22c6f5 eac2fcf8b4bc4428b1563c593c0afdde - - default default] Successfully bumped revision number for resource 6b5fd8ee-33bd-44ab-8aff-744b7b717b96 (type: ports) to 1 [pid: 8|app: 0|req: 610/1188] 10.0.0.140 () {34 vars in 670 bytes} [Thu Jul 16 08:03:46 2026] POST /v2.0/networks => generated 686 bytes in 967 msecs (HTTP/1.1 201) 4 headers in 162 bytes (1 switches on core 0)
2026-07-16 08:03:48.041 7 INFO neutron.db.ovn_revision_numbers_db [None req-240fbd00-11db-4ff0-a005-4a17becbdcbd 7a5249f03118414db9ea70b077304dd6 49db03fe41544919a4f517f3543c25b6 - - default default] Successfully bumped revision number for resource a6ec5009-19f2-4951-ba9f-e9162c4137f2 (type: routers) to 1 [pid: 7|app: 0|req: 579/1189] 10.0.0.140 () {34 vars in 669 bytes} [Thu Jul 16 08:03:47 2026] POST /v2.0/routers => generated 628 bytes in 166 msecs (HTTP/1.1 201) 4 headers in 162 bytes (1 switches on core 0) [pid: 8|app: 0|req: 611/1190] 10.0.0.140 () {32 vars in 740 bytes} [Thu Jul 16 08:03:47 2026] DELETE /v2.0/security-groups/295d337b-bf26-44e6-a0fd-a2a947a5f30b => generated 0 bytes in 219 msecs (HTTP/1.1 204) 2 headers in 112 bytes (1 switches on core 0)
2026-07-16 08:03:48.343 7 WARNING neutron.scheduler.dhcp_agent_scheduler [None req-392b9845-0921-47c2-b233-38f0e6c58d31 94aa4a0e889744cd94dbf8ca6e22c6f5 eac2fcf8b4bc4428b1563c593c0afdde - - default default] No more DHCP agents
2026-07-16 08:03:48.344 7 WARNING neutron.api.rpc.agentnotifiers.dhcp_rpc_agent_api [None req-392b9845-0921-47c2-b233-38f0e6c58d31 94aa4a0e889744cd94dbf8ca6e22c6f5 eac2fcf8b4bc4428b1563c593c0afdde - - default default] Unable to schedule network 6d5d7f85-1dcc-4e12-adef-d3b1c715a0a7: no agents available; will retry on subsequent port and subnet creation events.
2026-07-16 08:03:48.411 7 INFO neutron.plugins.ml2.drivers.ovn.mech_driver.mech_driver [None req-197351ec-c483-4ac8-9e8b-b8374f143f5f - - - - - -] OVN reports status down for port: ca67b7f2-28e1-4b43-9705-2d6a2a485951
2026-07-16 08:03:48.473 7 INFO neutron.db.ovn_revision_numbers_db [None req-392b9845-0921-47c2-b233-38f0e6c58d31 94aa4a0e889744cd94dbf8ca6e22c6f5 eac2fcf8b4bc4428b1563c593c0afdde - - default default] Successfully bumped revision number for resource ca67b7f2-28e1-4b43-9705-2d6a2a485951 (type: ports) to 1 [pid: 7|app: 0|req: 580/1191] 10.0.0.140 () {34 vars in 665 bytes} [Thu Jul 16 08:03:48 2026] POST /v2.0/ports => generated 779 bytes in 434 msecs (HTTP/1.1 201) 4 headers in 162 bytes (1 switches on core 0) /var/lib/openstack/lib/python3.12/site-packages/pycadf/identifier.py:70: UserWarning: Invalid uuid: neutron. To ensure interoperability, identifiers should be a valid uuid. warnings.warn(('Invalid uuid: %s. To ensure interoperability, '
2026-07-16 08:03:48.516 7 WARNING neutron.db.securitygroups_db [None req-e10d1592-cbb3-4a50-84b8-e4b631ada2f2 3c440e25110e4532afdbd771cc9b1a12 657a6d75ecdc46e4b78d2ffc2f4efcc5 - - default default] project_id key not found in filters, using tenant_id instead. This support has been deprecated and will be removed in a future release.
2026-07-16 08:03:48.618 8 WARNING neutron.scheduler.dhcp_agent_scheduler [None req-102057c2-ed0b-48ab-b0d8-d856ac3942f4 7a5249f03118414db9ea70b077304dd6 49db03fe41544919a4f517f3543c25b6 - - default default] No more DHCP agents
2026-07-16 08:03:48.619 8 WARNING neutron.api.rpc.agentnotifiers.dhcp_rpc_agent_api [None req-102057c2-ed0b-48ab-b0d8-d856ac3942f4 7a5249f03118414db9ea70b077304dd6 49db03fe41544919a4f517f3543c25b6 - - default default] Unable to schedule network ada2aa68-322b-47c2-93f6-8a654b7ed121: no agents available; will retry on subsequent port and subnet creation events.
2026-07-16 08:03:48.670 7 INFO neutron.db.ovn_revision_numbers_db [None req-e10d1592-cbb3-4a50-84b8-e4b631ada2f2 3c440e25110e4532afdbd771cc9b1a12 657a6d75ecdc46e4b78d2ffc2f4efcc5 - - default default] Successfully bumped revision number for resource a3439c0c-f5cd-4640-9a8e-4ec388f641b2 (type: security_groups) to 1
2026-07-16 08:03:48.683 7 INFO neutron.db.ovn_revision_numbers_db [None req-e10d1592-cbb3-4a50-84b8-e4b631ada2f2 3c440e25110e4532afdbd771cc9b1a12 657a6d75ecdc46e4b78d2ffc2f4efcc5 - - default default] Successfully bumped revision number for resource 54f3b2c6-19a8-4668-bb48-4b765665b577 (type: security_group_rules) to 0
2026-07-16 08:03:48.694 7 INFO neutron.db.ovn_revision_numbers_db [None req-e10d1592-cbb3-4a50-84b8-e4b631ada2f2 3c440e25110e4532afdbd771cc9b1a12 657a6d75ecdc46e4b78d2ffc2f4efcc5 - - default default] Successfully bumped revision number for resource 5d4ed997-b44c-477c-94b3-f904487960c5 (type: security_group_rules) to 0
2026-07-16 08:03:48.720 7 INFO neutron.db.ovn_revision_numbers_db [None req-e10d1592-cbb3-4a50-84b8-e4b631ada2f2 3c440e25110e4532afdbd771cc9b1a12 657a6d75ecdc46e4b78d2ffc2f4efcc5 - - default default] Successfully bumped revision number for resource 92b5add2-2879-4cf5-98f0-0144b9d0c9e4 (type: security_group_rules) to 0
2026-07-16 08:03:48.720 8 INFO neutron.plugins.ml2.drivers.ovn.mech_driver.mech_driver [None req-f5e13a34-c4e0-48a8-a850-e9d021d7bf5d - - - - - -] OVN reports status down for port: 610515ef-968a-42a6-bcdf-dea57d89b923
2026-07-16 08:03:48.731 7 INFO neutron.db.ovn_revision_numbers_db [None req-e10d1592-cbb3-4a50-84b8-e4b631ada2f2 3c440e25110e4532afdbd771cc9b1a12 657a6d75ecdc46e4b78d2ffc2f4efcc5 - - default default] Successfully bumped revision number for resource 9ea57987-284f-4c94-b9cd-1a433788f0b0 (type: security_group_rules) to 0 [pid: 7|app: 0|req: 581/1192] 10.0.0.140 () {32 vars in 774 bytes} [Thu Jul 16 08:03:48 2026] GET /v2.0/security-groups?tenant_id=8e684aae5903450cbbadefb098f37b15&name=default => generated 2925 bytes in 268 msecs (HTTP/1.1 200) 4 headers in 158 bytes (1 switches on core 0)
2026-07-16 08:03:48.779 8 INFO neutron.db.ovn_revision_numbers_db [None req-102057c2-ed0b-48ab-b0d8-d856ac3942f4 7a5249f03118414db9ea70b077304dd6 49db03fe41544919a4f517f3543c25b6 - - default default] Successfully bumped revision number for resource 610515ef-968a-42a6-bcdf-dea57d89b923 (type: ports) to 1
2026-07-16 08:03:48.860 7 INFO neutron.db.segments_db [None req-ea2d0e93-7ea0-4293-895d-9d397119b2a6 94aa4a0e889744cd94dbf8ca6e22c6f5 eac2fcf8b4bc4428b1563c593c0afdde - - default default] Added segment 3df08f1f-a7d8-4c5f-bc1f-7fcbcd39ecfd of type geneve for network 201a9e5f-f374-4cb7-b308-76c12be7729a
2026-07-16 08:03:48.970 7 INFO neutron.db.ovn_revision_numbers_db [None req-ea2d0e93-7ea0-4293-895d-9d397119b2a6 94aa4a0e889744cd94dbf8ca6e22c6f5 eac2fcf8b4bc4428b1563c593c0afdde - - default default] Successfully bumped revision number for resource 201a9e5f-f374-4cb7-b308-76c12be7729a (type: networks) to 1
2026-07-16 08:03:49.178 7 WARNING neutron.scheduler.dhcp_agent_scheduler [None req-ea2d0e93-7ea0-4293-895d-9d397119b2a6 94aa4a0e889744cd94dbf8ca6e22c6f5 eac2fcf8b4bc4428b1563c593c0afdde - - default default] No more DHCP agents
2026-07-16 08:03:49.180 7 WARNING neutron.api.rpc.agentnotifiers.dhcp_rpc_agent_api [None req-ea2d0e93-7ea0-4293-895d-9d397119b2a6 94aa4a0e889744cd94dbf8ca6e22c6f5 eac2fcf8b4bc4428b1563c593c0afdde - - default default] Unable to schedule network 201a9e5f-f374-4cb7-b308-76c12be7729a: no agents available; will retry on subsequent port and subnet creation events.
2026-07-16 08:03:49.260 8 INFO neutron.plugins.ml2.drivers.ovn.mech_driver.mech_driver [None req-f5e13a34-c4e0-48a8-a850-e9d021d7bf5d - - - - - -] OVN reports status down for port: eb95fa39-7ca3-4b95-8e0a-3111b606c65a
2026-07-16 08:03:49.267 7 INFO neutron.db.ovn_revision_numbers_db [None req-ea2d0e93-7ea0-4293-895d-9d397119b2a6 94aa4a0e889744cd94dbf8ca6e22c6f5 eac2fcf8b4bc4428b1563c593c0afdde - - default default] Successfully bumped revision number for resource eb95fa39-7ca3-4b95-8e0a-3111b606c65a (type: ports) to 1 [pid: 7|app: 0|req: 582/1193] 10.0.0.140 () {34 vars in 670 bytes} [Thu Jul 16 08:03:48 2026] POST /v2.0/networks => generated 673 bytes in 525 msecs (HTTP/1.1 201) 4 headers in 162 bytes (1 switches on core 0)
2026-07-16 08:03:49.469 8 INFO neutron.plugins.ml2.drivers.ovn.mech_driver.mech_driver [None req-f5e13a34-c4e0-48a8-a850-e9d021d7bf5d - - - - - -] OVN reports status up for port: 610515ef-968a-42a6-bcdf-dea57d89b923 [pid: 7|app: 0|req: 583/1194] 10.0.0.140 () {32 vars in 740 bytes} [Thu Jul 16 08:03:49 2026] DELETE /v2.0/security-groups/a3439c0c-f5cd-4640-9a8e-4ec388f641b2 => generated 0 bytes in 183 msecs (HTTP/1.1 204) 2 headers in 112 bytes (1 switches on core 0)
2026-07-16 08:03:49.496 8 INFO neutron.plugins.ml2.plugin [None req-f5e13a34-c4e0-48a8-a850-e9d021d7bf5d - - - - - -] Attempt 1 to provision port 610515ef-968a-42a6-bcdf-dea57d89b923
2026-07-16 08:03:49.604 8 WARNING neutron.scheduler.dhcp_agent_scheduler [None req-102057c2-ed0b-48ab-b0d8-d856ac3942f4 7a5249f03118414db9ea70b077304dd6 49db03fe41544919a4f517f3543c25b6 - - default default] No more DHCP agents
2026-07-16 08:03:49.606 8 WARNING neutron.api.rpc.agentnotifiers.dhcp_rpc_agent_api [None req-102057c2-ed0b-48ab-b0d8-d856ac3942f4 7a5249f03118414db9ea70b077304dd6 49db03fe41544919a4f517f3543c25b6 - - default default] Unable to schedule network ada2aa68-322b-47c2-93f6-8a654b7ed121: no agents available; will retry on subsequent port and subnet creation events.
2026-07-16 08:03:49.644 7 WARNING neutron.scheduler.dhcp_agent_scheduler [None req-21e3d5f7-54b0-46db-9625-b47d7947bef2 94aa4a0e889744cd94dbf8ca6e22c6f5 eac2fcf8b4bc4428b1563c593c0afdde - - default default] No more DHCP agents
2026-07-16 08:03:49.645 7 WARNING neutron.api.rpc.agentnotifiers.dhcp_rpc_agent_api [None req-21e3d5f7-54b0-46db-9625-b47d7947bef2 94aa4a0e889744cd94dbf8ca6e22c6f5 eac2fcf8b4bc4428b1563c593c0afdde - - default default] Unable to schedule network 201a9e5f-f374-4cb7-b308-76c12be7729a: no agents available; will retry on subsequent port and subnet creation events.
