2026-07-16 08:06:03.235 7 INFO neutron.plugins.ml2.drivers.ovn.mech_driver.mech_driver [None req-926f7a87-6500-4d62-a8df-9ef97f463162 - - - - - -] OVN reports status up for port: 7cb35d3b-e2ea-4201-beb3-45393bf442b5 [pid: 7|app: 0|req: 1038/2272] 10.0.0.140 () {34 vars in 678 bytes} [Thu Jul 16 08:06:03 2026] POST /v2.0/qos/policies => generated 359 bytes in 69 msecs (HTTP/1.1 201) 4 headers in 162 bytes (1 switches on core 0)
2026-07-16 08:06:03.267 8 INFO neutron.db.ovn_revision_numbers_db [None req-46ef16cc-85d0-4064-9bb0-075b9c015254 ec2c66341dfc44039f3370a9ee409d28 ca9414fb4e88451f813043a8e92baf06 - - default default] Successfully bumped revision number for resource 7cb35d3b-e2ea-4201-beb3-45393bf442b5 (type: router_ports) to 1
2026-07-16 08:06:03.270 7 INFO neutron.plugins.ml2.plugin [None req-926f7a87-6500-4d62-a8df-9ef97f463162 - - - - - -] Attempt 1 to provision port 7cb35d3b-e2ea-4201-beb3-45393bf442b5 [pid: 7|app: 0|req: 1039/2273] 10.0.0.140 () {34 vars in 678 bytes} [Thu Jul 16 08:06:03 2026] POST /v2.0/qos/policies => generated 359 bytes in 72 msecs (HTTP/1.1 201) 4 headers in 162 bytes (1 switches on core 0)
2026-07-16 08:06:03.337 8 INFO neutron.db.ovn_revision_numbers_db [None req-46ef16cc-85d0-4064-9bb0-075b9c015254 ec2c66341dfc44039f3370a9ee409d28 ca9414fb4e88451f813043a8e92baf06 - - default default] Successfully bumped revision number for resource 52a407ee-0818-4aec-bb69-5ea45f3c08b8 (type: routers) to 2 [pid: 8|app: 0|req: 1235/2274] 10.0.0.140 () {34 vars in 669 bytes} [Thu Jul 16 08:06:02 2026] POST /v2.0/routers => generated 957 bytes in 1364 msecs (HTTP/1.1 201) 4 headers in 162 bytes (1 switches on core 0) [pid: 7|app: 0|req: 1040/2275] 10.0.0.140 () {34 vars in 678 bytes} [Thu Jul 16 08:06:03 2026] POST /v2.0/qos/policies => generated 359 bytes in 64 msecs (HTTP/1.1 201) 4 headers in 162 bytes (1 switches on core 0) [pid: 7|app: 0|req: 1041/2276] 10.0.0.140 () {34 vars in 678 bytes} [Thu Jul 16 08:06:03 2026] POST /v2.0/qos/policies => generated 359 bytes in 56 msecs (HTTP/1.1 201) 4 headers in 162 bytes (1 switches on core 0)
2026-07-16 08:06:03.502 7 WARNING tagging [None req-4345236b-935f-4591-a429-f3f4ac6f1845 56c5823c23b24d62add2526e9f5b5fdb 851283f002b1422993c0ee55ac277652 - - default default] project_id key not found in request, using tenant_id instead. This support has been deprecated and will be removed in a future release. [pid: 7|app: 0|req: 1042/2277] 10.0.0.140 () {34 vars in 753 bytes} [Thu Jul 16 08:06:03 2026] PUT /v2.0/policies/670edd7c-0a24-4204-88bd-9a4471c53fd3/tags => generated 17 bytes in 63 msecs (HTTP/1.1 200) 4 headers in 156 bytes (1 switches on core 0)
2026-07-16 08:06:03.568 7 WARNING tagging [None req-f3d06008-9f2d-4041-846b-d454a957f3f1 56c5823c23b24d62add2526e9f5b5fdb 851283f002b1422993c0ee55ac277652 - - default default] project_id key not found in request, using tenant_id instead. This support has been deprecated and will be removed in a future release. [pid: 7|app: 0|req: 1043/2278] 10.0.0.140 () {34 vars in 753 bytes} [Thu Jul 16 08:06:03 2026] PUT /v2.0/policies/c51a932d-a6fa-46db-b892-2c9ed24422d0/tags => generated 25 bytes in 76 msecs (HTTP/1.1 200) 4 headers in 156 bytes (1 switches on core 0)
2026-07-16 08:06:03.647 7 WARNING tagging [None req-dd76c4aa-5af4-4fe0-9fec-fc9b638d316e 56c5823c23b24d62add2526e9f5b5fdb 851283f002b1422993c0ee55ac277652 - - default default] project_id key not found in request, using tenant_id instead. This support has been deprecated and will be removed in a future release. [pid: 7|app: 0|req: 1044/2279] 10.0.0.140 () {34 vars in 753 bytes} [Thu Jul 16 08:06:03 2026] PUT /v2.0/policies/b7fae608-53c3-43c4-97c5-f91557eb8e7a/tags => generated 34 bytes in 56 msecs (HTTP/1.1 200) 4 headers in 156 bytes (1 switches on core 0)
2026-07-16 08:06:03.702 7 WARNING tagging [None req-76f2ba6f-d887-417b-ac49-07c0bbe53a22 56c5823c23b24d62add2526e9f5b5fdb 851283f002b1422993c0ee55ac277652 - - default default] project_id key not found in request, using tenant_id instead. This support has been deprecated and will be removed in a future release. [pid: 7|app: 0|req: 1045/2280] 10.0.0.140 () {34 vars in 753 bytes} [Thu Jul 16 08:06:03 2026] PUT /v2.0/policies/d7e2ed30-ffd9-456f-b2b2-c2a35c3d4e64/tags => generated 19 bytes in 47 msecs (HTTP/1.1 200) 4 headers in 156 bytes (1 switches on core 0)
2026-07-16 08:06:04.011 8 WARNING neutron.scheduler.dhcp_agent_scheduler [None req-8792d13b-30f2-48a1-b9dc-7a7acdb84d89 ec2c66341dfc44039f3370a9ee409d28 ca9414fb4e88451f813043a8e92baf06 - - default default] No more DHCP agents
2026-07-16 08:06:04.013 8 WARNING neutron.api.rpc.agentnotifiers.dhcp_rpc_agent_api [None req-8792d13b-30f2-48a1-b9dc-7a7acdb84d89 ec2c66341dfc44039f3370a9ee409d28 ca9414fb4e88451f813043a8e92baf06 - - default default] Unable to schedule network 500b9842-0b73-4f71-9bee-44945693b8ba: no agents available; will retry on subsequent port and subnet creation events.
2026-07-16 08:06:04.123 8 INFO neutron.plugins.ml2.drivers.ovn.mech_driver.mech_driver [None req-4f111f7b-d8ca-4c89-a110-c417d3df6e0a - - - - - -] OVN reports status down for port: f606a7d4-7796-4171-890f-961d8aad91be
2026-07-16 08:06:04.189 8 INFO neutron.db.ovn_revision_numbers_db [None req-8792d13b-30f2-48a1-b9dc-7a7acdb84d89 ec2c66341dfc44039f3370a9ee409d28 ca9414fb4e88451f813043a8e92baf06 - - default default] Successfully bumped revision number for resource f606a7d4-7796-4171-890f-961d8aad91be (type: ports) to 1 [pid: 7|app: 0|req: 1046/2281] 10.0.0.140 () {32 vars in 674 bytes} [Thu Jul 16 08:06:04 2026] GET /v2.0/qos/policies?tags=red => generated 1101 bytes in 158 msecs (HTTP/1.1 200) 4 headers in 158 bytes (1 switches on core 0)
2026-07-16 08:06:04.495 7 INFO neutron.db.ovn_revision_numbers_db [None req-5c0a445a-b474-4406-bc24-2fa6914aa57b fcd0a845280f43298ab3e5ed0b28f00b cf9e4387c7e84b32a153f8d7543b1743 - - default default] Successfully bumped revision number for resource 9ad3538d-cad5-40cc-9c22-1d4b5127b728 (type: security_groups) to 1
2026-07-16 08:06:04.509 7 INFO neutron.db.ovn_revision_numbers_db [None req-5c0a445a-b474-4406-bc24-2fa6914aa57b fcd0a845280f43298ab3e5ed0b28f00b cf9e4387c7e84b32a153f8d7543b1743 - - default default] Successfully bumped revision number for resource 51b422c5-6c8b-4253-8aad-9648fcf0f39e (type: security_group_rules) to 0
2026-07-16 08:06:04.522 7 INFO neutron.db.ovn_revision_numbers_db [None req-5c0a445a-b474-4406-bc24-2fa6914aa57b fcd0a845280f43298ab3e5ed0b28f00b cf9e4387c7e84b32a153f8d7543b1743 - - default default] Successfully bumped revision number for resource cc2cad43-b3e9-4d26-887e-d7e3626881d0 (type: security_group_rules) to 0
2026-07-16 08:06:04.534 7 INFO neutron.db.ovn_revision_numbers_db [None req-5c0a445a-b474-4406-bc24-2fa6914aa57b fcd0a845280f43298ab3e5ed0b28f00b cf9e4387c7e84b32a153f8d7543b1743 - - default default] Successfully bumped revision number for resource dc663b84-4413-422b-aac1-045d67492a41 (type: security_group_rules) to 0
2026-07-16 08:06:04.547 7 INFO neutron.db.ovn_revision_numbers_db [None req-5c0a445a-b474-4406-bc24-2fa6914aa57b fcd0a845280f43298ab3e5ed0b28f00b cf9e4387c7e84b32a153f8d7543b1743 - - default default] Successfully bumped revision number for resource f8e0fc0b-9eb0-41a1-b719-6ddf820c337b (type: security_group_rules) to 0
2026-07-16 08:06:04.630 7 INFO neutron.db.segments_db [None req-5c0a445a-b474-4406-bc24-2fa6914aa57b fcd0a845280f43298ab3e5ed0b28f00b cf9e4387c7e84b32a153f8d7543b1743 - - default default] Added segment c9ff1502-c532-478f-8f3b-45eb94c80129 of type geneve for network b46e6791-630b-44bc-a742-8a4ee6afa9cd
2026-07-16 08:06:04.736 7 INFO neutron.db.ovn_revision_numbers_db [None req-5c0a445a-b474-4406-bc24-2fa6914aa57b fcd0a845280f43298ab3e5ed0b28f00b cf9e4387c7e84b32a153f8d7543b1743 - - default default] Successfully bumped revision number for resource b46e6791-630b-44bc-a742-8a4ee6afa9cd (type: networks) to 1
2026-07-16 08:06:04.852 8 INFO neutron.plugins.ml2.drivers.ovn.mech_driver.mech_driver [None req-4f111f7b-d8ca-4c89-a110-c417d3df6e0a - - - - - -] OVN reports status up for port: f606a7d4-7796-4171-890f-961d8aad91be
2026-07-16 08:06:04.875 8 INFO neutron.plugins.ml2.plugin [None req-4f111f7b-d8ca-4c89-a110-c417d3df6e0a - - - - - -] Attempt 1 to provision port f606a7d4-7796-4171-890f-961d8aad91be
2026-07-16 08:06:04.904 7 WARNING neutron.scheduler.dhcp_agent_scheduler [None req-5c0a445a-b474-4406-bc24-2fa6914aa57b fcd0a845280f43298ab3e5ed0b28f00b cf9e4387c7e84b32a153f8d7543b1743 - - default default] No more DHCP agents
2026-07-16 08:06:04.906 7 WARNING neutron.api.rpc.agentnotifiers.dhcp_rpc_agent_api [None req-5c0a445a-b474-4406-bc24-2fa6914aa57b fcd0a845280f43298ab3e5ed0b28f00b cf9e4387c7e84b32a153f8d7543b1743 - - default default] Unable to schedule network b46e6791-630b-44bc-a742-8a4ee6afa9cd: no agents available; will retry on subsequent port and subnet creation events.
2026-07-16 08:06:04.983 7 INFO neutron.db.ovn_revision_numbers_db [None req-5c0a445a-b474-4406-bc24-2fa6914aa57b fcd0a845280f43298ab3e5ed0b28f00b cf9e4387c7e84b32a153f8d7543b1743 - - default default] Successfully bumped revision number for resource 911607b2-8eff-4e0f-964f-b7e55471c14b (type: ports) to 1
2026-07-16 08:06:04.988 8 WARNING neutron.scheduler.dhcp_agent_scheduler [None req-8792d13b-30f2-48a1-b9dc-7a7acdb84d89 ec2c66341dfc44039f3370a9ee409d28 ca9414fb4e88451f813043a8e92baf06 - - default default] No more DHCP agents
2026-07-16 08:06:04.991 8 WARNING neutron.api.rpc.agentnotifiers.dhcp_rpc_agent_api [None req-8792d13b-30f2-48a1-b9dc-7a7acdb84d89 ec2c66341dfc44039f3370a9ee409d28 ca9414fb4e88451f813043a8e92baf06 - - default default] Unable to schedule network 500b9842-0b73-4f71-9bee-44945693b8ba: no agents available; will retry on subsequent port and subnet creation events. [pid: 7|app: 0|req: 1047/2282] 10.0.0.140 () {34 vars in 670 bytes} [Thu Jul 16 08:06:04 2026] POST /v2.0/networks => generated 669 bytes in 689 msecs (HTTP/1.1 201) 4 headers in 162 bytes (1 switches on core 0) [pid: 7|app: 0|req: 1048/2283] 10.0.0.140 () {32 vars in 688 bytes} [Thu Jul 16 08:06:05 2026] GET /v2.0/qos/policies?tags=red%2Cblue => generated 747 bytes in 65 msecs (HTTP/1.1 200) 4 headers in 157 bytes (1 switches on core 0) [pid: 7|app: 0|req: 1049/2284] 10.0.0.140 () {34 vars in 678 bytes} [Thu Jul 16 08:06:05 2026] POST /v2.0/qos/policies => generated 359 bytes in 82 msecs (HTTP/1.1 201) 4 headers in 162 bytes (1 switches on core 0)
2026-07-16 08:06:05.318 7 WARNING neutron.scheduler.dhcp_agent_scheduler [None req-82985b53-0287-4021-9ae9-f5f8919073e7 fcd0a845280f43298ab3e5ed0b28f00b cf9e4387c7e84b32a153f8d7543b1743 - - default default] No more DHCP agents
2026-07-16 08:06:05.320 7 WARNING neutron.api.rpc.agentnotifiers.dhcp_rpc_agent_api [None req-82985b53-0287-4021-9ae9-f5f8919073e7 fcd0a845280f43298ab3e5ed0b28f00b cf9e4387c7e84b32a153f8d7543b1743 - - default default] Unable to schedule network b46e6791-630b-44bc-a742-8a4ee6afa9cd: no agents available; will retry on subsequent port and subnet creation events.
2026-07-16 08:06:05.524 8 INFO neutron.db.ovn_revision_numbers_db [None req-8792d13b-30f2-48a1-b9dc-7a7acdb84d89 ec2c66341dfc44039f3370a9ee409d28 ca9414fb4e88451f813043a8e92baf06 - - default default] Successfully bumped revision number for resource f606a7d4-7796-4171-890f-961d8aad91be (type: router_ports) to 1 [pid: 8|app: 0|req: 1236/2285] 10.0.0.140 () {34 vars in 783 bytes} [Thu Jul 16 08:06:03 2026] PUT /v2.0/routers/52a407ee-0818-4aec-bb69-5ea45f3c08b8/add_router_interface => generated 310 bytes in 2153 msecs (HTTP/1.1 200) 4 headers in 157 bytes (1 switches on core 0) [pid: 8|app: 0|req: 1237/2286] 10.0.0.140 () {32 vars in 684 bytes} [Thu Jul 16 08:06:05 2026] GET /v2.0/qos/policies?tags-any=blue => generated 747 bytes in 120 msecs (HTTP/1.1 200) 4 headers in 157 bytes (1 switches on core 0)
2026-07-16 08:06:05.810 7 INFO neutron.db.ovn_revision_numbers_db [None req-82985b53-0287-4021-9ae9-f5f8919073e7 fcd0a845280f43298ab3e5ed0b28f00b cf9e4387c7e84b32a153f8d7543b1743 - - default default] Successfully bumped revision number for resource 911607b2-8eff-4e0f-964f-b7e55471c14b (type: ports) to 2
2026-07-16 08:06:05.838 7 INFO neutron.db.ovn_revision_numbers_db [None req-82985b53-0287-4021-9ae9-f5f8919073e7 fcd0a845280f43298ab3e5ed0b28f00b cf9e4387c7e84b32a153f8d7543b1743 - - default default] Successfully bumped revision number for resource bfc0a780-7661-4aab-98cd-0de1a3683318 (type: subnets) to 0 [pid: 7|app: 0|req: 1050/2287] 10.0.0.140 () {34 vars in 669 bytes} [Thu Jul 16 08:06:05 2026] POST /v2.0/subnets => generated 626 bytes in 701 msecs (HTTP/1.1 201) 4 headers in 162 bytes (1 switches on core 0)
2026-07-16 08:06:06.180 8 WARNING tagging [None req-fcee1cd3-32e3-452d-8a3e-052b8d25fcc7 ee351680e4314b599a589bfa72543eef 33f3be3b149542f1952572d7f2aca280 - - default default] project_id key not found in request, using tenant_id instead. This support has been deprecated and will be removed in a future release.
2026-07-16 08:06:06.190 8 INFO neutron.db.ovn_revision_numbers_db [None req-4f111f7b-d8ca-4c89-a110-c417d3df6e0a - - - - - -] Successfully bumped revision number for resource f606a7d4-7796-4171-890f-961d8aad91be (type: ports) to 2 [pid: 8|app: 0|req: 1238/2288] 10.0.0.140 () {34 vars in 753 bytes} [Thu Jul 16 08:06:05 2026] PUT /v2.0/policies/a06a7c9b-e10d-46c5-9812-7ccf26e17823/tags => generated 25 bytes in 549 msecs (HTTP/1.1 200) 4 headers in 156 bytes (1 switches on core 0) [pid: 8|app: 0|req: 1239/2289] 10.0.0.140 () {32 vars in 696 bytes} [Thu Jul 16 08:06:06 2026] GET /v2.0/qos/policies?tags-any=red%2Cblue => generated 1463 bytes in 143 msecs (HTTP/1.1 200) 4 headers in 158 bytes (1 switches on core 0)
2026-07-16 08:06:06.429 8 INFO neutron.db.segments_db [None req-a8d19740-b31c-4863-baed-355c77fa750c fcd0a845280f43298ab3e5ed0b28f00b cf9e4387c7e84b32a153f8d7543b1743 - - default default] Added segment 3f1da49f-fb68-4043-b4a7-f1926f3e43b9 of type geneve for network bf35da5e-67e9-4862-969e-93d312f070d8
2026-07-16 08:06:06.447 7 WARNING neutron.scheduler.dhcp_agent_scheduler [None req-e6329481-0772-41ed-b8b7-62f7264717f3 - - - - - -] No more DHCP agents
2026-07-16 08:06:06.449 7 WARNING neutron.api.rpc.agentnotifiers.dhcp_rpc_agent_api [None req-e6329481-0772-41ed-b8b7-62f7264717f3 - - - - - -] Unable to schedule network 6cae97ac-068e-42eb-ab28-92ca7e56185f: no agents available; will retry on subsequent port and subnet creation events.
2026-07-16 08:06:06.527 8 INFO neutron.db.ovn_revision_numbers_db [None req-a8d19740-b31c-4863-baed-355c77fa750c fcd0a845280f43298ab3e5ed0b28f00b cf9e4387c7e84b32a153f8d7543b1743 - - default default] Successfully bumped revision number for resource bf35da5e-67e9-4862-969e-93d312f070d8 (type: networks) to 1
2026-07-16 08:06:06.592 7 INFO neutron.db.ovn_revision_numbers_db [None req-e6329481-0772-41ed-b8b7-62f7264717f3 - - - - - -] Successfully bumped revision number for resource 6cd52c0f-b3f5-462e-98c8-a66f4fb796aa (type: ports) to 1
2026-07-16 08:06:06.685 8 WARNING neutron.scheduler.dhcp_agent_scheduler [None req-a8d19740-b31c-4863-baed-355c77fa750c fcd0a845280f43298ab3e5ed0b28f00b cf9e4387c7e84b32a153f8d7543b1743 - - default default] No more DHCP agents
2026-07-16 08:06:06.686 8 WARNING neutron.api.rpc.agentnotifiers.dhcp_rpc_agent_api [None req-a8d19740-b31c-4863-baed-355c77fa750c fcd0a845280f43298ab3e5ed0b28f00b cf9e4387c7e84b32a153f8d7543b1743 - - default default] Unable to schedule network bf35da5e-67e9-4862-969e-93d312f070d8: no agents available; will retry on subsequent port and subnet creation events.
2026-07-16 08:06:06.761 8 INFO neutron.db.ovn_revision_numbers_db [None req-a8d19740-b31c-4863-baed-355c77fa750c fcd0a845280f43298ab3e5ed0b28f00b cf9e4387c7e84b32a153f8d7543b1743 - - default default] Successfully bumped revision number for resource e880a8de-ef87-4b5e-8d10-a6e5ed1d4dea (type: ports) to 1 [pid: 8|app: 0|req: 1240/2290] 10.0.0.140 () {34 vars in 670 bytes} [Thu Jul 16 08:06:06 2026] POST /v2.0/networks => generated 670 bytes in 438 msecs (HTTP/1.1 201) 4 headers in 162 bytes (1 switches on core 0)
2026-07-16 08:06:06.807 8 WARNING tagging [None req-2aefd6e9-9e03-4ceb-984b-4d3d30d75c9c ee351680e4314b599a589bfa72543eef 33f3be3b149542f1952572d7f2aca280 - - default default] project_id key not found in request, using tenant_id instead. This support has been deprecated and will be removed in a future release. [pid: 8|app: 0|req: 1241/2291] 10.0.0.140 () {32 vars in 733 bytes} [Thu Jul 16 08:06:06 2026] GET /v2.0/policies/a06a7c9b-e10d-46c5-9812-7ccf26e17823/tags => generated 25 bytes in 25 msecs (HTTP/1.1 200) 4 headers in 156 bytes (1 switches on core 0)
2026-07-16 08:06:06.853 7 INFO neutron.db.ovn_revision_numbers_db [None req-e6329481-0772-41ed-b8b7-62f7264717f3 - - - - - -] Successfully bumped revision number for resource 6cd52c0f-b3f5-462e-98c8-a66f4fb796aa (type: ports) to 3 [pid: 8|app: 0|req: 1242/2292] 10.0.0.140 () {32 vars in 682 bytes} [Thu Jul 16 08:06:06 2026] GET /v2.0/qos/policies?not-tags=red => generated 719 bytes in 47 msecs (HTTP/1.1 200) 4 headers in 157 bytes (1 switches on core 0)
2026-07-16 08:06:06.919 7 INFO neutron.db.segments_db [None req-e6329481-0772-41ed-b8b7-62f7264717f3 - - - - - -] Added segment 0a26efc8-fd34-4271-834c-8980bfe8d237 of type geneve for network 107c755a-9203-49f7-93a9-38eca4a74642
2026-07-16 08:06:06.993 8 WARNING neutron.scheduler.dhcp_agent_scheduler [None req-7a90ec4d-d420-4838-a294-be471b8edbdb fcd0a845280f43298ab3e5ed0b28f00b cf9e4387c7e84b32a153f8d7543b1743 - - default default] No more DHCP agents
2026-07-16 08:06:06.994 8 WARNING neutron.api.rpc.agentnotifiers.dhcp_rpc_agent_api [None req-7a90ec4d-d420-4838-a294-be471b8edbdb fcd0a845280f43298ab3e5ed0b28f00b cf9e4387c7e84b32a153f8d7543b1743 - - default default] Unable to schedule network bf35da5e-67e9-4862-969e-93d312f070d8: no agents available; will retry on subsequent port and subnet creation events.
2026-07-16 08:06:07.042 7 INFO neutron.db.ovn_revision_numbers_db [None req-c58df68a-7f5b-4cd7-99f3-6ca4c9578782 - - - - - -] Successfully bumped revision number for resource 107c755a-9203-49f7-93a9-38eca4a74642 (type: networks) to 1
2026-07-16 08:06:07.200 7 WARNING neutron.scheduler.dhcp_agent_scheduler [None req-c58df68a-7f5b-4cd7-99f3-6ca4c9578782 - - - - - -] No more DHCP agents
2026-07-16 08:06:07.202 7 WARNING neutron.api.rpc.agentnotifiers.dhcp_rpc_agent_api [None req-c58df68a-7f5b-4cd7-99f3-6ca4c9578782 - - - - - -] Unable to schedule network 107c755a-9203-49f7-93a9-38eca4a74642: no agents available; will retry on subsequent port and subnet creation events.
2026-07-16 08:06:07.272 7 INFO neutron.db.ovn_revision_numbers_db [None req-c58df68a-7f5b-4cd7-99f3-6ca4c9578782 - - - - - -] Successfully bumped revision number for resource 6f46b89f-c4a6-4d79-93e9-ae7167df2c9d (type: ports) to 1
2026-07-16 08:06:07.373 8 INFO neutron.db.ovn_revision_numbers_db [None req-7a90ec4d-d420-4838-a294-be471b8edbdb fcd0a845280f43298ab3e5ed0b28f00b cf9e4387c7e84b32a153f8d7543b1743 - - default default] Successfully bumped revision number for resource e880a8de-ef87-4b5e-8d10-a6e5ed1d4dea (type: ports) to 2
2026-07-16 08:06:07.400 8 INFO neutron.db.ovn_revision_numbers_db [None req-7a90ec4d-d420-4838-a294-be471b8edbdb fcd0a845280f43298ab3e5ed0b28f00b cf9e4387c7e84b32a153f8d7543b1743 - - default default] Successfully bumped revision number for resource 2136f2a0-6404-443c-a329-f323617b623c (type: subnets) to 0
2026-07-16 08:06:07.402 7 WARNING neutron.scheduler.dhcp_agent_scheduler [None req-c58df68a-7f5b-4cd7-99f3-6ca4c9578782 - - - - - -] No more DHCP agents
2026-07-16 08:06:07.404 7 WARNING neutron.api.rpc.agentnotifiers.dhcp_rpc_agent_api [None req-c58df68a-7f5b-4cd7-99f3-6ca4c9578782 - - - - - -] Unable to schedule network 107c755a-9203-49f7-93a9-38eca4a74642: no agents available; will retry on subsequent port and subnet creation events. [pid: 8|app: 0|req: 1243/2293] 10.0.0.140 () {34 vars in 669 bytes} [Thu Jul 16 08:06:06 2026] POST /v2.0/subnets => generated 629 bytes in 557 msecs (HTTP/1.1 201) 4 headers in 162 bytes (1 switches on core 0)
2026-07-16 08:06:07.426 7 INFO neutron.db.ovn_revision_numbers_db [None req-c58df68a-7f5b-4cd7-99f3-6ca4c9578782 - - - - - -] Successfully bumped revision number for resource 48427efe-61d4-4d7f-a8f9-c1c25a009874 (type: subnets) to 0
2026-07-16 08:06:07.446 8 WARNING tagging [None req-8118b47e-dfbc-4c2a-8e76-689f79e1e666 ee351680e4314b599a589bfa72543eef 33f3be3b149542f1952572d7f2aca280 - - default default] project_id key not found in request, using tenant_id instead. This support has been deprecated and will be removed in a future release. [pid: 8|app: 0|req: 1244/2294] 10.0.0.140 () {34 vars in 764 bytes} [Thu Jul 16 08:06:07 2026] PUT /v2.0/policies/a06a7c9b-e10d-46c5-9812-7ccf26e17823/tags/green => generated 4 bytes in 55 msecs (HTTP/1.1 201) 4 headers in 160 bytes (1 switches on core 0) [pid: 8|app: 0|req: 1245/2295] 10.0.0.140 () {32 vars in 696 bytes} [Thu Jul 16 08:06:07 2026] GET /v2.0/qos/policies?not-tags=red%2Cblue => generated 1073 bytes in 63 msecs (HTTP/1.1 200) 4 headers in 158 bytes (1 switches on core 0)
2026-07-16 08:06:07.626 8 INFO neutron.db.segments_db [None req-dfe4c7e7-84e2-4630-b251-dfe37d73af01 fcd0a845280f43298ab3e5ed0b28f00b cf9e4387c7e84b32a153f8d7543b1743 - - default default] Added segment 9ae73763-0baf-4e29-a9ad-be9d915469a7 of type geneve for network 0e6332e6-a1b7-4a5d-bbfc-cf7567e47bca
2026-07-16 08:06:07.744 8 INFO neutron.db.ovn_revision_numbers_db [None req-dfe4c7e7-84e2-4630-b251-dfe37d73af01 fcd0a845280f43298ab3e5ed0b28f00b cf9e4387c7e84b32a153f8d7543b1743 - - default default] Successfully bumped revision number for resource 0e6332e6-a1b7-4a5d-bbfc-cf7567e47bca (type: networks) to 1
2026-07-16 08:06:07.793 7 WARNING neutron.scheduler.dhcp_agent_scheduler [None req-c58df68a-7f5b-4cd7-99f3-6ca4c9578782 - - - - - -] No more DHCP agents
2026-07-16 08:06:07.796 7 WARNING neutron.api.rpc.agentnotifiers.dhcp_rpc_agent_api [None req-c58df68a-7f5b-4cd7-99f3-6ca4c9578782 - - - - - -] Unable to schedule network 107c755a-9203-49f7-93a9-38eca4a74642: no agents available; will retry on subsequent port and subnet creation events.
2026-07-16 08:06:07.797 7 WARNING neutron.plugins.ml2.drivers.ovn.mech_driver.ovsdb.ovn_client [None req-926f7a87-6500-4d62-a8df-9ef97f463162 - - - - - -] No hosting information found for port 7cb35d3b-e2ea-4201-beb3-45393bf442b5: RuntimeError: No hosting information found for port 7cb35d3b-e2ea-4201-beb3-45393bf442b5
2026-07-16 08:06:07.798 7 INFO neutron.plugins.ml2.drivers.ovn.mech_driver.mech_driver [None req-926f7a87-6500-4d62-a8df-9ef97f463162 - - - - - -] OVN reports status down for port: 911607b2-8eff-4e0f-964f-b7e55471c14b
2026-07-16 08:06:07.888 8 WARNING neutron.scheduler.dhcp_agent_scheduler [None req-dfe4c7e7-84e2-4630-b251-dfe37d73af01 fcd0a845280f43298ab3e5ed0b28f00b cf9e4387c7e84b32a153f8d7543b1743 - - default default] No more DHCP agents
2026-07-16 08:06:07.889 8 WARNING neutron.api.rpc.agentnotifiers.dhcp_rpc_agent_api [None req-dfe4c7e7-84e2-4630-b251-dfe37d73af01 fcd0a845280f43298ab3e5ed0b28f00b cf9e4387c7e84b32a153f8d7543b1743 - - default default] Unable to schedule network 0e6332e6-a1b7-4a5d-bbfc-cf7567e47bca: no agents available; will retry on subsequent port and subnet creation events.
2026-07-16 08:06:07.908 7 INFO neutron.plugins.ml2.drivers.ovn.mech_driver.mech_driver [None req-926f7a87-6500-4d62-a8df-9ef97f463162 - - - - - -] OVN reports status down for port: 6cd52c0f-b3f5-462e-98c8-a66f4fb796aa
2026-07-16 08:06:07.956 8 INFO neutron.db.ovn_revision_numbers_db [None req-dfe4c7e7-84e2-4630-b251-dfe37d73af01 fcd0a845280f43298ab3e5ed0b28f00b cf9e4387c7e84b32a153f8d7543b1743 - - default default] Successfully bumped revision number for resource e28ef236-afa6-456b-b691-c89693413848 (type: ports) to 1 [pid: 8|app: 0|req: 1246/2296] 10.0.0.140 () {34 vars in 670 bytes} [Thu Jul 16 08:06:07 2026] POST /v2.0/networks => generated 669 bytes in 453 msecs (HTTP/1.1 201) 4 headers in 162 bytes (1 switches on core 0)
2026-07-16 08:06:08.023 8 WARNING tagging [None req-ff870748-c7da-4e1c-8c47-b4f7f8e82324 ee351680e4314b599a589bfa72543eef 33f3be3b149542f1952572d7f2aca280 - - default default] project_id key not found in request, using tenant_id instead. This support has been deprecated and will be removed in a future release. [pid: 8|app: 0|req: 1247/2297] 10.0.0.140 () {32 vars in 733 bytes} [Thu Jul 16 08:06:07 2026] GET /v2.0/policies/a06a7c9b-e10d-46c5-9812-7ccf26e17823/tags => generated 34 bytes in 39 msecs (HTTP/1.1 200) 4 headers in 156 bytes (1 switches on core 0)
2026-07-16 08:06:08.041 7 INFO neutron.db.ovn_revision_numbers_db [None req-c58df68a-7f5b-4cd7-99f3-6ca4c9578782 - - - - - -] Successfully bumped revision number for resource 17543349-08e3-4f15-9b27-e998ae66fe90 (type: ports) to 1
2026-07-16 08:06:08.055 7 INFO neutron.plugins.ml2.drivers.ovn.mech_driver.mech_driver [None req-926f7a87-6500-4d62-a8df-9ef97f463162 - - - - - -] OVN reports status down for port: e880a8de-ef87-4b5e-8d10-a6e5ed1d4dea [pid: 8|app: 0|req: 1248/2298] 10.0.0.140 () {32 vars in 692 bytes} [Thu Jul 16 08:06:08 2026] GET /v2.0/qos/policies?not-tags-any=blue => generated 1073 bytes in 75 msecs (HTTP/1.1 200) 4 headers in 158 bytes (1 switches on core 0)
2026-07-16 08:06:08.204 7 INFO neutron.plugins.ml2.drivers.ovn.mech_driver.mech_driver [None req-926f7a87-6500-4d62-a8df-9ef97f463162 - - - - - -] OVN reports status down for port: 17543349-08e3-4f15-9b27-e998ae66fe90
2026-07-16 08:06:08.265 8 WARNING neutron.scheduler.dhcp_agent_scheduler [None req-1b91a799-43d2-4b0b-9a0c-f24be6de1702 fcd0a845280f43298ab3e5ed0b28f00b cf9e4387c7e84b32a153f8d7543b1743 - - default default] No more DHCP agents
2026-07-16 08:06:08.266 8 WARNING neutron.api.rpc.agentnotifiers.dhcp_rpc_agent_api [None req-1b91a799-43d2-4b0b-9a0c-f24be6de1702 fcd0a845280f43298ab3e5ed0b28f00b cf9e4387c7e84b32a153f8d7543b1743 - - default default] Unable to schedule network 0e6332e6-a1b7-4a5d-bbfc-cf7567e47bca: no agents available; will retry on subsequent port and subnet creation events.
2026-07-16 08:06:08.714 7 INFO neutron.plugins.ml2.drivers.ovn.mech_driver.mech_driver [None req-926f7a87-6500-4d62-a8df-9ef97f463162 - - - - - -] OVN reports status up for port: 17543349-08e3-4f15-9b27-e998ae66fe90
2026-07-16 08:06:08.714 8 INFO neutron.db.ovn_revision_numbers_db [None req-1b91a799-43d2-4b0b-9a0c-f24be6de1702 fcd0a845280f43298ab3e5ed0b28f00b cf9e4387c7e84b32a153f8d7543b1743 - - default default] Successfully bumped revision number for resource e28ef236-afa6-456b-b691-c89693413848 (type: ports) to 2
2026-07-16 08:06:08.742 7 INFO neutron.plugins.ml2.plugin [None req-926f7a87-6500-4d62-a8df-9ef97f463162 - - - - - -] Attempt 1 to provision port 17543349-08e3-4f15-9b27-e998ae66fe90
2026-07-16 08:06:08.743 8 INFO neutron.db.ovn_revision_numbers_db [None req-1b91a799-43d2-4b0b-9a0c-f24be6de1702 fcd0a845280f43298ab3e5ed0b28f00b cf9e4387c7e84b32a153f8d7543b1743 - - default default] Successfully bumped revision number for resource 2fb02ca5-f55e-4279-9be3-e8331fb80d8c (type: subnets) to 0 [pid: 8|app: 0|req: 1249/2299] 10.0.0.140 () {34 vars in 669 bytes} [Thu Jul 16 08:06:08 2026] POST /v2.0/subnets => generated 629 bytes in 654 msecs (HTTP/1.1 201) 4 headers in 162 bytes (1 switches on core 0)
2026-07-16 08:06:08.786 8 WARNING tagging [None req-b3d711c2-277f-4c87-b581-3a6749c2806c ee351680e4314b599a589bfa72543eef 33f3be3b149542f1952572d7f2aca280 - - default default] project_id key not found in request, using tenant_id instead. This support has been deprecated and will be removed in a future release. [pid: 8|app: 0|req: 1250/2300] 10.0.0.140 () {34 vars in 760 bytes} [Thu Jul 16 08:06:08 2026] PUT /v2.0/policies/a06a7c9b-e10d-46c5-9812-7ccf26e17823/tags/red => generated 4 bytes in 44 msecs (HTTP/1.1 201) 4 headers in 160 bytes (1 switches on core 0) [pid: 8|app: 0|req: 1251/2301] 10.0.0.140 () {32 vars in 704 bytes} [Thu Jul 16 08:06:08 2026] GET /v2.0/qos/policies?not-tags-any=red%2Cblue => generated 719 bytes in 34 msecs (HTTP/1.1 200) 4 headers in 157 bytes (1 switches on core 0)
2026-07-16 08:06:08.841 7 WARNING neutron.scheduler.dhcp_agent_scheduler [None req-c58df68a-7f5b-4cd7-99f3-6ca4c9578782 - - - - - -] No more DHCP agents
2026-07-16 08:06:08.844 7 WARNING neutron.api.rpc.agentnotifiers.dhcp_rpc_agent_api [None req-c58df68a-7f5b-4cd7-99f3-6ca4c9578782 - - - - - -] Unable to schedule network 107c755a-9203-49f7-93a9-38eca4a74642: no agents available; will retry on subsequent port and subnet creation events.
2026-07-16 08:06:08.932 8 INFO neutron.db.segments_db [None req-3819dc85-8d31-47dc-a4b5-2fba04b8ef02 fcd0a845280f43298ab3e5ed0b28f00b cf9e4387c7e84b32a153f8d7543b1743 - - default default] Added segment b099cbc8-2d4d-4261-82f9-fca4d616a240 of type geneve for network ca2abaab-f45b-41b2-8115-b95cdccf2b59
2026-07-16 08:06:09.054 8 INFO neutron.db.ovn_revision_numbers_db [None req-3819dc85-8d31-47dc-a4b5-2fba04b8ef02 fcd0a845280f43298ab3e5ed0b28f00b cf9e4387c7e84b32a153f8d7543b1743 - - default default] Successfully bumped revision number for resource ca2abaab-f45b-41b2-8115-b95cdccf2b59 (type: networks) to 1
2026-07-16 08:06:09.230 8 WARNING neutron.scheduler.dhcp_agent_scheduler [None req-3819dc85-8d31-47dc-a4b5-2fba04b8ef02 fcd0a845280f43298ab3e5ed0b28f00b cf9e4387c7e84b32a153f8d7543b1743 - - default default] No more DHCP agents
2026-07-16 08:06:09.232 8 WARNING neutron.api.rpc.agentnotifiers.dhcp_rpc_agent_api [None req-3819dc85-8d31-47dc-a4b5-2fba04b8ef02 fcd0a845280f43298ab3e5ed0b28f00b cf9e4387c7e84b32a153f8d7543b1743 - - default default] Unable to schedule network ca2abaab-f45b-41b2-8115-b95cdccf2b59: no agents available; will retry on subsequent port and subnet creation events.
2026-07-16 08:06:09.314 8 INFO neutron.db.ovn_revision_numbers_db [None req-3819dc85-8d31-47dc-a4b5-2fba04b8ef02 fcd0a845280f43298ab3e5ed0b28f00b cf9e4387c7e84b32a153f8d7543b1743 - - default default] Successfully bumped revision number for resource f8cf9b05-0de2-4d5f-9826-561893d848b2 (type: ports) to 1 [pid: 8|app: 0|req: 1252/2302] 10.0.0.140 () {34 vars in 670 bytes} [Thu Jul 16 08:06:08 2026] POST /v2.0/networks => generated 670 bytes in 496 msecs (HTTP/1.1 201) 4 headers in 162 bytes (1 switches on core 0)
2026-07-16 08:06:09.362 8 WARNING tagging [None req-c006ecda-3c12-492a-b378-26185a3311e4 ee351680e4314b599a589bfa72543eef 33f3be3b149542f1952572d7f2aca280 - - default default] project_id key not found in request, using tenant_id instead. This support has been deprecated and will be removed in a future release. [pid: 8|app: 0|req: 1253/2303] 10.0.0.140 () {32 vars in 733 bytes} [Thu Jul 16 08:06:09 2026] GET /v2.0/policies/a06a7c9b-e10d-46c5-9812-7ccf26e17823/tags => generated 34 bytes in 33 msecs (HTTP/1.1 200) 4 headers in 156 bytes (1 switches on core 0) [pid: 8|app: 0|req: 1254/2304] 10.0.0.140 () {32 vars in 734 bytes} [Thu Jul 16 08:06:09 2026] DELETE /v2.0/qos/policies/670edd7c-0a24-4204-88bd-9a4471c53fd3 => generated 0 bytes in 56 msecs (HTTP/1.1 204) 2 headers in 112 bytes (1 switches on core 0)
2026-07-16 08:06:09.448 7 INFO neutron.db.ovn_revision_numbers_db [None req-926f7a87-6500-4d62-a8df-9ef97f463162 - - - - - -] Successfully bumped revision number for resource 17543349-08e3-4f15-9b27-e998ae66fe90 (type: ports) to 2
2026-07-16 08:06:09.590 8 WARNING neutron.scheduler.dhcp_agent_scheduler [None req-f88e5277-846e-43b0-b88b-27912282d512 fcd0a845280f43298ab3e5ed0b28f00b cf9e4387c7e84b32a153f8d7543b1743 - - default default] No more DHCP agents
2026-07-16 08:06:09.591 8 WARNING neutron.api.rpc.agentnotifiers.dhcp_rpc_agent_api [None req-f88e5277-846e-43b0-b88b-27912282d512 fcd0a845280f43298ab3e5ed0b28f00b cf9e4387c7e84b32a153f8d7543b1743 - - default default] Unable to schedule network ca2abaab-f45b-41b2-8115-b95cdccf2b59: no agents available; will retry on subsequent port and subnet creation events.
2026-07-16 08:06:09.651 7 INFO neutron.db.ovn_revision_numbers_db [None req-c58df68a-7f5b-4cd7-99f3-6ca4c9578782 - - - - - -] Successfully bumped revision number for resource 17543349-08e3-4f15-9b27-e998ae66fe90 (type: router_ports) to 1
2026-07-16 08:06:09.849 7 WARNING neutron.scheduler.dhcp_agent_scheduler [None req-c58df68a-7f5b-4cd7-99f3-6ca4c9578782 - - - - - -] No more DHCP agents
2026-07-16 08:06:09.850 7 WARNING neutron.api.rpc.agentnotifiers.dhcp_rpc_agent_api [None req-c58df68a-7f5b-4cd7-99f3-6ca4c9578782 - - - - - -] Unable to schedule network 107c755a-9203-49f7-93a9-38eca4a74642: no agents available; will retry on subsequent port and subnet creation events.
2026-07-16 08:06:09.999 7 INFO neutron.db.ovn_revision_numbers_db [None req-c58df68a-7f5b-4cd7-99f3-6ca4c9578782 - - - - - -] Successfully bumped revision number for resource 3e2291d2-8073-4c2a-a5b7-61933a01963a (type: ports) to 1
2026-07-16 08:06:10.064 8 INFO neutron.db.ovn_revision_numbers_db [None req-f88e5277-846e-43b0-b88b-27912282d512 fcd0a845280f43298ab3e5ed0b28f00b cf9e4387c7e84b32a153f8d7543b1743 - - default default] Successfully bumped revision number for resource f8cf9b05-0de2-4d5f-9826-561893d848b2 (type: ports) to 2
2026-07-16 08:06:10.093 8 INFO neutron.db.ovn_revision_numbers_db [None req-f88e5277-846e-43b0-b88b-27912282d512 fcd0a845280f43298ab3e5ed0b28f00b cf9e4387c7e84b32a153f8d7543b1743 - - default default] Successfully bumped revision number for resource 3e1412a8-8673-4244-bf5d-04186f5c5f3a (type: subnets) to 0 [pid: 8|app: 0|req: 1255/2305] 10.0.0.140 () {34 vars in 669 bytes} [Thu Jul 16 08:06:09 2026] POST /v2.0/subnets => generated 629 bytes in 685 msecs (HTTP/1.1 201) 4 headers in 162 bytes (1 switches on core 0)
2026-07-16 08:06:10.152 8 WARNING tagging [None req-39d62204-a739-40cd-bce0-257888c7e6e5 ee351680e4314b599a589bfa72543eef 33f3be3b149542f1952572d7f2aca280 - - default default] project_id key not found in request, using tenant_id instead. This support has been deprecated and will be removed in a future release. [pid: 8|app: 0|req: 1256/2306] 10.0.0.140 () {34 vars in 782 bytes} [Thu Jul 16 08:06:10 2026] PUT /v2.0/policies/a06a7c9b-e10d-46c5-9812-7ccf26e17823/tags/black.or.white => generated 4 bytes in 68 msecs (HTTP/1.1 201) 4 headers in 160 bytes (1 switches on core 0) [pid: 8|app: 0|req: 1257/2307] 10.0.0.140 () {32 vars in 734 bytes} [Thu Jul 16 08:06:10 2026] DELETE /v2.0/qos/policies/c51a932d-a6fa-46db-b892-2c9ed24422d0 => generated 0 bytes in 61 msecs (HTTP/1.1 204) 2 headers in 112 bytes (1 switches on core 0)
2026-07-16 08:06:10.251 7 INFO neutron.db.ovn_revision_numbers_db [None req-c58df68a-7f5b-4cd7-99f3-6ca4c9578782 - - - - - -] Successfully bumped revision number for resource 3e2291d2-8073-4c2a-a5b7-61933a01963a (type: ports) to 3
2026-07-16 08:06:10.332 8 INFO neutron.db.segments_db [None req-72ec1dc9-4ccd-4a2b-91d8-e03c522a57f1 fcd0a845280f43298ab3e5ed0b28f00b cf9e4387c7e84b32a153f8d7543b1743 - - default default] Added segment df7e4132-b4a2-42d7-b4a5-7f9ca0316fe1 of type geneve for network 3cf85c3b-2bfa-45c7-8d25-2eb2bbad6a5e
2026-07-16 08:06:10.441 8 INFO neutron.db.ovn_revision_numbers_db [None req-72ec1dc9-4ccd-4a2b-91d8-e03c522a57f1 fcd0a845280f43298ab3e5ed0b28f00b cf9e4387c7e84b32a153f8d7543b1743 - - default default] Successfully bumped revision number for resource 3cf85c3b-2bfa-45c7-8d25-2eb2bbad6a5e (type: networks) to 1 [pid: 7|app: 0|req: 1051/2308] 10.0.0.140 () {34 vars in 685 bytes} [Thu Jul 16 08:06:05 2026] POST /v2.0/vpn/vpnservices => generated 458 bytes in 4624 msecs (HTTP/1.1 201) 4 headers in 162 bytes (1 switches on core 0)
2026-07-16 08:06:10.507 7 WARNING tagging [None req-afcbea05-065e-4074-b39a-e47a56d70dc5 ee351680e4314b599a589bfa72543eef 33f3be3b149542f1952572d7f2aca280 - - default default] project_id key not found in request, using tenant_id instead. This support has been deprecated and will be removed in a future release. [pid: 7|app: 0|req: 1052/2309] 10.0.0.140 () {32 vars in 733 bytes} [Thu Jul 16 08:06:10 2026] GET /v2.0/policies/a06a7c9b-e10d-46c5-9812-7ccf26e17823/tags => generated 52 bytes in 36 msecs (HTTP/1.1 200) 4 headers in 156 bytes (1 switches on core 0) [pid: 7|app: 0|req: 1053/2310] 10.0.0.140 () {32 vars in 734 bytes} [Thu Jul 16 08:06:10 2026] DELETE /v2.0/qos/policies/b7fae608-53c3-43c4-97c5-f91557eb8e7a => generated 0 bytes in 58 msecs (HTTP/1.1 204) 2 headers in 112 bytes (1 switches on core 0)
2026-07-16 08:06:10.607 8 WARNING neutron.scheduler.dhcp_agent_scheduler [None req-72ec1dc9-4ccd-4a2b-91d8-e03c522a57f1 fcd0a845280f43298ab3e5ed0b28f00b cf9e4387c7e84b32a153f8d7543b1743 - - default default] No more DHCP agents
2026-07-16 08:06:10.608 8 WARNING neutron.api.rpc.agentnotifiers.dhcp_rpc_agent_api [None req-72ec1dc9-4ccd-4a2b-91d8-e03c522a57f1 fcd0a845280f43298ab3e5ed0b28f00b cf9e4387c7e84b32a153f8d7543b1743 - - default default] Unable to schedule network 3cf85c3b-2bfa-45c7-8d25-2eb2bbad6a5e: no agents available; will retry on subsequent port and subnet creation events.
2026-07-16 08:06:10.686 8 INFO neutron.db.ovn_revision_numbers_db [None req-72ec1dc9-4ccd-4a2b-91d8-e03c522a57f1 fcd0a845280f43298ab3e5ed0b28f00b cf9e4387c7e84b32a153f8d7543b1743 - - default default] Successfully bumped revision number for resource 57a25c79-242b-4e40-a1c1-22ff2e22c0af (type: ports) to 1 [pid: 8|app: 0|req: 1258/2311] 10.0.0.140 () {34 vars in 670 bytes} [Thu Jul 16 08:06:10 2026] POST /v2.0/networks => generated 668 bytes in 472 msecs (HTTP/1.1 201) 4 headers in 162 bytes (1 switches on core 0)
2026-07-16 08:06:10.747 8 WARNING tagging [None req-d4fa0b55-26ff-45f6-b282-26e00bdf7477 ee351680e4314b599a589bfa72543eef 33f3be3b149542f1952572d7f2aca280 - - default default] project_id key not found in request, using tenant_id instead. This support has been deprecated and will be removed in a future release. [pid: 8|app: 0|req: 1259/2312] 10.0.0.140 () {34 vars in 753 bytes} [Thu Jul 16 08:06:10 2026] PUT /v2.0/policies/a06a7c9b-e10d-46c5-9812-7ccf26e17823/tags => generated 37 bytes in 58 msecs (HTTP/1.1 200) 4 headers in 156 bytes (1 switches on core 0) [pid: 8|app: 0|req: 1260/2313] 10.0.0.140 () {32 vars in 734 bytes} [Thu Jul 16 08:06:10 2026] DELETE /v2.0/qos/policies/d7e2ed30-ffd9-456f-b2b2-c2a35c3d4e64 => generated 0 bytes in 48 msecs (HTTP/1.1 204) 2 headers in 112 bytes (1 switches on core 0)
2026-07-16 08:06:10.981 8 WARNING neutron.scheduler.dhcp_agent_scheduler [None req-a8ad05b5-d164-4264-adba-a260b63ce26f fcd0a845280f43298ab3e5ed0b28f00b cf9e4387c7e84b32a153f8d7543b1743 - - default default] No more DHCP agents
2026-07-16 08:06:10.983 8 WARNING neutron.api.rpc.agentnotifiers.dhcp_rpc_agent_api [None req-a8ad05b5-d164-4264-adba-a260b63ce26f fcd0a845280f43298ab3e5ed0b28f00b cf9e4387c7e84b32a153f8d7543b1743 - - default default] Unable to schedule network 3cf85c3b-2bfa-45c7-8d25-2eb2bbad6a5e: no agents available; will retry on subsequent port and subnet creation events.
2026-07-16 08:06:11.428 8 WARNING neutron.plugins.ml2.drivers.ovn.mech_driver.ovsdb.ovn_client [None req-a6eac360-6a03-41d6-9210-89f2af8d25d5 - - - - - -] No hosting information found for port f606a7d4-7796-4171-890f-961d8aad91be: RuntimeError: No hosting information found for port f606a7d4-7796-4171-890f-961d8aad91be [pid: 7|app: 0|req: 1054/2314] 10.0.0.140 () {34 vars in 685 bytes} [Thu Jul 16 08:06:10 2026] POST /v2.0/vpn/vpnservices => generated 423 bytes in 915 msecs (HTTP/1.1 201) 4 headers in 162 bytes (1 switches on core 0)
2026-07-16 08:06:11.516 8 INFO neutron.common.ovn.utils [None req-a6eac360-6a03-41d6-9210-89f2af8d25d5 - - - - - -] HA Chassis Group neutron-500b9842-0b73-4f71-9bee-44945693b8ba synchronized; highest priority chassis e5050907-ac0e-433f-aa79-ec098fc96c21
2026-07-16 08:06:11.519 7 WARNING tagging [None req-69e26faf-ab7c-414b-b06b-45c4e52977ff ee351680e4314b599a589bfa72543eef 33f3be3b149542f1952572d7f2aca280 - - default default] project_id key not found in request, using tenant_id instead. This support has been deprecated and will be removed in a future release. [pid: 7|app: 0|req: 1055/2315] 10.0.0.140 () {32 vars in 733 bytes} [Thu Jul 16 08:06:11 2026] GET /v2.0/policies/a06a7c9b-e10d-46c5-9812-7ccf26e17823/tags => generated 37 bytes in 36 msecs (HTTP/1.1 200) 4 headers in 156 bytes (1 switches on core 0)
2026-07-16 08:06:11.549 8 INFO neutron.db.ovn_revision_numbers_db [None req-a8ad05b5-d164-4264-adba-a260b63ce26f fcd0a845280f43298ab3e5ed0b28f00b cf9e4387c7e84b32a153f8d7543b1743 - - default default] Successfully bumped revision number for resource 57a25c79-242b-4e40-a1c1-22ff2e22c0af (type: ports) to 2 [pid: 7|app: 0|req: 1056/2316] 10.0.0.140 () {32 vars in 734 bytes} [Thu Jul 16 08:06:11 2026] DELETE /v2.0/qos/policies/f330ed23-0d20-4af0-aa83-ba1bd0b2a0e6 => generated 0 bytes in 54 msecs (HTTP/1.1 204) 2 headers in 112 bytes (1 switches on core 0)
2026-07-16 08:06:11.612 8 INFO neutron.db.ovn_revision_numbers_db [None req-a8ad05b5-d164-4264-adba-a260b63ce26f fcd0a845280f43298ab3e5ed0b28f00b cf9e4387c7e84b32a153f8d7543b1743 - - default default] Successfully bumped revision number for resource f405f839-4e83-49fe-9b09-959861f18bac (type: subnets) to 0
2026-07-16 08:06:11.619 7 ERROR neutron.api.v2.resource [None req-c8bb9e11-f863-4cd1-b80f-803d199051e6 ec2c66341dfc44039f3370a9ee409d28 ca9414fb4e88451f813043a8e92baf06 - - default default] create failed: No details.: oslo_db.exception.DBDataError: (pymysql.err.DataError) (1265, "Data truncated for column 'auth_algorithm' at row 1") [SQL: INSERT INTO ikepolicies (name, description, auth_algorithm, encryption_algorithm, phase1_negotiation_mode, lifetime_units, lifetime_value, ike_version, pfs, id, project_id) VALUES (%(name)s, %(description)s, %(auth_algorithm)s, %(encryption_algorithm)s, %(phase1_negotiation_mode)s, %(lifetime_units)s, %(lifetime_value)s, %(ike_version)s, %(pfs)s, %(id)s, %(project_id)s)] [parameters: {'name': 'tempest-ike-policy--102414465', 'description': '', 'auth_algorithm': 'sha1', 'encryption_algorithm': 'aes-128', 'phase1_negotiation_mode': 'main', 'lifetime_units': 'seconds', 'lifetime_value': 3600, 'ike_version': 'v1', 'pfs': 'group5', 'id': '3d320281-2e6b-4405-8e21-e1d56f4b7175', 'project_id': 'ca9414fb4e88451f813043a8e92baf06'}] (Background on this error at: https://sqlalche.me/e/20/9h9h)
2026-07-16 08:06:11.619 7 ERROR neutron.api.v2.resource
Traceback (most recent call last):
2026-07-16 08:06:11.619 7 ERROR neutron.api.v2.resource
File "/var/lib/openstack/lib/python3.12/site-packages/sqlalchemy/engine/base.py", line 1969, in _exec_single_context
2026-07-16 08:06:11.619 7 ERROR neutron.api.v2.resource self.dialect.do_execute(
2026-07-16 08:06:11.619 7 ERROR neutron.api.v2.resource
File "/var/lib/openstack/lib/python3.12/site-packages/sqlalchemy/engine/default.py", line 952, in do_execute
2026-07-16 08:06:11.619 7 ERROR neutron.api.v2.resource cursor.execute(statement, parameters)
2026-07-16 08:06:11.619 7 ERROR neutron.api.v2.resource
File "/var/lib/openstack/lib/python3.12/site-packages/pymysql/cursors.py", line 159, in execute
2026-07-16 08:06:11.619 7 ERROR neutron.api.v2.resource result = self._query(query)
2026-07-16 08:06:11.619 7 ERROR neutron.api.v2.resource ^^^^^^^^^^^^^^^^^^
2026-07-16 08:06:11.619 7 ERROR neutron.api.v2.resource
File "/var/lib/openstack/lib/python3.12/site-packages/pymysql/cursors.py", line 330, in _query
2026-07-16 08:06:11.619 7 ERROR neutron.api.v2.resource conn.query(q)
2026-07-16 08:06:11.619 7 ERROR neutron.api.v2.resource
File "/var/lib/openstack/lib/python3.12/site-packages/pymysql/connections.py", line 582, in query
2026-07-16 08:06:11.619 7 ERROR neutron.api.v2.resource self._affected_rows = self._read_query_result(unbuffered=unbuffered)
2026-07-16 08:06:11.619 7 ERROR neutron.api.v2.resource ^^^^^^^^^^^^^^^^^^^^^^^^^^^^^^^^^^^^^^^^^^^^^^
2026-07-16 08:06:11.619 7 ERROR neutron.api.v2.resource
File "/var/lib/openstack/lib/python3.12/site-packages/pymysql/connections.py", line 847, in _read_query_result
2026-07-16 08:06:11.619 7 ERROR neutron.api.v2.resource result.read()
2026-07-16 08:06:11.619 7 ERROR neutron.api.v2.resource
File "/var/lib/openstack/lib/python3.12/site-packages/pymysql/connections.py", line 1245, in read
2026-07-16 08:06:11.619 7 ERROR neutron.api.v2.resource first_packet = self.connection._read_packet()
2026-07-16 08:06:11.619 7 ERROR neutron.api.v2.resource ^^^^^^^^^^^^^^^^^^^^^^^^^^^^^^
2026-07-16 08:06:11.619 7 ERROR neutron.api.v2.resource
File "/var/lib/openstack/lib/python3.12/site-packages/pymysql/connections.py", line 803, in _read_packet
2026-07-16 08:06:11.619 7 ERROR neutron.api.v2.resource packet.raise_for_error()
2026-07-16 08:06:11.619 7 ERROR neutron.api.v2.resource
File "/var/lib/openstack/lib/python3.12/site-packages/pymysql/protocol.py", line 219, in raise_for_error
2026-07-16 08:06:11.619 7 ERROR neutron.api.v2.resource err.raise_mysql_exception(self._data)
2026-07-16 08:06:11.619 7 ERROR neutron.api.v2.resource
File "/var/lib/openstack/lib/python3.12/site-packages/pymysql/err.py", line 154, in raise_mysql_exception
2026-07-16 08:06:11.619 7 ERROR neutron.api.v2.resource raise errorclass(errno, errval, sqlstate=sqlstate)
2026-07-16 08:06:11.619 7 ERROR neutron.api.v2.resource pymysql.err.DataError: (1265, "Data truncated for column 'auth_algorithm' at row 1")
2026-07-16 08:06:11.619 7 ERROR neutron.api.v2.resource
2026-07-16 08:06:11.619 7 ERROR neutron.api.v2.resource The above exception was the direct cause of the following exception:
2026-07-16 08:06:11.619 7 ERROR neutron.api.v2.resource
2026-07-16 08:06:11.619 7 ERROR neutron.api.v2.resource
Traceback (most recent call last):
2026-07-16 08:06:11.619 7 ERROR neutron.api.v2.resource
File "/var/lib/openstack/lib/python3.12/site-packages/neutron/api/v2/resource.py", line 96, in resource
2026-07-16 08:06:11.619 7 ERROR neutron.api.v2.resource result = method(request=request, **args)
2026-07-16 08:06:11.619 7 ERROR neutron.api.v2.resource ^^^^^^^^^^^^^^^^^^^^^^^^^^^^^^^
2026-07-16 08:06:11.619 7 ERROR neutron.api.v2.resource
File "/var/lib/openstack/lib/python3.12/site-packages/neutron/api/v2/base.py", line 442, in create
2026-07-16 08:06:11.619 7 ERROR neutron.api.v2.resource return self._create(request, body, **kwargs)
2026-07-16 08:06:11.619 7 ERROR neutron.api.v2.resource ^^^^^^^^^^^^^^^^^^^^^^^^^^^^^^^^^^^^^
2026-07-16 08:06:11.619 7 ERROR neutron.api.v2.resource
File "/var/lib/openstack/lib/python3.12/site-packages/neutron_lib/db/api.py", line 137, in wrapped
2026-07-16 08:06:11.619 7 ERROR neutron.api.v2.resource with excutils.save_and_reraise_exception():
2026-07-16 08:06:11.619 7 ERROR neutron.api.v2.resource
File "/var/lib/openstack/lib/python3.12/site-packages/oslo_utils/excutils.py", line 266, in __exit__
2026-07-16 08:06:11.619 7 ERROR neutron.api.v2.resource self.force_reraise()
2026-07-16 08:06:11.619 7 ERROR neutron.api.v2.resource
File "/var/lib/openstack/lib/python3.12/site-packages/oslo_utils/excutils.py", line 232, in force_reraise
2026-07-16 08:06:11.619 7 ERROR neutron.api.v2.resource raise self.value
2026-07-16 08:06:11.619 7 ERROR neutron.api.v2.resource
File "/var/lib/openstack/lib/python3.12/site-packages/neutron_lib/db/api.py", line 135, in wrapped
2026-07-16 08:06:11.619 7 ERROR neutron.api.v2.resource return f(*args, **kwargs)
2026-07-16 08:06:11.619 7 ERROR neutron.api.v2.resource ^^^^^^^^^^^^^^^^^^
2026-07-16 08:06:11.619 7 ERROR neutron.api.v2.resource
File "/var/lib/openstack/lib/python3.12/site-packages/oslo_db/api.py", line 144, in wrapper
2026-07-16 08:06:11.619 7 ERROR neutron.api.v2.resource with excutils.save_and_reraise_exception() as ectxt:
2026-07-16 08:06:11.619 7 ERROR neutron.api.v2.resource
File "/var/lib/openstack/lib/python3.12/site-packages/oslo_utils/excutils.py", line 266, in __exit__
2026-07-16 08:06:11.619 7 ERROR neutron.api.v2.resource self.force_reraise()
2026-07-16 08:06:11.619 7 ERROR neutron.api.v2.resource
File "/var/lib/openstack/lib/python3.12/site-packages/oslo_utils/excutils.py", line 232, in force_reraise
2026-07-16 08:06:11.619 7 ERROR neutron.api.v2.resource raise self.value
2026-07-16 08:06:11.619 7 ERROR neutron.api.v2.resource
File "/var/lib/openstack/lib/python3.12/site-packages/oslo_db/api.py", line 142, in wrapper
2026-07-16 08:06:11.619 7 ERROR neutron.api.v2.resource return f(*args, **kwargs)
2026-07-16 08:06:11.619 7 ERROR neutron.api.v2.resource ^^^^^^^^^^^^^^^^^^
2026-07-16 08:06:11.619 7 ERROR neutron.api.v2.resource
File "/var/lib/openstack/lib/python3.12/site-packages/neutron_lib/db/api.py", line 183, in wrapped
2026-07-16 08:06:11.619 7 ERROR neutron.api.v2.resource with excutils.save_and_reraise_exception():
2026-07-16 08:06:11.619 7 ERROR neutron.api.v2.resource
File "/var/lib/openstack/lib/python3.12/site-packages/oslo_utils/excutils.py", line 266, in __exit__
2026-07-16 08:06:11.619 7 ERROR neutron.api.v2.resource self.force_reraise()
2026-07-16 08:06:11.619 7 ERROR neutron.api.v2.resource
File "/var/lib/openstack/lib/python3.12/site-packages/oslo_utils/excutils.py", line 232, in force_reraise
2026-07-16 08:06:11.619 7 ERROR neutron.api.v2.resource raise self.value
2026-07-16 08:06:11.619 7 ERROR neutron.api.v2.resource
File "/var/lib/openstack/lib/python3.12/site-packages/neutron_lib/db/api.py", line 181, in wrapped
2026-07-16 08:06:11.619 7 ERROR neutron.api.v2.resource return f(*dup_args, **dup_kwargs)
2026-07-16 08:06:11.619 7 ERROR neutron.api.v2.resource ^^^^^^^^^^^^^^^^^^^^^^^^^^
2026-07-16 08:06:11.619 7 ERROR neutron.api.v2.resource
File "/var/lib/openstack/lib/python3.12/site-packages/neutron/api/v2/base.py", line 563, in _create
2026-07-16 08:06:11.619 7 ERROR neutron.api.v2.resource obj = do_create(body)
2026-07-16 08:06:11.619 7 ERROR neutron.api.v2.resource ^^^^^^^^^^^^^^^
2026-07-16 08:06:11.619 7 ERROR neutron.api.v2.resource
File "/var/lib/openstack/lib/python3.12/site-packages/neutron/api/v2/base.py", line 543, in do_create
2026-07-16 08:06:11.619 7 ERROR neutron.api.v2.resource with excutils.save_and_reraise_exception():
2026-07-16 08:06:11.619 7 ERROR neutron.api.v2.resource
