2026-07-16 08:04:34.462 8 INFO neutron.common.ovn.utils [None req-eb199df0-101a-4ed9-95bf-0a532e274168 - - - - - -] HA Chassis Group neutron-6e6c158b-de74-4090-be59-3789ccea32ed synchronized; highest priority chassis e5050907-ac0e-433f-aa79-ec098fc96c21 [pid: 8|app: 0|req: 834/1548] 10.0.0.140 () {32 vars in 673 bytes} [Thu Jul 16 08:04:34 2026] GET /v2.0/security-group-rules => generated 4138 bytes in 92 msecs (HTTP/1.1 200) 4 headers in 158 bytes (1 switches on core 0) [pid: 8|app: 0|req: 835/1549] 10.0.0.140 () {32 vars in 750 bytes} [Thu Jul 16 08:04:34 2026] DELETE /v2.0/security-group-rules/56c5ffe9-ecc3-4f92-9821-0503c8cf1af8 => generated 0 bytes in 154 msecs (HTTP/1.1 204) 2 headers in 112 bytes (1 switches on core 0) [pid: 8|app: 0|req: 836/1550] 10.0.0.140 () {32 vars in 673 bytes} [Thu Jul 16 08:04:34 2026] GET /v2.0/security-group-rules => generated 3560 bytes in 70 msecs (HTTP/1.1 200) 4 headers in 158 bytes (1 switches on core 0)
2026-07-16 08:04:34.835 7 INFO neutron_taas.services.taas.taas_plugin [None req-2a04caf9-63cc-4587-a5f0-f021046fdec6 a687f6b7867942f0b900512e720a78c5 d9e681923f544c2fb88cb88ecb0e02cf - - default default] TaaS: Handle Delete Port: ce660841-14c5-4dd7-831b-1bf34cfa79cc
2026-07-16 08:04:34.838 7 INFO neutron_taas.services.taas.tap_mirror_plugin [None req-2a04caf9-63cc-4587-a5f0-f021046fdec6 a687f6b7867942f0b900512e720a78c5 d9e681923f544c2fb88cb88ecb0e02cf - - default default] Tap Mirror: Handle Delete Port: ce660841-14c5-4dd7-831b-1bf34cfa79cc
2026-07-16 08:04:34.863 8 INFO neutron.db.ovn_revision_numbers_db [None req-1ce6660e-2e50-4aa0-9325-3b8882319cbe 13414fe828be4554acfefb2711e16df0 25e7dac6632d4234a311849f579d8b84 - - default default] Successfully bumped revision number for resource 10c56c3b-c1ec-4cef-9931-79be118d720a (type: security_group_rules) to 0 [pid: 8|app: 0|req: 837/1551] 10.0.0.140 () {34 vars in 695 bytes} [Thu Jul 16 08:04:34 2026] POST /v2.0/security-group-rules => generated 601 bytes in 145 msecs (HTTP/1.1 201) 4 headers in 162 bytes (1 switches on core 0) [pid: 8|app: 0|req: 838/1552] 10.0.0.140 () {32 vars in 747 bytes} [Thu Jul 16 08:04:34 2026] GET /v2.0/security-group-rules/10c56c3b-c1ec-4cef-9931-79be118d720a => generated 601 bytes in 21 msecs (HTTP/1.1 200) 4 headers in 157 bytes (1 switches on core 0)
2026-07-16 08:04:35.090 8 INFO neutron.services.segments.plugin [-] Segment 208912ab-c574-41cf-a876-44a7b5a90ba7 resource provider aggregate not found
2026-07-16 08:04:35.095 8 INFO neutron.services.segments.plugin [-] Segment 208912ab-c574-41cf-a876-44a7b5a90ba7 resource provider aggregate not found
2026-07-16 08:04:35.108 8 INFO neutron.services.segments.plugin [-] Client error retrieving segment 208912ab-c574-41cf-a876-44a7b5a90ba7 resource provider; error: Placement Client Error (4xx): {"errors": [{"status": 404, "title": "Not Found", "detail": "The resource could not be found.\n\n No resource provider with uuid 208912ab-c574-41cf-a876-44a7b5a90ba7 found for delete ", "request_id": "req-2cbc23bf-1f6d-439e-bfab-b9f97d78e341"}]}
2026-07-16 08:04:35.114 8 WARNING neutron.db.securitygroups_db [None req-8ac226e7-f637-474a-8c20-36387a32268c 3c440e25110e4532afdbd771cc9b1a12 657a6d75ecdc46e4b78d2ffc2f4efcc5 - - default default] project_id key not found in filters, using tenant_id instead. This support has been deprecated and will be removed in a future release.
2026-07-16 08:04:35.119 8 INFO neutron.services.segments.plugin [-] Client error retrieving segment 208912ab-c574-41cf-a876-44a7b5a90ba7 resource provider; error: Placement Client Error (4xx): {"errors": [{"status": 404, "title": "Not Found", "detail": "The resource could not be found.\n\n No resource provider with uuid 208912ab-c574-41cf-a876-44a7b5a90ba7 found for delete ", "request_id": "req-28c2e747-1666-45bb-a5b3-4d00efe80dce"}]} [pid: 8|app: 0|req: 839/1553] 10.0.0.140 () {32 vars in 774 bytes} [Thu Jul 16 08:04:34 2026] GET /v2.0/security-groups?tenant_id=c81b935b9de84767bca8d595db7723e8&name=default => generated 2925 bytes in 227 msecs (HTTP/1.1 200) 4 headers in 158 bytes (1 switches on core 0) [pid: 8|app: 0|req: 840/1554] 10.0.0.140 () {32 vars in 673 bytes} [Thu Jul 16 08:04:35 2026] GET /v2.0/security-group-rules => generated 4138 bytes in 54 msecs (HTTP/1.1 200) 4 headers in 158 bytes (1 switches on core 0) [pid: 7|app: 0|req: 715/1555] 10.0.0.140 () {32 vars in 724 bytes} [Thu Jul 16 08:04:34 2026] DELETE /v2.0/routers/ad88ac8a-9834-41e8-8a71-fe16a18be1a1 => generated 0 bytes in 791 msecs (HTTP/1.1 204) 2 headers in 112 bytes (1 switches on core 0) [pid: 7|app: 0|req: 716/1556] 10.0.0.140 () {32 vars in 750 bytes} [Thu Jul 16 08:04:35 2026] DELETE /v2.0/security-group-rules/10c56c3b-c1ec-4cef-9931-79be118d720a => generated 0 bytes in 128 msecs (HTTP/1.1 204) 2 headers in 112 bytes (1 switches on core 0) [pid: 8|app: 0|req: 841/1557] 10.0.0.140 () {32 vars in 740 bytes} [Thu Jul 16 08:04:35 2026] DELETE /v2.0/security-groups/6b184029-45c7-4493-b615-5a42e0d11d6d => generated 0 bytes in 178 msecs (HTTP/1.1 204) 2 headers in 112 bytes (1 switches on core 0) [pid: 7|app: 0|req: 717/1558] 10.0.0.140 () {32 vars in 736 bytes} [Thu Jul 16 08:04:35 2026] GET /v2.0/ports?device_id=ad88ac8a-9834-41e8-8a71-fe16a18be1a1 => generated 12 bytes in 17 msecs (HTTP/1.1 200) 4 headers in 156 bytes (1 switches on core 0)
2026-07-16 08:04:35.427 7 INFO neutron.api.v2.resource [None req-cbc052aa-d0a5-471e-8b38-f1b41933e430 a687f6b7867942f0b900512e720a78c5 d9e681923f544c2fb88cb88ecb0e02cf - - default default] delete failed (client error): The resource could not be found. [pid: 7|app: 0|req: 718/1559] 10.0.0.140 () {32 vars in 724 bytes} [Thu Jul 16 08:04:35 2026] DELETE /v2.0/routers/ad88ac8a-9834-41e8-8a71-fe16a18be1a1 => generated 135 bytes in 21 msecs (HTTP/1.1 404) 4 headers in 164 bytes (1 switches on core 0) [pid: 7|app: 0|req: 719/1560] 10.0.0.140 () {32 vars in 736 bytes} [Thu Jul 16 08:04:35 2026] GET /v2.0/ports?device_id=6507e482-7d92-456a-a36e-d5138cecbe06 => generated 12 bytes in 17 msecs (HTTP/1.1 200) 4 headers in 156 bytes (1 switches on core 0) [pid: 8|app: 0|req: 842/1561] 10.0.0.140 () {32 vars in 673 bytes} [Thu Jul 16 08:04:35 2026] GET /v2.0/security-group-rules => generated 3560 bytes in 67 msecs (HTTP/1.1 200) 4 headers in 158 bytes (1 switches on core 0)
2026-07-16 08:04:35.477 8 INFO neutron.api.v2.resource [None req-0b4c1e0f-bbb7-4e5a-9493-0bc14560abcf a687f6b7867942f0b900512e720a78c5 d9e681923f544c2fb88cb88ecb0e02cf - - default default] delete failed (client error): The resource could not be found. [pid: 8|app: 0|req: 843/1562] 10.0.0.140 () {32 vars in 724 bytes} [Thu Jul 16 08:04:35 2026] DELETE /v2.0/routers/6507e482-7d92-456a-a36e-d5138cecbe06 => generated 135 bytes in 20 msecs (HTTP/1.1 404) 4 headers in 164 bytes (1 switches on core 0)
2026-07-16 08:04:35.603 7 INFO neutron.db.ovn_revision_numbers_db [None req-49f641fc-8f47-4382-bbe8-215673b21111 3c440e25110e4532afdbd771cc9b1a12 657a6d75ecdc46e4b78d2ffc2f4efcc5 - - default default] Successfully bumped revision number for resource 1ee281e9-c106-4447-864d-c53adcefde84 (type: security_groups) to 1
2026-07-16 08:04:35.608 8 INFO neutron.db.ovn_revision_numbers_db [None req-deb96c34-3adf-4990-90d2-03d15bb201ab 13414fe828be4554acfefb2711e16df0 25e7dac6632d4234a311849f579d8b84 - - default default] Successfully bumped revision number for resource 2509d9ce-3a65-4068-a71d-ec9558265ee6 (type: security_group_rules) to 0
2026-07-16 08:04:35.615 7 INFO neutron.db.ovn_revision_numbers_db [None req-49f641fc-8f47-4382-bbe8-215673b21111 3c440e25110e4532afdbd771cc9b1a12 657a6d75ecdc46e4b78d2ffc2f4efcc5 - - default default] Successfully bumped revision number for resource 11e2060d-dc44-45e6-8e6f-8f364d38fcd8 (type: security_group_rules) to 0
2026-07-16 08:04:35.638 7 INFO neutron.db.ovn_revision_numbers_db [None req-49f641fc-8f47-4382-bbe8-215673b21111 3c440e25110e4532afdbd771cc9b1a12 657a6d75ecdc46e4b78d2ffc2f4efcc5 - - default default] Successfully bumped revision number for resource 2c0ca349-e43f-49b1-8e51-5853179de769 (type: security_group_rules) to 0 [pid: 8|app: 0|req: 844/1563] 10.0.0.140 () {34 vars in 695 bytes} [Thu Jul 16 08:04:35 2026] POST /v2.0/security-group-rules => generated 602 bytes in 165 msecs (HTTP/1.1 201) 4 headers in 162 bytes (1 switches on core 0)
2026-07-16 08:04:35.651 7 INFO neutron.db.ovn_revision_numbers_db [None req-49f641fc-8f47-4382-bbe8-215673b21111 3c440e25110e4532afdbd771cc9b1a12 657a6d75ecdc46e4b78d2ffc2f4efcc5 - - default default] Successfully bumped revision number for resource 5186f906-3c8a-4f5d-b3d6-5615519fbf3e (type: security_group_rules) to 0
2026-07-16 08:04:35.659 8 INFO neutron.pecan_wsgi.hooks.translation [None req-3b90d347-c6f5-4ae9-b1dc-81b54c2a4e77 a687f6b7867942f0b900512e720a78c5 d9e681923f544c2fb88cb88ecb0e02cf - - default default] DELETE failed (client error): The resource could not be found. [pid: 8|app: 0|req: 845/1564] 10.0.0.140 () {32 vars in 724 bytes} [Thu Jul 16 08:04:35 2026] DELETE /v2.0/subnets/49d18b22-4b71-4fbf-80e2-f34c8cafe57b => generated 136 bytes in 18 msecs (HTTP/1.1 404) 4 headers in 164 bytes (1 switches on core 0)
2026-07-16 08:04:35.664 7 INFO neutron.db.ovn_revision_numbers_db [None req-49f641fc-8f47-4382-bbe8-215673b21111 3c440e25110e4532afdbd771cc9b1a12 657a6d75ecdc46e4b78d2ffc2f4efcc5 - - default default] Successfully bumped revision number for resource a8dc1c63-1863-46d4-8ea2-b73a20daea6e (type: security_group_rules) to 0 [pid: 8|app: 0|req: 846/1565] 10.0.0.140 () {32 vars in 747 bytes} [Thu Jul 16 08:04:35 2026] GET /v2.0/security-group-rules/2509d9ce-3a65-4068-a71d-ec9558265ee6 => generated 602 bytes in 16 msecs (HTTP/1.1 200) 4 headers in 157 bytes (1 switches on core 0) [pid: 8|app: 0|req: 847/1566] 10.0.0.140 () {32 vars in 736 bytes} [Thu Jul 16 08:04:35 2026] GET /v2.0/ports?device_id=361225bb-3127-422e-8c0d-d2dece373aba => generated 12 bytes in 20 msecs (HTTP/1.1 200) 4 headers in 156 bytes (1 switches on core 0)
2026-07-16 08:04:35.742 7 INFO neutron.db.segments_db [None req-49f641fc-8f47-4382-bbe8-215673b21111 3c440e25110e4532afdbd771cc9b1a12 657a6d75ecdc46e4b78d2ffc2f4efcc5 - - default default] Added segment 53cc2f7b-6816-473b-85b7-6a0220e6ffcc of type geneve for network 43c2eb25-27d9-42e1-aea6-c16ce0257356 [pid: 8|app: 0|req: 848/1567] 10.0.0.140 () {32 vars in 673 bytes} [Thu Jul 16 08:04:35 2026] GET /v2.0/security-group-rules => generated 4139 bytes in 64 msecs (HTTP/1.1 200) 4 headers in 158 bytes (1 switches on core 0)
2026-07-16 08:04:35.787 8 INFO neutron.api.v2.resource [None req-fe4ad0af-ba93-4a02-bffb-9be98cd50934 a687f6b7867942f0b900512e720a78c5 d9e681923f544c2fb88cb88ecb0e02cf - - default default] delete failed (client error): The resource could not be found. [pid: 8|app: 0|req: 849/1568] 10.0.0.140 () {32 vars in 724 bytes} [Thu Jul 16 08:04:35 2026] DELETE /v2.0/routers/361225bb-3127-422e-8c0d-d2dece373aba => generated 135 bytes in 24 msecs (HTTP/1.1 404) 4 headers in 164 bytes (1 switches on core 0)
2026-07-16 08:04:35.853 7 INFO neutron.db.ovn_revision_numbers_db [None req-49f641fc-8f47-4382-bbe8-215673b21111 3c440e25110e4532afdbd771cc9b1a12 657a6d75ecdc46e4b78d2ffc2f4efcc5 - - default default] Successfully bumped revision number for resource 43c2eb25-27d9-42e1-aea6-c16ce0257356 (type: networks) to 1 [pid: 8|app: 0|req: 850/1569] 10.0.0.140 () {32 vars in 750 bytes} [Thu Jul 16 08:04:35 2026] DELETE /v2.0/security-group-rules/2509d9ce-3a65-4068-a71d-ec9558265ee6 => generated 0 bytes in 112 msecs (HTTP/1.1 204) 2 headers in 112 bytes (1 switches on core 0)
2026-07-16 08:04:35.913 8 INFO neutron.pecan_wsgi.hooks.translation [None req-70b457c7-85ee-4435-b898-fa854fd2ae21 a687f6b7867942f0b900512e720a78c5 d9e681923f544c2fb88cb88ecb0e02cf - - default default] DELETE failed (client error): The resource could not be found. [pid: 8|app: 0|req: 851/1570] 10.0.0.140 () {32 vars in 724 bytes} [Thu Jul 16 08:04:35 2026] DELETE /v2.0/subnets/7b873a50-8a70-4257-ae80-c6c5332a3251 => generated 136 bytes in 14 msecs (HTTP/1.1 404) 4 headers in 164 bytes (1 switches on core 0) [pid: 8|app: 0|req: 852/1571] 10.0.0.140 () {32 vars in 673 bytes} [Thu Jul 16 08:04:35 2026] GET /v2.0/security-group-rules => generated 3560 bytes in 66 msecs (HTTP/1.1 200) 4 headers in 158 bytes (1 switches on core 0) [pid: 8|app: 0|req: 853/1572] 10.0.0.140 () {32 vars in 736 bytes} [Thu Jul 16 08:04:35 2026] GET /v2.0/ports?device_id=3a249da6-83b0-41ed-b692-1de98dbf74fc => generated 12 bytes in 16 msecs (HTTP/1.1 200) 4 headers in 156 bytes (1 switches on core 0)
2026-07-16 08:04:36.036 7 WARNING neutron.scheduler.dhcp_agent_scheduler [None req-49f641fc-8f47-4382-bbe8-215673b21111 3c440e25110e4532afdbd771cc9b1a12 657a6d75ecdc46e4b78d2ffc2f4efcc5 - - default default] No more DHCP agents
2026-07-16 08:04:36.038 7 WARNING neutron.api.rpc.agentnotifiers.dhcp_rpc_agent_api [None req-49f641fc-8f47-4382-bbe8-215673b21111 3c440e25110e4532afdbd771cc9b1a12 657a6d75ecdc46e4b78d2ffc2f4efcc5 - - default default] Unable to schedule network 43c2eb25-27d9-42e1-aea6-c16ce0257356: no agents available; will retry on subsequent port and subnet creation events.
2026-07-16 08:04:36.098 8 INFO neutron.plugins.ml2.drivers.ovn.mech_driver.mech_driver [None req-eb199df0-101a-4ed9-95bf-0a532e274168 - - - - - -] OVN reports status down for port: 59906dc3-f9f9-4dc0-8e20-08b060d5f7be
2026-07-16 08:04:36.148 7 INFO neutron.db.ovn_revision_numbers_db [None req-49f641fc-8f47-4382-bbe8-215673b21111 3c440e25110e4532afdbd771cc9b1a12 657a6d75ecdc46e4b78d2ffc2f4efcc5 - - default default] Successfully bumped revision number for resource 59906dc3-f9f9-4dc0-8e20-08b060d5f7be (type: ports) to 1 [pid: 7|app: 0|req: 720/1573] 10.0.0.140 () {34 vars in 671 bytes} [Thu Jul 16 08:04:35 2026] POST /v2.0/networks => generated 781 bytes in 718 msecs (HTTP/1.1 201) 4 headers in 162 bytes (1 switches on core 0)
2026-07-16 08:04:36.187 7 INFO neutron.api.v2.resource [None req-00087c9f-7072-450f-9397-004453040990 a687f6b7867942f0b900512e720a78c5 d9e681923f544c2fb88cb88ecb0e02cf - - default default] delete failed (client error): The resource could not be found. [pid: 7|app: 0|req: 721/1574] 10.0.0.140 () {32 vars in 724 bytes} [Thu Jul 16 08:04:36 2026] DELETE /v2.0/routers/3a249da6-83b0-41ed-b692-1de98dbf74fc => generated 135 bytes in 18 msecs (HTTP/1.1 404) 4 headers in 164 bytes (1 switches on core 0) [pid: 8|app: 0|req: 854/1575] 10.0.0.140 () {32 vars in 740 bytes} [Thu Jul 16 08:04:35 2026] DELETE /v2.0/security-groups/74b94b67-1397-438f-8c0f-1d09b085b3cc => generated 0 bytes in 199 msecs (HTTP/1.1 204) 2 headers in 112 bytes (1 switches on core 0)
2026-07-16 08:04:36.214 8 INFO neutron.pecan_wsgi.hooks.translation [None req-1dbfc31c-6a30-43c2-82c4-5db348812ece a687f6b7867942f0b900512e720a78c5 d9e681923f544c2fb88cb88ecb0e02cf - - default default] DELETE failed (client error): The resource could not be found. [pid: 8|app: 0|req: 855/1576] 10.0.0.140 () {32 vars in 724 bytes} [Thu Jul 16 08:04:36 2026] DELETE /v2.0/subnets/5499eac9-a263-45d1-baab-24aace76b2ea => generated 136 bytes in 19 msecs (HTTP/1.1 404) 4 headers in 164 bytes (1 switches on core 0) [pid: 8|app: 0|req: 856/1577] 10.0.0.140 () {32 vars in 663 bytes} [Thu Jul 16 08:04:36 2026] GET /v2.0/security-groups => generated 2925 bytes in 65 msecs (HTTP/1.1 200) 4 headers in 158 bytes (1 switches on core 0)
2026-07-16 08:04:36.300 8 INFO neutron.pecan_wsgi.hooks.translation [None req-d8ed3a8c-12c3-4cba-992c-dfc89b11959c a687f6b7867942f0b900512e720a78c5 d9e681923f544c2fb88cb88ecb0e02cf - - default default] DELETE failed (client error): The resource could not be found. [pid: 8|app: 0|req: 857/1578] 10.0.0.140 () {32 vars in 724 bytes} [Thu Jul 16 08:04:36 2026] DELETE /v2.0/subnets/c7c79254-949b-40a0-912a-e2cb6ae59e0b => generated 136 bytes in 20 msecs (HTTP/1.1 404) 4 headers in 164 bytes (1 switches on core 0)
2026-07-16 08:04:36.326 7 WARNING neutron.scheduler.dhcp_agent_scheduler [None req-1563b42f-e3d5-49d7-9cb3-ce384bb598eb 3c440e25110e4532afdbd771cc9b1a12 657a6d75ecdc46e4b78d2ffc2f4efcc5 - - default default] No more DHCP agents
2026-07-16 08:04:36.328 7 WARNING neutron.api.rpc.agentnotifiers.dhcp_rpc_agent_api [None req-1563b42f-e3d5-49d7-9cb3-ce384bb598eb 3c440e25110e4532afdbd771cc9b1a12 657a6d75ecdc46e4b78d2ffc2f4efcc5 - - default default] Unable to schedule network 43c2eb25-27d9-42e1-aea6-c16ce0257356: no agents available; will retry on subsequent port and subnet creation events. [pid: 8|app: 0|req: 858/1579] 10.0.0.140 () {32 vars in 663 bytes} [Thu Jul 16 08:04:36 2026] GET /v2.0/security-groups => generated 2925 bytes in 32 msecs (HTTP/1.1 200) 4 headers in 158 bytes (1 switches on core 0)
2026-07-16 08:04:36.796 7 INFO neutron.db.ovn_revision_numbers_db [None req-1563b42f-e3d5-49d7-9cb3-ce384bb598eb 3c440e25110e4532afdbd771cc9b1a12 657a6d75ecdc46e4b78d2ffc2f4efcc5 - - default default] Successfully bumped revision number for resource 59906dc3-f9f9-4dc0-8e20-08b060d5f7be (type: ports) to 2
2026-07-16 08:04:36.833 7 INFO neutron.db.ovn_revision_numbers_db [None req-1563b42f-e3d5-49d7-9cb3-ce384bb598eb 3c440e25110e4532afdbd771cc9b1a12 657a6d75ecdc46e4b78d2ffc2f4efcc5 - - default default] Successfully bumped revision number for resource b2a48baf-a95f-41c4-97c2-663283778e86 (type: subnets) to 0 [pid: 7|app: 0|req: 722/1580] 10.0.0.140 () {34 vars in 669 bytes} [Thu Jul 16 08:04:36 2026] POST /v2.0/subnets => generated 687 bytes in 661 msecs (HTTP/1.1 201) 4 headers in 162 bytes (1 switches on core 0)
2026-07-16 08:04:36.985 8 WARNING neutron.db.securitygroups_db [None req-dfa8a642-ce3c-4c2b-a478-95f3bfdc1a16 3c440e25110e4532afdbd771cc9b1a12 657a6d75ecdc46e4b78d2ffc2f4efcc5 - - default default] project_id key not found in filters, using tenant_id instead. This support has been deprecated and will be removed in a future release. [pid: 8|app: 0|req: 859/1581] 10.0.0.140 () {32 vars in 774 bytes} [Thu Jul 16 08:04:36 2026] GET /v2.0/security-groups?tenant_id=d9e681923f544c2fb88cb88ecb0e02cf&name=default => generated 2925 bytes in 207 msecs (HTTP/1.1 200) 4 headers in 158 bytes (1 switches on core 0)
2026-07-16 08:04:37.078 7 WARNING neutron.db.securitygroups_db [None req-5fe04c3a-c052-4558-ad18-5886a4ea3319 3c440e25110e4532afdbd771cc9b1a12 657a6d75ecdc46e4b78d2ffc2f4efcc5 - - default default] project_id key not found in filters, using tenant_id instead. This support has been deprecated and will be removed in a future release. [pid: 7|app: 0|req: 723/1582] 10.0.0.140 () {32 vars in 774 bytes} [Thu Jul 16 08:04:36 2026] GET /v2.0/security-groups?tenant_id=25e7dac6632d4234a311849f579d8b84&name=default => generated 2925 bytes in 266 msecs (HTTP/1.1 200) 4 headers in 158 bytes (1 switches on core 0) [pid: 7|app: 0|req: 724/1583] 10.0.0.140 () {32 vars in 740 bytes} [Thu Jul 16 08:04:37 2026] DELETE /v2.0/security-groups/a20ee1cd-6841-418d-8a01-83b1d5375ae7 => generated 0 bytes in 193 msecs (HTTP/1.1 204) 2 headers in 112 bytes (1 switches on core 0) [pid: 7|app: 0|req: 725/1584] 10.0.0.140 () {32 vars in 740 bytes} [Thu Jul 16 08:04:37 2026] DELETE /v2.0/security-groups/c8614e8a-cd89-4a97-ae34-e8f52a96fa97 => generated 0 bytes in 197 msecs (HTTP/1.1 204) 2 headers in 112 bytes (1 switches on core 0)
2026-07-16 08:04:37.509 8 WARNING neutron.scheduler.dhcp_agent_scheduler [None req-f0ecbffe-0abd-4125-a8f3-bb5e8d80a545 3c440e25110e4532afdbd771cc9b1a12 657a6d75ecdc46e4b78d2ffc2f4efcc5 - - default default] No more DHCP agents
2026-07-16 08:04:37.510 8 WARNING neutron.api.rpc.agentnotifiers.dhcp_rpc_agent_api [None req-f0ecbffe-0abd-4125-a8f3-bb5e8d80a545 3c440e25110e4532afdbd771cc9b1a12 657a6d75ecdc46e4b78d2ffc2f4efcc5 - - default default] Unable to schedule network 6cae97ac-068e-42eb-ab28-92ca7e56185f: no agents available; will retry on subsequent port and subnet creation events.
2026-07-16 08:04:37.665 8 INFO neutron.db.ovn_revision_numbers_db [None req-f0ecbffe-0abd-4125-a8f3-bb5e8d80a545 3c440e25110e4532afdbd771cc9b1a12 657a6d75ecdc46e4b78d2ffc2f4efcc5 - - default default] Successfully bumped revision number for resource 539e827f-502f-4621-bbdb-63c9c7388730 (type: ports) to 1
2026-07-16 08:04:37.828 7 INFO neutron.db.ovn_revision_numbers_db [None req-b7617c1c-80cc-4411-90b7-b3acfab87e93 2ed0dd0470014fabb6b5d7a3ab89cc65 48c5da230ad743fe8e461e64a326d042 - - default default] Successfully bumped revision number for resource dbb68a81-4d11-4dce-87ab-f11f23c0bb39 (type: security_groups) to 1
2026-07-16 08:04:37.840 7 INFO neutron.db.ovn_revision_numbers_db [None req-b7617c1c-80cc-4411-90b7-b3acfab87e93 2ed0dd0470014fabb6b5d7a3ab89cc65 48c5da230ad743fe8e461e64a326d042 - - default default] Successfully bumped revision number for resource 3acd7e95-18ea-4c74-a679-99b6b511adcd (type: security_group_rules) to 0
2026-07-16 08:04:37.852 7 INFO neutron.db.ovn_revision_numbers_db [None req-b7617c1c-80cc-4411-90b7-b3acfab87e93 2ed0dd0470014fabb6b5d7a3ab89cc65 48c5da230ad743fe8e461e64a326d042 - - default default] Successfully bumped revision number for resource 507f1a47-d0f3-4dfc-9113-8e1770fee735 (type: security_group_rules) to 0
2026-07-16 08:04:37.863 7 INFO neutron.db.ovn_revision_numbers_db [None req-b7617c1c-80cc-4411-90b7-b3acfab87e93 2ed0dd0470014fabb6b5d7a3ab89cc65 48c5da230ad743fe8e461e64a326d042 - - default default] Successfully bumped revision number for resource 93b35b57-d0e3-40dd-87fe-32fa16add2fc (type: security_group_rules) to 0
2026-07-16 08:04:37.874 7 INFO neutron.db.ovn_revision_numbers_db [None req-b7617c1c-80cc-4411-90b7-b3acfab87e93 2ed0dd0470014fabb6b5d7a3ab89cc65 48c5da230ad743fe8e461e64a326d042 - - default default] Successfully bumped revision number for resource d84e7c54-838e-4e88-85b5-023c5496dd5e (type: security_group_rules) to 0
2026-07-16 08:04:37.954 7 INFO neutron.db.segments_db [None req-b7617c1c-80cc-4411-90b7-b3acfab87e93 2ed0dd0470014fabb6b5d7a3ab89cc65 48c5da230ad743fe8e461e64a326d042 - - default default] Added segment 7383eec4-960b-4417-aa18-8102c5bb4045 of type geneve for network e2bba35a-ae4e-4061-b6cf-07ef5abcd780
2026-07-16 08:04:37.958 7 WARNING neutron.plugins.ml2.drivers.ovn.mech_driver.ovsdb.ovn_client [None req-b7464e60-798a-4c60-bcad-1bcb4a70d1b2 - - - - - -] No port found with ID ce660841-14c5-4dd7-831b-1bf34cfa79cc: RuntimeError: No port found with ID ce660841-14c5-4dd7-831b-1bf34cfa79cc
2026-07-16 08:04:37.959 7 INFO neutron.plugins.ml2.drivers.ovn.mech_driver.mech_driver [None req-b7464e60-798a-4c60-bcad-1bcb4a70d1b2 - - - - - -] OVN reports status down for port: 52a26c17-a928-4df5-8335-89516e9a5e25
2026-07-16 08:04:38.099 7 WARNING neutron.plugins.ml2.drivers.ovn.mech_driver.ovsdb.ovn_client [None req-b7464e60-798a-4c60-bcad-1bcb4a70d1b2 - - - - - -] Logical_Switch_Port 52a26c17-a928-4df5-8335-89516e9a5e25 host information not removed, the port state is up
2026-07-16 08:04:38.102 7 INFO neutron.plugins.ml2.drivers.ovn.mech_driver.mech_driver [None req-b7464e60-798a-4c60-bcad-1bcb4a70d1b2 - - - - - -] OVN reports status up for port: 52a26c17-a928-4df5-8335-89516e9a5e25
2026-07-16 08:04:38.130 7 INFO neutron.plugins.ml2.plugin [None req-b7464e60-798a-4c60-bcad-1bcb4a70d1b2 - - - - - -] Attempt 1 to provision port 52a26c17-a928-4df5-8335-89516e9a5e25
2026-07-16 08:04:38.210 7 INFO neutron.db.ovn_revision_numbers_db [None req-b7617c1c-80cc-4411-90b7-b3acfab87e93 2ed0dd0470014fabb6b5d7a3ab89cc65 48c5da230ad743fe8e461e64a326d042 - - default default] Successfully bumped revision number for resource e2bba35a-ae4e-4061-b6cf-07ef5abcd780 (type: networks) to 1
2026-07-16 08:04:38.354 8 INFO neutron.db.ovn_revision_numbers_db [None req-f0ecbffe-0abd-4125-a8f3-bb5e8d80a545 3c440e25110e4532afdbd771cc9b1a12 657a6d75ecdc46e4b78d2ffc2f4efcc5 - - default default] Successfully bumped revision number for resource 539e827f-502f-4621-bbdb-63c9c7388730 (type: router_ports) to 1
2026-07-16 08:04:38.384 7 INFO neutron.plugins.ml2.drivers.ovn.mech_driver.ovsdb.ovsdb_monitor [None req-af09780d-0909-45a8-9e07-3c05265110f6 - - - - - -] Router 9d0d0fad-b396-4fd0-b81d-cf3a849f4b4e is bound to host instance
2026-07-16 08:04:38.472 8 INFO neutron.db.ovn_revision_numbers_db [None req-f0ecbffe-0abd-4125-a8f3-bb5e8d80a545 3c440e25110e4532afdbd771cc9b1a12 657a6d75ecdc46e4b78d2ffc2f4efcc5 - - default default] Successfully bumped revision number for resource 9d0d0fad-b396-4fd0-b81d-cf3a849f4b4e (type: routers) to 2 [pid: 8|app: 0|req: 860/1585] 10.0.0.140 () {34 vars in 669 bytes} [Thu Jul 16 08:04:37 2026] POST /v2.0/routers => generated 986 bytes in 1481 msecs (HTTP/1.1 201) 4 headers in 162 bytes (1 switches on core 0)
2026-07-16 08:04:38.816 7 WARNING neutron.scheduler.dhcp_agent_scheduler [None req-b7617c1c-80cc-4411-90b7-b3acfab87e93 2ed0dd0470014fabb6b5d7a3ab89cc65 48c5da230ad743fe8e461e64a326d042 - - default default] No more DHCP agents
2026-07-16 08:04:38.832 7 WARNING neutron.api.rpc.agentnotifiers.dhcp_rpc_agent_api [None req-b7617c1c-80cc-4411-90b7-b3acfab87e93 2ed0dd0470014fabb6b5d7a3ab89cc65 48c5da230ad743fe8e461e64a326d042 - - default default] Unable to schedule network e2bba35a-ae4e-4061-b6cf-07ef5abcd780: no agents available; will retry on subsequent port and subnet creation events.
2026-07-16 08:04:39.060 8 WARNING neutron.scheduler.dhcp_agent_scheduler [None req-04891f01-9722-4f79-842d-76b2fd951433 3c440e25110e4532afdbd771cc9b1a12 657a6d75ecdc46e4b78d2ffc2f4efcc5 - - default default] No more DHCP agents
2026-07-16 08:04:39.061 8 WARNING neutron.api.rpc.agentnotifiers.dhcp_rpc_agent_api [None req-04891f01-9722-4f79-842d-76b2fd951433 3c440e25110e4532afdbd771cc9b1a12 657a6d75ecdc46e4b78d2ffc2f4efcc5 - - default default] Unable to schedule network 43c2eb25-27d9-42e1-aea6-c16ce0257356: no agents available; will retry on subsequent port and subnet creation events.
2026-07-16 08:04:39.151 7 INFO neutron.db.ovn_revision_numbers_db [None req-b7617c1c-80cc-4411-90b7-b3acfab87e93 2ed0dd0470014fabb6b5d7a3ab89cc65 48c5da230ad743fe8e461e64a326d042 - - default default] Successfully bumped revision number for resource e203ce3a-3fbb-4e46-9000-df729037e7d1 (type: ports) to 1
2026-07-16 08:04:39.223 8 INFO neutron.db.ovn_revision_numbers_db [None req-04891f01-9722-4f79-842d-76b2fd951433 3c440e25110e4532afdbd771cc9b1a12 657a6d75ecdc46e4b78d2ffc2f4efcc5 - - default default] Successfully bumped revision number for resource ed445228-d192-4d6f-8b4f-4cd46f953e45 (type: ports) to 1 [pid: 7|app: 0|req: 726/1586] 10.0.0.140 () {34 vars in 670 bytes} [Thu Jul 16 08:04:37 2026] POST /v2.0/networks => generated 686 bytes in 1750 msecs (HTTP/1.1 201) 4 headers in 162 bytes (1 switches on core 0) [pid: 7|app: 0|req: 727/1587] 10.0.0.140 () {32 vars in 623 bytes} [Thu Jul 16 08:04:39 2026] GET / => generated 151 bytes in 4 msecs (HTTP/1.1 200) 3 headers in 91 bytes (1 switches on core 0)
2026-07-16 08:04:39.464 7 INFO neutron.db.ovn_revision_numbers_db [None req-b7464e60-798a-4c60-bcad-1bcb4a70d1b2 - - - - - -] Successfully bumped revision number for resource 52a26c17-a928-4df5-8335-89516e9a5e25 (type: ports) to 2 [pid: 7|app: 0|req: 728/1588] 10.0.0.140 () {32 vars in 633 bytes} [Thu Jul 16 08:04:39 2026] GET /v2.0/ => generated 632 bytes in 169 msecs (HTTP/1.1 200) 4 headers in 157 bytes (1 switches on core 0)
2026-07-16 08:04:39.965 8 WARNING neutron.scheduler.dhcp_agent_scheduler [None req-04891f01-9722-4f79-842d-76b2fd951433 3c440e25110e4532afdbd771cc9b1a12 657a6d75ecdc46e4b78d2ffc2f4efcc5 - - default default] No more DHCP agents
2026-07-16 08:04:39.975 8 WARNING neutron.api.rpc.agentnotifiers.dhcp_rpc_agent_api [None req-04891f01-9722-4f79-842d-76b2fd951433 3c440e25110e4532afdbd771cc9b1a12 657a6d75ecdc46e4b78d2ffc2f4efcc5 - - default default] Unable to schedule network 43c2eb25-27d9-42e1-aea6-c16ce0257356: no agents available; will retry on subsequent port and subnet creation events.
2026-07-16 08:04:40.117 7 WARNING neutron.scheduler.dhcp_agent_scheduler [None req-ea61583e-56d6-4725-97aa-98bd331ea986 2ed0dd0470014fabb6b5d7a3ab89cc65 48c5da230ad743fe8e461e64a326d042 - - default default] No more DHCP agents
2026-07-16 08:04:40.120 7 WARNING neutron.api.rpc.agentnotifiers.dhcp_rpc_agent_api [None req-ea61583e-56d6-4725-97aa-98bd331ea986 2ed0dd0470014fabb6b5d7a3ab89cc65 48c5da230ad743fe8e461e64a326d042 - - default default] Unable to schedule network e2bba35a-ae4e-4061-b6cf-07ef5abcd780: no agents available; will retry on subsequent port and subnet creation events.
2026-07-16 08:04:40.166 7 INFO neutron.db.ovn_revision_numbers_db [None req-ea61583e-56d6-4725-97aa-98bd331ea986 2ed0dd0470014fabb6b5d7a3ab89cc65 48c5da230ad743fe8e461e64a326d042 - - default default] Successfully bumped revision number for resource d9d3ff51-0546-46a5-a7a4-ecd97ab4c4aa (type: subnets) to 0 [pid: 7|app: 0|req: 729/1589] 10.0.0.140 () {34 vars in 669 bytes} [Thu Jul 16 08:04:39 2026] POST /v2.0/subnets => generated 673 bytes in 450 msecs (HTTP/1.1 201) 4 headers in 162 bytes (1 switches on core 0)
2026-07-16 08:04:40.221 7 INFO neutron.db.ovn_revision_numbers_db [None req-2c35b16a-4687-45f7-a737-ef048ffaa5e5 - - - - - -] Successfully bumped revision number for resource 539e827f-502f-4621-bbdb-63c9c7388730 (type: ports) to 4
2026-07-16 08:04:40.321 7 WARNING neutron.db.securitygroups_db [None req-bef56b90-a7af-4e4e-bebb-dfb07efe7c25 3c440e25110e4532afdbd771cc9b1a12 657a6d75ecdc46e4b78d2ffc2f4efcc5 - - default default] project_id key not found in filters, using tenant_id instead. This support has been deprecated and will be removed in a future release.
2026-07-16 08:04:40.412 8 INFO neutron.db.ovn_revision_numbers_db [None req-04891f01-9722-4f79-842d-76b2fd951433 3c440e25110e4532afdbd771cc9b1a12 657a6d75ecdc46e4b78d2ffc2f4efcc5 - - default default] Successfully bumped revision number for resource ed445228-d192-4d6f-8b4f-4cd46f953e45 (type: router_ports) to 1 [pid: 8|app: 0|req: 861/1590] 10.0.0.140 () {34 vars in 783 bytes} [Thu Jul 16 08:04:38 2026] PUT /v2.0/routers/9d0d0fad-b396-4fd0-b81d-cf3a849f4b4e/add_router_interface => generated 310 bytes in 1916 msecs (HTTP/1.1 200) 4 headers in 157 bytes (1 switches on core 0)
2026-07-16 08:04:40.490 8 INFO neutron.db.segments_db [None req-573073ea-4e5f-4480-8eee-26071b111060 2ed0dd0470014fabb6b5d7a3ab89cc65 48c5da230ad743fe8e461e64a326d042 - - default default] Added segment 660860f7-47d0-4560-9ab5-1b16d202230a of type geneve for network d4cf5343-695e-4481-b413-e266085a2383
2026-07-16 08:04:40.628 8 INFO neutron.db.ovn_revision_numbers_db [None req-573073ea-4e5f-4480-8eee-26071b111060 2ed0dd0470014fabb6b5d7a3ab89cc65 48c5da230ad743fe8e461e64a326d042 - - default default] Successfully bumped revision number for resource d4cf5343-695e-4481-b413-e266085a2383 (type: networks) to 1
2026-07-16 08:04:40.677 7 INFO neutron.db.ovn_revision_numbers_db [None req-bef56b90-a7af-4e4e-bebb-dfb07efe7c25 3c440e25110e4532afdbd771cc9b1a12 657a6d75ecdc46e4b78d2ffc2f4efcc5 - - default default] Successfully bumped revision number for resource 981993cb-6bb0-4599-82e5-063e94ed2aca (type: security_groups) to 1
2026-07-16 08:04:40.696 7 INFO neutron.db.ovn_revision_numbers_db [None req-bef56b90-a7af-4e4e-bebb-dfb07efe7c25 3c440e25110e4532afdbd771cc9b1a12 657a6d75ecdc46e4b78d2ffc2f4efcc5 - - default default] Successfully bumped revision number for resource 46ff1b51-c597-4543-bd0e-a03262199eda (type: security_group_rules) to 0
2026-07-16 08:04:40.719 7 INFO neutron.db.ovn_revision_numbers_db [None req-bef56b90-a7af-4e4e-bebb-dfb07efe7c25 3c440e25110e4532afdbd771cc9b1a12 657a6d75ecdc46e4b78d2ffc2f4efcc5 - - default default] Successfully bumped revision number for resource 5c8aabd1-b591-465a-b529-cbb9ec88b4ce (type: security_group_rules) to 0
2026-07-16 08:04:40.743 7 INFO neutron.db.ovn_revision_numbers_db [None req-bef56b90-a7af-4e4e-bebb-dfb07efe7c25 3c440e25110e4532afdbd771cc9b1a12 657a6d75ecdc46e4b78d2ffc2f4efcc5 - - default default] Successfully bumped revision number for resource 7a67f578-7b18-4351-ba0c-cf7175525298 (type: security_group_rules) to 0
2026-07-16 08:04:40.767 7 INFO neutron.db.ovn_revision_numbers_db [None req-bef56b90-a7af-4e4e-bebb-dfb07efe7c25 3c440e25110e4532afdbd771cc9b1a12 657a6d75ecdc46e4b78d2ffc2f4efcc5 - - default default] Successfully bumped revision number for resource bdc8ad12-0c0c-45eb-95a3-75fa72752368 (type: security_group_rules) to 0
2026-07-16 08:04:40.827 8 WARNING neutron.scheduler.dhcp_agent_scheduler [None req-573073ea-4e5f-4480-8eee-26071b111060 2ed0dd0470014fabb6b5d7a3ab89cc65 48c5da230ad743fe8e461e64a326d042 - - default default] No more DHCP agents
2026-07-16 08:04:40.828 8 WARNING neutron.api.rpc.agentnotifiers.dhcp_rpc_agent_api [None req-573073ea-4e5f-4480-8eee-26071b111060 2ed0dd0470014fabb6b5d7a3ab89cc65 48c5da230ad743fe8e461e64a326d042 - - default default] Unable to schedule network d4cf5343-695e-4481-b413-e266085a2383: no agents available; will retry on subsequent port and subnet creation events. [pid: 7|app: 0|req: 730/1591] 10.0.0.140 () {32 vars in 774 bytes} [Thu Jul 16 08:04:40 2026] GET /v2.0/security-groups?tenant_id=037dedc468e14a2f865c276de6efdc12&name=default => generated 2925 bytes in 671 msecs (HTTP/1.1 200) 4 headers in 158 bytes (1 switches on core 0)
2026-07-16 08:04:40.891 8 INFO neutron.plugins.ml2.drivers.ovn.mech_driver.mech_driver [None req-eb199df0-101a-4ed9-95bf-0a532e274168 - - - - - -] OVN reports status down for port: 33499620-522c-4371-b902-2b18dc64e966
2026-07-16 08:04:40.925 7 INFO neutron.db.ovn_revision_numbers_db [None req-2c35b16a-4687-45f7-a737-ef048ffaa5e5 - - - - - -] Successfully bumped revision number for resource 539e827f-502f-4621-bbdb-63c9c7388730 (type: ports) to 5
2026-07-16 08:04:40.953 8 INFO neutron.db.ovn_revision_numbers_db [None req-573073ea-4e5f-4480-8eee-26071b111060 2ed0dd0470014fabb6b5d7a3ab89cc65 48c5da230ad743fe8e461e64a326d042 - - default default] Successfully bumped revision number for resource 33499620-522c-4371-b902-2b18dc64e966 (type: ports) to 1 [pid: 8|app: 0|req: 862/1592] 10.0.0.140 () {34 vars in 670 bytes} [Thu Jul 16 08:04:40 2026] POST /v2.0/networks => generated 685 bytes in 589 msecs (HTTP/1.1 201) 4 headers in 162 bytes (1 switches on core 0)
2026-07-16 08:04:41.200 8 INFO neutron.db.ovn_revision_numbers_db [None req-9fa57ea6-b9c8-4378-aeb9-3590d6ba119c 2ed0dd0470014fabb6b5d7a3ab89cc65 48c5da230ad743fe8e461e64a326d042 - - default default] Successfully bumped revision number for resource d4cf5343-695e-4481-b413-e266085a2383 (type: networks) to 2 [pid: 7|app: 0|req: 731/1593] 10.0.0.140 () {32 vars in 740 bytes} [Thu Jul 16 08:04:40 2026] DELETE /v2.0/security-groups/981993cb-6bb0-4599-82e5-063e94ed2aca => generated 0 bytes in 332 msecs (HTTP/1.1 204) 2 headers in 112 bytes (1 switches on core 0) [pid: 8|app: 0|req: 863/1594] 10.0.0.140 () {34 vars in 743 bytes} [Thu Jul 16 08:04:41 2026] PUT /v2.0/networks/d4cf5343-695e-4481-b413-e266085a2383 => generated 636 bytes in 198 msecs (HTTP/1.1 200) 4 headers in 157 bytes (1 switches on core 0)
2026-07-16 08:04:41.345 7 INFO neutron.db.ovn_revision_numbers_db [None req-5d62c482-d52a-4588-9b68-b3d3c3290e31 e3a7371672e94665a291105d18e3befc 8bc45b4f1dcd4aa7bd97eb3f6fe676a6 - - default default] Successfully bumped revision number for resource 495ae4d2-ec9c-4ce4-a3f2-12ed894d0f89 (type: security_groups) to 1
2026-07-16 08:04:41.357 7 INFO neutron.db.ovn_revision_numbers_db [None req-5d62c482-d52a-4588-9b68-b3d3c3290e31 e3a7371672e94665a291105d18e3befc 8bc45b4f1dcd4aa7bd97eb3f6fe676a6 - - default default] Successfully bumped revision number for resource 6b6f6d3e-7a40-44ef-b752-4090c19985ad (type: security_group_rules) to 0
2026-07-16 08:04:41.368 7 INFO neutron.db.ovn_revision_numbers_db [None req-5d62c482-d52a-4588-9b68-b3d3c3290e31 e3a7371672e94665a291105d18e3befc 8bc45b4f1dcd4aa7bd97eb3f6fe676a6 - - default default] Successfully bumped revision number for resource cce00125-26d3-4630-a255-e01e0ba80080 (type: security_group_rules) to 0
2026-07-16 08:04:41.389 8 WARNING neutron.scheduler.dhcp_agent_scheduler [None req-0a1da9ea-c3f9-4372-8047-2043a466fada 2ed0dd0470014fabb6b5d7a3ab89cc65 48c5da230ad743fe8e461e64a326d042 - - default default] No more DHCP agents
2026-07-16 08:04:41.390 8 WARNING neutron.api.rpc.agentnotifiers.dhcp_rpc_agent_api [None req-0a1da9ea-c3f9-4372-8047-2043a466fada 2ed0dd0470014fabb6b5d7a3ab89cc65 48c5da230ad743fe8e461e64a326d042 - - default default] Unable to schedule network d4cf5343-695e-4481-b413-e266085a2383: no agents available; will retry on subsequent port and subnet creation events. [pid: 7|app: 0|req: 732/1595] 10.0.0.140 () {34 vars in 685 bytes} [Thu Jul 16 08:04:41 2026] POST /v2.0/security-groups => generated 1673 bytes in 207 msecs (HTTP/1.1 201) 4 headers in 163 bytes (1 switches on core 0)
2026-07-16 08:04:41.416 8 INFO neutron.db.ovn_revision_numbers_db [None req-0a1da9ea-c3f9-4372-8047-2043a466fada 2ed0dd0470014fabb6b5d7a3ab89cc65 48c5da230ad743fe8e461e64a326d042 - - default default] Successfully bumped revision number for resource ee480fd1-2dbe-4651-bc91-dd491ccabab3 (type: subnets) to 0 [pid: 8|app: 0|req: 864/1596] 10.0.0.140 () {34 vars in 669 bytes} [Thu Jul 16 08:04:41 2026] POST /v2.0/subnets => generated 646 bytes in 217 msecs (HTTP/1.1 201) 4 headers in 162 bytes (1 switches on core 0)
2026-07-16 08:04:41.563 7 INFO neutron.db.ovn_revision_numbers_db [None req-f6bf9a3e-eb31-4d2a-b860-066851840b0d e3a7371672e94665a291105d18e3befc 8bc45b4f1dcd4aa7bd97eb3f6fe676a6 - - default default] Successfully bumped revision number for resource 73aa4a70-78c9-4d37-bf05-3ebc6d40d615 (type: security_group_rules) to 0 [pid: 7|app: 0|req: 733/1597] 10.0.0.140 () {34 vars in 695 bytes} [Thu Jul 16 08:04:41 2026] POST /v2.0/security-group-rules => generated 597 bytes in 188 msecs (HTTP/1.1 201) 4 headers in 162 bytes (1 switches on core 0)
2026-07-16 08:04:41.722 7 INFO neutron.db.ovn_revision_numbers_db [None req-667934f1-794e-41f8-a33d-472aeb5869be e3a7371672e94665a291105d18e3befc 8bc45b4f1dcd4aa7bd97eb3f6fe676a6 - - default default] Successfully bumped revision number for resource b002551c-a80d-42bb-afa5-5aec2d520ecf (type: security_group_rules) to 0 [pid: 7|app: 0|req: 734/1598] 10.0.0.140 () {34 vars in 695 bytes} [Thu Jul 16 08:04:41 2026] POST /v2.0/security-group-rules => generated 596 bytes in 142 msecs (HTTP/1.1 201) 4 headers in 162 bytes (1 switches on core 0)
2026-07-16 08:04:41.886 7 INFO neutron.db.ovn_revision_numbers_db [None req-a0018c04-aae0-4590-9ca2-d6a654232c05 e3a7371672e94665a291105d18e3befc 8bc45b4f1dcd4aa7bd97eb3f6fe676a6 - - default default] Successfully bumped revision number for resource 972b900f-6db0-4f81-860f-0db635ea5b8f (type: security_group_rules) to 0 [pid: 7|app: 0|req: 735/1599] 10.0.0.140 () {34 vars in 695 bytes} [Thu Jul 16 08:04:41 2026] POST /v2.0/security-group-rules => generated 602 bytes in 169 msecs (HTTP/1.1 201) 4 headers in 162 bytes (1 switches on core 0)
2026-07-16 08:04:42.090 8 INFO neutron.db.ovn_revision_numbers_db [None req-5bdc5a5e-3b9a-4d35-808b-f924caefbf88 2ed0dd0470014fabb6b5d7a3ab89cc65 48c5da230ad743fe8e461e64a326d042 - - default default] Successfully bumped revision number for resource 33499620-522c-4371-b902-2b18dc64e966 (type: ports) to 2
2026-07-16 08:04:42.137 8 INFO neutron.db.ovn_revision_numbers_db [None req-5bdc5a5e-3b9a-4d35-808b-f924caefbf88 2ed0dd0470014fabb6b5d7a3ab89cc65 48c5da230ad743fe8e461e64a326d042 - - default default] Successfully bumped revision number for resource ee480fd1-2dbe-4651-bc91-dd491ccabab3 (type: subnets) to 1 [pid: 8|app: 0|req: 865/1600] 10.0.0.140 () {34 vars in 741 bytes} [Thu Jul 16 08:04:41 2026] PUT /v2.0/subnets/ee480fd1-2dbe-4651-bc91-dd491ccabab3 => generated 656 bytes in 703 msecs (HTTP/1.1 200) 4 headers in 157 bytes (1 switches on core 0)
2026-07-16 08:04:42.147 7 INFO neutron.db.ovn_revision_numbers_db [None req-a87f3919-0154-4928-a00f-9f212ebd1511 e3a7371672e94665a291105d18e3befc 8bc45b4f1dcd4aa7bd97eb3f6fe676a6 - - default default] Successfully bumped revision number for resource c1e9455b-8255-4a19-824e-3aac6000588c (type: security_group_rules) to 0 [pid: 7|app: 0|req: 736/1601] 10.0.0.140 () {34 vars in 695 bytes} [Thu Jul 16 08:04:41 2026] POST /v2.0/security-group-rules => generated 601 bytes in 259 msecs (HTTP/1.1 201) 4 headers in 162 bytes (1 switches on core 0)
2026-07-16 08:04:42.230 7 INFO neutron.db.securitygroups_db [None req-78902ffd-9616-49cc-8aa5-9cd5f4e6a000 e3a7371672e94665a291105d18e3befc 8bc45b4f1dcd4aa7bd97eb3f6fe676a6 - - default default] Project 8bc45b4f1dcd4aa7bd97eb3f6fe676a6 added a security group rule with legacy IPv6 ICMP protocol name icmp, ipv6-icmp should be used instead. It was automatically converted.
2026-07-16 08:04:42.291 8 INFO neutron_taas.services.taas.taas_plugin [None req-c16a7c87-ac08-46a4-b146-3d7e8f8f043b 2ed0dd0470014fabb6b5d7a3ab89cc65 48c5da230ad743fe8e461e64a326d042 - - default default] TaaS: Handle Delete Port: 33499620-522c-4371-b902-2b18dc64e966
2026-07-16 08:04:42.296 8 INFO neutron_taas.services.taas.tap_mirror_plugin [None req-c16a7c87-ac08-46a4-b146-3d7e8f8f043b 2ed0dd0470014fabb6b5d7a3ab89cc65 48c5da230ad743fe8e461e64a326d042 - - default default] Tap Mirror: Handle Delete Port: 33499620-522c-4371-b902-2b18dc64e966
2026-07-16 08:04:42.308 7 INFO neutron.db.ovn_revision_numbers_db [None req-78902ffd-9616-49cc-8aa5-9cd5f4e6a000 e3a7371672e94665a291105d18e3befc 8bc45b4f1dcd4aa7bd97eb3f6fe676a6 - - default default] Successfully bumped revision number for resource f120d510-6698-488e-925b-1158dd6c7e62 (type: security_group_rules) to 0 [pid: 7|app: 0|req: 737/1602] 10.0.0.140 () {34 vars in 695 bytes} [Thu Jul 16 08:04:42 2026] POST /v2.0/security-group-rules => generated 607 bytes in 139 msecs (HTTP/1.1 201) 4 headers in 162 bytes (1 switches on core 0)
2026-07-16 08:04:42.493 7 WARNING neutron.db.securitygroups_db [None req-e1d1e2e8-c725-4c26-a7db-95276ec88bbf 3c440e25110e4532afdbd771cc9b1a12 657a6d75ecdc46e4b78d2ffc2f4efcc5 - - default default] project_id key not found in filters, using tenant_id instead. This support has been deprecated and will be removed in a future release.
2026-07-16 08:04:42.574 8 INFO neutron.services.segments.plugin [-] Segment 660860f7-47d0-4560-9ab5-1b16d202230a resource provider aggregate not found
2026-07-16 08:04:42.576 8 INFO neutron.services.segments.plugin [-] Segment 660860f7-47d0-4560-9ab5-1b16d202230a resource provider aggregate not found
2026-07-16 08:04:42.598 8 INFO neutron.services.segments.plugin [-] Client error retrieving segment 660860f7-47d0-4560-9ab5-1b16d202230a resource provider; error: Placement Client Error (4xx): {"errors": [{"status": 404, "title": "Not Found", "detail": "The resource could not be found.\n\n No resource provider with uuid 660860f7-47d0-4560-9ab5-1b16d202230a found for delete ", "request_id": "req-6e7cfdeb-81bc-418a-8294-4de44d239c68"}]}
2026-07-16 08:04:42.602 8 INFO neutron.services.segments.plugin [-] Client error retrieving segment 660860f7-47d0-4560-9ab5-1b16d202230a resource provider; error: Placement Client Error (4xx): {"errors": [{"status": 404, "title": "Not Found", "detail": "The resource could not be found.\n\n No resource provider with uuid 660860f7-47d0-4560-9ab5-1b16d202230a found for delete ", "request_id": "req-0673d561-75c9-4101-961c-adf1e650cfe9"}]}
2026-07-16 08:04:42.629 7 INFO neutron.db.ovn_revision_numbers_db [None req-e1d1e2e8-c725-4c26-a7db-95276ec88bbf 3c440e25110e4532afdbd771cc9b1a12 657a6d75ecdc46e4b78d2ffc2f4efcc5 - - default default] Successfully bumped revision number for resource 13a1bbf8-87fe-4252-949a-1d3aa602d611 (type: security_groups) to 1
2026-07-16 08:04:42.641 7 INFO neutron.db.ovn_revision_numbers_db [None req-e1d1e2e8-c725-4c26-a7db-95276ec88bbf 3c440e25110e4532afdbd771cc9b1a12 657a6d75ecdc46e4b78d2ffc2f4efcc5 - - default default] Successfully bumped revision number for resource 40965aca-1432-4bd2-bee9-3c99e8c7b1a0 (type: security_group_rules) to 0 [pid: 8|app: 0|req: 866/1603] 10.0.0.140 () {32 vars in 726 bytes} [Thu Jul 16 08:04:42 2026] DELETE /v2.0/networks/d4cf5343-695e-4481-b413-e266085a2383 => generated 0 bytes in 497 msecs (HTTP/1.1 204) 3 headers in 131 bytes (1 switches on core 0)
2026-07-16 08:04:42.654 7 INFO neutron.db.ovn_revision_numbers_db [None req-e1d1e2e8-c725-4c26-a7db-95276ec88bbf 3c440e25110e4532afdbd771cc9b1a12 657a6d75ecdc46e4b78d2ffc2f4efcc5 - - default default] Successfully bumped revision number for resource 5b8a2b38-3aa8-4efb-8b09-300148352628 (type: security_group_rules) to 0
2026-07-16 08:04:42.667 7 INFO neutron.db.ovn_revision_numbers_db [None req-e1d1e2e8-c725-4c26-a7db-95276ec88bbf 3c440e25110e4532afdbd771cc9b1a12 657a6d75ecdc46e4b78d2ffc2f4efcc5 - - default default] Successfully bumped revision number for resource 6409708b-c0e2-42df-8bff-c6f2bbf8ede7 (type: security_group_rules) to 0
2026-07-16 08:04:42.678 7 INFO neutron.db.ovn_revision_numbers_db [None req-e1d1e2e8-c725-4c26-a7db-95276ec88bbf 3c440e25110e4532afdbd771cc9b1a12 657a6d75ecdc46e4b78d2ffc2f4efcc5 - - default default] Successfully bumped revision number for resource e3959485-f6bc-4c63-967f-247187f63f1a (type: security_group_rules) to 0
2026-07-16 08:04:42.691 8 INFO neutron.db.securitygroups_db [None req-037cdb5b-ee31-47e1-a06f-c2db15e42828 e3a7371672e94665a291105d18e3befc 8bc45b4f1dcd4aa7bd97eb3f6fe676a6 - - default default] Project 8bc45b4f1dcd4aa7bd97eb3f6fe676a6 added a security group rule with legacy IPv6 ICMP protocol name icmp, ipv6-icmp should be used instead. It was automatically converted. [pid: 7|app: 0|req: 738/1604] 10.0.0.140 () {32 vars in 774 bytes} [Thu Jul 16 08:04:42 2026] GET /v2.0/security-groups?tenant_id=25cca65cad0d401099914b4fdc509805&name=default => generated 2925 bytes in 382 msecs (HTTP/1.1 200) 4 headers in 158 bytes (1 switches on core 0)
2026-07-16 08:04:42.728 7 INFO neutron.pecan_wsgi.hooks.translation [None req-b6803f3b-80eb-47f4-8b6d-bf3fc566875f 2ed0dd0470014fabb6b5d7a3ab89cc65 48c5da230ad743fe8e461e64a326d042 - - default default] DELETE failed (client error): The resource could not be found. [pid: 7|app: 0|req: 739/1605] 10.0.0.140 () {32 vars in 726 bytes} [Thu Jul 16 08:04:42 2026] DELETE /v2.0/networks/d4cf5343-695e-4481-b413-e266085a2383 => generated 138 bytes in 11 msecs (HTTP/1.1 404) 4 headers in 164 bytes (1 switches on core 0)
2026-07-16 08:04:42.781 8 INFO neutron.db.ovn_revision_numbers_db [None req-037cdb5b-ee31-47e1-a06f-c2db15e42828 e3a7371672e94665a291105d18e3befc 8bc45b4f1dcd4aa7bd97eb3f6fe676a6 - - default default] Successfully bumped revision number for resource 305b3ea8-9717-4e8b-b44d-c3ae2db017b3 (type: security_group_rules) to 0 [pid: 8|app: 0|req: 867/1606] 10.0.0.140 () {34 vars in 695 bytes} [Thu Jul 16 08:04:42 2026] POST /v2.0/security-group-rules => generated 606 bytes in 169 msecs (HTTP/1.1 201) 4 headers in 162 bytes (1 switches on core 0) [pid: 8|app: 0|req: 868/1607] 10.0.0.140 () {32 vars in 694 bytes} [Thu Jul 16 08:04:42 2026] GET /v2.0/networks?router%3Aexternal=True => generated 689 bytes in 70 msecs (HTTP/1.1 200) 4 headers in 157 bytes (1 switches on core 0) [pid: 8|app: 0|req: 869/1608] 10.0.0.140 () {32 vars in 742 bytes} [Thu Jul 16 08:04:42 2026] GET /v2.0/subnets?network_id=6cae97ac-068e-42eb-ab28-92ca7e56185f => generated 649 bytes in 48 msecs (HTTP/1.1 200) 4 headers in 157 bytes (1 switches on core 0) [pid: 7|app: 0|req: 740/1609] 10.0.0.140 () {32 vars in 740 bytes} [Thu Jul 16 08:04:42 2026] DELETE /v2.0/security-groups/13a1bbf8-87fe-4252-949a-1d3aa602d611 => generated 0 bytes in 221 msecs (HTTP/1.1 204) 2 headers in 112 bytes (1 switches on core 0) [pid: 8|app: 0|req: 870/1610] 10.0.0.140 () {32 vars in 653 bytes} [Thu Jul 16 08:04:42 2026] GET /v2.0/extensions => generated 22668 bytes in 9 msecs (HTTP/1.1 200) 4 headers in 159 bytes (1 switches on core 0) [pid: 7|app: 0|req: 741/1611] 10.0.0.140 () {32 vars in 649 bytes} [Thu Jul 16 08:04:42 2026] GET /v2.0/networks => generated 1389 bytes in 48 msecs (HTTP/1.1 200) 4 headers in 158 bytes (1 switches on core 0) [pid: 8|app: 0|req: 871/1612] 10.0.0.140 () {32 vars in 647 bytes} [Thu Jul 16 08:04:43 2026] GET /v2.0/subnets => generated 1312 bytes in 41 msecs (HTTP/1.1 200) 4 headers in 158 bytes (1 switches on core 0) [pid: 7|app: 0|req: 742/1613] 10.0.0.140 () {32 vars in 723 bytes} [Thu Jul 16 08:04:43 2026] GET /v2.0/networks/e2bba35a-ae4e-4061-b6cf-07ef5abcd780 => generated 711 bytes in 50 msecs (HTTP/1.1 200) 4 headers in 157 bytes (1 switches on core 0)
2026-07-16 08:04:43.165 7 WARNING neutron.db.securitygroups_db [None req-782f24fc-ab76-498e-a9b4-ec52aebe5e1d 3c440e25110e4532afdbd771cc9b1a12 657a6d75ecdc46e4b78d2ffc2f4efcc5 - - default default] project_id key not found in filters, using tenant_id instead. This support has been deprecated and will be removed in a future release. [pid: 8|app: 0|req: 872/1614] 10.0.0.140 () {32 vars in 721 bytes} [Thu Jul 16 08:04:43 2026] GET /v2.0/subnets/d9d3ff51-0546-46a5-a7a4-ecd97ab4c4aa => generated 673 bytes in 31 msecs (HTTP/1.1 200) 4 headers in 157 bytes (1 switches on core 0)
2026-07-16 08:04:43.202 8 INFO neutron.pecan_wsgi.hooks.translation [None req-65651937-3a04-4a9e-9e77-ea68710d82e9 2ed0dd0470014fabb6b5d7a3ab89cc65 48c5da230ad743fe8e461e64a326d042 - - default default] DELETE failed (client error): The resource could not be found. [pid: 8|app: 0|req: 873/1615] 10.0.0.140 () {32 vars in 724 bytes} [Thu Jul 16 08:04:43 2026] DELETE /v2.0/subnets/ee480fd1-2dbe-4651-bc91-dd491ccabab3 => generated 136 bytes in 24 msecs (HTTP/1.1 404) 4 headers in 164 bytes (1 switches on core 0)
2026-07-16 08:04:43.231 8 INFO neutron.pecan_wsgi.hooks.translation [None req-6f02ab4f-cb4c-4ef5-b944-1565edd7debd 2ed0dd0470014fabb6b5d7a3ab89cc65 48c5da230ad743fe8e461e64a326d042 - - default default] DELETE failed (client error): The resource could not be found. [pid: 8|app: 0|req: 874/1616] 10.0.0.140 () {32 vars in 726 bytes} [Thu Jul 16 08:04:43 2026] DELETE /v2.0/networks/d4cf5343-695e-4481-b413-e266085a2383 => generated 138 bytes in 30 msecs (HTTP/1.1 404) 4 headers in 164 bytes (1 switches on core 0)
