2026-07-16 08:07:05.244 8 INFO neutron.api.v2.resource [None req-56afaa82-fda8-48b5-b06e-a7223f0ed1ba 2d37d8261b964fca91ec6b6c6d8c6072 cc27ceab49c349beb7f9c466e3402dc4 - - default default] show failed (client error): The resource could not be found. [pid: 8|app: 0|req: 1394/2570] 10.0.0.140 () {32 vars in 747 bytes} [Thu Jul 16 08:07:05 2026] GET /v2.0/security-group-rules/eae1c05b-bc0b-492b-9bed-004645421d14 => generated 155 bytes in 14 msecs (HTTP/1.1 404) 4 headers in 164 bytes (1 switches on core 0) [pid: 7|app: 0|req: 1177/2571] 10.0.0.140 () {32 vars in 750 bytes} [Thu Jul 16 08:07:05 2026] DELETE /v2.0/security-group-rules/460e8b24-a1a4-4327-a932-aa133113ee70 => generated 0 bytes in 107 msecs (HTTP/1.1 204) 2 headers in 112 bytes (1 switches on core 0)
2026-07-16 08:07:05.372 8 INFO neutron.api.v2.resource [None req-5a33bc6f-4cbd-435e-bd35-a9529bd76089 2d37d8261b964fca91ec6b6c6d8c6072 cc27ceab49c349beb7f9c466e3402dc4 - - default default] show failed (client error): The resource could not be found. [pid: 8|app: 0|req: 1395/2572] 10.0.0.140 () {32 vars in 747 bytes} [Thu Jul 16 08:07:05 2026] GET /v2.0/security-group-rules/460e8b24-a1a4-4327-a932-aa133113ee70 => generated 155 bytes in 14 msecs (HTTP/1.1 404) 4 headers in 164 bytes (1 switches on core 0) [pid: 7|app: 0|req: 1178/2573] 10.0.0.140 () {32 vars in 750 bytes} [Thu Jul 16 08:07:05 2026] DELETE /v2.0/security-group-rules/6cd7ba80-a809-4323-b474-3b2408841da5 => generated 0 bytes in 113 msecs (HTTP/1.1 204) 2 headers in 112 bytes (1 switches on core 0)
2026-07-16 08:07:05.508 8 INFO neutron.api.v2.resource [None req-b684ee04-59f6-4d77-bcc4-3c01010dab65 2d37d8261b964fca91ec6b6c6d8c6072 cc27ceab49c349beb7f9c466e3402dc4 - - default default] show failed (client error): The resource could not be found. [pid: 8|app: 0|req: 1396/2574] 10.0.0.140 () {32 vars in 747 bytes} [Thu Jul 16 08:07:05 2026] GET /v2.0/security-group-rules/6cd7ba80-a809-4323-b474-3b2408841da5 => generated 155 bytes in 14 msecs (HTTP/1.1 404) 4 headers in 164 bytes (1 switches on core 0) [pid: 7|app: 0|req: 1179/2575] 10.0.0.140 () {32 vars in 750 bytes} [Thu Jul 16 08:07:05 2026] DELETE /v2.0/security-group-rules/67b834c9-33f0-4226-a24c-bcfb65c1e9e1 => generated 0 bytes in 86 msecs (HTTP/1.1 204) 2 headers in 112 bytes (1 switches on core 0)
2026-07-16 08:07:05.615 8 INFO neutron.api.v2.resource [None req-1262f1c5-51f8-4a9f-96f3-3d27da8c7248 2d37d8261b964fca91ec6b6c6d8c6072 cc27ceab49c349beb7f9c466e3402dc4 - - default default] show failed (client error): The resource could not be found. [pid: 8|app: 0|req: 1397/2576] 10.0.0.140 () {32 vars in 747 bytes} [Thu Jul 16 08:07:05 2026] GET /v2.0/security-group-rules/67b834c9-33f0-4226-a24c-bcfb65c1e9e1 => generated 155 bytes in 12 msecs (HTTP/1.1 404) 4 headers in 164 bytes (1 switches on core 0) [pid: 7|app: 0|req: 1180/2577] 10.0.0.140 () {32 vars in 750 bytes} [Thu Jul 16 08:07:05 2026] DELETE /v2.0/security-group-rules/dfd8704e-6472-4e09-87d1-82cd55933a2c => generated 0 bytes in 90 msecs (HTTP/1.1 204) 2 headers in 112 bytes (1 switches on core 0)
2026-07-16 08:07:05.725 8 INFO neutron.api.v2.resource [None req-9cf311dc-21e3-463f-a4c3-86a0204bd9f4 2d37d8261b964fca91ec6b6c6d8c6072 cc27ceab49c349beb7f9c466e3402dc4 - - default default] show failed (client error): The resource could not be found. [pid: 8|app: 0|req: 1398/2578] 10.0.0.140 () {32 vars in 747 bytes} [Thu Jul 16 08:07:05 2026] GET /v2.0/security-group-rules/dfd8704e-6472-4e09-87d1-82cd55933a2c => generated 155 bytes in 10 msecs (HTTP/1.1 404) 4 headers in 164 bytes (1 switches on core 0) [pid: 7|app: 0|req: 1181/2579] 10.0.0.140 () {32 vars in 750 bytes} [Thu Jul 16 08:07:05 2026] DELETE /v2.0/security-group-rules/e77a68ea-6595-4cec-896a-636c6b165513 => generated 0 bytes in 96 msecs (HTTP/1.1 204) 2 headers in 112 bytes (1 switches on core 0)
2026-07-16 08:07:05.838 8 INFO neutron.api.v2.resource [None req-086a3218-f012-4196-a82a-5c306f81338c 2d37d8261b964fca91ec6b6c6d8c6072 cc27ceab49c349beb7f9c466e3402dc4 - - default default] show failed (client error): The resource could not be found. [pid: 8|app: 0|req: 1399/2580] 10.0.0.140 () {32 vars in 747 bytes} [Thu Jul 16 08:07:05 2026] GET /v2.0/security-group-rules/e77a68ea-6595-4cec-896a-636c6b165513 => generated 155 bytes in 9 msecs (HTTP/1.1 404) 4 headers in 164 bytes (1 switches on core 0) [pid: 7|app: 0|req: 1182/2581] 10.0.0.140 () {32 vars in 750 bytes} [Thu Jul 16 08:07:05 2026] DELETE /v2.0/security-group-rules/19f464a7-f8b7-405e-b98e-0a1be0d7c23d => generated 0 bytes in 94 msecs (HTTP/1.1 204) 2 headers in 112 bytes (1 switches on core 0)
2026-07-16 08:07:05.950 8 INFO neutron.api.v2.resource [None req-b91504e0-6c43-434a-9d4f-7b73db9500e0 2d37d8261b964fca91ec6b6c6d8c6072 cc27ceab49c349beb7f9c466e3402dc4 - - default default] show failed (client error): The resource could not be found. [pid: 8|app: 0|req: 1400/2582] 10.0.0.140 () {32 vars in 747 bytes} [Thu Jul 16 08:07:05 2026] GET /v2.0/security-group-rules/19f464a7-f8b7-405e-b98e-0a1be0d7c23d => generated 155 bytes in 12 msecs (HTTP/1.1 404) 4 headers in 164 bytes (1 switches on core 0) [pid: 7|app: 0|req: 1183/2583] 10.0.0.140 () {32 vars in 750 bytes} [Thu Jul 16 08:07:05 2026] DELETE /v2.0/security-group-rules/c2a9339c-f6f9-477d-9f3c-913d82c8aeb0 => generated 0 bytes in 119 msecs (HTTP/1.1 204) 2 headers in 112 bytes (1 switches on core 0)
2026-07-16 08:07:06.090 8 INFO neutron.api.v2.resource [None req-bbdc323e-68dd-4c05-af65-127a73e560ae 2d37d8261b964fca91ec6b6c6d8c6072 cc27ceab49c349beb7f9c466e3402dc4 - - default default] show failed (client error): The resource could not be found. [pid: 8|app: 0|req: 1401/2584] 10.0.0.140 () {32 vars in 747 bytes} [Thu Jul 16 08:07:06 2026] GET /v2.0/security-group-rules/c2a9339c-f6f9-477d-9f3c-913d82c8aeb0 => generated 155 bytes in 15 msecs (HTTP/1.1 404) 4 headers in 164 bytes (1 switches on core 0) [pid: 7|app: 0|req: 1184/2585] 10.0.0.140 () {32 vars in 750 bytes} [Thu Jul 16 08:07:06 2026] DELETE /v2.0/security-group-rules/41deed40-d124-480c-b91a-c4c3b30bad4b => generated 0 bytes in 85 msecs (HTTP/1.1 204) 2 headers in 112 bytes (1 switches on core 0)
2026-07-16 08:07:06.194 8 INFO neutron.api.v2.resource [None req-af7c16e8-56e3-45be-803f-3b78063860d4 2d37d8261b964fca91ec6b6c6d8c6072 cc27ceab49c349beb7f9c466e3402dc4 - - default default] show failed (client error): The resource could not be found. [pid: 8|app: 0|req: 1402/2586] 10.0.0.140 () {32 vars in 747 bytes} [Thu Jul 16 08:07:06 2026] GET /v2.0/security-group-rules/41deed40-d124-480c-b91a-c4c3b30bad4b => generated 155 bytes in 11 msecs (HTTP/1.1 404) 4 headers in 164 bytes (1 switches on core 0) [pid: 7|app: 0|req: 1185/2587] 10.0.0.140 () {32 vars in 740 bytes} [Thu Jul 16 08:07:06 2026] DELETE /v2.0/security-groups/fe986154-890a-43b2-8941-0250e21f9bb5 => generated 0 bytes in 125 msecs (HTTP/1.1 204) 2 headers in 112 bytes (1 switches on core 0)
2026-07-16 08:07:06.345 8 INFO neutron.api.v2.resource [None req-b2b2adce-2286-421e-a5d3-15f5b3a320a7 2d37d8261b964fca91ec6b6c6d8c6072 cc27ceab49c349beb7f9c466e3402dc4 - - default default] show failed (client error): The resource could not be found. [pid: 8|app: 0|req: 1403/2588] 10.0.0.140 () {32 vars in 737 bytes} [Thu Jul 16 08:07:06 2026] GET /v2.0/security-groups/fe986154-890a-43b2-8941-0250e21f9bb5 => generated 146 bytes in 17 msecs (HTTP/1.1 404) 4 headers in 164 bytes (1 switches on core 0)
2026-07-16 08:07:06.673 7 INFO neutron_taas.services.taas.taas_plugin [None req-d6fbf62c-f10d-448e-ac9f-262ad68dc920 2d37d8261b964fca91ec6b6c6d8c6072 cc27ceab49c349beb7f9c466e3402dc4 - - default default] TaaS: Handle Delete Port: b5952257-3aae-4102-a3ee-ddb555cd0945
2026-07-16 08:07:06.676 7 INFO neutron_taas.services.taas.tap_mirror_plugin [None req-d6fbf62c-f10d-448e-ac9f-262ad68dc920 2d37d8261b964fca91ec6b6c6d8c6072 cc27ceab49c349beb7f9c466e3402dc4 - - default default] Tap Mirror: Handle Delete Port: b5952257-3aae-4102-a3ee-ddb555cd0945 [pid: 7|app: 0|req: 1186/2589] 10.0.0.140 () {34 vars in 789 bytes} [Thu Jul 16 08:07:06 2026] PUT /v2.0/routers/b5d4fa51-1605-4260-a321-8c35ad37dd3c/remove_router_interface => generated 310 bytes in 1495 msecs (HTTP/1.1 200) 4 headers in 157 bytes (1 switches on core 0)
2026-07-16 08:07:07.985 8 INFO neutron.api.v2.resource [None req-0eee5561-6bf6-4fd5-9ad9-a36acce37daf 2d37d8261b964fca91ec6b6c6d8c6072 cc27ceab49c349beb7f9c466e3402dc4 - - default default] remove_router_interface failed (client error): The resource could not be found. [pid: 8|app: 0|req: 1404/2590] 10.0.0.140 () {34 vars in 789 bytes} [Thu Jul 16 08:07:07 2026] PUT /v2.0/routers/b5d4fa51-1605-4260-a321-8c35ad37dd3c/remove_router_interface => generated 198 bytes in 96 msecs (HTTP/1.1 404) 4 headers in 164 bytes (1 switches on core 0) /var/lib/openstack/lib/python3.12/site-packages/pycadf/identifier.py:70: UserWarning: Invalid uuid: neutron. To ensure interoperability, identifiers should be a valid uuid. warnings.warn(('Invalid uuid: %s. To ensure interoperability, '
2026-07-16 08:07:08.258 7 INFO neutron_taas.services.taas.taas_plugin [None req-3537aabf-9203-411f-b6a3-42b725e67c28 2d37d8261b964fca91ec6b6c6d8c6072 cc27ceab49c349beb7f9c466e3402dc4 - - default default] TaaS: Handle Delete Port: 97797baa-f3db-4955-8493-715b43728e92
2026-07-16 08:07:08.260 7 INFO neutron_taas.services.taas.tap_mirror_plugin [None req-3537aabf-9203-411f-b6a3-42b725e67c28 2d37d8261b964fca91ec6b6c6d8c6072 cc27ceab49c349beb7f9c466e3402dc4 - - default default] Tap Mirror: Handle Delete Port: 97797baa-f3db-4955-8493-715b43728e92 [pid: 7|app: 0|req: 1187/2591] 10.0.0.140 () {34 vars in 789 bytes} [Thu Jul 16 08:07:07 2026] PUT /v2.0/routers/b5d4fa51-1605-4260-a321-8c35ad37dd3c/remove_router_interface => generated 310 bytes in 679 msecs (HTTP/1.1 200) 4 headers in 157 bytes (1 switches on core 0)
2026-07-16 08:07:08.762 8 INFO neutron.api.v2.resource [None req-8dcb4653-0cae-4c36-8ea7-b4c88d35ae93 2d37d8261b964fca91ec6b6c6d8c6072 cc27ceab49c349beb7f9c466e3402dc4 - - default default] remove_router_interface failed (client error): The resource could not be found. [pid: 8|app: 0|req: 1405/2592] 10.0.0.140 () {34 vars in 789 bytes} [Thu Jul 16 08:07:08 2026] PUT /v2.0/routers/b5d4fa51-1605-4260-a321-8c35ad37dd3c/remove_router_interface => generated 198 bytes in 88 msecs (HTTP/1.1 404) 4 headers in 164 bytes (1 switches on core 0) /var/lib/openstack/lib/python3.12/site-packages/pycadf/identifier.py:70: UserWarning: Invalid uuid: neutron. To ensure interoperability, identifiers should be a valid uuid. warnings.warn(('Invalid uuid: %s. To ensure interoperability, '
2026-07-16 08:07:09.085 7 INFO neutron_taas.services.taas.taas_plugin [None req-706f8538-8ebc-44a1-a21f-f320bcd420c6 2d37d8261b964fca91ec6b6c6d8c6072 cc27ceab49c349beb7f9c466e3402dc4 - - default default] TaaS: Handle Delete Port: 16c9196d-df18-4307-9a57-ffb75cf5795f
2026-07-16 08:07:09.089 7 INFO neutron_taas.services.taas.tap_mirror_plugin [None req-706f8538-8ebc-44a1-a21f-f320bcd420c6 2d37d8261b964fca91ec6b6c6d8c6072 cc27ceab49c349beb7f9c466e3402dc4 - - default default] Tap Mirror: Handle Delete Port: 16c9196d-df18-4307-9a57-ffb75cf5795f [pid: 7|app: 0|req: 1188/2593] 10.0.0.140 () {34 vars in 789 bytes} [Thu Jul 16 08:07:08 2026] PUT /v2.0/routers/b5d4fa51-1605-4260-a321-8c35ad37dd3c/remove_router_interface => generated 310 bytes in 771 msecs (HTTP/1.1 200) 4 headers in 157 bytes (1 switches on core 0)
2026-07-16 08:07:09.638 8 INFO neutron.api.v2.resource [None req-77c77290-3165-4771-adac-634b895638ba 2d37d8261b964fca91ec6b6c6d8c6072 cc27ceab49c349beb7f9c466e3402dc4 - - default default] remove_router_interface failed (client error): The resource could not be found. [pid: 8|app: 0|req: 1406/2594] 10.0.0.140 () {34 vars in 789 bytes} [Thu Jul 16 08:07:09 2026] PUT /v2.0/routers/b5d4fa51-1605-4260-a321-8c35ad37dd3c/remove_router_interface => generated 198 bytes in 96 msecs (HTTP/1.1 404) 4 headers in 164 bytes (1 switches on core 0) /var/lib/openstack/lib/python3.12/site-packages/pycadf/identifier.py:70: UserWarning: Invalid uuid: neutron. To ensure interoperability, identifiers should be a valid uuid. warnings.warn(('Invalid uuid: %s. To ensure interoperability, '
2026-07-16 08:07:09.945 7 INFO neutron_taas.services.taas.taas_plugin [None req-b0d5e69f-a55b-43c2-9105-222bebfaf03a 2d37d8261b964fca91ec6b6c6d8c6072 cc27ceab49c349beb7f9c466e3402dc4 - - default default] TaaS: Handle Delete Port: 7f4d7a9c-7c5b-42ab-9e59-fea21d86b1db
2026-07-16 08:07:09.947 7 INFO neutron_taas.services.taas.tap_mirror_plugin [None req-b0d5e69f-a55b-43c2-9105-222bebfaf03a 2d37d8261b964fca91ec6b6c6d8c6072 cc27ceab49c349beb7f9c466e3402dc4 - - default default] Tap Mirror: Handle Delete Port: 7f4d7a9c-7c5b-42ab-9e59-fea21d86b1db [pid: 7|app: 0|req: 1189/2595] 10.0.0.140 () {32 vars in 724 bytes} [Thu Jul 16 08:07:09 2026] DELETE /v2.0/routers/b5d4fa51-1605-4260-a321-8c35ad37dd3c => generated 0 bytes in 674 msecs (HTTP/1.1 204) 2 headers in 112 bytes (1 switches on core 0)
2026-07-16 08:07:10.338 8 INFO neutron.api.v2.resource [None req-616ad30d-1d22-4d60-b7ea-a5449998c7fd 2d37d8261b964fca91ec6b6c6d8c6072 cc27ceab49c349beb7f9c466e3402dc4 - - default default] show failed (client error): The resource could not be found. [pid: 8|app: 0|req: 1407/2596] 10.0.0.140 () {32 vars in 721 bytes} [Thu Jul 16 08:07:10 2026] GET /v2.0/routers/b5d4fa51-1605-4260-a321-8c35ad37dd3c => generated 135 bytes in 17 msecs (HTTP/1.1 404) 4 headers in 164 bytes (1 switches on core 0) [pid: 7|app: 0|req: 1190/2597] 10.0.0.140 () {32 vars in 724 bytes} [Thu Jul 16 08:07:10 2026] DELETE /v2.0/subnets/e58de43b-6018-4f28-a469-6ba23e009ff7 => generated 0 bytes in 134 msecs (HTTP/1.1 204) 3 headers in 131 bytes (1 switches on core 0)
2026-07-16 08:07:10.499 8 INFO neutron.pecan_wsgi.hooks.translation [None req-5faae8a7-aea5-4ba2-bceb-27d16edf26a5 2d37d8261b964fca91ec6b6c6d8c6072 cc27ceab49c349beb7f9c466e3402dc4 - - default default] GET failed (client error): The resource could not be found. [pid: 8|app: 0|req: 1408/2598] 10.0.0.140 () {32 vars in 721 bytes} [Thu Jul 16 08:07:10 2026] GET /v2.0/subnets/e58de43b-6018-4f28-a469-6ba23e009ff7 => generated 136 bytes in 18 msecs (HTTP/1.1 404) 4 headers in 164 bytes (1 switches on core 0) [pid: 7|app: 0|req: 1191/2599] 10.0.0.140 () {32 vars in 724 bytes} [Thu Jul 16 08:07:10 2026] DELETE /v2.0/subnets/8fc829d9-09b4-4623-a1a8-aa94cb597fec => generated 0 bytes in 150 msecs (HTTP/1.1 204) 3 headers in 131 bytes (1 switches on core 0)
2026-07-16 08:07:10.674 8 INFO neutron.pecan_wsgi.hooks.translation [None req-b5843c4b-40e1-4b3a-9543-121607516400 2d37d8261b964fca91ec6b6c6d8c6072 cc27ceab49c349beb7f9c466e3402dc4 - - default default] GET failed (client error): The resource could not be found. [pid: 8|app: 0|req: 1409/2600] 10.0.0.140 () {32 vars in 721 bytes} [Thu Jul 16 08:07:10 2026] GET /v2.0/subnets/8fc829d9-09b4-4623-a1a8-aa94cb597fec => generated 136 bytes in 16 msecs (HTTP/1.1 404) 4 headers in 164 bytes (1 switches on core 0)
2026-07-16 08:07:10.817 7 INFO neutron_taas.services.taas.taas_plugin [None req-2174530c-807e-4bf4-98e3-8c1ccdd5769e 2d37d8261b964fca91ec6b6c6d8c6072 cc27ceab49c349beb7f9c466e3402dc4 - - default default] TaaS: Handle Delete Port: 2f3c72fd-12d8-4ca3-8988-29951eef4a4d
2026-07-16 08:07:10.821 7 INFO neutron_taas.services.taas.tap_mirror_plugin [None req-2174530c-807e-4bf4-98e3-8c1ccdd5769e 2d37d8261b964fca91ec6b6c6d8c6072 cc27ceab49c349beb7f9c466e3402dc4 - - default default] Tap Mirror: Handle Delete Port: 2f3c72fd-12d8-4ca3-8988-29951eef4a4d
2026-07-16 08:07:11.014 7 INFO neutron.services.segments.plugin [-] Segment a246192a-148e-47b7-b263-e308bea9e5c7 resource provider aggregate not found
2026-07-16 08:07:11.020 7 INFO neutron.services.segments.plugin [-] Segment a246192a-148e-47b7-b263-e308bea9e5c7 resource provider aggregate not found
2026-07-16 08:07:11.037 7 INFO neutron.services.segments.plugin [-] Client error retrieving segment a246192a-148e-47b7-b263-e308bea9e5c7 resource provider; error: Placement Client Error (4xx): {"errors": [{"status": 404, "title": "Not Found", "detail": "The resource could not be found.\n\n No resource provider with uuid a246192a-148e-47b7-b263-e308bea9e5c7 found for delete ", "request_id": "req-331141b4-59c4-402b-9cd2-c4c6eff62a26"}]}
2026-07-16 08:07:11.050 7 INFO neutron.services.segments.plugin [-] Client error retrieving segment a246192a-148e-47b7-b263-e308bea9e5c7 resource provider; error: Placement Client Error (4xx): {"errors": [{"status": 404, "title": "Not Found", "detail": "The resource could not be found.\n\n No resource provider with uuid a246192a-148e-47b7-b263-e308bea9e5c7 found for delete ", "request_id": "req-ec446650-54a1-41c3-a995-911d9eb8c7c4"}]} [pid: 7|app: 0|req: 1192/2601] 10.0.0.140 () {32 vars in 726 bytes} [Thu Jul 16 08:07:10 2026] DELETE /v2.0/networks/dc5897e4-c2ea-4b03-a894-9e2e73313d5d => generated 0 bytes in 392 msecs (HTTP/1.1 204) 3 headers in 131 bytes (1 switches on core 0)
2026-07-16 08:07:11.091 8 INFO neutron.pecan_wsgi.hooks.translation [None req-ca318a27-a4d2-4d29-9c02-5e950964f2d8 2d37d8261b964fca91ec6b6c6d8c6072 cc27ceab49c349beb7f9c466e3402dc4 - - default default] GET failed (client error): The resource could not be found. [pid: 8|app: 0|req: 1410/2602] 10.0.0.140 () {32 vars in 723 bytes} [Thu Jul 16 08:07:11 2026] GET /v2.0/networks/dc5897e4-c2ea-4b03-a894-9e2e73313d5d => generated 138 bytes in 19 msecs (HTTP/1.1 404) 4 headers in 164 bytes (1 switches on core 0) [pid: 7|app: 0|req: 1193/2603] 10.0.0.140 () {32 vars in 724 bytes} [Thu Jul 16 08:07:11 2026] DELETE /v2.0/subnets/4e12ac7d-8921-481c-b495-4b8b31e35db9 => generated 0 bytes in 149 msecs (HTTP/1.1 204) 3 headers in 131 bytes (1 switches on core 0)
2026-07-16 08:07:11.294 8 INFO neutron.pecan_wsgi.hooks.translation [None req-1a4cff53-f346-4a64-ab98-c94601939048 2d37d8261b964fca91ec6b6c6d8c6072 cc27ceab49c349beb7f9c466e3402dc4 - - default default] GET failed (client error): The resource could not be found. [pid: 8|app: 0|req: 1411/2604] 10.0.0.140 () {32 vars in 721 bytes} [Thu Jul 16 08:07:11 2026] GET /v2.0/subnets/4e12ac7d-8921-481c-b495-4b8b31e35db9 => generated 136 bytes in 40 msecs (HTTP/1.1 404) 4 headers in 164 bytes (1 switches on core 0) [pid: 7|app: 0|req: 1194/2605] 10.0.0.140 () {32 vars in 724 bytes} [Thu Jul 16 08:07:11 2026] DELETE /v2.0/subnets/c3043ba2-e7fb-43c4-a7c2-449e4c6fbd28 => generated 0 bytes in 163 msecs (HTTP/1.1 204) 3 headers in 131 bytes (1 switches on core 0)
2026-07-16 08:07:11.480 8 INFO neutron.pecan_wsgi.hooks.translation [None req-58f6b894-8e85-48f8-bbe7-84abd9c7c041 2d37d8261b964fca91ec6b6c6d8c6072 cc27ceab49c349beb7f9c466e3402dc4 - - default default] GET failed (client error): The resource could not be found. [pid: 8|app: 0|req: 1412/2606] 10.0.0.140 () {32 vars in 721 bytes} [Thu Jul 16 08:07:11 2026] GET /v2.0/subnets/c3043ba2-e7fb-43c4-a7c2-449e4c6fbd28 => generated 136 bytes in 14 msecs (HTTP/1.1 404) 4 headers in 164 bytes (1 switches on core 0)
2026-07-16 08:07:11.595 7 INFO neutron_taas.services.taas.taas_plugin [None req-11896900-25a6-4f34-aa64-6ac4f3e696d8 2d37d8261b964fca91ec6b6c6d8c6072 cc27ceab49c349beb7f9c466e3402dc4 - - default default] TaaS: Handle Delete Port: 51866bca-c90d-41df-9806-69a7b8370763
2026-07-16 08:07:11.598 7 INFO neutron_taas.services.taas.tap_mirror_plugin [None req-11896900-25a6-4f34-aa64-6ac4f3e696d8 2d37d8261b964fca91ec6b6c6d8c6072 cc27ceab49c349beb7f9c466e3402dc4 - - default default] Tap Mirror: Handle Delete Port: 51866bca-c90d-41df-9806-69a7b8370763 [pid: 7|app: 0|req: 1195/2607] 10.0.0.140 () {32 vars in 726 bytes} [Thu Jul 16 08:07:11 2026] DELETE /v2.0/networks/97efa75b-b772-48a4-b4a7-d79c58128223 => generated 0 bytes in 315 msecs (HTTP/1.1 204) 3 headers in 131 bytes (1 switches on core 0)
2026-07-16 08:07:11.820 8 INFO neutron.pecan_wsgi.hooks.translation [None req-74fdd9a2-d88d-426c-9255-d9eccde94474 2d37d8261b964fca91ec6b6c6d8c6072 cc27ceab49c349beb7f9c466e3402dc4 - - default default] GET failed (client error): The resource could not be found. [pid: 8|app: 0|req: 1413/2608] 10.0.0.140 () {32 vars in 723 bytes} [Thu Jul 16 08:07:11 2026] GET /v2.0/networks/97efa75b-b772-48a4-b4a7-d79c58128223 => generated 138 bytes in 16 msecs (HTTP/1.1 404) 4 headers in 164 bytes (1 switches on core 0) [pid: 7|app: 0|req: 1196/2609] 10.0.0.140 () {32 vars in 724 bytes} [Thu Jul 16 08:07:11 2026] DELETE /v2.0/subnets/2ad2e0c1-64b3-4a65-a79d-aecb325d60ae => generated 0 bytes in 135 msecs (HTTP/1.1 204) 3 headers in 131 bytes (1 switches on core 0)
2026-07-16 08:07:11.980 8 INFO neutron.pecan_wsgi.hooks.translation [None req-596ad7f6-e6b4-4a99-846b-3e4942b47cc1 2d37d8261b964fca91ec6b6c6d8c6072 cc27ceab49c349beb7f9c466e3402dc4 - - default default] GET failed (client error): The resource could not be found. [pid: 8|app: 0|req: 1414/2610] 10.0.0.140 () {32 vars in 721 bytes} [Thu Jul 16 08:07:11 2026] GET /v2.0/subnets/2ad2e0c1-64b3-4a65-a79d-aecb325d60ae => generated 136 bytes in 16 msecs (HTTP/1.1 404) 4 headers in 164 bytes (1 switches on core 0) [pid: 7|app: 0|req: 1197/2611] 10.0.0.140 () {32 vars in 724 bytes} [Thu Jul 16 08:07:11 2026] DELETE /v2.0/subnets/19c222e1-a905-4669-b14d-c65d01eec896 => generated 0 bytes in 199 msecs (HTTP/1.1 204) 3 headers in 131 bytes (1 switches on core 0)
2026-07-16 08:07:12.204 8 INFO neutron.pecan_wsgi.hooks.translation [None req-92b996af-41e2-4a67-a837-26b6d0b8294b 2d37d8261b964fca91ec6b6c6d8c6072 cc27ceab49c349beb7f9c466e3402dc4 - - default default] GET failed (client error): The resource could not be found. [pid: 8|app: 0|req: 1415/2612] 10.0.0.140 () {32 vars in 721 bytes} [Thu Jul 16 08:07:12 2026] GET /v2.0/subnets/19c222e1-a905-4669-b14d-c65d01eec896 => generated 136 bytes in 15 msecs (HTTP/1.1 404) 4 headers in 164 bytes (1 switches on core 0)
2026-07-16 08:07:12.321 7 INFO neutron_taas.services.taas.taas_plugin [None req-a87c856f-b33c-46b9-a090-56ee657b8651 2d37d8261b964fca91ec6b6c6d8c6072 cc27ceab49c349beb7f9c466e3402dc4 - - default default] TaaS: Handle Delete Port: 126a108d-0e6b-4f6b-8b59-33190a96b815
2026-07-16 08:07:12.323 7 INFO neutron_taas.services.taas.tap_mirror_plugin [None req-a87c856f-b33c-46b9-a090-56ee657b8651 2d37d8261b964fca91ec6b6c6d8c6072 cc27ceab49c349beb7f9c466e3402dc4 - - default default] Tap Mirror: Handle Delete Port: 126a108d-0e6b-4f6b-8b59-33190a96b815 [pid: 7|app: 0|req: 1198/2613] 10.0.0.140 () {32 vars in 726 bytes} [Thu Jul 16 08:07:12 2026] DELETE /v2.0/networks/727ac99a-e6b0-4fc5-9a72-a33fb7234efb => generated 0 bytes in 332 msecs (HTTP/1.1 204) 3 headers in 131 bytes (1 switches on core 0)
2026-07-16 08:07:12.563 8 INFO neutron.pecan_wsgi.hooks.translation [None req-06ad4297-82e0-43eb-a4b3-695736b7a349 2d37d8261b964fca91ec6b6c6d8c6072 cc27ceab49c349beb7f9c466e3402dc4 - - default default] GET failed (client error): The resource could not be found. [pid: 8|app: 0|req: 1416/2614] 10.0.0.140 () {32 vars in 723 bytes} [Thu Jul 16 08:07:12 2026] GET /v2.0/networks/727ac99a-e6b0-4fc5-9a72-a33fb7234efb => generated 138 bytes in 17 msecs (HTTP/1.1 404) 4 headers in 164 bytes (1 switches on core 0)
2026-07-16 08:07:13.056 7 INFO neutron.services.segments.plugin [-] Segment 5376fcbb-8b61-4205-9cd3-aee9982fa95f resource provider aggregate not found
2026-07-16 08:07:13.071 7 INFO neutron.services.segments.plugin [-] Segment 5376fcbb-8b61-4205-9cd3-aee9982fa95f resource provider aggregate not found
2026-07-16 08:07:13.076 7 INFO neutron.services.segments.plugin [-] Client error retrieving segment 5376fcbb-8b61-4205-9cd3-aee9982fa95f resource provider; error: Placement Client Error (4xx): {"errors": [{"status": 404, "title": "Not Found", "detail": "The resource could not be found.\n\n No resource provider with uuid 5376fcbb-8b61-4205-9cd3-aee9982fa95f found for delete ", "request_id": "req-5263507b-44b8-4a92-8ebe-383872148967"}]}
2026-07-16 08:07:13.080 7 INFO neutron.services.segments.plugin [-] Client error retrieving segment 5376fcbb-8b61-4205-9cd3-aee9982fa95f resource provider; error: Placement Client Error (4xx): {"errors": [{"status": 404, "title": "Not Found", "detail": "The resource could not be found.\n\n No resource provider with uuid 5376fcbb-8b61-4205-9cd3-aee9982fa95f found for delete ", "request_id": "req-738d40c1-b762-46ce-8266-18f8cdb46dde"}]}
2026-07-16 08:07:13.090 7 INFO neutron.services.segments.plugin [-] Segment 3a63131e-dd9a-40a4-8e6e-d1c91c48d354 resource provider aggregate not found
2026-07-16 08:07:13.102 7 INFO neutron.services.segments.plugin [-] Segment 3a63131e-dd9a-40a4-8e6e-d1c91c48d354 resource provider aggregate not found
2026-07-16 08:07:13.106 7 INFO neutron.services.segments.plugin [-] Client error retrieving segment 3a63131e-dd9a-40a4-8e6e-d1c91c48d354 resource provider; error: Placement Client Error (4xx): {"errors": [{"status": 404, "title": "Not Found", "detail": "The resource could not be found.\n\n No resource provider with uuid 3a63131e-dd9a-40a4-8e6e-d1c91c48d354 found for delete ", "request_id": "req-42445ac5-9935-4ba5-80de-45431bbe7d5b"}]}
2026-07-16 08:07:13.117 7 INFO neutron.services.segments.plugin [-] Client error retrieving segment 3a63131e-dd9a-40a4-8e6e-d1c91c48d354 resource provider; error: Placement Client Error (4xx): {"errors": [{"status": 404, "title": "Not Found", "detail": "The resource could not be found.\n\n No resource provider with uuid 3a63131e-dd9a-40a4-8e6e-d1c91c48d354 found for delete ", "request_id": "req-21727551-2e06-4764-82dd-a98a72a580f2"}]}
2026-07-16 08:07:14.661 7 WARNING neutron.db.securitygroups_db [None req-4ed7a4de-6133-4bef-b60e-11d41b9e72e8 3c440e25110e4532afdbd771cc9b1a12 657a6d75ecdc46e4b78d2ffc2f4efcc5 - - default default] project_id key not found in filters, using tenant_id instead. This support has been deprecated and will be removed in a future release.
2026-07-16 08:07:14.810 7 INFO neutron.db.ovn_revision_numbers_db [None req-4ed7a4de-6133-4bef-b60e-11d41b9e72e8 3c440e25110e4532afdbd771cc9b1a12 657a6d75ecdc46e4b78d2ffc2f4efcc5 - - default default] Successfully bumped revision number for resource b39a4dfa-e35d-438c-8b59-12426756d214 (type: security_groups) to 1
2026-07-16 08:07:14.822 7 INFO neutron.db.ovn_revision_numbers_db [None req-4ed7a4de-6133-4bef-b60e-11d41b9e72e8 3c440e25110e4532afdbd771cc9b1a12 657a6d75ecdc46e4b78d2ffc2f4efcc5 - - default default] Successfully bumped revision number for resource 1ae11313-6eb3-4baf-8138-ee4d2beee8b0 (type: security_group_rules) to 0
2026-07-16 08:07:14.836 7 INFO neutron.db.ovn_revision_numbers_db [None req-4ed7a4de-6133-4bef-b60e-11d41b9e72e8 3c440e25110e4532afdbd771cc9b1a12 657a6d75ecdc46e4b78d2ffc2f4efcc5 - - default default] Successfully bumped revision number for resource 4fd8e5b4-8b85-4f3a-967e-7718a4e85bab (type: security_group_rules) to 0
2026-07-16 08:07:14.850 7 INFO neutron.db.ovn_revision_numbers_db [None req-4ed7a4de-6133-4bef-b60e-11d41b9e72e8 3c440e25110e4532afdbd771cc9b1a12 657a6d75ecdc46e4b78d2ffc2f4efcc5 - - default default] Successfully bumped revision number for resource 6638aaca-f9f9-4dde-89fd-6cf40f7940e5 (type: security_group_rules) to 0
2026-07-16 08:07:14.861 7 INFO neutron.db.ovn_revision_numbers_db [None req-4ed7a4de-6133-4bef-b60e-11d41b9e72e8 3c440e25110e4532afdbd771cc9b1a12 657a6d75ecdc46e4b78d2ffc2f4efcc5 - - default default] Successfully bumped revision number for resource fc0bf347-0538-4580-bc06-923c1b0935d9 (type: security_group_rules) to 0 [pid: 7|app: 0|req: 1199/2617] 10.0.0.140 () {32 vars in 774 bytes} [Thu Jul 16 08:07:14 2026] GET /v2.0/security-groups?tenant_id=215371a084bb4a15a078151ab99fb077&name=default => generated 2929 bytes in 408 msecs (HTTP/1.1 200) 4 headers in 158 bytes (1 switches on core 0) [pid: 8|app: 0|req: 1419/2618] 10.0.0.140 () {32 vars in 740 bytes} [Thu Jul 16 08:07:14 2026] DELETE /v2.0/security-groups/b39a4dfa-e35d-438c-8b59-12426756d214 => generated 0 bytes in 224 msecs (HTTP/1.1 204) 2 headers in 112 bytes (1 switches on core 0)
2026-07-16 08:07:15.240 7 WARNING neutron.db.securitygroups_db [None req-add47c45-37e7-4ce9-ac37-19d87a0b23c7 3c440e25110e4532afdbd771cc9b1a12 657a6d75ecdc46e4b78d2ffc2f4efcc5 - - default default] project_id key not found in filters, using tenant_id instead. This support has been deprecated and will be removed in a future release.
2026-07-16 08:07:15.368 7 INFO neutron.db.ovn_revision_numbers_db [None req-add47c45-37e7-4ce9-ac37-19d87a0b23c7 3c440e25110e4532afdbd771cc9b1a12 657a6d75ecdc46e4b78d2ffc2f4efcc5 - - default default] Successfully bumped revision number for resource e8f63bd4-fdf2-4bcd-bad6-3a21e4dc981d (type: security_groups) to 1
2026-07-16 08:07:15.380 7 INFO neutron.db.ovn_revision_numbers_db [None req-add47c45-37e7-4ce9-ac37-19d87a0b23c7 3c440e25110e4532afdbd771cc9b1a12 657a6d75ecdc46e4b78d2ffc2f4efcc5 - - default default] Successfully bumped revision number for resource 13692036-7194-4c0a-81bd-643ea0d42c6c (type: security_group_rules) to 0
2026-07-16 08:07:15.391 7 INFO neutron.db.ovn_revision_numbers_db [None req-add47c45-37e7-4ce9-ac37-19d87a0b23c7 3c440e25110e4532afdbd771cc9b1a12 657a6d75ecdc46e4b78d2ffc2f4efcc5 - - default default] Successfully bumped revision number for resource 2c670a5d-a2c5-437b-b417-129994ca46da (type: security_group_rules) to 0
2026-07-16 08:07:15.410 7 INFO neutron.db.ovn_revision_numbers_db [None req-add47c45-37e7-4ce9-ac37-19d87a0b23c7 3c440e25110e4532afdbd771cc9b1a12 657a6d75ecdc46e4b78d2ffc2f4efcc5 - - default default] Successfully bumped revision number for resource 7a4b7c49-7592-401d-9644-e4a7378251e5 (type: security_group_rules) to 0
2026-07-16 08:07:15.421 7 INFO neutron.db.ovn_revision_numbers_db [None req-add47c45-37e7-4ce9-ac37-19d87a0b23c7 3c440e25110e4532afdbd771cc9b1a12 657a6d75ecdc46e4b78d2ffc2f4efcc5 - - default default] Successfully bumped revision number for resource ea55a1df-de93-4dbb-a482-0d29c97cc00f (type: security_group_rules) to 0 [pid: 7|app: 0|req: 1200/2619] 10.0.0.140 () {32 vars in 774 bytes} [Thu Jul 16 08:07:15 2026] GET /v2.0/security-groups?tenant_id=f38f2e3b99ee4d139e14a0274a8af6cc&name=default => generated 2929 bytes in 216 msecs (HTTP/1.1 200) 4 headers in 158 bytes (1 switches on core 0) [pid: 8|app: 0|req: 1420/2620] 10.0.0.140 () {32 vars in 740 bytes} [Thu Jul 16 08:07:15 2026] DELETE /v2.0/security-groups/e8f63bd4-fdf2-4bcd-bad6-3a21e4dc981d => generated 0 bytes in 173 msecs (HTTP/1.1 204) 2 headers in 112 bytes (1 switches on core 0)
2026-07-16 08:07:15.811 7 WARNING neutron.db.securitygroups_db [None req-bcaf667d-20de-4380-9969-10a4fa929cbb 3c440e25110e4532afdbd771cc9b1a12 657a6d75ecdc46e4b78d2ffc2f4efcc5 - - default default] project_id key not found in filters, using tenant_id instead. This support has been deprecated and will be removed in a future release. [pid: 7|app: 0|req: 1201/2621] 10.0.0.140 () {32 vars in 774 bytes} [Thu Jul 16 08:07:15 2026] GET /v2.0/security-groups?tenant_id=cc27ceab49c349beb7f9c466e3402dc4&name=default => generated 2929 bytes in 31 msecs (HTTP/1.1 200) 4 headers in 158 bytes (1 switches on core 0) [pid: 8|app: 0|req: 1421/2622] 10.0.0.140 () {32 vars in 740 bytes} [Thu Jul 16 08:07:15 2026] DELETE /v2.0/security-groups/c0dbffcf-ffa7-4451-94c3-f38c50413991 => generated 0 bytes in 175 msecs (HTTP/1.1 204) 2 headers in 112 bytes (1 switches on core 0)
2026-07-16 08:07:16.191 7 WARNING neutron.db.securitygroups_db [None req-dfd933f9-16e2-45f5-991d-42af05c08f2a 3c440e25110e4532afdbd771cc9b1a12 657a6d75ecdc46e4b78d2ffc2f4efcc5 - - default default] project_id key not found in filters, using tenant_id instead. This support has been deprecated and will be removed in a future release.
2026-07-16 08:07:16.330 7 INFO neutron.db.ovn_revision_numbers_db [None req-dfd933f9-16e2-45f5-991d-42af05c08f2a 3c440e25110e4532afdbd771cc9b1a12 657a6d75ecdc46e4b78d2ffc2f4efcc5 - - default default] Successfully bumped revision number for resource 60df72aa-7d40-4d26-97dc-8c5b7e64bd7c (type: security_groups) to 1
2026-07-16 08:07:16.342 7 INFO neutron.db.ovn_revision_numbers_db [None req-dfd933f9-16e2-45f5-991d-42af05c08f2a 3c440e25110e4532afdbd771cc9b1a12 657a6d75ecdc46e4b78d2ffc2f4efcc5 - - default default] Successfully bumped revision number for resource 0ce21970-f459-4a51-a659-a83332e215b3 (type: security_group_rules) to 0
2026-07-16 08:07:16.357 7 INFO neutron.db.ovn_revision_numbers_db [None req-dfd933f9-16e2-45f5-991d-42af05c08f2a 3c440e25110e4532afdbd771cc9b1a12 657a6d75ecdc46e4b78d2ffc2f4efcc5 - - default default] Successfully bumped revision number for resource 1eebdc8b-bbc6-4175-ae91-d6a4d110b18c (type: security_group_rules) to 0
2026-07-16 08:07:16.368 7 INFO neutron.db.ovn_revision_numbers_db [None req-dfd933f9-16e2-45f5-991d-42af05c08f2a 3c440e25110e4532afdbd771cc9b1a12 657a6d75ecdc46e4b78d2ffc2f4efcc5 - - default default] Successfully bumped revision number for resource e959c899-d8eb-4135-9ea1-f84332d8d629 (type: security_group_rules) to 0
2026-07-16 08:07:16.379 7 INFO neutron.db.ovn_revision_numbers_db [None req-dfd933f9-16e2-45f5-991d-42af05c08f2a 3c440e25110e4532afdbd771cc9b1a12 657a6d75ecdc46e4b78d2ffc2f4efcc5 - - default default] Successfully bumped revision number for resource f24cf745-c830-4519-8d18-0279269aad10 (type: security_group_rules) to 0 [pid: 7|app: 0|req: 1202/2623] 10.0.0.140 () {32 vars in 774 bytes} [Thu Jul 16 08:07:16 2026] GET /v2.0/security-groups?tenant_id=7bef20bdc023424b840851a3180318c6&name=default => generated 2929 bytes in 229 msecs (HTTP/1.1 200) 4 headers in 158 bytes (1 switches on core 0) [pid: 8|app: 0|req: 1422/2624] 10.0.0.140 () {32 vars in 740 bytes} [Thu Jul 16 08:07:16 2026] DELETE /v2.0/security-groups/60df72aa-7d40-4d26-97dc-8c5b7e64bd7c => generated 0 bytes in 158 msecs (HTTP/1.1 204) 2 headers in 112 bytes (1 switches on core 0)
2026-07-16 08:07:16.709 7 WARNING neutron.db.securitygroups_db [None req-4184b742-b7af-4661-aa89-3cca1e8233fa 3c440e25110e4532afdbd771cc9b1a12 657a6d75ecdc46e4b78d2ffc2f4efcc5 - - default default] project_id key not found in filters, using tenant_id instead. This support has been deprecated and will be removed in a future release.
2026-07-16 08:07:16.851 7 INFO neutron.db.ovn_revision_numbers_db [None req-4184b742-b7af-4661-aa89-3cca1e8233fa 3c440e25110e4532afdbd771cc9b1a12 657a6d75ecdc46e4b78d2ffc2f4efcc5 - - default default] Successfully bumped revision number for resource d7d1970f-afad-45d5-9f18-f5351e9f2133 (type: security_groups) to 1
2026-07-16 08:07:16.863 7 INFO neutron.db.ovn_revision_numbers_db [None req-4184b742-b7af-4661-aa89-3cca1e8233fa 3c440e25110e4532afdbd771cc9b1a12 657a6d75ecdc46e4b78d2ffc2f4efcc5 - - default default] Successfully bumped revision number for resource 11e6f3ce-43c5-421f-9afb-f1d252a59b83 (type: security_group_rules) to 0
2026-07-16 08:07:16.877 7 INFO neutron.db.ovn_revision_numbers_db [None req-4184b742-b7af-4661-aa89-3cca1e8233fa 3c440e25110e4532afdbd771cc9b1a12 657a6d75ecdc46e4b78d2ffc2f4efcc5 - - default default] Successfully bumped revision number for resource 2dd811ec-ee64-44d9-808d-cc1459a426c4 (type: security_group_rules) to 0
2026-07-16 08:07:16.888 7 INFO neutron.db.ovn_revision_numbers_db [None req-4184b742-b7af-4661-aa89-3cca1e8233fa 3c440e25110e4532afdbd771cc9b1a12 657a6d75ecdc46e4b78d2ffc2f4efcc5 - - default default] Successfully bumped revision number for resource 5c02b7d1-c0b5-4ca1-aa51-51fb649eb1a4 (type: security_group_rules) to 0
2026-07-16 08:07:16.899 7 INFO neutron.db.ovn_revision_numbers_db [None req-4184b742-b7af-4661-aa89-3cca1e8233fa 3c440e25110e4532afdbd771cc9b1a12 657a6d75ecdc46e4b78d2ffc2f4efcc5 - - default default] Successfully bumped revision number for resource cabeb6c9-90cf-486b-a5be-98555650d617 (type: security_group_rules) to 0 [pid: 7|app: 0|req: 1203/2625] 10.0.0.140 () {32 vars in 774 bytes} [Thu Jul 16 08:07:16 2026] GET /v2.0/security-groups?tenant_id=dcd0d700e01843af90cd3b4a6f347ab4&name=default => generated 2929 bytes in 232 msecs (HTTP/1.1 200) 4 headers in 158 bytes (1 switches on core 0) [pid: 8|app: 0|req: 1423/2626] 10.0.0.140 () {32 vars in 740 bytes} [Thu Jul 16 08:07:16 2026] DELETE /v2.0/security-groups/d7d1970f-afad-45d5-9f18-f5351e9f2133 => generated 0 bytes in 218 msecs (HTTP/1.1 204) 2 headers in 112 bytes (1 switches on core 0)
2026-07-16 08:07:17.317 7 WARNING neutron.db.securitygroups_db [None req-f91521b0-1c80-4725-b301-faad7040d07c 3c440e25110e4532afdbd771cc9b1a12 657a6d75ecdc46e4b78d2ffc2f4efcc5 - - default default] project_id key not found in filters, using tenant_id instead. This support has been deprecated and will be removed in a future release.
2026-07-16 08:07:17.458 7 INFO neutron.db.ovn_revision_numbers_db [None req-f91521b0-1c80-4725-b301-faad7040d07c 3c440e25110e4532afdbd771cc9b1a12 657a6d75ecdc46e4b78d2ffc2f4efcc5 - - default default] Successfully bumped revision number for resource 051eed0c-04d1-4f6b-b5b3-b55f7be55cc3 (type: security_groups) to 1
2026-07-16 08:07:17.471 7 INFO neutron.db.ovn_revision_numbers_db [None req-f91521b0-1c80-4725-b301-faad7040d07c 3c440e25110e4532afdbd771cc9b1a12 657a6d75ecdc46e4b78d2ffc2f4efcc5 - - default default] Successfully bumped revision number for resource 18abc22e-1a08-44c7-a15e-aa0e2a5e1e5f (type: security_group_rules) to 0
2026-07-16 08:07:17.489 7 INFO neutron.db.ovn_revision_numbers_db [None req-f91521b0-1c80-4725-b301-faad7040d07c 3c440e25110e4532afdbd771cc9b1a12 657a6d75ecdc46e4b78d2ffc2f4efcc5 - - default default] Successfully bumped revision number for resource 6915010b-b95e-43ff-b4a9-3abaa2f019f0 (type: security_group_rules) to 0
2026-07-16 08:07:17.502 7 INFO neutron.db.ovn_revision_numbers_db [None req-f91521b0-1c80-4725-b301-faad7040d07c 3c440e25110e4532afdbd771cc9b1a12 657a6d75ecdc46e4b78d2ffc2f4efcc5 - - default default] Successfully bumped revision number for resource e8f2d6f1-885e-4daf-9081-f7cde271ec95 (type: security_group_rules) to 0
2026-07-16 08:07:17.517 7 INFO neutron.db.ovn_revision_numbers_db [None req-f91521b0-1c80-4725-b301-faad7040d07c 3c440e25110e4532afdbd771cc9b1a12 657a6d75ecdc46e4b78d2ffc2f4efcc5 - - default default] Successfully bumped revision number for resource f7674445-3ecf-4ac1-a7d0-2d8959b92daf (type: security_group_rules) to 0 [pid: 7|app: 0|req: 1204/2627] 10.0.0.140 () {32 vars in 774 bytes} [Thu Jul 16 08:07:17 2026] GET /v2.0/security-groups?tenant_id=1d6a7ff547a345e9bc510e11c178eaba&name=default => generated 2929 bytes in 248 msecs (HTTP/1.1 200) 4 headers in 158 bytes (1 switches on core 0) [pid: 8|app: 0|req: 1424/2628] 10.0.0.140 () {32 vars in 740 bytes} [Thu Jul 16 08:07:17 2026] DELETE /v2.0/security-groups/051eed0c-04d1-4f6b-b5b3-b55f7be55cc3 => generated 0 bytes in 173 msecs (HTTP/1.1 204) 2 headers in 112 bytes (1 switches on core 0)
2026-07-16 08:07:17.876 7 WARNING neutron.db.securitygroups_db [None req-b220d370-f90d-457e-b2b4-195d2c0ad68d 3c440e25110e4532afdbd771cc9b1a12 657a6d75ecdc46e4b78d2ffc2f4efcc5 - - default default] project_id key not found in filters, using tenant_id instead. This support has been deprecated and will be removed in a future release.
2026-07-16 08:07:18.003 7 INFO neutron.db.ovn_revision_numbers_db [None req-b220d370-f90d-457e-b2b4-195d2c0ad68d 3c440e25110e4532afdbd771cc9b1a12 657a6d75ecdc46e4b78d2ffc2f4efcc5 - - default default] Successfully bumped revision number for resource 78278959-6ef5-484b-9fff-0a5ba2797053 (type: security_groups) to 1
2026-07-16 08:07:18.015 7 INFO neutron.db.ovn_revision_numbers_db [None req-b220d370-f90d-457e-b2b4-195d2c0ad68d 3c440e25110e4532afdbd771cc9b1a12 657a6d75ecdc46e4b78d2ffc2f4efcc5 - - default default] Successfully bumped revision number for resource 6097e07a-56fa-4bd2-b587-c65e1d73469d (type: security_group_rules) to 0
2026-07-16 08:07:18.031 7 INFO neutron.db.ovn_revision_numbers_db [None req-b220d370-f90d-457e-b2b4-195d2c0ad68d 3c440e25110e4532afdbd771cc9b1a12 657a6d75ecdc46e4b78d2ffc2f4efcc5 - - default default] Successfully bumped revision number for resource 80dae5fb-4eb5-4c2f-a6d6-79049348198a (type: security_group_rules) to 0
2026-07-16 08:07:18.045 7 INFO neutron.db.ovn_revision_numbers_db [None req-b220d370-f90d-457e-b2b4-195d2c0ad68d 3c440e25110e4532afdbd771cc9b1a12 657a6d75ecdc46e4b78d2ffc2f4efcc5 - - default default] Successfully bumped revision number for resource 8d4d6337-0a4a-473b-a8a4-8369eb0c034a (type: security_group_rules) to 0
