2026-07-16 08:06:18.270 7 INFO neutron.services.segments.plugin [-] Client error retrieving segment 405bf511-8be7-4a48-9c31-939a6d6d23dc resource provider; error: Placement Client Error (4xx): {"errors": [{"status": 404, "title": "Not Found", "detail": "The resource could not be found.\n\n No resource provider with uuid 405bf511-8be7-4a48-9c31-939a6d6d23dc found for delete ", "request_id": "req-b1ea5a10-fcc3-487e-a34f-f226db5bc98d"}]} [pid: 7|app: 0|req: 1074/2368] 10.0.0.140 () {32 vars in 726 bytes} [Thu Jul 16 08:06:17 2026] DELETE /v2.0/networks/500b9842-0b73-4f71-9bee-44945693b8ba => generated 0 bytes in 429 msecs (HTTP/1.1 204) 3 headers in 131 bytes (1 switches on core 0) [pid: 8|app: 0|req: 1295/2369] 10.0.0.140 () {32 vars in 726 bytes} [Thu Jul 16 08:06:17 2026] DELETE /v2.0/networks/3cf85c3b-2bfa-45c7-8d25-2eb2bbad6a5e => generated 0 bytes in 418 msecs (HTTP/1.1 204) 3 headers in 131 bytes (1 switches on core 0)
2026-07-16 08:06:18.701 8 INFO neutron.services.segments.plugin [-] Segment 3f1da49f-fb68-4043-b4a7-f1926f3e43b9 resource provider aggregate not found
2026-07-16 08:06:18.705 8 INFO neutron.services.segments.plugin [-] Segment 3f1da49f-fb68-4043-b4a7-f1926f3e43b9 resource provider aggregate not found
2026-07-16 08:06:18.720 8 INFO neutron.services.segments.plugin [-] Client error retrieving segment 3f1da49f-fb68-4043-b4a7-f1926f3e43b9 resource provider; error: Placement Client Error (4xx): {"errors": [{"status": 404, "title": "Not Found", "detail": "The resource could not be found.\n\n No resource provider with uuid 3f1da49f-fb68-4043-b4a7-f1926f3e43b9 found for delete ", "request_id": "req-8f7fe7d4-2343-486a-a887-6a3a566ef4d2"}]}
2026-07-16 08:06:18.723 8 INFO neutron.services.segments.plugin [-] Client error retrieving segment 3f1da49f-fb68-4043-b4a7-f1926f3e43b9 resource provider; error: Placement Client Error (4xx): {"errors": [{"status": 404, "title": "Not Found", "detail": "The resource could not be found.\n\n No resource provider with uuid 3f1da49f-fb68-4043-b4a7-f1926f3e43b9 found for delete ", "request_id": "req-3e42b555-5553-4efb-a875-660fc089894f"}]}
2026-07-16 08:06:18.736 8 INFO neutron.services.segments.plugin [-] Segment 9ae73763-0baf-4e29-a9ad-be9d915469a7 resource provider aggregate not found
2026-07-16 08:06:18.742 8 INFO neutron.services.segments.plugin [-] Segment 9ae73763-0baf-4e29-a9ad-be9d915469a7 resource provider aggregate not found
2026-07-16 08:06:18.750 8 INFO neutron.services.segments.plugin [-] Client error retrieving segment 9ae73763-0baf-4e29-a9ad-be9d915469a7 resource provider; error: Placement Client Error (4xx): {"errors": [{"status": 404, "title": "Not Found", "detail": "The resource could not be found.\n\n No resource provider with uuid 9ae73763-0baf-4e29-a9ad-be9d915469a7 found for delete ", "request_id": "req-ecb5a285-bcba-43d7-9771-2dca2a03ef30"}]}
2026-07-16 08:06:18.762 8 INFO neutron.services.segments.plugin [-] Segment b099cbc8-2d4d-4261-82f9-fca4d616a240 resource provider aggregate not found
2026-07-16 08:06:18.765 8 INFO neutron.services.segments.plugin [-] Client error retrieving segment 9ae73763-0baf-4e29-a9ad-be9d915469a7 resource provider; error: Placement Client Error (4xx): {"errors": [{"status": 404, "title": "Not Found", "detail": "The resource could not be found.\n\n No resource provider with uuid 9ae73763-0baf-4e29-a9ad-be9d915469a7 found for delete ", "request_id": "req-4bc4450a-d57f-470c-97a4-3bec0a4844ad"}]}
2026-07-16 08:06:18.782 8 INFO neutron.services.segments.plugin [-] Client error retrieving segment b099cbc8-2d4d-4261-82f9-fca4d616a240 resource provider; error: Placement Client Error (4xx): {"errors": [{"status": 404, "title": "Not Found", "detail": "The resource could not be found.\n\n No resource provider with uuid b099cbc8-2d4d-4261-82f9-fca4d616a240 found for delete ", "request_id": "req-ea687387-a86f-4049-9680-856f23b691bf"}]}
2026-07-16 08:06:18.795 8 INFO neutron.services.segments.plugin [-] Segment b099cbc8-2d4d-4261-82f9-fca4d616a240 resource provider aggregate not found
2026-07-16 08:06:18.798 8 INFO neutron.services.segments.plugin [-] Segment df7e4132-b4a2-42d7-b4a5-7f9ca0316fe1 resource provider aggregate not found
2026-07-16 08:06:18.807 8 INFO neutron.services.segments.plugin [-] Client error retrieving segment b099cbc8-2d4d-4261-82f9-fca4d616a240 resource provider; error: Placement Client Error (4xx): {"errors": [{"status": 404, "title": "Not Found", "detail": "The resource could not be found.\n\n No resource provider with uuid b099cbc8-2d4d-4261-82f9-fca4d616a240 found for delete ", "request_id": "req-0b070eba-e96c-4dc6-a70a-5042ddb82171"}]}
2026-07-16 08:06:18.811 8 INFO neutron.services.segments.plugin [-] Client error retrieving segment df7e4132-b4a2-42d7-b4a5-7f9ca0316fe1 resource provider; error: Placement Client Error (4xx): {"errors": [{"status": 404, "title": "Not Found", "detail": "The resource could not be found.\n\n No resource provider with uuid df7e4132-b4a2-42d7-b4a5-7f9ca0316fe1 found for delete ", "request_id": "req-35000642-fc6b-441f-8ffd-1da885444157"}]}
2026-07-16 08:06:18.818 8 INFO neutron.services.segments.plugin [-] Segment df7e4132-b4a2-42d7-b4a5-7f9ca0316fe1 resource provider aggregate not found
2026-07-16 08:06:18.833 8 INFO neutron.services.segments.plugin [-] Client error retrieving segment df7e4132-b4a2-42d7-b4a5-7f9ca0316fe1 resource provider; error: Placement Client Error (4xx): {"errors": [{"status": 404, "title": "Not Found", "detail": "The resource could not be found.\n\n No resource provider with uuid df7e4132-b4a2-42d7-b4a5-7f9ca0316fe1 found for delete ", "request_id": "req-2c5f4354-34bc-4c08-945d-16ba45dc07d6"}]}
2026-07-16 08:06:19.191 8 WARNING neutron.db.securitygroups_db [None req-1a5d38d8-5b87-4b98-8e6b-6c31cc433009 3c440e25110e4532afdbd771cc9b1a12 657a6d75ecdc46e4b78d2ffc2f4efcc5 - - default default] project_id key not found in filters, using tenant_id instead. This support has been deprecated and will be removed in a future release. [pid: 8|app: 0|req: 1296/2370] 10.0.0.140 () {32 vars in 774 bytes} [Thu Jul 16 08:06:19 2026] GET /v2.0/security-groups?tenant_id=ca9414fb4e88451f813043a8e92baf06&name=default => generated 2925 bytes in 69 msecs (HTTP/1.1 200) 4 headers in 158 bytes (1 switches on core 0) [pid: 8|app: 0|req: 1297/2371] 10.0.0.140 () {34 vars in 676 bytes} [Thu Jul 16 08:06:19 2026] POST /v2.0/subnetpools => generated 516 bytes in 79 msecs (HTTP/1.1 201) 4 headers in 162 bytes (1 switches on core 0)
2026-07-16 08:06:19.344 7 INFO neutron.db.ovn_revision_numbers_db [None req-6c91d3fb-1dc4-458f-8676-796800648bdb f0abc003e1234e34820200c7927d12e4 100fbb3a9ba9433bb840dcfe42a1940b - - default default] Successfully bumped revision number for resource f8c314df-6c1d-41c5-b8de-aba9b5cc12c3 (type: security_groups) to 1
2026-07-16 08:06:19.355 7 INFO neutron.db.ovn_revision_numbers_db [None req-6c91d3fb-1dc4-458f-8676-796800648bdb f0abc003e1234e34820200c7927d12e4 100fbb3a9ba9433bb840dcfe42a1940b - - default default] Successfully bumped revision number for resource 27e88f22-6857-4d07-8635-9cbde7d5e698 (type: security_group_rules) to 0
2026-07-16 08:06:19.366 7 INFO neutron.db.ovn_revision_numbers_db [None req-6c91d3fb-1dc4-458f-8676-796800648bdb f0abc003e1234e34820200c7927d12e4 100fbb3a9ba9433bb840dcfe42a1940b - - default default] Successfully bumped revision number for resource 3d2be901-9e62-4f83-844a-706d1069a569 (type: security_group_rules) to 0
2026-07-16 08:06:19.378 7 INFO neutron.db.ovn_revision_numbers_db [None req-6c91d3fb-1dc4-458f-8676-796800648bdb f0abc003e1234e34820200c7927d12e4 100fbb3a9ba9433bb840dcfe42a1940b - - default default] Successfully bumped revision number for resource 42847a38-d468-47ae-b68a-3789df2415a2 (type: security_group_rules) to 0
2026-07-16 08:06:19.391 7 INFO neutron.db.ovn_revision_numbers_db [None req-6c91d3fb-1dc4-458f-8676-796800648bdb f0abc003e1234e34820200c7927d12e4 100fbb3a9ba9433bb840dcfe42a1940b - - default default] Successfully bumped revision number for resource cce35916-3bdf-4b0e-a247-838c46c606fb (type: security_group_rules) to 0 [pid: 8|app: 0|req: 1298/2372] 10.0.0.140 () {32 vars in 740 bytes} [Thu Jul 16 08:06:19 2026] DELETE /v2.0/security-groups/813593bd-12f5-469a-90ef-b0e6b35de47d => generated 0 bytes in 167 msecs (HTTP/1.1 204) 2 headers in 112 bytes (1 switches on core 0)
2026-07-16 08:06:19.502 8 WARNING neutron.db.securitygroups_db [None req-1bffbc05-70fc-4e6f-8afc-bfc979703090 3c440e25110e4532afdbd771cc9b1a12 657a6d75ecdc46e4b78d2ffc2f4efcc5 - - default default] project_id key not found in filters, using tenant_id instead. This support has been deprecated and will be removed in a future release.
2026-07-16 08:06:19.519 7 INFO neutron.db.ovn_revision_numbers_db [None req-6c91d3fb-1dc4-458f-8676-796800648bdb f0abc003e1234e34820200c7927d12e4 100fbb3a9ba9433bb840dcfe42a1940b - - default default] Successfully bumped revision number for resource 32e6a564-639e-4e60-80c0-831edf1bfad7 (type: security_groups) to 1
2026-07-16 08:06:19.532 7 INFO neutron.db.ovn_revision_numbers_db [None req-6c91d3fb-1dc4-458f-8676-796800648bdb f0abc003e1234e34820200c7927d12e4 100fbb3a9ba9433bb840dcfe42a1940b - - default default] Successfully bumped revision number for resource 672b6fe2-9fec-412a-97e5-fb9132a06919 (type: security_group_rules) to 0
2026-07-16 08:06:19.548 7 INFO neutron.db.ovn_revision_numbers_db [None req-6c91d3fb-1dc4-458f-8676-796800648bdb f0abc003e1234e34820200c7927d12e4 100fbb3a9ba9433bb840dcfe42a1940b - - default default] Successfully bumped revision number for resource ef897715-889d-4b78-8523-14857d25871a (type: security_group_rules) to 0 [pid: 7|app: 0|req: 1075/2373] 10.0.0.140 () {34 vars in 684 bytes} [Thu Jul 16 08:06:18 2026] POST /v2.0/security-groups => generated 1603 bytes in 649 msecs (HTTP/1.1 201) 4 headers in 163 bytes (1 switches on core 0)
2026-07-16 08:06:19.621 8 INFO neutron.db.ovn_revision_numbers_db [None req-1bffbc05-70fc-4e6f-8afc-bfc979703090 3c440e25110e4532afdbd771cc9b1a12 657a6d75ecdc46e4b78d2ffc2f4efcc5 - - default default] Successfully bumped revision number for resource 4f90653c-3bb8-40ee-873b-827170591c47 (type: security_groups) to 1
2026-07-16 08:06:19.638 8 INFO neutron.db.ovn_revision_numbers_db [None req-1bffbc05-70fc-4e6f-8afc-bfc979703090 3c440e25110e4532afdbd771cc9b1a12 657a6d75ecdc46e4b78d2ffc2f4efcc5 - - default default] Successfully bumped revision number for resource 10250216-4c78-4240-bf95-ebcf4c2a736d (type: security_group_rules) to 0
2026-07-16 08:06:19.651 8 INFO neutron.db.ovn_revision_numbers_db [None req-1bffbc05-70fc-4e6f-8afc-bfc979703090 3c440e25110e4532afdbd771cc9b1a12 657a6d75ecdc46e4b78d2ffc2f4efcc5 - - default default] Successfully bumped revision number for resource 75dde47d-92ac-4d43-813a-0ca4c28b0a8f (type: security_group_rules) to 0 [pid: 7|app: 0|req: 1076/2374] 10.0.0.140 () {34 vars in 759 bytes} [Thu Jul 16 08:06:19 2026] PUT /v2.0/subnetpools/93c31c6b-1f7c-4214-9e65-a83273065e0b/tags => generated 25 bytes in 56 msecs (HTTP/1.1 200) 4 headers in 156 bytes (1 switches on core 0)
2026-07-16 08:06:19.661 7 WARNING neutron.db.securitygroups_db [None req-42801857-95eb-4730-955c-1b73c61bb6d9 3c440e25110e4532afdbd771cc9b1a12 657a6d75ecdc46e4b78d2ffc2f4efcc5 - - default default] project_id key not found in filters, using tenant_id instead. This support has been deprecated and will be removed in a future release.
2026-07-16 08:06:19.663 8 INFO neutron.db.ovn_revision_numbers_db [None req-1bffbc05-70fc-4e6f-8afc-bfc979703090 3c440e25110e4532afdbd771cc9b1a12 657a6d75ecdc46e4b78d2ffc2f4efcc5 - - default default] Successfully bumped revision number for resource 859afb80-ef1b-4159-bbbd-4c5e05a04943 (type: security_group_rules) to 0
2026-07-16 08:06:19.680 8 INFO neutron.db.ovn_revision_numbers_db [None req-1bffbc05-70fc-4e6f-8afc-bfc979703090 3c440e25110e4532afdbd771cc9b1a12 657a6d75ecdc46e4b78d2ffc2f4efcc5 - - default default] Successfully bumped revision number for resource e4c0d82a-9ba2-47ac-a3f6-376e1b2dfe57 (type: security_group_rules) to 0 [pid: 8|app: 0|req: 1299/2375] 10.0.0.140 () {32 vars in 774 bytes} [Thu Jul 16 08:06:19 2026] GET /v2.0/security-groups?tenant_id=4bff089a6bb143128390b1e7f6b6f241&name=default => generated 2929 bytes in 264 msecs (HTTP/1.1 200) 4 headers in 158 bytes (1 switches on core 0)
2026-07-16 08:06:19.760 8 WARNING tagging [None req-1494fc34-a491-4b40-8c73-7b703b9f2a0e f0abc003e1234e34820200c7927d12e4 100fbb3a9ba9433bb840dcfe42a1940b - - default default] project_id key not found in request, using tenant_id instead. This support has been deprecated and will be removed in a future release. [pid: 8|app: 0|req: 1300/2376] 10.0.0.140 () {34 vars in 767 bytes} [Thu Jul 16 08:06:19 2026] PUT /v2.0/security-groups/32e6a564-639e-4e60-80c0-831edf1bfad7/tags => generated 25 bytes in 55 msecs (HTTP/1.1 200) 4 headers in 156 bytes (1 switches on core 0)
2026-07-16 08:06:19.800 7 INFO neutron.db.ovn_revision_numbers_db [None req-42801857-95eb-4730-955c-1b73c61bb6d9 3c440e25110e4532afdbd771cc9b1a12 657a6d75ecdc46e4b78d2ffc2f4efcc5 - - default default] Successfully bumped revision number for resource 198a6964-5c79-4d19-82a9-aafd70d4c018 (type: security_groups) to 1 [pid: 8|app: 0|req: 1301/2377] 10.0.0.140 () {32 vars in 739 bytes} [Thu Jul 16 08:06:19 2026] GET /v2.0/subnetpools/93c31c6b-1f7c-4214-9e65-a83273065e0b/tags => generated 25 bytes in 27 msecs (HTTP/1.1 200) 4 headers in 156 bytes (1 switches on core 0)
2026-07-16 08:06:19.812 7 INFO neutron.db.ovn_revision_numbers_db [None req-42801857-95eb-4730-955c-1b73c61bb6d9 3c440e25110e4532afdbd771cc9b1a12 657a6d75ecdc46e4b78d2ffc2f4efcc5 - - default default] Successfully bumped revision number for resource 308890de-899d-4d68-99dc-c023ead614cf (type: security_group_rules) to 0
2026-07-16 08:06:19.824 7 INFO neutron.db.ovn_revision_numbers_db [None req-42801857-95eb-4730-955c-1b73c61bb6d9 3c440e25110e4532afdbd771cc9b1a12 657a6d75ecdc46e4b78d2ffc2f4efcc5 - - default default] Successfully bumped revision number for resource 89676839-dc2f-4013-8c33-4b8d90b927ed (type: security_group_rules) to 0
2026-07-16 08:06:19.837 7 INFO neutron.db.ovn_revision_numbers_db [None req-42801857-95eb-4730-955c-1b73c61bb6d9 3c440e25110e4532afdbd771cc9b1a12 657a6d75ecdc46e4b78d2ffc2f4efcc5 - - default default] Successfully bumped revision number for resource 8d034120-fe25-490c-99cd-da1d922dd9c3 (type: security_group_rules) to 0
2026-07-16 08:06:19.857 7 INFO neutron.db.ovn_revision_numbers_db [None req-42801857-95eb-4730-955c-1b73c61bb6d9 3c440e25110e4532afdbd771cc9b1a12 657a6d75ecdc46e4b78d2ffc2f4efcc5 - - default default] Successfully bumped revision number for resource b0c1049b-c3e7-4319-a1d8-8937f2374665 (type: security_group_rules) to 0 [pid: 7|app: 0|req: 1077/2378] 10.0.0.140 () {32 vars in 774 bytes} [Thu Jul 16 08:06:19 2026] GET /v2.0/security-groups?tenant_id=2e2e6e1b1619400194f3e48b45fccabf&name=default => generated 2929 bytes in 247 msecs (HTTP/1.1 200) 4 headers in 158 bytes (1 switches on core 0)
2026-07-16 08:06:19.947 7 WARNING tagging [None req-425eb657-3c9c-4144-bd06-65b7a07b9d29 f0abc003e1234e34820200c7927d12e4 100fbb3a9ba9433bb840dcfe42a1940b - - default default] project_id key not found in request, using tenant_id instead. This support has been deprecated and will be removed in a future release. [pid: 7|app: 0|req: 1078/2379] 10.0.0.140 () {32 vars in 747 bytes} [Thu Jul 16 08:06:19 2026] GET /v2.0/security-groups/32e6a564-639e-4e60-80c0-831edf1bfad7/tags => generated 25 bytes in 59 msecs (HTTP/1.1 200) 4 headers in 156 bytes (1 switches on core 0) [pid: 8|app: 0|req: 1302/2380] 10.0.0.140 () {32 vars in 740 bytes} [Thu Jul 16 08:06:19 2026] DELETE /v2.0/security-groups/4f90653c-3bb8-40ee-873b-827170591c47 => generated 0 bytes in 194 msecs (HTTP/1.1 204) 2 headers in 112 bytes (1 switches on core 0) [pid: 7|app: 0|req: 1079/2381] 10.0.0.140 () {34 vars in 770 bytes} [Thu Jul 16 08:06:19 2026] PUT /v2.0/subnetpools/93c31c6b-1f7c-4214-9e65-a83273065e0b/tags/green => generated 4 bytes in 59 msecs (HTTP/1.1 201) 4 headers in 160 bytes (1 switches on core 0)
2026-07-16 08:06:20.052 7 WARNING tagging [None req-5cef4528-b37f-4387-b6d7-101c6f8ebe34 f0abc003e1234e34820200c7927d12e4 100fbb3a9ba9433bb840dcfe42a1940b - - default default] project_id key not found in request, using tenant_id instead. This support has been deprecated and will be removed in a future release. [pid: 7|app: 0|req: 1080/2382] 10.0.0.140 () {34 vars in 778 bytes} [Thu Jul 16 08:06:20 2026] PUT /v2.0/security-groups/32e6a564-639e-4e60-80c0-831edf1bfad7/tags/green => generated 4 bytes in 77 msecs (HTTP/1.1 201) 4 headers in 160 bytes (1 switches on core 0) [pid: 7|app: 0|req: 1081/2383] 10.0.0.140 () {32 vars in 739 bytes} [Thu Jul 16 08:06:20 2026] GET /v2.0/subnetpools/93c31c6b-1f7c-4214-9e65-a83273065e0b/tags => generated 34 bytes in 40 msecs (HTTP/1.1 200) 4 headers in 156 bytes (1 switches on core 0)
2026-07-16 08:06:20.188 7 WARNING tagging [None req-dfc6a8a8-43ef-4494-ac0f-e2af5f0c848d f0abc003e1234e34820200c7927d12e4 100fbb3a9ba9433bb840dcfe42a1940b - - default default] project_id key not found in request, using tenant_id instead. This support has been deprecated and will be removed in a future release. [pid: 7|app: 0|req: 1082/2384] 10.0.0.140 () {32 vars in 747 bytes} [Thu Jul 16 08:06:20 2026] GET /v2.0/security-groups/32e6a564-639e-4e60-80c0-831edf1bfad7/tags => generated 34 bytes in 61 msecs (HTTP/1.1 200) 4 headers in 156 bytes (1 switches on core 0) [pid: 8|app: 0|req: 1303/2385] 10.0.0.140 () {32 vars in 740 bytes} [Thu Jul 16 08:06:20 2026] DELETE /v2.0/security-groups/198a6964-5c79-4d19-82a9-aafd70d4c018 => generated 0 bytes in 203 msecs (HTTP/1.1 204) 2 headers in 112 bytes (1 switches on core 0)
2026-07-16 08:06:20.238 8 WARNING tagging [None req-8fe42829-8a31-436c-99da-66cedfbb5071 f0abc003e1234e34820200c7927d12e4 100fbb3a9ba9433bb840dcfe42a1940b - - default default] project_id key not found in request, using tenant_id instead. This support has been deprecated and will be removed in a future release. [pid: 7|app: 0|req: 1083/2386] 10.0.0.140 () {34 vars in 766 bytes} [Thu Jul 16 08:06:20 2026] PUT /v2.0/subnetpools/93c31c6b-1f7c-4214-9e65-a83273065e0b/tags/red => generated 4 bytes in 42 msecs (HTTP/1.1 201) 4 headers in 160 bytes (1 switches on core 0)
2026-07-16 08:06:20.251 7 WARNING neutron.db.securitygroups_db [None req-0afefe32-0b9b-41f6-98be-abe666ba5476 3c440e25110e4532afdbd771cc9b1a12 657a6d75ecdc46e4b78d2ffc2f4efcc5 - - default default] project_id key not found in filters, using tenant_id instead. This support has been deprecated and will be removed in a future release. [pid: 8|app: 0|req: 1304/2387] 10.0.0.140 () {34 vars in 774 bytes} [Thu Jul 16 08:06:20 2026] PUT /v2.0/security-groups/32e6a564-639e-4e60-80c0-831edf1bfad7/tags/red => generated 4 bytes in 50 msecs (HTTP/1.1 201) 4 headers in 160 bytes (1 switches on core 0) [pid: 7|app: 0|req: 1084/2388] 10.0.0.140 () {32 vars in 774 bytes} [Thu Jul 16 08:06:20 2026] GET /v2.0/security-groups?tenant_id=cf9e4387c7e84b32a153f8d7543b1743&name=default => generated 2926 bytes in 36 msecs (HTTP/1.1 200) 4 headers in 158 bytes (1 switches on core 0) [pid: 8|app: 0|req: 1305/2389] 10.0.0.140 () {32 vars in 739 bytes} [Thu Jul 16 08:06:20 2026] GET /v2.0/subnetpools/93c31c6b-1f7c-4214-9e65-a83273065e0b/tags => generated 34 bytes in 27 msecs (HTTP/1.1 200) 4 headers in 156 bytes (1 switches on core 0)
2026-07-16 08:06:20.309 7 WARNING tagging [None req-516540d8-7355-4f3c-98df-331a3bd26bcb f0abc003e1234e34820200c7927d12e4 100fbb3a9ba9433bb840dcfe42a1940b - - default default] project_id key not found in request, using tenant_id instead. This support has been deprecated and will be removed in a future release. [pid: 7|app: 0|req: 1085/2390] 10.0.0.140 () {32 vars in 747 bytes} [Thu Jul 16 08:06:20 2026] GET /v2.0/security-groups/32e6a564-639e-4e60-80c0-831edf1bfad7/tags => generated 34 bytes in 37 msecs (HTTP/1.1 200) 4 headers in 156 bytes (1 switches on core 0) [pid: 7|app: 0|req: 1086/2391] 10.0.0.140 () {34 vars in 788 bytes} [Thu Jul 16 08:06:20 2026] PUT /v2.0/subnetpools/93c31c6b-1f7c-4214-9e65-a83273065e0b/tags/black.or.white => generated 4 bytes in 47 msecs (HTTP/1.1 201) 4 headers in 160 bytes (1 switches on core 0)
2026-07-16 08:06:20.396 7 WARNING tagging [None req-ab1d4edb-bf71-4ca0-ab49-a1fbd46a55f4 f0abc003e1234e34820200c7927d12e4 100fbb3a9ba9433bb840dcfe42a1940b - - default default] project_id key not found in request, using tenant_id instead. This support has been deprecated and will be removed in a future release. [pid: 7|app: 0|req: 1087/2392] 10.0.0.140 () {34 vars in 796 bytes} [Thu Jul 16 08:06:20 2026] PUT /v2.0/security-groups/32e6a564-639e-4e60-80c0-831edf1bfad7/tags/black.or.white => generated 4 bytes in 63 msecs (HTTP/1.1 201) 4 headers in 160 bytes (1 switches on core 0) [pid: 7|app: 0|req: 1088/2393] 10.0.0.140 () {32 vars in 739 bytes} [Thu Jul 16 08:06:20 2026] GET /v2.0/subnetpools/93c31c6b-1f7c-4214-9e65-a83273065e0b/tags => generated 52 bytes in 35 msecs (HTTP/1.1 200) 4 headers in 156 bytes (1 switches on core 0) [pid: 8|app: 0|req: 1306/2394] 10.0.0.140 () {32 vars in 740 bytes} [Thu Jul 16 08:06:20 2026] DELETE /v2.0/security-groups/9ad3538d-cad5-40cc-9c22-1d4b5127b728 => generated 0 bytes in 196 msecs (HTTP/1.1 204) 2 headers in 112 bytes (1 switches on core 0)
2026-07-16 08:06:20.496 7 WARNING tagging [None req-926eb14e-6c64-4fa1-adb4-63e2861e29f9 f0abc003e1234e34820200c7927d12e4 100fbb3a9ba9433bb840dcfe42a1940b - - default default] project_id key not found in request, using tenant_id instead. This support has been deprecated and will be removed in a future release. [pid: 7|app: 0|req: 1089/2395] 10.0.0.140 () {32 vars in 747 bytes} [Thu Jul 16 08:06:20 2026] GET /v2.0/security-groups/32e6a564-639e-4e60-80c0-831edf1bfad7/tags => generated 52 bytes in 42 msecs (HTTP/1.1 200) 4 headers in 156 bytes (1 switches on core 0) [pid: 8|app: 0|req: 1307/2396] 10.0.0.140 () {34 vars in 759 bytes} [Thu Jul 16 08:06:20 2026] PUT /v2.0/subnetpools/93c31c6b-1f7c-4214-9e65-a83273065e0b/tags => generated 37 bytes in 43 msecs (HTTP/1.1 200) 4 headers in 156 bytes (1 switches on core 0)
2026-07-16 08:06:20.539 7 WARNING tagging [None req-19f58bd8-1c78-42b4-bb07-4140276dcb91 f0abc003e1234e34820200c7927d12e4 100fbb3a9ba9433bb840dcfe42a1940b - - default default] project_id key not found in request, using tenant_id instead. This support has been deprecated and will be removed in a future release. [pid: 7|app: 0|req: 1090/2397] 10.0.0.140 () {34 vars in 767 bytes} [Thu Jul 16 08:06:20 2026] PUT /v2.0/security-groups/32e6a564-639e-4e60-80c0-831edf1bfad7/tags => generated 37 bytes in 51 msecs (HTTP/1.1 200) 4 headers in 156 bytes (1 switches on core 0) [pid: 8|app: 0|req: 1308/2398] 10.0.0.140 () {32 vars in 739 bytes} [Thu Jul 16 08:06:20 2026] GET /v2.0/subnetpools/93c31c6b-1f7c-4214-9e65-a83273065e0b/tags => generated 37 bytes in 36 msecs (HTTP/1.1 200) 4 headers in 156 bytes (1 switches on core 0)
2026-07-16 08:06:20.595 7 WARNING tagging [None req-108ef5d2-25b1-46e6-a551-dd8d3f98cf48 f0abc003e1234e34820200c7927d12e4 100fbb3a9ba9433bb840dcfe42a1940b - - default default] project_id key not found in request, using tenant_id instead. This support has been deprecated and will be removed in a future release. [pid: 8|app: 0|req: 1309/2399] 10.0.0.140 () {32 vars in 747 bytes} [Thu Jul 16 08:06:20 2026] GET /v2.0/subnetpools/93c31c6b-1f7c-4214-9e65-a83273065e0b/tags/red => generated 0 bytes in 28 msecs (HTTP/1.1 204) 2 headers in 112 bytes (1 switches on core 0) [pid: 7|app: 0|req: 1091/2400] 10.0.0.140 () {32 vars in 747 bytes} [Thu Jul 16 08:06:20 2026] GET /v2.0/security-groups/32e6a564-639e-4e60-80c0-831edf1bfad7/tags => generated 37 bytes in 35 msecs (HTTP/1.1 200) 4 headers in 156 bytes (1 switches on core 0)
2026-07-16 08:06:20.633 7 WARNING tagging [None req-833fe6ca-f14b-4160-a563-14341f7e75aa f0abc003e1234e34820200c7927d12e4 100fbb3a9ba9433bb840dcfe42a1940b - - default default] project_id key not found in request, using tenant_id instead. This support has been deprecated and will be removed in a future release.
2026-07-16 08:06:20.633 8 INFO neutron.api.v2.resource [None req-c954b860-9664-414d-90f8-23dc0ec7289c 70999de58dc3466a901b968df7575e3d eabf5963eac2451987b22f442e322d8f - - default default] show failed (client error): The resource could not be found. [pid: 8|app: 0|req: 1310/2401] 10.0.0.140 () {32 vars in 751 bytes} [Thu Jul 16 08:06:20 2026] GET /v2.0/subnetpools/93c31c6b-1f7c-4214-9e65-a83273065e0b/tags/green => generated 99 bytes in 29 msecs (HTTP/1.1 404) 4 headers in 163 bytes (1 switches on core 0)
2026-07-16 08:06:20.640 8 WARNING neutron.db.securitygroups_db [None req-1b4ddafc-5c0f-49ee-8a6b-7179ee2b0277 3c440e25110e4532afdbd771cc9b1a12 657a6d75ecdc46e4b78d2ffc2f4efcc5 - - default default] project_id key not found in filters, using tenant_id instead. This support has been deprecated and will be removed in a future release. [pid: 7|app: 0|req: 1092/2402] 10.0.0.140 () {32 vars in 755 bytes} [Thu Jul 16 08:06:20 2026] GET /v2.0/security-groups/32e6a564-639e-4e60-80c0-831edf1bfad7/tags/red => generated 0 bytes in 34 msecs (HTTP/1.1 204) 2 headers in 112 bytes (1 switches on core 0) [pid: 7|app: 0|req: 1093/2403] 10.0.0.140 () {32 vars in 750 bytes} [Thu Jul 16 08:06:20 2026] DELETE /v2.0/subnetpools/93c31c6b-1f7c-4214-9e65-a83273065e0b/tags/red => generated 0 bytes in 40 msecs (HTTP/1.1 204) 2 headers in 112 bytes (1 switches on core 0)
2026-07-16 08:06:20.702 7 WARNING tagging [None req-1f5fad55-2f25-40f0-af15-e1086fecfe38 f0abc003e1234e34820200c7927d12e4 100fbb3a9ba9433bb840dcfe42a1940b - - default default] project_id key not found in request, using tenant_id instead. This support has been deprecated and will be removed in a future release.
2026-07-16 08:06:20.712 7 INFO neutron.api.v2.resource [None req-1f5fad55-2f25-40f0-af15-e1086fecfe38 f0abc003e1234e34820200c7927d12e4 100fbb3a9ba9433bb840dcfe42a1940b - - default default] show failed (client error): The resource could not be found. [pid: 7|app: 0|req: 1094/2404] 10.0.0.140 () {32 vars in 759 bytes} [Thu Jul 16 08:06:20 2026] GET /v2.0/security-groups/32e6a564-639e-4e60-80c0-831edf1bfad7/tags/green => generated 99 bytes in 30 msecs (HTTP/1.1 404) 4 headers in 163 bytes (1 switches on core 0) [pid: 7|app: 0|req: 1095/2405] 10.0.0.140 () {32 vars in 739 bytes} [Thu Jul 16 08:06:20 2026] GET /v2.0/subnetpools/93c31c6b-1f7c-4214-9e65-a83273065e0b/tags => generated 30 bytes in 24 msecs (HTTP/1.1 200) 4 headers in 156 bytes (1 switches on core 0)
2026-07-16 08:06:20.767 7 WARNING tagging [None req-b58b080f-5fb9-48b6-828f-3d6f45e94feb f0abc003e1234e34820200c7927d12e4 100fbb3a9ba9433bb840dcfe42a1940b - - default default] project_id key not found in request, using tenant_id instead. This support has been deprecated and will be removed in a future release.
2026-07-16 08:06:20.785 8 INFO neutron.db.ovn_revision_numbers_db [None req-1b4ddafc-5c0f-49ee-8a6b-7179ee2b0277 3c440e25110e4532afdbd771cc9b1a12 657a6d75ecdc46e4b78d2ffc2f4efcc5 - - default default] Successfully bumped revision number for resource fec95cc8-5ec9-4c96-a51a-7951e06501bd (type: security_groups) to 1 [pid: 7|app: 0|req: 1096/2406] 10.0.0.140 () {32 vars in 758 bytes} [Thu Jul 16 08:06:20 2026] DELETE /v2.0/security-groups/32e6a564-639e-4e60-80c0-831edf1bfad7/tags/red => generated 0 bytes in 53 msecs (HTTP/1.1 204) 2 headers in 112 bytes (1 switches on core 0)
2026-07-16 08:06:20.803 8 INFO neutron.db.ovn_revision_numbers_db [None req-1b4ddafc-5c0f-49ee-8a6b-7179ee2b0277 3c440e25110e4532afdbd771cc9b1a12 657a6d75ecdc46e4b78d2ffc2f4efcc5 - - default default] Successfully bumped revision number for resource 405e29a3-3c6c-4e94-99c9-c1f3fce50b01 (type: security_group_rules) to 0
2026-07-16 08:06:20.817 8 INFO neutron.db.ovn_revision_numbers_db [None req-1b4ddafc-5c0f-49ee-8a6b-7179ee2b0277 3c440e25110e4532afdbd771cc9b1a12 657a6d75ecdc46e4b78d2ffc2f4efcc5 - - default default] Successfully bumped revision number for resource 6b8c51e5-3f60-4cc4-97ad-6c3f46338d89 (type: security_group_rules) to 0
2026-07-16 08:06:20.818 7 INFO neutron.api.v2.resource [None req-e614f473-a79c-42f0-8ace-34f3d37fff9a 70999de58dc3466a901b968df7575e3d eabf5963eac2451987b22f442e322d8f - - default default] delete failed (client error): The resource could not be found. [pid: 7|app: 0|req: 1097/2407] 10.0.0.140 () {32 vars in 754 bytes} [Thu Jul 16 08:06:20 2026] DELETE /v2.0/subnetpools/93c31c6b-1f7c-4214-9e65-a83273065e0b/tags/green => generated 99 bytes in 27 msecs (HTTP/1.1 404) 4 headers in 163 bytes (1 switches on core 0)
2026-07-16 08:06:20.834 8 INFO neutron.db.ovn_revision_numbers_db [None req-1b4ddafc-5c0f-49ee-8a6b-7179ee2b0277 3c440e25110e4532afdbd771cc9b1a12 657a6d75ecdc46e4b78d2ffc2f4efcc5 - - default default] Successfully bumped revision number for resource a14ebf36-8909-4510-aa9a-705003437cb7 (type: security_group_rules) to 0
2026-07-16 08:06:20.839 7 WARNING tagging [None req-560ebac2-aec1-4caf-9f04-89373581689d f0abc003e1234e34820200c7927d12e4 100fbb3a9ba9433bb840dcfe42a1940b - - default default] project_id key not found in request, using tenant_id instead. This support has been deprecated and will be removed in a future release. [pid: 7|app: 0|req: 1098/2408] 10.0.0.140 () {32 vars in 747 bytes} [Thu Jul 16 08:06:20 2026] GET /v2.0/security-groups/32e6a564-639e-4e60-80c0-831edf1bfad7/tags => generated 30 bytes in 29 msecs (HTTP/1.1 200) 4 headers in 156 bytes (1 switches on core 0)
2026-07-16 08:06:20.855 8 INFO neutron.db.ovn_revision_numbers_db [None req-1b4ddafc-5c0f-49ee-8a6b-7179ee2b0277 3c440e25110e4532afdbd771cc9b1a12 657a6d75ecdc46e4b78d2ffc2f4efcc5 - - default default] Successfully bumped revision number for resource d65f5316-bf6d-4b57-a862-2f01ae33a347 (type: security_group_rules) to 0 [pid: 8|app: 0|req: 1311/2409] 10.0.0.140 () {32 vars in 774 bytes} [Thu Jul 16 08:06:20 2026] GET /v2.0/security-groups?tenant_id=c7daaee7b74d4afbbe81ffd9913bdf7a&name=default => generated 2929 bytes in 252 msecs (HTTP/1.1 200) 4 headers in 158 bytes (1 switches on core 0) [pid: 7|app: 0|req: 1099/2410] 10.0.0.140 () {32 vars in 742 bytes} [Thu Jul 16 08:06:20 2026] DELETE /v2.0/subnetpools/93c31c6b-1f7c-4214-9e65-a83273065e0b/tags => generated 0 bytes in 45 msecs (HTTP/1.1 204) 2 headers in 112 bytes (1 switches on core 0)
2026-07-16 08:06:20.908 8 WARNING tagging [None req-fdcf1f10-f5bf-4081-a1dc-774fed24bd92 f0abc003e1234e34820200c7927d12e4 100fbb3a9ba9433bb840dcfe42a1940b - - default default] project_id key not found in request, using tenant_id instead. This support has been deprecated and will be removed in a future release.
2026-07-16 08:06:20.919 8 INFO neutron.api.v2.resource [None req-fdcf1f10-f5bf-4081-a1dc-774fed24bd92 f0abc003e1234e34820200c7927d12e4 100fbb3a9ba9433bb840dcfe42a1940b - - default default] delete failed (client error): The resource could not be found. [pid: 8|app: 0|req: 1312/2411] 10.0.0.140 () {32 vars in 762 bytes} [Thu Jul 16 08:06:20 2026] DELETE /v2.0/security-groups/32e6a564-639e-4e60-80c0-831edf1bfad7/tags/green => generated 99 bytes in 31 msecs (HTTP/1.1 404) 4 headers in 163 bytes (1 switches on core 0) [pid: 8|app: 0|req: 1313/2412] 10.0.0.140 () {32 vars in 739 bytes} [Thu Jul 16 08:06:20 2026] GET /v2.0/subnetpools/93c31c6b-1f7c-4214-9e65-a83273065e0b/tags => generated 12 bytes in 24 msecs (HTTP/1.1 200) 4 headers in 156 bytes (1 switches on core 0)
2026-07-16 08:06:20.967 8 WARNING tagging [None req-518da93f-3966-4889-8d18-d029ae94cc91 f0abc003e1234e34820200c7927d12e4 100fbb3a9ba9433bb840dcfe42a1940b - - default default] project_id key not found in request, using tenant_id instead. This support has been deprecated and will be removed in a future release. [pid: 8|app: 0|req: 1314/2413] 10.0.0.140 () {32 vars in 750 bytes} [Thu Jul 16 08:06:20 2026] DELETE /v2.0/security-groups/32e6a564-639e-4e60-80c0-831edf1bfad7/tags => generated 0 bytes in 51 msecs (HTTP/1.1 204) 2 headers in 112 bytes (1 switches on core 0) [pid: 8|app: 0|req: 1315/2414] 10.0.0.140 () {32 vars in 732 bytes} [Thu Jul 16 08:06:20 2026] DELETE /v2.0/subnetpools/93c31c6b-1f7c-4214-9e65-a83273065e0b => generated 0 bytes in 76 msecs (HTTP/1.1 204) 2 headers in 112 bytes (1 switches on core 0) [pid: 7|app: 0|req: 1100/2415] 10.0.0.140 () {32 vars in 740 bytes} [Thu Jul 16 08:06:20 2026] DELETE /v2.0/security-groups/fec95cc8-5ec9-4c96-a51a-7951e06501bd => generated 0 bytes in 198 msecs (HTTP/1.1 204) 2 headers in 112 bytes (1 switches on core 0)
2026-07-16 08:06:21.100 8 WARNING tagging [None req-2369b4d0-5b8f-4d2d-b5b4-8116fa179e12 f0abc003e1234e34820200c7927d12e4 100fbb3a9ba9433bb840dcfe42a1940b - - default default] project_id key not found in request, using tenant_id instead. This support has been deprecated and will be removed in a future release. [pid: 8|app: 0|req: 1316/2416] 10.0.0.140 () {32 vars in 747 bytes} [Thu Jul 16 08:06:21 2026] GET /v2.0/security-groups/32e6a564-639e-4e60-80c0-831edf1bfad7/tags => generated 12 bytes in 40 msecs (HTTP/1.1 200) 4 headers in 156 bytes (1 switches on core 0) [pid: 7|app: 0|req: 1101/2417] 10.0.0.140 () {32 vars in 740 bytes} [Thu Jul 16 08:06:21 2026] DELETE /v2.0/security-groups/32e6a564-639e-4e60-80c0-831edf1bfad7 => generated 0 bytes in 138 msecs (HTTP/1.1 204) 2 headers in 112 bytes (1 switches on core 0)
2026-07-16 08:06:21.820 8 WARNING neutron.db.securitygroups_db [None req-f3c92335-8b91-4ac9-ad7b-c707cb0de1c3 3c440e25110e4532afdbd771cc9b1a12 657a6d75ecdc46e4b78d2ffc2f4efcc5 - - default default] project_id key not found in filters, using tenant_id instead. This support has been deprecated and will be removed in a future release.
2026-07-16 08:06:21.955 8 INFO neutron.db.ovn_revision_numbers_db [None req-f3c92335-8b91-4ac9-ad7b-c707cb0de1c3 3c440e25110e4532afdbd771cc9b1a12 657a6d75ecdc46e4b78d2ffc2f4efcc5 - - default default] Successfully bumped revision number for resource fad1b8e9-01dc-464a-bd0d-d1510f9892a6 (type: security_groups) to 1
2026-07-16 08:06:21.969 8 INFO neutron.db.ovn_revision_numbers_db [None req-f3c92335-8b91-4ac9-ad7b-c707cb0de1c3 3c440e25110e4532afdbd771cc9b1a12 657a6d75ecdc46e4b78d2ffc2f4efcc5 - - default default] Successfully bumped revision number for resource 02cf9422-2b1d-46c4-bb1e-acc081d7eb98 (type: security_group_rules) to 0
2026-07-16 08:06:21.986 8 INFO neutron.db.ovn_revision_numbers_db [None req-f3c92335-8b91-4ac9-ad7b-c707cb0de1c3 3c440e25110e4532afdbd771cc9b1a12 657a6d75ecdc46e4b78d2ffc2f4efcc5 - - default default] Successfully bumped revision number for resource 20f89c47-43d6-4c4a-8781-4a606947adea (type: security_group_rules) to 0
2026-07-16 08:06:21.998 8 INFO neutron.db.ovn_revision_numbers_db [None req-f3c92335-8b91-4ac9-ad7b-c707cb0de1c3 3c440e25110e4532afdbd771cc9b1a12 657a6d75ecdc46e4b78d2ffc2f4efcc5 - - default default] Successfully bumped revision number for resource 820095ac-d9ce-4be4-b29a-de00043b56d4 (type: security_group_rules) to 0
2026-07-16 08:06:22.012 8 INFO neutron.db.ovn_revision_numbers_db [None req-f3c92335-8b91-4ac9-ad7b-c707cb0de1c3 3c440e25110e4532afdbd771cc9b1a12 657a6d75ecdc46e4b78d2ffc2f4efcc5 - - default default] Successfully bumped revision number for resource fbad4767-b6fe-4fd2-867c-e5e96f1bef6d (type: security_group_rules) to 0
2026-07-16 08:06:22.022 7 WARNING neutron.db.securitygroups_db [None req-21c15219-8b0d-425d-9c11-5f49aabe36ec 3c440e25110e4532afdbd771cc9b1a12 657a6d75ecdc46e4b78d2ffc2f4efcc5 - - default default] project_id key not found in filters, using tenant_id instead. This support has been deprecated and will be removed in a future release. [pid: 8|app: 0|req: 1317/2418] 10.0.0.140 () {32 vars in 774 bytes} [Thu Jul 16 08:06:21 2026] GET /v2.0/security-groups?tenant_id=99f1af86cd354f97941029572b644e34&name=default => generated 2929 bytes in 316 msecs (HTTP/1.1 200) 4 headers in 158 bytes (1 switches on core 0)
2026-07-16 08:06:22.209 7 INFO neutron.db.ovn_revision_numbers_db [None req-21c15219-8b0d-425d-9c11-5f49aabe36ec 3c440e25110e4532afdbd771cc9b1a12 657a6d75ecdc46e4b78d2ffc2f4efcc5 - - default default] Successfully bumped revision number for resource 22642103-610f-41d4-9be5-0a5d8c51c7c0 (type: security_groups) to 1
2026-07-16 08:06:22.224 7 INFO neutron.db.ovn_revision_numbers_db [None req-21c15219-8b0d-425d-9c11-5f49aabe36ec 3c440e25110e4532afdbd771cc9b1a12 657a6d75ecdc46e4b78d2ffc2f4efcc5 - - default default] Successfully bumped revision number for resource 37a815b4-e95e-4d67-b0cb-9c78a5265847 (type: security_group_rules) to 0
2026-07-16 08:06:22.237 7 INFO neutron.db.ovn_revision_numbers_db [None req-21c15219-8b0d-425d-9c11-5f49aabe36ec 3c440e25110e4532afdbd771cc9b1a12 657a6d75ecdc46e4b78d2ffc2f4efcc5 - - default default] Successfully bumped revision number for resource 5c065e9f-f46b-4750-89fd-fb0103358800 (type: security_group_rules) to 0 [pid: 8|app: 0|req: 1318/2419] 10.0.0.140 () {32 vars in 740 bytes} [Thu Jul 16 08:06:22 2026] DELETE /v2.0/security-groups/fad1b8e9-01dc-464a-bd0d-d1510f9892a6 => generated 0 bytes in 190 msecs (HTTP/1.1 204) 2 headers in 112 bytes (1 switches on core 0)
2026-07-16 08:06:22.250 7 INFO neutron.db.ovn_revision_numbers_db [None req-21c15219-8b0d-425d-9c11-5f49aabe36ec 3c440e25110e4532afdbd771cc9b1a12 657a6d75ecdc46e4b78d2ffc2f4efcc5 - - default default] Successfully bumped revision number for resource 7016c7bd-d460-44d5-8739-cb2108564afb (type: security_group_rules) to 0
2026-07-16 08:06:22.264 7 INFO neutron.db.ovn_revision_numbers_db [None req-21c15219-8b0d-425d-9c11-5f49aabe36ec 3c440e25110e4532afdbd771cc9b1a12 657a6d75ecdc46e4b78d2ffc2f4efcc5 - - default default] Successfully bumped revision number for resource f7251ca5-7cdf-4098-9403-8fc5574e744e (type: security_group_rules) to 0 [pid: 7|app: 0|req: 1102/2420] 10.0.0.140 () {32 vars in 774 bytes} [Thu Jul 16 08:06:21 2026] GET /v2.0/security-groups?tenant_id=22d3fceb2baf465b97b036ba7a9cee37&name=default => generated 2929 bytes in 331 msecs (HTTP/1.1 200) 4 headers in 158 bytes (1 switches on core 0)
2026-07-16 08:06:22.374 7 WARNING neutron.db.securitygroups_db [None req-487e8ae4-221c-42ac-8672-94eb3ebd3d10 3c440e25110e4532afdbd771cc9b1a12 657a6d75ecdc46e4b78d2ffc2f4efcc5 - - default default] project_id key not found in filters, using tenant_id instead. This support has been deprecated and will be removed in a future release. [pid: 8|app: 0|req: 1319/2421] 10.0.0.140 () {32 vars in 740 bytes} [Thu Jul 16 08:06:22 2026] DELETE /v2.0/security-groups/22642103-610f-41d4-9be5-0a5d8c51c7c0 => generated 0 bytes in 163 msecs (HTTP/1.1 204) 2 headers in 112 bytes (1 switches on core 0)
2026-07-16 08:06:22.535 7 INFO neutron.db.ovn_revision_numbers_db [None req-487e8ae4-221c-42ac-8672-94eb3ebd3d10 3c440e25110e4532afdbd771cc9b1a12 657a6d75ecdc46e4b78d2ffc2f4efcc5 - - default default] Successfully bumped revision number for resource 43b288f8-b578-4b50-9ee2-e57ceb6351da (type: security_groups) to 1
2026-07-16 08:06:22.551 7 INFO neutron.db.ovn_revision_numbers_db [None req-487e8ae4-221c-42ac-8672-94eb3ebd3d10 3c440e25110e4532afdbd771cc9b1a12 657a6d75ecdc46e4b78d2ffc2f4efcc5 - - default default] Successfully bumped revision number for resource 1e3f5d80-f39f-4106-994f-f11a78d60b5c (type: security_group_rules) to 0
2026-07-16 08:06:22.564 7 INFO neutron.db.ovn_revision_numbers_db [None req-487e8ae4-221c-42ac-8672-94eb3ebd3d10 3c440e25110e4532afdbd771cc9b1a12 657a6d75ecdc46e4b78d2ffc2f4efcc5 - - default default] Successfully bumped revision number for resource 502df8f4-6632-4dd4-a589-1d9634c90353 (type: security_group_rules) to 0
2026-07-16 08:06:22.573 8 WARNING neutron.db.securitygroups_db [None req-0bd47924-1704-4d90-9cfb-102b2bbb3367 3c440e25110e4532afdbd771cc9b1a12 657a6d75ecdc46e4b78d2ffc2f4efcc5 - - default default] project_id key not found in filters, using tenant_id instead. This support has been deprecated and will be removed in a future release.
2026-07-16 08:06:22.579 7 INFO neutron.db.ovn_revision_numbers_db [None req-487e8ae4-221c-42ac-8672-94eb3ebd3d10 3c440e25110e4532afdbd771cc9b1a12 657a6d75ecdc46e4b78d2ffc2f4efcc5 - - default default] Successfully bumped revision number for resource 9ae02a87-1b57-4ac2-8f20-983f43c8c7e6 (type: security_group_rules) to 0
2026-07-16 08:06:22.594 7 INFO neutron.db.ovn_revision_numbers_db [None req-487e8ae4-221c-42ac-8672-94eb3ebd3d10 3c440e25110e4532afdbd771cc9b1a12 657a6d75ecdc46e4b78d2ffc2f4efcc5 - - default default] Successfully bumped revision number for resource ae8401ab-0ae5-44b4-8bb1-596393c3778a (type: security_group_rules) to 0 [pid: 8|app: 0|req: 1320/2422] 10.0.0.140 () {32 vars in 774 bytes} [Thu Jul 16 08:06:22 2026] GET /v2.0/security-groups?tenant_id=100fbb3a9ba9433bb840dcfe42a1940b&name=default => generated 2929 bytes in 32 msecs (HTTP/1.1 200) 4 headers in 158 bytes (1 switches on core 0) [pid: 7|app: 0|req: 1103/2423] 10.0.0.140 () {32 vars in 774 bytes} [Thu Jul 16 08:06:22 2026] GET /v2.0/security-groups?tenant_id=eabf5963eac2451987b22f442e322d8f&name=default => generated 2929 bytes in 268 msecs (HTTP/1.1 200) 4 headers in 158 bytes (1 switches on core 0) [pid: 8|app: 0|req: 1321/2424] 10.0.0.140 () {32 vars in 740 bytes} [Thu Jul 16 08:06:22 2026] DELETE /v2.0/security-groups/f8c314df-6c1d-41c5-b8de-aba9b5cc12c3 => generated 0 bytes in 223 msecs (HTTP/1.1 204) 2 headers in 112 bytes (1 switches on core 0) [pid: 7|app: 0|req: 1104/2425] 10.0.0.140 () {32 vars in 740 bytes} [Thu Jul 16 08:06:22 2026] DELETE /v2.0/security-groups/43b288f8-b578-4b50-9ee2-e57ceb6351da => generated 0 bytes in 254 msecs (HTTP/1.1 204) 2 headers in 112 bytes (1 switches on core 0)
2026-07-16 08:06:24.647 8 INFO neutron.db.ovn_revision_numbers_db [None req-2f23068d-b62a-4476-b41d-bf2b56e2e7d2 26c0aaadb9c34872bc8330587e7c996a a84aff7bc29e49afbf1d6ae3df0bb359 - - default default] Successfully bumped revision number for resource c05dad79-e7f6-48e7-8768-337f76a8475a (type: security_groups) to 1
2026-07-16 08:06:24.659 8 INFO neutron.db.ovn_revision_numbers_db [None req-2f23068d-b62a-4476-b41d-bf2b56e2e7d2 26c0aaadb9c34872bc8330587e7c996a a84aff7bc29e49afbf1d6ae3df0bb359 - - default default] Successfully bumped revision number for resource 7895e862-9155-4942-94fe-f15d575569c1 (type: security_group_rules) to 0
2026-07-16 08:06:24.670 8 INFO neutron.db.ovn_revision_numbers_db [None req-2f23068d-b62a-4476-b41d-bf2b56e2e7d2 26c0aaadb9c34872bc8330587e7c996a a84aff7bc29e49afbf1d6ae3df0bb359 - - default default] Successfully bumped revision number for resource 9282f5db-6094-4f60-aac8-3edaefdd40ee (type: security_group_rules) to 0
2026-07-16 08:06:24.683 8 INFO neutron.db.ovn_revision_numbers_db [None req-2f23068d-b62a-4476-b41d-bf2b56e2e7d2 26c0aaadb9c34872bc8330587e7c996a a84aff7bc29e49afbf1d6ae3df0bb359 - - default default] Successfully bumped revision number for resource ae97f428-97da-4c8d-a398-683cac8b98a2 (type: security_group_rules) to 0
2026-07-16 08:06:24.695 8 INFO neutron.db.ovn_revision_numbers_db [None req-2f23068d-b62a-4476-b41d-bf2b56e2e7d2 26c0aaadb9c34872bc8330587e7c996a a84aff7bc29e49afbf1d6ae3df0bb359 - - default default] Successfully bumped revision number for resource e6a0af07-9812-43e1-873d-b1e13534fe99 (type: security_group_rules) to 0
2026-07-16 08:06:24.767 8 INFO neutron.db.segments_db [None req-2f23068d-b62a-4476-b41d-bf2b56e2e7d2 26c0aaadb9c34872bc8330587e7c996a a84aff7bc29e49afbf1d6ae3df0bb359 - - default default] Added segment bc41f3b0-dc11-4339-93f5-84e783500ef9 of type geneve for network 99b1abdd-7f77-4e15-b823-55d7c6e6aad2
2026-07-16 08:06:24.897 8 INFO neutron.db.ovn_revision_numbers_db [None req-2f23068d-b62a-4476-b41d-bf2b56e2e7d2 26c0aaadb9c34872bc8330587e7c996a a84aff7bc29e49afbf1d6ae3df0bb359 - - default default] Successfully bumped revision number for resource 99b1abdd-7f77-4e15-b823-55d7c6e6aad2 (type: networks) to 1
2026-07-16 08:06:25.102 8 WARNING neutron.scheduler.dhcp_agent_scheduler [None req-2f23068d-b62a-4476-b41d-bf2b56e2e7d2 26c0aaadb9c34872bc8330587e7c996a a84aff7bc29e49afbf1d6ae3df0bb359 - - default default] No more DHCP agents
2026-07-16 08:06:25.103 8 WARNING neutron.api.rpc.agentnotifiers.dhcp_rpc_agent_api [None req-2f23068d-b62a-4476-b41d-bf2b56e2e7d2 26c0aaadb9c34872bc8330587e7c996a a84aff7bc29e49afbf1d6ae3df0bb359 - - default default] Unable to schedule network 99b1abdd-7f77-4e15-b823-55d7c6e6aad2: no agents available; will retry on subsequent port and subnet creation events.
2026-07-16 08:06:25.160 7 INFO neutron.plugins.ml2.drivers.ovn.mech_driver.mech_driver [None req-9a411783-90cc-418d-b11e-bad5ad2f6499 - - - - - -] OVN reports status down for port: 9bd657c3-0d6b-4c65-a4be-4cff4c4ff545
2026-07-16 08:06:25.203 8 INFO neutron.db.ovn_revision_numbers_db [None req-2f23068d-b62a-4476-b41d-bf2b56e2e7d2 26c0aaadb9c34872bc8330587e7c996a a84aff7bc29e49afbf1d6ae3df0bb359 - - default default] Successfully bumped revision number for resource 9bd657c3-0d6b-4c65-a4be-4cff4c4ff545 (type: ports) to 1 [pid: 8|app: 0|req: 1322/2426] 10.0.0.140 () {34 vars in 670 bytes} [Thu Jul 16 08:06:24 2026] POST /v2.0/networks => generated 668 bytes in 923 msecs (HTTP/1.1 201) 4 headers in 162 bytes (1 switches on core 0)
2026-07-16 08:06:25.434 7 WARNING neutron.scheduler.dhcp_agent_scheduler [None req-a8bec222-1bae-4105-9299-6baff42efd08 26c0aaadb9c34872bc8330587e7c996a a84aff7bc29e49afbf1d6ae3df0bb359 - - default default] No more DHCP agents
2026-07-16 08:06:25.436 7 WARNING neutron.api.rpc.agentnotifiers.dhcp_rpc_agent_api [None req-a8bec222-1bae-4105-9299-6baff42efd08 26c0aaadb9c34872bc8330587e7c996a a84aff7bc29e49afbf1d6ae3df0bb359 - - default default] Unable to schedule network 99b1abdd-7f77-4e15-b823-55d7c6e6aad2: no agents available; will retry on subsequent port and subnet creation events.
2026-07-16 08:06:25.501 7 INFO neutron.plugins.ml2.drivers.ovn.mech_driver.mech_driver [None req-9a411783-90cc-418d-b11e-bad5ad2f6499 - - - - - -] OVN reports status down for port: cf1756a9-c535-45c4-a6f6-61aabad83d32
