2026-07-16 08:04:04.056 7 INFO neutron.db.ovn_revision_numbers_db [None req-b95f3381-3e97-46bf-a10f-64847e920006 1bdcbd8be789440b808ed8b2925978e0 fd9ffc73487346df8a2d44ff898a539a - - default default] Successfully bumped revision number for resource 63fc737c-c61b-4d2a-84e0-194c59a9fbb2 (type: routers) to 2 [pid: 7|app: 0|req: 628/1386] 10.0.0.140 () {34 vars in 669 bytes} [Thu Jul 16 08:04:02 2026] POST /v2.0/routers => generated 976 bytes in 1328 msecs (HTTP/1.1 201) 4 headers in 162 bytes (1 switches on core 0) [pid: 7|app: 0|req: 629/1387] 10.0.0.125 () {28 vars in 579 bytes} [Thu Jul 16 08:04:04 2026] GET /v2.0/ports => generated 12176 bytes in 46 msecs (HTTP/1.1 200) 4 headers in 159 bytes (1 switches on core 0) [pid: 7|app: 0|req: 630/1388] 10.0.0.140 () {32 vars in 736 bytes} [Thu Jul 16 08:04:04 2026] GET /v2.0/ports?device_id=8f883aa2-cbdd-4edc-b209-8411e0a99050 => generated 12 bytes in 18 msecs (HTTP/1.1 200) 4 headers in 156 bytes (1 switches on core 0)
2026-07-16 08:04:04.308 7 WARNING neutron.db.securitygroups_db [None req-331d1c16-0e8c-4fd6-82fb-f44ac678f841 3c440e25110e4532afdbd771cc9b1a12 657a6d75ecdc46e4b78d2ffc2f4efcc5 - - default default] project_id key not found in filters, using tenant_id instead. This support has been deprecated and will be removed in a future release.
2026-07-16 08:04:04.396 7 INFO neutron.db.ovn_revision_numbers_db [None req-331d1c16-0e8c-4fd6-82fb-f44ac678f841 3c440e25110e4532afdbd771cc9b1a12 657a6d75ecdc46e4b78d2ffc2f4efcc5 - - default default] Successfully bumped revision number for resource 240a7e21-021f-46d0-bb97-319e1a62b42d (type: security_groups) to 1
2026-07-16 08:04:04.409 7 INFO neutron.db.ovn_revision_numbers_db [None req-331d1c16-0e8c-4fd6-82fb-f44ac678f841 3c440e25110e4532afdbd771cc9b1a12 657a6d75ecdc46e4b78d2ffc2f4efcc5 - - default default] Successfully bumped revision number for resource 66150627-652a-4429-a276-066d8d21cbd2 (type: security_group_rules) to 0
2026-07-16 08:04:04.421 7 INFO neutron.db.ovn_revision_numbers_db [None req-331d1c16-0e8c-4fd6-82fb-f44ac678f841 3c440e25110e4532afdbd771cc9b1a12 657a6d75ecdc46e4b78d2ffc2f4efcc5 - - default default] Successfully bumped revision number for resource 711cc6f1-51fd-44e1-abaa-fbf903f33d8b (type: security_group_rules) to 0
2026-07-16 08:04:04.434 7 INFO neutron.db.ovn_revision_numbers_db [None req-331d1c16-0e8c-4fd6-82fb-f44ac678f841 3c440e25110e4532afdbd771cc9b1a12 657a6d75ecdc46e4b78d2ffc2f4efcc5 - - default default] Successfully bumped revision number for resource 81229c23-bd9b-4324-a8d6-28c7ee56ff88 (type: security_group_rules) to 0
2026-07-16 08:04:04.446 7 INFO neutron.db.ovn_revision_numbers_db [None req-331d1c16-0e8c-4fd6-82fb-f44ac678f841 3c440e25110e4532afdbd771cc9b1a12 657a6d75ecdc46e4b78d2ffc2f4efcc5 - - default default] Successfully bumped revision number for resource f27a46c9-18ad-4f89-8771-49b3b2aa24d1 (type: security_group_rules) to 0 [pid: 7|app: 0|req: 631/1389] 10.0.0.140 () {32 vars in 774 bytes} [Thu Jul 16 08:04:04 2026] GET /v2.0/security-groups?tenant_id=d603cdc551d648c8aa395acce260bd6f&name=default => generated 2925 bytes in 329 msecs (HTTP/1.1 200) 4 headers in 158 bytes (1 switches on core 0)
2026-07-16 08:04:04.635 8 WARNING neutron.scheduler.dhcp_agent_scheduler [None req-a3bb7bfe-7663-4323-a911-5ff416e83204 a687f6b7867942f0b900512e720a78c5 d9e681923f544c2fb88cb88ecb0e02cf - - default default] No more DHCP agents
2026-07-16 08:04:04.637 8 WARNING neutron.api.rpc.agentnotifiers.dhcp_rpc_agent_api [None req-a3bb7bfe-7663-4323-a911-5ff416e83204 a687f6b7867942f0b900512e720a78c5 d9e681923f544c2fb88cb88ecb0e02cf - - default default] Unable to schedule network bc158fb5-801b-461c-ae89-9da9c5ff74c2: no agents available; will retry on subsequent port and subnet creation events.
2026-07-16 08:04:04.891 8 INFO neutron.db.ovn_revision_numbers_db [None req-a3bb7bfe-7663-4323-a911-5ff416e83204 a687f6b7867942f0b900512e720a78c5 d9e681923f544c2fb88cb88ecb0e02cf - - default default] Successfully bumped revision number for resource 5cca195e-30b7-4c2b-9303-fc7c8337c953 (type: router_ports) to 1 [pid: 8|app: 0|req: 759/1390] 10.0.0.140 () {34 vars in 783 bytes} [Thu Jul 16 08:04:02 2026] PUT /v2.0/routers/3a249da6-83b0-41ed-b692-1de98dbf74fc/add_router_interface => generated 310 bytes in 2076 msecs (HTTP/1.1 200) 4 headers in 157 bytes (1 switches on core 0)
2026-07-16 08:04:05.025 7 WARNING neutron.scheduler.dhcp_agent_scheduler [None req-900a8aac-6b49-42e9-9b22-2ccaa572149c 1bdcbd8be789440b808ed8b2925978e0 fd9ffc73487346df8a2d44ff898a539a - - default default] No more DHCP agents
2026-07-16 08:04:05.026 7 WARNING neutron.api.rpc.agentnotifiers.dhcp_rpc_agent_api [None req-900a8aac-6b49-42e9-9b22-2ccaa572149c 1bdcbd8be789440b808ed8b2925978e0 fd9ffc73487346df8a2d44ff898a539a - - default default] Unable to schedule network c3d6d090-ec30-47a2-8c27-016af0975f3c: no agents available; will retry on subsequent port and subnet creation events.
2026-07-16 08:04:05.070 7 WARNING neutron.plugins.ml2.drivers.ovn.mech_driver.ovsdb.ovn_client [None req-ed1a05b3-4683-4eb3-95f2-9b540dc8a6dd - - - - - -] No port found with ID 7f3ab7cf-faa5-4d29-a574-fa5f0f2ff45e: RuntimeError: No port found with ID 7f3ab7cf-faa5-4d29-a574-fa5f0f2ff45e
2026-07-16 08:04:05.102 7 INFO neutron.plugins.ml2.drivers.ovn.mech_driver.mech_driver [None req-ed1a05b3-4683-4eb3-95f2-9b540dc8a6dd - - - - - -] OVN reports status down for port: 82c0c753-525d-4e24-91cd-a8e295341d1e [pid: 8|app: 0|req: 760/1391] 10.0.0.140 () {32 vars in 724 bytes} [Thu Jul 16 08:04:04 2026] DELETE /v2.0/routers/8f883aa2-cbdd-4edc-b209-8411e0a99050 => generated 0 bytes in 211 msecs (HTTP/1.1 204) 2 headers in 112 bytes (1 switches on core 0)
2026-07-16 08:04:05.233 7 INFO neutron.plugins.ml2.drivers.ovn.mech_driver.mech_driver [None req-ed1a05b3-4683-4eb3-95f2-9b540dc8a6dd - - - - - -] OVN reports status down for port: 761c1ab6-578c-410c-94dd-782d18befe5d [pid: 8|app: 0|req: 761/1392] 10.0.0.140 () {32 vars in 740 bytes} [Thu Jul 16 08:04:05 2026] DELETE /v2.0/security-groups/240a7e21-021f-46d0-bb97-319e1a62b42d => generated 0 bytes in 188 msecs (HTTP/1.1 204) 2 headers in 112 bytes (1 switches on core 0)
2026-07-16 08:04:05.316 7 INFO neutron.db.ovn_revision_numbers_db [None req-900a8aac-6b49-42e9-9b22-2ccaa572149c 1bdcbd8be789440b808ed8b2925978e0 fd9ffc73487346df8a2d44ff898a539a - - default default] Successfully bumped revision number for resource e40e9bd9-a162-4c5d-a39a-b93307d819b1 (type: ports) to 1 [pid: 8|app: 0|req: 762/1393] 10.0.0.140 () {32 vars in 717 bytes} [Thu Jul 16 08:04:05 2026] GET /v2.0/ports/5cca195e-30b7-4c2b-9303-fc7c8337c953 => generated 941 bytes in 64 msecs (HTTP/1.1 200) 4 headers in 157 bytes (1 switches on core 0)
2026-07-16 08:04:05.366 7 WARNING neutron.plugins.ml2.drivers.ovn.mech_driver.ovsdb.ovn_client [None req-ed1a05b3-4683-4eb3-95f2-9b540dc8a6dd - - - - - -] Logical_Switch_Port 761c1ab6-578c-410c-94dd-782d18befe5d host information not removed, the port state is up
2026-07-16 08:04:05.366 7 INFO neutron.plugins.ml2.drivers.ovn.mech_driver.mech_driver [None req-ed1a05b3-4683-4eb3-95f2-9b540dc8a6dd - - - - - -] OVN reports status up for port: 761c1ab6-578c-410c-94dd-782d18befe5d
2026-07-16 08:04:05.388 7 INFO neutron.plugins.ml2.plugin [None req-ed1a05b3-4683-4eb3-95f2-9b540dc8a6dd - - - - - -] Attempt 1 to provision port 761c1ab6-578c-410c-94dd-782d18befe5d [pid: 8|app: 0|req: 763/1394] 10.0.0.140 () {32 vars in 724 bytes} [Thu Jul 16 08:04:05 2026] DELETE /v2.0/subnets/0d06babd-7e14-4778-a9d2-aedcbdee85b1 => generated 0 bytes in 122 msecs (HTTP/1.1 204) 3 headers in 131 bytes (1 switches on core 0) [pid: 8|app: 0|req: 764/1395] 10.0.0.140 () {32 vars in 717 bytes} [Thu Jul 16 08:04:05 2026] GET /v2.0/ports/5cca195e-30b7-4c2b-9303-fc7c8337c953 => generated 941 bytes in 33 msecs (HTTP/1.1 200) 4 headers in 157 bytes (1 switches on core 0)
2026-07-16 08:04:05.522 8 WARNING neutron.db.securitygroups_db [None req-faf940fb-d1ed-493e-9123-ac5abc77e8a2 3c440e25110e4532afdbd771cc9b1a12 657a6d75ecdc46e4b78d2ffc2f4efcc5 - - default default] project_id key not found in filters, using tenant_id instead. This support has been deprecated and will be removed in a future release.
2026-07-16 08:04:05.627 8 INFO neutron.db.ovn_revision_numbers_db [None req-faf940fb-d1ed-493e-9123-ac5abc77e8a2 3c440e25110e4532afdbd771cc9b1a12 657a6d75ecdc46e4b78d2ffc2f4efcc5 - - default default] Successfully bumped revision number for resource 64cc6dc1-acfc-4943-800b-49e80fc8f1a7 (type: security_groups) to 1
2026-07-16 08:04:05.640 8 INFO neutron.db.ovn_revision_numbers_db [None req-faf940fb-d1ed-493e-9123-ac5abc77e8a2 3c440e25110e4532afdbd771cc9b1a12 657a6d75ecdc46e4b78d2ffc2f4efcc5 - - default default] Successfully bumped revision number for resource 479545c3-ba63-41e3-b44e-e91ee8998956 (type: security_group_rules) to 0
2026-07-16 08:04:05.659 8 INFO neutron.db.ovn_revision_numbers_db [None req-faf940fb-d1ed-493e-9123-ac5abc77e8a2 3c440e25110e4532afdbd771cc9b1a12 657a6d75ecdc46e4b78d2ffc2f4efcc5 - - default default] Successfully bumped revision number for resource 5b3c34a8-6aa4-437c-99ad-36738e71d4cd (type: security_group_rules) to 0
2026-07-16 08:04:05.671 8 INFO neutron.db.ovn_revision_numbers_db [None req-faf940fb-d1ed-493e-9123-ac5abc77e8a2 3c440e25110e4532afdbd771cc9b1a12 657a6d75ecdc46e4b78d2ffc2f4efcc5 - - default default] Successfully bumped revision number for resource a0acf439-d5f9-4455-92b4-50a61723d841 (type: security_group_rules) to 0
2026-07-16 08:04:05.683 8 INFO neutron.db.ovn_revision_numbers_db [None req-faf940fb-d1ed-493e-9123-ac5abc77e8a2 3c440e25110e4532afdbd771cc9b1a12 657a6d75ecdc46e4b78d2ffc2f4efcc5 - - default default] Successfully bumped revision number for resource f2cdaa88-de57-4661-9daa-da2350852174 (type: security_group_rules) to 0 [pid: 8|app: 0|req: 765/1396] 10.0.0.140 () {32 vars in 774 bytes} [Thu Jul 16 08:04:05 2026] GET /v2.0/security-groups?tenant_id=b68beea6e090425fb1d826185b64f41e&name=default => generated 2925 bytes in 202 msecs (HTTP/1.1 200) 4 headers in 158 bytes (1 switches on core 0)
2026-07-16 08:04:05.839 8 INFO neutron_taas.services.taas.taas_plugin [None req-a43678c4-9503-49f4-b9aa-42ea0b0478ea 7a5249f03118414db9ea70b077304dd6 49db03fe41544919a4f517f3543c25b6 - - default default] TaaS: Handle Delete Port: f00b165c-9098-4589-b22e-0e9f66717975
2026-07-16 08:04:05.842 8 INFO neutron_taas.services.taas.tap_mirror_plugin [None req-a43678c4-9503-49f4-b9aa-42ea0b0478ea 7a5249f03118414db9ea70b077304dd6 49db03fe41544919a4f517f3543c25b6 - - default default] Tap Mirror: Handle Delete Port: f00b165c-9098-4589-b22e-0e9f66717975
2026-07-16 08:04:06.045 8 INFO neutron.services.segments.plugin [-] Segment 882f5d48-5f31-40af-a892-097e78691d83 resource provider aggregate not found
2026-07-16 08:04:06.046 8 INFO neutron.services.segments.plugin [-] Segment 882f5d48-5f31-40af-a892-097e78691d83 resource provider aggregate not found
2026-07-16 08:04:06.073 8 INFO neutron.services.segments.plugin [-] Client error retrieving segment 882f5d48-5f31-40af-a892-097e78691d83 resource provider; error: Placement Client Error (4xx): {"errors": [{"status": 404, "title": "Not Found", "detail": "The resource could not be found.\n\n No resource provider with uuid 882f5d48-5f31-40af-a892-097e78691d83 found for delete ", "request_id": "req-d21384b0-33d7-4afe-aefc-fe104fb59b2f"}]}
2026-07-16 08:04:06.073 8 INFO neutron.services.segments.plugin [-] Client error retrieving segment 882f5d48-5f31-40af-a892-097e78691d83 resource provider; error: Placement Client Error (4xx): {"errors": [{"status": 404, "title": "Not Found", "detail": "The resource could not be found.\n\n No resource provider with uuid 882f5d48-5f31-40af-a892-097e78691d83 found for delete ", "request_id": "req-810deb63-6bf3-47cf-9e41-b178b7f2e8c3"}]} [pid: 8|app: 0|req: 766/1397] 10.0.0.140 () {32 vars in 726 bytes} [Thu Jul 16 08:04:05 2026] DELETE /v2.0/networks/971a4bb4-2cff-4727-9621-42288b39dd59 => generated 0 bytes in 372 msecs (HTTP/1.1 204) 3 headers in 131 bytes (1 switches on core 0)
2026-07-16 08:04:06.208 7 WARNING neutron.scheduler.dhcp_agent_scheduler [None req-900a8aac-6b49-42e9-9b22-2ccaa572149c 1bdcbd8be789440b808ed8b2925978e0 fd9ffc73487346df8a2d44ff898a539a - - default default] No more DHCP agents
2026-07-16 08:04:06.210 7 WARNING neutron.api.rpc.agentnotifiers.dhcp_rpc_agent_api [None req-900a8aac-6b49-42e9-9b22-2ccaa572149c 1bdcbd8be789440b808ed8b2925978e0 fd9ffc73487346df8a2d44ff898a539a - - default default] Unable to schedule network c3d6d090-ec30-47a2-8c27-016af0975f3c: no agents available; will retry on subsequent port and subnet creation events. [pid: 8|app: 0|req: 767/1398] 10.0.0.140 () {32 vars in 740 bytes} [Thu Jul 16 08:04:06 2026] DELETE /v2.0/security-groups/64cc6dc1-acfc-4943-800b-49e80fc8f1a7 => generated 0 bytes in 174 msecs (HTTP/1.1 204) 2 headers in 112 bytes (1 switches on core 0)
2026-07-16 08:04:06.362 8 INFO neutron.db.segments_db [None req-2c7109bd-6d6a-4b75-964b-c966eda0d95a 7a5249f03118414db9ea70b077304dd6 49db03fe41544919a4f517f3543c25b6 - - default default] Added segment ef6a0089-f110-4968-8185-ff75dce27ef9 of type geneve for network e2d9e7d1-6302-43cb-a84e-951dcb7e235d
2026-07-16 08:04:06.472 8 INFO neutron.db.ovn_revision_numbers_db [None req-2c7109bd-6d6a-4b75-964b-c966eda0d95a 7a5249f03118414db9ea70b077304dd6 49db03fe41544919a4f517f3543c25b6 - - default default] Successfully bumped revision number for resource e2d9e7d1-6302-43cb-a84e-951dcb7e235d (type: networks) to 1
2026-07-16 08:04:06.573 7 INFO neutron.db.ovn_revision_numbers_db [None req-900a8aac-6b49-42e9-9b22-2ccaa572149c 1bdcbd8be789440b808ed8b2925978e0 fd9ffc73487346df8a2d44ff898a539a - - default default] Successfully bumped revision number for resource e40e9bd9-a162-4c5d-a39a-b93307d819b1 (type: router_ports) to 1 [pid: 7|app: 0|req: 632/1399] 10.0.0.140 () {34 vars in 783 bytes} [Thu Jul 16 08:04:04 2026] PUT /v2.0/routers/63fc737c-c61b-4d2a-84e0-194c59a9fbb2/add_router_interface => generated 310 bytes in 2095 msecs (HTTP/1.1 200) 4 headers in 157 bytes (1 switches on core 0)
2026-07-16 08:04:06.637 8 WARNING neutron.scheduler.dhcp_agent_scheduler [None req-2c7109bd-6d6a-4b75-964b-c966eda0d95a 7a5249f03118414db9ea70b077304dd6 49db03fe41544919a4f517f3543c25b6 - - default default] No more DHCP agents
2026-07-16 08:04:06.639 8 WARNING neutron.api.rpc.agentnotifiers.dhcp_rpc_agent_api [None req-2c7109bd-6d6a-4b75-964b-c966eda0d95a 7a5249f03118414db9ea70b077304dd6 49db03fe41544919a4f517f3543c25b6 - - default default] Unable to schedule network e2d9e7d1-6302-43cb-a84e-951dcb7e235d: no agents available; will retry on subsequent port and subnet creation events. [pid: 7|app: 0|req: 633/1400] 10.0.0.140 () {32 vars in 717 bytes} [Thu Jul 16 08:04:06 2026] GET /v2.0/ports/5cca195e-30b7-4c2b-9303-fc7c8337c953 => generated 941 bytes in 71 msecs (HTTP/1.1 200) 4 headers in 157 bytes (1 switches on core 0)
2026-07-16 08:04:06.722 8 INFO neutron.db.ovn_revision_numbers_db [None req-2c7109bd-6d6a-4b75-964b-c966eda0d95a 7a5249f03118414db9ea70b077304dd6 49db03fe41544919a4f517f3543c25b6 - - default default] Successfully bumped revision number for resource a06c2537-7b81-4957-969a-5a668902b8c8 (type: ports) to 1 [pid: 8|app: 0|req: 768/1401] 10.0.0.140 () {34 vars in 670 bytes} [Thu Jul 16 08:04:06 2026] POST /v2.0/networks => generated 671 bytes in 473 msecs (HTTP/1.1 201) 4 headers in 162 bytes (1 switches on core 0)
2026-07-16 08:04:06.906 7 WARNING neutron.scheduler.dhcp_agent_scheduler [None req-d1470b2e-ca64-46ae-9ba7-60e46229b00d 1bdcbd8be789440b808ed8b2925978e0 fd9ffc73487346df8a2d44ff898a539a - - default default] No more DHCP agents
2026-07-16 08:04:06.908 7 WARNING neutron.api.rpc.agentnotifiers.dhcp_rpc_agent_api [None req-d1470b2e-ca64-46ae-9ba7-60e46229b00d 1bdcbd8be789440b808ed8b2925978e0 fd9ffc73487346df8a2d44ff898a539a - - default default] Unable to schedule network c3d6d090-ec30-47a2-8c27-016af0975f3c: no agents available; will retry on subsequent port and subnet creation events.
2026-07-16 08:04:06.920 8 WARNING neutron.scheduler.dhcp_agent_scheduler [None req-dce8e534-908a-425d-8444-1f99d4b05bb5 7a5249f03118414db9ea70b077304dd6 49db03fe41544919a4f517f3543c25b6 - - default default] No more DHCP agents
2026-07-16 08:04:06.922 8 WARNING neutron.api.rpc.agentnotifiers.dhcp_rpc_agent_api [None req-dce8e534-908a-425d-8444-1f99d4b05bb5 7a5249f03118414db9ea70b077304dd6 49db03fe41544919a4f517f3543c25b6 - - default default] Unable to schedule network e2d9e7d1-6302-43cb-a84e-951dcb7e235d: no agents available; will retry on subsequent port and subnet creation events.
2026-07-16 08:04:06.949 8 INFO neutron.db.ovn_revision_numbers_db [None req-dce8e534-908a-425d-8444-1f99d4b05bb5 7a5249f03118414db9ea70b077304dd6 49db03fe41544919a4f517f3543c25b6 - - default default] Successfully bumped revision number for resource 5f8b3540-5d1e-4dea-89cc-98fe988a9e27 (type: subnets) to 0 [pid: 8|app: 0|req: 769/1402] 10.0.0.140 () {34 vars in 669 bytes} [Thu Jul 16 08:04:06 2026] POST /v2.0/subnets => generated 646 bytes in 219 msecs (HTTP/1.1 201) 4 headers in 162 bytes (1 switches on core 0)
2026-07-16 08:04:07.088 7 INFO neutron.db.ovn_revision_numbers_db [None req-d1470b2e-ca64-46ae-9ba7-60e46229b00d 1bdcbd8be789440b808ed8b2925978e0 fd9ffc73487346df8a2d44ff898a539a - - default default] Successfully bumped revision number for resource ca870f3d-7353-42aa-be45-7e90662c726f (type: ports) to 1 [pid: 7|app: 0|req: 634/1403] 10.0.0.140 () {34 vars in 665 bytes} [Thu Jul 16 08:04:06 2026] POST /v2.0/ports => generated 954 bytes in 464 msecs (HTTP/1.1 201) 4 headers in 162 bytes (1 switches on core 0)
2026-07-16 08:04:07.119 8 INFO neutron.db.ovn_revision_numbers_db [None req-f3b1799a-363f-40f1-ae3c-630c306f9537 7a5249f03118414db9ea70b077304dd6 49db03fe41544919a4f517f3543c25b6 - - default default] Successfully bumped revision number for resource c9ad8200-f91e-4cd6-a54b-bc8e6b625585 (type: routers) to 1 /var/lib/openstack/lib/python3.12/site-packages/pycadf/identifier.py:70: UserWarning: Invalid uuid: neutron. To ensure interoperability, identifiers should be a valid uuid. warnings.warn(('Invalid uuid: %s. To ensure interoperability, ' [pid: 8|app: 0|req: 770/1404] 10.0.0.140 () {34 vars in 669 bytes} [Thu Jul 16 08:04:06 2026] POST /v2.0/routers => generated 628 bytes in 162 msecs (HTTP/1.1 201) 4 headers in 162 bytes (1 switches on core 0)
2026-07-16 08:04:07.384 7 WARNING neutron.scheduler.dhcp_agent_scheduler [None req-0f1dbca7-4db5-4d74-8917-56d7cc631984 1bdcbd8be789440b808ed8b2925978e0 fd9ffc73487346df8a2d44ff898a539a - - default default] No more DHCP agents
2026-07-16 08:04:07.386 7 WARNING neutron.api.rpc.agentnotifiers.dhcp_rpc_agent_api [None req-0f1dbca7-4db5-4d74-8917-56d7cc631984 1bdcbd8be789440b808ed8b2925978e0 fd9ffc73487346df8a2d44ff898a539a - - default default] Unable to schedule network c3d6d090-ec30-47a2-8c27-016af0975f3c: no agents available; will retry on subsequent port and subnet creation events.
2026-07-16 08:04:07.518 8 WARNING neutron.scheduler.dhcp_agent_scheduler [None req-5a60f94b-ee25-4ee0-a4a3-40c0ddd4eebe 7a5249f03118414db9ea70b077304dd6 49db03fe41544919a4f517f3543c25b6 - - default default] No more DHCP agents
2026-07-16 08:04:07.533 8 WARNING neutron.api.rpc.agentnotifiers.dhcp_rpc_agent_api [None req-5a60f94b-ee25-4ee0-a4a3-40c0ddd4eebe 7a5249f03118414db9ea70b077304dd6 49db03fe41544919a4f517f3543c25b6 - - default default] Unable to schedule network e2d9e7d1-6302-43cb-a84e-951dcb7e235d: no agents available; will retry on subsequent port and subnet creation events.
2026-07-16 08:04:07.570 7 INFO neutron.db.ovn_revision_numbers_db [None req-0f1dbca7-4db5-4d74-8917-56d7cc631984 1bdcbd8be789440b808ed8b2925978e0 fd9ffc73487346df8a2d44ff898a539a - - default default] Successfully bumped revision number for resource dbee1761-7881-4098-ab78-c036e78c1773 (type: ports) to 1 [pid: 7|app: 0|req: 635/1405] 10.0.0.140 () {34 vars in 665 bytes} [Thu Jul 16 08:04:07 2026] POST /v2.0/ports => generated 955 bytes in 526 msecs (HTTP/1.1 201) 4 headers in 162 bytes (1 switches on core 0)
2026-07-16 08:04:07.650 8 INFO neutron.db.ovn_revision_numbers_db [None req-5a60f94b-ee25-4ee0-a4a3-40c0ddd4eebe 7a5249f03118414db9ea70b077304dd6 49db03fe41544919a4f517f3543c25b6 - - default default] Successfully bumped revision number for resource c740ccb9-94db-48e0-bd3f-2fe37d6b527a (type: ports) to 1 /var/lib/openstack/lib/python3.12/site-packages/pycadf/identifier.py:70: UserWarning: Invalid uuid: neutron. To ensure interoperability, identifiers should be a valid uuid. warnings.warn(('Invalid uuid: %s. To ensure interoperability, '
2026-07-16 08:04:07.862 7 WARNING neutron.scheduler.dhcp_agent_scheduler [None req-e258e216-2415-4a13-8fe8-d5cf859ef94d 1bdcbd8be789440b808ed8b2925978e0 fd9ffc73487346df8a2d44ff898a539a - - default default] No more DHCP agents
2026-07-16 08:04:07.863 7 WARNING neutron.api.rpc.agentnotifiers.dhcp_rpc_agent_api [None req-e258e216-2415-4a13-8fe8-d5cf859ef94d 1bdcbd8be789440b808ed8b2925978e0 fd9ffc73487346df8a2d44ff898a539a - - default default] Unable to schedule network 6cae97ac-068e-42eb-ab28-92ca7e56185f: no agents available; will retry on subsequent port and subnet creation events.
2026-07-16 08:04:08.240 8 WARNING neutron.scheduler.dhcp_agent_scheduler [None req-5a60f94b-ee25-4ee0-a4a3-40c0ddd4eebe 7a5249f03118414db9ea70b077304dd6 49db03fe41544919a4f517f3543c25b6 - - default default] No more DHCP agents
2026-07-16 08:04:08.242 8 WARNING neutron.api.rpc.agentnotifiers.dhcp_rpc_agent_api [None req-5a60f94b-ee25-4ee0-a4a3-40c0ddd4eebe 7a5249f03118414db9ea70b077304dd6 49db03fe41544919a4f517f3543c25b6 - - default default] Unable to schedule network e2d9e7d1-6302-43cb-a84e-951dcb7e235d: no agents available; will retry on subsequent port and subnet creation events.
2026-07-16 08:04:08.464 8 INFO neutron.db.ovn_revision_numbers_db [None req-5a60f94b-ee25-4ee0-a4a3-40c0ddd4eebe 7a5249f03118414db9ea70b077304dd6 49db03fe41544919a4f517f3543c25b6 - - default default] Successfully bumped revision number for resource c740ccb9-94db-48e0-bd3f-2fe37d6b527a (type: router_ports) to 1 [pid: 8|app: 0|req: 771/1406] 10.0.0.140 () {34 vars in 783 bytes} [Thu Jul 16 08:04:07 2026] PUT /v2.0/routers/c9ad8200-f91e-4cd6-a54b-bc8e6b625585/add_router_interface => generated 310 bytes in 1327 msecs (HTTP/1.1 200) 4 headers in 157 bytes (1 switches on core 0) [pid: 8|app: 0|req: 772/1407] 10.0.0.140 () {32 vars in 717 bytes} [Thu Jul 16 08:04:08 2026] GET /v2.0/ports/5cca195e-30b7-4c2b-9303-fc7c8337c953 => generated 941 bytes in 37 msecs (HTTP/1.1 200) 4 headers in 157 bytes (1 switches on core 0) [pid: 8|app: 0|req: 773/1408] 10.0.0.140 () {32 vars in 717 bytes} [Thu Jul 16 08:04:08 2026] GET /v2.0/ports/c740ccb9-94db-48e0-bd3f-2fe37d6b527a => generated 945 bytes in 30 msecs (HTTP/1.1 200) 4 headers in 157 bytes (1 switches on core 0)
2026-07-16 08:04:08.620 8 WARNING neutron.plugins.ml2.drivers.ovn.mech_driver.ovsdb.ovn_client [None req-27bee81a-9f7b-4dc8-8e77-4a11ec92c209 - - - - - -] No hosting information found for port 557c07e1-3676-470a-aa4f-8d025348f052: RuntimeError: No hosting information found for port 557c07e1-3676-470a-aa4f-8d025348f052 [pid: 8|app: 0|req: 774/1409] 10.0.0.140 () {32 vars in 717 bytes} [Thu Jul 16 08:04:08 2026] GET /v2.0/ports/c740ccb9-94db-48e0-bd3f-2fe37d6b527a => generated 945 bytes in 90 msecs (HTTP/1.1 200) 4 headers in 157 bytes (1 switches on core 0)
2026-07-16 08:04:08.704 8 INFO neutron.db.ovn_revision_numbers_db [None req-27bee81a-9f7b-4dc8-8e77-4a11ec92c209 - - - - - -] Successfully bumped revision number for resource 557c07e1-3676-470a-aa4f-8d025348f052 (type: router_ports) to 2
2026-07-16 08:04:08.765 7 INFO neutron.db.ovn_revision_numbers_db [None req-e258e216-2415-4a13-8fe8-d5cf859ef94d 1bdcbd8be789440b808ed8b2925978e0 fd9ffc73487346df8a2d44ff898a539a - - default default] Successfully bumped revision number for resource ab8e4c35-b57f-4170-9281-111021f277a0 (type: floatingips) to 1
2026-07-16 08:04:08.766 7 INFO neutron.db.l3_db [None req-e258e216-2415-4a13-8fe8-d5cf859ef94d 1bdcbd8be789440b808ed8b2925978e0 fd9ffc73487346df8a2d44ff898a539a - - default default] Floating IP ab8e4c35-b57f-4170-9281-111021f277a0 associated. External IP: 10.96.250.206, port: dbee1761-7881-4098-ab78-c036e78c1773.
2026-07-16 08:04:08.793 8 INFO neutron.common.ovn.utils [None req-27bee81a-9f7b-4dc8-8e77-4a11ec92c209 - - - - - -] HA Chassis Group neutron-c3d6d090-ec30-47a2-8c27-016af0975f3c synchronized; highest priority chassis e5050907-ac0e-433f-aa79-ec098fc96c21
2026-07-16 08:04:08.799 8 INFO neutron.plugins.ml2.drivers.ovn.mech_driver.mech_driver [None req-27bee81a-9f7b-4dc8-8e77-4a11ec92c209 - - - - - -] OVN reports status down for port: 5cca195e-30b7-4c2b-9303-fc7c8337c953 [pid: 7|app: 0|req: 636/1410] 10.0.0.140 () {34 vars in 677 bytes} [Thu Jul 16 08:04:07 2026] POST /v2.0/floatingips => generated 842 bytes in 1170 msecs (HTTP/1.1 201) 4 headers in 162 bytes (1 switches on core 0)
2026-07-16 08:04:08.941 8 WARNING neutron.plugins.ml2.drivers.ovn.mech_driver.ovsdb.ovn_client [None req-27bee81a-9f7b-4dc8-8e77-4a11ec92c209 - - - - - -] Logical_Switch_Port 5cca195e-30b7-4c2b-9303-fc7c8337c953 host information not removed, the port state is up
2026-07-16 08:04:08.942 8 INFO neutron.plugins.ml2.drivers.ovn.mech_driver.mech_driver [None req-27bee81a-9f7b-4dc8-8e77-4a11ec92c209 - - - - - -] OVN reports status up for port: 5cca195e-30b7-4c2b-9303-fc7c8337c953
2026-07-16 08:04:08.977 8 INFO neutron.plugins.ml2.plugin [None req-27bee81a-9f7b-4dc8-8e77-4a11ec92c209 - - - - - -] Attempt 1 to provision port 5cca195e-30b7-4c2b-9303-fc7c8337c953
2026-07-16 08:04:09.233 8 INFO neutron.db.l3_db [None req-511a7e01-4c8f-478d-ae43-d7ab0a1e0791 1bdcbd8be789440b808ed8b2925978e0 fd9ffc73487346df8a2d44ff898a539a - - default default] Floating IP ab8e4c35-b57f-4170-9281-111021f277a0 disassociated. External IP: 10.96.250.206, port: dbee1761-7881-4098-ab78-c036e78c1773. [pid: 8|app: 0|req: 775/1411] 10.0.0.140 () {34 vars in 749 bytes} [Thu Jul 16 08:04:08 2026] PUT /v2.0/floatingips/ab8e4c35-b57f-4170-9281-111021f277a0 => generated 554 bytes in 454 msecs (HTTP/1.1 200) 4 headers in 157 bytes (1 switches on core 0)
2026-07-16 08:04:09.430 7 INFO neutron_taas.services.taas.taas_plugin [None req-97658fd1-d778-4233-98c6-0859c3566013 1bdcbd8be789440b808ed8b2925978e0 fd9ffc73487346df8a2d44ff898a539a - - default default] TaaS: Handle Delete Port: 8f63bb60-42eb-48c8-9331-5e3a814764a1
2026-07-16 08:04:09.433 7 INFO neutron_taas.services.taas.tap_mirror_plugin [None req-97658fd1-d778-4233-98c6-0859c3566013 1bdcbd8be789440b808ed8b2925978e0 fd9ffc73487346df8a2d44ff898a539a - - default default] Tap Mirror: Handle Delete Port: 8f63bb60-42eb-48c8-9331-5e3a814764a1
2026-07-16 08:04:09.596 8 INFO neutron.db.ovn_revision_numbers_db [None req-27bee81a-9f7b-4dc8-8e77-4a11ec92c209 - - - - - -] Successfully bumped revision number for resource 5cca195e-30b7-4c2b-9303-fc7c8337c953 (type: ports) to 2 [pid: 8|app: 0|req: 776/1412] 10.0.0.140 () {32 vars in 717 bytes} [Thu Jul 16 08:04:09 2026] GET /v2.0/ports/5cca195e-30b7-4c2b-9303-fc7c8337c953 => generated 943 bytes in 84 msecs (HTTP/1.1 200) 4 headers in 157 bytes (1 switches on core 0) [pid: 7|app: 0|req: 637/1413] 10.0.0.140 () {32 vars in 732 bytes} [Thu Jul 16 08:04:09 2026] DELETE /v2.0/floatingips/ab8e4c35-b57f-4170-9281-111021f277a0 => generated 0 bytes in 356 msecs (HTTP/1.1 204) 2 headers in 112 bytes (1 switches on core 0) [pid: 7|app: 0|req: 638/1414] 10.0.0.140 () {32 vars in 717 bytes} [Thu Jul 16 08:04:09 2026] GET /v2.0/ports/c740ccb9-94db-48e0-bd3f-2fe37d6b527a => generated 945 bytes in 66 msecs (HTTP/1.1 200) 4 headers in 157 bytes (1 switches on core 0)
2026-07-16 08:04:09.926 7 WARNING neutron.scheduler.dhcp_agent_scheduler [None req-6454de91-5fd4-46c6-b8ea-1cf41854cf16 1bdcbd8be789440b808ed8b2925978e0 fd9ffc73487346df8a2d44ff898a539a - - default default] No more DHCP agents
2026-07-16 08:04:09.928 7 WARNING neutron.api.rpc.agentnotifiers.dhcp_rpc_agent_api [None req-6454de91-5fd4-46c6-b8ea-1cf41854cf16 1bdcbd8be789440b808ed8b2925978e0 fd9ffc73487346df8a2d44ff898a539a - - default default] Unable to schedule network 6cae97ac-068e-42eb-ab28-92ca7e56185f: no agents available; will retry on subsequent port and subnet creation events.
2026-07-16 08:04:09.941 8 INFO neutron_taas.services.taas.taas_plugin [None req-48d284d5-37a7-48ae-9f03-ab3ecdf489d5 a687f6b7867942f0b900512e720a78c5 d9e681923f544c2fb88cb88ecb0e02cf - - default default] TaaS: Handle Delete Port: 5cca195e-30b7-4c2b-9303-fc7c8337c953
2026-07-16 08:04:09.945 8 INFO neutron_taas.services.taas.tap_mirror_plugin [None req-48d284d5-37a7-48ae-9f03-ab3ecdf489d5 a687f6b7867942f0b900512e720a78c5 d9e681923f544c2fb88cb88ecb0e02cf - - default default] Tap Mirror: Handle Delete Port: 5cca195e-30b7-4c2b-9303-fc7c8337c953
2026-07-16 08:04:10.214 7 WARNING neutron.plugins.ml2.drivers.ovn.mech_driver.ovsdb.ovn_client [None req-ed1a05b3-4683-4eb3-95f2-9b540dc8a6dd - - - - - -] No hosting information found for port 761c1ab6-578c-410c-94dd-782d18befe5d: RuntimeError: No hosting information found for port 761c1ab6-578c-410c-94dd-782d18befe5d
2026-07-16 08:04:10.215 7 INFO neutron.plugins.ml2.drivers.ovn.mech_driver.mech_driver [None req-ed1a05b3-4683-4eb3-95f2-9b540dc8a6dd - - - - - -] OVN reports status down for port: e40e9bd9-a162-4c5d-a39a-b93307d819b1
2026-07-16 08:04:10.341 7 WARNING neutron.plugins.ml2.drivers.ovn.mech_driver.ovsdb.ovn_client [None req-ed1a05b3-4683-4eb3-95f2-9b540dc8a6dd - - - - - -] Logical_Switch_Port e40e9bd9-a162-4c5d-a39a-b93307d819b1 host information not removed, the port state is up
2026-07-16 08:04:10.343 7 INFO neutron.plugins.ml2.drivers.ovn.mech_driver.mech_driver [None req-ed1a05b3-4683-4eb3-95f2-9b540dc8a6dd - - - - - -] OVN reports status up for port: e40e9bd9-a162-4c5d-a39a-b93307d819b1
2026-07-16 08:04:10.367 7 INFO neutron.plugins.ml2.plugin [None req-ed1a05b3-4683-4eb3-95f2-9b540dc8a6dd - - - - - -] Attempt 1 to provision port e40e9bd9-a162-4c5d-a39a-b93307d819b1 [pid: 8|app: 0|req: 777/1415] 10.0.0.140 () {34 vars in 789 bytes} [Thu Jul 16 08:04:09 2026] PUT /v2.0/routers/3a249da6-83b0-41ed-b692-1de98dbf74fc/remove_router_interface => generated 310 bytes in 790 msecs (HTTP/1.1 200) 4 headers in 157 bytes (1 switches on core 0) /var/lib/openstack/lib/python3.12/site-packages/pycadf/identifier.py:70: UserWarning: Invalid uuid: neutron. To ensure interoperability, identifiers should be a valid uuid. warnings.warn(('Invalid uuid: %s. To ensure interoperability, '
2026-07-16 08:04:10.559 8 WARNING neutron.db.securitygroups_db [None req-5f013808-e371-4a50-ab8f-3d1819291c9e 3c440e25110e4532afdbd771cc9b1a12 657a6d75ecdc46e4b78d2ffc2f4efcc5 - - default default] project_id key not found in filters, using tenant_id instead. This support has been deprecated and will be removed in a future release.
2026-07-16 08:04:10.678 8 INFO neutron.db.ovn_revision_numbers_db [None req-5f013808-e371-4a50-ab8f-3d1819291c9e 3c440e25110e4532afdbd771cc9b1a12 657a6d75ecdc46e4b78d2ffc2f4efcc5 - - default default] Successfully bumped revision number for resource deb078a0-99ff-4a81-8846-9add7a160e36 (type: security_groups) to 1
2026-07-16 08:04:10.688 8 INFO neutron.db.ovn_revision_numbers_db [None req-5f013808-e371-4a50-ab8f-3d1819291c9e 3c440e25110e4532afdbd771cc9b1a12 657a6d75ecdc46e4b78d2ffc2f4efcc5 - - default default] Successfully bumped revision number for resource 1705dc31-204e-443e-b38f-bd0c1f7f171c (type: security_group_rules) to 0
2026-07-16 08:04:10.699 8 INFO neutron.db.ovn_revision_numbers_db [None req-5f013808-e371-4a50-ab8f-3d1819291c9e 3c440e25110e4532afdbd771cc9b1a12 657a6d75ecdc46e4b78d2ffc2f4efcc5 - - default default] Successfully bumped revision number for resource 5e9659ac-e63e-4724-89f4-2d8d8ef5d7c4 (type: security_group_rules) to 0
2026-07-16 08:04:10.711 8 INFO neutron.db.ovn_revision_numbers_db [None req-5f013808-e371-4a50-ab8f-3d1819291c9e 3c440e25110e4532afdbd771cc9b1a12 657a6d75ecdc46e4b78d2ffc2f4efcc5 - - default default] Successfully bumped revision number for resource 741ad065-e0e1-45ad-ab37-6436ccc0fa1a (type: security_group_rules) to 0
2026-07-16 08:04:10.726 8 INFO neutron.db.ovn_revision_numbers_db [None req-5f013808-e371-4a50-ab8f-3d1819291c9e 3c440e25110e4532afdbd771cc9b1a12 657a6d75ecdc46e4b78d2ffc2f4efcc5 - - default default] Successfully bumped revision number for resource 8f88fe3f-f1c5-4840-b07c-e897c8d7dc40 (type: security_group_rules) to 0 [pid: 8|app: 0|req: 778/1416] 10.0.0.140 () {32 vars in 774 bytes} [Thu Jul 16 08:04:10 2026] GET /v2.0/security-groups?tenant_id=6af2b614176c4c0994e1f8c53328256d&name=default => generated 2925 bytes in 370 msecs (HTTP/1.1 200) 4 headers in 158 bytes (1 switches on core 0) [pid: 8|app: 0|req: 779/1417] 10.0.0.140 () {32 vars in 717 bytes} [Thu Jul 16 08:04:10 2026] GET /v2.0/ports/557c07e1-3676-470a-aa4f-8d025348f052 => generated 943 bytes in 70 msecs (HTTP/1.1 200) 4 headers in 157 bytes (1 switches on core 0) [pid: 8|app: 0|req: 780/1418] 10.0.0.140 () {32 vars in 717 bytes} [Thu Jul 16 08:04:10 2026] GET /v2.0/ports/c740ccb9-94db-48e0-bd3f-2fe37d6b527a => generated 945 bytes in 28 msecs (HTTP/1.1 200) 4 headers in 157 bytes (1 switches on core 0) [pid: 8|app: 0|req: 781/1419] 10.0.0.140 () {32 vars in 740 bytes} [Thu Jul 16 08:04:10 2026] DELETE /v2.0/security-groups/deb078a0-99ff-4a81-8846-9add7a160e36 => generated 0 bytes in 197 msecs (HTTP/1.1 204) 2 headers in 112 bytes (1 switches on core 0)
2026-07-16 08:04:11.218 7 INFO neutron.db.ovn_revision_numbers_db [None req-ed1a05b3-4683-4eb3-95f2-9b540dc8a6dd - - - - - -] Successfully bumped revision number for resource e40e9bd9-a162-4c5d-a39a-b93307d819b1 (type: ports) to 2
2026-07-16 08:04:11.233 7 INFO neutron.db.ovn_revision_numbers_db [None req-6454de91-5fd4-46c6-b8ea-1cf41854cf16 1bdcbd8be789440b808ed8b2925978e0 fd9ffc73487346df8a2d44ff898a539a - - default default] Successfully bumped revision number for resource 52afae47-a9d5-4870-846c-2b3bb8166ec3 (type: floatingips) to 1
2026-07-16 08:04:11.233 7 INFO neutron.db.l3_db [None req-6454de91-5fd4-46c6-b8ea-1cf41854cf16 1bdcbd8be789440b808ed8b2925978e0 fd9ffc73487346df8a2d44ff898a539a - - default default] Floating IP 52afae47-a9d5-4870-846c-2b3bb8166ec3 associated. External IP: 10.96.250.208, port: ca870f3d-7353-42aa-be45-7e90662c726f. [pid: 7|app: 0|req: 639/1420] 10.0.0.140 () {34 vars in 677 bytes} [Thu Jul 16 08:04:09 2026] POST /v2.0/floatingips => generated 841 bytes in 1581 msecs (HTTP/1.1 201) 4 headers in 162 bytes (1 switches on core 0) [pid: 7|app: 0|req: 640/1421] 10.0.0.140 () {32 vars in 729 bytes} [Thu Jul 16 08:04:11 2026] GET /v2.0/floatingips/52afae47-a9d5-4870-846c-2b3bb8166ec3 => generated 843 bytes in 67 msecs (HTTP/1.1 200) 4 headers in 157 bytes (1 switches on core 0)
2026-07-16 08:04:11.380 8 INFO neutron_taas.services.taas.taas_plugin [None req-dc10eec6-ba6c-44bf-9232-e85ac4341d35 a687f6b7867942f0b900512e720a78c5 d9e681923f544c2fb88cb88ecb0e02cf - - default default] TaaS: Handle Delete Port: 557c07e1-3676-470a-aa4f-8d025348f052
2026-07-16 08:04:11.382 8 INFO neutron_taas.services.taas.tap_mirror_plugin [None req-dc10eec6-ba6c-44bf-9232-e85ac4341d35 a687f6b7867942f0b900512e720a78c5 d9e681923f544c2fb88cb88ecb0e02cf - - default default] Tap Mirror: Handle Delete Port: 557c07e1-3676-470a-aa4f-8d025348f052 [pid: 7|app: 0|req: 641/1422] 10.0.0.140 () {32 vars in 655 bytes} [Thu Jul 16 08:04:11 2026] GET /v2.0/floatingips => generated 846 bytes in 57 msecs (HTTP/1.1 200) 4 headers in 157 bytes (1 switches on core 0) [pid: 8|app: 0|req: 782/1423] 10.0.0.140 () {34 vars in 789 bytes} [Thu Jul 16 08:04:11 2026] PUT /v2.0/routers/3a249da6-83b0-41ed-b692-1de98dbf74fc/remove_router_interface => generated 310 bytes in 622 msecs (HTTP/1.1 200) 4 headers in 157 bytes (1 switches on core 0) /var/lib/openstack/lib/python3.12/site-packages/pycadf/identifier.py:70: UserWarning: Invalid uuid: neutron. To ensure interoperability, identifiers should be a valid uuid. warnings.warn(('Invalid uuid: %s. To ensure interoperability, ' [pid: 8|app: 0|req: 783/1424] 10.0.0.140 () {32 vars in 736 bytes} [Thu Jul 16 08:04:11 2026] GET /v2.0/ports?device_id=3a249da6-83b0-41ed-b692-1de98dbf74fc => generated 12 bytes in 23 msecs (HTTP/1.1 200) 4 headers in 156 bytes (1 switches on core 0) [pid: 8|app: 0|req: 784/1425] 10.0.0.140 () {32 vars in 724 bytes} [Thu Jul 16 08:04:11 2026] DELETE /v2.0/routers/3a249da6-83b0-41ed-b692-1de98dbf74fc => generated 0 bytes in 222 msecs (HTTP/1.1 204) 2 headers in 112 bytes (1 switches on core 0)
2026-07-16 08:04:11.940 7 INFO neutron.db.ovn_revision_numbers_db [None req-6b052234-6d77-4c23-babb-0e296777b05c 1bdcbd8be789440b808ed8b2925978e0 fd9ffc73487346df8a2d44ff898a539a - - default default] Successfully bumped revision number for resource 52afae47-a9d5-4870-846c-2b3bb8166ec3 (type: floatingips) to 2 [pid: 8|app: 0|req: 785/1426] 10.0.0.140 () {32 vars in 717 bytes} [Thu Jul 16 08:04:11 2026] GET /v2.0/ports/c740ccb9-94db-48e0-bd3f-2fe37d6b527a => generated 945 bytes in 96 msecs (HTTP/1.1 200) 4 headers in 157 bytes (1 switches on core 0)
2026-07-16 08:04:12.050 7 INFO neutron.db.l3_db [None req-6b052234-6d77-4c23-babb-0e296777b05c 1bdcbd8be789440b808ed8b2925978e0 fd9ffc73487346df8a2d44ff898a539a - - default default] Floating IP 52afae47-a9d5-4870-846c-2b3bb8166ec3 associated. External IP: 10.96.250.208, port: ca870f3d-7353-42aa-be45-7e90662c726f. [pid: 7|app: 0|req: 642/1427] 10.0.0.140 () {34 vars in 749 bytes} [Thu Jul 16 08:04:11 2026] PUT /v2.0/floatingips/52afae47-a9d5-4870-846c-2b3bb8166ec3 => generated 844 bytes in 671 msecs (HTTP/1.1 200) 4 headers in 157 bytes (1 switches on core 0) [pid: 8|app: 0|req: 786/1428] 10.0.0.140 () {32 vars in 724 bytes} [Thu Jul 16 08:04:12 2026] DELETE /v2.0/subnets/5499eac9-a263-45d1-baab-24aace76b2ea => generated 0 bytes in 226 msecs (HTTP/1.1 204) 3 headers in 131 bytes (1 switches on core 0)
2026-07-16 08:04:12.312 7 INFO neutron.db.l3_db [None req-329ac922-c27a-4492-8551-595d49f20fc7 1bdcbd8be789440b808ed8b2925978e0 fd9ffc73487346df8a2d44ff898a539a - - default default] Floating IP 52afae47-a9d5-4870-846c-2b3bb8166ec3 disassociated. External IP: 10.96.250.208, port: dbee1761-7881-4098-ab78-c036e78c1773. [pid: 7|app: 0|req: 643/1429] 10.0.0.140 () {34 vars in 749 bytes} [Thu Jul 16 08:04:12 2026] PUT /v2.0/floatingips/52afae47-a9d5-4870-846c-2b3bb8166ec3 => generated 554 bytes in 234 msecs (HTTP/1.1 200) 4 headers in 157 bytes (1 switches on core 0) [pid: 8|app: 0|req: 787/1430] 10.0.0.140 () {32 vars in 724 bytes} [Thu Jul 16 08:04:12 2026] DELETE /v2.0/subnets/c7c79254-949b-40a0-912a-e2cb6ae59e0b => generated 0 bytes in 158 msecs (HTTP/1.1 204) 3 headers in 131 bytes (1 switches on core 0)
2026-07-16 08:04:12.477 7 INFO neutron_taas.services.taas.taas_plugin [None req-2b6c2294-518e-4048-a751-cc5b34818e4a 1bdcbd8be789440b808ed8b2925978e0 fd9ffc73487346df8a2d44ff898a539a - - default default] TaaS: Handle Delete Port: a837a521-a2ea-47f6-8c75-4aa118b74c87
2026-07-16 08:04:12.480 7 INFO neutron_taas.services.taas.tap_mirror_plugin [None req-2b6c2294-518e-4048-a751-cc5b34818e4a 1bdcbd8be789440b808ed8b2925978e0 fd9ffc73487346df8a2d44ff898a539a - - default default] Tap Mirror: Handle Delete Port: a837a521-a2ea-47f6-8c75-4aa118b74c87
2026-07-16 08:04:12.551 8 INFO neutron_taas.services.taas.taas_plugin [None req-cae24605-f04d-4a9e-ad1b-820a7945215b a687f6b7867942f0b900512e720a78c5 d9e681923f544c2fb88cb88ecb0e02cf - - default default] TaaS: Handle Delete Port: 05b1f31f-9760-4965-8efc-edcc547cfd72
2026-07-16 08:04:12.554 8 INFO neutron_taas.services.taas.tap_mirror_plugin [None req-cae24605-f04d-4a9e-ad1b-820a7945215b a687f6b7867942f0b900512e720a78c5 d9e681923f544c2fb88cb88ecb0e02cf - - default default] Tap Mirror: Handle Delete Port: 05b1f31f-9760-4965-8efc-edcc547cfd72 [pid: 7|app: 0|req: 644/1431] 10.0.0.140 () {32 vars in 732 bytes} [Thu Jul 16 08:04:12 2026] DELETE /v2.0/floatingips/52afae47-a9d5-4870-846c-2b3bb8166ec3 => generated 0 bytes in 287 msecs (HTTP/1.1 204) 2 headers in 112 bytes (1 switches on core 0)
2026-07-16 08:04:12.672 7 INFO neutron.api.v2.resource [None req-4167e0c4-4ada-4770-8054-ef0d120e077c 1bdcbd8be789440b808ed8b2925978e0 fd9ffc73487346df8a2d44ff898a539a - - default default] delete failed (client error): The resource could not be found. [pid: 7|app: 0|req: 645/1432] 10.0.0.140 () {32 vars in 732 bytes} [Thu Jul 16 08:04:12 2026] DELETE /v2.0/floatingips/52afae47-a9d5-4870-846c-2b3bb8166ec3 => generated 144 bytes in 34 msecs (HTTP/1.1 404) 4 headers in 164 bytes (1 switches on core 0)
2026-07-16 08:04:12.756 8 INFO neutron.services.segments.plugin [-] Segment 841105ca-69e7-4d46-9904-e64444d83e00 resource provider aggregate not found
2026-07-16 08:04:12.761 8 INFO neutron.services.segments.plugin [-] Segment 841105ca-69e7-4d46-9904-e64444d83e00 resource provider aggregate not found
2026-07-16 08:04:12.784 8 INFO neutron.services.segments.plugin [-] Client error retrieving segment 841105ca-69e7-4d46-9904-e64444d83e00 resource provider; error: Placement Client Error (4xx): {"errors": [{"status": 404, "title": "Not Found", "detail": "The resource could not be found.\n\n No resource provider with uuid 841105ca-69e7-4d46-9904-e64444d83e00 found for delete ", "request_id": "req-183d06fc-e7bb-452e-b82c-7a5e78906212"}]}
2026-07-16 08:04:12.787 8 INFO neutron.services.segments.plugin [-] Client error retrieving segment 841105ca-69e7-4d46-9904-e64444d83e00 resource provider; error: Placement Client Error (4xx): {"errors": [{"status": 404, "title": "Not Found", "detail": "The resource could not be found.\n\n No resource provider with uuid 841105ca-69e7-4d46-9904-e64444d83e00 found for delete ", "request_id": "req-87d0d929-a132-49f9-977d-518c98ddac3a"}]} [pid: 8|app: 0|req: 788/1433] 10.0.0.140 () {32 vars in 726 bytes} [Thu Jul 16 08:04:12 2026] DELETE /v2.0/networks/bc158fb5-801b-461c-ae89-9da9c5ff74c2 => generated 0 bytes in 396 msecs (HTTP/1.1 204) 3 headers in 131 bytes (1 switches on core 0)
2026-07-16 08:04:12.898 7 INFO neutron_taas.services.taas.taas_plugin [None req-68e3ae87-2a4a-4d2a-af00-fb661feeeb11 1bdcbd8be789440b808ed8b2925978e0 fd9ffc73487346df8a2d44ff898a539a - - default default] TaaS: Handle Delete Port: dbee1761-7881-4098-ab78-c036e78c1773
2026-07-16 08:04:12.901 7 INFO neutron_taas.services.taas.tap_mirror_plugin [None req-68e3ae87-2a4a-4d2a-af00-fb661feeeb11 1bdcbd8be789440b808ed8b2925978e0 fd9ffc73487346df8a2d44ff898a539a - - default default] Tap Mirror: Handle Delete Port: dbee1761-7881-4098-ab78-c036e78c1773
2026-07-16 08:04:12.962 8 INFO neutron_taas.services.taas.taas_plugin [None req-657d0363-f867-4254-81b9-a111df27ab9d a687f6b7867942f0b900512e720a78c5 d9e681923f544c2fb88cb88ecb0e02cf - - default default] TaaS: Handle Delete Port: dd1bb4e4-7aa1-4e9f-9fea-b1a125a4adc7
2026-07-16 08:04:12.964 8 INFO neutron_taas.services.taas.tap_mirror_plugin [None req-657d0363-f867-4254-81b9-a111df27ab9d a687f6b7867942f0b900512e720a78c5 d9e681923f544c2fb88cb88ecb0e02cf - - default default] Tap Mirror: Handle Delete Port: dd1bb4e4-7aa1-4e9f-9fea-b1a125a4adc7 [pid: 7|app: 0|req: 646/1434] 10.0.0.140 () {32 vars in 720 bytes} [Thu Jul 16 08:04:12 2026] DELETE /v2.0/ports/dbee1761-7881-4098-ab78-c036e78c1773 => generated 0 bytes in 472 msecs (HTTP/1.1 204) 3 headers in 131 bytes (1 switches on core 0) [pid: 7|app: 0|req: 647/1435] 10.0.0.140 () {32 vars in 717 bytes} [Thu Jul 16 08:04:13 2026] GET /v2.0/ports/c740ccb9-94db-48e0-bd3f-2fe37d6b527a => generated 945 bytes in 35 msecs (HTTP/1.1 200) 4 headers in 157 bytes (1 switches on core 0) [pid: 8|app: 0|req: 789/1436] 10.0.0.140 () {32 vars in 726 bytes} [Thu Jul 16 08:04:12 2026] DELETE /v2.0/networks/270d7890-7201-479d-946c-8a53ebc3c913 => generated 0 bytes in 415 msecs (HTTP/1.1 204) 3 headers in 131 bytes (1 switches on core 0)
2026-07-16 08:04:13.336 7 INFO neutron_taas.services.taas.taas_plugin [None req-03a3505b-255c-4110-9525-a4b89d0e3fcb 1bdcbd8be789440b808ed8b2925978e0 fd9ffc73487346df8a2d44ff898a539a - - default default] TaaS: Handle Delete Port: ca870f3d-7353-42aa-be45-7e90662c726f
2026-07-16 08:04:13.344 7 INFO neutron_taas.services.taas.tap_mirror_plugin [None req-03a3505b-255c-4110-9525-a4b89d0e3fcb 1bdcbd8be789440b808ed8b2925978e0 fd9ffc73487346df8a2d44ff898a539a - - default default] Tap Mirror: Handle Delete Port: ca870f3d-7353-42aa-be45-7e90662c726f
2026-07-16 08:04:13.367 8 INFO neutron.db.segments_db [None req-00d98409-f81e-4a4c-9021-09ddd348fd3e a687f6b7867942f0b900512e720a78c5 d9e681923f544c2fb88cb88ecb0e02cf - - default default] Added segment a668cf0a-25cb-45da-a2c6-134390e246d3 of type geneve for network 7af0e500-2287-4395-9d4e-833516a39f8f
2026-07-16 08:04:13.492 8 INFO neutron.db.ovn_revision_numbers_db [None req-00d98409-f81e-4a4c-9021-09ddd348fd3e a687f6b7867942f0b900512e720a78c5 d9e681923f544c2fb88cb88ecb0e02cf - - default default] Successfully bumped revision number for resource 7af0e500-2287-4395-9d4e-833516a39f8f (type: networks) to 1 [pid: 7|app: 0|req: 648/1437] 10.0.0.140 () {32 vars in 720 bytes} [Thu Jul 16 08:04:13 2026] DELETE /v2.0/ports/ca870f3d-7353-42aa-be45-7e90662c726f => generated 0 bytes in 383 msecs (HTTP/1.1 204) 3 headers in 131 bytes (1 switches on core 0) [pid: 7|app: 0|req: 649/1438] 10.0.0.140 () {32 vars in 736 bytes} [Thu Jul 16 08:04:13 2026] GET /v2.0/ports?device_id=63fc737c-c61b-4d2a-84e0-194c59a9fbb2 => generated 946 bytes in 36 msecs (HTTP/1.1 200) 4 headers in 157 bytes (1 switches on core 0)
2026-07-16 08:04:13.694 8 WARNING neutron.scheduler.dhcp_agent_scheduler [None req-00d98409-f81e-4a4c-9021-09ddd348fd3e a687f6b7867942f0b900512e720a78c5 d9e681923f544c2fb88cb88ecb0e02cf - - default default] No more DHCP agents
2026-07-16 08:04:13.696 8 WARNING neutron.api.rpc.agentnotifiers.dhcp_rpc_agent_api [None req-00d98409-f81e-4a4c-9021-09ddd348fd3e a687f6b7867942f0b900512e720a78c5 d9e681923f544c2fb88cb88ecb0e02cf - - default default] Unable to schedule network 7af0e500-2287-4395-9d4e-833516a39f8f: no agents available; will retry on subsequent port and subnet creation events.
2026-07-16 08:04:13.814 8 INFO neutron.db.ovn_revision_numbers_db [None req-00d98409-f81e-4a4c-9021-09ddd348fd3e a687f6b7867942f0b900512e720a78c5 d9e681923f544c2fb88cb88ecb0e02cf - - default default] Successfully bumped revision number for resource 2bcc4b02-2cda-4b35-8781-5d2f854d310f (type: ports) to 1 [pid: 8|app: 0|req: 790/1439] 10.0.0.140 () {34 vars in 670 bytes} [Thu Jul 16 08:04:13 2026] POST /v2.0/networks => generated 668 bytes in 594 msecs (HTTP/1.1 201) 4 headers in 162 bytes (1 switches on core 0)
2026-07-16 08:04:13.924 7 INFO neutron_taas.services.taas.taas_plugin [None req-8e3c1fdf-0fbc-4492-8fc9-db282f2a6f45 1bdcbd8be789440b808ed8b2925978e0 fd9ffc73487346df8a2d44ff898a539a - - default default] TaaS: Handle Delete Port: e40e9bd9-a162-4c5d-a39a-b93307d819b1
2026-07-16 08:04:13.927 7 INFO neutron_taas.services.taas.tap_mirror_plugin [None req-8e3c1fdf-0fbc-4492-8fc9-db282f2a6f45 1bdcbd8be789440b808ed8b2925978e0 fd9ffc73487346df8a2d44ff898a539a - - default default] Tap Mirror: Handle Delete Port: e40e9bd9-a162-4c5d-a39a-b93307d819b1
2026-07-16 08:04:14.031 8 WARNING neutron.scheduler.dhcp_agent_scheduler [None req-6cb09a51-9452-4b90-a30e-41fd81283d42 a687f6b7867942f0b900512e720a78c5 d9e681923f544c2fb88cb88ecb0e02cf - - default default] No more DHCP agents
2026-07-16 08:04:14.032 8 WARNING neutron.api.rpc.agentnotifiers.dhcp_rpc_agent_api [None req-6cb09a51-9452-4b90-a30e-41fd81283d42 a687f6b7867942f0b900512e720a78c5 d9e681923f544c2fb88cb88ecb0e02cf - - default default] Unable to schedule network 7af0e500-2287-4395-9d4e-833516a39f8f: no agents available; will retry on subsequent port and subnet creation events.
2026-07-16 08:04:14.113 8 WARNING neutron.plugins.ml2.drivers.ovn.mech_driver.ovsdb.ovn_client [None req-7272c7d9-7b99-44c8-9ca2-79b0eaa06021 - - - - - -] No port found with ID 5cca195e-30b7-4c2b-9303-fc7c8337c953: RuntimeError: No port found with ID 5cca195e-30b7-4c2b-9303-fc7c8337c953
2026-07-16 08:04:14.154 8 INFO neutron.plugins.ml2.drivers.ovn.mech_driver.mech_driver [None req-7272c7d9-7b99-44c8-9ca2-79b0eaa06021 - - - - - -] OVN reports status down for port: a06c2537-7b81-4957-969a-5a668902b8c8
2026-07-16 08:04:14.285 8 INFO neutron.plugins.ml2.drivers.ovn.mech_driver.mech_driver [None req-7272c7d9-7b99-44c8-9ca2-79b0eaa06021 - - - - - -] OVN reports status down for port: c740ccb9-94db-48e0-bd3f-2fe37d6b527a
2026-07-16 08:04:14.425 8 WARNING neutron.plugins.ml2.drivers.ovn.mech_driver.ovsdb.ovn_client [None req-7272c7d9-7b99-44c8-9ca2-79b0eaa06021 - - - - - -] Logical_Switch_Port c740ccb9-94db-48e0-bd3f-2fe37d6b527a host information not removed, the port state is up
2026-07-16 08:04:14.427 8 INFO neutron.plugins.ml2.drivers.ovn.mech_driver.mech_driver [None req-7272c7d9-7b99-44c8-9ca2-79b0eaa06021 - - - - - -] OVN reports status up for port: c740ccb9-94db-48e0-bd3f-2fe37d6b527a [pid: 7|app: 0|req: 650/1440] 10.0.0.140 () {34 vars in 789 bytes} [Thu Jul 16 08:04:13 2026] PUT /v2.0/routers/63fc737c-c61b-4d2a-84e0-194c59a9fbb2/remove_router_interface => generated 310 bytes in 815 msecs (HTTP/1.1 200) 4 headers in 157 bytes (1 switches on core 0) /var/lib/openstack/lib/python3.12/site-packages/pycadf/identifier.py:70: UserWarning: Invalid uuid: neutron. To ensure interoperability, identifiers should be a valid uuid. warnings.warn(('Invalid uuid: %s. To ensure interoperability, '
2026-07-16 08:04:14.458 8 INFO neutron.plugins.ml2.plugin [None req-7272c7d9-7b99-44c8-9ca2-79b0eaa06021 - - - - - -] Attempt 1 to provision port c740ccb9-94db-48e0-bd3f-2fe37d6b527a [pid: 7|app: 0|req: 651/1441] 10.0.0.140 () {32 vars in 717 bytes} [Thu Jul 16 08:04:14 2026] GET /v2.0/ports/c740ccb9-94db-48e0-bd3f-2fe37d6b527a => generated 945 bytes in 37 msecs (HTTP/1.1 200) 4 headers in 157 bytes (1 switches on core 0)
