+ COMMAND=start + start + for KEYSTONE_WSGI_SCRIPT in keystone-wsgi-public ++ type -p keystone-wsgi-public + cp -a /var/lib/openstack/bin/keystone-wsgi-public /var/www/cgi-bin/keystone/ + '[' -f /etc/apache2/envvars ']' + source /etc/apache2/envvars ++ unset HOME ++ '[' '' '!=' '' ']' ++ SUFFIX= ++ export APACHE_RUN_USER=www-data ++ APACHE_RUN_USER=www-data ++ export APACHE_RUN_GROUP=www-data ++ APACHE_RUN_GROUP=www-data ++ export APACHE_PID_FILE=/var/run/apache2/apache2.pid ++ APACHE_PID_FILE=/var/run/apache2/apache2.pid ++ export APACHE_RUN_DIR=/var/run/apache2 ++ APACHE_RUN_DIR=/var/run/apache2 ++ export APACHE_LOCK_DIR=/var/lock/apache2 ++ APACHE_LOCK_DIR=/var/lock/apache2 ++ export APACHE_LOG_DIR=/var/log/apache2 ++ APACHE_LOG_DIR=/var/log/apache2 ++ export LANG=C ++ LANG=C ++ export LANG + '[' -f /var/run/apache2/apache2.pid ']' + exec apache2 -DFOREGROUND AH00558: apache2: Could not reliably determine the server's fully qualified domain name, using 10.0.0.2. Set the 'ServerName' directive globally to suppress this message AH00558: apache2: Could not reliably determine the server's fully qualified domain name, using 10.0.0.2. Set the 'ServerName' directive globally to suppress this message
[Sat May 30 16:59:45.441787 2026] [mpm_event:notice] [pid 1:tid 140327343536000] AH00489: Apache/2.4.58 (Ubuntu) mod_wsgi/5.0.0 Python/3.12 configured -- resuming normal operations
[Sat May 30 16:59:45.441915 2026] [core:notice] [pid 1:tid 140327343536000] AH00094: Command line: 'apache2 -D FOREGROUND'
[Sat May 30 17:00:44.449084 2026] [wsgi:error] [pid 11:tid 140326706763456] /var/lib/openstack/lib/python3.12/site-packages/oslo_utils/importutils.py:77: EventletDeprecationWarning:
[Sat May 30 17:00:44.449131 2026] [wsgi:error] [pid 11:tid 140326706763456] Eventlet is deprecated. It is currently being maintained in bugfix mode, and
[Sat May 30 17:00:44.449133 2026] [wsgi:error] [pid 11:tid 140326706763456] we strongly recommend against using it for new projects.
[Sat May 30 17:00:44.449134 2026] [wsgi:error] [pid 11:tid 140326706763456]
[Sat May 30 17:00:44.449135 2026] [wsgi:error] [pid 11:tid 140326706763456] If you are already using Eventlet, we recommend migrating to a different
[Sat May 30 17:00:44.449136 2026] [wsgi:error] [pid 11:tid 140326706763456] framework. For more detail see
[Sat May 30 17:00:44.449138 2026] [wsgi:error] [pid 11:tid 140326706763456] https://eventlet.readthedocs.io/en/latest/asyncio/migration.html
[Sat May 30 17:00:44.449139 2026] [wsgi:error] [pid 11:tid 140326706763456]
[Sat May 30 17:00:44.449140 2026] [wsgi:error] [pid 11:tid 140326706763456] __import__(import_str)
[Sat May 30 17:00:44.457558 2026] [wsgi:error] [pid 10:tid 140326706763456] /var/lib/openstack/lib/python3.12/site-packages/oslo_utils/importutils.py:77: EventletDeprecationWarning:
[Sat May 30 17:00:44.457605 2026] [wsgi:error] [pid 10:tid 140326706763456] Eventlet is deprecated. It is currently being maintained in bugfix mode, and
[Sat May 30 17:00:44.457607 2026] [wsgi:error] [pid 10:tid 140326706763456] we strongly recommend against using it for new projects.
[Sat May 30 17:00:44.457609 2026] [wsgi:error] [pid 10:tid 140326706763456]
[Sat May 30 17:00:44.457610 2026] [wsgi:error] [pid 10:tid 140326706763456] If you are already using Eventlet, we recommend migrating to a different
[Sat May 30 17:00:44.457612 2026] [wsgi:error] [pid 10:tid 140326706763456] framework. For more detail see
[Sat May 30 17:00:44.457613 2026] [wsgi:error] [pid 10:tid 140326706763456] https://eventlet.readthedocs.io/en/latest/asyncio/migration.html
[Sat May 30 17:00:44.457615 2026] [wsgi:error] [pid 10:tid 140326706763456]
[Sat May 30 17:00:44.457620 2026] [wsgi:error] [pid 10:tid 140326706763456] __import__(import_str) 10.0.0.115 - - [30/May/2026:17:00:43 +0000] "GET /v3/ HTTP/1.1" 200 248 10.0.0.115 - - [30/May/2026:17:00:43 +0000] "GET /v3/ HTTP/1.1" 200 248
[Sat May 30 17:00:57.047204 2026] [wsgi:error] [pid 9:tid 140326706763456] /var/lib/openstack/lib/python3.12/site-packages/oslo_utils/importutils.py:77: EventletDeprecationWarning:
[Sat May 30 17:00:57.047249 2026] [wsgi:error] [pid 9:tid 140326706763456] Eventlet is deprecated. It is currently being maintained in bugfix mode, and
[Sat May 30 17:00:57.047251 2026] [wsgi:error] [pid 9:tid 140326706763456] we strongly recommend against using it for new projects.
[Sat May 30 17:00:57.047252 2026] [wsgi:error] [pid 9:tid 140326706763456]
[Sat May 30 17:00:57.047254 2026] [wsgi:error] [pid 9:tid 140326706763456] If you are already using Eventlet, we recommend migrating to a different
[Sat May 30 17:00:57.047255 2026] [wsgi:error] [pid 9:tid 140326706763456] framework. For more detail see
[Sat May 30 17:00:57.047256 2026] [wsgi:error] [pid 9:tid 140326706763456] https://eventlet.readthedocs.io/en/latest/asyncio/migration.html
[Sat May 30 17:00:57.047257 2026] [wsgi:error] [pid 9:tid 140326706763456]
[Sat May 30 17:00:57.047258 2026] [wsgi:error] [pid 9:tid 140326706763456] __import__(import_str) 10.0.0.211 - - [30/May/2026:17:00:56 +0000] "GET / HTTP/1.1" 300 295
[Sat May 30 17:01:02.328528 2026] [wsgi:error] [pid 12:tid 140326706763456] /var/lib/openstack/lib/python3.12/site-packages/oslo_utils/importutils.py:77: EventletDeprecationWarning:
[Sat May 30 17:01:02.328561 2026] [wsgi:error] [pid 12:tid 140326706763456] Eventlet is deprecated. It is currently being maintained in bugfix mode, and
[Sat May 30 17:01:02.328563 2026] [wsgi:error] [pid 12:tid 140326706763456] we strongly recommend against using it for new projects.
[Sat May 30 17:01:02.328564 2026] [wsgi:error] [pid 12:tid 140326706763456]
[Sat May 30 17:01:02.328565 2026] [wsgi:error] [pid 12:tid 140326706763456] If you are already using Eventlet, we recommend migrating to a different
[Sat May 30 17:01:02.328566 2026] [wsgi:error] [pid 12:tid 140326706763456] framework. For more detail see
[Sat May 30 17:01:02.328567 2026] [wsgi:error] [pid 12:tid 140326706763456] https://eventlet.readthedocs.io/en/latest/asyncio/migration.html
[Sat May 30 17:01:02.328568 2026] [wsgi:error] [pid 12:tid 140326706763456]
[Sat May 30 17:01:02.328569 2026] [wsgi:error] [pid 12:tid 140326706763456] __import__(import_str)
[Sat May 30 17:01:06.968612 2026] [wsgi:error] [pid 12:tid 140326706763456] [remote 10.0.0.211:50820] 2026-05-30 17:01:06.965 12 WARNING keystone.identity.core [None req-1273e4e9-b2ec-465b-ae9a-37e3834060c5 - - - - - -] Invalid domain name (atmosphere) found in config file name: keystone.exception.DomainNotFound: Could not find domain: atmosphere.
[Sat May 30 17:01:07.025268 2026] [wsgi:error] [pid 12:tid 140326706763456] [remote 10.0.0.211:50820] 2026-05-30 17:01:07.024 12 WARNING keystone.common.password_hashing [None req-1273e4e9-b2ec-465b-ae9a-37e3834060c5 - - - - - -] Truncating password to algorithm specific maximum length 72 characters.
[Sat May 30 17:01:07.314435 2026] [wsgi:error] [pid 12:tid 140326706763456] [remote 10.0.0.211:50820] 2026-05-30 17:01:07.314 12 WARNING keystone.common.fernet_utils [None req-1273e4e9-b2ec-465b-ae9a-37e3834060c5 - - - - - -] key_repository is world readable: /etc/keystone/fernet-keys/ 10.0.0.211 - - [30/May/2026:17:01:01 +0000] "POST /v3/auth/tokens HTTP/1.1" 201 1360
[Sat May 30 17:01:07.671410 2026] [wsgi:error] [pid 11:tid 140326706763456] [remote 10.0.0.211:50820] 2026-05-30 17:01:07.668 11 WARNING keystone.identity.core [None req-71204fe0-f05b-4f86-b539-eb95839d554b - - - - - -] Invalid domain name (atmosphere) found in config file name: keystone.exception.DomainNotFound: Could not find domain: atmosphere. 10.0.0.211 - - [30/May/2026:17:01:07 +0000] "POST /v3/domains HTTP/1.1" 201 261 10.0.0.71 - - [30/May/2026:17:01:19 +0000] "GET / HTTP/1.1" 300 295
[Sat May 30 17:01:19.902011 2026] [wsgi:error] [pid 9:tid 140326706763456] [remote 10.0.0.71:40900] 2026-05-30 17:01:19.901 9 WARNING keystone.common.password_hashing [None req-c2ef9c41-46ba-43ac-a3a3-37db841a3c89 - - - - - -] Truncating password to algorithm specific maximum length 72 characters.
[Sat May 30 17:01:20.172022 2026] [wsgi:error] [pid 9:tid 140326706763456] [remote 10.0.0.71:40900] 2026-05-30 17:01:20.171 9 WARNING keystone.common.fernet_utils [None req-c2ef9c41-46ba-43ac-a3a3-37db841a3c89 - - - - - -] key_repository is world readable: /etc/keystone/fernet-keys/ 10.0.0.71 - - [30/May/2026:17:01:19 +0000] "POST /v3/auth/tokens HTTP/1.1" 201 1360 10.0.0.71 - - [30/May/2026:17:01:20 +0000] "GET /v3/roles/admin HTTP/1.1" 404 83
[Sat May 30 17:01:20.423424 2026] [wsgi:error] [pid 11:tid 140326706763456] [remote 10.0.0.71:40900] 2026-05-30 17:01:20.423 11 WARNING keystone.common.rbac_enforcer.enforcer [None req-5e49a919-3aeb-4533-8998-4572842ae5aa 5f51f2adc3e7473d85a99fc8ee89a739 51a6b80410a945a5817596bf5f6b7faf - - default default] Deprecated policy rules found. Use oslopolicy-policy-generator and oslopolicy-policy-upgrade to detect and resolve deprecated policies in your configuration. 10.0.0.71 - - [30/May/2026:17:01:20 +0000] "GET /v3/roles?name=admin HTTP/1.1" 200 389
[Sat May 30 17:01:20.905734 2026] [wsgi:error] [pid 10:tid 140326706763456] [remote 10.0.0.71:40900] 2026-05-30 17:01:20.905 10 WARNING keystone.common.rbac_enforcer.enforcer [None req-6772fa2a-24d1-4a67-b343-2437168dc214 5f51f2adc3e7473d85a99fc8ee89a739 51a6b80410a945a5817596bf5f6b7faf - - default default] Deprecated policy rules found. Use oslopolicy-policy-generator and oslopolicy-policy-upgrade to detect and resolve deprecated policies in your configuration. 10.0.0.71 - - [30/May/2026:17:01:20 +0000] "GET /v3/users/admin-RegionOne HTTP/1.1" 404 93
[Sat May 30 17:01:21.060704 2026] [wsgi:error] [pid 9:tid 140326706763456] [remote 10.0.0.71:40900] 2026-05-30 17:01:21.060 9 WARNING keystone.common.rbac_enforcer.enforcer [None req-1af8d3f6-7913-4bc2-b80a-c7fecff401a3 5f51f2adc3e7473d85a99fc8ee89a739 51a6b80410a945a5817596bf5f6b7faf - - default default] Deprecated policy rules found. Use oslopolicy-policy-generator and oslopolicy-policy-upgrade to detect and resolve deprecated policies in your configuration. 10.0.0.71 - - [30/May/2026:17:01:20 +0000] "GET /v3/users?name=admin-RegionOne HTTP/1.1" 200 422
[Sat May 30 17:01:21.225838 2026] [wsgi:error] [pid 12:tid 140326706763456] [remote 10.0.0.71:40900] 2026-05-30 17:01:21.225 12 WARNING keystone.common.rbac_enforcer.enforcer [None req-fdfaa034-24da-4ebb-a6a0-e32180a4b28e 5f51f2adc3e7473d85a99fc8ee89a739 51a6b80410a945a5817596bf5f6b7faf - - default default] Deprecated policy rules found. Use oslopolicy-policy-generator and oslopolicy-policy-upgrade to detect and resolve deprecated policies in your configuration. 10.0.0.71 - - [30/May/2026:17:01:21 +0000] "GET /v3/domains/default HTTP/1.1" 200 224 10.0.0.71 - - [30/May/2026:17:01:21 +0000] "PUT /v3/domains/default/users/5f51f2adc3e7473d85a99fc8ee89a739/roles/985ca773afd842d7aca27f2987985f53 HTTP/1.1" 204 - 10.0.0.115 - - [30/May/2026:17:01:30 +0000] "GET / HTTP/1.1" 300 281 10.0.0.115 - - [30/May/2026:17:01:32 +0000] "GET /v3 HTTP/1.1" 200 266
[Sat May 30 17:01:32.205118 2026] [wsgi:error] [pid 12:tid 140326706763456] [remote 10.0.0.115:60404] 2026-05-30 17:01:32.204 12 WARNING keystone.common.password_hashing [None req-74f8192a-f4e5-43ed-a8d4-79de7d994f96 - - - - - -] Truncating password to algorithm specific maximum length 72 characters.
[Sat May 30 17:01:32.477000 2026] [wsgi:error] [pid 12:tid 140326706763456] [remote 10.0.0.115:60404] 2026-05-30 17:01:32.476 12 WARNING keystone.common.fernet_utils [None req-74f8192a-f4e5-43ed-a8d4-79de7d994f96 - - - - - -] key_repository is world readable: /etc/keystone/fernet-keys/ 10.0.0.115 - - [30/May/2026:17:01:32 +0000] "POST /v3/auth/tokens HTTP/1.1" 201 1360 10.0.0.115 - - [30/May/2026:17:01:32 +0000] "GET / HTTP/1.1" 300 281 10.0.0.115 - - [30/May/2026:17:01:32 +0000] "GET /v3/domains/atmosphere HTTP/1.1" 404 90 10.0.0.115 - - [30/May/2026:17:01:32 +0000] "GET /v3/domains?name=atmosphere HTTP/1.1" 200 370 10.0.0.115 - - [30/May/2026:17:01:32 +0000] "GET /v3/domains/1d9d3a7297b740049d35b1359422331b HTTP/1.1" 200 247 10.0.0.115 - - [30/May/2026:17:01:33 +0000] "GET /v3 HTTP/1.1" 200 266
[Sat May 30 17:01:33.571253 2026] [wsgi:error] [pid 10:tid 140326706763456] [remote 10.0.0.115:60390] 2026-05-30 17:01:33.570 10 WARNING keystone.common.password_hashing [None req-ecfa1fa7-8fda-447c-8d3b-8a9ae591f91c - - - - - -] Truncating password to algorithm specific maximum length 72 characters.
[Sat May 30 17:01:33.845875 2026] [wsgi:error] [pid 10:tid 140326706763456] [remote 10.0.0.115:60390] 2026-05-30 17:01:33.845 10 WARNING keystone.common.fernet_utils [None req-ecfa1fa7-8fda-447c-8d3b-8a9ae591f91c - - - - - -] key_repository is world readable: /etc/keystone/fernet-keys/ 10.0.0.115 - - [30/May/2026:17:01:33 +0000] "POST /v3/auth/tokens HTTP/1.1" 201 1360 10.0.0.115 - - [30/May/2026:17:01:33 +0000] "GET / HTTP/1.1" 300 281 10.0.0.115 - - [30/May/2026:17:01:33 +0000] "GET /v3/OS-FEDERATION/identity_providers/atmosphere HTTP/1.1" 404 101 10.0.0.115 - - [30/May/2026:17:01:33 +0000] "GET /v3/OS-FEDERATION/identity_providers HTTP/1.1" 200 156 10.0.0.115 - - [30/May/2026:17:01:33 +0000] "PUT /v3/OS-FEDERATION/identity_providers/atmosphere HTTP/1.1" 201 342 10.0.0.115 - - [30/May/2026:17:01:34 +0000] "GET /v3 HTTP/1.1" 200 266
[Sat May 30 17:01:34.636270 2026] [wsgi:error] [pid 12:tid 140326706763456] [remote 10.0.0.115:60390] 2026-05-30 17:01:34.636 12 WARNING keystone.common.password_hashing [None req-d007bde9-e98e-4c2d-a3a4-7128ff5fbfc3 - - - - - -] Truncating password to algorithm specific maximum length 72 characters.
[Sat May 30 17:01:34.914410 2026] [wsgi:error] [pid 12:tid 140326706763456] [remote 10.0.0.115:60390] 2026-05-30 17:01:34.914 12 WARNING keystone.common.fernet_utils [None req-d007bde9-e98e-4c2d-a3a4-7128ff5fbfc3 - - - - - -] key_repository is world readable: /etc/keystone/fernet-keys/ 10.0.0.115 - - [30/May/2026:17:01:34 +0000] "POST /v3/auth/tokens HTTP/1.1" 201 1360 10.0.0.115 - - [30/May/2026:17:01:34 +0000] "GET / HTTP/1.1" 300 281 10.0.0.115 - - [30/May/2026:17:01:34 +0000] "GET /v3/OS-FEDERATION/mappings/atmosphere-openid HTTP/1.1" 404 98 10.0.0.115 - - [30/May/2026:17:01:34 +0000] "GET /v3/OS-FEDERATION/mappings HTTP/1.1" 200 136 10.0.0.115 - - [30/May/2026:17:01:34 +0000] "PUT /v3/OS-FEDERATION/mappings/atmosphere-openid HTTP/1.1" 201 357 10.0.0.115 - - [30/May/2026:17:01:35 +0000] "GET /v3 HTTP/1.1" 200 266
[Sat May 30 17:01:35.727520 2026] [wsgi:error] [pid 10:tid 140326706763456] [remote 10.0.0.115:60404] 2026-05-30 17:01:35.727 10 WARNING keystone.common.password_hashing [None req-1f4fd716-ede6-4349-b2c8-f82335b46f3e - - - - - -] Truncating password to algorithm specific maximum length 72 characters.
[Sat May 30 17:01:36.007850 2026] [wsgi:error] [pid 10:tid 140326706763456] [remote 10.0.0.115:60404] 2026-05-30 17:01:36.007 10 WARNING keystone.common.fernet_utils [None req-1f4fd716-ede6-4349-b2c8-f82335b46f3e - - - - - -] key_repository is world readable: /etc/keystone/fernet-keys/ 10.0.0.115 - - [30/May/2026:17:01:35 +0000] "POST /v3/auth/tokens HTTP/1.1" 201 1360 10.0.0.115 - - [30/May/2026:17:01:36 +0000] "GET / HTTP/1.1" 300 281 10.0.0.115 - - [30/May/2026:17:01:36 +0000] "GET /v3/OS-FEDERATION/identity_providers/atmosphere/protocols/openid?idp_id=atmosphere HTTP/1.1" 404 131 10.0.0.115 - - [30/May/2026:17:01:36 +0000] "GET /v3/OS-FEDERATION/identity_providers/atmosphere/protocols HTTP/1.1" 200 168 10.0.0.115 - - [30/May/2026:17:01:36 +0000] "PUT /v3/OS-FEDERATION/identity_providers/atmosphere/protocols/openid HTTP/1.1" 201 224 10.0.0.115 - - [30/May/2026:17:01:43 +0000] "GET /v3/ HTTP/1.1" 200 248 10.0.0.115 - - [30/May/2026:17:01:43 +0000] "GET /v3/ HTTP/1.1" 200 248 10.0.0.115 - - [30/May/2026:17:02:43 +0000] "GET /v3/ HTTP/1.1" 200 248 10.0.0.115 - - [30/May/2026:17:02:43 +0000] "GET /v3/ HTTP/1.1" 200 248 10.0.0.24 - - [30/May/2026:17:02:58 +0000] "GET / HTTP/1.1" 300 295
[Sat May 30 17:02:58.329070 2026] [wsgi:error] [pid 12:tid 140326706763456] [remote 10.0.0.24:57878] 2026-05-30 17:02:58.328 12 WARNING keystone.common.password_hashing [None req-7f4a3ac6-cc93-4ca0-9b83-e5dbab7fca00 - - - - - -] Truncating password to algorithm specific maximum length 72 characters.
[Sat May 30 17:02:58.602300 2026] [wsgi:error] [pid 12:tid 140326706763456] [remote 10.0.0.24:57878] 2026-05-30 17:02:58.602 12 WARNING keystone.common.fernet_utils [None req-7f4a3ac6-cc93-4ca0-9b83-e5dbab7fca00 - - - - - -] key_repository is world readable: /etc/keystone/fernet-keys/ 10.0.0.24 - - [30/May/2026:17:02:58 +0000] "POST /v3/auth/tokens HTTP/1.1" 201 1360 10.0.0.24 - - [30/May/2026:17:02:58 +0000] "GET /v3/services HTTP/1.1" 200 355 10.0.0.24 - - [30/May/2026:17:03:02 +0000] "GET / HTTP/1.1" 300 295
[Sat May 30 17:03:02.120352 2026] [wsgi:error] [pid 9:tid 140326706763456] [remote 10.0.0.24:44780] 2026-05-30 17:03:02.120 9 WARNING keystone.common.password_hashing [None req-4808b80d-73c8-4fa2-8225-4bb42afc01da - - - - - -] Truncating password to algorithm specific maximum length 72 characters.
[Sat May 30 17:03:02.389664 2026] [wsgi:error] [pid 9:tid 140326706763456] [remote 10.0.0.24:44780] 2026-05-30 17:03:02.389 9 WARNING keystone.common.fernet_utils [None req-4808b80d-73c8-4fa2-8225-4bb42afc01da - - - - - -] key_repository is world readable: /etc/keystone/fernet-keys/ 10.0.0.24 - - [30/May/2026:17:03:02 +0000] "POST /v3/auth/tokens HTTP/1.1" 201 1360 10.0.0.24 - - [30/May/2026:17:03:02 +0000] "GET /v3/services HTTP/1.1" 200 355 10.0.0.24 - - [30/May/2026:17:03:05 +0000] "GET / HTTP/1.1" 300 295
[Sat May 30 17:03:05.908091 2026] [wsgi:error] [pid 11:tid 140326706763456] [remote 10.0.0.24:44792] 2026-05-30 17:03:05.906 11 WARNING keystone.common.password_hashing [None req-d7116a76-e331-4e89-9f5b-6d0c08ed971e - - - - - -] Truncating password to algorithm specific maximum length 72 characters.
[Sat May 30 17:03:06.211007 2026] [wsgi:error] [pid 11:tid 140326706763456] [remote 10.0.0.24:44792] 2026-05-30 17:03:06.210 11 WARNING keystone.common.fernet_utils [None req-d7116a76-e331-4e89-9f5b-6d0c08ed971e - - - - - -] key_repository is world readable: /etc/keystone/fernet-keys/ 10.0.0.24 - - [30/May/2026:17:03:05 +0000] "POST /v3/auth/tokens HTTP/1.1" 201 1360 10.0.0.24 - - [30/May/2026:17:03:06 +0000] "GET /v3/services HTTP/1.1" 200 355 10.0.0.24 - - [30/May/2026:17:03:09 +0000] "GET / HTTP/1.1" 300 295
[Sat May 30 17:03:09.643574 2026] [wsgi:error] [pid 10:tid 140326706763456] [remote 10.0.0.24:44806] 2026-05-30 17:03:09.643 10 WARNING keystone.common.password_hashing [None req-51fe503c-365f-47d0-a538-7197ea73dbed - - - - - -] Truncating password to algorithm specific maximum length 72 characters.
[Sat May 30 17:03:09.927356 2026] [wsgi:error] [pid 10:tid 140326706763456] [remote 10.0.0.24:44806] 2026-05-30 17:03:09.927 10 WARNING keystone.common.fernet_utils [None req-51fe503c-365f-47d0-a538-7197ea73dbed - - - - - -] key_repository is world readable: /etc/keystone/fernet-keys/ 10.0.0.24 - - [30/May/2026:17:03:09 +0000] "POST /v3/auth/tokens HTTP/1.1" 201 1360 10.0.0.24 - - [30/May/2026:17:03:10 +0000] "POST /v3/services HTTP/1.1" 201 296 10.0.0.91 - - [30/May/2026:17:03:20 +0000] "GET / HTTP/1.1" 300 295
[Sat May 30 17:03:20.665938 2026] [wsgi:error] [pid 12:tid 140326706763456] [remote 10.0.0.91:47296] 2026-05-30 17:03:20.665 12 WARNING keystone.common.password_hashing [None req-a2b359c2-f616-4a92-a4d6-60b6843ad4f7 - - - - - -] Truncating password to algorithm specific maximum length 72 characters. 10.0.0.91 - - [30/May/2026:17:03:20 +0000] "GET / HTTP/1.1" 300 295
[Sat May 30 17:03:20.759701 2026] [wsgi:error] [pid 11:tid 140326706763456] [remote 10.0.0.91:47300] 2026-05-30 17:03:20.759 11 WARNING keystone.common.password_hashing [None req-2342df78-7f4e-4921-bca4-1f4caf959fa3 - - - - - -] Truncating password to algorithm specific maximum length 72 characters. 10.0.0.91 - - [30/May/2026:17:03:20 +0000] "GET / HTTP/1.1" 300 295
[Sat May 30 17:03:20.858903 2026] [wsgi:error] [pid 10:tid 140326706763456] [remote 10.0.0.91:47310] 2026-05-30 17:03:20.858 10 WARNING keystone.common.password_hashing [None req-4019e79c-315d-4a47-8537-d7eb065b0a1b - - - - - -] Truncating password to algorithm specific maximum length 72 characters.
[Sat May 30 17:03:20.967287 2026] [wsgi:error] [pid 12:tid 140326706763456] [remote 10.0.0.91:47296] 2026-05-30 17:03:20.967 12 WARNING keystone.common.fernet_utils [None req-a2b359c2-f616-4a92-a4d6-60b6843ad4f7 - - - - - -] key_repository is world readable: /etc/keystone/fernet-keys/ 10.0.0.91 - - [30/May/2026:17:03:20 +0000] "POST /v3/auth/tokens HTTP/1.1" 201 1464
[Sat May 30 17:03:21.034784 2026] [wsgi:error] [pid 11:tid 140326706763456] [remote 10.0.0.91:47300] 2026-05-30 17:03:21.034 11 WARNING keystone.common.fernet_utils [None req-2342df78-7f4e-4921-bca4-1f4caf959fa3 - - - - - -] key_repository is world readable: /etc/keystone/fernet-keys/ 10.0.0.91 - - [30/May/2026:17:03:20 +0000] "POST /v3/auth/tokens HTTP/1.1" 201 1464 10.0.0.91 - - [30/May/2026:17:03:21 +0000] "GET /v3/services HTTP/1.1" 200 639
[Sat May 30 17:03:21.146428 2026] [wsgi:error] [pid 10:tid 140326706763456] [remote 10.0.0.91:47310] 2026-05-30 17:03:21.146 10 WARNING keystone.common.fernet_utils [None req-4019e79c-315d-4a47-8537-d7eb065b0a1b - - - - - -] key_repository is world readable: /etc/keystone/fernet-keys/ 10.0.0.91 - - [30/May/2026:17:03:20 +0000] "POST /v3/auth/tokens HTTP/1.1" 201 1464 10.0.0.91 - - [30/May/2026:17:03:21 +0000] "GET /v3/services HTTP/1.1" 200 639 10.0.0.91 - - [30/May/2026:17:03:21 +0000] "GET /v3/services HTTP/1.1" 200 639 10.0.0.91 - - [30/May/2026:17:03:22 +0000] "GET / HTTP/1.1" 300 295
[Sat May 30 17:03:22.438420 2026] [wsgi:error] [pid 10:tid 140326706763456] [remote 10.0.0.91:47324] 2026-05-30 17:03:22.438 10 WARNING keystone.common.password_hashing [None req-a34e4b3e-4ca0-4032-9369-9dda9fea4ea3 - - - - - -] Truncating password to algorithm specific maximum length 72 characters. 10.0.0.91 - - [30/May/2026:17:03:22 +0000] "GET / HTTP/1.1" 300 295
[Sat May 30 17:03:22.565578 2026] [wsgi:error] [pid 11:tid 140326706763456] [remote 10.0.0.91:47338] 2026-05-30 17:03:22.565 11 WARNING keystone.common.password_hashing [None req-f89a1d01-2db4-4554-8079-196e497f0b81 - - - - - -] Truncating password to algorithm specific maximum length 72 characters. 10.0.0.91 - - [30/May/2026:17:03:22 +0000] "GET / HTTP/1.1" 300 295
[Sat May 30 17:03:22.691017 2026] [wsgi:error] [pid 12:tid 140326706763456] [remote 10.0.0.91:47340] 2026-05-30 17:03:22.690 12 WARNING keystone.common.password_hashing [None req-dd54dd2f-b85c-4282-bf00-df6924f9bcdb - - - - - -] Truncating password to algorithm specific maximum length 72 characters.
[Sat May 30 17:03:22.710014 2026] [wsgi:error] [pid 10:tid 140326706763456] [remote 10.0.0.91:47324] 2026-05-30 17:03:22.709 10 WARNING keystone.common.fernet_utils [None req-a34e4b3e-4ca0-4032-9369-9dda9fea4ea3 - - - - - -] key_repository is world readable: /etc/keystone/fernet-keys/ 10.0.0.91 - - [30/May/2026:17:03:22 +0000] "POST /v3/auth/tokens HTTP/1.1" 201 1464 10.0.0.91 - - [30/May/2026:17:03:22 +0000] "GET /v3/endpoints HTTP/1.1" 200 1227
[Sat May 30 17:03:22.845040 2026] [wsgi:error] [pid 11:tid 140326706763456] [remote 10.0.0.91:47338] 2026-05-30 17:03:22.844 11 WARNING keystone.common.fernet_utils [None req-f89a1d01-2db4-4554-8079-196e497f0b81 - - - - - -] key_repository is world readable: /etc/keystone/fernet-keys/ 10.0.0.91 - - [30/May/2026:17:03:22 +0000] "POST /v3/auth/tokens HTTP/1.1" 201 1464 10.0.0.91 - - [30/May/2026:17:03:22 +0000] "GET /v3/services/9bd80c2957c64205b7bd18a6b185c3ed HTTP/1.1" 200 233 10.0.0.91 - - [30/May/2026:17:03:22 +0000] "GET /v3/services/9bd80c2957c64205b7bd18a6b185c3ed HTTP/1.1" 200 233 10.0.0.91 - - [30/May/2026:17:03:22 +0000] "GET /v3/services/9bd80c2957c64205b7bd18a6b185c3ed HTTP/1.1" 200 233 10.0.0.91 - - [30/May/2026:17:03:22 +0000] "GET /v3/endpoints HTTP/1.1" 200 1227
[Sat May 30 17:03:22.974147 2026] [wsgi:error] [pid 12:tid 140326706763456] [remote 10.0.0.91:47340] 2026-05-30 17:03:22.974 12 WARNING keystone.common.fernet_utils [None req-dd54dd2f-b85c-4282-bf00-df6924f9bcdb - - - - - -] key_repository is world readable: /etc/keystone/fernet-keys/ 10.0.0.91 - - [30/May/2026:17:03:22 +0000] "POST /v3/auth/tokens HTTP/1.1" 201 1464 10.0.0.91 - - [30/May/2026:17:03:22 +0000] "GET /v3/services/9bd80c2957c64205b7bd18a6b185c3ed HTTP/1.1" 200 233 10.0.0.91 - - [30/May/2026:17:03:22 +0000] "GET /v3/services/9bd80c2957c64205b7bd18a6b185c3ed HTTP/1.1" 200 233 10.0.0.91 - - [30/May/2026:17:03:23 +0000] "GET /v3/services/9bd80c2957c64205b7bd18a6b185c3ed HTTP/1.1" 200 233 10.0.0.91 - - [30/May/2026:17:03:23 +0000] "GET /v3/endpoints HTTP/1.1" 200 1227 10.0.0.91 - - [30/May/2026:17:03:23 +0000] "GET /v3/services/9bd80c2957c64205b7bd18a6b185c3ed HTTP/1.1" 200 233 10.0.0.91 - - [30/May/2026:17:03:23 +0000] "GET /v3/services/9bd80c2957c64205b7bd18a6b185c3ed HTTP/1.1" 200 233 10.0.0.91 - - [30/May/2026:17:03:23 +0000] "GET /v3/services/9bd80c2957c64205b7bd18a6b185c3ed HTTP/1.1" 200 233 10.0.0.91 - - [30/May/2026:17:03:24 +0000] "GET / HTTP/1.1" 300 295
[Sat May 30 17:03:24.261644 2026] [wsgi:error] [pid 9:tid 140326706763456] [remote 10.0.0.91:47344] 2026-05-30 17:03:24.261 9 WARNING keystone.common.password_hashing [None req-19dc0a7c-f1cf-40b1-8fbb-232318254d8d - - - - - -] Truncating password to algorithm specific maximum length 72 characters. 10.0.0.91 - - [30/May/2026:17:03:24 +0000] "GET / HTTP/1.1" 300 295
[Sat May 30 17:03:24.332570 2026] [wsgi:error] [pid 10:tid 140326706763456] [remote 10.0.0.91:47346] 2026-05-30 17:03:24.332 10 WARNING keystone.common.password_hashing [None req-c5c9dbbb-82f9-416e-b6b4-857e12ef83e6 - - - - - -] Truncating password to algorithm specific maximum length 72 characters. 10.0.0.91 - - [30/May/2026:17:03:24 +0000] "GET / HTTP/1.1" 300 295
[Sat May 30 17:03:24.532144 2026] [wsgi:error] [pid 11:tid 140326706763456] [remote 10.0.0.91:47350] 2026-05-30 17:03:24.531 11 WARNING keystone.common.password_hashing [None req-98c07f80-0d9d-4632-bd46-c0a112174462 - - - - - -] Truncating password to algorithm specific maximum length 72 characters.
[Sat May 30 17:03:24.552984 2026] [wsgi:error] [pid 9:tid 140326706763456] [remote 10.0.0.91:47344] 2026-05-30 17:03:24.552 9 WARNING keystone.common.fernet_utils [None req-19dc0a7c-f1cf-40b1-8fbb-232318254d8d - - - - - -] key_repository is world readable: /etc/keystone/fernet-keys/ 10.0.0.91 - - [30/May/2026:17:03:24 +0000] "POST /v3/auth/tokens HTTP/1.1" 201 1464
[Sat May 30 17:03:24.620387 2026] [wsgi:error] [pid 10:tid 140326706763456] [remote 10.0.0.91:47346] 2026-05-30 17:03:24.620 10 WARNING keystone.common.fernet_utils [None req-c5c9dbbb-82f9-416e-b6b4-857e12ef83e6 - - - - - -] key_repository is world readable: /etc/keystone/fernet-keys/ 10.0.0.91 - - [30/May/2026:17:03:24 +0000] "POST /v3/auth/tokens HTTP/1.1" 201 1464 10.0.0.91 - - [30/May/2026:17:03:24 +0000] "GET /v3/services/3cddf3c42d2347cb979e3e8e3988935b HTTP/1.1" 200 296 10.0.0.91 - - [30/May/2026:17:03:24 +0000] "GET /v3/regions/RegionOne HTTP/1.1" 200 173 10.0.0.91 - - [30/May/2026:17:03:24 +0000] "GET /v3/services/3cddf3c42d2347cb979e3e8e3988935b HTTP/1.1" 200 296 10.0.0.91 - - [30/May/2026:17:03:24 +0000] "GET /v3/regions/RegionOne HTTP/1.1" 200 173
[Sat May 30 17:03:24.830942 2026] [wsgi:error] [pid 11:tid 140326706763456] [remote 10.0.0.91:47350] 2026-05-30 17:03:24.830 11 WARNING keystone.common.fernet_utils [None req-98c07f80-0d9d-4632-bd46-c0a112174462 - - - - - -] key_repository is world readable: /etc/keystone/fernet-keys/ 10.0.0.91 - - [30/May/2026:17:03:24 +0000] "POST /v3/auth/tokens HTTP/1.1" 201 1464 10.0.0.91 - - [30/May/2026:17:03:24 +0000] "POST /v3/endpoints HTTP/1.1" 201 380 10.0.0.91 - - [30/May/2026:17:03:24 +0000] "POST /v3/endpoints HTTP/1.1" 201 383 10.0.0.91 - - [30/May/2026:17:03:24 +0000] "GET /v3/services/3cddf3c42d2347cb979e3e8e3988935b HTTP/1.1" 200 296 10.0.0.91 - - [30/May/2026:17:03:24 +0000] "GET /v3/regions/RegionOne HTTP/1.1" 200 173 10.0.0.91 - - [30/May/2026:17:03:24 +0000] "POST /v3/endpoints HTTP/1.1" 201 370 10.0.0.91 - - [30/May/2026:17:03:26 +0000] "GET / HTTP/1.1" 300 295
[Sat May 30 17:03:26.168959 2026] [wsgi:error] [pid 9:tid 140326706763456] [remote 10.0.0.91:47364] 2026-05-30 17:03:26.168 9 WARNING keystone.common.password_hashing [None req-f8d2a259-0f84-492e-9ad2-a5f4d4958b83 - - - - - -] Truncating password to algorithm specific maximum length 72 characters. 10.0.0.91 - - [30/May/2026:17:03:26 +0000] "GET / HTTP/1.1" 300 295
[Sat May 30 17:03:26.251136 2026] [wsgi:error] [pid 10:tid 140326706763456] [remote 10.0.0.91:47374] 2026-05-30 17:03:26.250 10 WARNING keystone.common.password_hashing [None req-ee55663a-2d8d-4cc0-8d08-387c3d5cb833 - - - - - -] Truncating password to algorithm specific maximum length 72 characters. 10.0.0.91 - - [30/May/2026:17:03:26 +0000] "GET / HTTP/1.1" 300 295
[Sat May 30 17:03:26.346977 2026] [wsgi:error] [pid 11:tid 140326706763456] [remote 10.0.0.91:47388] 2026-05-30 17:03:26.346 11 WARNING keystone.common.password_hashing [None req-1d18b7c7-496a-4af0-882a-90c54d7be81e - - - - - -] Truncating password to algorithm specific maximum length 72 characters.
[Sat May 30 17:03:26.443608 2026] [wsgi:error] [pid 9:tid 140326706763456] [remote 10.0.0.91:47364] 2026-05-30 17:03:26.443 9 WARNING keystone.common.fernet_utils [None req-f8d2a259-0f84-492e-9ad2-a5f4d4958b83 - - - - - -] key_repository is world readable: /etc/keystone/fernet-keys/ 10.0.0.91 - - [30/May/2026:17:03:26 +0000] "POST /v3/auth/tokens HTTP/1.1" 201 1992
[Sat May 30 17:03:26.524210 2026] [wsgi:error] [pid 10:tid 140326706763456] [remote 10.0.0.91:47374] 2026-05-30 17:03:26.524 10 WARNING keystone.common.fernet_utils [None req-ee55663a-2d8d-4cc0-8d08-387c3d5cb833 - - - - - -] key_repository is world readable: /etc/keystone/fernet-keys/ 10.0.0.91 - - [30/May/2026:17:03:26 +0000] "POST /v3/auth/tokens HTTP/1.1" 201 1992 10.0.0.91 - - [30/May/2026:17:03:26 +0000] "GET /v3/endpoints/725916d615d4440f800af42036aa17f8 HTTP/1.1" 200 380 10.0.0.91 - - [30/May/2026:17:03:26 +0000] "GET /v3/services/3cddf3c42d2347cb979e3e8e3988935b HTTP/1.1" 200 296
[Sat May 30 17:03:26.618094 2026] [wsgi:error] [pid 11:tid 140326706763456] [remote 10.0.0.91:47388] 2026-05-30 17:03:26.617 11 WARNING keystone.common.fernet_utils [None req-1d18b7c7-496a-4af0-882a-90c54d7be81e - - - - - -] key_repository is world readable: /etc/keystone/fernet-keys/ 10.0.0.91 - - [30/May/2026:17:03:26 +0000] "POST /v3/auth/tokens HTTP/1.1" 201 1992 10.0.0.91 - - [30/May/2026:17:03:26 +0000] "GET /v3/endpoints/521f340b5d6d4e83952fbbac1cdcf867 HTTP/1.1" 200 383 10.0.0.91 - - [30/May/2026:17:03:26 +0000] "GET /v3/services/3cddf3c42d2347cb979e3e8e3988935b HTTP/1.1" 200 296 10.0.0.91 - - [30/May/2026:17:03:26 +0000] "GET /v3/endpoints/d6a0271baca54aa89e4dd1a73046233d HTTP/1.1" 200 370 10.0.0.91 - - [30/May/2026:17:03:26 +0000] "GET /v3/services/3cddf3c42d2347cb979e3e8e3988935b HTTP/1.1" 200 296 10.0.0.58 - - [30/May/2026:17:03:36 +0000] "GET / HTTP/1.1" 300 295
[Sat May 30 17:03:36.673449 2026] [wsgi:error] [pid 12:tid 140326706763456] [remote 10.0.0.58:38364] 2026-05-30 17:03:36.673 12 WARNING keystone.common.password_hashing [None req-6da746f7-d5bb-447e-a9e7-adfb6bc1aaa4 - - - - - -] Truncating password to algorithm specific maximum length 72 characters.
[Sat May 30 17:03:36.949764 2026] [wsgi:error] [pid 12:tid 140326706763456] [remote 10.0.0.58:38364] 2026-05-30 17:03:36.949 12 WARNING keystone.common.fernet_utils [None req-6da746f7-d5bb-447e-a9e7-adfb6bc1aaa4 - - - - - -] key_repository is world readable: /etc/keystone/fernet-keys/ 10.0.0.58 - - [30/May/2026:17:03:36 +0000] "POST /v3/auth/tokens HTTP/1.1" 201 1992 10.0.0.58 - - [30/May/2026:17:03:37 +0000] "POST /v3/domains HTTP/1.1" 201 284 10.0.0.58 - - [30/May/2026:17:03:38 +0000] "GET / HTTP/1.1" 300 295
[Sat May 30 17:03:38.580475 2026] [wsgi:error] [pid 10:tid 140326706763456] [remote 10.0.0.58:38372] 2026-05-30 17:03:38.580 10 WARNING keystone.common.password_hashing [None req-654c3439-7897-4841-9ad6-1ea269221fe2 - - - - - -] Truncating password to algorithm specific maximum length 72 characters.
[Sat May 30 17:03:38.851329 2026] [wsgi:error] [pid 10:tid 140326706763456] [remote 10.0.0.58:38372] 2026-05-30 17:03:38.851 10 WARNING keystone.common.fernet_utils [None req-654c3439-7897-4841-9ad6-1ea269221fe2 - - - - - -] key_repository is world readable: /etc/keystone/fernet-keys/ 10.0.0.58 - - [30/May/2026:17:03:38 +0000] "POST /v3/auth/tokens HTTP/1.1" 201 1992
[Sat May 30 17:03:39.042267 2026] [wsgi:error] [pid 12:tid 140326706763456] [remote 10.0.0.58:38372] 2026-05-30 17:03:39.030 12 ERROR keystone.server.flask.application [None req-0cefc4e3-088b-450b-810f-e1c4e919de74 5f51f2adc3e7473d85a99fc8ee89a739 51a6b80410a945a5817596bf5f6b7faf - - default default] Conflict occurred attempting to store project - it is not permitted to have two projects acting as domains with the same name: service.: keystone.exception.Conflict: Conflict occurred attempting to store project - it is not permitted to have two projects acting as domains with the same name: service.
[Sat May 30 17:03:39.042288 2026] [wsgi:error] [pid 12:tid 140326706763456] [remote 10.0.0.58:38372] 2026-05-30 17:03:39.030 12 ERROR keystone.server.flask.application
Traceback (most recent call last):
[Sat May 30 17:03:39.042290 2026] [wsgi:error] [pid 12:tid 140326706763456] [remote 10.0.0.58:38372] 2026-05-30 17:03:39.030 12 ERROR keystone.server.flask.application
File "/var/lib/openstack/lib/python3.12/site-packages/sqlalchemy/engine/base.py", line 1967, in _exec_single_context
[Sat May 30 17:03:39.042291 2026] [wsgi:error] [pid 12:tid 140326706763456] [remote 10.0.0.58:38372] 2026-05-30 17:03:39.030 12 ERROR keystone.server.flask.application self.dialect.do_execute(
[Sat May 30 17:03:39.042293 2026] [wsgi:error] [pid 12:tid 140326706763456] [remote 10.0.0.58:38372] 2026-05-30 17:03:39.030 12 ERROR keystone.server.flask.application
File "/var/lib/openstack/lib/python3.12/site-packages/sqlalchemy/engine/default.py", line 952, in do_execute
[Sat May 30 17:03:39.042295 2026] [wsgi:error] [pid 12:tid 140326706763456] [remote 10.0.0.58:38372] 2026-05-30 17:03:39.030 12 ERROR keystone.server.flask.application cursor.execute(statement, parameters)
[Sat May 30 17:03:39.042296 2026] [wsgi:error] [pid 12:tid 140326706763456] [remote 10.0.0.58:38372] 2026-05-30 17:03:39.030 12 ERROR keystone.server.flask.application
File "/var/lib/openstack/lib/python3.12/site-packages/pymysql/cursors.py", line 159, in execute
[Sat May 30 17:03:39.042298 2026] [wsgi:error] [pid 12:tid 140326706763456] [remote 10.0.0.58:38372] 2026-05-30 17:03:39.030 12 ERROR keystone.server.flask.application result = self._query(query)
[Sat May 30 17:03:39.042299 2026] [wsgi:error] [pid 12:tid 140326706763456] [remote 10.0.0.58:38372] 2026-05-30 17:03:39.030 12 ERROR keystone.server.flask.application ^^^^^^^^^^^^^^^^^^
[Sat May 30 17:03:39.042301 2026] [wsgi:error] [pid 12:tid 140326706763456] [remote 10.0.0.58:38372] 2026-05-30 17:03:39.030 12 ERROR keystone.server.flask.application
File "/var/lib/openstack/lib/python3.12/site-packages/pymysql/cursors.py", line 330, in _query
[Sat May 30 17:03:39.042302 2026] [wsgi:error] [pid 12:tid 140326706763456] [remote 10.0.0.58:38372] 2026-05-30 17:03:39.030 12 ERROR keystone.server.flask.application conn.query(q)
[Sat May 30 17:03:39.042303 2026] [wsgi:error] [pid 12:tid 140326706763456] [remote 10.0.0.58:38372] 2026-05-30 17:03:39.030 12 ERROR keystone.server.flask.application
File "/var/lib/openstack/lib/python3.12/site-packages/pymysql/connections.py", line 582, in query
[Sat May 30 17:03:39.042305 2026] [wsgi:error] [pid 12:tid 140326706763456] [remote 10.0.0.58:38372] 2026-05-30 17:03:39.030 12 ERROR keystone.server.flask.application self._affected_rows = self._read_query_result(unbuffered=unbuffered)
[Sat May 30 17:03:39.042306 2026] [wsgi:error] [pid 12:tid 140326706763456] [remote 10.0.0.58:38372] 2026-05-30 17:03:39.030 12 ERROR keystone.server.flask.application ^^^^^^^^^^^^^^^^^^^^^^^^^^^^^^^^^^^^^^^^^^^^^^
[Sat May 30 17:03:39.042308 2026] [wsgi:error] [pid 12:tid 140326706763456] [remote 10.0.0.58:38372] 2026-05-30 17:03:39.030 12 ERROR keystone.server.flask.application
File "/var/lib/openstack/lib/python3.12/site-packages/pymysql/connections.py", line 847, in _read_query_result
[Sat May 30 17:03:39.042309 2026] [wsgi:error] [pid 12:tid 140326706763456] [remote 10.0.0.58:38372] 2026-05-30 17:03:39.030 12 ERROR keystone.server.flask.application result.read()
[Sat May 30 17:03:39.042312 2026] [wsgi:error] [pid 12:tid 140326706763456] [remote 10.0.0.58:38372] 2026-05-30 17:03:39.030 12 ERROR keystone.server.flask.application
File "/var/lib/openstack/lib/python3.12/site-packages/pymysql/connections.py", line 1245, in read
[Sat May 30 17:03:39.042313 2026] [wsgi:error] [pid 12:tid 140326706763456] [remote 10.0.0.58:38372] 2026-05-30 17:03:39.030 12 ERROR keystone.server.flask.application first_packet = self.connection._read_packet()
[Sat May 30 17:03:39.042315 2026] [wsgi:error] [pid 12:tid 140326706763456] [remote 10.0.0.58:38372] 2026-05-30 17:03:39.030 12 ERROR keystone.server.flask.application ^^^^^^^^^^^^^^^^^^^^^^^^^^^^^^
[Sat May 30 17:03:39.042316 2026] [wsgi:error] [pid 12:tid 140326706763456] [remote 10.0.0.58:38372] 2026-05-30 17:03:39.030 12 ERROR keystone.server.flask.application
File "/var/lib/openstack/lib/python3.12/site-packages/pymysql/connections.py", line 803, in _read_packet
[Sat May 30 17:03:39.042318 2026] [wsgi:error] [pid 12:tid 140326706763456] [remote 10.0.0.58:38372] 2026-05-30 17:03:39.030 12 ERROR keystone.server.flask.application packet.raise_for_error()
[Sat May 30 17:03:39.042319 2026] [wsgi:error] [pid 12:tid 140326706763456] [remote 10.0.0.58:38372] 2026-05-30 17:03:39.030 12 ERROR keystone.server.flask.application
File "/var/lib/openstack/lib/python3.12/site-packages/pymysql/protocol.py", line 219, in raise_for_error
[Sat May 30 17:03:39.042321 2026] [wsgi:error] [pid 12:tid 140326706763456] [remote 10.0.0.58:38372] 2026-05-30 17:03:39.030 12 ERROR keystone.server.flask.application err.raise_mysql_exception(self._data)
[Sat May 30 17:03:39.042322 2026] [wsgi:error] [pid 12:tid 140326706763456] [remote 10.0.0.58:38372] 2026-05-30 17:03:39.030 12 ERROR keystone.server.flask.application
File "/var/lib/openstack/lib/python3.12/site-packages/pymysql/err.py", line 154, in raise_mysql_exception
[Sat May 30 17:03:39.042324 2026] [wsgi:error] [pid 12:tid 140326706763456] [remote 10.0.0.58:38372] 2026-05-30 17:03:39.030 12 ERROR keystone.server.flask.application raise errorclass(errno, errval, sqlstate=sqlstate)
[Sat May 30 17:03:39.042325 2026] [wsgi:error] [pid 12:tid 140326706763456] [remote 10.0.0.58:38372] 2026-05-30 17:03:39.030 12 ERROR keystone.server.flask.application pymysql.err.IntegrityError: (1062, "Duplicate entry '<>-service' for key 'project.ixu_project_name_domain_id'")
[Sat May 30 17:03:39.042327 2026] [wsgi:error] [pid 12:tid 140326706763456] [remote 10.0.0.58:38372] 2026-05-30 17:03:39.030 12 ERROR keystone.server.flask.application
[Sat May 30 17:03:39.042328 2026] [wsgi:error] [pid 12:tid 140326706763456] [remote 10.0.0.58:38372] 2026-05-30 17:03:39.030 12 ERROR keystone.server.flask.application The above exception was the direct cause of the following exception:
[Sat May 30 17:03:39.042330 2026] [wsgi:error] [pid 12:tid 140326706763456] [remote 10.0.0.58:38372] 2026-05-30 17:03:39.030 12 ERROR keystone.server.flask.application
[Sat May 30 17:03:39.042331 2026] [wsgi:error] [pid 12:tid 140326706763456] [remote 10.0.0.58:38372] 2026-05-30 17:03:39.030 12 ERROR keystone.server.flask.application
Traceback (most recent call last):
[Sat May 30 17:03:39.042332 2026] [wsgi:error] [pid 12:tid 140326706763456] [remote 10.0.0.58:38372] 2026-05-30 17:03:39.030 12 ERROR keystone.server.flask.application
File "/var/lib/openstack/lib/python3.12/site-packages/keystone/common/sql/core.py", line 575, in wrapper
[Sat May 30 17:03:39.042334 2026] [wsgi:error] [pid 12:tid 140326706763456] [remote 10.0.0.58:38372] 2026-05-30 17:03:39.030 12 ERROR keystone.server.flask.application return method(*args, **kwargs)
[Sat May 30 17:03:39.042335 2026] [wsgi:error] [pid 12:tid 140326706763456] [remote 10.0.0.58:38372] 2026-05-30 17:03:39.030 12 ERROR keystone.server.flask.application ^^^^^^^^^^^^^^^^^^^^^^^
[Sat May 30 17:03:39.042337 2026] [wsgi:error] [pid 12:tid 140326706763456] [remote 10.0.0.58:38372] 2026-05-30 17:03:39.030 12 ERROR keystone.server.flask.application
File "/var/lib/openstack/lib/python3.12/site-packages/keystone/resource/backends/sql.py", line 278, in create_project
[Sat May 30 17:03:39.042339 2026] [wsgi:error] [pid 12:tid 140326706763456] [remote 10.0.0.58:38372] 2026-05-30 17:03:39.030 12 ERROR keystone.server.flask.application with sql.session_for_write() as session:
[Sat May 30 17:03:39.042340 2026] [wsgi:error] [pid 12:tid 140326706763456] [remote 10.0.0.58:38372] 2026-05-30 17:03:39.030 12 ERROR keystone.server.flask.application
File "/usr/lib/python3.12/contextlib.py", line 144, in __exit__
[Sat May 30 17:03:39.042342 2026] [wsgi:error] [pid 12:tid 140326706763456] [remote 10.0.0.58:38372] 2026-05-30 17:03:39.030 12 ERROR keystone.server.flask.application next(self.gen)
[Sat May 30 17:03:39.042343 2026] [wsgi:error] [pid 12:tid 140326706763456] [remote 10.0.0.58:38372] 2026-05-30 17:03:39.030 12 ERROR keystone.server.flask.application
File "/var/lib/openstack/lib/python3.12/site-packages/oslo_db/sqlalchemy/enginefacade.py", line 1175, in _transaction_scope
[Sat May 30 17:03:39.042344 2026] [wsgi:error] [pid 12:tid 140326706763456] [remote 10.0.0.58:38372] 2026-05-30 17:03:39.030 12 ERROR keystone.server.flask.application with current._produce_block(
[Sat May 30 17:03:39.042346 2026] [wsgi:error] [pid 12:tid 140326706763456] [remote 10.0.0.58:38372] 2026-05-30 17:03:39.030 12 ERROR keystone.server.flask.application
File "/usr/lib/python3.12/contextlib.py", line 144, in __exit__
[Sat May 30 17:03:39.042347 2026] [wsgi:error] [pid 12:tid 140326706763456] [remote 10.0.0.58:38372] 2026-05-30 17:03:39.030 12 ERROR keystone.server.flask.application next(self.gen)
[Sat May 30 17:03:39.042348 2026] [wsgi:error] [pid 12:tid 140326706763456] [remote 10.0.0.58:38372] 2026-05-30 17:03:39.030 12 ERROR keystone.server.flask.application
File "/var/lib/openstack/lib/python3.12/site-packages/oslo_db/sqlalchemy/enginefacade.py", line 837, in _session
[Sat May 30 17:03:39.042350 2026] [wsgi:error] [pid 12:tid 140326706763456] [remote 10.0.0.58:38372] 2026-05-30 17:03:39.030 12 ERROR keystone.server.flask.application with excutils.save_and_reraise_exception():
[Sat May 30 17:03:39.042351 2026] [wsgi:error] [pid 12:tid 140326706763456] [remote 10.0.0.58:38372] 2026-05-30 17:03:39.030 12 ERROR keystone.server.flask.application
File "/var/lib/openstack/lib/python3.12/site-packages/oslo_utils/excutils.py", line 266, in __exit__
[Sat May 30 17:03:39.042376 2026] [wsgi:error] [pid 12:tid 140326706763456] [remote 10.0.0.58:38372] 2026-05-30 17:03:39.030 12 ERROR keystone.server.flask.application self.force_reraise()
[Sat May 30 17:03:39.042377 2026] [wsgi:error] [pid 12:tid 140326706763456] [remote 10.0.0.58:38372] 2026-05-30 17:03:39.030 12 ERROR keystone.server.flask.application
File "/var/lib/openstack/lib/python3.12/site-packages/oslo_utils/excutils.py", line 232, in force_reraise
[Sat May 30 17:03:39.042379 2026] [wsgi:error] [pid 12:tid 140326706763456] [remote 10.0.0.58:38372] 2026-05-30 17:03:39.030 12 ERROR keystone.server.flask.application raise self.value
[Sat May 30 17:03:39.042380 2026] [wsgi:error] [pid 12:tid 140326706763456] [remote 10.0.0.58:38372] 2026-05-30 17:03:39.030 12 ERROR keystone.server.flask.application
File "/var/lib/openstack/lib/python3.12/site-packages/oslo_db/sqlalchemy/enginefacade.py", line 835, in _session
[Sat May 30 17:03:39.042382 2026] [wsgi:error] [pid 12:tid 140326706763456] [remote 10.0.0.58:38372] 2026-05-30 17:03:39.030 12 ERROR keystone.server.flask.application self._end_session_transaction(self.session)
[Sat May 30 17:03:39.042383 2026] [wsgi:error] [pid 12:tid 140326706763456] [remote 10.0.0.58:38372] 2026-05-30 17:03:39.030 12 ERROR keystone.server.flask.application
File "/var/lib/openstack/lib/python3.12/site-packages/oslo_db/sqlalchemy/enginefacade.py", line 748, in _end_session_transaction
[Sat May 30 17:03:39.042385 2026] [wsgi:error] [pid 12:tid 140326706763456] [remote 10.0.0.58:38372] 2026-05-30 17:03:39.030 12 ERROR keystone.server.flask.application session.commit()
[Sat May 30 17:03:39.042386 2026] [wsgi:error] [pid 12:tid 140326706763456] [remote 10.0.0.58:38372] 2026-05-30 17:03:39.030 12 ERROR keystone.server.flask.application
File "/var/lib/openstack/lib/python3.12/site-packages/sqlalchemy/orm/session.py", line 2030, in commit
[Sat May 30 17:03:39.042388 2026] [wsgi:error] [pid 12:tid 140326706763456] [remote 10.0.0.58:38372] 2026-05-30 17:03:39.030 12 ERROR keystone.server.flask.application trans.commit(_to_root=True)
[Sat May 30 17:03:39.042389 2026] [wsgi:error] [pid 12:tid 140326706763456] [remote 10.0.0.58:38372] 2026-05-30 17:03:39.030 12 ERROR keystone.server.flask.application File "", line 2, in commit
[Sat May 30 17:03:39.042391 2026] [wsgi:error] [pid 12:tid 140326706763456] [remote 10.0.0.58:38372] 2026-05-30 17:03:39.030 12 ERROR keystone.server.flask.application
File "/var/lib/openstack/lib/python3.12/site-packages/sqlalchemy/orm/state_changes.py", line 137, in _go
[Sat May 30 17:03:39.042392 2026] [wsgi:error] [pid 12:tid 140326706763456] [remote 10.0.0.58:38372] 2026-05-30 17:03:39.030 12 ERROR keystone.server.flask.application ret_value = fn(self, *arg, **kw)
[Sat May 30 17:03:39.042394 2026] [wsgi:error] [pid 12:tid 140326706763456] [remote 10.0.0.58:38372] 2026-05-30 17:03:39.030 12 ERROR keystone.server.flask.application ^^^^^^^^^^^^^^^^^^^^
[Sat May 30 17:03:39.042395 2026] [wsgi:error] [pid 12:tid 140326706763456] [remote 10.0.0.58:38372] 2026-05-30 17:03:39.030 12 ERROR keystone.server.flask.application
File "/var/lib/openstack/lib/python3.12/site-packages/sqlalchemy/orm/session.py", line 1311, in commit
[Sat May 30 17:03:39.042397 2026] [wsgi:error] [pid 12:tid 140326706763456] [remote 10.0.0.58:38372] 2026-05-30 17:03:39.030 12 ERROR keystone.server.flask.application self._prepare_impl()
[Sat May 30 17:03:39.042398 2026] [wsgi:error] [pid 12:tid 140326706763456] [remote 10.0.0.58:38372] 2026-05-30 17:03:39.030 12 ERROR keystone.server.flask.application File "", line 2, in _prepare_impl
[Sat May 30 17:03:39.042400 2026] [wsgi:error] [pid 12:tid 140326706763456] [remote 10.0.0.58:38372] 2026-05-30 17:03:39.030 12 ERROR keystone.server.flask.application
File "/var/lib/openstack/lib/python3.12/site-packages/sqlalchemy/orm/state_changes.py", line 137, in _go
[Sat May 30 17:03:39.042402 2026] [wsgi:error] [pid 12:tid 140326706763456] [remote 10.0.0.58:38372] 2026-05-30 17:03:39.030 12 ERROR keystone.server.flask.application ret_value = fn(self, *arg, **kw)
[Sat May 30 17:03:39.042404 2026] [wsgi:error] [pid 12:tid 140326706763456] [remote 10.0.0.58:38372] 2026-05-30 17:03:39.030 12 ERROR keystone.server.flask.application ^^^^^^^^^^^^^^^^^^^^
[Sat May 30 17:03:39.042407 2026] [wsgi:error] [pid 12:tid 140326706763456] [remote 10.0.0.58:38372] 2026-05-30 17:03:39.030 12 ERROR keystone.server.flask.application
File "/var/lib/openstack/lib/python3.12/site-packages/sqlalchemy/orm/session.py", line 1286, in _prepare_impl
[Sat May 30 17:03:39.042409 2026] [wsgi:error] [pid 12:tid 140326706763456] [remote 10.0.0.58:38372] 2026-05-30 17:03:39.030 12 ERROR keystone.server.flask.application self.session.flush()
[Sat May 30 17:03:39.042411 2026] [wsgi:error] [pid 12:tid 140326706763456] [remote 10.0.0.58:38372] 2026-05-30 17:03:39.030 12 ERROR keystone.server.flask.application
File "/var/lib/openstack/lib/python3.12/site-packages/sqlalchemy/orm/session.py", line 4331, in flush
[Sat May 30 17:03:39.042413 2026] [wsgi:error] [pid 12:tid 140326706763456] [remote 10.0.0.58:38372] 2026-05-30 17:03:39.030 12 ERROR keystone.server.flask.application self._flush(objects)
[Sat May 30 17:03:39.042414 2026] [wsgi:error] [pid 12:tid 140326706763456] [remote 10.0.0.58:38372] 2026-05-30 17:03:39.030 12 ERROR keystone.server.flask.application
File "/var/lib/openstack/lib/python3.12/site-packages/sqlalchemy/orm/session.py", line 4466, in _flush
[Sat May 30 17:03:39.042416 2026] [wsgi:error] [pid 12:tid 140326706763456] [remote 10.0.0.58:38372] 2026-05-30 17:03:39.030 12 ERROR keystone.server.flask.application with util.safe_reraise():
[Sat May 30 17:03:39.042418 2026] [wsgi:error] [pid 12:tid 140326706763456] [remote 10.0.0.58:38372] 2026-05-30 17:03:39.030 12 ERROR keystone.server.flask.application
File "/var/lib/openstack/lib/python3.12/site-packages/sqlalchemy/util/langhelpers.py", line 121, in __exit__
[Sat May 30 17:03:39.042420 2026] [wsgi:error] [pid 12:tid 140326706763456] [remote 10.0.0.58:38372] 2026-05-30 17:03:39.030 12 ERROR keystone.server.flask.application raise exc_value.with_traceback(exc_tb)
[Sat May 30 17:03:39.042423 2026] [wsgi:error] [pid 12:tid 140326706763456] [remote 10.0.0.58:38372] 2026-05-30 17:03:39.030 12 ERROR keystone.server.flask.application
File "/var/lib/openstack/lib/python3.12/site-packages/sqlalchemy/orm/session.py", line 4427, in _flush
[Sat May 30 17:03:39.042425 2026] [wsgi:error] [pid 12:tid 140326706763456] [remote 10.0.0.58:38372] 2026-05-30 17:03:39.030 12 ERROR keystone.server.flask.application flush_context.execute()
[Sat May 30 17:03:39.042427 2026] [wsgi:error] [pid 12:tid 140326706763456] [remote 10.0.0.58:38372] 2026-05-30 17:03:39.030 12 ERROR keystone.server.flask.application
File "/var/lib/openstack/lib/python3.12/site-packages/sqlalchemy/orm/unitofwork.py", line 466, in execute
