Apr 24 19:12:05.978975 np0000170103 nova-scheduler[109602]: DEBUG cotyledon.oslo_config_glue [-] vnc.novncproxy_port = 6080 {{(pid=109602) log_opt_values /opt/stack/data/venv/lib/python3.12/site-packages/oslo_config/cfg.py:3006}}
Apr 24 19:12:05.979190 np0000170103 nova-scheduler[109602]: DEBUG cotyledon.oslo_config_glue [-] vnc.server_listen = 127.0.0.1 {{(pid=109602) log_opt_values /opt/stack/data/venv/lib/python3.12/site-packages/oslo_config/cfg.py:3006}}
Apr 24 19:12:05.979190 np0000170103 nova-scheduler[109602]: DEBUG cotyledon.oslo_config_glue [-] vnc.server_proxyclient_address = 127.0.0.1 {{(pid=109602) log_opt_values /opt/stack/data/venv/lib/python3.12/site-packages/oslo_config/cfg.py:3006}}
Apr 24 19:12:05.979190 np0000170103 nova-scheduler[109602]: DEBUG cotyledon.oslo_config_glue [-] vnc.vencrypt_ca_certs = None {{(pid=109602) log_opt_values /opt/stack/data/venv/lib/python3.12/site-packages/oslo_config/cfg.py:3006}}
Apr 24 19:12:05.979190 np0000170103 nova-scheduler[109602]: DEBUG cotyledon.oslo_config_glue [-] vnc.vencrypt_client_cert = None {{(pid=109602) log_opt_values /opt/stack/data/venv/lib/python3.12/site-packages/oslo_config/cfg.py:3006}}
Apr 24 19:12:05.979190 np0000170103 nova-scheduler[109602]: DEBUG cotyledon.oslo_config_glue [-] vnc.vencrypt_client_key = None {{(pid=109602) log_opt_values /opt/stack/data/venv/lib/python3.12/site-packages/oslo_config/cfg.py:3006}}
Apr 24 19:12:05.979190 np0000170103 nova-scheduler[109602]: DEBUG cotyledon.oslo_config_glue [-] workarounds.disable_compute_service_check_for_ffu = False {{(pid=109602) log_opt_values /opt/stack/data/venv/lib/python3.12/site-packages/oslo_config/cfg.py:3006}}
Apr 24 19:12:05.979190 np0000170103 nova-scheduler[109602]: DEBUG cotyledon.oslo_config_glue [-] workarounds.disable_deep_image_inspection = False {{(pid=109602) log_opt_values /opt/stack/data/venv/lib/python3.12/site-packages/oslo_config/cfg.py:3006}}
Apr 24 19:12:05.979190 np0000170103 nova-scheduler[109602]: DEBUG cotyledon.oslo_config_glue [-] workarounds.disable_fallback_pcpu_query = False {{(pid=109602) log_opt_values /opt/stack/data/venv/lib/python3.12/site-packages/oslo_config/cfg.py:3006}}
Apr 24 19:12:05.979190 np0000170103 nova-scheduler[109602]: DEBUG cotyledon.oslo_config_glue [-] workarounds.disable_group_policy_check_upcall = False {{(pid=109602) log_opt_values /opt/stack/data/venv/lib/python3.12/site-packages/oslo_config/cfg.py:3006}}
Apr 24 19:12:05.979406 np0000170103 nova-scheduler[109602]: DEBUG cotyledon.oslo_config_glue [-] workarounds.disable_libvirt_livesnapshot = False {{(pid=109602) log_opt_values /opt/stack/data/venv/lib/python3.12/site-packages/oslo_config/cfg.py:3006}}
Apr 24 19:12:05.979406 np0000170103 nova-scheduler[109602]: DEBUG cotyledon.oslo_config_glue [-] workarounds.disable_rootwrap = False {{(pid=109602) log_opt_values /opt/stack/data/venv/lib/python3.12/site-packages/oslo_config/cfg.py:3006}}
Apr 24 19:12:05.979406 np0000170103 nova-scheduler[109602]: DEBUG cotyledon.oslo_config_glue [-] workarounds.enable_numa_live_migration = False {{(pid=109602) log_opt_values /opt/stack/data/venv/lib/python3.12/site-packages/oslo_config/cfg.py:3006}}
Apr 24 19:12:05.979406 np0000170103 nova-scheduler[109602]: DEBUG cotyledon.oslo_config_glue [-] workarounds.enable_qemu_monitor_announce_self = False {{(pid=109602) log_opt_values /opt/stack/data/venv/lib/python3.12/site-packages/oslo_config/cfg.py:3006}}
Apr 24 19:12:05.979406 np0000170103 nova-scheduler[109602]: DEBUG cotyledon.oslo_config_glue [-] workarounds.ensure_libvirt_rbd_instance_dir_cleanup = False {{(pid=109602) log_opt_values /opt/stack/data/venv/lib/python3.12/site-packages/oslo_config/cfg.py:3006}}
Apr 24 19:12:05.979406 np0000170103 nova-scheduler[109602]: DEBUG cotyledon.oslo_config_glue [-] workarounds.handle_virt_lifecycle_events = True {{(pid=109602) log_opt_values /opt/stack/data/venv/lib/python3.12/site-packages/oslo_config/cfg.py:3006}}
Apr 24 19:12:05.979406 np0000170103 nova-scheduler[109602]: DEBUG cotyledon.oslo_config_glue [-] workarounds.libvirt_disable_apic = False {{(pid=109602) log_opt_values /opt/stack/data/venv/lib/python3.12/site-packages/oslo_config/cfg.py:3006}}
Apr 24 19:12:05.979406 np0000170103 nova-scheduler[109602]: DEBUG cotyledon.oslo_config_glue [-] workarounds.never_download_image_if_on_rbd = False {{(pid=109602) log_opt_values /opt/stack/data/venv/lib/python3.12/site-packages/oslo_config/cfg.py:3006}}
Apr 24 19:12:05.979406 np0000170103 nova-scheduler[109602]: DEBUG cotyledon.oslo_config_glue [-] workarounds.qemu_monitor_announce_self_count = 3 {{(pid=109602) log_opt_values /opt/stack/data/venv/lib/python3.12/site-packages/oslo_config/cfg.py:3006}}
Apr 24 19:12:05.979619 np0000170103 nova-scheduler[109602]: DEBUG cotyledon.oslo_config_glue [-] workarounds.qemu_monitor_announce_self_interval = 1 {{(pid=109602) log_opt_values /opt/stack/data/venv/lib/python3.12/site-packages/oslo_config/cfg.py:3006}}
Apr 24 19:12:05.979619 np0000170103 nova-scheduler[109602]: DEBUG cotyledon.oslo_config_glue [-] workarounds.reserve_disk_resource_for_image_cache = False {{(pid=109602) log_opt_values /opt/stack/data/venv/lib/python3.12/site-packages/oslo_config/cfg.py:3006}}
Apr 24 19:12:05.979619 np0000170103 nova-scheduler[109602]: DEBUG cotyledon.oslo_config_glue [-] workarounds.skip_cpu_compare_at_startup = False {{(pid=109602) log_opt_values /opt/stack/data/venv/lib/python3.12/site-packages/oslo_config/cfg.py:3006}}
Apr 24 19:12:05.979619 np0000170103 nova-scheduler[109602]: DEBUG cotyledon.oslo_config_glue [-] workarounds.skip_cpu_compare_on_dest = False {{(pid=109602) log_opt_values /opt/stack/data/venv/lib/python3.12/site-packages/oslo_config/cfg.py:3006}}
Apr 24 19:12:05.979619 np0000170103 nova-scheduler[109602]: DEBUG cotyledon.oslo_config_glue [-] workarounds.skip_hypervisor_version_check_on_lm = False {{(pid=109602) log_opt_values /opt/stack/data/venv/lib/python3.12/site-packages/oslo_config/cfg.py:3006}}
Apr 24 19:12:05.979619 np0000170103 nova-scheduler[109602]: DEBUG cotyledon.oslo_config_glue [-] workarounds.skip_reserve_in_use_ironic_nodes = False {{(pid=109602) log_opt_values /opt/stack/data/venv/lib/python3.12/site-packages/oslo_config/cfg.py:3006}}
Apr 24 19:12:05.979619 np0000170103 nova-scheduler[109602]: DEBUG cotyledon.oslo_config_glue [-] workarounds.unified_limits_count_pcpu_as_vcpu = False {{(pid=109602) log_opt_values /opt/stack/data/venv/lib/python3.12/site-packages/oslo_config/cfg.py:3006}}
Apr 24 19:12:05.979619 np0000170103 nova-scheduler[109602]: DEBUG cotyledon.oslo_config_glue [-] workarounds.wait_for_vif_plugged_event_during_hard_reboot = [] {{(pid=109602) log_opt_values /opt/stack/data/venv/lib/python3.12/site-packages/oslo_config/cfg.py:3006}}
Apr 24 19:12:05.979833 np0000170103 nova-scheduler[109602]: DEBUG cotyledon.oslo_config_glue [-] wsgi.api_paste_config = /etc/nova/api-paste.ini {{(pid=109602) log_opt_values /opt/stack/data/venv/lib/python3.12/site-packages/oslo_config/cfg.py:3006}}
Apr 24 19:12:05.979833 np0000170103 nova-scheduler[109602]: DEBUG cotyledon.oslo_config_glue [-] wsgi.secure_proxy_ssl_header = None {{(pid=109602) log_opt_values /opt/stack/data/venv/lib/python3.12/site-packages/oslo_config/cfg.py:3006}}
Apr 24 19:12:05.979833 np0000170103 nova-scheduler[109602]: DEBUG cotyledon.oslo_config_glue [-] zvm.ca_file = None {{(pid=109602) log_opt_values /opt/stack/data/venv/lib/python3.12/site-packages/oslo_config/cfg.py:3006}}
Apr 24 19:12:05.979833 np0000170103 nova-scheduler[109602]: DEBUG cotyledon.oslo_config_glue [-] zvm.cloud_connector_url = None {{(pid=109602) log_opt_values /opt/stack/data/venv/lib/python3.12/site-packages/oslo_config/cfg.py:3006}}
Apr 24 19:12:05.979833 np0000170103 nova-scheduler[109602]: DEBUG cotyledon.oslo_config_glue [-] zvm.image_tmp_path = /opt/stack/data/nova/images {{(pid=109602) log_opt_values /opt/stack/data/venv/lib/python3.12/site-packages/oslo_config/cfg.py:3006}}
Apr 24 19:12:05.979833 np0000170103 nova-scheduler[109602]: DEBUG cotyledon.oslo_config_glue [-] zvm.reachable_timeout = 300 {{(pid=109602) log_opt_values /opt/stack/data/venv/lib/python3.12/site-packages/oslo_config/cfg.py:3006}}
Apr 24 19:12:05.979833 np0000170103 nova-scheduler[109602]: DEBUG cotyledon.oslo_config_glue [-] oslo_versionedobjects.fatal_exception_format_errors = False {{(pid=109602) log_opt_values /opt/stack/data/venv/lib/python3.12/site-packages/oslo_config/cfg.py:3006}}
Apr 24 19:12:05.979833 np0000170103 nova-scheduler[109602]: DEBUG cotyledon.oslo_config_glue [-] oslo_middleware.http_basic_auth_user_file = /etc/htpasswd {{(pid=109602) log_opt_values /opt/stack/data/venv/lib/python3.12/site-packages/oslo_config/cfg.py:3006}}
Apr 24 19:12:05.979833 np0000170103 nova-scheduler[109602]: DEBUG cotyledon.oslo_config_glue [-] oslo_messaging_metrics.metrics_buffer_size = 1000 {{(pid=109602) log_opt_values /opt/stack/data/venv/lib/python3.12/site-packages/oslo_config/cfg.py:3006}}
Apr 24 19:12:05.980038 np0000170103 nova-scheduler[109602]: DEBUG cotyledon.oslo_config_glue [-] oslo_messaging_metrics.metrics_enabled = False {{(pid=109602) log_opt_values /opt/stack/data/venv/lib/python3.12/site-packages/oslo_config/cfg.py:3006}}
Apr 24 19:12:05.980038 np0000170103 nova-scheduler[109602]: DEBUG cotyledon.oslo_config_glue [-] oslo_messaging_metrics.metrics_process_name = {{(pid=109602) log_opt_values /opt/stack/data/venv/lib/python3.12/site-packages/oslo_config/cfg.py:3006}}
Apr 24 19:12:05.980038 np0000170103 nova-scheduler[109602]: DEBUG cotyledon.oslo_config_glue [-] oslo_messaging_metrics.metrics_socket_file = /var/tmp/metrics_collector.sock {{(pid=109602) log_opt_values /opt/stack/data/venv/lib/python3.12/site-packages/oslo_config/cfg.py:3006}}
Apr 24 19:12:05.980038 np0000170103 nova-scheduler[109602]: DEBUG cotyledon.oslo_config_glue [-] oslo_messaging_metrics.metrics_thread_stop_timeout = 10 {{(pid=109602) log_opt_values /opt/stack/data/venv/lib/python3.12/site-packages/oslo_config/cfg.py:3006}}
Apr 24 19:12:05.980038 np0000170103 nova-scheduler[109602]: DEBUG cotyledon.oslo_config_glue [-] profiler.connection_string = messaging:// {{(pid=109602) log_opt_values /opt/stack/data/venv/lib/python3.12/site-packages/oslo_config/cfg.py:3006}}
Apr 24 19:12:05.980038 np0000170103 nova-scheduler[109602]: DEBUG cotyledon.oslo_config_glue [-] profiler.enabled = False {{(pid=109602) log_opt_values /opt/stack/data/venv/lib/python3.12/site-packages/oslo_config/cfg.py:3006}}
Apr 24 19:12:05.980038 np0000170103 nova-scheduler[109602]: DEBUG cotyledon.oslo_config_glue [-] profiler.es_doc_type = notification {{(pid=109602) log_opt_values /opt/stack/data/venv/lib/python3.12/site-packages/oslo_config/cfg.py:3006}}
Apr 24 19:12:05.980038 np0000170103 nova-scheduler[109602]: DEBUG cotyledon.oslo_config_glue [-] profiler.es_scroll_size = 10000 {{(pid=109602) log_opt_values /opt/stack/data/venv/lib/python3.12/site-packages/oslo_config/cfg.py:3006}}
Apr 24 19:12:05.980038 np0000170103 nova-scheduler[109602]: DEBUG cotyledon.oslo_config_glue [-] profiler.es_scroll_time = 2m {{(pid=109602) log_opt_values /opt/stack/data/venv/lib/python3.12/site-packages/oslo_config/cfg.py:3006}}
Apr 24 19:12:05.980273 np0000170103 nova-scheduler[109602]: DEBUG cotyledon.oslo_config_glue [-] profiler.filter_error_trace = False {{(pid=109602) log_opt_values /opt/stack/data/venv/lib/python3.12/site-packages/oslo_config/cfg.py:3006}}
Apr 24 19:12:05.980273 np0000170103 nova-scheduler[109602]: DEBUG cotyledon.oslo_config_glue [-] profiler.hmac_keys = **** {{(pid=109602) log_opt_values /opt/stack/data/venv/lib/python3.12/site-packages/oslo_config/cfg.py:3006}}
Apr 24 19:12:05.980273 np0000170103 nova-scheduler[109602]: DEBUG cotyledon.oslo_config_glue [-] profiler.sentinel_service_name = mymaster {{(pid=109602) log_opt_values /opt/stack/data/venv/lib/python3.12/site-packages/oslo_config/cfg.py:3006}}
Apr 24 19:12:05.980273 np0000170103 nova-scheduler[109602]: DEBUG cotyledon.oslo_config_glue [-] profiler.socket_timeout = 0.1 {{(pid=109602) log_opt_values /opt/stack/data/venv/lib/python3.12/site-packages/oslo_config/cfg.py:3006}}
Apr 24 19:12:05.980273 np0000170103 nova-scheduler[109602]: DEBUG cotyledon.oslo_config_glue [-] profiler.trace_requests = False {{(pid=109602) log_opt_values /opt/stack/data/venv/lib/python3.12/site-packages/oslo_config/cfg.py:3006}}
Apr 24 19:12:05.980273 np0000170103 nova-scheduler[109602]: DEBUG cotyledon.oslo_config_glue [-] profiler.trace_sqlalchemy = False {{(pid=109602) log_opt_values /opt/stack/data/venv/lib/python3.12/site-packages/oslo_config/cfg.py:3006}}
Apr 24 19:12:05.980273 np0000170103 nova-scheduler[109602]: DEBUG cotyledon.oslo_config_glue [-] profiler_jaeger.process_tags = {} {{(pid=109602) log_opt_values /opt/stack/data/venv/lib/python3.12/site-packages/oslo_config/cfg.py:3006}}
Apr 24 19:12:05.980273 np0000170103 nova-scheduler[109602]: DEBUG cotyledon.oslo_config_glue [-] profiler_jaeger.service_name_prefix = None {{(pid=109602) log_opt_values /opt/stack/data/venv/lib/python3.12/site-packages/oslo_config/cfg.py:3006}}
Apr 24 19:12:05.980273 np0000170103 nova-scheduler[109602]: DEBUG cotyledon.oslo_config_glue [-] profiler_otlp.service_name_prefix = None {{(pid=109602) log_opt_values /opt/stack/data/venv/lib/python3.12/site-packages/oslo_config/cfg.py:3006}}
Apr 24 19:12:05.980515 np0000170103 nova-scheduler[109602]: DEBUG cotyledon.oslo_config_glue [-] oslo_messaging_rabbit.amqp_auto_delete = False {{(pid=109602) log_opt_values /opt/stack/data/venv/lib/python3.12/site-packages/oslo_config/cfg.py:3006}}
Apr 24 19:12:05.980515 np0000170103 nova-scheduler[109602]: DEBUG cotyledon.oslo_config_glue [-] oslo_messaging_rabbit.amqp_durable_queues = False {{(pid=109602) log_opt_values /opt/stack/data/venv/lib/python3.12/site-packages/oslo_config/cfg.py:3006}}
Apr 24 19:12:05.980515 np0000170103 nova-scheduler[109602]: DEBUG cotyledon.oslo_config_glue [-] oslo_messaging_rabbit.conn_pool_min_size = 2 {{(pid=109602) log_opt_values /opt/stack/data/venv/lib/python3.12/site-packages/oslo_config/cfg.py:3006}}
Apr 24 19:12:05.980515 np0000170103 nova-scheduler[109602]: DEBUG cotyledon.oslo_config_glue [-] oslo_messaging_rabbit.conn_pool_ttl = 1200 {{(pid=109602) log_opt_values /opt/stack/data/venv/lib/python3.12/site-packages/oslo_config/cfg.py:3006}}
Apr 24 19:12:05.980515 np0000170103 nova-scheduler[109602]: DEBUG cotyledon.oslo_config_glue [-] oslo_messaging_rabbit.direct_mandatory_flag = True {{(pid=109602) log_opt_values /opt/stack/data/venv/lib/python3.12/site-packages/oslo_config/cfg.py:3006}}
Apr 24 19:12:05.980515 np0000170103 nova-scheduler[109602]: DEBUG cotyledon.oslo_config_glue [-] oslo_messaging_rabbit.enable_cancel_on_failover = False {{(pid=109602) log_opt_values /opt/stack/data/venv/lib/python3.12/site-packages/oslo_config/cfg.py:3006}}
Apr 24 19:12:05.980515 np0000170103 nova-scheduler[109602]: DEBUG cotyledon.oslo_config_glue [-] oslo_messaging_rabbit.heartbeat_in_pthread = False {{(pid=109602) log_opt_values /opt/stack/data/venv/lib/python3.12/site-packages/oslo_config/cfg.py:3006}}
Apr 24 19:12:05.980515 np0000170103 nova-scheduler[109602]: DEBUG cotyledon.oslo_config_glue [-] oslo_messaging_rabbit.heartbeat_rate = 3 {{(pid=109602) log_opt_values /opt/stack/data/venv/lib/python3.12/site-packages/oslo_config/cfg.py:3006}}
Apr 24 19:12:05.980515 np0000170103 nova-scheduler[109602]: DEBUG cotyledon.oslo_config_glue [-] oslo_messaging_rabbit.heartbeat_timeout_threshold = 60 {{(pid=109602) log_opt_values /opt/stack/data/venv/lib/python3.12/site-packages/oslo_config/cfg.py:3006}}
Apr 24 19:12:05.980770 np0000170103 nova-scheduler[109602]: DEBUG cotyledon.oslo_config_glue [-] oslo_messaging_rabbit.hostname = np0000170103 {{(pid=109602) log_opt_values /opt/stack/data/venv/lib/python3.12/site-packages/oslo_config/cfg.py:3006}}
Apr 24 19:12:05.980770 np0000170103 nova-scheduler[109602]: DEBUG cotyledon.oslo_config_glue [-] oslo_messaging_rabbit.kombu_compression = None {{(pid=109602) log_opt_values /opt/stack/data/venv/lib/python3.12/site-packages/oslo_config/cfg.py:3006}}
Apr 24 19:12:05.980770 np0000170103 nova-scheduler[109602]: DEBUG cotyledon.oslo_config_glue [-] oslo_messaging_rabbit.kombu_failover_strategy = round-robin {{(pid=109602) log_opt_values /opt/stack/data/venv/lib/python3.12/site-packages/oslo_config/cfg.py:3006}}
Apr 24 19:12:05.980770 np0000170103 nova-scheduler[109602]: DEBUG cotyledon.oslo_config_glue [-] oslo_messaging_rabbit.kombu_missing_consumer_retry_timeout = 60 {{(pid=109602) log_opt_values /opt/stack/data/venv/lib/python3.12/site-packages/oslo_config/cfg.py:3006}}
Apr 24 19:12:05.980770 np0000170103 nova-scheduler[109602]: DEBUG cotyledon.oslo_config_glue [-] oslo_messaging_rabbit.kombu_reconnect_delay = 1.0 {{(pid=109602) log_opt_values /opt/stack/data/venv/lib/python3.12/site-packages/oslo_config/cfg.py:3006}}
Apr 24 19:12:05.980770 np0000170103 nova-scheduler[109602]: DEBUG cotyledon.oslo_config_glue [-] oslo_messaging_rabbit.kombu_reconnect_splay = 0.0 {{(pid=109602) log_opt_values /opt/stack/data/venv/lib/python3.12/site-packages/oslo_config/cfg.py:3006}}
Apr 24 19:12:05.980770 np0000170103 nova-scheduler[109602]: DEBUG cotyledon.oslo_config_glue [-] oslo_messaging_rabbit.processname = nova-scheduler {{(pid=109602) log_opt_values /opt/stack/data/venv/lib/python3.12/site-packages/oslo_config/cfg.py:3006}}
Apr 24 19:12:05.980770 np0000170103 nova-scheduler[109602]: DEBUG cotyledon.oslo_config_glue [-] oslo_messaging_rabbit.rabbit_ha_queues = False {{(pid=109602) log_opt_values /opt/stack/data/venv/lib/python3.12/site-packages/oslo_config/cfg.py:3006}}
Apr 24 19:12:05.980770 np0000170103 nova-scheduler[109602]: DEBUG cotyledon.oslo_config_glue [-] oslo_messaging_rabbit.rabbit_interval_max = 30 {{(pid=109602) log_opt_values /opt/stack/data/venv/lib/python3.12/site-packages/oslo_config/cfg.py:3006}}
Apr 24 19:12:05.981023 np0000170103 nova-scheduler[109602]: DEBUG cotyledon.oslo_config_glue [-] oslo_messaging_rabbit.rabbit_login_method = AMQPLAIN {{(pid=109602) log_opt_values /opt/stack/data/venv/lib/python3.12/site-packages/oslo_config/cfg.py:3006}}
Apr 24 19:12:05.981023 np0000170103 nova-scheduler[109602]: DEBUG cotyledon.oslo_config_glue [-] oslo_messaging_rabbit.rabbit_qos_prefetch_count = 0 {{(pid=109602) log_opt_values /opt/stack/data/venv/lib/python3.12/site-packages/oslo_config/cfg.py:3006}}
Apr 24 19:12:05.981023 np0000170103 nova-scheduler[109602]: DEBUG cotyledon.oslo_config_glue [-] oslo_messaging_rabbit.rabbit_quorum_delivery_limit = 0 {{(pid=109602) log_opt_values /opt/stack/data/venv/lib/python3.12/site-packages/oslo_config/cfg.py:3006}}
Apr 24 19:12:05.981023 np0000170103 nova-scheduler[109602]: DEBUG cotyledon.oslo_config_glue [-] oslo_messaging_rabbit.rabbit_quorum_max_memory_bytes = 0 {{(pid=109602) log_opt_values /opt/stack/data/venv/lib/python3.12/site-packages/oslo_config/cfg.py:3006}}
Apr 24 19:12:05.981023 np0000170103 nova-scheduler[109602]: DEBUG cotyledon.oslo_config_glue [-] oslo_messaging_rabbit.rabbit_quorum_max_memory_length = 0 {{(pid=109602) log_opt_values /opt/stack/data/venv/lib/python3.12/site-packages/oslo_config/cfg.py:3006}}
Apr 24 19:12:05.981023 np0000170103 nova-scheduler[109602]: DEBUG cotyledon.oslo_config_glue [-] oslo_messaging_rabbit.rabbit_quorum_queue = False {{(pid=109602) log_opt_values /opt/stack/data/venv/lib/python3.12/site-packages/oslo_config/cfg.py:3006}}
Apr 24 19:12:05.981023 np0000170103 nova-scheduler[109602]: DEBUG cotyledon.oslo_config_glue [-] oslo_messaging_rabbit.rabbit_retry_backoff = 2 {{(pid=109602) log_opt_values /opt/stack/data/venv/lib/python3.12/site-packages/oslo_config/cfg.py:3006}}
Apr 24 19:12:05.981023 np0000170103 nova-scheduler[109602]: DEBUG cotyledon.oslo_config_glue [-] oslo_messaging_rabbit.rabbit_retry_interval = 1 {{(pid=109602) log_opt_values /opt/stack/data/venv/lib/python3.12/site-packages/oslo_config/cfg.py:3006}}
Apr 24 19:12:05.981232 np0000170103 nova-scheduler[109602]: DEBUG cotyledon.oslo_config_glue [-] oslo_messaging_rabbit.rabbit_stream_fanout = False {{(pid=109602) log_opt_values /opt/stack/data/venv/lib/python3.12/site-packages/oslo_config/cfg.py:3006}}
Apr 24 19:12:05.981232 np0000170103 nova-scheduler[109602]: DEBUG cotyledon.oslo_config_glue [-] oslo_messaging_rabbit.rabbit_transient_queues_ttl = 1800 {{(pid=109602) log_opt_values /opt/stack/data/venv/lib/python3.12/site-packages/oslo_config/cfg.py:3006}}
Apr 24 19:12:05.981232 np0000170103 nova-scheduler[109602]: DEBUG cotyledon.oslo_config_glue [-] oslo_messaging_rabbit.rabbit_transient_quorum_queue = False {{(pid=109602) log_opt_values /opt/stack/data/venv/lib/python3.12/site-packages/oslo_config/cfg.py:3006}}
Apr 24 19:12:05.981232 np0000170103 nova-scheduler[109602]: DEBUG cotyledon.oslo_config_glue [-] oslo_messaging_rabbit.rpc_conn_pool_size = 30 {{(pid=109602) log_opt_values /opt/stack/data/venv/lib/python3.12/site-packages/oslo_config/cfg.py:3006}}
Apr 24 19:12:05.981232 np0000170103 nova-scheduler[109602]: DEBUG cotyledon.oslo_config_glue [-] oslo_messaging_rabbit.ssl = False {{(pid=109602) log_opt_values /opt/stack/data/venv/lib/python3.12/site-packages/oslo_config/cfg.py:3006}}
Apr 24 19:12:05.981232 np0000170103 nova-scheduler[109602]: DEBUG cotyledon.oslo_config_glue [-] oslo_messaging_rabbit.ssl_ca_file = {{(pid=109602) log_opt_values /opt/stack/data/venv/lib/python3.12/site-packages/oslo_config/cfg.py:3006}}
Apr 24 19:12:05.981232 np0000170103 nova-scheduler[109602]: DEBUG cotyledon.oslo_config_glue [-] oslo_messaging_rabbit.ssl_cert_file = {{(pid=109602) log_opt_values /opt/stack/data/venv/lib/python3.12/site-packages/oslo_config/cfg.py:3006}}
Apr 24 19:12:05.981232 np0000170103 nova-scheduler[109602]: DEBUG cotyledon.oslo_config_glue [-] oslo_messaging_rabbit.ssl_enforce_fips_mode = False {{(pid=109602) log_opt_values /opt/stack/data/venv/lib/python3.12/site-packages/oslo_config/cfg.py:3006}}
Apr 24 19:12:05.981232 np0000170103 nova-scheduler[109602]: DEBUG cotyledon.oslo_config_glue [-] oslo_messaging_rabbit.ssl_key_file = {{(pid=109602) log_opt_values /opt/stack/data/venv/lib/python3.12/site-packages/oslo_config/cfg.py:3006}}
Apr 24 19:12:05.981483 np0000170103 nova-scheduler[109602]: DEBUG cotyledon.oslo_config_glue [-] oslo_messaging_rabbit.ssl_version = {{(pid=109602) log_opt_values /opt/stack/data/venv/lib/python3.12/site-packages/oslo_config/cfg.py:3006}}
Apr 24 19:12:05.981483 np0000170103 nova-scheduler[109602]: DEBUG cotyledon.oslo_config_glue [-] oslo_messaging_rabbit.use_queue_manager = False {{(pid=109602) log_opt_values /opt/stack/data/venv/lib/python3.12/site-packages/oslo_config/cfg.py:3006}}
Apr 24 19:12:05.981483 np0000170103 nova-scheduler[109602]: DEBUG cotyledon.oslo_config_glue [-] oslo_messaging_notifications.driver = ['messagingv2'] {{(pid=109602) log_opt_values /opt/stack/data/venv/lib/python3.12/site-packages/oslo_config/cfg.py:3006}}
Apr 24 19:12:05.981483 np0000170103 nova-scheduler[109602]: DEBUG cotyledon.oslo_config_glue [-] oslo_messaging_notifications.retry = -1 {{(pid=109602) log_opt_values /opt/stack/data/venv/lib/python3.12/site-packages/oslo_config/cfg.py:3006}}
Apr 24 19:12:05.981483 np0000170103 nova-scheduler[109602]: DEBUG cotyledon.oslo_config_glue [-] oslo_messaging_notifications.topics = ['notifications'] {{(pid=109602) log_opt_values /opt/stack/data/venv/lib/python3.12/site-packages/oslo_config/cfg.py:3006}}
Apr 24 19:12:05.981483 np0000170103 nova-scheduler[109602]: DEBUG cotyledon.oslo_config_glue [-] oslo_messaging_notifications.transport_url = **** {{(pid=109602) log_opt_values /opt/stack/data/venv/lib/python3.12/site-packages/oslo_config/cfg.py:3006}}
Apr 24 19:12:05.981483 np0000170103 nova-scheduler[109602]: DEBUG cotyledon.oslo_config_glue [-] oslo_limit.auth_section = None {{(pid=109602) log_opt_values /opt/stack/data/venv/lib/python3.12/site-packages/oslo_config/cfg.py:3006}}
Apr 24 19:12:05.981483 np0000170103 nova-scheduler[109602]: DEBUG cotyledon.oslo_config_glue [-] oslo_limit.auth_type = None {{(pid=109602) log_opt_values /opt/stack/data/venv/lib/python3.12/site-packages/oslo_config/cfg.py:3006}}
Apr 24 19:12:05.981483 np0000170103 nova-scheduler[109602]: DEBUG cotyledon.oslo_config_glue [-] oslo_limit.cafile = None {{(pid=109602) log_opt_values /opt/stack/data/venv/lib/python3.12/site-packages/oslo_config/cfg.py:3006}}
Apr 24 19:12:05.981808 np0000170103 nova-scheduler[109602]: DEBUG cotyledon.oslo_config_glue [-] oslo_limit.certfile = None {{(pid=109602) log_opt_values /opt/stack/data/venv/lib/python3.12/site-packages/oslo_config/cfg.py:3006}}
Apr 24 19:12:05.981808 np0000170103 nova-scheduler[109602]: DEBUG cotyledon.oslo_config_glue [-] oslo_limit.collect_timing = False {{(pid=109602) log_opt_values /opt/stack/data/venv/lib/python3.12/site-packages/oslo_config/cfg.py:3006}}
Apr 24 19:12:05.981808 np0000170103 nova-scheduler[109602]: DEBUG cotyledon.oslo_config_glue [-] oslo_limit.connect_retries = None {{(pid=109602) log_opt_values /opt/stack/data/venv/lib/python3.12/site-packages/oslo_config/cfg.py:3006}}
Apr 24 19:12:05.981808 np0000170103 nova-scheduler[109602]: DEBUG cotyledon.oslo_config_glue [-] oslo_limit.connect_retry_delay = None {{(pid=109602) log_opt_values /opt/stack/data/venv/lib/python3.12/site-packages/oslo_config/cfg.py:3006}}
Apr 24 19:12:05.981808 np0000170103 nova-scheduler[109602]: DEBUG cotyledon.oslo_config_glue [-] oslo_limit.endpoint_id = None {{(pid=109602) log_opt_values /opt/stack/data/venv/lib/python3.12/site-packages/oslo_config/cfg.py:3006}}
Apr 24 19:12:05.981808 np0000170103 nova-scheduler[109602]: DEBUG cotyledon.oslo_config_glue [-] oslo_limit.endpoint_interface = public {{(pid=109602) log_opt_values /opt/stack/data/venv/lib/python3.12/site-packages/oslo_config/cfg.py:3006}}
Apr 24 19:12:05.981808 np0000170103 nova-scheduler[109602]: DEBUG cotyledon.oslo_config_glue [-] oslo_limit.endpoint_override = None {{(pid=109602) log_opt_values /opt/stack/data/venv/lib/python3.12/site-packages/oslo_config/cfg.py:3006}}
Apr 24 19:12:05.981808 np0000170103 nova-scheduler[109602]: DEBUG cotyledon.oslo_config_glue [-] oslo_limit.endpoint_region_name = None {{(pid=109602) log_opt_values /opt/stack/data/venv/lib/python3.12/site-packages/oslo_config/cfg.py:3006}}
Apr 24 19:12:05.981808 np0000170103 nova-scheduler[109602]: DEBUG cotyledon.oslo_config_glue [-] oslo_limit.endpoint_service_name = None {{(pid=109602) log_opt_values /opt/stack/data/venv/lib/python3.12/site-packages/oslo_config/cfg.py:3006}}
Apr 24 19:12:05.982024 np0000170103 nova-scheduler[109594]: DEBUG oslo_db.sqlalchemy.engines [None req-2499bea5-2b4c-4bc6-bf6c-2e93ccc784c2 None None] MySQL server mode set to STRICT_TRANS_TABLES,STRICT_ALL_TABLES,NO_ZERO_IN_DATE,NO_ZERO_DATE,ERROR_FOR_DIVISION_BY_ZERO,TRADITIONAL,NO_ENGINE_SUBSTITUTION {{(pid=109594) _check_effective_sql_mode /opt/stack/data/venv/lib/python3.12/site-packages/oslo_db/sqlalchemy/engines.py:325}}
Apr 24 19:12:05.982056 np0000170103 nova-scheduler[109602]: DEBUG cotyledon.oslo_config_glue [-] oslo_limit.endpoint_service_type = None {{(pid=109602) log_opt_values /opt/stack/data/venv/lib/python3.12/site-packages/oslo_config/cfg.py:3006}}
Apr 24 19:12:05.982056 np0000170103 nova-scheduler[109602]: DEBUG cotyledon.oslo_config_glue [-] oslo_limit.insecure = False {{(pid=109602) log_opt_values /opt/stack/data/venv/lib/python3.12/site-packages/oslo_config/cfg.py:3006}}
Apr 24 19:12:05.982056 np0000170103 nova-scheduler[109602]: DEBUG cotyledon.oslo_config_glue [-] oslo_limit.keyfile = None {{(pid=109602) log_opt_values /opt/stack/data/venv/lib/python3.12/site-packages/oslo_config/cfg.py:3006}}
Apr 24 19:12:05.982056 np0000170103 nova-scheduler[109602]: DEBUG cotyledon.oslo_config_glue [-] oslo_limit.max_version = None {{(pid=109602) log_opt_values /opt/stack/data/venv/lib/python3.12/site-packages/oslo_config/cfg.py:3006}}
Apr 24 19:12:05.982056 np0000170103 nova-scheduler[109602]: DEBUG cotyledon.oslo_config_glue [-] oslo_limit.min_version = None {{(pid=109602) log_opt_values /opt/stack/data/venv/lib/python3.12/site-packages/oslo_config/cfg.py:3006}}
Apr 24 19:12:05.982056 np0000170103 nova-scheduler[109602]: DEBUG cotyledon.oslo_config_glue [-] oslo_limit.region_name = None {{(pid=109602) log_opt_values /opt/stack/data/venv/lib/python3.12/site-packages/oslo_config/cfg.py:3006}}
Apr 24 19:12:05.982056 np0000170103 nova-scheduler[109602]: DEBUG cotyledon.oslo_config_glue [-] oslo_limit.retriable_status_codes = None {{(pid=109602) log_opt_values /opt/stack/data/venv/lib/python3.12/site-packages/oslo_config/cfg.py:3006}}
Apr 24 19:12:05.982056 np0000170103 nova-scheduler[109602]: DEBUG cotyledon.oslo_config_glue [-] oslo_limit.service_name = None {{(pid=109602) log_opt_values /opt/stack/data/venv/lib/python3.12/site-packages/oslo_config/cfg.py:3006}}
Apr 24 19:12:05.982056 np0000170103 nova-scheduler[109602]: DEBUG cotyledon.oslo_config_glue [-] oslo_limit.service_type = None {{(pid=109602) log_opt_values /opt/stack/data/venv/lib/python3.12/site-packages/oslo_config/cfg.py:3006}}
Apr 24 19:12:05.982275 np0000170103 nova-scheduler[109602]: DEBUG cotyledon.oslo_config_glue [-] oslo_limit.split_loggers = False {{(pid=109602) log_opt_values /opt/stack/data/venv/lib/python3.12/site-packages/oslo_config/cfg.py:3006}}
Apr 24 19:12:05.982310 np0000170103 nova-scheduler[109586]: DEBUG dbcounter [-] [109586] Writer thread running {{(pid=109586) stat_writer /opt/stack/data/venv/lib/python3.12/site-packages/dbcounter.py:102}}
Apr 24 19:12:05.982340 np0000170103 nova-scheduler[109602]: DEBUG cotyledon.oslo_config_glue [-] oslo_limit.status_code_retries = None {{(pid=109602) log_opt_values /opt/stack/data/venv/lib/python3.12/site-packages/oslo_config/cfg.py:3006}}
Apr 24 19:12:05.982340 np0000170103 nova-scheduler[109602]: DEBUG cotyledon.oslo_config_glue [-] oslo_limit.status_code_retry_delay = None {{(pid=109602) log_opt_values /opt/stack/data/venv/lib/python3.12/site-packages/oslo_config/cfg.py:3006}}
Apr 24 19:12:05.982340 np0000170103 nova-scheduler[109602]: DEBUG cotyledon.oslo_config_glue [-] oslo_limit.timeout = None {{(pid=109602) log_opt_values /opt/stack/data/venv/lib/python3.12/site-packages/oslo_config/cfg.py:3006}}
Apr 24 19:12:05.982340 np0000170103 nova-scheduler[109602]: DEBUG cotyledon.oslo_config_glue [-] oslo_limit.valid_interfaces = None {{(pid=109602) log_opt_values /opt/stack/data/venv/lib/python3.12/site-packages/oslo_config/cfg.py:3006}}
Apr 24 19:12:05.982340 np0000170103 nova-scheduler[109602]: DEBUG cotyledon.oslo_config_glue [-] oslo_limit.version = None {{(pid=109602) log_opt_values /opt/stack/data/venv/lib/python3.12/site-packages/oslo_config/cfg.py:3006}}
Apr 24 19:12:05.982340 np0000170103 nova-scheduler[109602]: DEBUG cotyledon.oslo_config_glue [-] oslo_reports.file_event_handler = None {{(pid=109602) log_opt_values /opt/stack/data/venv/lib/python3.12/site-packages/oslo_config/cfg.py:3006}}
Apr 24 19:12:05.982340 np0000170103 nova-scheduler[109602]: DEBUG cotyledon.oslo_config_glue [-] oslo_reports.file_event_handler_interval = 1 {{(pid=109602) log_opt_values /opt/stack/data/venv/lib/python3.12/site-packages/oslo_config/cfg.py:3006}}
Apr 24 19:12:05.982340 np0000170103 nova-scheduler[109602]: DEBUG cotyledon.oslo_config_glue [-] oslo_reports.log_dir = None {{(pid=109602) log_opt_values /opt/stack/data/venv/lib/python3.12/site-packages/oslo_config/cfg.py:3006}}
Apr 24 19:12:05.982340 np0000170103 nova-scheduler[109602]: DEBUG cotyledon.oslo_config_glue [-] ******************************************************************************** {{(pid=109602) log_opt_values /opt/stack/data/venv/lib/python3.12/site-packages/oslo_config/cfg.py:3013}}
Apr 24 19:12:05.982560 np0000170103 nova-scheduler[109602]: DEBUG cotyledon._service_worker [-] Run service ServiceWrapper(3) [109602] {{(pid=109602) wait_forever /opt/stack/data/venv/lib/python3.12/site-packages/cotyledon/_service_worker.py:218}}
Apr 24 19:12:05.982560 np0000170103 nova-scheduler[109602]: INFO nova.service [-] Starting scheduler node (version 33.1.0)
Apr 24 19:12:05.982560 np0000170103 nova-scheduler[109602]: INFO dbcounter [None req-c8739990-4baf-4e4a-89e2-0c94a412f8a0 None None] Registered counter for database nova_cell0
Apr 24 19:12:05.982653 np0000170103 nova-scheduler[109594]: DEBUG dbcounter [-] [109594] Writer thread running {{(pid=109594) stat_writer /opt/stack/data/venv/lib/python3.12/site-packages/dbcounter.py:102}}
Apr 24 19:12:05.984533 np0000170103 nova-scheduler[109586]: DEBUG nova.service [None req-9926259c-6c43-49a9-96a7-c409e8e8beaa None None] Creating RPC server for service: nova-scheduler on topic: scheduler {{(pid=109586) start /opt/stack/nova/nova/service.py:195}}
Apr 24 19:12:05.986266 np0000170103 nova-scheduler[109602]: DEBUG oslo_db.sqlalchemy.engines [None req-c8739990-4baf-4e4a-89e2-0c94a412f8a0 None None] MySQL server mode set to STRICT_TRANS_TABLES,STRICT_ALL_TABLES,NO_ZERO_IN_DATE,NO_ZERO_DATE,ERROR_FOR_DIVISION_BY_ZERO,TRADITIONAL,NO_ENGINE_SUBSTITUTION {{(pid=109602) _check_effective_sql_mode /opt/stack/data/venv/lib/python3.12/site-packages/oslo_db/sqlalchemy/engines.py:325}}
Apr 24 19:12:05.996565 np0000170103 nova-scheduler[109578]: DEBUG nova.service [None req-b3b7be8e-9449-4c45-8c8e-765d2400d3a6 None None] Creating RPC server for service: nova-scheduler on topic: scheduler {{(pid=109578) start /opt/stack/nova/nova/service.py:195}}
Apr 24 19:12:06.001898 np0000170103 nova-scheduler[109602]: DEBUG dbcounter [-] [109602] Writer thread running {{(pid=109602) stat_writer /opt/stack/data/venv/lib/python3.12/site-packages/dbcounter.py:102}}
Apr 24 19:12:06.003099 np0000170103 nova-scheduler[109594]: DEBUG nova.service [None req-2499bea5-2b4c-4bc6-bf6c-2e93ccc784c2 None None] Creating RPC server for service: nova-scheduler on topic: scheduler {{(pid=109594) start /opt/stack/nova/nova/service.py:195}}
Apr 24 19:12:06.005205 np0000170103 nova-scheduler[109602]: DEBUG nova.service [None req-c8739990-4baf-4e4a-89e2-0c94a412f8a0 None None] Creating RPC server for service: nova-scheduler on topic: scheduler {{(pid=109602) start /opt/stack/nova/nova/service.py:195}}
Apr 24 19:12:06.026011 np0000170103 nova-scheduler[109586]: DEBUG nova.service [None req-9926259c-6c43-49a9-96a7-c409e8e8beaa None None] Join ServiceGroup membership for this service scheduler {{(pid=109586) start /opt/stack/nova/nova/service.py:221}}
Apr 24 19:12:06.026566 np0000170103 nova-scheduler[109586]: DEBUG nova.servicegroup.drivers.db [None req-9926259c-6c43-49a9-96a7-c409e8e8beaa None None] DB_Driver: join new ServiceGroup member np0000170103 to the scheduler group, service = {{(pid=109586) join /opt/stack/nova/nova/servicegroup/drivers/db.py:44}}
Apr 24 19:12:06.028710 np0000170103 nova-scheduler[109602]: DEBUG nova.service [None req-c8739990-4baf-4e4a-89e2-0c94a412f8a0 None None] Join ServiceGroup membership for this service scheduler {{(pid=109602) start /opt/stack/nova/nova/service.py:221}}
Apr 24 19:12:06.028710 np0000170103 nova-scheduler[109602]: DEBUG nova.servicegroup.drivers.db [None req-c8739990-4baf-4e4a-89e2-0c94a412f8a0 None None] DB_Driver: join new ServiceGroup member np0000170103 to the scheduler group, service = {{(pid=109602) join /opt/stack/nova/nova/servicegroup/drivers/db.py:44}}
Apr 24 19:12:06.029146 np0000170103 nova-scheduler[109578]: DEBUG nova.service [None req-b3b7be8e-9449-4c45-8c8e-765d2400d3a6 None None] Join ServiceGroup membership for this service scheduler {{(pid=109578) start /opt/stack/nova/nova/service.py:221}}
Apr 24 19:12:06.029803 np0000170103 nova-scheduler[109578]: DEBUG nova.servicegroup.drivers.db [None req-b3b7be8e-9449-4c45-8c8e-765d2400d3a6 None None] DB_Driver: join new ServiceGroup member np0000170103 to the scheduler group, service = {{(pid=109578) join /opt/stack/nova/nova/servicegroup/drivers/db.py:44}}
Apr 24 19:12:06.030288 np0000170103 nova-scheduler[109594]: DEBUG nova.service [None req-2499bea5-2b4c-4bc6-bf6c-2e93ccc784c2 None None] Join ServiceGroup membership for this service scheduler {{(pid=109594) start /opt/stack/nova/nova/service.py:221}}
Apr 24 19:12:06.030511 np0000170103 nova-scheduler[109594]: DEBUG nova.servicegroup.drivers.db [None req-2499bea5-2b4c-4bc6-bf6c-2e93ccc784c2 None None] DB_Driver: join new ServiceGroup member np0000170103 to the scheduler group, service = {{(pid=109594) join /opt/stack/nova/nova/servicegroup/drivers/db.py:44}}
Apr 24 19:12:11.047312 np0000170103 nova-scheduler[109578]: DEBUG oslo.service.backend._threading.loopingcall [-] Fixed interval looping call 'nova.servicegroup.drivers.db.DbDriver._report_state' sleeping for 119.99 seconds {{(pid=109578) _run_loop /opt/stack/data/venv/lib/python3.12/site-packages/oslo_service/backend/_threading/loopingcall.py:125}}
Apr 24 19:12:11.048206 np0000170103 nova-scheduler[109594]: DEBUG oslo.service.backend._threading.loopingcall [-] Fixed interval looping call 'nova.servicegroup.drivers.db.DbDriver._report_state' sleeping for 119.99 seconds {{(pid=109594) _run_loop /opt/stack/data/venv/lib/python3.12/site-packages/oslo_service/backend/_threading/loopingcall.py:125}}
Apr 24 19:12:11.048731 np0000170103 nova-scheduler[109586]: DEBUG oslo.service.backend._threading.loopingcall [-] Fixed interval looping call 'nova.servicegroup.drivers.db.DbDriver._report_state' sleeping for 119.98 seconds {{(pid=109586) _run_loop /opt/stack/data/venv/lib/python3.12/site-packages/oslo_service/backend/_threading/loopingcall.py:125}}
Apr 24 19:12:11.050264 np0000170103 nova-scheduler[109602]: DEBUG oslo.service.backend._threading.loopingcall [-] Fixed interval looping call 'nova.servicegroup.drivers.db.DbDriver._report_state' sleeping for 119.98 seconds {{(pid=109602) _run_loop /opt/stack/data/venv/lib/python3.12/site-packages/oslo_service/backend/_threading/loopingcall.py:125}}
Apr 24 19:12:12.034037 np0000170103 nova-scheduler[109586]: DEBUG oslo.service.backend._threading.loopingcall [None req-d416ca59-baf9-4142-9fef-66fb87ab7cfc None None] Dynamic interval looping call 'nova.service.Service.periodic_tasks' sleeping for 60.00 seconds {{(pid=109586) _run_loop /opt/stack/data/venv/lib/python3.12/site-packages/oslo_service/backend/_threading/loopingcall.py:125}}
Apr 24 19:12:14.582553 np0000170103 nova-scheduler[108798]: DEBUG dbcounter [-] [108798] Writing DB stats nova_api:SELECT=3 {{(pid=108798) stat_writer /opt/stack/data/venv/lib/python3.12/site-packages/dbcounter.py:115}}
Apr 24 19:12:14.716193 np0000170103 nova-scheduler[108798]: DEBUG dbcounter [-] [108798] Writing DB stats nova_cell0:SELECT=1 {{(pid=108798) stat_writer /opt/stack/data/venv/lib/python3.12/site-packages/dbcounter.py:115}}
Apr 24 19:12:14.717313 np0000170103 nova-scheduler[108798]: DEBUG dbcounter [-] [108798] Writing DB stats nova_cell1:SELECT=1 {{(pid=108798) stat_writer /opt/stack/data/venv/lib/python3.12/site-packages/dbcounter.py:115}}
Apr 24 19:12:21.040833 np0000170103 nova-scheduler[109594]: DEBUG dbcounter [-] [109594] Writing DB stats nova_cell0:SELECT=4,nova_cell0:INSERT=1,nova_cell0:UPDATE=1 {{(pid=109594) stat_writer /opt/stack/data/venv/lib/python3.12/site-packages/dbcounter.py:115}}
Apr 24 19:12:21.043566 np0000170103 nova-scheduler[109578]: DEBUG dbcounter [-] [109578] Writing DB stats nova_cell0:SELECT=5,nova_cell0:INSERT=1,nova_cell0:UPDATE=1 {{(pid=109578) stat_writer /opt/stack/data/venv/lib/python3.12/site-packages/dbcounter.py:115}}
Apr 24 19:12:21.044716 np0000170103 nova-scheduler[109586]: DEBUG dbcounter [-] [109586] Writing DB stats nova_cell0:SELECT=4,nova_cell0:INSERT=1,nova_cell0:UPDATE=1 {{(pid=109586) stat_writer /opt/stack/data/venv/lib/python3.12/site-packages/dbcounter.py:115}}
Apr 24 19:12:21.045130 np0000170103 nova-scheduler[109602]: DEBUG dbcounter [-] [109602] Writing DB stats nova_cell0:SELECT=3,nova_cell0:UPDATE=1 {{(pid=109602) stat_writer /opt/stack/data/venv/lib/python3.12/site-packages/dbcounter.py:115}}
Apr 24 19:12:24.032391 np0000170103 nova-scheduler[109602]: DEBUG oslo.service.backend._threading.loopingcall [None req-89bea10a-e6b3-448e-9fd5-11a54c2f2602 None None] Dynamic interval looping call 'nova.service.Service.periodic_tasks' sleeping for 60.00 seconds {{(pid=109602) _run_loop /opt/stack/data/venv/lib/python3.12/site-packages/oslo_service/backend/_threading/loopingcall.py:125}}
Apr 24 19:12:32.033150 np0000170103 nova-scheduler[109594]: DEBUG oslo.service.backend._threading.loopingcall [None req-82110c91-9cbd-48f9-9a38-b152f21817e8 None None] Dynamic interval looping call 'nova.service.Service.periodic_tasks' sleeping for 60.00 seconds {{(pid=109594) _run_loop /opt/stack/data/venv/lib/python3.12/site-packages/oslo_service/backend/_threading/loopingcall.py:125}}
Apr 24 19:12:52.034973 np0000170103 nova-scheduler[109578]: DEBUG oslo.service.backend._threading.loopingcall [None req-cf5a1098-8679-4a7a-bd51-51caf07d6653 None None] Dynamic interval looping call 'nova.service.Service.periodic_tasks' sleeping for 60.00 seconds {{(pid=109578) _run_loop /opt/stack/data/venv/lib/python3.12/site-packages/oslo_service/backend/_threading/loopingcall.py:125}}
Apr 24 19:13:12.034999 np0000170103 nova-scheduler[109586]: DEBUG oslo.service.backend._threading.loopingcall [None req-d416ca59-baf9-4142-9fef-66fb87ab7cfc None None] Dynamic interval looping call 'nova.service.Service.periodic_tasks' sleeping for 60.00 seconds {{(pid=109586) _run_loop /opt/stack/data/venv/lib/python3.12/site-packages/oslo_service/backend/_threading/loopingcall.py:125}}
Apr 24 19:13:24.033204 np0000170103 nova-scheduler[109602]: DEBUG oslo.service.backend._threading.loopingcall [None req-89bea10a-e6b3-448e-9fd5-11a54c2f2602 None None] Dynamic interval looping call 'nova.service.Service.periodic_tasks' sleeping for 60.00 seconds {{(pid=109602) _run_loop /opt/stack/data/venv/lib/python3.12/site-packages/oslo_service/backend/_threading/loopingcall.py:125}}
Apr 24 19:13:32.033926 np0000170103 nova-scheduler[109594]: DEBUG oslo.service.backend._threading.loopingcall [None req-82110c91-9cbd-48f9-9a38-b152f21817e8 None None] Dynamic interval looping call 'nova.service.Service.periodic_tasks' sleeping for 60.00 seconds {{(pid=109594) _run_loop /opt/stack/data/venv/lib/python3.12/site-packages/oslo_service/backend/_threading/loopingcall.py:125}}
Apr 24 19:13:52.035776 np0000170103 nova-scheduler[109578]: DEBUG oslo.service.backend._threading.loopingcall [None req-cf5a1098-8679-4a7a-bd51-51caf07d6653 None None] Dynamic interval looping call 'nova.service.Service.periodic_tasks' sleeping for 60.00 seconds {{(pid=109578) _run_loop /opt/stack/data/venv/lib/python3.12/site-packages/oslo_service/backend/_threading/loopingcall.py:125}}
Apr 24 19:14:11.039904 np0000170103 nova-scheduler[109586]: DEBUG oslo.service.backend._threading.loopingcall [-] Fixed interval looping call 'nova.servicegroup.drivers.db.DbDriver._report_state' sleeping for 119.99 seconds {{(pid=109586) _run_loop /opt/stack/data/venv/lib/python3.12/site-packages/oslo_service/backend/_threading/loopingcall.py:125}}
Apr 24 19:14:11.040808 np0000170103 nova-scheduler[109602]: DEBUG oslo.service.backend._threading.loopingcall [-] Fixed interval looping call 'nova.servicegroup.drivers.db.DbDriver._report_state' sleeping for 119.99 seconds {{(pid=109602) _run_loop /opt/stack/data/venv/lib/python3.12/site-packages/oslo_service/backend/_threading/loopingcall.py:125}}
Apr 24 19:14:11.042796 np0000170103 nova-scheduler[109578]: DEBUG oslo.service.backend._threading.loopingcall [-] Fixed interval looping call 'nova.servicegroup.drivers.db.DbDriver._report_state' sleeping for 119.99 seconds {{(pid=109578) _run_loop /opt/stack/data/venv/lib/python3.12/site-packages/oslo_service/backend/_threading/loopingcall.py:125}}
Apr 24 19:14:11.045240 np0000170103 nova-scheduler[109594]: DEBUG oslo.service.backend._threading.loopingcall [-] Fixed interval looping call 'nova.servicegroup.drivers.db.DbDriver._report_state' sleeping for 119.99 seconds {{(pid=109594) _run_loop /opt/stack/data/venv/lib/python3.12/site-packages/oslo_service/backend/_threading/loopingcall.py:125}}
Apr 24 19:14:12.035816 np0000170103 nova-scheduler[109586]: DEBUG oslo.service.backend._threading.loopingcall [None req-d416ca59-baf9-4142-9fef-66fb87ab7cfc None None] Dynamic interval looping call 'nova.service.Service.periodic_tasks' sleeping for 60.00 seconds {{(pid=109586) _run_loop /opt/stack/data/venv/lib/python3.12/site-packages/oslo_service/backend/_threading/loopingcall.py:125}}
Apr 24 19:14:21.034123 np0000170103 nova-scheduler[109586]: DEBUG dbcounter [-] [109586] Writing DB stats nova_cell0:SELECT=1,nova_cell0:UPDATE=1 {{(pid=109586) stat_writer /opt/stack/data/venv/lib/python3.12/site-packages/dbcounter.py:115}}
Apr 24 19:14:21.035576 np0000170103 nova-scheduler[109602]: DEBUG dbcounter [-] [109602] Writing DB stats nova_cell0:SELECT=1,nova_cell0:UPDATE=1 {{(pid=109602) stat_writer /opt/stack/data/venv/lib/python3.12/site-packages/dbcounter.py:115}}
Apr 24 19:14:21.039984 np0000170103 nova-scheduler[109578]: DEBUG dbcounter [-] [109578] Writing DB stats nova_cell0:SELECT=1 {{(pid=109578) stat_writer /opt/stack/data/venv/lib/python3.12/site-packages/dbcounter.py:115}}
Apr 24 19:14:21.041696 np0000170103 nova-scheduler[109594]: DEBUG dbcounter [-] [109594] Writing DB stats nova_cell0:SELECT=1 {{(pid=109594) stat_writer /opt/stack/data/venv/lib/python3.12/site-packages/dbcounter.py:115}}
Apr 24 19:14:24.034053 np0000170103 nova-scheduler[109602]: DEBUG oslo.service.backend._threading.loopingcall [None req-89bea10a-e6b3-448e-9fd5-11a54c2f2602 None None] Dynamic interval looping call 'nova.service.Service.periodic_tasks' sleeping for 60.00 seconds {{(pid=109602) _run_loop /opt/stack/data/venv/lib/python3.12/site-packages/oslo_service/backend/_threading/loopingcall.py:125}}
Apr 24 19:14:32.034611 np0000170103 nova-scheduler[109594]: DEBUG oslo.service.backend._threading.loopingcall [None req-82110c91-9cbd-48f9-9a38-b152f21817e8 None None] Dynamic interval looping call 'nova.service.Service.periodic_tasks' sleeping for 60.00 seconds {{(pid=109594) _run_loop /opt/stack/data/venv/lib/python3.12/site-packages/oslo_service/backend/_threading/loopingcall.py:125}}
Apr 24 19:14:52.036660 np0000170103 nova-scheduler[109578]: DEBUG oslo.service.backend._threading.loopingcall [None req-cf5a1098-8679-4a7a-bd51-51caf07d6653 None None] Dynamic interval looping call 'nova.service.Service.periodic_tasks' sleeping for 60.00 seconds {{(pid=109578) _run_loop /opt/stack/data/venv/lib/python3.12/site-packages/oslo_service/backend/_threading/loopingcall.py:125}}
Apr 24 19:15:12.036337 np0000170103 nova-scheduler[109586]: DEBUG oslo.service.backend._threading.loopingcall [None req-d416ca59-baf9-4142-9fef-66fb87ab7cfc None None] Dynamic interval looping call 'nova.service.Service.periodic_tasks' sleeping for 60.00 seconds {{(pid=109586) _run_loop /opt/stack/data/venv/lib/python3.12/site-packages/oslo_service/backend/_threading/loopingcall.py:125}}
Apr 24 19:15:24.034907 np0000170103 nova-scheduler[109602]: DEBUG oslo.service.backend._threading.loopingcall [None req-89bea10a-e6b3-448e-9fd5-11a54c2f2602 None None] Dynamic interval looping call 'nova.service.Service.periodic_tasks' sleeping for 60.00 seconds {{(pid=109602) _run_loop /opt/stack/data/venv/lib/python3.12/site-packages/oslo_service/backend/_threading/loopingcall.py:125}}
Apr 24 19:15:32.035391 np0000170103 nova-scheduler[109594]: DEBUG oslo.service.backend._threading.loopingcall [None req-82110c91-9cbd-48f9-9a38-b152f21817e8 None None] Dynamic interval looping call 'nova.service.Service.periodic_tasks' sleeping for 60.00 seconds {{(pid=109594) _run_loop /opt/stack/data/venv/lib/python3.12/site-packages/oslo_service/backend/_threading/loopingcall.py:125}}
Apr 24 19:15:52.038555 np0000170103 nova-scheduler[109578]: DEBUG oslo.service.backend._threading.loopingcall [None req-cf5a1098-8679-4a7a-bd51-51caf07d6653 None None] Dynamic interval looping call 'nova.service.Service.periodic_tasks' sleeping for 60.00 seconds {{(pid=109578) _run_loop /opt/stack/data/venv/lib/python3.12/site-packages/oslo_service/backend/_threading/loopingcall.py:125}}
Apr 24 19:16:06.034003 np0000170103 nova-scheduler[109586]: DEBUG nova.scheduler.manager [None req-a97168fe-915e-4b11-8552-e1266ffde9fd demo demo] Starting to schedule for instances: ['016fd4db-1536-4451-8788-cd5928135072'] {{(pid=109586) select_destinations /opt/stack/nova/nova/scheduler/manager.py:210}}
Apr 24 19:16:06.036532 np0000170103 nova-scheduler[109586]: DEBUG oslo_db.sqlalchemy.engines [None req-a97168fe-915e-4b11-8552-e1266ffde9fd demo demo] Parent process 108798 forked (109586) with an open database connection, which is being discarded and recreated. {{(pid=109586) checkout /opt/stack/data/venv/lib/python3.12/site-packages/oslo_db/sqlalchemy/engines.py:402}}
Apr 24 19:16:06.043593 np0000170103 nova-scheduler[109586]: DEBUG dbcounter [-] [109586] Writer thread running {{(pid=109586) stat_writer /opt/stack/data/venv/lib/python3.12/site-packages/dbcounter.py:102}}
Apr 24 19:16:06.045873 np0000170103 nova-scheduler[109586]: DEBUG nova.scheduler.request_filter [None req-a97168fe-915e-4b11-8552-e1266ffde9fd demo demo] Request filter 'map_az_to_placement_aggregate' took 0.0 seconds {{(pid=109586) wrapper /opt/stack/nova/nova/scheduler/request_filter.py:46}}
Apr 24 19:16:06.046163 np0000170103 nova-scheduler[109586]: DEBUG nova.scheduler.request_filter [None req-a97168fe-915e-4b11-8552-e1266ffde9fd demo demo] compute_status_filter request filter added forbidden trait COMPUTE_STATUS_DISABLED {{(pid=109586) compute_status_filter /opt/stack/nova/nova/scheduler/request_filter.py:253}}
Apr 24 19:16:06.046266 np0000170103 nova-scheduler[109586]: DEBUG nova.scheduler.request_filter [None req-a97168fe-915e-4b11-8552-e1266ffde9fd demo demo] Request filter 'compute_status_filter' took 0.0 seconds {{(pid=109586) wrapper /opt/stack/nova/nova/scheduler/request_filter.py:46}}
