2026-05-25 19:14:47.573 8 INFO cinder.api.openstack.wsgi [None req-083f5ebd-3863-4000-8eb7-9968f8a62458 66197a1e3cd345e3ab49688122413964 ca192ecf0f8f481f8cdcdde03ba9e74c - - default default] http://cinder-api.openstack.svc.cluster.local:8776/v3/ca192ecf0f8f481f8cdcdde03ba9e74c/os-quota-sets/fce9e207f8b04936b32e966b5ead427e?usage=true returned with HTTP 200 [pid: 8|app: 0|req: 489/980] 10.0.0.74 () {28 vars in 734 bytes} [Mon May 25 19:14:47 2026] GET /v3/ca192ecf0f8f481f8cdcdde03ba9e74c/os-quota-sets/fce9e207f8b04936b32e966b5ead427e?usage=true => generated 847 bytes in 32 msecs (HTTP/1.1 200) 7 headers in 285 bytes (1 switches on core 0)
2026-05-25 19:14:47.584 7 INFO cinder.api.openstack.wsgi [None req-fd6302ca-fb5e-489f-9d8d-0f1a97dfad71 66197a1e3cd345e3ab49688122413964 ca192ecf0f8f481f8cdcdde03ba9e74c - - default default] GET http://cinder-api.openstack.svc.cluster.local:8776/v3/ca192ecf0f8f481f8cdcdde03ba9e74c/volumes/detail?all_tenants=true
2026-05-25 19:14:47.594 7 INFO cinder.volume.api [None req-fd6302ca-fb5e-489f-9d8d-0f1a97dfad71 66197a1e3cd345e3ab49688122413964 ca192ecf0f8f481f8cdcdde03ba9e74c - - default default] Get all volumes completed successfully.
2026-05-25 19:14:47.596 7 INFO cinder.api.openstack.wsgi [None req-fd6302ca-fb5e-489f-9d8d-0f1a97dfad71 66197a1e3cd345e3ab49688122413964 ca192ecf0f8f481f8cdcdde03ba9e74c - - default default] http://cinder-api.openstack.svc.cluster.local:8776/v3/ca192ecf0f8f481f8cdcdde03ba9e74c/volumes/detail?all_tenants=true returned with HTTP 200 [pid: 7|app: 0|req: 492/981] 10.0.0.74 () {28 vars in 682 bytes} [Mon May 25 19:14:47 2026] GET /v3/ca192ecf0f8f481f8cdcdde03ba9e74c/volumes/detail?all_tenants=true => generated 15 bytes in 19 msecs (HTTP/1.1 200) 7 headers in 284 bytes (1 switches on core 0)
2026-05-25 19:14:47.611 8 INFO cinder.api.openstack.wsgi [None req-19589db7-bdd1-4bf7-aaa0-f48bb3f46689 66197a1e3cd345e3ab49688122413964 ca192ecf0f8f481f8cdcdde03ba9e74c - - default default] GET http://cinder-api.openstack.svc.cluster.local:8776/v3/ca192ecf0f8f481f8cdcdde03ba9e74c/scheduler-stats/get_pools?detail=true
2026-05-25 19:14:48.116 8 INFO cinder.api.openstack.wsgi [None req-19589db7-bdd1-4bf7-aaa0-f48bb3f46689 66197a1e3cd345e3ab49688122413964 ca192ecf0f8f481f8cdcdde03ba9e74c - - default default] http://cinder-api.openstack.svc.cluster.local:8776/v3/ca192ecf0f8f481f8cdcdde03ba9e74c/scheduler-stats/get_pools?detail=true returned with HTTP 200 [pid: 8|app: 0|req: 490/982] 10.0.0.74 () {28 vars in 694 bytes} [Mon May 25 19:14:47 2026] GET /v3/ca192ecf0f8f481f8cdcdde03ba9e74c/scheduler-stats/get_pools?detail=true => generated 670 bytes in 517 msecs (HTTP/1.1 200) 7 headers in 285 bytes (1 switches on core 0)
2026-05-25 19:14:56.581 7 INFO cinder.api.openstack.wsgi [None req-fd6302ca-fb5e-489f-9d8d-0f1a97dfad71 66197a1e3cd345e3ab49688122413964 ca192ecf0f8f481f8cdcdde03ba9e74c - - default default] GET http://10.0.0.12:8776/
2026-05-25 19:14:56.582 8 INFO cinder.api.openstack.wsgi [None req-19589db7-bdd1-4bf7-aaa0-f48bb3f46689 66197a1e3cd345e3ab49688122413964 ca192ecf0f8f481f8cdcdde03ba9e74c - - default default] GET http://10.0.0.12:8776/
2026-05-25 19:14:56.582 7 INFO cinder.api.openstack.wsgi [None req-fd6302ca-fb5e-489f-9d8d-0f1a97dfad71 66197a1e3cd345e3ab49688122413964 ca192ecf0f8f481f8cdcdde03ba9e74c - - default default] http://10.0.0.12:8776/ returned with HTTP 300
2026-05-25 19:14:56.583 8 INFO cinder.api.openstack.wsgi [None req-19589db7-bdd1-4bf7-aaa0-f48bb3f46689 66197a1e3cd345e3ab49688122413964 ca192ecf0f8f481f8cdcdde03ba9e74c - - default default] http://10.0.0.12:8776/ returned with HTTP 300
2026-05-25 19:15:06.581 7 INFO cinder.api.openstack.wsgi [None req-fd6302ca-fb5e-489f-9d8d-0f1a97dfad71 66197a1e3cd345e3ab49688122413964 ca192ecf0f8f481f8cdcdde03ba9e74c - - default default] GET http://10.0.0.12:8776/
2026-05-25 19:15:06.581 8 INFO cinder.api.openstack.wsgi [None req-19589db7-bdd1-4bf7-aaa0-f48bb3f46689 66197a1e3cd345e3ab49688122413964 ca192ecf0f8f481f8cdcdde03ba9e74c - - default default] GET http://10.0.0.12:8776/
2026-05-25 19:15:06.582 7 INFO cinder.api.openstack.wsgi [None req-fd6302ca-fb5e-489f-9d8d-0f1a97dfad71 66197a1e3cd345e3ab49688122413964 ca192ecf0f8f481f8cdcdde03ba9e74c - - default default] http://10.0.0.12:8776/ returned with HTTP 300
2026-05-25 19:15:06.582 8 INFO cinder.api.openstack.wsgi [None req-19589db7-bdd1-4bf7-aaa0-f48bb3f46689 66197a1e3cd345e3ab49688122413964 ca192ecf0f8f481f8cdcdde03ba9e74c - - default default] http://10.0.0.12:8776/ returned with HTTP 300
2026-05-25 19:15:16.582 7 INFO cinder.api.openstack.wsgi [None req-fd6302ca-fb5e-489f-9d8d-0f1a97dfad71 66197a1e3cd345e3ab49688122413964 ca192ecf0f8f481f8cdcdde03ba9e74c - - default default] GET http://10.0.0.12:8776/
2026-05-25 19:15:16.583 7 INFO cinder.api.openstack.wsgi [None req-fd6302ca-fb5e-489f-9d8d-0f1a97dfad71 66197a1e3cd345e3ab49688122413964 ca192ecf0f8f481f8cdcdde03ba9e74c - - default default] http://10.0.0.12:8776/ returned with HTTP 300
2026-05-25 19:15:16.583 8 INFO cinder.api.openstack.wsgi [None req-19589db7-bdd1-4bf7-aaa0-f48bb3f46689 66197a1e3cd345e3ab49688122413964 ca192ecf0f8f481f8cdcdde03ba9e74c - - default default] GET http://10.0.0.12:8776/
2026-05-25 19:15:16.586 8 INFO cinder.api.openstack.wsgi [None req-19589db7-bdd1-4bf7-aaa0-f48bb3f46689 66197a1e3cd345e3ab49688122413964 ca192ecf0f8f481f8cdcdde03ba9e74c - - default default] http://10.0.0.12:8776/ returned with HTTP 300
2026-05-25 19:15:26.580 7 INFO cinder.api.openstack.wsgi [None req-fd6302ca-fb5e-489f-9d8d-0f1a97dfad71 66197a1e3cd345e3ab49688122413964 ca192ecf0f8f481f8cdcdde03ba9e74c - - default default] GET http://10.0.0.12:8776/
2026-05-25 19:15:26.581 8 INFO cinder.api.openstack.wsgi [None req-19589db7-bdd1-4bf7-aaa0-f48bb3f46689 66197a1e3cd345e3ab49688122413964 ca192ecf0f8f481f8cdcdde03ba9e74c - - default default] GET http://10.0.0.12:8776/
2026-05-25 19:15:26.582 7 INFO cinder.api.openstack.wsgi [None req-fd6302ca-fb5e-489f-9d8d-0f1a97dfad71 66197a1e3cd345e3ab49688122413964 ca192ecf0f8f481f8cdcdde03ba9e74c - - default default] http://10.0.0.12:8776/ returned with HTTP 300
2026-05-25 19:15:26.582 8 INFO cinder.api.openstack.wsgi [None req-19589db7-bdd1-4bf7-aaa0-f48bb3f46689 66197a1e3cd345e3ab49688122413964 ca192ecf0f8f481f8cdcdde03ba9e74c - - default default] http://10.0.0.12:8776/ returned with HTTP 300
2026-05-25 19:15:36.581 7 INFO cinder.api.openstack.wsgi [None req-fd6302ca-fb5e-489f-9d8d-0f1a97dfad71 66197a1e3cd345e3ab49688122413964 ca192ecf0f8f481f8cdcdde03ba9e74c - - default default] GET http://10.0.0.12:8776/
2026-05-25 19:15:36.581 8 INFO cinder.api.openstack.wsgi [None req-19589db7-bdd1-4bf7-aaa0-f48bb3f46689 66197a1e3cd345e3ab49688122413964 ca192ecf0f8f481f8cdcdde03ba9e74c - - default default] GET http://10.0.0.12:8776/
2026-05-25 19:15:36.582 7 INFO cinder.api.openstack.wsgi [None req-fd6302ca-fb5e-489f-9d8d-0f1a97dfad71 66197a1e3cd345e3ab49688122413964 ca192ecf0f8f481f8cdcdde03ba9e74c - - default default] http://10.0.0.12:8776/ returned with HTTP 300
2026-05-25 19:15:36.583 8 INFO cinder.api.openstack.wsgi [None req-19589db7-bdd1-4bf7-aaa0-f48bb3f46689 66197a1e3cd345e3ab49688122413964 ca192ecf0f8f481f8cdcdde03ba9e74c - - default default] http://10.0.0.12:8776/ returned with HTTP 300
2026-05-25 19:15:46.582 8 INFO cinder.api.openstack.wsgi [None req-19589db7-bdd1-4bf7-aaa0-f48bb3f46689 66197a1e3cd345e3ab49688122413964 ca192ecf0f8f481f8cdcdde03ba9e74c - - default default] GET http://10.0.0.12:8776/
2026-05-25 19:15:46.581 7 INFO cinder.api.openstack.wsgi [None req-fd6302ca-fb5e-489f-9d8d-0f1a97dfad71 66197a1e3cd345e3ab49688122413964 ca192ecf0f8f481f8cdcdde03ba9e74c - - default default] GET http://10.0.0.12:8776/
2026-05-25 19:15:46.583 8 INFO cinder.api.openstack.wsgi [None req-19589db7-bdd1-4bf7-aaa0-f48bb3f46689 66197a1e3cd345e3ab49688122413964 ca192ecf0f8f481f8cdcdde03ba9e74c - - default default] http://10.0.0.12:8776/ returned with HTTP 300
2026-05-25 19:15:46.583 7 INFO cinder.api.openstack.wsgi [None req-fd6302ca-fb5e-489f-9d8d-0f1a97dfad71 66197a1e3cd345e3ab49688122413964 ca192ecf0f8f481f8cdcdde03ba9e74c - - default default] http://10.0.0.12:8776/ returned with HTTP 300
2026-05-25 19:15:46.936 8 INFO cinder.api.openstack.wsgi [None req-6fb2c9f7-2129-433c-9f2b-13c06048946b 66197a1e3cd345e3ab49688122413964 ca192ecf0f8f481f8cdcdde03ba9e74c - - default default] GET http://cinder-api.openstack.svc.cluster.local:8776/v3/ca192ecf0f8f481f8cdcdde03ba9e74c/snapshots?all_tenants=true
2026-05-25 19:15:46.944 8 INFO cinder.volume.api [None req-6fb2c9f7-2129-433c-9f2b-13c06048946b 66197a1e3cd345e3ab49688122413964 ca192ecf0f8f481f8cdcdde03ba9e74c - - default default] Get all snapshots completed successfully.
2026-05-25 19:15:46.945 8 INFO cinder.api.openstack.wsgi [None req-6fb2c9f7-2129-433c-9f2b-13c06048946b 66197a1e3cd345e3ab49688122413964 ca192ecf0f8f481f8cdcdde03ba9e74c - - default default] http://cinder-api.openstack.svc.cluster.local:8776/v3/ca192ecf0f8f481f8cdcdde03ba9e74c/snapshots?all_tenants=true returned with HTTP 200 [pid: 8|app: 0|req: 497/995] 10.0.0.74 () {28 vars in 672 bytes} [Mon May 25 19:15:46 2026] GET /v3/ca192ecf0f8f481f8cdcdde03ba9e74c/snapshots?all_tenants=true => generated 17 bytes in 69 msecs (HTTP/1.1 200) 7 headers in 284 bytes (1 switches on core 0)
2026-05-25 19:15:46.957 7 INFO cinder.api.openstack.wsgi [None req-0203ca24-a6d8-4c07-ae8e-dc86c9577ad1 66197a1e3cd345e3ab49688122413964 ca192ecf0f8f481f8cdcdde03ba9e74c - - default default] GET http://cinder-api.openstack.svc.cluster.local:8776/v3/ca192ecf0f8f481f8cdcdde03ba9e74c/os-services
2026-05-25 19:15:46.965 7 INFO cinder.api.openstack.wsgi [None req-0203ca24-a6d8-4c07-ae8e-dc86c9577ad1 66197a1e3cd345e3ab49688122413964 ca192ecf0f8f481f8cdcdde03ba9e74c - - default default] http://cinder-api.openstack.svc.cluster.local:8776/v3/ca192ecf0f8f481f8cdcdde03ba9e74c/os-services returned with HTTP 200 [pid: 7|app: 0|req: 499/996] 10.0.0.74 () {28 vars in 643 bytes} [Mon May 25 19:15:46 2026] GET /v3/ca192ecf0f8f481f8cdcdde03ba9e74c/os-services => generated 646 bytes in 17 msecs (HTTP/1.1 200) 7 headers in 285 bytes (1 switches on core 0)
2026-05-25 19:15:47.029 8 INFO cinder.api.openstack.wsgi [None req-4f1fbc53-0dc6-4137-9c56-536318540726 66197a1e3cd345e3ab49688122413964 ca192ecf0f8f481f8cdcdde03ba9e74c - - default default] GET http://cinder-api.openstack.svc.cluster.local:8776/v3/ca192ecf0f8f481f8cdcdde03ba9e74c/os-quota-sets/286f56f138fc4c24b4342b169c8f3e7b?usage=true
2026-05-25 19:15:47.267 8 INFO cinder.api.openstack.wsgi [None req-4f1fbc53-0dc6-4137-9c56-536318540726 66197a1e3cd345e3ab49688122413964 ca192ecf0f8f481f8cdcdde03ba9e74c - - default default] http://cinder-api.openstack.svc.cluster.local:8776/v3/ca192ecf0f8f481f8cdcdde03ba9e74c/os-quota-sets/286f56f138fc4c24b4342b169c8f3e7b?usage=true returned with HTTP 200 [pid: 8|app: 0|req: 498/997] 10.0.0.74 () {28 vars in 734 bytes} [Mon May 25 19:15:47 2026] GET /v3/ca192ecf0f8f481f8cdcdde03ba9e74c/os-quota-sets/286f56f138fc4c24b4342b169c8f3e7b?usage=true => generated 847 bytes in 247 msecs (HTTP/1.1 200) 7 headers in 285 bytes (1 switches on core 0)
2026-05-25 19:15:47.291 7 INFO cinder.api.openstack.wsgi [None req-18066868-570f-41b2-8a4f-a8637303e107 66197a1e3cd345e3ab49688122413964 ca192ecf0f8f481f8cdcdde03ba9e74c - - default default] GET http://cinder-api.openstack.svc.cluster.local:8776/v3/ca192ecf0f8f481f8cdcdde03ba9e74c/os-quota-sets/32f40943aaca4625ba9108690137af76?usage=true
2026-05-25 19:15:47.316 7 INFO cinder.api.openstack.wsgi [None req-18066868-570f-41b2-8a4f-a8637303e107 66197a1e3cd345e3ab49688122413964 ca192ecf0f8f481f8cdcdde03ba9e74c - - default default] http://cinder-api.openstack.svc.cluster.local:8776/v3/ca192ecf0f8f481f8cdcdde03ba9e74c/os-quota-sets/32f40943aaca4625ba9108690137af76?usage=true returned with HTTP 200 [pid: 7|app: 0|req: 500/998] 10.0.0.74 () {28 vars in 734 bytes} [Mon May 25 19:15:47 2026] GET /v3/ca192ecf0f8f481f8cdcdde03ba9e74c/os-quota-sets/32f40943aaca4625ba9108690137af76?usage=true => generated 847 bytes in 46 msecs (HTTP/1.1 200) 7 headers in 285 bytes (1 switches on core 0)
2026-05-25 19:15:47.328 8 INFO cinder.api.openstack.wsgi [None req-d711bf82-d921-42eb-adf7-9ce74fc76d4e 66197a1e3cd345e3ab49688122413964 ca192ecf0f8f481f8cdcdde03ba9e74c - - default default] GET http://cinder-api.openstack.svc.cluster.local:8776/v3/ca192ecf0f8f481f8cdcdde03ba9e74c/os-quota-sets/4da660a34a0a4d34875ba3bb52080539?usage=true
2026-05-25 19:15:47.347 8 INFO cinder.api.openstack.wsgi [None req-d711bf82-d921-42eb-adf7-9ce74fc76d4e 66197a1e3cd345e3ab49688122413964 ca192ecf0f8f481f8cdcdde03ba9e74c - - default default] http://cinder-api.openstack.svc.cluster.local:8776/v3/ca192ecf0f8f481f8cdcdde03ba9e74c/os-quota-sets/4da660a34a0a4d34875ba3bb52080539?usage=true returned with HTTP 200 [pid: 8|app: 0|req: 499/999] 10.0.0.74 () {28 vars in 734 bytes} [Mon May 25 19:15:47 2026] GET /v3/ca192ecf0f8f481f8cdcdde03ba9e74c/os-quota-sets/4da660a34a0a4d34875ba3bb52080539?usage=true => generated 847 bytes in 27 msecs (HTTP/1.1 200) 7 headers in 285 bytes (1 switches on core 0)
2026-05-25 19:15:47.375 7 INFO cinder.api.openstack.wsgi [None req-a1559947-2969-4aec-8ca5-1ace072f7271 66197a1e3cd345e3ab49688122413964 ca192ecf0f8f481f8cdcdde03ba9e74c - - default default] GET http://cinder-api.openstack.svc.cluster.local:8776/v3/ca192ecf0f8f481f8cdcdde03ba9e74c/os-quota-sets/671bb413364f4047b7803e577d688ec8?usage=true
2026-05-25 19:15:47.406 7 INFO cinder.api.openstack.wsgi [None req-a1559947-2969-4aec-8ca5-1ace072f7271 66197a1e3cd345e3ab49688122413964 ca192ecf0f8f481f8cdcdde03ba9e74c - - default default] http://cinder-api.openstack.svc.cluster.local:8776/v3/ca192ecf0f8f481f8cdcdde03ba9e74c/os-quota-sets/671bb413364f4047b7803e577d688ec8?usage=true returned with HTTP 200 [pid: 7|app: 0|req: 501/1000] 10.0.0.74 () {28 vars in 734 bytes} [Mon May 25 19:15:47 2026] GET /v3/ca192ecf0f8f481f8cdcdde03ba9e74c/os-quota-sets/671bb413364f4047b7803e577d688ec8?usage=true => generated 845 bytes in 40 msecs (HTTP/1.1 200) 7 headers in 285 bytes (1 switches on core 0)
2026-05-25 19:15:47.420 8 INFO cinder.api.openstack.wsgi [None req-0832ff84-e90c-4eac-933f-4e1cacb3f1f0 66197a1e3cd345e3ab49688122413964 ca192ecf0f8f481f8cdcdde03ba9e74c - - default default] GET http://cinder-api.openstack.svc.cluster.local:8776/v3/ca192ecf0f8f481f8cdcdde03ba9e74c/os-quota-sets/731fb1f1e1ea4e6782b093c73b8d24a0?usage=true
2026-05-25 19:15:47.442 8 INFO cinder.api.openstack.wsgi [None req-0832ff84-e90c-4eac-933f-4e1cacb3f1f0 66197a1e3cd345e3ab49688122413964 ca192ecf0f8f481f8cdcdde03ba9e74c - - default default] http://cinder-api.openstack.svc.cluster.local:8776/v3/ca192ecf0f8f481f8cdcdde03ba9e74c/os-quota-sets/731fb1f1e1ea4e6782b093c73b8d24a0?usage=true returned with HTTP 200 [pid: 8|app: 0|req: 500/1001] 10.0.0.74 () {28 vars in 734 bytes} [Mon May 25 19:15:47 2026] GET /v3/ca192ecf0f8f481f8cdcdde03ba9e74c/os-quota-sets/731fb1f1e1ea4e6782b093c73b8d24a0?usage=true => generated 847 bytes in 32 msecs (HTTP/1.1 200) 7 headers in 285 bytes (1 switches on core 0)
2026-05-25 19:15:47.455 7 INFO cinder.api.openstack.wsgi [None req-0ed11645-049a-48ff-8484-9f27bf587eeb 66197a1e3cd345e3ab49688122413964 ca192ecf0f8f481f8cdcdde03ba9e74c - - default default] GET http://cinder-api.openstack.svc.cluster.local:8776/v3/ca192ecf0f8f481f8cdcdde03ba9e74c/os-quota-sets/98b1b14bc019435a82dea3750ebc629e?usage=true
2026-05-25 19:15:47.473 7 INFO cinder.api.openstack.wsgi [None req-0ed11645-049a-48ff-8484-9f27bf587eeb 66197a1e3cd345e3ab49688122413964 ca192ecf0f8f481f8cdcdde03ba9e74c - - default default] http://cinder-api.openstack.svc.cluster.local:8776/v3/ca192ecf0f8f481f8cdcdde03ba9e74c/os-quota-sets/98b1b14bc019435a82dea3750ebc629e?usage=true returned with HTTP 200 [pid: 7|app: 0|req: 502/1002] 10.0.0.74 () {28 vars in 734 bytes} [Mon May 25 19:15:47 2026] GET /v3/ca192ecf0f8f481f8cdcdde03ba9e74c/os-quota-sets/98b1b14bc019435a82dea3750ebc629e?usage=true => generated 847 bytes in 28 msecs (HTTP/1.1 200) 7 headers in 285 bytes (1 switches on core 0)
2026-05-25 19:15:47.488 8 INFO cinder.api.openstack.wsgi [None req-4c9790c0-14fa-4816-a575-54decc5c8b85 66197a1e3cd345e3ab49688122413964 ca192ecf0f8f481f8cdcdde03ba9e74c - - default default] GET http://cinder-api.openstack.svc.cluster.local:8776/v3/ca192ecf0f8f481f8cdcdde03ba9e74c/os-quota-sets/aecfeb672c634d709f688f83bee8752b?usage=true
2026-05-25 19:15:47.510 8 INFO cinder.api.openstack.wsgi [None req-4c9790c0-14fa-4816-a575-54decc5c8b85 66197a1e3cd345e3ab49688122413964 ca192ecf0f8f481f8cdcdde03ba9e74c - - default default] http://cinder-api.openstack.svc.cluster.local:8776/v3/ca192ecf0f8f481f8cdcdde03ba9e74c/os-quota-sets/aecfeb672c634d709f688f83bee8752b?usage=true returned with HTTP 200 [pid: 8|app: 0|req: 501/1003] 10.0.0.74 () {28 vars in 734 bytes} [Mon May 25 19:15:47 2026] GET /v3/ca192ecf0f8f481f8cdcdde03ba9e74c/os-quota-sets/aecfeb672c634d709f688f83bee8752b?usage=true => generated 847 bytes in 34 msecs (HTTP/1.1 200) 7 headers in 285 bytes (1 switches on core 0)
2026-05-25 19:15:47.525 7 INFO cinder.api.openstack.wsgi [None req-87e7cc79-825f-482f-b64b-714e6acf429e 66197a1e3cd345e3ab49688122413964 ca192ecf0f8f481f8cdcdde03ba9e74c - - default default] GET http://cinder-api.openstack.svc.cluster.local:8776/v3/ca192ecf0f8f481f8cdcdde03ba9e74c/os-quota-sets/bc7b80e0eb4848efa1a8d4c9d8dfe2d4?usage=true
2026-05-25 19:15:47.581 7 INFO cinder.api.openstack.wsgi [None req-87e7cc79-825f-482f-b64b-714e6acf429e 66197a1e3cd345e3ab49688122413964 ca192ecf0f8f481f8cdcdde03ba9e74c - - default default] http://cinder-api.openstack.svc.cluster.local:8776/v3/ca192ecf0f8f481f8cdcdde03ba9e74c/os-quota-sets/bc7b80e0eb4848efa1a8d4c9d8dfe2d4?usage=true returned with HTTP 200 [pid: 7|app: 0|req: 503/1004] 10.0.0.74 () {28 vars in 734 bytes} [Mon May 25 19:15:47 2026] GET /v3/ca192ecf0f8f481f8cdcdde03ba9e74c/os-quota-sets/bc7b80e0eb4848efa1a8d4c9d8dfe2d4?usage=true => generated 847 bytes in 68 msecs (HTTP/1.1 200) 7 headers in 285 bytes (1 switches on core 0)
2026-05-25 19:15:47.593 8 INFO cinder.api.openstack.wsgi [None req-35a4b514-fc23-4767-b87b-821a0c62f159 66197a1e3cd345e3ab49688122413964 ca192ecf0f8f481f8cdcdde03ba9e74c - - default default] GET http://cinder-api.openstack.svc.cluster.local:8776/v3/ca192ecf0f8f481f8cdcdde03ba9e74c/os-quota-sets/ca192ecf0f8f481f8cdcdde03ba9e74c?usage=true
2026-05-25 19:15:47.618 8 INFO cinder.api.openstack.wsgi [None req-35a4b514-fc23-4767-b87b-821a0c62f159 66197a1e3cd345e3ab49688122413964 ca192ecf0f8f481f8cdcdde03ba9e74c - - default default] http://cinder-api.openstack.svc.cluster.local:8776/v3/ca192ecf0f8f481f8cdcdde03ba9e74c/os-quota-sets/ca192ecf0f8f481f8cdcdde03ba9e74c?usage=true returned with HTTP 200 [pid: 8|app: 0|req: 502/1005] 10.0.0.74 () {28 vars in 734 bytes} [Mon May 25 19:15:47 2026] GET /v3/ca192ecf0f8f481f8cdcdde03ba9e74c/os-quota-sets/ca192ecf0f8f481f8cdcdde03ba9e74c?usage=true => generated 845 bytes in 34 msecs (HTTP/1.1 200) 7 headers in 285 bytes (1 switches on core 0)
2026-05-25 19:15:47.631 7 INFO cinder.api.openstack.wsgi [None req-7fbb360d-ca43-4457-b861-d0fc28fa64ba 66197a1e3cd345e3ab49688122413964 ca192ecf0f8f481f8cdcdde03ba9e74c - - default default] GET http://cinder-api.openstack.svc.cluster.local:8776/v3/ca192ecf0f8f481f8cdcdde03ba9e74c/os-quota-sets/ef05ef1cba8a41b98c56e9392a2e5d26?usage=true
2026-05-25 19:15:47.657 7 INFO cinder.api.openstack.wsgi [None req-7fbb360d-ca43-4457-b861-d0fc28fa64ba 66197a1e3cd345e3ab49688122413964 ca192ecf0f8f481f8cdcdde03ba9e74c - - default default] http://cinder-api.openstack.svc.cluster.local:8776/v3/ca192ecf0f8f481f8cdcdde03ba9e74c/os-quota-sets/ef05ef1cba8a41b98c56e9392a2e5d26?usage=true returned with HTTP 200 [pid: 7|app: 0|req: 504/1006] 10.0.0.74 () {28 vars in 734 bytes} [Mon May 25 19:15:47 2026] GET /v3/ca192ecf0f8f481f8cdcdde03ba9e74c/os-quota-sets/ef05ef1cba8a41b98c56e9392a2e5d26?usage=true => generated 847 bytes in 34 msecs (HTTP/1.1 200) 7 headers in 285 bytes (1 switches on core 0)
2026-05-25 19:15:47.669 8 INFO cinder.api.openstack.wsgi [None req-54adc0c0-9b9c-473d-9847-3cc475f4192f 66197a1e3cd345e3ab49688122413964 ca192ecf0f8f481f8cdcdde03ba9e74c - - default default] GET http://cinder-api.openstack.svc.cluster.local:8776/v3/ca192ecf0f8f481f8cdcdde03ba9e74c/os-quota-sets/fce9e207f8b04936b32e966b5ead427e?usage=true
2026-05-25 19:15:47.691 8 INFO cinder.api.openstack.wsgi [None req-54adc0c0-9b9c-473d-9847-3cc475f4192f 66197a1e3cd345e3ab49688122413964 ca192ecf0f8f481f8cdcdde03ba9e74c - - default default] http://cinder-api.openstack.svc.cluster.local:8776/v3/ca192ecf0f8f481f8cdcdde03ba9e74c/os-quota-sets/fce9e207f8b04936b32e966b5ead427e?usage=true returned with HTTP 200 [pid: 8|app: 0|req: 503/1007] 10.0.0.74 () {28 vars in 734 bytes} [Mon May 25 19:15:47 2026] GET /v3/ca192ecf0f8f481f8cdcdde03ba9e74c/os-quota-sets/fce9e207f8b04936b32e966b5ead427e?usage=true => generated 847 bytes in 30 msecs (HTTP/1.1 200) 7 headers in 285 bytes (1 switches on core 0)
2026-05-25 19:15:47.702 7 INFO cinder.api.openstack.wsgi [None req-a6b11515-6fd7-4b0f-a776-f5e78308faa7 66197a1e3cd345e3ab49688122413964 ca192ecf0f8f481f8cdcdde03ba9e74c - - default default] GET http://cinder-api.openstack.svc.cluster.local:8776/v3/ca192ecf0f8f481f8cdcdde03ba9e74c/volumes/detail?all_tenants=true
2026-05-25 19:15:47.713 7 INFO cinder.volume.api [None req-a6b11515-6fd7-4b0f-a776-f5e78308faa7 66197a1e3cd345e3ab49688122413964 ca192ecf0f8f481f8cdcdde03ba9e74c - - default default] Get all volumes completed successfully.
2026-05-25 19:15:47.714 7 INFO cinder.api.openstack.wsgi [None req-a6b11515-6fd7-4b0f-a776-f5e78308faa7 66197a1e3cd345e3ab49688122413964 ca192ecf0f8f481f8cdcdde03ba9e74c - - default default] http://cinder-api.openstack.svc.cluster.local:8776/v3/ca192ecf0f8f481f8cdcdde03ba9e74c/volumes/detail?all_tenants=true returned with HTTP 200 [pid: 7|app: 0|req: 505/1008] 10.0.0.74 () {28 vars in 682 bytes} [Mon May 25 19:15:47 2026] GET /v3/ca192ecf0f8f481f8cdcdde03ba9e74c/volumes/detail?all_tenants=true => generated 15 bytes in 19 msecs (HTTP/1.1 200) 7 headers in 284 bytes (1 switches on core 0)
2026-05-25 19:15:47.727 8 INFO cinder.api.openstack.wsgi [None req-4ff2e705-3fe6-45fd-adbc-05c4ec897fc0 66197a1e3cd345e3ab49688122413964 ca192ecf0f8f481f8cdcdde03ba9e74c - - default default] GET http://cinder-api.openstack.svc.cluster.local:8776/v3/ca192ecf0f8f481f8cdcdde03ba9e74c/scheduler-stats/get_pools?detail=true
2026-05-25 19:15:48.231 8 INFO cinder.api.openstack.wsgi [None req-4ff2e705-3fe6-45fd-adbc-05c4ec897fc0 66197a1e3cd345e3ab49688122413964 ca192ecf0f8f481f8cdcdde03ba9e74c - - default default] http://cinder-api.openstack.svc.cluster.local:8776/v3/ca192ecf0f8f481f8cdcdde03ba9e74c/scheduler-stats/get_pools?detail=true returned with HTTP 200 [pid: 8|app: 0|req: 504/1009] 10.0.0.74 () {28 vars in 694 bytes} [Mon May 25 19:15:47 2026] GET /v3/ca192ecf0f8f481f8cdcdde03ba9e74c/scheduler-stats/get_pools?detail=true => generated 670 bytes in 514 msecs (HTTP/1.1 200) 7 headers in 285 bytes (1 switches on core 0)
2026-05-25 19:15:48.245 7 INFO cinder.api.openstack.wsgi [None req-d010e4af-b866-445b-a98d-da4d01c1cc27 66197a1e3cd345e3ab49688122413964 ca192ecf0f8f481f8cdcdde03ba9e74c - - default default] GET http://cinder-api.openstack.svc.cluster.local:8776/v3/ca192ecf0f8f481f8cdcdde03ba9e74c/volumes/detail?all_tenants=true
2026-05-25 19:15:48.255 7 INFO cinder.volume.api [None req-d010e4af-b866-445b-a98d-da4d01c1cc27 66197a1e3cd345e3ab49688122413964 ca192ecf0f8f481f8cdcdde03ba9e74c - - default default] Get all volumes completed successfully.
2026-05-25 19:15:48.257 7 INFO cinder.api.openstack.wsgi [None req-d010e4af-b866-445b-a98d-da4d01c1cc27 66197a1e3cd345e3ab49688122413964 ca192ecf0f8f481f8cdcdde03ba9e74c - - default default] http://cinder-api.openstack.svc.cluster.local:8776/v3/ca192ecf0f8f481f8cdcdde03ba9e74c/volumes/detail?all_tenants=true returned with HTTP 200 [pid: 7|app: 0|req: 506/1010] 10.0.0.74 () {28 vars in 682 bytes} [Mon May 25 19:15:48 2026] GET /v3/ca192ecf0f8f481f8cdcdde03ba9e74c/volumes/detail?all_tenants=true => generated 15 bytes in 20 msecs (HTTP/1.1 200) 7 headers in 284 bytes (1 switches on core 0)
2026-05-25 19:15:51.650 8 INFO cinder.api.openstack.wsgi [None req-17be8af5-fee9-4b2b-965f-157d809dae43 66197a1e3cd345e3ab49688122413964 ca192ecf0f8f481f8cdcdde03ba9e74c - - default default] POST http://cinder-api.openstack.svc.cluster.local:8776/v3/ca192ecf0f8f481f8cdcdde03ba9e74c/volumes
2026-05-25 19:15:51.808 8 INFO cinder.api.v3.volumes [None req-17be8af5-fee9-4b2b-965f-157d809dae43 66197a1e3cd345e3ab49688122413964 ca192ecf0f8f481f8cdcdde03ba9e74c - - default default] Create volume of 16 GB
2026-05-25 19:15:51.816 8 INFO cinder.volume.api [None req-17be8af5-fee9-4b2b-965f-157d809dae43 66197a1e3cd345e3ab49688122413964 ca192ecf0f8f481f8cdcdde03ba9e74c - - default default] Availability Zones retrieved successfully.
2026-05-25 19:15:52.042 8 INFO cinder.volume.api [None req-17be8af5-fee9-4b2b-965f-157d809dae43 66197a1e3cd345e3ab49688122413964 ca192ecf0f8f481f8cdcdde03ba9e74c - - default default] Create volume request issued successfully.
2026-05-25 19:15:52.043 8 INFO cinder.api.openstack.wsgi [None req-17be8af5-fee9-4b2b-965f-157d809dae43 66197a1e3cd345e3ab49688122413964 ca192ecf0f8f481f8cdcdde03ba9e74c - - default default] http://cinder-api.openstack.svc.cluster.local:8776/v3/ca192ecf0f8f481f8cdcdde03ba9e74c/volumes returned with HTTP 202 [pid: 8|app: 0|req: 505/1011] 199.204.45.210 () {34 vars in 733 bytes} [Mon May 25 19:15:51 2026] POST /v3/ca192ecf0f8f481f8cdcdde03ba9e74c/volumes => generated 846 bytes in 431 msecs (HTTP/1.1 202) 7 headers in 291 bytes (1 switches on core 0)
2026-05-25 19:15:52.057 7 INFO cinder.api.openstack.wsgi [req-17be8af5-fee9-4b2b-965f-157d809dae43 req-7233e7f0-634c-4928-bdc8-21de5d57fd2f 66197a1e3cd345e3ab49688122413964 ca192ecf0f8f481f8cdcdde03ba9e74c - - default default] GET http://cinder-api.openstack.svc.cluster.local:8776/v3/ca192ecf0f8f481f8cdcdde03ba9e74c/volumes/b08c7afc-8bd7-4331-8874-fe7f67baaadb /var/lib/openstack/lib/python3.12/site-packages/oslo_context/context.py:101: DeprecationWarning: Policy enforcement is depending on the value of is_admin. This key is deprecated. Please update your policy file to use the standard policy values. warnings.warn(
2026-05-25 19:15:52.095 7 INFO cinder.volume.api [req-17be8af5-fee9-4b2b-965f-157d809dae43 req-7233e7f0-634c-4928-bdc8-21de5d57fd2f 66197a1e3cd345e3ab49688122413964 ca192ecf0f8f481f8cdcdde03ba9e74c - - default default] Volume info retrieved successfully.
2026-05-25 19:15:52.107 7 INFO cinder.api.openstack.wsgi [req-17be8af5-fee9-4b2b-965f-157d809dae43 req-7233e7f0-634c-4928-bdc8-21de5d57fd2f 66197a1e3cd345e3ab49688122413964 ca192ecf0f8f481f8cdcdde03ba9e74c - - default default] http://cinder-api.openstack.svc.cluster.local:8776/v3/ca192ecf0f8f481f8cdcdde03ba9e74c/volumes/b08c7afc-8bd7-4331-8874-fe7f67baaadb returned with HTTP 200 [pid: 7|app: 0|req: 507/1012] 199.204.45.210 () {32 vars in 824 bytes} [Mon May 25 19:15:52 2026] GET /v3/ca192ecf0f8f481f8cdcdde03ba9e74c/volumes/b08c7afc-8bd7-4331-8874-fe7f67baaadb => generated 1025 bytes in 58 msecs (HTTP/1.1 200) 7 headers in 286 bytes (1 switches on core 0)
2026-05-25 19:15:56.581 8 INFO cinder.api.openstack.wsgi [None req-17be8af5-fee9-4b2b-965f-157d809dae43 66197a1e3cd345e3ab49688122413964 ca192ecf0f8f481f8cdcdde03ba9e74c - - default default] GET http://10.0.0.12:8776/
2026-05-25 19:15:56.581 7 INFO cinder.api.openstack.wsgi [req-17be8af5-fee9-4b2b-965f-157d809dae43 req-7233e7f0-634c-4928-bdc8-21de5d57fd2f 66197a1e3cd345e3ab49688122413964 ca192ecf0f8f481f8cdcdde03ba9e74c - - default default] GET http://10.0.0.12:8776/
2026-05-25 19:15:56.582 8 INFO cinder.api.openstack.wsgi [None req-17be8af5-fee9-4b2b-965f-157d809dae43 66197a1e3cd345e3ab49688122413964 ca192ecf0f8f481f8cdcdde03ba9e74c - - default default] http://10.0.0.12:8776/ returned with HTTP 300
2026-05-25 19:15:56.583 7 INFO cinder.api.openstack.wsgi [req-17be8af5-fee9-4b2b-965f-157d809dae43 req-7233e7f0-634c-4928-bdc8-21de5d57fd2f 66197a1e3cd345e3ab49688122413964 ca192ecf0f8f481f8cdcdde03ba9e74c - - default default] http://10.0.0.12:8776/ returned with HTTP 300 /var/lib/openstack/lib/python3.12/site-packages/pycadf/identifier.py:70: UserWarning: Invalid uuid: cinderv3. To ensure interoperability, identifiers should be a valid uuid. warnings.warn(('Invalid uuid: %s. To ensure interoperability, '
2026-05-25 19:15:57.124 8 INFO cinder.api.openstack.wsgi [req-17be8af5-fee9-4b2b-965f-157d809dae43 req-55718fc5-82a4-4daa-9e8c-15e121a9d08e 66197a1e3cd345e3ab49688122413964 ca192ecf0f8f481f8cdcdde03ba9e74c - - default default] GET http://cinder-api.openstack.svc.cluster.local:8776/v3/ca192ecf0f8f481f8cdcdde03ba9e74c/volumes/b08c7afc-8bd7-4331-8874-fe7f67baaadb /var/lib/openstack/lib/python3.12/site-packages/oslo_context/context.py:101: DeprecationWarning: Policy enforcement is depending on the value of is_admin. This key is deprecated. Please update your policy file to use the standard policy values. warnings.warn(
2026-05-25 19:15:57.141 8 INFO cinder.volume.api [req-17be8af5-fee9-4b2b-965f-157d809dae43 req-55718fc5-82a4-4daa-9e8c-15e121a9d08e 66197a1e3cd345e3ab49688122413964 ca192ecf0f8f481f8cdcdde03ba9e74c - - default default] Volume info retrieved successfully.
2026-05-25 19:15:57.147 8 INFO cinder.api.openstack.wsgi [req-17be8af5-fee9-4b2b-965f-157d809dae43 req-55718fc5-82a4-4daa-9e8c-15e121a9d08e 66197a1e3cd345e3ab49688122413964 ca192ecf0f8f481f8cdcdde03ba9e74c - - default default] http://cinder-api.openstack.svc.cluster.local:8776/v3/ca192ecf0f8f481f8cdcdde03ba9e74c/volumes/b08c7afc-8bd7-4331-8874-fe7f67baaadb returned with HTTP 200 [pid: 8|app: 0|req: 507/1015] 199.204.45.210 () {32 vars in 824 bytes} [Mon May 25 19:15:57 2026] GET /v3/ca192ecf0f8f481f8cdcdde03ba9e74c/volumes/b08c7afc-8bd7-4331-8874-fe7f67baaadb => generated 1675 bytes in 30 msecs (HTTP/1.1 200) 7 headers in 286 bytes (1 switches on core 0) /var/lib/openstack/lib/python3.12/site-packages/pycadf/identifier.py:70: UserWarning: Invalid uuid: cinderv3. To ensure interoperability, identifiers should be a valid uuid. warnings.warn(('Invalid uuid: %s. To ensure interoperability, '
2026-05-25 19:15:57.561 7 INFO cinder.api.openstack.wsgi [req-d70005a6-7a32-4818-93f6-e6810cee573e req-6b5fadab-f039-457e-803e-499bed817240 66197a1e3cd345e3ab49688122413964 ca192ecf0f8f481f8cdcdde03ba9e74c - - default default] GET http://cinder-api.openstack.svc.cluster.local:8776/v3/ca192ecf0f8f481f8cdcdde03ba9e74c/volumes/b08c7afc-8bd7-4331-8874-fe7f67baaadb /var/lib/openstack/lib/python3.12/site-packages/oslo_context/context.py:101: DeprecationWarning: Policy enforcement is depending on the value of is_admin. This key is deprecated. Please update your policy file to use the standard policy values. warnings.warn(
2026-05-25 19:15:57.577 7 INFO cinder.volume.api [req-d70005a6-7a32-4818-93f6-e6810cee573e req-6b5fadab-f039-457e-803e-499bed817240 66197a1e3cd345e3ab49688122413964 ca192ecf0f8f481f8cdcdde03ba9e74c - - default default] Volume info retrieved successfully.
2026-05-25 19:15:57.582 7 INFO cinder.api.openstack.wsgi [req-d70005a6-7a32-4818-93f6-e6810cee573e req-6b5fadab-f039-457e-803e-499bed817240 66197a1e3cd345e3ab49688122413964 ca192ecf0f8f481f8cdcdde03ba9e74c - - default default] http://cinder-api.openstack.svc.cluster.local:8776/v3/ca192ecf0f8f481f8cdcdde03ba9e74c/volumes/b08c7afc-8bd7-4331-8874-fe7f67baaadb returned with HTTP 200 [pid: 7|app: 0|req: 509/1016] 10.0.0.134 () {34 vars in 1027 bytes} [Mon May 25 19:15:57 2026] GET /v3/ca192ecf0f8f481f8cdcdde03ba9e74c/volumes/b08c7afc-8bd7-4331-8874-fe7f67baaadb => generated 1675 bytes in 27 msecs (HTTP/1.1 200) 7 headers in 286 bytes (1 switches on core 0) /var/lib/openstack/lib/python3.12/site-packages/pycadf/identifier.py:70: UserWarning: Invalid uuid: cinderv3. To ensure interoperability, identifiers should be a valid uuid. warnings.warn(('Invalid uuid: %s. To ensure interoperability, '
2026-05-25 19:15:58.043 8 INFO cinder.api.openstack.wsgi [req-d70005a6-7a32-4818-93f6-e6810cee573e req-06f2b662-fe27-42a3-a22a-f047948ec75b 66197a1e3cd345e3ab49688122413964 ca192ecf0f8f481f8cdcdde03ba9e74c - - default default] GET http://cinder-api.openstack.svc.cluster.local:8776/v3/ca192ecf0f8f481f8cdcdde03ba9e74c/volumes/b08c7afc-8bd7-4331-8874-fe7f67baaadb /var/lib/openstack/lib/python3.12/site-packages/oslo_context/context.py:101: DeprecationWarning: Policy enforcement is depending on the value of is_admin. This key is deprecated. Please update your policy file to use the standard policy values. warnings.warn(
2026-05-25 19:15:58.067 8 INFO cinder.volume.api [req-d70005a6-7a32-4818-93f6-e6810cee573e req-06f2b662-fe27-42a3-a22a-f047948ec75b 66197a1e3cd345e3ab49688122413964 ca192ecf0f8f481f8cdcdde03ba9e74c - - default default] Volume info retrieved successfully.
2026-05-25 19:15:58.074 8 INFO cinder.api.openstack.wsgi [req-d70005a6-7a32-4818-93f6-e6810cee573e req-06f2b662-fe27-42a3-a22a-f047948ec75b 66197a1e3cd345e3ab49688122413964 ca192ecf0f8f481f8cdcdde03ba9e74c - - default default] http://cinder-api.openstack.svc.cluster.local:8776/v3/ca192ecf0f8f481f8cdcdde03ba9e74c/volumes/b08c7afc-8bd7-4331-8874-fe7f67baaadb returned with HTTP 200 [pid: 8|app: 0|req: 508/1017] 10.0.0.134 () {34 vars in 1027 bytes} [Mon May 25 19:15:58 2026] GET /v3/ca192ecf0f8f481f8cdcdde03ba9e74c/volumes/b08c7afc-8bd7-4331-8874-fe7f67baaadb => generated 1675 bytes in 39 msecs (HTTP/1.1 200) 7 headers in 286 bytes (1 switches on core 0)
2026-05-25 19:15:58.088 7 INFO cinder.api.openstack.wsgi [req-d70005a6-7a32-4818-93f6-e6810cee573e req-6b5fadab-f039-457e-803e-499bed817240 66197a1e3cd345e3ab49688122413964 ca192ecf0f8f481f8cdcdde03ba9e74c - - default default] GET http://cinder-api.openstack.svc.cluster.local:8776/
2026-05-25 19:15:58.089 7 INFO cinder.api.openstack.wsgi [req-d70005a6-7a32-4818-93f6-e6810cee573e req-6b5fadab-f039-457e-803e-499bed817240 66197a1e3cd345e3ab49688122413964 ca192ecf0f8f481f8cdcdde03ba9e74c - - default default] http://cinder-api.openstack.svc.cluster.local:8776/ returned with HTTP 300 [pid: 7|app: 0|req: 510/1018] 10.0.0.134 () {32 vars in 828 bytes} [Mon May 25 19:15:58 2026] GET / => generated 411 bytes in 3 msecs (HTTP/1.1 300) 5 headers in 169 bytes (1 switches on core 0) /var/lib/openstack/lib/python3.12/site-packages/pycadf/identifier.py:70: UserWarning: Invalid uuid: cinderv3. To ensure interoperability, identifiers should be a valid uuid. warnings.warn(('Invalid uuid: %s. To ensure interoperability, '
2026-05-25 19:15:58.102 8 INFO cinder.api.openstack.wsgi [req-d70005a6-7a32-4818-93f6-e6810cee573e req-a4381306-6674-4288-bae4-00be92c5b909 66197a1e3cd345e3ab49688122413964 ca192ecf0f8f481f8cdcdde03ba9e74c - - default default] POST http://cinder-api.openstack.svc.cluster.local:8776/v3/ca192ecf0f8f481f8cdcdde03ba9e74c/attachments /var/lib/openstack/lib/python3.12/site-packages/oslo_context/context.py:101: DeprecationWarning: Policy enforcement is depending on the value of is_admin. This key is deprecated. Please update your policy file to use the standard policy values. warnings.warn(
2026-05-25 19:15:58.166 8 INFO cinder.api.openstack.wsgi [req-d70005a6-7a32-4818-93f6-e6810cee573e req-a4381306-6674-4288-bae4-00be92c5b909 66197a1e3cd345e3ab49688122413964 ca192ecf0f8f481f8cdcdde03ba9e74c - - default default] http://cinder-api.openstack.svc.cluster.local:8776/v3/ca192ecf0f8f481f8cdcdde03ba9e74c/attachments returned with HTTP 200 [pid: 8|app: 0|req: 509/1019] 10.0.0.134 () {40 vars in 1056 bytes} [Mon May 25 19:15:58 2026] POST /v3/ca192ecf0f8f481f8cdcdde03ba9e74c/attachments => generated 273 bytes in 72 msecs (HTTP/1.1 200) 7 headers in 286 bytes (1 switches on core 0) /var/lib/openstack/lib/python3.12/site-packages/pycadf/identifier.py:70: UserWarning: Invalid uuid: cinderv3. To ensure interoperability, identifiers should be a valid uuid. warnings.warn(('Invalid uuid: %s. To ensure interoperability, '
2026-05-25 19:16:01.832 7 INFO cinder.api.openstack.wsgi [req-17be8af5-fee9-4b2b-965f-157d809dae43 req-9a09f470-c296-468c-9849-2641dd972367 66197a1e3cd345e3ab49688122413964 ca192ecf0f8f481f8cdcdde03ba9e74c - - default default] GET http://cinder-api.openstack.svc.cluster.local:8776/v3/ca192ecf0f8f481f8cdcdde03ba9e74c/volumes/b08c7afc-8bd7-4331-8874-fe7f67baaadb /var/lib/openstack/lib/python3.12/site-packages/oslo_context/context.py:101: DeprecationWarning: Policy enforcement is depending on the value of is_admin. This key is deprecated. Please update your policy file to use the standard policy values. warnings.warn(
2026-05-25 19:16:01.850 7 INFO cinder.volume.api [req-17be8af5-fee9-4b2b-965f-157d809dae43 req-9a09f470-c296-468c-9849-2641dd972367 66197a1e3cd345e3ab49688122413964 ca192ecf0f8f481f8cdcdde03ba9e74c - - default default] Volume info retrieved successfully.
2026-05-25 19:16:01.855 7 INFO cinder.api.openstack.wsgi [req-17be8af5-fee9-4b2b-965f-157d809dae43 req-9a09f470-c296-468c-9849-2641dd972367 66197a1e3cd345e3ab49688122413964 ca192ecf0f8f481f8cdcdde03ba9e74c - - default default] http://cinder-api.openstack.svc.cluster.local:8776/v3/ca192ecf0f8f481f8cdcdde03ba9e74c/volumes/b08c7afc-8bd7-4331-8874-fe7f67baaadb returned with HTTP 200 [pid: 7|app: 0|req: 511/1020] 199.204.45.210 () {32 vars in 824 bytes} [Mon May 25 19:16:01 2026] GET /v3/ca192ecf0f8f481f8cdcdde03ba9e74c/volumes/b08c7afc-8bd7-4331-8874-fe7f67baaadb => generated 1674 bytes in 31 msecs (HTTP/1.1 200) 7 headers in 286 bytes (1 switches on core 0)
2026-05-25 19:16:03.569 8 INFO cinder.api.openstack.wsgi [req-d70005a6-7a32-4818-93f6-e6810cee573e req-a4381306-6674-4288-bae4-00be92c5b909 66197a1e3cd345e3ab49688122413964 ca192ecf0f8f481f8cdcdde03ba9e74c - - default default] GET http://cinder-api.openstack.svc.cluster.local:8776/
2026-05-25 19:16:03.570 8 INFO cinder.api.openstack.wsgi [req-d70005a6-7a32-4818-93f6-e6810cee573e req-a4381306-6674-4288-bae4-00be92c5b909 66197a1e3cd345e3ab49688122413964 ca192ecf0f8f481f8cdcdde03ba9e74c - - default default] http://cinder-api.openstack.svc.cluster.local:8776/ returned with HTTP 300 [pid: 8|app: 0|req: 510/1021] 199.204.45.210 () {32 vars in 839 bytes} [Mon May 25 19:16:03 2026] GET / => generated 411 bytes in 3 msecs (HTTP/1.1 300) 5 headers in 169 bytes (1 switches on core 0) /var/lib/openstack/lib/python3.12/site-packages/pycadf/identifier.py:70: UserWarning: Invalid uuid: cinderv3. To ensure interoperability, identifiers should be a valid uuid. warnings.warn(('Invalid uuid: %s. To ensure interoperability, '
2026-05-25 19:16:03.584 7 INFO cinder.api.openstack.wsgi [req-d70005a6-7a32-4818-93f6-e6810cee573e req-cd80e67f-84de-4f8e-afaf-6c18f413705e 66197a1e3cd345e3ab49688122413964 ca192ecf0f8f481f8cdcdde03ba9e74c - - default default] GET http://cinder-api.openstack.svc.cluster.local:8776/v3/ca192ecf0f8f481f8cdcdde03ba9e74c/volumes/b08c7afc-8bd7-4331-8874-fe7f67baaadb /var/lib/openstack/lib/python3.12/site-packages/oslo_context/context.py:101: DeprecationWarning: Policy enforcement is depending on the value of is_admin. This key is deprecated. Please update your policy file to use the standard policy values. warnings.warn(
2026-05-25 19:16:03.608 7 INFO cinder.volume.api [req-d70005a6-7a32-4818-93f6-e6810cee573e req-cd80e67f-84de-4f8e-afaf-6c18f413705e 66197a1e3cd345e3ab49688122413964 ca192ecf0f8f481f8cdcdde03ba9e74c - - default default] Volume info retrieved successfully.
2026-05-25 19:16:03.613 7 INFO cinder.api.openstack.wsgi [req-d70005a6-7a32-4818-93f6-e6810cee573e req-cd80e67f-84de-4f8e-afaf-6c18f413705e 66197a1e3cd345e3ab49688122413964 ca192ecf0f8f481f8cdcdde03ba9e74c - - default default] http://cinder-api.openstack.svc.cluster.local:8776/v3/ca192ecf0f8f481f8cdcdde03ba9e74c/volumes/b08c7afc-8bd7-4331-8874-fe7f67baaadb returned with HTTP 200 [pid: 7|app: 0|req: 512/1022] 199.204.45.210 () {36 vars in 1072 bytes} [Mon May 25 19:16:03 2026] GET /v3/ca192ecf0f8f481f8cdcdde03ba9e74c/volumes/b08c7afc-8bd7-4331-8874-fe7f67baaadb => generated 1898 bytes in 39 msecs (HTTP/1.1 200) 7 headers in 287 bytes (1 switches on core 0) /var/lib/openstack/lib/python3.12/site-packages/pycadf/identifier.py:70: UserWarning: Invalid uuid: cinderv3. To ensure interoperability, identifiers should be a valid uuid. warnings.warn(('Invalid uuid: %s. To ensure interoperability, '
2026-05-25 19:16:03.690 8 INFO cinder.api.openstack.wsgi [req-d70005a6-7a32-4818-93f6-e6810cee573e req-caf3e917-11fb-4493-97d1-b186a03262b5 66197a1e3cd345e3ab49688122413964 ca192ecf0f8f481f8cdcdde03ba9e74c - - default default] PUT http://cinder-api.openstack.svc.cluster.local:8776/v3/ca192ecf0f8f481f8cdcdde03ba9e74c/attachments/f8cd1575-94e0-44f1-bbb7-77f8ac30d9a0 /var/lib/openstack/lib/python3.12/site-packages/oslo_context/context.py:101: DeprecationWarning: Policy enforcement is depending on the value of is_admin. This key is deprecated. Please update your policy file to use the standard policy values. warnings.warn( /var/lib/openstack/lib/python3.12/site-packages/pycadf/identifier.py:70: UserWarning: Invalid uuid: cinderv3. To ensure interoperability, identifiers should be a valid uuid. warnings.warn(('Invalid uuid: %s. To ensure interoperability, '
2026-05-25 19:16:04.705 7 INFO cinder.api.openstack.wsgi [req-17be8af5-fee9-4b2b-965f-157d809dae43 req-0733f8ca-cebf-4edb-af9c-d29fd30196de 66197a1e3cd345e3ab49688122413964 ca192ecf0f8f481f8cdcdde03ba9e74c - - default default] GET http://cinder-api.openstack.svc.cluster.local:8776/v3/ca192ecf0f8f481f8cdcdde03ba9e74c/volumes/b08c7afc-8bd7-4331-8874-fe7f67baaadb /var/lib/openstack/lib/python3.12/site-packages/oslo_context/context.py:101: DeprecationWarning: Policy enforcement is depending on the value of is_admin. This key is deprecated. Please update your policy file to use the standard policy values. warnings.warn(
2026-05-25 19:16:04.727 8 INFO cinder.api.openstack.wsgi [req-d70005a6-7a32-4818-93f6-e6810cee573e req-caf3e917-11fb-4493-97d1-b186a03262b5 66197a1e3cd345e3ab49688122413964 ca192ecf0f8f481f8cdcdde03ba9e74c - - default default] http://cinder-api.openstack.svc.cluster.local:8776/v3/ca192ecf0f8f481f8cdcdde03ba9e74c/attachments/f8cd1575-94e0-44f1-bbb7-77f8ac30d9a0 returned with HTTP 200
2026-05-25 19:16:04.728 7 INFO cinder.volume.api [req-17be8af5-fee9-4b2b-965f-157d809dae43 req-0733f8ca-cebf-4edb-af9c-d29fd30196de 66197a1e3cd345e3ab49688122413964 ca192ecf0f8f481f8cdcdde03ba9e74c - - default default] Volume info retrieved successfully. [pid: 8|app: 0|req: 511/1023] 199.204.45.210 () {40 vars in 1134 bytes} [Mon May 25 19:16:03 2026] PUT /v3/ca192ecf0f8f481f8cdcdde03ba9e74c/attachments/f8cd1575-94e0-44f1-bbb7-77f8ac30d9a0 => generated 802 bytes in 1046 msecs (HTTP/1.1 200) 7 headers in 286 bytes (1 switches on core 0)
2026-05-25 19:16:04.736 7 INFO cinder.api.openstack.wsgi [req-17be8af5-fee9-4b2b-965f-157d809dae43 req-0733f8ca-cebf-4edb-af9c-d29fd30196de 66197a1e3cd345e3ab49688122413964 ca192ecf0f8f481f8cdcdde03ba9e74c - - default default] http://cinder-api.openstack.svc.cluster.local:8776/v3/ca192ecf0f8f481f8cdcdde03ba9e74c/volumes/b08c7afc-8bd7-4331-8874-fe7f67baaadb returned with HTTP 200 [pid: 7|app: 0|req: 513/1024] 199.204.45.210 () {32 vars in 824 bytes} [Mon May 25 19:16:04 2026] GET /v3/ca192ecf0f8f481f8cdcdde03ba9e74c/volumes/b08c7afc-8bd7-4331-8874-fe7f67baaadb => generated 1675 bytes in 40 msecs (HTTP/1.1 200) 7 headers in 286 bytes (1 switches on core 0) /var/lib/openstack/lib/python3.12/site-packages/pycadf/identifier.py:70: UserWarning: Invalid uuid: cinderv3. To ensure interoperability, identifiers should be a valid uuid. warnings.warn(('Invalid uuid: %s. To ensure interoperability, '
2026-05-25 19:16:05.249 8 INFO cinder.api.openstack.wsgi [req-d70005a6-7a32-4818-93f6-e6810cee573e req-a56b3c36-4d34-4594-a2be-2fa77185ed5c 66197a1e3cd345e3ab49688122413964 ca192ecf0f8f481f8cdcdde03ba9e74c - - default default] POST http://cinder-api.openstack.svc.cluster.local:8776/v3/ca192ecf0f8f481f8cdcdde03ba9e74c/attachments/f8cd1575-94e0-44f1-bbb7-77f8ac30d9a0/action /var/lib/openstack/lib/python3.12/site-packages/oslo_context/context.py:101: DeprecationWarning: Policy enforcement is depending on the value of is_admin. This key is deprecated. Please update your policy file to use the standard policy values. warnings.warn(
2026-05-25 19:16:05.299 8 INFO cinder.api.openstack.wsgi [req-d70005a6-7a32-4818-93f6-e6810cee573e req-a56b3c36-4d34-4594-a2be-2fa77185ed5c 66197a1e3cd345e3ab49688122413964 ca192ecf0f8f481f8cdcdde03ba9e74c - - default default] http://cinder-api.openstack.svc.cluster.local:8776/v3/ca192ecf0f8f481f8cdcdde03ba9e74c/attachments/f8cd1575-94e0-44f1-bbb7-77f8ac30d9a0/action returned with HTTP 204 [pid: 8|app: 0|req: 512/1025] 199.204.45.210 () {40 vars in 1147 bytes} [Mon May 25 19:16:05 2026] POST /v3/ca192ecf0f8f481f8cdcdde03ba9e74c/attachments/f8cd1575-94e0-44f1-bbb7-77f8ac30d9a0/action => generated 0 bytes in 62 msecs (HTTP/1.1 204) 7 headers in 292 bytes (1 switches on core 0)
2026-05-25 19:16:06.580 7 INFO cinder.api.openstack.wsgi [req-17be8af5-fee9-4b2b-965f-157d809dae43 req-0733f8ca-cebf-4edb-af9c-d29fd30196de 66197a1e3cd345e3ab49688122413964 ca192ecf0f8f481f8cdcdde03ba9e74c - - default default] GET http://10.0.0.12:8776/
2026-05-25 19:16:06.581 8 INFO cinder.api.openstack.wsgi [req-d70005a6-7a32-4818-93f6-e6810cee573e req-a56b3c36-4d34-4594-a2be-2fa77185ed5c 66197a1e3cd345e3ab49688122413964 ca192ecf0f8f481f8cdcdde03ba9e74c - - default default] GET http://10.0.0.12:8776/
2026-05-25 19:16:06.581 7 INFO cinder.api.openstack.wsgi [req-17be8af5-fee9-4b2b-965f-157d809dae43 req-0733f8ca-cebf-4edb-af9c-d29fd30196de 66197a1e3cd345e3ab49688122413964 ca192ecf0f8f481f8cdcdde03ba9e74c - - default default] http://10.0.0.12:8776/ returned with HTTP 300
2026-05-25 19:16:06.582 8 INFO cinder.api.openstack.wsgi [req-d70005a6-7a32-4818-93f6-e6810cee573e req-a56b3c36-4d34-4594-a2be-2fa77185ed5c 66197a1e3cd345e3ab49688122413964 ca192ecf0f8f481f8cdcdde03ba9e74c - - default default] http://10.0.0.12:8776/ returned with HTTP 300 /var/lib/openstack/lib/python3.12/site-packages/pycadf/identifier.py:70: UserWarning: Invalid uuid: cinderv3. To ensure interoperability, identifiers should be a valid uuid. warnings.warn(('Invalid uuid: %s. To ensure interoperability, '
2026-05-25 19:16:07.983 7 INFO cinder.api.openstack.wsgi [req-17be8af5-fee9-4b2b-965f-157d809dae43 req-279e2a28-1ef1-4530-8c10-4d87749185bf 66197a1e3cd345e3ab49688122413964 ca192ecf0f8f481f8cdcdde03ba9e74c - - default default] GET http://cinder-api.openstack.svc.cluster.local:8776/v3/ca192ecf0f8f481f8cdcdde03ba9e74c/volumes/b08c7afc-8bd7-4331-8874-fe7f67baaadb /var/lib/openstack/lib/python3.12/site-packages/oslo_context/context.py:101: DeprecationWarning: Policy enforcement is depending on the value of is_admin. This key is deprecated. Please update your policy file to use the standard policy values. warnings.warn(
2026-05-25 19:16:08.000 7 INFO cinder.volume.api [req-17be8af5-fee9-4b2b-965f-157d809dae43 req-279e2a28-1ef1-4530-8c10-4d87749185bf 66197a1e3cd345e3ab49688122413964 ca192ecf0f8f481f8cdcdde03ba9e74c - - default default] Volume info retrieved successfully.
2026-05-25 19:16:08.006 7 INFO cinder.api.openstack.wsgi [req-17be8af5-fee9-4b2b-965f-157d809dae43 req-279e2a28-1ef1-4530-8c10-4d87749185bf 66197a1e3cd345e3ab49688122413964 ca192ecf0f8f481f8cdcdde03ba9e74c - - default default] http://cinder-api.openstack.svc.cluster.local:8776/v3/ca192ecf0f8f481f8cdcdde03ba9e74c/volumes/b08c7afc-8bd7-4331-8874-fe7f67baaadb returned with HTTP 200 [pid: 7|app: 0|req: 515/1028] 199.204.45.210 () {32 vars in 824 bytes} [Mon May 25 19:16:07 2026] GET /v3/ca192ecf0f8f481f8cdcdde03ba9e74c/volumes/b08c7afc-8bd7-4331-8874-fe7f67baaadb => generated 1973 bytes in 30 msecs (HTTP/1.1 200) 7 headers in 286 bytes (1 switches on core 0) /var/lib/openstack/lib/python3.12/site-packages/pycadf/identifier.py:70: UserWarning: Invalid uuid: cinderv3. To ensure interoperability, identifiers should be a valid uuid. warnings.warn(('Invalid uuid: %s. To ensure interoperability, '
2026-05-25 19:16:10.890 8 INFO cinder.api.openstack.wsgi [req-17be8af5-fee9-4b2b-965f-157d809dae43 req-21ec3e18-464e-44c7-a128-5f871bd760d9 66197a1e3cd345e3ab49688122413964 ca192ecf0f8f481f8cdcdde03ba9e74c - - default default] GET http://cinder-api.openstack.svc.cluster.local:8776/v3/ca192ecf0f8f481f8cdcdde03ba9e74c/volumes/b08c7afc-8bd7-4331-8874-fe7f67baaadb /var/lib/openstack/lib/python3.12/site-packages/oslo_context/context.py:101: DeprecationWarning: Policy enforcement is depending on the value of is_admin. This key is deprecated. Please update your policy file to use the standard policy values. warnings.warn(
2026-05-25 19:16:10.909 8 INFO cinder.volume.api [req-17be8af5-fee9-4b2b-965f-157d809dae43 req-21ec3e18-464e-44c7-a128-5f871bd760d9 66197a1e3cd345e3ab49688122413964 ca192ecf0f8f481f8cdcdde03ba9e74c - - default default] Volume info retrieved successfully.
2026-05-25 19:16:10.915 8 INFO cinder.api.openstack.wsgi [req-17be8af5-fee9-4b2b-965f-157d809dae43 req-21ec3e18-464e-44c7-a128-5f871bd760d9 66197a1e3cd345e3ab49688122413964 ca192ecf0f8f481f8cdcdde03ba9e74c - - default default] http://cinder-api.openstack.svc.cluster.local:8776/v3/ca192ecf0f8f481f8cdcdde03ba9e74c/volumes/b08c7afc-8bd7-4331-8874-fe7f67baaadb returned with HTTP 200 [pid: 8|app: 0|req: 514/1029] 199.204.45.210 () {32 vars in 824 bytes} [Mon May 25 19:16:10 2026] GET /v3/ca192ecf0f8f481f8cdcdde03ba9e74c/volumes/b08c7afc-8bd7-4331-8874-fe7f67baaadb => generated 1973 bytes in 33 msecs (HTTP/1.1 200) 7 headers in 286 bytes (1 switches on core 0) /var/lib/openstack/lib/python3.12/site-packages/pycadf/identifier.py:70: UserWarning: Invalid uuid: cinderv3. To ensure interoperability, identifiers should be a valid uuid. warnings.warn(('Invalid uuid: %s. To ensure interoperability, '
