2026-05-25 19:09:26.582 8 INFO cinder.api.openstack.wsgi [req-e7bd96ff-2e14-49a0-91d5-6b5d3513e4d6 req-48314ac8-5fc2-4bf9-9e26-35e0e2c235a1 e4976e76e57340cf9a589d1b22699cdc 372edc9dca3d4396a2fa0a934bbcd9a1 - - default default] http://10.0.0.12:8776/ returned with HTTP 300 /var/lib/openstack/lib/python3.12/site-packages/pycadf/identifier.py:70: UserWarning: Invalid uuid: cinderv3. To ensure interoperability, identifiers should be a valid uuid. warnings.warn(('Invalid uuid: %s. To ensure interoperability, '
2026-05-25 19:09:27.807 8 INFO cinder.api.openstack.wsgi [req-d37a131a-74ae-4ef4-85ef-455ba79ddbcc req-cc0984af-e6bd-4171-9cc6-09f9cd6f6347 e4976e76e57340cf9a589d1b22699cdc 372edc9dca3d4396a2fa0a934bbcd9a1 - - default default] DELETE http://cinder-api.openstack.svc.cluster.local:8776/v3/372edc9dca3d4396a2fa0a934bbcd9a1/attachments/c87bd4db-29c0-4ae6-a919-a2310278d2eb /var/lib/openstack/lib/python3.12/site-packages/oslo_context/context.py:101: DeprecationWarning: Policy enforcement is depending on the value of is_admin. This key is deprecated. Please update your policy file to use the standard policy values. warnings.warn(
2026-05-25 19:09:28.385 8 INFO cinder.api.openstack.wsgi [req-d37a131a-74ae-4ef4-85ef-455ba79ddbcc req-cc0984af-e6bd-4171-9cc6-09f9cd6f6347 e4976e76e57340cf9a589d1b22699cdc 372edc9dca3d4396a2fa0a934bbcd9a1 - - default default] http://cinder-api.openstack.svc.cluster.local:8776/v3/372edc9dca3d4396a2fa0a934bbcd9a1/attachments/c87bd4db-29c0-4ae6-a919-a2310278d2eb returned with HTTP 200 [pid: 8|app: 0|req: 375/750] 199.204.45.210 () {38 vars in 1102 bytes} [Mon May 25 19:09:27 2026] DELETE /v3/372edc9dca3d4396a2fa0a934bbcd9a1/attachments/c87bd4db-29c0-4ae6-a919-a2310278d2eb => generated 19 bytes in 591 msecs (HTTP/1.1 200) 7 headers in 285 bytes (1 switches on core 0) /var/lib/openstack/lib/python3.12/site-packages/pycadf/identifier.py:70: UserWarning: Invalid uuid: cinderv3. To ensure interoperability, identifiers should be a valid uuid. warnings.warn(('Invalid uuid: %s. To ensure interoperability, '
2026-05-25 19:09:28.404 7 INFO cinder.api.openstack.wsgi [req-d37a131a-74ae-4ef4-85ef-455ba79ddbcc req-10389583-a8a5-45de-bcd2-cf9beda41781 e4976e76e57340cf9a589d1b22699cdc 372edc9dca3d4396a2fa0a934bbcd9a1 - - default default] DELETE http://cinder-api.openstack.svc.cluster.local:8776/v3/372edc9dca3d4396a2fa0a934bbcd9a1/volumes/b05d9a68-f98e-4305-ad8b-7566eff3aa35
2026-05-25 19:09:28.405 7 INFO cinder.api.v3.volumes [req-d37a131a-74ae-4ef4-85ef-455ba79ddbcc req-10389583-a8a5-45de-bcd2-cf9beda41781 e4976e76e57340cf9a589d1b22699cdc 372edc9dca3d4396a2fa0a934bbcd9a1 - - default default] Delete volume with id: b05d9a68-f98e-4305-ad8b-7566eff3aa35 /var/lib/openstack/lib/python3.12/site-packages/oslo_context/context.py:101: DeprecationWarning: Policy enforcement is depending on the value of is_admin. This key is deprecated. Please update your policy file to use the standard policy values. warnings.warn(
2026-05-25 19:09:28.414 7 INFO cinder.volume.api [req-d37a131a-74ae-4ef4-85ef-455ba79ddbcc req-10389583-a8a5-45de-bcd2-cf9beda41781 e4976e76e57340cf9a589d1b22699cdc 372edc9dca3d4396a2fa0a934bbcd9a1 - - default default] Volume info retrieved successfully.
2026-05-25 19:09:28.454 7 INFO cinder.volume.api [req-d37a131a-74ae-4ef4-85ef-455ba79ddbcc req-10389583-a8a5-45de-bcd2-cf9beda41781 e4976e76e57340cf9a589d1b22699cdc 372edc9dca3d4396a2fa0a934bbcd9a1 - - default default] Delete volume request issued successfully.
2026-05-25 19:09:28.455 7 INFO cinder.api.openstack.wsgi [req-d37a131a-74ae-4ef4-85ef-455ba79ddbcc req-10389583-a8a5-45de-bcd2-cf9beda41781 e4976e76e57340cf9a589d1b22699cdc 372edc9dca3d4396a2fa0a934bbcd9a1 - - default default] http://cinder-api.openstack.svc.cluster.local:8776/v3/372edc9dca3d4396a2fa0a934bbcd9a1/volumes/b05d9a68-f98e-4305-ad8b-7566eff3aa35 returned with HTTP 202 [pid: 7|app: 0|req: 376/751] 199.204.45.210 () {36 vars in 1053 bytes} [Mon May 25 19:09:28 2026] DELETE /v3/372edc9dca3d4396a2fa0a934bbcd9a1/volumes/b05d9a68-f98e-4305-ad8b-7566eff3aa35 => generated 0 bytes in 59 msecs (HTTP/1.1 202) 6 headers in 233 bytes (1 switches on core 0)
2026-05-25 19:09:36.581 7 INFO cinder.api.openstack.wsgi [req-d37a131a-74ae-4ef4-85ef-455ba79ddbcc req-10389583-a8a5-45de-bcd2-cf9beda41781 e4976e76e57340cf9a589d1b22699cdc 372edc9dca3d4396a2fa0a934bbcd9a1 - - default default] GET http://10.0.0.12:8776/
2026-05-25 19:09:36.581 8 INFO cinder.api.openstack.wsgi [req-d37a131a-74ae-4ef4-85ef-455ba79ddbcc req-cc0984af-e6bd-4171-9cc6-09f9cd6f6347 e4976e76e57340cf9a589d1b22699cdc 372edc9dca3d4396a2fa0a934bbcd9a1 - - default default] GET http://10.0.0.12:8776/
2026-05-25 19:09:36.582 7 INFO cinder.api.openstack.wsgi [req-d37a131a-74ae-4ef4-85ef-455ba79ddbcc req-10389583-a8a5-45de-bcd2-cf9beda41781 e4976e76e57340cf9a589d1b22699cdc 372edc9dca3d4396a2fa0a934bbcd9a1 - - default default] http://10.0.0.12:8776/ returned with HTTP 300
2026-05-25 19:09:36.582 8 INFO cinder.api.openstack.wsgi [req-d37a131a-74ae-4ef4-85ef-455ba79ddbcc req-cc0984af-e6bd-4171-9cc6-09f9cd6f6347 e4976e76e57340cf9a589d1b22699cdc 372edc9dca3d4396a2fa0a934bbcd9a1 - - default default] http://10.0.0.12:8776/ returned with HTTP 300
2026-05-25 19:09:46.581 8 INFO cinder.api.openstack.wsgi [req-d37a131a-74ae-4ef4-85ef-455ba79ddbcc req-cc0984af-e6bd-4171-9cc6-09f9cd6f6347 e4976e76e57340cf9a589d1b22699cdc 372edc9dca3d4396a2fa0a934bbcd9a1 - - default default] GET http://10.0.0.12:8776/
2026-05-25 19:09:46.581 7 INFO cinder.api.openstack.wsgi [req-d37a131a-74ae-4ef4-85ef-455ba79ddbcc req-10389583-a8a5-45de-bcd2-cf9beda41781 e4976e76e57340cf9a589d1b22699cdc 372edc9dca3d4396a2fa0a934bbcd9a1 - - default default] GET http://10.0.0.12:8776/
2026-05-25 19:09:46.582 8 INFO cinder.api.openstack.wsgi [req-d37a131a-74ae-4ef4-85ef-455ba79ddbcc req-cc0984af-e6bd-4171-9cc6-09f9cd6f6347 e4976e76e57340cf9a589d1b22699cdc 372edc9dca3d4396a2fa0a934bbcd9a1 - - default default] http://10.0.0.12:8776/ returned with HTTP 300
2026-05-25 19:09:46.583 7 INFO cinder.api.openstack.wsgi [req-d37a131a-74ae-4ef4-85ef-455ba79ddbcc req-10389583-a8a5-45de-bcd2-cf9beda41781 e4976e76e57340cf9a589d1b22699cdc 372edc9dca3d4396a2fa0a934bbcd9a1 - - default default] http://10.0.0.12:8776/ returned with HTTP 300 /var/lib/openstack/lib/python3.12/site-packages/pycadf/identifier.py:70: UserWarning: Invalid uuid: cinderv3. To ensure interoperability, identifiers should be a valid uuid. warnings.warn(('Invalid uuid: %s. To ensure interoperability, '
2026-05-25 19:09:47.214 8 INFO cinder.api.openstack.wsgi [None req-056874f7-996e-4612-aa0c-aa30d4a4349e 66197a1e3cd345e3ab49688122413964 ca192ecf0f8f481f8cdcdde03ba9e74c - - default default] GET http://cinder-api.openstack.svc.cluster.local:8776/v3/ca192ecf0f8f481f8cdcdde03ba9e74c/volumes/detail?all_tenants=true /var/lib/openstack/lib/python3.12/site-packages/oslo_context/context.py:101: DeprecationWarning: Policy enforcement is depending on the value of is_admin. This key is deprecated. Please update your policy file to use the standard policy values. warnings.warn(
2026-05-25 19:09:47.228 8 INFO cinder.volume.api [None req-056874f7-996e-4612-aa0c-aa30d4a4349e 66197a1e3cd345e3ab49688122413964 ca192ecf0f8f481f8cdcdde03ba9e74c - - default default] Get all volumes completed successfully.
2026-05-25 19:09:47.230 8 INFO cinder.api.openstack.wsgi [None req-056874f7-996e-4612-aa0c-aa30d4a4349e 66197a1e3cd345e3ab49688122413964 ca192ecf0f8f481f8cdcdde03ba9e74c - - default default] http://cinder-api.openstack.svc.cluster.local:8776/v3/ca192ecf0f8f481f8cdcdde03ba9e74c/volumes/detail?all_tenants=true returned with HTTP 200 [pid: 8|app: 0|req: 378/756] 10.0.0.74 () {28 vars in 682 bytes} [Mon May 25 19:09:46 2026] GET /v3/ca192ecf0f8f481f8cdcdde03ba9e74c/volumes/detail?all_tenants=true => generated 15 bytes in 245 msecs (HTTP/1.1 200) 7 headers in 284 bytes (1 switches on core 0) /var/lib/openstack/lib/python3.12/site-packages/pycadf/identifier.py:70: UserWarning: Invalid uuid: cinderv3. To ensure interoperability, identifiers should be a valid uuid. warnings.warn(('Invalid uuid: %s. To ensure interoperability, '
2026-05-25 19:09:47.286 7 INFO cinder.api.openstack.wsgi [None req-9ee6a07b-623d-4ca7-83d0-d3a3386680f5 66197a1e3cd345e3ab49688122413964 ca192ecf0f8f481f8cdcdde03ba9e74c - - default default] GET http://cinder-api.openstack.svc.cluster.local:8776/v3/ca192ecf0f8f481f8cdcdde03ba9e74c/os-quota-sets/1eb4a21766a64192bea58a12a751622e?usage=true
2026-05-25 19:09:47.310 7 INFO cinder.api.openstack.wsgi [None req-9ee6a07b-623d-4ca7-83d0-d3a3386680f5 66197a1e3cd345e3ab49688122413964 ca192ecf0f8f481f8cdcdde03ba9e74c - - default default] http://cinder-api.openstack.svc.cluster.local:8776/v3/ca192ecf0f8f481f8cdcdde03ba9e74c/os-quota-sets/1eb4a21766a64192bea58a12a751622e?usage=true returned with HTTP 200 [pid: 7|app: 0|req: 379/757] 10.0.0.74 () {28 vars in 734 bytes} [Mon May 25 19:09:47 2026] GET /v3/ca192ecf0f8f481f8cdcdde03ba9e74c/os-quota-sets/1eb4a21766a64192bea58a12a751622e?usage=true => generated 847 bytes in 37 msecs (HTTP/1.1 200) 7 headers in 285 bytes (1 switches on core 0)
2026-05-25 19:09:47.333 8 INFO cinder.api.openstack.wsgi [None req-61d09231-8456-442c-9973-e73b2d569aed 66197a1e3cd345e3ab49688122413964 ca192ecf0f8f481f8cdcdde03ba9e74c - - default default] GET http://cinder-api.openstack.svc.cluster.local:8776/v3/ca192ecf0f8f481f8cdcdde03ba9e74c/os-quota-sets/286f56f138fc4c24b4342b169c8f3e7b?usage=true
2026-05-25 19:09:47.398 8 INFO cinder.api.openstack.wsgi [None req-61d09231-8456-442c-9973-e73b2d569aed 66197a1e3cd345e3ab49688122413964 ca192ecf0f8f481f8cdcdde03ba9e74c - - default default] http://cinder-api.openstack.svc.cluster.local:8776/v3/ca192ecf0f8f481f8cdcdde03ba9e74c/os-quota-sets/286f56f138fc4c24b4342b169c8f3e7b?usage=true returned with HTTP 200 [pid: 8|app: 0|req: 379/758] 10.0.0.74 () {28 vars in 734 bytes} [Mon May 25 19:09:47 2026] GET /v3/ca192ecf0f8f481f8cdcdde03ba9e74c/os-quota-sets/286f56f138fc4c24b4342b169c8f3e7b?usage=true => generated 847 bytes in 79 msecs (HTTP/1.1 200) 7 headers in 285 bytes (1 switches on core 0)
2026-05-25 19:09:47.414 7 INFO cinder.api.openstack.wsgi [None req-65486c91-7d92-4ecd-a0db-8e48ee463952 66197a1e3cd345e3ab49688122413964 ca192ecf0f8f481f8cdcdde03ba9e74c - - default default] GET http://cinder-api.openstack.svc.cluster.local:8776/v3/ca192ecf0f8f481f8cdcdde03ba9e74c/os-quota-sets/671bb413364f4047b7803e577d688ec8?usage=true
2026-05-25 19:09:47.440 7 INFO cinder.api.openstack.wsgi [None req-65486c91-7d92-4ecd-a0db-8e48ee463952 66197a1e3cd345e3ab49688122413964 ca192ecf0f8f481f8cdcdde03ba9e74c - - default default] http://cinder-api.openstack.svc.cluster.local:8776/v3/ca192ecf0f8f481f8cdcdde03ba9e74c/os-quota-sets/671bb413364f4047b7803e577d688ec8?usage=true returned with HTTP 200 [pid: 7|app: 0|req: 380/759] 10.0.0.74 () {28 vars in 734 bytes} [Mon May 25 19:09:47 2026] GET /v3/ca192ecf0f8f481f8cdcdde03ba9e74c/os-quota-sets/671bb413364f4047b7803e577d688ec8?usage=true => generated 845 bytes in 34 msecs (HTTP/1.1 200) 7 headers in 285 bytes (1 switches on core 0)
2026-05-25 19:09:47.458 8 INFO cinder.api.openstack.wsgi [None req-1d904725-85ac-4b81-9a82-bfff9b6c096a 66197a1e3cd345e3ab49688122413964 ca192ecf0f8f481f8cdcdde03ba9e74c - - default default] GET http://cinder-api.openstack.svc.cluster.local:8776/v3/ca192ecf0f8f481f8cdcdde03ba9e74c/os-quota-sets/83b96f3072ca408499e3006c7f0c4761?usage=true
2026-05-25 19:09:47.487 8 INFO cinder.api.openstack.wsgi [None req-1d904725-85ac-4b81-9a82-bfff9b6c096a 66197a1e3cd345e3ab49688122413964 ca192ecf0f8f481f8cdcdde03ba9e74c - - default default] http://cinder-api.openstack.svc.cluster.local:8776/v3/ca192ecf0f8f481f8cdcdde03ba9e74c/os-quota-sets/83b96f3072ca408499e3006c7f0c4761?usage=true returned with HTTP 200 [pid: 8|app: 0|req: 380/760] 10.0.0.74 () {28 vars in 734 bytes} [Mon May 25 19:09:47 2026] GET /v3/ca192ecf0f8f481f8cdcdde03ba9e74c/os-quota-sets/83b96f3072ca408499e3006c7f0c4761?usage=true => generated 847 bytes in 41 msecs (HTTP/1.1 200) 7 headers in 285 bytes (1 switches on core 0)
2026-05-25 19:09:47.504 7 INFO cinder.api.openstack.wsgi [None req-949d6cf4-0108-404d-970f-b36ced4146e5 66197a1e3cd345e3ab49688122413964 ca192ecf0f8f481f8cdcdde03ba9e74c - - default default] GET http://cinder-api.openstack.svc.cluster.local:8776/v3/ca192ecf0f8f481f8cdcdde03ba9e74c/os-quota-sets/ca192ecf0f8f481f8cdcdde03ba9e74c?usage=true
2026-05-25 19:09:47.533 7 INFO cinder.api.openstack.wsgi [None req-949d6cf4-0108-404d-970f-b36ced4146e5 66197a1e3cd345e3ab49688122413964 ca192ecf0f8f481f8cdcdde03ba9e74c - - default default] http://cinder-api.openstack.svc.cluster.local:8776/v3/ca192ecf0f8f481f8cdcdde03ba9e74c/os-quota-sets/ca192ecf0f8f481f8cdcdde03ba9e74c?usage=true returned with HTTP 200 [pid: 7|app: 0|req: 381/761] 10.0.0.74 () {28 vars in 734 bytes} [Mon May 25 19:09:47 2026] GET /v3/ca192ecf0f8f481f8cdcdde03ba9e74c/os-quota-sets/ca192ecf0f8f481f8cdcdde03ba9e74c?usage=true => generated 845 bytes in 39 msecs (HTTP/1.1 200) 7 headers in 285 bytes (1 switches on core 0)
2026-05-25 19:09:47.550 8 INFO cinder.api.openstack.wsgi [None req-075da4ac-e329-4319-91b1-884e87b10d92 66197a1e3cd345e3ab49688122413964 ca192ecf0f8f481f8cdcdde03ba9e74c - - default default] GET http://cinder-api.openstack.svc.cluster.local:8776/v3/ca192ecf0f8f481f8cdcdde03ba9e74c/os-quota-sets/e4d2ed2039344aaeaedde4bde75083ce?usage=true
2026-05-25 19:09:47.569 8 INFO cinder.api.openstack.wsgi [None req-075da4ac-e329-4319-91b1-884e87b10d92 66197a1e3cd345e3ab49688122413964 ca192ecf0f8f481f8cdcdde03ba9e74c - - default default] http://cinder-api.openstack.svc.cluster.local:8776/v3/ca192ecf0f8f481f8cdcdde03ba9e74c/os-quota-sets/e4d2ed2039344aaeaedde4bde75083ce?usage=true returned with HTTP 200 [pid: 8|app: 0|req: 381/762] 10.0.0.74 () {28 vars in 734 bytes} [Mon May 25 19:09:47 2026] GET /v3/ca192ecf0f8f481f8cdcdde03ba9e74c/os-quota-sets/e4d2ed2039344aaeaedde4bde75083ce?usage=true => generated 847 bytes in 30 msecs (HTTP/1.1 200) 7 headers in 285 bytes (1 switches on core 0)
2026-05-25 19:09:47.582 7 INFO cinder.api.openstack.wsgi [None req-75fc5414-a9b6-4e07-a475-fd9c7b65610b 66197a1e3cd345e3ab49688122413964 ca192ecf0f8f481f8cdcdde03ba9e74c - - default default] GET http://cinder-api.openstack.svc.cluster.local:8776/v3/ca192ecf0f8f481f8cdcdde03ba9e74c/os-quota-sets/e5dc8a9ea087428cb7f62fcc23b8ee8f?usage=true
2026-05-25 19:09:47.607 7 INFO cinder.api.openstack.wsgi [None req-75fc5414-a9b6-4e07-a475-fd9c7b65610b 66197a1e3cd345e3ab49688122413964 ca192ecf0f8f481f8cdcdde03ba9e74c - - default default] http://cinder-api.openstack.svc.cluster.local:8776/v3/ca192ecf0f8f481f8cdcdde03ba9e74c/os-quota-sets/e5dc8a9ea087428cb7f62fcc23b8ee8f?usage=true returned with HTTP 200 [pid: 7|app: 0|req: 382/763] 10.0.0.74 () {28 vars in 734 bytes} [Mon May 25 19:09:47 2026] GET /v3/ca192ecf0f8f481f8cdcdde03ba9e74c/os-quota-sets/e5dc8a9ea087428cb7f62fcc23b8ee8f?usage=true => generated 847 bytes in 32 msecs (HTTP/1.1 200) 7 headers in 285 bytes (1 switches on core 0)
2026-05-25 19:09:47.618 8 INFO cinder.api.openstack.wsgi [None req-5fe4e4ad-8701-4e75-b1d3-e59eb05c01bb 66197a1e3cd345e3ab49688122413964 ca192ecf0f8f481f8cdcdde03ba9e74c - - default default] GET http://cinder-api.openstack.svc.cluster.local:8776/v3/ca192ecf0f8f481f8cdcdde03ba9e74c/os-quota-sets/f64228778dd64165a2d63fb3ffb09e84?usage=true
2026-05-25 19:09:47.646 8 INFO cinder.api.openstack.wsgi [None req-5fe4e4ad-8701-4e75-b1d3-e59eb05c01bb 66197a1e3cd345e3ab49688122413964 ca192ecf0f8f481f8cdcdde03ba9e74c - - default default] http://cinder-api.openstack.svc.cluster.local:8776/v3/ca192ecf0f8f481f8cdcdde03ba9e74c/os-quota-sets/f64228778dd64165a2d63fb3ffb09e84?usage=true returned with HTTP 200 [pid: 8|app: 0|req: 382/764] 10.0.0.74 () {28 vars in 734 bytes} [Mon May 25 19:09:47 2026] GET /v3/ca192ecf0f8f481f8cdcdde03ba9e74c/os-quota-sets/f64228778dd64165a2d63fb3ffb09e84?usage=true => generated 847 bytes in 36 msecs (HTTP/1.1 200) 7 headers in 285 bytes (1 switches on core 0)
2026-05-25 19:09:47.658 7 INFO cinder.api.openstack.wsgi [None req-79ab30a9-a1ba-4226-82d9-def1a5881732 66197a1e3cd345e3ab49688122413964 ca192ecf0f8f481f8cdcdde03ba9e74c - - default default] GET http://cinder-api.openstack.svc.cluster.local:8776/v3/ca192ecf0f8f481f8cdcdde03ba9e74c/snapshots?all_tenants=true
2026-05-25 19:09:47.664 7 INFO cinder.volume.api [None req-79ab30a9-a1ba-4226-82d9-def1a5881732 66197a1e3cd345e3ab49688122413964 ca192ecf0f8f481f8cdcdde03ba9e74c - - default default] Get all snapshots completed successfully.
2026-05-25 19:09:47.664 7 INFO cinder.api.openstack.wsgi [None req-79ab30a9-a1ba-4226-82d9-def1a5881732 66197a1e3cd345e3ab49688122413964 ca192ecf0f8f481f8cdcdde03ba9e74c - - default default] http://cinder-api.openstack.svc.cluster.local:8776/v3/ca192ecf0f8f481f8cdcdde03ba9e74c/snapshots?all_tenants=true returned with HTTP 200 [pid: 7|app: 0|req: 383/765] 10.0.0.74 () {28 vars in 672 bytes} [Mon May 25 19:09:47 2026] GET /v3/ca192ecf0f8f481f8cdcdde03ba9e74c/snapshots?all_tenants=true => generated 17 bytes in 14 msecs (HTTP/1.1 200) 7 headers in 284 bytes (1 switches on core 0)
2026-05-25 19:09:47.678 8 INFO cinder.api.openstack.wsgi [None req-541ce80f-df54-403b-a139-66e92edc789a 66197a1e3cd345e3ab49688122413964 ca192ecf0f8f481f8cdcdde03ba9e74c - - default default] GET http://cinder-api.openstack.svc.cluster.local:8776/v3/ca192ecf0f8f481f8cdcdde03ba9e74c/os-services
2026-05-25 19:09:47.686 8 INFO cinder.api.openstack.wsgi [None req-541ce80f-df54-403b-a139-66e92edc789a 66197a1e3cd345e3ab49688122413964 ca192ecf0f8f481f8cdcdde03ba9e74c - - default default] http://cinder-api.openstack.svc.cluster.local:8776/v3/ca192ecf0f8f481f8cdcdde03ba9e74c/os-services returned with HTTP 200 [pid: 8|app: 0|req: 383/766] 10.0.0.74 () {28 vars in 643 bytes} [Mon May 25 19:09:47 2026] GET /v3/ca192ecf0f8f481f8cdcdde03ba9e74c/os-services => generated 646 bytes in 18 msecs (HTTP/1.1 200) 7 headers in 285 bytes (1 switches on core 0)
2026-05-25 19:09:47.696 7 INFO cinder.api.openstack.wsgi [None req-908f405e-b349-42d3-9485-b481e4a8251a 66197a1e3cd345e3ab49688122413964 ca192ecf0f8f481f8cdcdde03ba9e74c - - default default] GET http://cinder-api.openstack.svc.cluster.local:8776/v3/ca192ecf0f8f481f8cdcdde03ba9e74c/volumes/detail?all_tenants=true
2026-05-25 19:09:47.704 7 INFO cinder.volume.api [None req-908f405e-b349-42d3-9485-b481e4a8251a 66197a1e3cd345e3ab49688122413964 ca192ecf0f8f481f8cdcdde03ba9e74c - - default default] Get all volumes completed successfully.
2026-05-25 19:09:47.706 7 INFO cinder.api.openstack.wsgi [None req-908f405e-b349-42d3-9485-b481e4a8251a 66197a1e3cd345e3ab49688122413964 ca192ecf0f8f481f8cdcdde03ba9e74c - - default default] http://cinder-api.openstack.svc.cluster.local:8776/v3/ca192ecf0f8f481f8cdcdde03ba9e74c/volumes/detail?all_tenants=true returned with HTTP 200 [pid: 7|app: 0|req: 384/767] 10.0.0.74 () {28 vars in 682 bytes} [Mon May 25 19:09:47 2026] GET /v3/ca192ecf0f8f481f8cdcdde03ba9e74c/volumes/detail?all_tenants=true => generated 15 bytes in 14 msecs (HTTP/1.1 200) 7 headers in 284 bytes (1 switches on core 0)
2026-05-25 19:09:47.716 8 INFO cinder.api.openstack.wsgi [None req-66771fb0-7cd1-4458-b355-3ef02be86dcf 66197a1e3cd345e3ab49688122413964 ca192ecf0f8f481f8cdcdde03ba9e74c - - default default] GET http://cinder-api.openstack.svc.cluster.local:8776/v3/ca192ecf0f8f481f8cdcdde03ba9e74c/scheduler-stats/get_pools?detail=true
2026-05-25 19:09:48.219 8 INFO cinder.api.openstack.wsgi [None req-66771fb0-7cd1-4458-b355-3ef02be86dcf 66197a1e3cd345e3ab49688122413964 ca192ecf0f8f481f8cdcdde03ba9e74c - - default default] http://cinder-api.openstack.svc.cluster.local:8776/v3/ca192ecf0f8f481f8cdcdde03ba9e74c/scheduler-stats/get_pools?detail=true returned with HTTP 200 [pid: 8|app: 0|req: 384/768] 10.0.0.74 () {28 vars in 694 bytes} [Mon May 25 19:09:47 2026] GET /v3/ca192ecf0f8f481f8cdcdde03ba9e74c/scheduler-stats/get_pools?detail=true => generated 668 bytes in 510 msecs (HTTP/1.1 200) 7 headers in 285 bytes (1 switches on core 0)
2026-05-25 19:09:56.581 8 INFO cinder.api.openstack.wsgi [None req-66771fb0-7cd1-4458-b355-3ef02be86dcf 66197a1e3cd345e3ab49688122413964 ca192ecf0f8f481f8cdcdde03ba9e74c - - default default] GET http://10.0.0.12:8776/
2026-05-25 19:09:56.582 7 INFO cinder.api.openstack.wsgi [None req-908f405e-b349-42d3-9485-b481e4a8251a 66197a1e3cd345e3ab49688122413964 ca192ecf0f8f481f8cdcdde03ba9e74c - - default default] GET http://10.0.0.12:8776/
2026-05-25 19:09:56.583 8 INFO cinder.api.openstack.wsgi [None req-66771fb0-7cd1-4458-b355-3ef02be86dcf 66197a1e3cd345e3ab49688122413964 ca192ecf0f8f481f8cdcdde03ba9e74c - - default default] http://10.0.0.12:8776/ returned with HTTP 300
2026-05-25 19:09:56.583 7 INFO cinder.api.openstack.wsgi [None req-908f405e-b349-42d3-9485-b481e4a8251a 66197a1e3cd345e3ab49688122413964 ca192ecf0f8f481f8cdcdde03ba9e74c - - default default] http://10.0.0.12:8776/ returned with HTTP 300
2026-05-25 19:10:06.581 8 INFO cinder.api.openstack.wsgi [None req-66771fb0-7cd1-4458-b355-3ef02be86dcf 66197a1e3cd345e3ab49688122413964 ca192ecf0f8f481f8cdcdde03ba9e74c - - default default] GET http://10.0.0.12:8776/
2026-05-25 19:10:06.582 7 INFO cinder.api.openstack.wsgi [None req-908f405e-b349-42d3-9485-b481e4a8251a 66197a1e3cd345e3ab49688122413964 ca192ecf0f8f481f8cdcdde03ba9e74c - - default default] GET http://10.0.0.12:8776/
2026-05-25 19:10:06.582 8 INFO cinder.api.openstack.wsgi [None req-66771fb0-7cd1-4458-b355-3ef02be86dcf 66197a1e3cd345e3ab49688122413964 ca192ecf0f8f481f8cdcdde03ba9e74c - - default default] http://10.0.0.12:8776/ returned with HTTP 300
2026-05-25 19:10:06.583 7 INFO cinder.api.openstack.wsgi [None req-908f405e-b349-42d3-9485-b481e4a8251a 66197a1e3cd345e3ab49688122413964 ca192ecf0f8f481f8cdcdde03ba9e74c - - default default] http://10.0.0.12:8776/ returned with HTTP 300
2026-05-25 19:10:16.581 7 INFO cinder.api.openstack.wsgi [None req-908f405e-b349-42d3-9485-b481e4a8251a 66197a1e3cd345e3ab49688122413964 ca192ecf0f8f481f8cdcdde03ba9e74c - - default default] GET http://10.0.0.12:8776/
2026-05-25 19:10:16.582 7 INFO cinder.api.openstack.wsgi [None req-908f405e-b349-42d3-9485-b481e4a8251a 66197a1e3cd345e3ab49688122413964 ca192ecf0f8f481f8cdcdde03ba9e74c - - default default] http://10.0.0.12:8776/ returned with HTTP 300
2026-05-25 19:10:16.582 8 INFO cinder.api.openstack.wsgi [None req-66771fb0-7cd1-4458-b355-3ef02be86dcf 66197a1e3cd345e3ab49688122413964 ca192ecf0f8f481f8cdcdde03ba9e74c - - default default] GET http://10.0.0.12:8776/
2026-05-25 19:10:16.583 8 INFO cinder.api.openstack.wsgi [None req-66771fb0-7cd1-4458-b355-3ef02be86dcf 66197a1e3cd345e3ab49688122413964 ca192ecf0f8f481f8cdcdde03ba9e74c - - default default] http://10.0.0.12:8776/ returned with HTTP 300
2026-05-25 19:10:26.581 7 INFO cinder.api.openstack.wsgi [None req-908f405e-b349-42d3-9485-b481e4a8251a 66197a1e3cd345e3ab49688122413964 ca192ecf0f8f481f8cdcdde03ba9e74c - - default default] GET http://10.0.0.12:8776/
2026-05-25 19:10:26.581 8 INFO cinder.api.openstack.wsgi [None req-66771fb0-7cd1-4458-b355-3ef02be86dcf 66197a1e3cd345e3ab49688122413964 ca192ecf0f8f481f8cdcdde03ba9e74c - - default default] GET http://10.0.0.12:8776/
2026-05-25 19:10:26.582 7 INFO cinder.api.openstack.wsgi [None req-908f405e-b349-42d3-9485-b481e4a8251a 66197a1e3cd345e3ab49688122413964 ca192ecf0f8f481f8cdcdde03ba9e74c - - default default] http://10.0.0.12:8776/ returned with HTTP 300
2026-05-25 19:10:26.583 8 INFO cinder.api.openstack.wsgi [None req-66771fb0-7cd1-4458-b355-3ef02be86dcf 66197a1e3cd345e3ab49688122413964 ca192ecf0f8f481f8cdcdde03ba9e74c - - default default] http://10.0.0.12:8776/ returned with HTTP 300
2026-05-25 19:10:36.581 7 INFO cinder.api.openstack.wsgi [None req-908f405e-b349-42d3-9485-b481e4a8251a 66197a1e3cd345e3ab49688122413964 ca192ecf0f8f481f8cdcdde03ba9e74c - - default default] GET http://10.0.0.12:8776/
2026-05-25 19:10:36.581 8 INFO cinder.api.openstack.wsgi [None req-66771fb0-7cd1-4458-b355-3ef02be86dcf 66197a1e3cd345e3ab49688122413964 ca192ecf0f8f481f8cdcdde03ba9e74c - - default default] GET http://10.0.0.12:8776/
2026-05-25 19:10:36.582 8 INFO cinder.api.openstack.wsgi [None req-66771fb0-7cd1-4458-b355-3ef02be86dcf 66197a1e3cd345e3ab49688122413964 ca192ecf0f8f481f8cdcdde03ba9e74c - - default default] http://10.0.0.12:8776/ returned with HTTP 300
2026-05-25 19:10:36.582 7 INFO cinder.api.openstack.wsgi [None req-908f405e-b349-42d3-9485-b481e4a8251a 66197a1e3cd345e3ab49688122413964 ca192ecf0f8f481f8cdcdde03ba9e74c - - default default] http://10.0.0.12:8776/ returned with HTTP 300
2026-05-25 19:10:38.781 8 INFO cinder.api.openstack.wsgi [None req-66771fb0-7cd1-4458-b355-3ef02be86dcf 66197a1e3cd345e3ab49688122413964 ca192ecf0f8f481f8cdcdde03ba9e74c - - default default] GET http://cinder-api.openstack.svc.cluster.local:8776/
2026-05-25 19:10:38.782 8 INFO cinder.api.openstack.wsgi [None req-66771fb0-7cd1-4458-b355-3ef02be86dcf 66197a1e3cd345e3ab49688122413964 ca192ecf0f8f481f8cdcdde03ba9e74c - - default default] http://cinder-api.openstack.svc.cluster.local:8776/ returned with HTTP 300 [pid: 8|app: 0|req: 390/779] 10.0.0.201 () {30 vars in 410 bytes} [Mon May 25 19:10:38 2026] GET / => generated 411 bytes in 2 msecs (HTTP/1.1 300) 5 headers in 169 bytes (1 switches on core 0)
2026-05-25 19:10:46.581 8 INFO cinder.api.openstack.wsgi [None req-66771fb0-7cd1-4458-b355-3ef02be86dcf 66197a1e3cd345e3ab49688122413964 ca192ecf0f8f481f8cdcdde03ba9e74c - - default default] GET http://10.0.0.12:8776/
2026-05-25 19:10:46.581 7 INFO cinder.api.openstack.wsgi [None req-908f405e-b349-42d3-9485-b481e4a8251a 66197a1e3cd345e3ab49688122413964 ca192ecf0f8f481f8cdcdde03ba9e74c - - default default] GET http://10.0.0.12:8776/
2026-05-25 19:10:46.582 8 INFO cinder.api.openstack.wsgi [None req-66771fb0-7cd1-4458-b355-3ef02be86dcf 66197a1e3cd345e3ab49688122413964 ca192ecf0f8f481f8cdcdde03ba9e74c - - default default] http://10.0.0.12:8776/ returned with HTTP 300
2026-05-25 19:10:46.583 7 INFO cinder.api.openstack.wsgi [None req-908f405e-b349-42d3-9485-b481e4a8251a 66197a1e3cd345e3ab49688122413964 ca192ecf0f8f481f8cdcdde03ba9e74c - - default default] http://10.0.0.12:8776/ returned with HTTP 300
2026-05-25 19:10:47.218 8 INFO cinder.api.openstack.wsgi [None req-a61241a9-ec5b-48a4-8ef8-2b97ae06f4b0 66197a1e3cd345e3ab49688122413964 ca192ecf0f8f481f8cdcdde03ba9e74c - - default default] GET http://cinder-api.openstack.svc.cluster.local:8776/v3/ca192ecf0f8f481f8cdcdde03ba9e74c/snapshots?all_tenants=true
2026-05-25 19:10:47.224 8 INFO cinder.volume.api [None req-a61241a9-ec5b-48a4-8ef8-2b97ae06f4b0 66197a1e3cd345e3ab49688122413964 ca192ecf0f8f481f8cdcdde03ba9e74c - - default default] Get all snapshots completed successfully.
2026-05-25 19:10:47.225 8 INFO cinder.api.openstack.wsgi [None req-a61241a9-ec5b-48a4-8ef8-2b97ae06f4b0 66197a1e3cd345e3ab49688122413964 ca192ecf0f8f481f8cdcdde03ba9e74c - - default default] http://cinder-api.openstack.svc.cluster.local:8776/v3/ca192ecf0f8f481f8cdcdde03ba9e74c/snapshots?all_tenants=true returned with HTTP 200 [pid: 8|app: 0|req: 392/782] 10.0.0.74 () {28 vars in 672 bytes} [Mon May 25 19:10:47 2026] GET /v3/ca192ecf0f8f481f8cdcdde03ba9e74c/snapshots?all_tenants=true => generated 17 bytes in 201 msecs (HTTP/1.1 200) 7 headers in 284 bytes (1 switches on core 0)
2026-05-25 19:10:47.238 7 INFO cinder.api.openstack.wsgi [None req-0981fab6-47b3-4df0-be40-5ac62ac575e0 66197a1e3cd345e3ab49688122413964 ca192ecf0f8f481f8cdcdde03ba9e74c - - default default] GET http://cinder-api.openstack.svc.cluster.local:8776/v3/ca192ecf0f8f481f8cdcdde03ba9e74c/scheduler-stats/get_pools?detail=true
2026-05-25 19:10:47.743 7 INFO cinder.api.openstack.wsgi [None req-0981fab6-47b3-4df0-be40-5ac62ac575e0 66197a1e3cd345e3ab49688122413964 ca192ecf0f8f481f8cdcdde03ba9e74c - - default default] http://cinder-api.openstack.svc.cluster.local:8776/v3/ca192ecf0f8f481f8cdcdde03ba9e74c/scheduler-stats/get_pools?detail=true returned with HTTP 200 [pid: 7|app: 0|req: 391/783] 10.0.0.74 () {28 vars in 694 bytes} [Mon May 25 19:10:47 2026] GET /v3/ca192ecf0f8f481f8cdcdde03ba9e74c/scheduler-stats/get_pools?detail=true => generated 668 bytes in 513 msecs (HTTP/1.1 200) 7 headers in 285 bytes (1 switches on core 0)
2026-05-25 19:10:47.757 8 INFO cinder.api.openstack.wsgi [None req-71855a36-ef5b-4e99-aabb-e15d3d3a0927 66197a1e3cd345e3ab49688122413964 ca192ecf0f8f481f8cdcdde03ba9e74c - - default default] GET http://cinder-api.openstack.svc.cluster.local:8776/v3/ca192ecf0f8f481f8cdcdde03ba9e74c/volumes/detail?all_tenants=true
2026-05-25 19:10:47.770 8 INFO cinder.volume.api [None req-71855a36-ef5b-4e99-aabb-e15d3d3a0927 66197a1e3cd345e3ab49688122413964 ca192ecf0f8f481f8cdcdde03ba9e74c - - default default] Get all volumes completed successfully.
2026-05-25 19:10:47.772 8 INFO cinder.api.openstack.wsgi [None req-71855a36-ef5b-4e99-aabb-e15d3d3a0927 66197a1e3cd345e3ab49688122413964 ca192ecf0f8f481f8cdcdde03ba9e74c - - default default] http://cinder-api.openstack.svc.cluster.local:8776/v3/ca192ecf0f8f481f8cdcdde03ba9e74c/volumes/detail?all_tenants=true returned with HTTP 200 [pid: 8|app: 0|req: 393/784] 10.0.0.74 () {28 vars in 682 bytes} [Mon May 25 19:10:47 2026] GET /v3/ca192ecf0f8f481f8cdcdde03ba9e74c/volumes/detail?all_tenants=true => generated 15 bytes in 23 msecs (HTTP/1.1 200) 7 headers in 284 bytes (1 switches on core 0)
2026-05-25 19:10:47.784 7 INFO cinder.api.openstack.wsgi [None req-463ffb7c-d274-41a5-b38e-37df506db2e4 66197a1e3cd345e3ab49688122413964 ca192ecf0f8f481f8cdcdde03ba9e74c - - default default] GET http://cinder-api.openstack.svc.cluster.local:8776/v3/ca192ecf0f8f481f8cdcdde03ba9e74c/os-services
2026-05-25 19:10:47.791 7 INFO cinder.api.openstack.wsgi [None req-463ffb7c-d274-41a5-b38e-37df506db2e4 66197a1e3cd345e3ab49688122413964 ca192ecf0f8f481f8cdcdde03ba9e74c - - default default] http://cinder-api.openstack.svc.cluster.local:8776/v3/ca192ecf0f8f481f8cdcdde03ba9e74c/os-services returned with HTTP 200 [pid: 7|app: 0|req: 392/785] 10.0.0.74 () {28 vars in 643 bytes} [Mon May 25 19:10:47 2026] GET /v3/ca192ecf0f8f481f8cdcdde03ba9e74c/os-services => generated 646 bytes in 15 msecs (HTTP/1.1 200) 7 headers in 285 bytes (1 switches on core 0)
2026-05-25 19:10:47.806 8 INFO cinder.api.openstack.wsgi [None req-30f3a7d5-84c5-4e8f-ad24-2be602bf73a3 66197a1e3cd345e3ab49688122413964 ca192ecf0f8f481f8cdcdde03ba9e74c - - default default] GET http://cinder-api.openstack.svc.cluster.local:8776/v3/ca192ecf0f8f481f8cdcdde03ba9e74c/volumes/detail?all_tenants=true
2026-05-25 19:10:47.814 8 INFO cinder.volume.api [None req-30f3a7d5-84c5-4e8f-ad24-2be602bf73a3 66197a1e3cd345e3ab49688122413964 ca192ecf0f8f481f8cdcdde03ba9e74c - - default default] Get all volumes completed successfully.
2026-05-25 19:10:47.816 8 INFO cinder.api.openstack.wsgi [None req-30f3a7d5-84c5-4e8f-ad24-2be602bf73a3 66197a1e3cd345e3ab49688122413964 ca192ecf0f8f481f8cdcdde03ba9e74c - - default default] http://cinder-api.openstack.svc.cluster.local:8776/v3/ca192ecf0f8f481f8cdcdde03ba9e74c/volumes/detail?all_tenants=true returned with HTTP 200 [pid: 8|app: 0|req: 394/786] 10.0.0.74 () {28 vars in 682 bytes} [Mon May 25 19:10:47 2026] GET /v3/ca192ecf0f8f481f8cdcdde03ba9e74c/volumes/detail?all_tenants=true => generated 15 bytes in 17 msecs (HTTP/1.1 200) 7 headers in 284 bytes (1 switches on core 0)
2026-05-25 19:10:47.928 7 INFO cinder.api.openstack.wsgi [None req-00b05960-d6b0-4740-825f-49c778d1181d 66197a1e3cd345e3ab49688122413964 ca192ecf0f8f481f8cdcdde03ba9e74c - - default default] GET http://cinder-api.openstack.svc.cluster.local:8776/v3/ca192ecf0f8f481f8cdcdde03ba9e74c/os-quota-sets/0050ca053ee6446eb95b9e937ce7cdda?usage=true
2026-05-25 19:10:47.969 7 INFO cinder.api.openstack.wsgi [None req-00b05960-d6b0-4740-825f-49c778d1181d 66197a1e3cd345e3ab49688122413964 ca192ecf0f8f481f8cdcdde03ba9e74c - - default default] http://cinder-api.openstack.svc.cluster.local:8776/v3/ca192ecf0f8f481f8cdcdde03ba9e74c/os-quota-sets/0050ca053ee6446eb95b9e937ce7cdda?usage=true returned with HTTP 200 [pid: 7|app: 0|req: 393/787] 10.0.0.74 () {28 vars in 734 bytes} [Mon May 25 19:10:47 2026] GET /v3/ca192ecf0f8f481f8cdcdde03ba9e74c/os-quota-sets/0050ca053ee6446eb95b9e937ce7cdda?usage=true => generated 847 bytes in 51 msecs (HTTP/1.1 200) 7 headers in 285 bytes (1 switches on core 0)
2026-05-25 19:10:47.982 8 INFO cinder.api.openstack.wsgi [None req-db958ad1-8457-4c82-8097-ea8ef3c35d0c 66197a1e3cd345e3ab49688122413964 ca192ecf0f8f481f8cdcdde03ba9e74c - - default default] GET http://cinder-api.openstack.svc.cluster.local:8776/v3/ca192ecf0f8f481f8cdcdde03ba9e74c/os-quota-sets/17b88a864e79411da61669622411c62a?usage=true
2026-05-25 19:10:48.002 8 INFO cinder.api.openstack.wsgi [None req-db958ad1-8457-4c82-8097-ea8ef3c35d0c 66197a1e3cd345e3ab49688122413964 ca192ecf0f8f481f8cdcdde03ba9e74c - - default default] http://cinder-api.openstack.svc.cluster.local:8776/v3/ca192ecf0f8f481f8cdcdde03ba9e74c/os-quota-sets/17b88a864e79411da61669622411c62a?usage=true returned with HTTP 200 [pid: 8|app: 0|req: 395/788] 10.0.0.74 () {28 vars in 734 bytes} [Mon May 25 19:10:47 2026] GET /v3/ca192ecf0f8f481f8cdcdde03ba9e74c/os-quota-sets/17b88a864e79411da61669622411c62a?usage=true => generated 847 bytes in 27 msecs (HTTP/1.1 200) 7 headers in 285 bytes (1 switches on core 0)
2026-05-25 19:10:48.014 7 INFO cinder.api.openstack.wsgi [None req-497fc3ce-888b-4bd6-a3c4-04bc686f445b 66197a1e3cd345e3ab49688122413964 ca192ecf0f8f481f8cdcdde03ba9e74c - - default default] GET http://cinder-api.openstack.svc.cluster.local:8776/v3/ca192ecf0f8f481f8cdcdde03ba9e74c/os-quota-sets/286f56f138fc4c24b4342b169c8f3e7b?usage=true
2026-05-25 19:10:48.033 7 INFO cinder.api.openstack.wsgi [None req-497fc3ce-888b-4bd6-a3c4-04bc686f445b 66197a1e3cd345e3ab49688122413964 ca192ecf0f8f481f8cdcdde03ba9e74c - - default default] http://cinder-api.openstack.svc.cluster.local:8776/v3/ca192ecf0f8f481f8cdcdde03ba9e74c/os-quota-sets/286f56f138fc4c24b4342b169c8f3e7b?usage=true returned with HTTP 200 [pid: 7|app: 0|req: 394/789] 10.0.0.74 () {28 vars in 734 bytes} [Mon May 25 19:10:48 2026] GET /v3/ca192ecf0f8f481f8cdcdde03ba9e74c/os-quota-sets/286f56f138fc4c24b4342b169c8f3e7b?usage=true => generated 847 bytes in 27 msecs (HTTP/1.1 200) 7 headers in 285 bytes (1 switches on core 0)
2026-05-25 19:10:48.044 8 INFO cinder.api.openstack.wsgi [None req-86505b4b-767e-4b96-9b03-d936e0f32af5 66197a1e3cd345e3ab49688122413964 ca192ecf0f8f481f8cdcdde03ba9e74c - - default default] GET http://cinder-api.openstack.svc.cluster.local:8776/v3/ca192ecf0f8f481f8cdcdde03ba9e74c/os-quota-sets/37951eb852a242439a551640df28dd4c?usage=true
2026-05-25 19:10:48.060 8 INFO cinder.api.openstack.wsgi [None req-86505b4b-767e-4b96-9b03-d936e0f32af5 66197a1e3cd345e3ab49688122413964 ca192ecf0f8f481f8cdcdde03ba9e74c - - default default] http://cinder-api.openstack.svc.cluster.local:8776/v3/ca192ecf0f8f481f8cdcdde03ba9e74c/os-quota-sets/37951eb852a242439a551640df28dd4c?usage=true returned with HTTP 200 [pid: 8|app: 0|req: 396/790] 10.0.0.74 () {28 vars in 734 bytes} [Mon May 25 19:10:48 2026] GET /v3/ca192ecf0f8f481f8cdcdde03ba9e74c/os-quota-sets/37951eb852a242439a551640df28dd4c?usage=true => generated 847 bytes in 22 msecs (HTTP/1.1 200) 7 headers in 285 bytes (1 switches on core 0)
2026-05-25 19:10:48.073 7 INFO cinder.api.openstack.wsgi [None req-d4497c7c-31d2-451d-9de1-0267940a8408 66197a1e3cd345e3ab49688122413964 ca192ecf0f8f481f8cdcdde03ba9e74c - - default default] GET http://cinder-api.openstack.svc.cluster.local:8776/v3/ca192ecf0f8f481f8cdcdde03ba9e74c/os-quota-sets/402f5dc3e9bf4f1983da895b3055c672?usage=true
2026-05-25 19:10:48.097 7 INFO cinder.api.openstack.wsgi [None req-d4497c7c-31d2-451d-9de1-0267940a8408 66197a1e3cd345e3ab49688122413964 ca192ecf0f8f481f8cdcdde03ba9e74c - - default default] http://cinder-api.openstack.svc.cluster.local:8776/v3/ca192ecf0f8f481f8cdcdde03ba9e74c/os-quota-sets/402f5dc3e9bf4f1983da895b3055c672?usage=true returned with HTTP 200 [pid: 7|app: 0|req: 395/791] 10.0.0.74 () {28 vars in 734 bytes} [Mon May 25 19:10:48 2026] GET /v3/ca192ecf0f8f481f8cdcdde03ba9e74c/os-quota-sets/402f5dc3e9bf4f1983da895b3055c672?usage=true => generated 847 bytes in 32 msecs (HTTP/1.1 200) 7 headers in 285 bytes (1 switches on core 0)
2026-05-25 19:10:48.110 8 INFO cinder.api.openstack.wsgi [None req-beb9e77f-8496-48c1-b4a4-3b4ce42f429c 66197a1e3cd345e3ab49688122413964 ca192ecf0f8f481f8cdcdde03ba9e74c - - default default] GET http://cinder-api.openstack.svc.cluster.local:8776/v3/ca192ecf0f8f481f8cdcdde03ba9e74c/os-quota-sets/671bb413364f4047b7803e577d688ec8?usage=true
2026-05-25 19:10:48.126 8 INFO cinder.api.openstack.wsgi [None req-beb9e77f-8496-48c1-b4a4-3b4ce42f429c 66197a1e3cd345e3ab49688122413964 ca192ecf0f8f481f8cdcdde03ba9e74c - - default default] http://cinder-api.openstack.svc.cluster.local:8776/v3/ca192ecf0f8f481f8cdcdde03ba9e74c/os-quota-sets/671bb413364f4047b7803e577d688ec8?usage=true returned with HTTP 200 [pid: 8|app: 0|req: 397/792] 10.0.0.74 () {28 vars in 734 bytes} [Mon May 25 19:10:48 2026] GET /v3/ca192ecf0f8f481f8cdcdde03ba9e74c/os-quota-sets/671bb413364f4047b7803e577d688ec8?usage=true => generated 845 bytes in 24 msecs (HTTP/1.1 200) 7 headers in 285 bytes (1 switches on core 0)
2026-05-25 19:10:48.140 7 INFO cinder.api.openstack.wsgi [None req-415c5f4e-a015-4141-bd5a-74c25aa39ba3 66197a1e3cd345e3ab49688122413964 ca192ecf0f8f481f8cdcdde03ba9e74c - - default default] GET http://cinder-api.openstack.svc.cluster.local:8776/v3/ca192ecf0f8f481f8cdcdde03ba9e74c/os-quota-sets/ca192ecf0f8f481f8cdcdde03ba9e74c?usage=true
2026-05-25 19:10:48.165 7 INFO cinder.api.openstack.wsgi [None req-415c5f4e-a015-4141-bd5a-74c25aa39ba3 66197a1e3cd345e3ab49688122413964 ca192ecf0f8f481f8cdcdde03ba9e74c - - default default] http://cinder-api.openstack.svc.cluster.local:8776/v3/ca192ecf0f8f481f8cdcdde03ba9e74c/os-quota-sets/ca192ecf0f8f481f8cdcdde03ba9e74c?usage=true returned with HTTP 200 [pid: 7|app: 0|req: 396/793] 10.0.0.74 () {28 vars in 734 bytes} [Mon May 25 19:10:48 2026] GET /v3/ca192ecf0f8f481f8cdcdde03ba9e74c/os-quota-sets/ca192ecf0f8f481f8cdcdde03ba9e74c?usage=true => generated 845 bytes in 35 msecs (HTTP/1.1 200) 7 headers in 285 bytes (1 switches on core 0)
2026-05-25 19:10:48.177 8 INFO cinder.api.openstack.wsgi [None req-21908ecb-ff20-481c-aa24-88a802ad300d 66197a1e3cd345e3ab49688122413964 ca192ecf0f8f481f8cdcdde03ba9e74c - - default default] GET http://cinder-api.openstack.svc.cluster.local:8776/v3/ca192ecf0f8f481f8cdcdde03ba9e74c/os-quota-sets/e8f3ae2c524b438883e7cbb21ab7c7cb?usage=true
2026-05-25 19:10:48.196 8 INFO cinder.api.openstack.wsgi [None req-21908ecb-ff20-481c-aa24-88a802ad300d 66197a1e3cd345e3ab49688122413964 ca192ecf0f8f481f8cdcdde03ba9e74c - - default default] http://cinder-api.openstack.svc.cluster.local:8776/v3/ca192ecf0f8f481f8cdcdde03ba9e74c/os-quota-sets/e8f3ae2c524b438883e7cbb21ab7c7cb?usage=true returned with HTTP 200 [pid: 8|app: 0|req: 398/794] 10.0.0.74 () {28 vars in 734 bytes} [Mon May 25 19:10:48 2026] GET /v3/ca192ecf0f8f481f8cdcdde03ba9e74c/os-quota-sets/e8f3ae2c524b438883e7cbb21ab7c7cb?usage=true => generated 847 bytes in 25 msecs (HTTP/1.1 200) 7 headers in 285 bytes (1 switches on core 0)
2026-05-25 19:10:50.727 7 INFO cinder.api.openstack.wsgi [None req-0a308d9c-f6d2-4c15-b62e-82774a536556 95e7af0a6118452f9dc319f5f493ddf3 17b88a864e79411da61669622411c62a - - default default] POST http://cinder-api.openstack.svc.cluster.local:8776/v3/17b88a864e79411da61669622411c62a/volumes
2026-05-25 19:10:50.731 7 INFO cinder.api.v3.volumes [None req-0a308d9c-f6d2-4c15-b62e-82774a536556 95e7af0a6118452f9dc319f5f493ddf3 17b88a864e79411da61669622411c62a - - default default] Create volume of 1 GB
2026-05-25 19:10:50.746 7 INFO cinder.volume.api [None req-0a308d9c-f6d2-4c15-b62e-82774a536556 95e7af0a6118452f9dc319f5f493ddf3 17b88a864e79411da61669622411c62a - - default default] Availability Zones retrieved successfully.
2026-05-25 19:10:51.010 7 INFO cinder.volume.api [None req-0a308d9c-f6d2-4c15-b62e-82774a536556 95e7af0a6118452f9dc319f5f493ddf3 17b88a864e79411da61669622411c62a - - default default] Create volume request issued successfully.
2026-05-25 19:10:51.011 7 INFO cinder.api.openstack.wsgi [None req-0a308d9c-f6d2-4c15-b62e-82774a536556 95e7af0a6118452f9dc319f5f493ddf3 17b88a864e79411da61669622411c62a - - default default] http://cinder-api.openstack.svc.cluster.local:8776/v3/17b88a864e79411da61669622411c62a/volumes returned with HTTP 202 [pid: 7|app: 0|req: 397/795] 10.0.0.201 () {34 vars in 721 bytes} [Mon May 25 19:10:50 2026] POST /v3/17b88a864e79411da61669622411c62a/volumes => generated 861 bytes in 458 msecs (HTTP/1.1 202) 7 headers in 291 bytes (1 switches on core 0)
2026-05-25 19:10:51.033 8 INFO cinder.api.openstack.wsgi [None req-6549f971-e68d-43b3-81db-8eb1f2a207cf 95e7af0a6118452f9dc319f5f493ddf3 17b88a864e79411da61669622411c62a - - default default] GET http://cinder-api.openstack.svc.cluster.local:8776/v3/17b88a864e79411da61669622411c62a/volumes/477466ed-799f-4ea2-a8da-b9db082e85b3 /var/lib/openstack/lib/python3.12/site-packages/oslo_context/context.py:101: DeprecationWarning: Policy enforcement is depending on the value of is_admin. This key is deprecated. Please update your policy file to use the standard policy values. warnings.warn(
2026-05-25 19:10:51.061 8 INFO cinder.volume.api [None req-6549f971-e68d-43b3-81db-8eb1f2a207cf 95e7af0a6118452f9dc319f5f493ddf3 17b88a864e79411da61669622411c62a - - default default] Volume info retrieved successfully.
2026-05-25 19:10:51.069 8 INFO cinder.api.openstack.wsgi [None req-6549f971-e68d-43b3-81db-8eb1f2a207cf 95e7af0a6118452f9dc319f5f493ddf3 17b88a864e79411da61669622411c62a - - default default] http://cinder-api.openstack.svc.cluster.local:8776/v3/17b88a864e79411da61669622411c62a/volumes/477466ed-799f-4ea2-a8da-b9db082e85b3 returned with HTTP 200 [pid: 8|app: 0|req: 399/796] 10.0.0.201 () {32 vars in 774 bytes} [Mon May 25 19:10:51 2026] GET /v3/17b88a864e79411da61669622411c62a/volumes/477466ed-799f-4ea2-a8da-b9db082e85b3 => generated 929 bytes in 46 msecs (HTTP/1.1 200) 7 headers in 285 bytes (1 switches on core 0) /var/lib/openstack/lib/python3.12/site-packages/pycadf/identifier.py:70: UserWarning: Invalid uuid: cinderv3. To ensure interoperability, identifiers should be a valid uuid. warnings.warn(('Invalid uuid: %s. To ensure interoperability, '
2026-05-25 19:10:52.094 7 INFO cinder.api.openstack.wsgi [None req-cd55832a-aacf-4c09-b0a7-3eadbb5c5624 95e7af0a6118452f9dc319f5f493ddf3 17b88a864e79411da61669622411c62a - - default default] GET http://cinder-api.openstack.svc.cluster.local:8776/v3/17b88a864e79411da61669622411c62a/volumes/477466ed-799f-4ea2-a8da-b9db082e85b3 /var/lib/openstack/lib/python3.12/site-packages/oslo_context/context.py:101: DeprecationWarning: Policy enforcement is depending on the value of is_admin. This key is deprecated. Please update your policy file to use the standard policy values. warnings.warn(
2026-05-25 19:10:52.108 7 INFO cinder.volume.api [None req-cd55832a-aacf-4c09-b0a7-3eadbb5c5624 95e7af0a6118452f9dc319f5f493ddf3 17b88a864e79411da61669622411c62a - - default default] Volume info retrieved successfully.
2026-05-25 19:10:52.113 7 INFO cinder.api.openstack.wsgi [None req-cd55832a-aacf-4c09-b0a7-3eadbb5c5624 95e7af0a6118452f9dc319f5f493ddf3 17b88a864e79411da61669622411c62a - - default default] http://cinder-api.openstack.svc.cluster.local:8776/v3/17b88a864e79411da61669622411c62a/volumes/477466ed-799f-4ea2-a8da-b9db082e85b3 returned with HTTP 200 [pid: 7|app: 0|req: 398/797] 10.0.0.201 () {32 vars in 774 bytes} [Mon May 25 19:10:52 2026] GET /v3/17b88a864e79411da61669622411c62a/volumes/477466ed-799f-4ea2-a8da-b9db082e85b3 => generated 954 bytes in 25 msecs (HTTP/1.1 200) 7 headers in 285 bytes (1 switches on core 0)
2026-05-25 19:10:56.581 7 INFO cinder.api.openstack.wsgi [None req-cd55832a-aacf-4c09-b0a7-3eadbb5c5624 95e7af0a6118452f9dc319f5f493ddf3 17b88a864e79411da61669622411c62a - - default default] GET http://10.0.0.12:8776/
2026-05-25 19:10:56.581 8 INFO cinder.api.openstack.wsgi [None req-6549f971-e68d-43b3-81db-8eb1f2a207cf 95e7af0a6118452f9dc319f5f493ddf3 17b88a864e79411da61669622411c62a - - default default] GET http://10.0.0.12:8776/
2026-05-25 19:10:56.582 7 INFO cinder.api.openstack.wsgi [None req-cd55832a-aacf-4c09-b0a7-3eadbb5c5624 95e7af0a6118452f9dc319f5f493ddf3 17b88a864e79411da61669622411c62a - - default default] http://10.0.0.12:8776/ returned with HTTP 300
2026-05-25 19:10:56.582 8 INFO cinder.api.openstack.wsgi [None req-6549f971-e68d-43b3-81db-8eb1f2a207cf 95e7af0a6118452f9dc319f5f493ddf3 17b88a864e79411da61669622411c62a - - default default] http://10.0.0.12:8776/ returned with HTTP 300 /var/lib/openstack/lib/python3.12/site-packages/pycadf/identifier.py:70: UserWarning: Invalid uuid: cinderv3. To ensure interoperability, identifiers should be a valid uuid. warnings.warn(('Invalid uuid: %s. To ensure interoperability, '
2026-05-25 19:10:58.787 7 INFO cinder.api.openstack.wsgi [req-34c49dc5-fb80-4ed8-95a3-5c9c2190d482 req-72dd2928-ea56-4636-b2a4-1fac183595b2 419b1207f715486cb445086a815ec928 0050ca053ee6446eb95b9e937ce7cdda - - default default] GET http://cinder-api.openstack.svc.cluster.local:8776/v3/0050ca053ee6446eb95b9e937ce7cdda/attachments?instance_id=64193d4e-7a50-4ca6-8556-63c63130c68f
2026-05-25 19:10:58.804 7 INFO cinder.api.openstack.wsgi [req-34c49dc5-fb80-4ed8-95a3-5c9c2190d482 req-72dd2928-ea56-4636-b2a4-1fac183595b2 419b1207f715486cb445086a815ec928 0050ca053ee6446eb95b9e937ce7cdda - - default default] http://cinder-api.openstack.svc.cluster.local:8776/v3/0050ca053ee6446eb95b9e937ce7cdda/attachments?instance_id=64193d4e-7a50-4ca6-8556-63c63130c68f returned with HTTP 200 [pid: 7|app: 0|req: 400/800] 199.204.45.210 () {36 vars in 1103 bytes} [Mon May 25 19:10:58 2026] GET /v3/0050ca053ee6446eb95b9e937ce7cdda/attachments?instance_id=64193d4e-7a50-4ca6-8556-63c63130c68f => generated 19 bytes in 27 msecs (HTTP/1.1 200) 7 headers in 285 bytes (1 switches on core 0)
2026-05-25 19:11:06.581 8 INFO cinder.api.openstack.wsgi [None req-6549f971-e68d-43b3-81db-8eb1f2a207cf 95e7af0a6118452f9dc319f5f493ddf3 17b88a864e79411da61669622411c62a - - default default] GET http://10.0.0.12:8776/
2026-05-25 19:11:06.582 7 INFO cinder.api.openstack.wsgi [req-34c49dc5-fb80-4ed8-95a3-5c9c2190d482 req-72dd2928-ea56-4636-b2a4-1fac183595b2 419b1207f715486cb445086a815ec928 0050ca053ee6446eb95b9e937ce7cdda - - default default] GET http://10.0.0.12:8776/
2026-05-25 19:11:06.583 8 INFO cinder.api.openstack.wsgi [None req-6549f971-e68d-43b3-81db-8eb1f2a207cf 95e7af0a6118452f9dc319f5f493ddf3 17b88a864e79411da61669622411c62a - - default default] http://10.0.0.12:8776/ returned with HTTP 300
2026-05-25 19:11:06.583 7 INFO cinder.api.openstack.wsgi [req-34c49dc5-fb80-4ed8-95a3-5c9c2190d482 req-72dd2928-ea56-4636-b2a4-1fac183595b2 419b1207f715486cb445086a815ec928 0050ca053ee6446eb95b9e937ce7cdda - - default default] http://10.0.0.12:8776/ returned with HTTP 300 /var/lib/openstack/lib/python3.12/site-packages/pycadf/identifier.py:70: UserWarning: Invalid uuid: cinderv3. To ensure interoperability, identifiers should be a valid uuid. warnings.warn(('Invalid uuid: %s. To ensure interoperability, '
2026-05-25 19:11:09.758 8 INFO cinder.api.openstack.wsgi [None req-3bd923a2-0c5b-4b02-b2b8-005ae516613f 95e7af0a6118452f9dc319f5f493ddf3 17b88a864e79411da61669622411c62a - - default default] POST http://cinder-api.openstack.svc.cluster.local:8776/v3/17b88a864e79411da61669622411c62a/volumes/477466ed-799f-4ea2-a8da-b9db082e85b3/action /var/lib/openstack/lib/python3.12/site-packages/oslo_context/context.py:101: DeprecationWarning: Policy enforcement is depending on the value of is_admin. This key is deprecated. Please update your policy file to use the standard policy values. warnings.warn(
2026-05-25 19:11:09.772 8 INFO cinder.volume.api [None req-3bd923a2-0c5b-4b02-b2b8-005ae516613f 95e7af0a6118452f9dc319f5f493ddf3 17b88a864e79411da61669622411c62a - - default default] Volume info retrieved successfully.
2026-05-25 19:11:09.789 8 INFO cinder.volume.api [None req-3bd923a2-0c5b-4b02-b2b8-005ae516613f 95e7af0a6118452f9dc319f5f493ddf3 17b88a864e79411da61669622411c62a - - default default] Update volume admin metadata completed successfully.
2026-05-25 19:11:10.295 8 INFO cinder.volume.api [None req-3bd923a2-0c5b-4b02-b2b8-005ae516613f 95e7af0a6118452f9dc319f5f493ddf3 17b88a864e79411da61669622411c62a - - default default] Attach volume completed successfully.
2026-05-25 19:11:10.296 8 INFO cinder.api.openstack.wsgi [None req-3bd923a2-0c5b-4b02-b2b8-005ae516613f 95e7af0a6118452f9dc319f5f493ddf3 17b88a864e79411da61669622411c62a - - default default] http://cinder-api.openstack.svc.cluster.local:8776/v3/17b88a864e79411da61669622411c62a/volumes/477466ed-799f-4ea2-a8da-b9db082e85b3/action returned with HTTP 202 [pid: 8|app: 0|req: 402/803] 10.0.0.201 () {34 vars in 809 bytes} [Mon May 25 19:11:09 2026] POST /v3/17b88a864e79411da61669622411c62a/volumes/477466ed-799f-4ea2-a8da-b9db082e85b3/action => generated 0 bytes in 546 msecs (HTTP/1.1 202) 7 headers in 289 bytes (1 switches on core 0)
2026-05-25 19:11:10.314 7 INFO cinder.api.openstack.wsgi [None req-023ffc81-1e3a-4714-a7c6-caac324aab78 95e7af0a6118452f9dc319f5f493ddf3 17b88a864e79411da61669622411c62a - - default default] GET http://cinder-api.openstack.svc.cluster.local:8776/v3/17b88a864e79411da61669622411c62a/volumes/477466ed-799f-4ea2-a8da-b9db082e85b3 /var/lib/openstack/lib/python3.12/site-packages/oslo_context/context.py:101: DeprecationWarning: Policy enforcement is depending on the value of is_admin. This key is deprecated. Please update your policy file to use the standard policy values. warnings.warn(
2026-05-25 19:11:10.335 7 INFO cinder.volume.api [None req-023ffc81-1e3a-4714-a7c6-caac324aab78 95e7af0a6118452f9dc319f5f493ddf3 17b88a864e79411da61669622411c62a - - default default] Volume info retrieved successfully.
