2026-05-25 19:09:39.593 7 INFO neutron.db.ovn_revision_numbers_db [None req-a7026486-86bd-483c-9d29-baccd312b0f5 66197a1e3cd345e3ab49688122413964 ca192ecf0f8f481f8cdcdde03ba9e74c - - default default] Successfully bumped revision number for resource ea5d7eb7-9f78-4844-b0e8-a8f01c53f328 (type: security_group_rules) to 0 [pid: 7|app: 0|req: 503/1005] 10.0.0.201 () {32 vars in 774 bytes} [Mon May 25 19:09:39 2026] GET /v2.0/security-groups?tenant_id=e8c7b7054c0c4f3cb220f390f3dbeb1e&name=default => generated 2925 bytes in 517 msecs (HTTP/1.1 200) 4 headers in 158 bytes (1 switches on core 0) [pid: 7|app: 0|req: 504/1006] 10.0.0.201 () {32 vars in 740 bytes} [Mon May 25 19:09:39 2026] DELETE /v2.0/security-groups/005cb9ff-9548-4901-bc20-edd7382c09d5 => generated 0 bytes in 264 msecs (HTTP/1.1 204) 2 headers in 112 bytes (1 switches on core 0)
2026-05-25 19:09:39.921 8 INFO neutron_taas.services.taas.taas_plugin [None req-dce8730d-c69d-4bc6-90ad-364b68172da5 66197a1e3cd345e3ab49688122413964 ca192ecf0f8f481f8cdcdde03ba9e74c - - default default] TaaS: Handle Delete Port: 7e73741e-7330-49c2-a083-1c4549a94402
2026-05-25 19:09:39.925 8 INFO neutron_taas.services.taas.tap_mirror_plugin [None req-dce8730d-c69d-4bc6-90ad-364b68172da5 66197a1e3cd345e3ab49688122413964 ca192ecf0f8f481f8cdcdde03ba9e74c - - default default] Tap Mirror: Handle Delete Port: 7e73741e-7330-49c2-a083-1c4549a94402 [pid: 8|app: 0|req: 503/1007] 10.0.0.201 () {32 vars in 724 bytes} [Mon May 25 19:09:39 2026] DELETE /v2.0/routers/b99350f3-e2ff-4653-8048-c22ba3bcec85 => generated 0 bytes in 873 msecs (HTTP/1.1 204) 2 headers in 112 bytes (1 switches on core 0) [pid: 7|app: 0|req: 505/1008] 10.0.0.70 () {34 vars in 989 bytes} [Mon May 25 19:09:39 2026] GET /v2.0/ports?device_id=d2e98f0e-2410-450c-b033-32acbac8db8a => generated 1209 bytes in 524 msecs (HTTP/1.1 200) 4 headers in 158 bytes (1 switches on core 0)
2026-05-25 19:09:40.500 8 INFO neutron.db.ovn_revision_numbers_db [None req-d389ce96-2455-4e89-a213-f434efd77cab 66197a1e3cd345e3ab49688122413964 ca192ecf0f8f481f8cdcdde03ba9e74c - - default default] Successfully bumped revision number for resource 78444ba9-61f4-4a3b-901c-03848ee34040 (type: security_groups) to 1
2026-05-25 19:09:40.516 8 INFO neutron.db.ovn_revision_numbers_db [None req-d389ce96-2455-4e89-a213-f434efd77cab 66197a1e3cd345e3ab49688122413964 ca192ecf0f8f481f8cdcdde03ba9e74c - - default default] Successfully bumped revision number for resource 00d14704-862a-4ed1-aba9-4727aa09d5a0 (type: security_group_rules) to 0
2026-05-25 19:09:40.530 8 INFO neutron.db.ovn_revision_numbers_db [None req-d389ce96-2455-4e89-a213-f434efd77cab 66197a1e3cd345e3ab49688122413964 ca192ecf0f8f481f8cdcdde03ba9e74c - - default default] Successfully bumped revision number for resource a938b59d-4817-4c9b-b055-e21928e6327e (type: security_group_rules) to 0
2026-05-25 19:09:40.543 8 INFO neutron.db.ovn_revision_numbers_db [None req-d389ce96-2455-4e89-a213-f434efd77cab 66197a1e3cd345e3ab49688122413964 ca192ecf0f8f481f8cdcdde03ba9e74c - - default default] Successfully bumped revision number for resource b3b5d06c-4a7c-40e3-a554-93b0037748d9 (type: security_group_rules) to 0
2026-05-25 19:09:40.557 8 INFO neutron.db.ovn_revision_numbers_db [None req-d389ce96-2455-4e89-a213-f434efd77cab 66197a1e3cd345e3ab49688122413964 ca192ecf0f8f481f8cdcdde03ba9e74c - - default default] Successfully bumped revision number for resource e825eae9-5021-4ddf-8440-500c769623a7 (type: security_group_rules) to 0 [pid: 8|app: 0|req: 504/1009] 10.0.0.201 () {32 vars in 774 bytes} [Mon May 25 19:09:40 2026] GET /v2.0/security-groups?tenant_id=796b84a27a944e0fbd78348a5193d88c&name=default => generated 2925 bytes in 281 msecs (HTTP/1.1 200) 4 headers in 158 bytes (1 switches on core 0) [pid: 7|app: 0|req: 506/1010] 10.0.0.201 () {32 vars in 724 bytes} [Mon May 25 19:09:40 2026] DELETE /v2.0/subnets/64fb3e8a-8703-4753-8cca-92225380c507 => generated 0 bytes in 232 msecs (HTTP/1.1 204) 3 headers in 131 bytes (1 switches on core 0) [pid: 8|app: 0|req: 505/1011] 10.0.0.70 () {34 vars in 1039 bytes} [Mon May 25 19:09:40 2026] GET /v2.0/security-groups?id=41255d76-1807-49a9-8621-07858becbe3d&fields=id&fields=name => generated 113 bytes in 54 msecs (HTTP/1.1 200) 4 headers in 157 bytes (1 switches on core 0)
2026-05-25 19:09:40.826 8 INFO neutron_taas.services.taas.taas_plugin [None req-a1caa822-9379-4fcd-a94e-44c904cfdb31 66197a1e3cd345e3ab49688122413964 ca192ecf0f8f481f8cdcdde03ba9e74c - - default default] TaaS: Handle Delete Port: 2d363ef3-d1ea-4555-aff9-50bc55d31684
2026-05-25 19:09:40.829 8 INFO neutron_taas.services.taas.tap_mirror_plugin [None req-a1caa822-9379-4fcd-a94e-44c904cfdb31 66197a1e3cd345e3ab49688122413964 ca192ecf0f8f481f8cdcdde03ba9e74c - - default default] Tap Mirror: Handle Delete Port: 2d363ef3-d1ea-4555-aff9-50bc55d31684 [pid: 7|app: 0|req: 507/1012] 10.0.0.201 () {32 vars in 740 bytes} [Mon May 25 19:09:40 2026] DELETE /v2.0/security-groups/78444ba9-61f4-4a3b-901c-03848ee34040 => generated 0 bytes in 291 msecs (HTTP/1.1 204) 2 headers in 112 bytes (1 switches on core 0)
2026-05-25 19:09:41.060 8 INFO neutron.services.segments.plugin [-] Segment dddcf2c3-b907-40a6-8a14-4168cfefaee7 resource provider aggregate not found
2026-05-25 19:09:41.067 8 INFO neutron.services.segments.plugin [-] Segment dddcf2c3-b907-40a6-8a14-4168cfefaee7 resource provider aggregate not found
2026-05-25 19:09:41.081 8 INFO neutron.services.segments.plugin [-] Segment dddcf2c3-b907-40a6-8a14-4168cfefaee7 resource provider not found; error: Placement Client Error (4xx): {"errors": [{"status": 404, "title": "Not Found", "detail": "The resource could not be found.\n\n No resource provider with uuid dddcf2c3-b907-40a6-8a14-4168cfefaee7 found for delete ", "request_id": "req-53a2004f-3c64-413c-967c-09fae80bbc55"}]}
2026-05-25 19:09:41.092 8 INFO neutron.services.segments.plugin [-] Segment dddcf2c3-b907-40a6-8a14-4168cfefaee7 resource provider not found; error: Placement Client Error (4xx): {"errors": [{"status": 404, "title": "Not Found", "detail": "The resource could not be found.\n\n No resource provider with uuid dddcf2c3-b907-40a6-8a14-4168cfefaee7 found for delete ", "request_id": "req-9328c2ad-97b4-439a-a306-2b505831de57"}]} [pid: 8|app: 0|req: 506/1013] 10.0.0.201 () {32 vars in 726 bytes} [Mon May 25 19:09:40 2026] DELETE /v2.0/networks/2dafb96b-d734-43fe-8931-a7e0a6c4e3b4 => generated 0 bytes in 428 msecs (HTTP/1.1 204) 3 headers in 131 bytes (1 switches on core 0) [pid: 7|app: 0|req: 508/1014] 10.0.0.201 () {32 vars in 774 bytes} [Mon May 25 19:09:41 2026] GET /v2.0/security-groups?tenant_id=a7fe6498bd0e4c939f164c2e02d38434&name=default => generated 2925 bytes in 32 msecs (HTTP/1.1 200) 4 headers in 158 bytes (1 switches on core 0) [pid: 8|app: 0|req: 507/1015] 10.0.0.201 () {32 vars in 740 bytes} [Mon May 25 19:09:41 2026] DELETE /v2.0/security-groups/5fc68e48-aba0-474b-83a0-efedc0b40494 => generated 0 bytes in 304 msecs (HTTP/1.1 204) 2 headers in 112 bytes (1 switches on core 0)
2026-05-25 19:09:42.200 7 INFO neutron.db.ovn_revision_numbers_db [None req-b82f94bc-b0d2-4f55-9265-abae01abe6f8 66197a1e3cd345e3ab49688122413964 ca192ecf0f8f481f8cdcdde03ba9e74c - - default default] Successfully bumped revision number for resource 239f63a5-f92f-44b6-9041-06ec26b45689 (type: security_groups) to 1
2026-05-25 19:09:42.214 7 INFO neutron.db.ovn_revision_numbers_db [None req-b82f94bc-b0d2-4f55-9265-abae01abe6f8 66197a1e3cd345e3ab49688122413964 ca192ecf0f8f481f8cdcdde03ba9e74c - - default default] Successfully bumped revision number for resource 4360ac41-2e4e-4035-8759-a358fdbea1a5 (type: security_group_rules) to 0
2026-05-25 19:09:42.232 7 INFO neutron.db.ovn_revision_numbers_db [None req-b82f94bc-b0d2-4f55-9265-abae01abe6f8 66197a1e3cd345e3ab49688122413964 ca192ecf0f8f481f8cdcdde03ba9e74c - - default default] Successfully bumped revision number for resource 61de58fb-53e6-4656-a1de-3457010b22ea (type: security_group_rules) to 0
2026-05-25 19:09:42.251 7 INFO neutron.db.ovn_revision_numbers_db [None req-b82f94bc-b0d2-4f55-9265-abae01abe6f8 66197a1e3cd345e3ab49688122413964 ca192ecf0f8f481f8cdcdde03ba9e74c - - default default] Successfully bumped revision number for resource acdaab05-8490-49f2-84f6-5953d251827c (type: security_group_rules) to 0
2026-05-25 19:09:42.266 7 INFO neutron.db.ovn_revision_numbers_db [None req-b82f94bc-b0d2-4f55-9265-abae01abe6f8 66197a1e3cd345e3ab49688122413964 ca192ecf0f8f481f8cdcdde03ba9e74c - - default default] Successfully bumped revision number for resource f4ddae4e-478a-4a09-a115-a80423d7db06 (type: security_group_rules) to 0 [pid: 7|app: 0|req: 509/1016] 10.0.0.201 () {32 vars in 774 bytes} [Mon May 25 19:09:41 2026] GET /v2.0/security-groups?tenant_id=8c9ba88085d64943b2b51280999e7e53&name=default => generated 2925 bytes in 372 msecs (HTTP/1.1 200) 4 headers in 158 bytes (1 switches on core 0) [pid: 8|app: 0|req: 508/1017] 10.0.0.201 () {32 vars in 740 bytes} [Mon May 25 19:09:42 2026] DELETE /v2.0/security-groups/239f63a5-f92f-44b6-9041-06ec26b45689 => generated 0 bytes in 239 msecs (HTTP/1.1 204) 2 headers in 112 bytes (1 switches on core 0)
2026-05-25 19:09:42.845 7 INFO neutron.db.ovn_revision_numbers_db [None req-8a853c92-317c-4e6a-b1a3-70ffcdae5336 66197a1e3cd345e3ab49688122413964 ca192ecf0f8f481f8cdcdde03ba9e74c - - default default] Successfully bumped revision number for resource 7f6c8d90-8ce1-48b2-b0ee-521010bb52b1 (type: security_groups) to 1
2026-05-25 19:09:42.859 7 INFO neutron.db.ovn_revision_numbers_db [None req-8a853c92-317c-4e6a-b1a3-70ffcdae5336 66197a1e3cd345e3ab49688122413964 ca192ecf0f8f481f8cdcdde03ba9e74c - - default default] Successfully bumped revision number for resource 163c300f-8279-415e-acb8-3822fc5e228a (type: security_group_rules) to 0
2026-05-25 19:09:42.874 7 INFO neutron.db.ovn_revision_numbers_db [None req-8a853c92-317c-4e6a-b1a3-70ffcdae5336 66197a1e3cd345e3ab49688122413964 ca192ecf0f8f481f8cdcdde03ba9e74c - - default default] Successfully bumped revision number for resource 52730045-b096-41de-b70e-abf337d29891 (type: security_group_rules) to 0
2026-05-25 19:09:42.886 7 INFO neutron.db.ovn_revision_numbers_db [None req-8a853c92-317c-4e6a-b1a3-70ffcdae5336 66197a1e3cd345e3ab49688122413964 ca192ecf0f8f481f8cdcdde03ba9e74c - - default default] Successfully bumped revision number for resource cc595bd1-ddf7-429b-b106-28d82bcda0f8 (type: security_group_rules) to 0
2026-05-25 19:09:42.905 7 INFO neutron.db.ovn_revision_numbers_db [None req-8a853c92-317c-4e6a-b1a3-70ffcdae5336 66197a1e3cd345e3ab49688122413964 ca192ecf0f8f481f8cdcdde03ba9e74c - - default default] Successfully bumped revision number for resource f03737c3-aa2f-4346-8dc6-cda35265ec34 (type: security_group_rules) to 0 [pid: 7|app: 0|req: 510/1018] 10.0.0.201 () {32 vars in 774 bytes} [Mon May 25 19:09:42 2026] GET /v2.0/security-groups?tenant_id=e96122556b68454698f9241ac84bd5d4&name=default => generated 2925 bytes in 259 msecs (HTTP/1.1 200) 4 headers in 158 bytes (1 switches on core 0) [pid: 8|app: 0|req: 509/1019] 10.0.0.201 () {32 vars in 740 bytes} [Mon May 25 19:09:42 2026] DELETE /v2.0/security-groups/7f6c8d90-8ce1-48b2-b0ee-521010bb52b1 => generated 0 bytes in 324 msecs (HTTP/1.1 204) 2 headers in 112 bytes (1 switches on core 0)
2026-05-25 19:09:44.038 7 INFO neutron.db.ovn_revision_numbers_db [None req-1c1ac025-b2c8-4aff-83ab-3355c42cfc7c 66197a1e3cd345e3ab49688122413964 ca192ecf0f8f481f8cdcdde03ba9e74c - - default default] Successfully bumped revision number for resource fc8f5eec-81a8-4e71-bc30-0f902e27ccd9 (type: security_groups) to 1
2026-05-25 19:09:44.053 7 INFO neutron.db.ovn_revision_numbers_db [None req-1c1ac025-b2c8-4aff-83ab-3355c42cfc7c 66197a1e3cd345e3ab49688122413964 ca192ecf0f8f481f8cdcdde03ba9e74c - - default default] Successfully bumped revision number for resource 626dd9bc-c309-409d-8f8f-30bde11e0a07 (type: security_group_rules) to 0
2026-05-25 19:09:44.070 7 INFO neutron.db.ovn_revision_numbers_db [None req-1c1ac025-b2c8-4aff-83ab-3355c42cfc7c 66197a1e3cd345e3ab49688122413964 ca192ecf0f8f481f8cdcdde03ba9e74c - - default default] Successfully bumped revision number for resource 6314ba81-06fa-402e-b4b5-3a4922def599 (type: security_group_rules) to 0
2026-05-25 19:09:44.083 7 INFO neutron.db.ovn_revision_numbers_db [None req-1c1ac025-b2c8-4aff-83ab-3355c42cfc7c 66197a1e3cd345e3ab49688122413964 ca192ecf0f8f481f8cdcdde03ba9e74c - - default default] Successfully bumped revision number for resource 760642e8-908c-4c61-8578-bf8462d2bf94 (type: security_group_rules) to 0
2026-05-25 19:09:44.097 7 INFO neutron.db.ovn_revision_numbers_db [None req-1c1ac025-b2c8-4aff-83ab-3355c42cfc7c 66197a1e3cd345e3ab49688122413964 ca192ecf0f8f481f8cdcdde03ba9e74c - - default default] Successfully bumped revision number for resource ee101b20-3fd9-4a03-9418-06b4a644086d (type: security_group_rules) to 0
2026-05-25 19:09:44.191 7 INFO neutron.db.segments_db [None req-1c1ac025-b2c8-4aff-83ab-3355c42cfc7c 66197a1e3cd345e3ab49688122413964 ca192ecf0f8f481f8cdcdde03ba9e74c - - default default] Added segment 483a60e4-5695-4dbf-802f-0ea6ada559a9 of type geneve for network 69f1a03a-cec1-4ad4-98dd-aa056e4a0e13
2026-05-25 19:09:44.334 7 INFO neutron.db.ovn_revision_numbers_db [None req-1c1ac025-b2c8-4aff-83ab-3355c42cfc7c 66197a1e3cd345e3ab49688122413964 ca192ecf0f8f481f8cdcdde03ba9e74c - - default default] Successfully bumped revision number for resource 69f1a03a-cec1-4ad4-98dd-aa056e4a0e13 (type: networks) to 1
2026-05-25 19:09:44.502 7 WARNING neutron.scheduler.dhcp_agent_scheduler [None req-1c1ac025-b2c8-4aff-83ab-3355c42cfc7c 66197a1e3cd345e3ab49688122413964 ca192ecf0f8f481f8cdcdde03ba9e74c - - default default] No more DHCP agents
2026-05-25 19:09:44.503 7 WARNING neutron.api.rpc.agentnotifiers.dhcp_rpc_agent_api [None req-1c1ac025-b2c8-4aff-83ab-3355c42cfc7c 66197a1e3cd345e3ab49688122413964 ca192ecf0f8f481f8cdcdde03ba9e74c - - default default] Unable to schedule network 69f1a03a-cec1-4ad4-98dd-aa056e4a0e13: no agents available; will retry on subsequent port and subnet creation events.
2026-05-25 19:09:44.570 8 INFO neutron.plugins.ml2.drivers.ovn.mech_driver.mech_driver [None req-7ec6d4a6-3b31-4217-ac8e-3c662fc2230f - - - - - -] OVN reports status down for port: e84e594f-76de-46a3-9a8b-36181cc48eb5
2026-05-25 19:09:44.599 7 INFO neutron.db.ovn_revision_numbers_db [None req-1c1ac025-b2c8-4aff-83ab-3355c42cfc7c 66197a1e3cd345e3ab49688122413964 ca192ecf0f8f481f8cdcdde03ba9e74c - - default default] Successfully bumped revision number for resource e84e594f-76de-46a3-9a8b-36181cc48eb5 (type: ports) to 1 [pid: 7|app: 0|req: 511/1020] 10.0.0.201 () {34 vars in 671 bytes} [Mon May 25 19:09:43 2026] POST /v2.0/networks => generated 786 bytes in 980 msecs (HTTP/1.1 201) 4 headers in 162 bytes (1 switches on core 0)
2026-05-25 19:09:44.814 8 WARNING neutron.scheduler.dhcp_agent_scheduler [None req-5ad173ff-fe68-4574-b98c-b82bf9ef7861 66197a1e3cd345e3ab49688122413964 ca192ecf0f8f481f8cdcdde03ba9e74c - - default default] No more DHCP agents
2026-05-25 19:09:44.816 8 WARNING neutron.api.rpc.agentnotifiers.dhcp_rpc_agent_api [None req-5ad173ff-fe68-4574-b98c-b82bf9ef7861 66197a1e3cd345e3ab49688122413964 ca192ecf0f8f481f8cdcdde03ba9e74c - - default default] Unable to schedule network 69f1a03a-cec1-4ad4-98dd-aa056e4a0e13: no agents available; will retry on subsequent port and subnet creation events. [pid: 7|app: 0|req: 512/1021] 10.0.0.134 () {34 vars in 990 bytes} [Mon May 25 19:09:44 2026] GET /v2.0/ports?device_id=d2e98f0e-2410-450c-b033-32acbac8db8a => generated 971 bytes in 86 msecs (HTTP/1.1 200) 4 headers in 157 bytes (1 switches on core 0) [pid: 7|app: 0|req: 513/1022] 10.0.0.134 () {34 vars in 971 bytes} [Mon May 25 19:09:45 2026] GET /v2.0/ports/de269bab-c987-4a88-8bd6-58c3c282dc54 => generated 968 bytes in 40 msecs (HTTP/1.1 200) 4 headers in 157 bytes (1 switches on core 0)
2026-05-25 19:09:45.308 8 INFO neutron.db.ovn_revision_numbers_db [None req-98176666-cb9b-4f05-8259-23175abb6952 - - - - - -] Successfully bumped revision number for resource e84e594f-76de-46a3-9a8b-36181cc48eb5 (type: ports) to 2
2026-05-25 19:09:45.345 8 INFO neutron.db.ovn_revision_numbers_db [None req-98176666-cb9b-4f05-8259-23175abb6952 - - - - - -] Successfully bumped revision number for resource f4cc48db-b0ab-4780-91bf-7fd7735f88c6 (type: subnets) to 0 [pid: 8|app: 0|req: 510/1023] 10.0.0.201 () {34 vars in 669 bytes} [Mon May 25 19:09:44 2026] POST /v2.0/subnets => generated 692 bytes in 725 msecs (HTTP/1.1 201) 4 headers in 162 bytes (1 switches on core 0)
2026-05-25 19:09:45.515 7 INFO neutron.db.ovn_revision_numbers_db [None req-75ad12ea-343f-4044-92ea-d3403af7e5b4 c4538c069b62428792d85186e90fef45 f64228778dd64165a2d63fb3ffb09e84 - - default default] Successfully bumped revision number for resource 18c1cd33-87f3-47d6-aef7-8549bb1937c9 (type: security_groups) to 1
2026-05-25 19:09:45.539 7 INFO neutron.db.ovn_revision_numbers_db [None req-75ad12ea-343f-4044-92ea-d3403af7e5b4 c4538c069b62428792d85186e90fef45 f64228778dd64165a2d63fb3ffb09e84 - - default default] Successfully bumped revision number for resource 8c663ce4-9920-4858-bd96-fabb78a8a3aa (type: security_group_rules) to 0
2026-05-25 19:09:45.556 7 INFO neutron.db.ovn_revision_numbers_db [None req-75ad12ea-343f-4044-92ea-d3403af7e5b4 c4538c069b62428792d85186e90fef45 f64228778dd64165a2d63fb3ffb09e84 - - default default] Successfully bumped revision number for resource 9b3ac92a-e107-422f-9956-22f14c8e4449 (type: security_group_rules) to 0
2026-05-25 19:09:45.569 7 INFO neutron.db.ovn_revision_numbers_db [None req-75ad12ea-343f-4044-92ea-d3403af7e5b4 c4538c069b62428792d85186e90fef45 f64228778dd64165a2d63fb3ffb09e84 - - default default] Successfully bumped revision number for resource ad411008-b761-4a34-8157-b1260b25e07c (type: security_group_rules) to 0
2026-05-25 19:09:45.582 7 INFO neutron.db.ovn_revision_numbers_db [None req-75ad12ea-343f-4044-92ea-d3403af7e5b4 c4538c069b62428792d85186e90fef45 f64228778dd64165a2d63fb3ffb09e84 - - default default] Successfully bumped revision number for resource e905c873-a9ee-42e6-ab99-e2d18c00824f (type: security_group_rules) to 0
2026-05-25 19:09:45.667 7 INFO neutron.db.segments_db [None req-75ad12ea-343f-4044-92ea-d3403af7e5b4 c4538c069b62428792d85186e90fef45 f64228778dd64165a2d63fb3ffb09e84 - - default default] Added segment dbd48c15-dced-45f3-99a6-b2cbefa8f48b of type geneve for network 2599fc76-19fb-4046-9e3b-1dee9f69cfff
2026-05-25 19:09:45.855 7 INFO neutron.db.ovn_revision_numbers_db [None req-75ad12ea-343f-4044-92ea-d3403af7e5b4 c4538c069b62428792d85186e90fef45 f64228778dd64165a2d63fb3ffb09e84 - - default default] Successfully bumped revision number for resource 2599fc76-19fb-4046-9e3b-1dee9f69cfff (type: networks) to 1
2026-05-25 19:09:45.907 8 WARNING neutron.scheduler.dhcp_agent_scheduler [None req-4547fe49-b228-4f83-b12b-3fb756774a59 66197a1e3cd345e3ab49688122413964 ca192ecf0f8f481f8cdcdde03ba9e74c - - default default] No more DHCP agents
2026-05-25 19:09:45.908 8 WARNING neutron.api.rpc.agentnotifiers.dhcp_rpc_agent_api [None req-4547fe49-b228-4f83-b12b-3fb756774a59 66197a1e3cd345e3ab49688122413964 ca192ecf0f8f481f8cdcdde03ba9e74c - - default default] Unable to schedule network 047669ef-65dc-4908-affd-16e71b2becf4: no agents available; will retry on subsequent port and subnet creation events.
2026-05-25 19:09:46.051 8 INFO neutron.plugins.ml2.drivers.ovn.mech_driver.mech_driver [None req-7ec6d4a6-3b31-4217-ac8e-3c662fc2230f - - - - - -] OVN reports status down for port: 9408b861-2948-475d-9fad-e05f60e768f6
2026-05-25 19:09:46.121 8 INFO neutron.db.ovn_revision_numbers_db [None req-4547fe49-b228-4f83-b12b-3fb756774a59 66197a1e3cd345e3ab49688122413964 ca192ecf0f8f481f8cdcdde03ba9e74c - - default default] Successfully bumped revision number for resource 9408b861-2948-475d-9fad-e05f60e768f6 (type: ports) to 1
2026-05-25 19:09:46.146 7 WARNING neutron.scheduler.dhcp_agent_scheduler [None req-75ad12ea-343f-4044-92ea-d3403af7e5b4 c4538c069b62428792d85186e90fef45 f64228778dd64165a2d63fb3ffb09e84 - - default default] No more DHCP agents
2026-05-25 19:09:46.154 7 WARNING neutron.api.rpc.agentnotifiers.dhcp_rpc_agent_api [None req-75ad12ea-343f-4044-92ea-d3403af7e5b4 c4538c069b62428792d85186e90fef45 f64228778dd64165a2d63fb3ffb09e84 - - default default] Unable to schedule network 2599fc76-19fb-4046-9e3b-1dee9f69cfff: no agents available; will retry on subsequent port and subnet creation events.
2026-05-25 19:09:46.260 8 INFO neutron.plugins.ml2.drivers.ovn.mech_driver.mech_driver [None req-7ec6d4a6-3b31-4217-ac8e-3c662fc2230f - - - - - -] OVN reports status down for port: 13a74e04-9283-4fd2-a015-155737845daf
2026-05-25 19:09:46.268 7 INFO neutron.db.ovn_revision_numbers_db [None req-75ad12ea-343f-4044-92ea-d3403af7e5b4 c4538c069b62428792d85186e90fef45 f64228778dd64165a2d63fb3ffb09e84 - - default default] Successfully bumped revision number for resource 13a74e04-9283-4fd2-a015-155737845daf (type: ports) to 1 [pid: 7|app: 0|req: 514/1024] 10.0.0.201 () {34 vars in 670 bytes} [Mon May 25 19:09:45 2026] POST /v2.0/networks => generated 683 bytes in 1079 msecs (HTTP/1.1 201) 4 headers in 162 bytes (1 switches on core 0) [pid: 7|app: 0|req: 515/1025] 199.204.45.210 () {34 vars in 1000 bytes} [Mon May 25 19:09:46 2026] GET /v2.0/subnets?network_id=014827bd-612b-4261-9266-35fa804397f9 => generated 683 bytes in 51 msecs (HTTP/1.1 200) 4 headers in 157 bytes (1 switches on core 0)
2026-05-25 19:09:46.622 7 WARNING neutron.scheduler.dhcp_agent_scheduler [None req-d5b22f58-5d19-47fd-963c-69d4575b4191 c4538c069b62428792d85186e90fef45 f64228778dd64165a2d63fb3ffb09e84 - - default default] No more DHCP agents
2026-05-25 19:09:46.624 7 WARNING neutron.api.rpc.agentnotifiers.dhcp_rpc_agent_api [None req-d5b22f58-5d19-47fd-963c-69d4575b4191 c4538c069b62428792d85186e90fef45 f64228778dd64165a2d63fb3ffb09e84 - - default default] Unable to schedule network 2599fc76-19fb-4046-9e3b-1dee9f69cfff: no agents available; will retry on subsequent port and subnet creation events.
2026-05-25 19:09:46.702 8 INFO neutron.plugins.ml2.drivers.ovn.mech_driver.mech_driver [None req-7ec6d4a6-3b31-4217-ac8e-3c662fc2230f - - - - - -] OVN reports status down for port: d915e65f-673a-4dcf-84b5-5337ca7e031b
2026-05-25 19:09:46.720 7 INFO neutron.db.ovn_revision_numbers_db [None req-d5b22f58-5d19-47fd-963c-69d4575b4191 c4538c069b62428792d85186e90fef45 f64228778dd64165a2d63fb3ffb09e84 - - default default] Successfully bumped revision number for resource d915e65f-673a-4dcf-84b5-5337ca7e031b (type: ports) to 1 [pid: 7|app: 0|req: 516/1026] 10.0.0.201 () {34 vars in 665 bytes} [Mon May 25 19:09:46 2026] POST /v2.0/ports => generated 775 bytes in 420 msecs (HTTP/1.1 201) 4 headers in 162 bytes (1 switches on core 0) /var/lib/openstack/lib/python3.12/site-packages/pycadf/identifier.py:70: UserWarning: Invalid uuid: neutron. To ensure interoperability, identifiers should be a valid uuid. warnings.warn(('Invalid uuid: %s. To ensure interoperability, ' [pid: 7|app: 0|req: 517/1027] 199.204.45.210 () {34 vars in 1146 bytes} [Mon May 25 19:09:46 2026] GET /v2.0/ports?device_id=d2e98f0e-2410-450c-b033-32acbac8db8a&device_owner=compute%3Anova&network_id=014827bd-612b-4261-9266-35fa804397f9 => generated 971 bytes in 62 msecs (HTTP/1.1 200) 4 headers in 157 bytes (1 switches on core 0)
2026-05-25 19:09:46.923 7 INFO neutron.db.segments_db [None req-ba451680-2fb0-4cd2-b5db-e1c56c3ce49f c4538c069b62428792d85186e90fef45 f64228778dd64165a2d63fb3ffb09e84 - - default default] Added segment 3e414b2b-046f-4628-9724-ed38ef172efc of type geneve for network e7aefe68-703c-4246-82c8-5b21709adff2
2026-05-25 19:09:47.044 7 INFO neutron.db.ovn_revision_numbers_db [None req-ba451680-2fb0-4cd2-b5db-e1c56c3ce49f c4538c069b62428792d85186e90fef45 f64228778dd64165a2d63fb3ffb09e84 - - default default] Successfully bumped revision number for resource e7aefe68-703c-4246-82c8-5b21709adff2 (type: networks) to 1
2026-05-25 19:09:47.054 8 INFO neutron.plugins.ml2.drivers.ovn.mech_driver.ovsdb.commands [None req-864bf121-248b-4fde-abcc-15cd50549116 - - - - - -] Schedule LRP lrp-9408b861-2948-475d-9fad-e05f60e768f6 on gateway e0734bff-c7e3-4594-a4ea-0c64221e111c with priority 1
2026-05-25 19:09:47.099 8 INFO neutron.plugins.ml2.drivers.ovn.mech_driver.ovsdb.ovsdb_monitor [None req-9f0aa376-5fe3-4475-b7d4-feca689e5a4f - - - - - -] Router 6bc64437-7949-4fe0-b1ab-33ac58b59da5 is bound to host instance
2026-05-25 19:09:47.130 8 INFO neutron.plugins.ml2.drivers.ovn.mech_driver.mech_driver [None req-7ec6d4a6-3b31-4217-ac8e-3c662fc2230f - - - - - -] OVN reports status up for port: 9408b861-2948-475d-9fad-e05f60e768f6
2026-05-25 19:09:47.175 8 INFO neutron.plugins.ml2.plugin [None req-7ec6d4a6-3b31-4217-ac8e-3c662fc2230f - - - - - -] Attempt 1 to provision port 9408b861-2948-475d-9fad-e05f60e768f6
2026-05-25 19:09:47.238 8 INFO neutron.db.ovn_revision_numbers_db [None req-4547fe49-b228-4f83-b12b-3fb756774a59 66197a1e3cd345e3ab49688122413964 ca192ecf0f8f481f8cdcdde03ba9e74c - - default default] Successfully bumped revision number for resource 9408b861-2948-475d-9fad-e05f60e768f6 (type: router_ports) to 1
2026-05-25 19:09:47.295 7 WARNING neutron.scheduler.dhcp_agent_scheduler [None req-ba451680-2fb0-4cd2-b5db-e1c56c3ce49f c4538c069b62428792d85186e90fef45 f64228778dd64165a2d63fb3ffb09e84 - - default default] No more DHCP agents
2026-05-25 19:09:47.298 7 WARNING neutron.api.rpc.agentnotifiers.dhcp_rpc_agent_api [None req-ba451680-2fb0-4cd2-b5db-e1c56c3ce49f c4538c069b62428792d85186e90fef45 f64228778dd64165a2d63fb3ffb09e84 - - default default] Unable to schedule network e7aefe68-703c-4246-82c8-5b21709adff2: no agents available; will retry on subsequent port and subnet creation events.
2026-05-25 19:09:47.360 7 INFO neutron.plugins.ml2.drivers.ovn.mech_driver.mech_driver [None req-21268bbf-4c2f-4b8d-bf9f-c303dd1cabe0 - - - - - -] OVN reports status down for port: 970debbe-f2e8-474b-bfa0-43dee3b3712b
2026-05-25 19:09:47.430 7 INFO neutron.db.ovn_revision_numbers_db [None req-ba451680-2fb0-4cd2-b5db-e1c56c3ce49f c4538c069b62428792d85186e90fef45 f64228778dd64165a2d63fb3ffb09e84 - - default default] Successfully bumped revision number for resource 970debbe-f2e8-474b-bfa0-43dee3b3712b (type: ports) to 1 [pid: 7|app: 0|req: 518/1028] 10.0.0.201 () {34 vars in 670 bytes} [Mon May 25 19:09:46 2026] POST /v2.0/networks => generated 669 bytes in 648 msecs (HTTP/1.1 201) 4 headers in 162 bytes (1 switches on core 0)
2026-05-25 19:09:47.554 8 INFO neutron.db.ovn_revision_numbers_db [None req-4547fe49-b228-4f83-b12b-3fb756774a59 66197a1e3cd345e3ab49688122413964 ca192ecf0f8f481f8cdcdde03ba9e74c - - default default] Successfully bumped revision number for resource 6bc64437-7949-4fe0-b1ab-33ac58b59da5 (type: routers) to 2 [pid: 8|app: 0|req: 511/1029] 10.0.0.201 () {34 vars in 669 bytes} [Mon May 25 19:09:45 2026] POST /v2.0/routers => generated 970 bytes in 2216 msecs (HTTP/1.1 201) 4 headers in 162 bytes (1 switches on core 0) [pid: 8|app: 0|req: 512/1030] 10.0.0.74 () {28 vars in 582 bytes} [Mon May 25 19:09:47 2026] GET /v2.0/subnets => generated 2678 bytes in 183 msecs (HTTP/1.1 200) 4 headers in 158 bytes (1 switches on core 0)
2026-05-25 19:09:48.023 8 INFO neutron.db.ovn_revision_numbers_db [None req-409c2a8f-e43b-42ec-a368-14a1e4b93d62 66197a1e3cd345e3ab49688122413964 ca192ecf0f8f481f8cdcdde03ba9e74c - - default default] Successfully bumped revision number for resource 097cf293-1f11-4585-895e-fc24bd3ea4f4 (type: security_groups) to 1
2026-05-25 19:09:48.067 8 INFO neutron.db.ovn_revision_numbers_db [None req-409c2a8f-e43b-42ec-a368-14a1e4b93d62 66197a1e3cd345e3ab49688122413964 ca192ecf0f8f481f8cdcdde03ba9e74c - - default default] Successfully bumped revision number for resource 0de77c83-e455-4c4e-8dba-0cc0890e8077 (type: security_group_rules) to 0
2026-05-25 19:09:48.091 7 INFO neutron.db.ovn_revision_numbers_db [req-56028827-5ebb-42b5-891e-b8745bc69fef req-e0f7b77d-838c-4bc5-b7b2-b33a6b4a7f98 42cee95b56814a89b08581b4547a1d1e 1eb4a21766a64192bea58a12a751622e - - default default] Successfully bumped revision number for resource de269bab-c987-4a88-8bd6-58c3c282dc54 (type: ports) to 6
2026-05-25 19:09:48.096 8 INFO neutron.db.ovn_revision_numbers_db [None req-409c2a8f-e43b-42ec-a368-14a1e4b93d62 66197a1e3cd345e3ab49688122413964 ca192ecf0f8f481f8cdcdde03ba9e74c - - default default] Successfully bumped revision number for resource 3197c8c9-bf29-4193-8588-1f9434d8b116 (type: security_group_rules) to 0 [pid: 7|app: 0|req: 519/1031] 199.204.45.210 () {38 vars in 1028 bytes} [Mon May 25 19:09:47 2026] PUT /v2.0/ports/de269bab-c987-4a88-8bd6-58c3c282dc54 => generated 1149 bytes in 628 msecs (HTTP/1.1 200) 4 headers in 158 bytes (1 switches on core 0) /var/lib/openstack/lib/python3.12/site-packages/pycadf/identifier.py:70: UserWarning: Invalid uuid: neutron. To ensure interoperability, identifiers should be a valid uuid. warnings.warn(('Invalid uuid: %s. To ensure interoperability, '
2026-05-25 19:09:48.134 8 INFO neutron.db.ovn_revision_numbers_db [None req-409c2a8f-e43b-42ec-a368-14a1e4b93d62 66197a1e3cd345e3ab49688122413964 ca192ecf0f8f481f8cdcdde03ba9e74c - - default default] Successfully bumped revision number for resource 42c938f2-cec8-4b20-bf05-b8da0bbacede (type: security_group_rules) to 0
2026-05-25 19:09:48.147 7 INFO neutron.notifiers.nova [-] Nova event matching ['req-6b718146-08ba-412b-8ad6-9483a629780e'] response: {'name': 'network-changed', 'server_uuid': 'd2e98f0e-2410-450c-b033-32acbac8db8a', 'tag': 'de269bab-c987-4a88-8bd6-58c3c282dc54', 'status': 'completed', 'code': 200}
2026-05-25 19:09:48.158 8 INFO neutron.db.ovn_revision_numbers_db [None req-409c2a8f-e43b-42ec-a368-14a1e4b93d62 66197a1e3cd345e3ab49688122413964 ca192ecf0f8f481f8cdcdde03ba9e74c - - default default] Successfully bumped revision number for resource a9f1211d-b1ee-4829-baa1-4b5b6c6dea47 (type: security_group_rules) to 0 [pid: 8|app: 0|req: 513/1032] 10.0.0.201 () {32 vars in 774 bytes} [Mon May 25 19:09:47 2026] GET /v2.0/security-groups?tenant_id=e4d2ed2039344aaeaedde4bde75083ce&name=default => generated 2925 bytes in 457 msecs (HTTP/1.1 200) 4 headers in 158 bytes (1 switches on core 0)
2026-05-25 19:09:48.333 7 WARNING neutron.scheduler.dhcp_agent_scheduler [None req-0fb0d227-ee15-4a70-9fc1-6654adda737d c4538c069b62428792d85186e90fef45 f64228778dd64165a2d63fb3ffb09e84 - - default default] No more DHCP agents
2026-05-25 19:09:48.337 7 WARNING neutron.api.rpc.agentnotifiers.dhcp_rpc_agent_api [None req-0fb0d227-ee15-4a70-9fc1-6654adda737d c4538c069b62428792d85186e90fef45 f64228778dd64165a2d63fb3ffb09e84 - - default default] Unable to schedule network e7aefe68-703c-4246-82c8-5b21709adff2: no agents available; will retry on subsequent port and subnet creation events.
2026-05-25 19:09:48.859 7 INFO neutron.db.ovn_revision_numbers_db [None req-1f90b15a-539a-4685-840b-16eb25f1535d - - - - - -] Successfully bumped revision number for resource 970debbe-f2e8-474b-bfa0-43dee3b3712b (type: ports) to 2
2026-05-25 19:09:48.863 8 INFO neutron.db.ovn_revision_numbers_db [None req-aba1175f-4d07-4721-b54b-d6607c9024b8 - - - - - -] Successfully bumped revision number for resource 9408b861-2948-475d-9fad-e05f60e768f6 (type: ports) to 4
2026-05-25 19:09:48.896 7 INFO neutron.db.ovn_revision_numbers_db [None req-1f90b15a-539a-4685-840b-16eb25f1535d - - - - - -] Successfully bumped revision number for resource cc8e4f73-93ab-4f8a-8a46-a759d003db71 (type: subnets) to 0 [pid: 7|app: 0|req: 520/1033] 10.0.0.201 () {34 vars in 669 bytes} [Mon May 25 19:09:48 2026] POST /v2.0/subnets => generated 626 bytes in 812 msecs (HTTP/1.1 201) 4 headers in 162 bytes (1 switches on core 0) [pid: 7|app: 0|req: 521/1034] 10.0.0.74 () {28 vars in 618 bytes} [Mon May 25 19:09:48 2026] GET /v2.0/network-ip-availabilities => generated 2771 bytes in 16 msecs (HTTP/1.1 200) 4 headers in 158 bytes (1 switches on core 0) [pid: 7|app: 0|req: 522/1035] 10.0.0.201 () {32 vars in 740 bytes} [Mon May 25 19:09:48 2026] DELETE /v2.0/security-groups/097cf293-1f11-4585-895e-fc24bd3ea4f4 => generated 0 bytes in 242 msecs (HTTP/1.1 204) 2 headers in 112 bytes (1 switches on core 0)
2026-05-25 19:09:49.196 8 WARNING neutron.scheduler.dhcp_agent_scheduler [None req-dc38f9b2-a0d1-4320-aa11-28a708ed3edd 66197a1e3cd345e3ab49688122413964 ca192ecf0f8f481f8cdcdde03ba9e74c - - default default] No more DHCP agents
2026-05-25 19:09:49.198 8 WARNING neutron.api.rpc.agentnotifiers.dhcp_rpc_agent_api [None req-dc38f9b2-a0d1-4320-aa11-28a708ed3edd 66197a1e3cd345e3ab49688122413964 ca192ecf0f8f481f8cdcdde03ba9e74c - - default default] Unable to schedule network 69f1a03a-cec1-4ad4-98dd-aa056e4a0e13: no agents available; will retry on subsequent port and subnet creation events. [pid: 7|app: 0|req: 523/1036] 199.204.45.210 () {34 vars in 1080 bytes} [Mon May 25 19:09:49 2026] GET /v2.0/ports?tenant_id=1eb4a21766a64192bea58a12a751622e&device_id=d2e98f0e-2410-450c-b033-32acbac8db8a => generated 1390 bytes in 46 msecs (HTTP/1.1 200) 4 headers in 158 bytes (1 switches on core 0)
2026-05-25 19:09:49.397 7 INFO neutron.plugins.ml2.drivers.ovn.mech_driver.mech_driver [None req-21268bbf-4c2f-4b8d-bf9f-c303dd1cabe0 - - - - - -] OVN reports status down for port: f0d58126-5c63-493f-977e-c70bbaa6c2c0
2026-05-25 19:09:49.450 8 INFO neutron.db.ovn_revision_numbers_db [None req-dc38f9b2-a0d1-4320-aa11-28a708ed3edd 66197a1e3cd345e3ab49688122413964 ca192ecf0f8f481f8cdcdde03ba9e74c - - default default] Successfully bumped revision number for resource f0d58126-5c63-493f-977e-c70bbaa6c2c0 (type: ports) to 1
2026-05-25 19:09:49.556 8 INFO neutron.db.ovn_revision_numbers_db [None req-aba1175f-4d07-4721-b54b-d6607c9024b8 - - - - - -] Successfully bumped revision number for resource 9408b861-2948-475d-9fad-e05f60e768f6 (type: ports) to 5
2026-05-25 19:09:49.618 7 WARNING neutron.scheduler.dhcp_agent_scheduler [None req-aaf36601-3398-46ba-a232-a221ebddda57 c4538c069b62428792d85186e90fef45 f64228778dd64165a2d63fb3ffb09e84 - - default default] No more DHCP agents
2026-05-25 19:09:49.620 7 WARNING neutron.api.rpc.agentnotifiers.dhcp_rpc_agent_api [None req-aaf36601-3398-46ba-a232-a221ebddda57 c4538c069b62428792d85186e90fef45 f64228778dd64165a2d63fb3ffb09e84 - - default default] Unable to schedule network e7aefe68-703c-4246-82c8-5b21709adff2: no agents available; will retry on subsequent port and subnet creation events.
2026-05-25 19:09:49.748 7 INFO neutron.plugins.ml2.drivers.ovn.mech_driver.mech_driver [None req-21268bbf-4c2f-4b8d-bf9f-c303dd1cabe0 - - - - - -] OVN reports status down for port: 8b15e701-a38e-4d70-b2cf-5d1ccfeba0dc
2026-05-25 19:09:49.808 7 INFO neutron.db.ovn_revision_numbers_db [None req-aaf36601-3398-46ba-a232-a221ebddda57 c4538c069b62428792d85186e90fef45 f64228778dd64165a2d63fb3ffb09e84 - - default default] Successfully bumped revision number for resource 8b15e701-a38e-4d70-b2cf-5d1ccfeba0dc (type: ports) to 1 [pid: 7|app: 0|req: 524/1037] 10.0.0.201 () {34 vars in 665 bytes} [Mon May 25 19:09:49 2026] POST /v2.0/ports => generated 949 bytes in 635 msecs (HTTP/1.1 201) 4 headers in 162 bytes (1 switches on core 0) /var/lib/openstack/lib/python3.12/site-packages/pycadf/identifier.py:70: UserWarning: Invalid uuid: neutron. To ensure interoperability, identifiers should be a valid uuid. warnings.warn(('Invalid uuid: %s. To ensure interoperability, ' [pid: 7|app: 0|req: 525/1038] 10.0.0.74 () {28 vars in 584 bytes} [Mon May 25 19:09:49 2026] GET /v2.0/networks => generated 5434 bytes in 90 msecs (HTTP/1.1 200) 4 headers in 158 bytes (1 switches on core 0) [pid: 7|app: 0|req: 526/1039] 199.204.45.210 () {34 vars in 986 bytes} [Mon May 25 19:09:49 2026] GET /v2.0/networks?id=014827bd-612b-4261-9266-35fa804397f9 => generated 820 bytes in 48 msecs (HTTP/1.1 200) 4 headers in 157 bytes (1 switches on core 0)
2026-05-25 19:09:50.125 7 INFO neutron.db.ovn_revision_numbers_db [None req-67a9e20c-844d-4d63-9d49-278da2cb62be 66197a1e3cd345e3ab49688122413964 ca192ecf0f8f481f8cdcdde03ba9e74c - - default default] Successfully bumped revision number for resource 6290b90e-9227-47cb-9c78-26bd1ed61f3d (type: security_groups) to 1
2026-05-25 19:09:50.140 7 INFO neutron.db.ovn_revision_numbers_db [None req-67a9e20c-844d-4d63-9d49-278da2cb62be 66197a1e3cd345e3ab49688122413964 ca192ecf0f8f481f8cdcdde03ba9e74c - - default default] Successfully bumped revision number for resource 10870353-9233-4896-80f6-83173212883c (type: security_group_rules) to 0
2026-05-25 19:09:50.152 7 INFO neutron.db.ovn_revision_numbers_db [None req-67a9e20c-844d-4d63-9d49-278da2cb62be 66197a1e3cd345e3ab49688122413964 ca192ecf0f8f481f8cdcdde03ba9e74c - - default default] Successfully bumped revision number for resource 589f189c-83a0-45a3-8589-7fae0d28183b (type: security_group_rules) to 0
2026-05-25 19:09:50.167 7 INFO neutron.db.ovn_revision_numbers_db [None req-67a9e20c-844d-4d63-9d49-278da2cb62be 66197a1e3cd345e3ab49688122413964 ca192ecf0f8f481f8cdcdde03ba9e74c - - default default] Successfully bumped revision number for resource c84463a8-03d8-4b9c-8244-a5757cd0aadf (type: security_group_rules) to 0
2026-05-25 19:09:50.180 7 INFO neutron.db.ovn_revision_numbers_db [None req-67a9e20c-844d-4d63-9d49-278da2cb62be 66197a1e3cd345e3ab49688122413964 ca192ecf0f8f481f8cdcdde03ba9e74c - - default default] Successfully bumped revision number for resource cc96e197-d1a1-4f44-9e73-da0a2606226f (type: security_group_rules) to 0 [pid: 7|app: 0|req: 527/1040] 10.0.0.201 () {32 vars in 774 bytes} [Mon May 25 19:09:49 2026] GET /v2.0/security-groups?tenant_id=83b96f3072ca408499e3006c7f0c4761&name=default => generated 2925 bytes in 223 msecs (HTTP/1.1 200) 4 headers in 158 bytes (1 switches on core 0)
2026-05-25 19:09:50.297 7 INFO neutron.plugins.ml2.drivers.ovn.mech_driver.mech_driver [None req-21268bbf-4c2f-4b8d-bf9f-c303dd1cabe0 - - - - - -] OVN reports status up for port: f0d58126-5c63-493f-977e-c70bbaa6c2c0
2026-05-25 19:09:50.323 7 INFO neutron.plugins.ml2.plugin [None req-21268bbf-4c2f-4b8d-bf9f-c303dd1cabe0 - - - - - -] Attempt 1 to provision port f0d58126-5c63-493f-977e-c70bbaa6c2c0
2026-05-25 19:09:50.378 8 WARNING neutron.scheduler.dhcp_agent_scheduler [None req-dc38f9b2-a0d1-4320-aa11-28a708ed3edd 66197a1e3cd345e3ab49688122413964 ca192ecf0f8f481f8cdcdde03ba9e74c - - default default] No more DHCP agents
2026-05-25 19:09:50.380 8 WARNING neutron.api.rpc.agentnotifiers.dhcp_rpc_agent_api [None req-dc38f9b2-a0d1-4320-aa11-28a708ed3edd 66197a1e3cd345e3ab49688122413964 ca192ecf0f8f481f8cdcdde03ba9e74c - - default default] Unable to schedule network 69f1a03a-cec1-4ad4-98dd-aa056e4a0e13: no agents available; will retry on subsequent port and subnet creation events.
2026-05-25 19:09:50.420 7 INFO neutron_taas.services.taas.taas_plugin [None req-635c5f81-0933-4e96-bec6-d3849f218c04 c4538c069b62428792d85186e90fef45 f64228778dd64165a2d63fb3ffb09e84 - - default default] TaaS: Handle Delete Port: 8b15e701-a38e-4d70-b2cf-5d1ccfeba0dc
2026-05-25 19:09:50.428 7 INFO neutron_taas.services.taas.tap_mirror_plugin [None req-635c5f81-0933-4e96-bec6-d3849f218c04 c4538c069b62428792d85186e90fef45 f64228778dd64165a2d63fb3ffb09e84 - - default default] Tap Mirror: Handle Delete Port: 8b15e701-a38e-4d70-b2cf-5d1ccfeba0dc [pid: 7|app: 0|req: 530/1043] 10.0.0.201 () {32 vars in 720 bytes} [Mon May 25 19:09:50 2026] DELETE /v2.0/ports/8b15e701-a38e-4d70-b2cf-5d1ccfeba0dc => generated 0 bytes in 479 msecs (HTTP/1.1 204) 3 headers in 131 bytes (1 switches on core 0)
2026-05-25 19:09:50.935 7 INFO neutron.db.ovn_revision_numbers_db [None req-21268bbf-4c2f-4b8d-bf9f-c303dd1cabe0 - - - - - -] Successfully bumped revision number for resource f0d58126-5c63-493f-977e-c70bbaa6c2c0 (type: ports) to 2 [pid: 7|app: 0|req: 531/1044] 10.0.0.74 () {28 vars in 578 bytes} [Mon May 25 19:09:50 2026] GET /v2.0/ports => generated 16808 bytes in 248 msecs (HTTP/1.1 200) 4 headers in 159 bytes (1 switches on core 0) [pid: 7|app: 0|req: 532/1045] 199.204.45.210 () {34 vars in 1060 bytes} [Mon May 25 19:09:50 2026] GET /v2.0/floatingips?fixed_ip_address=10.100.0.10&port_id=de269bab-c987-4a88-8bd6-58c3c282dc54 => generated 19 bytes in 45 msecs (HTTP/1.1 200) 4 headers in 156 bytes (1 switches on core 0) [pid: 7|app: 0|req: 533/1046] 10.0.0.201 () {32 vars in 740 bytes} [Mon May 25 19:09:51 2026] DELETE /v2.0/security-groups/6290b90e-9227-47cb-9c78-26bd1ed61f3d => generated 0 bytes in 300 msecs (HTTP/1.1 204) 2 headers in 112 bytes (1 switches on core 0)
2026-05-25 19:09:51.319 7 INFO neutron.pecan_wsgi.hooks.translation [None req-22499402-ac97-4f9d-a24b-4cabc437f2e8 c4538c069b62428792d85186e90fef45 f64228778dd64165a2d63fb3ffb09e84 - - default default] DELETE failed (client error): The resource could not be found. [pid: 7|app: 0|req: 534/1047] 10.0.0.201 () {32 vars in 720 bytes} [Mon May 25 19:09:51 2026] DELETE /v2.0/ports/8b15e701-a38e-4d70-b2cf-5d1ccfeba0dc => generated 132 bytes in 21 msecs (HTTP/1.1 404) 4 headers in 164 bytes (1 switches on core 0) [pid: 7|app: 0|req: 535/1048] 10.0.0.74 () {28 vars in 582 bytes} [Mon May 25 19:09:51 2026] GET /v2.0/routers => generated 1951 bytes in 73 msecs (HTTP/1.1 200) 4 headers in 158 bytes (1 switches on core 0) [pid: 7|app: 0|req: 536/1049] 199.204.45.210 () {34 vars in 1058 bytes} [Mon May 25 19:09:51 2026] GET /v2.0/floatingips?fixed_ip_address=10.100.0.5&port_id=de269bab-c987-4a88-8bd6-58c3c282dc54 => generated 860 bytes in 38 msecs (HTTP/1.1 200) 4 headers in 157 bytes (1 switches on core 0)
2026-05-25 19:09:51.448 7 INFO neutron.pecan_wsgi.hooks.translation [None req-25debfca-ec10-478a-8260-86f7c9e029b2 c4538c069b62428792d85186e90fef45 f64228778dd64165a2d63fb3ffb09e84 - - default default] GET failed (client error): The resource could not be found. [pid: 7|app: 0|req: 537/1050] 10.0.0.201 () {32 vars in 717 bytes} [Mon May 25 19:09:51 2026] GET /v2.0/ports/8b15e701-a38e-4d70-b2cf-5d1ccfeba0dc => generated 132 bytes in 14 msecs (HTTP/1.1 404) 4 headers in 164 bytes (1 switches on core 0) [pid: 7|app: 0|req: 538/1051] 10.0.0.74 () {28 vars in 623 bytes} [Mon May 25 19:09:51 2026] GET /v2.0/agents?binary=ovn-controller => generated 416 bytes in 11 msecs (HTTP/1.1 200) 4 headers in 157 bytes (1 switches on core 0) [pid: 7|app: 0|req: 539/1052] 199.204.45.210 () {34 vars in 984 bytes} [Mon May 25 19:09:51 2026] GET /v2.0/subnets?id=832b9de2-d67a-454f-8a5a-f80a1f53c5c3 => generated 701 bytes in 25 msecs (HTTP/1.1 200) 4 headers in 157 bytes (1 switches on core 0)
2026-05-25 19:09:51.626 8 INFO neutron.db.ovn_revision_numbers_db [None req-dc38f9b2-a0d1-4320-aa11-28a708ed3edd 66197a1e3cd345e3ab49688122413964 ca192ecf0f8f481f8cdcdde03ba9e74c - - default default] Successfully bumped revision number for resource f0d58126-5c63-493f-977e-c70bbaa6c2c0 (type: router_ports) to 1 [pid: 8|app: 0|req: 514/1053] 10.0.0.201 () {34 vars in 783 bytes} [Mon May 25 19:09:48 2026] PUT /v2.0/routers/6bc64437-7949-4fe0-b1ab-33ac58b59da5/add_router_interface => generated 309 bytes in 3405 msecs (HTTP/1.1 200) 4 headers in 157 bytes (1 switches on core 0) [pid: 8|app: 0|req: 515/1054] 10.0.0.74 () {28 vars in 598 bytes} [Mon May 25 19:09:51 2026] GET /v2.0/security-groups => generated 28974 bytes in 45 msecs (HTTP/1.1 200) 4 headers in 159 bytes (1 switches on core 0) [pid: 8|app: 0|req: 516/1055] 199.204.45.210 () {34 vars in 1052 bytes} [Mon May 25 19:09:51 2026] GET /v2.0/ports?network_id=014827bd-612b-4261-9266-35fa804397f9&device_owner=network%3Adhcp => generated 12 bytes in 17 msecs (HTTP/1.1 200) 4 headers in 156 bytes (1 switches on core 0) [pid: 8|app: 0|req: 517/1056] 10.0.0.74 () {28 vars in 580 bytes} [Mon May 25 19:09:51 2026] GET /v2.0/agents => generated 1214 bytes in 11 msecs (HTTP/1.1 200) 4 headers in 158 bytes (1 switches on core 0) [pid: 7|app: 0|req: 540/1057] 10.0.0.201 () {32 vars in 724 bytes} [Mon May 25 19:09:51 2026] DELETE /v2.0/subnets/cc8e4f73-93ab-4f8a-8a46-a759d003db71 => generated 0 bytes in 261 msecs (HTTP/1.1 204) 3 headers in 131 bytes (1 switches on core 0) [pid: 8|app: 0|req: 518/1058] 199.204.45.210 () {34 vars in 1012 bytes} [Mon May 25 19:09:51 2026] GET /v2.0/networks/014827bd-612b-4261-9266-35fa804397f9?fields=segments => generated 14 bytes in 40 msecs (HTTP/1.1 200) 4 headers in 156 bytes (1 switches on core 0) [pid: 7|app: 0|req: 541/1059] 10.0.0.74 () {28 vars in 582 bytes} [Mon May 25 19:09:51 2026] GET /v2.0/subnets => generated 2678 bytes in 38 msecs (HTTP/1.1 200) 4 headers in 158 bytes (1 switches on core 0) [pid: 7|app: 0|req: 542/1060] 199.204.45.210 () {34 vars in 1112 bytes} [Mon May 25 19:09:51 2026] GET /v2.0/networks/014827bd-612b-4261-9266-35fa804397f9?fields=provider%3Aphysical_network&fields=provider%3Anetwork_type => generated 79 bytes in 45 msecs (HTTP/1.1 200) 4 headers in 156 bytes (1 switches on core 0) [pid: 7|app: 0|req: 543/1061] 10.0.0.74 () {28 vars in 590 bytes} [Mon May 25 19:09:51 2026] GET /v2.0/subnetpools => generated 19 bytes in 9 msecs (HTTP/1.1 200) 4 headers in 156 bytes (1 switches on core 0)
2026-05-25 19:09:51.889 8 INFO neutron_taas.services.taas.taas_plugin [None req-5c4a5c11-7332-4c5b-be3b-4d19b5cbca36 c4538c069b62428792d85186e90fef45 f64228778dd64165a2d63fb3ffb09e84 - - default default] TaaS: Handle Delete Port: 970debbe-f2e8-474b-bfa0-43dee3b3712b
2026-05-25 19:09:51.893 8 INFO neutron_taas.services.taas.tap_mirror_plugin [None req-5c4a5c11-7332-4c5b-be3b-4d19b5cbca36 c4538c069b62428792d85186e90fef45 f64228778dd64165a2d63fb3ffb09e84 - - default default] Tap Mirror: Handle Delete Port: 970debbe-f2e8-474b-bfa0-43dee3b3712b [pid: 7|app: 0|req: 544/1062] 10.0.0.74 () {28 vars in 590 bytes} [Mon May 25 19:09:51 2026] GET /v2.0/floatingips => generated 860 bytes in 57 msecs (HTTP/1.1 200) 4 headers in 157 bytes (1 switches on core 0)
2026-05-25 19:09:52.103 8 INFO neutron.services.segments.plugin [-] Segment 3e414b2b-046f-4628-9724-ed38ef172efc resource provider aggregate not found
2026-05-25 19:09:52.104 8 INFO neutron.services.segments.plugin [-] Segment 3e414b2b-046f-4628-9724-ed38ef172efc resource provider aggregate not found
2026-05-25 19:09:52.130 8 INFO neutron.services.segments.plugin [-] Segment 3e414b2b-046f-4628-9724-ed38ef172efc resource provider not found; error: Placement Client Error (4xx): {"errors": [{"status": 404, "title": "Not Found", "detail": "The resource could not be found.\n\n No resource provider with uuid 3e414b2b-046f-4628-9724-ed38ef172efc found for delete ", "request_id": "req-306648f2-ed51-4234-87ae-6359310d717d"}]}
2026-05-25 19:09:52.132 8 INFO neutron.services.segments.plugin [-] Segment 3e414b2b-046f-4628-9724-ed38ef172efc resource provider not found; error: Placement Client Error (4xx): {"errors": [{"status": 404, "title": "Not Found", "detail": "The resource could not be found.\n\n No resource provider with uuid 3e414b2b-046f-4628-9724-ed38ef172efc found for delete ", "request_id": "req-c91f67ba-5ec2-4867-86a5-0c2f1dd0a73a"}]} [pid: 8|app: 0|req: 519/1063] 10.0.0.201 () {32 vars in 726 bytes} [Mon May 25 19:09:51 2026] DELETE /v2.0/networks/e7aefe68-703c-4246-82c8-5b21709adff2 => generated 0 bytes in 413 msecs (HTTP/1.1 204) 3 headers in 131 bytes (1 switches on core 0)
2026-05-25 19:09:52.286 7 INFO neutron.db.segments_db [None req-25392e27-1366-400e-8fa9-df682b689904 c4538c069b62428792d85186e90fef45 f64228778dd64165a2d63fb3ffb09e84 - - default default] Added segment 77725529-b4f9-4541-8d0b-da0d6e27a535 of type geneve for network 4e97b3b9-7c2b-4b2f-80eb-864b548bbc64
2026-05-25 19:09:52.413 7 INFO neutron.db.ovn_revision_numbers_db [None req-25392e27-1366-400e-8fa9-df682b689904 c4538c069b62428792d85186e90fef45 f64228778dd64165a2d63fb3ffb09e84 - - default default] Successfully bumped revision number for resource 4e97b3b9-7c2b-4b2f-80eb-864b548bbc64 (type: networks) to 1
2026-05-25 19:09:52.586 7 WARNING neutron.scheduler.dhcp_agent_scheduler [None req-25392e27-1366-400e-8fa9-df682b689904 c4538c069b62428792d85186e90fef45 f64228778dd64165a2d63fb3ffb09e84 - - default default] No more DHCP agents
2026-05-25 19:09:52.588 7 WARNING neutron.api.rpc.agentnotifiers.dhcp_rpc_agent_api [None req-25392e27-1366-400e-8fa9-df682b689904 c4538c069b62428792d85186e90fef45 f64228778dd64165a2d63fb3ffb09e84 - - default default] Unable to schedule network 4e97b3b9-7c2b-4b2f-80eb-864b548bbc64: no agents available; will retry on subsequent port and subnet creation events.
2026-05-25 19:09:52.678 7 INFO neutron.db.ovn_revision_numbers_db [None req-25392e27-1366-400e-8fa9-df682b689904 c4538c069b62428792d85186e90fef45 f64228778dd64165a2d63fb3ffb09e84 - - default default] Successfully bumped revision number for resource 22b50494-6fdf-4239-8215-20acbe3ef988 (type: ports) to 1 [pid: 7|app: 0|req: 545/1064] 10.0.0.201 () {34 vars in 670 bytes} [Mon May 25 19:09:52 2026] POST /v2.0/networks => generated 669 bytes in 521 msecs (HTTP/1.1 201) 4 headers in 162 bytes (1 switches on core 0) [pid: 8|app: 0|req: 520/1065] 10.0.0.134 () {34 vars in 982 bytes} [Mon May 25 19:09:52 2026] GET /v2.0/networks?id=69f1a03a-cec1-4ad4-98dd-aa056e4a0e13 => generated 715 bytes in 49 msecs (HTTP/1.1 200) 4 headers in 157 bytes (1 switches on core 0) [pid: 8|app: 0|req: 521/1066] 10.0.0.134 () {34 vars in 965 bytes} [Mon May 25 19:09:52 2026] GET /v2.0/quotas/e5dc8a9ea087428cb7f62fcc23b8ee8f => generated 292 bytes in 8 msecs (HTTP/1.1 200) 4 headers in 157 bytes (1 switches on core 0) [pid: 8|app: 0|req: 522/1067] 10.0.0.134 () {34 vars in 1002 bytes} [Mon May 25 19:09:52 2026] GET /v2.0/ports?tenant_id=e5dc8a9ea087428cb7f62fcc23b8ee8f&fields=id => generated 103 bytes in 70 msecs (HTTP/1.1 200) 4 headers in 157 bytes (1 switches on core 0)
2026-05-25 19:09:52.888 7 WARNING neutron.scheduler.dhcp_agent_scheduler [None req-83cc299d-0e9d-4415-9773-8dd6c3c2bde7 c4538c069b62428792d85186e90fef45 f64228778dd64165a2d63fb3ffb09e84 - - default default] No more DHCP agents
