Mar 26 01:06:05.834461 np0000160899 neutron-periodic-workers[104704]: DEBUG cotyledon.oslo_config_glue [-] ml2.type_drivers = ['local', 'flat', 'vlan', 'geneve'] {{(pid=104704) log_opt_values /opt/stack/data/venv/lib/python3.12/site-packages/oslo_config/cfg.py:3006}}
Mar 26 01:06:05.834536 np0000160899 neutron-periodic-workers[104704]: DEBUG cotyledon.oslo_config_glue [-] ml2_type_flat.flat_networks = ['public'] {{(pid=104704) log_opt_values /opt/stack/data/venv/lib/python3.12/site-packages/oslo_config/cfg.py:3006}}
Mar 26 01:06:05.834586 np0000160899 neutron-periodic-workers[104704]: DEBUG cotyledon.oslo_config_glue [-] ml2_type_geneve.max_header_size = 38 {{(pid=104704) log_opt_values /opt/stack/data/venv/lib/python3.12/site-packages/oslo_config/cfg.py:3006}}
Mar 26 01:06:05.834668 np0000160899 neutron-periodic-workers[104704]: DEBUG cotyledon.oslo_config_glue [-] ml2_type_geneve.vni_ranges = ['1:65536'] {{(pid=104704) log_opt_values /opt/stack/data/venv/lib/python3.12/site-packages/oslo_config/cfg.py:3006}}
Mar 26 01:06:05.834734 np0000160899 neutron-periodic-workers[104704]: DEBUG cotyledon.oslo_config_glue [-] ml2_type_vlan.network_vlan_ranges = ['public'] {{(pid=104704) log_opt_values /opt/stack/data/venv/lib/python3.12/site-packages/oslo_config/cfg.py:3006}}
Mar 26 01:06:05.834813 np0000160899 neutron-periodic-workers[104704]: DEBUG cotyledon.oslo_config_glue [-] network_log.burst_limit = 25 {{(pid=104704) log_opt_values /opt/stack/data/venv/lib/python3.12/site-packages/oslo_config/cfg.py:3006}}
Mar 26 01:06:05.834848 np0000160899 neutron-periodic-workers[104704]: DEBUG cotyledon.oslo_config_glue [-] network_log.local_output_log_base = None {{(pid=104704) log_opt_values /opt/stack/data/venv/lib/python3.12/site-packages/oslo_config/cfg.py:3006}}
Mar 26 01:06:05.834895 np0000160899 neutron-periodic-workers[104704]: DEBUG cotyledon.oslo_config_glue [-] network_log.rate_limit = 100 {{(pid=104704) log_opt_values /opt/stack/data/venv/lib/python3.12/site-packages/oslo_config/cfg.py:3006}}
Mar 26 01:06:05.835005 np0000160899 neutron-periodic-workers[104704]: DEBUG cotyledon.oslo_config_glue [-] database.asyncio_connection = **** {{(pid=104704) log_opt_values /opt/stack/data/venv/lib/python3.12/site-packages/oslo_config/cfg.py:3006}}
Mar 26 01:06:05.835046 np0000160899 neutron-periodic-workers[104704]: DEBUG cotyledon.oslo_config_glue [-] database.asyncio_slave_connection = **** {{(pid=104704) log_opt_values /opt/stack/data/venv/lib/python3.12/site-packages/oslo_config/cfg.py:3006}}
Mar 26 01:06:05.835088 np0000160899 neutron-periodic-workers[104704]: DEBUG cotyledon.oslo_config_glue [-] database.backend = sqlalchemy {{(pid=104704) log_opt_values /opt/stack/data/venv/lib/python3.12/site-packages/oslo_config/cfg.py:3006}}
Mar 26 01:06:05.835141 np0000160899 neutron-periodic-workers[104704]: DEBUG cotyledon.oslo_config_glue [-] database.connection = **** {{(pid=104704) log_opt_values /opt/stack/data/venv/lib/python3.12/site-packages/oslo_config/cfg.py:3006}}
Mar 26 01:06:05.835187 np0000160899 neutron-periodic-workers[104704]: DEBUG cotyledon.oslo_config_glue [-] database.connection_debug = 0 {{(pid=104704) log_opt_values /opt/stack/data/venv/lib/python3.12/site-packages/oslo_config/cfg.py:3006}}
Mar 26 01:06:05.835219 np0000160899 neutron-periodic-workers[104704]: DEBUG cotyledon.oslo_config_glue [-] database.connection_parameters = {{(pid=104704) log_opt_values /opt/stack/data/venv/lib/python3.12/site-packages/oslo_config/cfg.py:3006}}
Mar 26 01:06:05.835278 np0000160899 neutron-periodic-workers[104704]: DEBUG cotyledon.oslo_config_glue [-] database.connection_recycle_time = 3600 {{(pid=104704) log_opt_values /opt/stack/data/venv/lib/python3.12/site-packages/oslo_config/cfg.py:3006}}
Mar 26 01:06:05.835336 np0000160899 neutron-periodic-workers[104704]: DEBUG cotyledon.oslo_config_glue [-] database.connection_trace = False {{(pid=104704) log_opt_values /opt/stack/data/venv/lib/python3.12/site-packages/oslo_config/cfg.py:3006}}
Mar 26 01:06:05.835370 np0000160899 neutron-periodic-workers[104704]: DEBUG cotyledon.oslo_config_glue [-] database.db_inc_retry_interval = True {{(pid=104704) log_opt_values /opt/stack/data/venv/lib/python3.12/site-packages/oslo_config/cfg.py:3006}}
Mar 26 01:06:05.835417 np0000160899 neutron-periodic-workers[104704]: DEBUG cotyledon.oslo_config_glue [-] database.db_max_retries = 20 {{(pid=104704) log_opt_values /opt/stack/data/venv/lib/python3.12/site-packages/oslo_config/cfg.py:3006}}
Mar 26 01:06:05.835454 np0000160899 neutron-periodic-workers[104704]: DEBUG cotyledon.oslo_config_glue [-] database.db_max_retry_interval = 10 {{(pid=104704) log_opt_values /opt/stack/data/venv/lib/python3.12/site-packages/oslo_config/cfg.py:3006}}
Mar 26 01:06:05.835508 np0000160899 neutron-periodic-workers[104704]: DEBUG cotyledon.oslo_config_glue [-] database.db_retry_interval = 1 {{(pid=104704) log_opt_values /opt/stack/data/venv/lib/python3.12/site-packages/oslo_config/cfg.py:3006}}
Mar 26 01:06:05.835508 np0000160899 neutron-periodic-workers[104704]: DEBUG cotyledon.oslo_config_glue [-] database.max_overflow = 50 {{(pid=104704) log_opt_values /opt/stack/data/venv/lib/python3.12/site-packages/oslo_config/cfg.py:3006}}
Mar 26 01:06:05.835578 np0000160899 neutron-periodic-workers[104704]: DEBUG cotyledon.oslo_config_glue [-] database.max_pool_size = 5 {{(pid=104704) log_opt_values /opt/stack/data/venv/lib/python3.12/site-packages/oslo_config/cfg.py:3006}}
Mar 26 01:06:05.835578 np0000160899 neutron-periodic-workers[104704]: DEBUG cotyledon.oslo_config_glue [-] database.max_retries = 10 {{(pid=104704) log_opt_values /opt/stack/data/venv/lib/python3.12/site-packages/oslo_config/cfg.py:3006}}
Mar 26 01:06:05.835655 np0000160899 neutron-periodic-workers[104704]: DEBUG cotyledon.oslo_config_glue [-] database.mysql_sql_mode = TRADITIONAL {{(pid=104704) log_opt_values /opt/stack/data/venv/lib/python3.12/site-packages/oslo_config/cfg.py:3006}}
Mar 26 01:06:05.835694 np0000160899 neutron-periodic-workers[104704]: DEBUG cotyledon.oslo_config_glue [-] database.mysql_wsrep_sync_wait = None {{(pid=104704) log_opt_values /opt/stack/data/venv/lib/python3.12/site-packages/oslo_config/cfg.py:3006}}
Mar 26 01:06:05.835694 np0000160899 neutron-periodic-workers[104704]: DEBUG cotyledon.oslo_config_glue [-] database.pool_timeout = None {{(pid=104704) log_opt_values /opt/stack/data/venv/lib/python3.12/site-packages/oslo_config/cfg.py:3006}}
Mar 26 01:06:05.835781 np0000160899 neutron-periodic-workers[104704]: DEBUG cotyledon.oslo_config_glue [-] database.retry_interval = 10 {{(pid=104704) log_opt_values /opt/stack/data/venv/lib/python3.12/site-packages/oslo_config/cfg.py:3006}}
Mar 26 01:06:05.835812 np0000160899 neutron-periodic-workers[104704]: DEBUG cotyledon.oslo_config_glue [-] database.slave_connection = **** {{(pid=104704) log_opt_values /opt/stack/data/venv/lib/python3.12/site-packages/oslo_config/cfg.py:3006}}
Mar 26 01:06:05.836241 np0000160899 neutron-periodic-workers[104704]: DEBUG cotyledon.oslo_config_glue [-] database.sqlite_synchronous = True {{(pid=104704) log_opt_values /opt/stack/data/venv/lib/python3.12/site-packages/oslo_config/cfg.py:3006}}
Mar 26 01:06:05.836241 np0000160899 neutron-periodic-workers[104704]: DEBUG cotyledon.oslo_config_glue [-] database.synchronous_reader = True {{(pid=104704) log_opt_values /opt/stack/data/venv/lib/python3.12/site-packages/oslo_config/cfg.py:3006}}
Mar 26 01:06:05.836241 np0000160899 neutron-periodic-workers[104704]: DEBUG cotyledon.oslo_config_glue [-] database.use_db_reconnect = False {{(pid=104704) log_opt_values /opt/stack/data/venv/lib/python3.12/site-packages/oslo_config/cfg.py:3006}}
Mar 26 01:06:05.836241 np0000160899 neutron-periodic-workers[104704]: DEBUG cotyledon.oslo_config_glue [-] ovn.bfd_min_rx = 1000 {{(pid=104704) log_opt_values /opt/stack/data/venv/lib/python3.12/site-packages/oslo_config/cfg.py:3006}}
Mar 26 01:06:05.836241 np0000160899 neutron-periodic-workers[104704]: DEBUG cotyledon.oslo_config_glue [-] ovn.bfd_min_tx = 100 {{(pid=104704) log_opt_values /opt/stack/data/venv/lib/python3.12/site-packages/oslo_config/cfg.py:3006}}
Mar 26 01:06:05.836241 np0000160899 neutron-periodic-workers[104704]: DEBUG cotyledon.oslo_config_glue [-] ovn.bfd_mult = 3 {{(pid=104704) log_opt_values /opt/stack/data/venv/lib/python3.12/site-packages/oslo_config/cfg.py:3006}}
Mar 26 01:06:05.836241 np0000160899 neutron-periodic-workers[104704]: DEBUG cotyledon.oslo_config_glue [-] ovn.broadcast_arps_to_all_routers = True {{(pid=104704) log_opt_values /opt/stack/data/venv/lib/python3.12/site-packages/oslo_config/cfg.py:3006}}
Mar 26 01:06:05.836241 np0000160899 neutron-periodic-workers[104704]: DEBUG cotyledon.oslo_config_glue [-] ovn.dhcp_default_lease_time = 43200 {{(pid=104704) log_opt_values /opt/stack/data/venv/lib/python3.12/site-packages/oslo_config/cfg.py:3006}}
Mar 26 01:06:05.836241 np0000160899 neutron-periodic-workers[104704]: DEBUG cotyledon.oslo_config_glue [-] ovn.disable_ovn_dhcp_for_baremetal_ports = False {{(pid=104704) log_opt_values /opt/stack/data/venv/lib/python3.12/site-packages/oslo_config/cfg.py:3006}}
Mar 26 01:06:05.836466 np0000160899 neutron-periodic-workers[104704]: DEBUG cotyledon.oslo_config_glue [-] ovn.dns_records_ovn_owned = False {{(pid=104704) log_opt_values /opt/stack/data/venv/lib/python3.12/site-packages/oslo_config/cfg.py:3006}}
Mar 26 01:06:05.836466 np0000160899 neutron-periodic-workers[104704]: DEBUG cotyledon.oslo_config_glue [-] ovn.dns_servers = [] {{(pid=104704) log_opt_values /opt/stack/data/venv/lib/python3.12/site-packages/oslo_config/cfg.py:3006}}
Mar 26 01:06:05.836466 np0000160899 neutron-periodic-workers[104704]: DEBUG cotyledon.oslo_config_glue [-] ovn.enable_distributed_floating_ip = False {{(pid=104704) log_opt_values /opt/stack/data/venv/lib/python3.12/site-packages/oslo_config/cfg.py:3006}}
Mar 26 01:06:05.836466 np0000160899 neutron-periodic-workers[104704]: DEBUG cotyledon.oslo_config_glue [-] ovn.fdb_age_threshold = 300 {{(pid=104704) log_opt_values /opt/stack/data/venv/lib/python3.12/site-packages/oslo_config/cfg.py:3006}}
Mar 26 01:06:05.836466 np0000160899 neutron-periodic-workers[104704]: DEBUG cotyledon.oslo_config_glue [-] ovn.ha_failover_strategy = normal {{(pid=104704) log_opt_values /opt/stack/data/venv/lib/python3.12/site-packages/oslo_config/cfg.py:3006}}
Mar 26 01:06:05.836466 np0000160899 neutron-periodic-workers[104704]: DEBUG cotyledon.oslo_config_glue [-] ovn.live_migration_activation_strategy = rarp {{(pid=104704) log_opt_values /opt/stack/data/venv/lib/python3.12/site-packages/oslo_config/cfg.py:3006}}
Mar 26 01:06:05.836466 np0000160899 neutron-periodic-workers[104704]: DEBUG cotyledon.oslo_config_glue [-] ovn.localnet_learn_fdb = False {{(pid=104704) log_opt_values /opt/stack/data/venv/lib/python3.12/site-packages/oslo_config/cfg.py:3006}}
Mar 26 01:06:05.836466 np0000160899 neutron-periodic-workers[104704]: DEBUG cotyledon.oslo_config_glue [-] ovn.mac_binding_age_threshold = 300 {{(pid=104704) log_opt_values /opt/stack/data/venv/lib/python3.12/site-packages/oslo_config/cfg.py:3006}}
Mar 26 01:06:05.836674 np0000160899 neutron-periodic-workers[104704]: DEBUG cotyledon.oslo_config_glue [-] ovn.neutron_sync_mode = log {{(pid=104704) log_opt_values /opt/stack/data/venv/lib/python3.12/site-packages/oslo_config/cfg.py:3006}}
Mar 26 01:06:05.836674 np0000160899 neutron-periodic-workers[104704]: DEBUG cotyledon.oslo_config_glue [-] ovn.ovn_dhcp4_global_options = {} {{(pid=104704) log_opt_values /opt/stack/data/venv/lib/python3.12/site-packages/oslo_config/cfg.py:3006}}
Mar 26 01:06:05.836674 np0000160899 neutron-periodic-workers[104704]: DEBUG cotyledon.oslo_config_glue [-] ovn.ovn_dhcp6_global_options = {} {{(pid=104704) log_opt_values /opt/stack/data/venv/lib/python3.12/site-packages/oslo_config/cfg.py:3006}}
Mar 26 01:06:05.836674 np0000160899 neutron-periodic-workers[104704]: DEBUG cotyledon.oslo_config_glue [-] ovn.ovn_l3_scheduler = leastloaded {{(pid=104704) log_opt_values /opt/stack/data/venv/lib/python3.12/site-packages/oslo_config/cfg.py:3006}}
Mar 26 01:06:05.836674 np0000160899 neutron-periodic-workers[104704]: DEBUG cotyledon.oslo_config_glue [-] ovn.ovn_metadata_enabled = True {{(pid=104704) log_opt_values /opt/stack/data/venv/lib/python3.12/site-packages/oslo_config/cfg.py:3006}}
Mar 26 01:06:05.836674 np0000160899 neutron-periodic-workers[104704]: DEBUG cotyledon.oslo_config_glue [-] ovn.ovn_nb_ca_cert = /opt/stack/data/CA/int-ca/ca-chain.pem {{(pid=104704) log_opt_values /opt/stack/data/venv/lib/python3.12/site-packages/oslo_config/cfg.py:3006}}
Mar 26 01:06:05.836846 np0000160899 neutron-periodic-workers[104704]: DEBUG cotyledon.oslo_config_glue [-] ovn.ovn_nb_certificate = /opt/stack/data/CA/int-ca/devstack-cert.crt {{(pid=104704) log_opt_values /opt/stack/data/venv/lib/python3.12/site-packages/oslo_config/cfg.py:3006}}
Mar 26 01:06:05.836846 np0000160899 neutron-periodic-workers[104704]: DEBUG cotyledon.oslo_config_glue [-] ovn.ovn_nb_connection = ['ssl:199.19.213.81:6641'] {{(pid=104704) log_opt_values /opt/stack/data/venv/lib/python3.12/site-packages/oslo_config/cfg.py:3006}}
Mar 26 01:06:05.836846 np0000160899 neutron-periodic-workers[104704]: DEBUG cotyledon.oslo_config_glue [-] ovn.ovn_nb_private_key = /opt/stack/data/CA/int-ca/private/devstack-cert.key {{(pid=104704) log_opt_values /opt/stack/data/venv/lib/python3.12/site-packages/oslo_config/cfg.py:3006}}
Mar 26 01:06:05.836924 np0000160899 neutron-periodic-workers[104704]: DEBUG cotyledon.oslo_config_glue [-] ovn.ovn_router_indirect_snat = False {{(pid=104704) log_opt_values /opt/stack/data/venv/lib/python3.12/site-packages/oslo_config/cfg.py:3006}}
Mar 26 01:06:05.836924 np0000160899 neutron-periodic-workers[104704]: DEBUG cotyledon.oslo_config_glue [-] ovn.ovn_sb_ca_cert = /opt/stack/data/CA/int-ca/ca-chain.pem {{(pid=104704) log_opt_values /opt/stack/data/venv/lib/python3.12/site-packages/oslo_config/cfg.py:3006}}
Mar 26 01:06:05.836977 np0000160899 neutron-periodic-workers[104704]: DEBUG cotyledon.oslo_config_glue [-] ovn.ovn_sb_certificate = /opt/stack/data/CA/int-ca/devstack-cert.crt {{(pid=104704) log_opt_values /opt/stack/data/venv/lib/python3.12/site-packages/oslo_config/cfg.py:3006}}
Mar 26 01:06:05.836977 np0000160899 neutron-periodic-workers[104704]: DEBUG cotyledon.oslo_config_glue [-] ovn.ovn_sb_connection = ['ssl:199.19.213.81:6642'] {{(pid=104704) log_opt_values /opt/stack/data/venv/lib/python3.12/site-packages/oslo_config/cfg.py:3006}}
Mar 26 01:06:05.837038 np0000160899 neutron-periodic-workers[104704]: DEBUG cotyledon.oslo_config_glue [-] ovn.ovn_sb_private_key = /opt/stack/data/CA/int-ca/private/devstack-cert.key {{(pid=104704) log_opt_values /opt/stack/data/venv/lib/python3.12/site-packages/oslo_config/cfg.py:3006}}
Mar 26 01:06:05.837069 np0000160899 neutron-periodic-workers[104704]: DEBUG cotyledon.oslo_config_glue [-] ovn.ovs_create_tap = False {{(pid=104704) log_opt_values /opt/stack/data/venv/lib/python3.12/site-packages/oslo_config/cfg.py:3006}}
Mar 26 01:06:05.837099 np0000160899 neutron-periodic-workers[104704]: DEBUG cotyledon.oslo_config_glue [-] ovn.ovsdb_connection_timeout = 180 {{(pid=104704) log_opt_values /opt/stack/data/venv/lib/python3.12/site-packages/oslo_config/cfg.py:3006}}
Mar 26 01:06:05.837129 np0000160899 neutron-periodic-workers[104704]: DEBUG cotyledon.oslo_config_glue [-] ovn.ovsdb_log_level = INFO {{(pid=104704) log_opt_values /opt/stack/data/venv/lib/python3.12/site-packages/oslo_config/cfg.py:3006}}
Mar 26 01:06:05.837160 np0000160899 neutron-periodic-workers[104704]: DEBUG cotyledon.oslo_config_glue [-] ovn.ovsdb_probe_interval = 60000 {{(pid=104704) log_opt_values /opt/stack/data/venv/lib/python3.12/site-packages/oslo_config/cfg.py:3006}}
Mar 26 01:06:05.837506 np0000160899 neutron-periodic-workers[104704]: DEBUG cotyledon.oslo_config_glue [-] ovn.ovsdb_retry_max_interval = 180 {{(pid=104704) log_opt_values /opt/stack/data/venv/lib/python3.12/site-packages/oslo_config/cfg.py:3006}}
Mar 26 01:06:05.837506 np0000160899 neutron-periodic-workers[104704]: DEBUG cotyledon.oslo_config_glue [-] ovn.stateless_nat_enabled = False {{(pid=104704) log_opt_values /opt/stack/data/venv/lib/python3.12/site-packages/oslo_config/cfg.py:3006}}
Mar 26 01:06:05.837506 np0000160899 neutron-periodic-workers[104704]: DEBUG cotyledon.oslo_config_glue [-] ovn.vhost_sock_dir = /var/run/openvswitch {{(pid=104704) log_opt_values /opt/stack/data/venv/lib/python3.12/site-packages/oslo_config/cfg.py:3006}}
Mar 26 01:06:05.837506 np0000160899 neutron-periodic-workers[104704]: DEBUG cotyledon.oslo_config_glue [-] OVS.bridge_mac_table_size = 50000 {{(pid=104704) log_opt_values /opt/stack/data/venv/lib/python3.12/site-packages/oslo_config/cfg.py:3006}}
Mar 26 01:06:05.837506 np0000160899 neutron-periodic-workers[104704]: DEBUG cotyledon.oslo_config_glue [-] OVS.igmp_flood = False {{(pid=104704) log_opt_values /opt/stack/data/venv/lib/python3.12/site-packages/oslo_config/cfg.py:3006}}
Mar 26 01:06:05.837506 np0000160899 neutron-periodic-workers[104704]: DEBUG cotyledon.oslo_config_glue [-] OVS.igmp_flood_reports = True {{(pid=104704) log_opt_values /opt/stack/data/venv/lib/python3.12/site-packages/oslo_config/cfg.py:3006}}
Mar 26 01:06:05.837506 np0000160899 neutron-periodic-workers[104704]: DEBUG cotyledon.oslo_config_glue [-] OVS.igmp_flood_unregistered = False {{(pid=104704) log_opt_values /opt/stack/data/venv/lib/python3.12/site-packages/oslo_config/cfg.py:3006}}
Mar 26 01:06:05.837506 np0000160899 neutron-periodic-workers[104704]: DEBUG cotyledon.oslo_config_glue [-] OVS.igmp_snooping_enable = False {{(pid=104704) log_opt_values /opt/stack/data/venv/lib/python3.12/site-packages/oslo_config/cfg.py:3006}}
Mar 26 01:06:05.837766 np0000160899 neutron-periodic-workers[104704]: DEBUG cotyledon.oslo_config_glue [-] OVS.ovsdb_timeout = 10 {{(pid=104704) log_opt_values /opt/stack/data/venv/lib/python3.12/site-packages/oslo_config/cfg.py:3006}}
Mar 26 01:06:05.837766 np0000160899 neutron-periodic-workers[104704]: DEBUG cotyledon.oslo_config_glue [-] ovn_nb_global.fdb_removal_limit = 0 {{(pid=104704) log_opt_values /opt/stack/data/venv/lib/python3.12/site-packages/oslo_config/cfg.py:3006}}
Mar 26 01:06:05.837766 np0000160899 neutron-periodic-workers[104704]: DEBUG cotyledon.oslo_config_glue [-] ovn_nb_global.ignore_lsp_down = False {{(pid=104704) log_opt_values /opt/stack/data/venv/lib/python3.12/site-packages/oslo_config/cfg.py:3006}}
Mar 26 01:06:05.837766 np0000160899 neutron-periodic-workers[104704]: DEBUG cotyledon.oslo_config_glue [-] ovn_nb_global.mac_binding_removal_limit = 0 {{(pid=104704) log_opt_values /opt/stack/data/venv/lib/python3.12/site-packages/oslo_config/cfg.py:3006}}
Mar 26 01:06:05.837766 np0000160899 neutron-periodic-workers[104704]: DEBUG cotyledon.oslo_config_glue [-] ******************************************************************************** {{(pid=104704) log_opt_values /opt/stack/data/venv/lib/python3.12/site-packages/oslo_config/cfg.py:3013}}
Mar 26 01:06:05.837904 np0000160899 neutron-periodic-workers[104704]: DEBUG cotyledon._service_worker [-] Run service ServiceWrapper(0) [104704] {{(pid=104704) wait_forever /opt/stack/data/venv/lib/python3.12/site-packages/cotyledon/_service_worker.py:218}}
Mar 26 01:06:15.479879 np0000160899 neutron-periodic-workers[103891]: DEBUG dbcounter [-] [103891] Writing DB stats neutron:SELECT=4 {{(pid=103891) stat_writer /opt/stack/data/venv/lib/python3.12/site-packages/dbcounter.py:115}}
Mar 26 01:07:01.830173 np0000160899 neutron-periodic-workers[104695]: DEBUG oslo_db.sqlalchemy.engines [None req-fe8c73f8-cbb6-4b18-b8ae-cc3f53a689b4 None None] Parent process 103891 forked (104695) with an open database connection, which is being discarded and recreated. {{(pid=104695) checkout /opt/stack/data/venv/lib/python3.12/site-packages/oslo_db/sqlalchemy/engines.py:402}}
Mar 26 01:07:01.838785 np0000160899 neutron-periodic-workers[104695]: DEBUG dbcounter [-] [104695] Writer thread running {{(pid=104695) stat_writer /opt/stack/data/venv/lib/python3.12/site-packages/dbcounter.py:102}}
Mar 26 01:07:01.841652 np0000160899 neutron-periodic-workers[104695]: DEBUG neutron.db.agents_db [None req-fe8c73f8-cbb6-4b18-b8ae-cc3f53a689b4 None None] Agent healthcheck: found 0 active agents {{(pid=104695) agent_health_check /opt/stack/neutron/neutron/db/agents_db.py:317}}
Mar 26 01:07:01.841715 np0000160899 neutron-periodic-workers[104695]: DEBUG oslo.service.backend._threading.loopingcall [None req-fe8c73f8-cbb6-4b18-b8ae-cc3f53a689b4 None None] Fixed interval looping call 'neutron.plugins.ml2.plugin.AgentDbMixin.agent_health_check' sleeping for 36.98 seconds {{(pid=104695) _run_loop /opt/stack/data/venv/lib/python3.12/site-packages/oslo_service/backend/_threading/loopingcall.py:125}}
Mar 26 01:07:11.839401 np0000160899 neutron-periodic-workers[104695]: DEBUG dbcounter [-] [104695] Writing DB stats neutron:SELECT=1 {{(pid=104695) stat_writer /opt/stack/data/venv/lib/python3.12/site-packages/dbcounter.py:115}}
Mar 26 01:07:17.817935 np0000160899 neutron-periodic-workers[104681]: DEBUG dbcounter [-] [104681] Writer thread running {{(pid=104681) stat_writer /opt/stack/data/venv/lib/python3.12/site-packages/dbcounter.py:102}}
Mar 26 01:07:17.827564 np0000160899 neutron-periodic-workers[104681]: DEBUG oslo.service.backend._threading.loopingcall [None req-67bafc1c-7263-4c65-bf9b-05c8503b72f6 None None] Fixed interval looping call 'neutron.plugins.ml2.plugin.DhcpAgentSchedulerDbMixin.remove_networks_from_down_agents' sleeping for 36.97 seconds {{(pid=104681) _run_loop /opt/stack/data/venv/lib/python3.12/site-packages/oslo_service/backend/_threading/loopingcall.py:125}}
Mar 26 01:07:27.826366 np0000160899 neutron-periodic-workers[104681]: DEBUG dbcounter [-] [104681] Writing DB stats neutron:SELECT=3 {{(pid=104681) stat_writer /opt/stack/data/venv/lib/python3.12/site-packages/dbcounter.py:115}}
Mar 26 01:07:38.827430 np0000160899 neutron-periodic-workers[104695]: DEBUG neutron.db.agents_db [None req-fe8c73f8-cbb6-4b18-b8ae-cc3f53a689b4 None None] Agent healthcheck: found 0 active agents {{(pid=104695) agent_health_check /opt/stack/neutron/neutron/db/agents_db.py:317}}
Mar 26 01:07:38.828108 np0000160899 neutron-periodic-workers[104695]: DEBUG oslo.service.backend._threading.loopingcall [None req-fe8c73f8-cbb6-4b18-b8ae-cc3f53a689b4 None None] Fixed interval looping call 'neutron.plugins.ml2.plugin.AgentDbMixin.agent_health_check' sleeping for 36.99 seconds {{(pid=104695) _run_loop /opt/stack/data/venv/lib/python3.12/site-packages/oslo_service/backend/_threading/loopingcall.py:125}}
Mar 26 01:07:48.825864 np0000160899 neutron-periodic-workers[104695]: DEBUG dbcounter [-] [104695] Writing DB stats neutron:SELECT=1 {{(pid=104695) stat_writer /opt/stack/data/venv/lib/python3.12/site-packages/dbcounter.py:115}}
Mar 26 01:07:54.810974 np0000160899 neutron-periodic-workers[104681]: DEBUG oslo.service.backend._threading.loopingcall [None req-67bafc1c-7263-4c65-bf9b-05c8503b72f6 None None] Fixed interval looping call 'neutron.plugins.ml2.plugin.DhcpAgentSchedulerDbMixin.remove_networks_from_down_agents' sleeping for 36.99 seconds {{(pid=104681) _run_loop /opt/stack/data/venv/lib/python3.12/site-packages/oslo_service/backend/_threading/loopingcall.py:125}}
Mar 26 01:08:04.810183 np0000160899 neutron-periodic-workers[104681]: DEBUG dbcounter [-] [104681] Writing DB stats neutron:SELECT=3 {{(pid=104681) stat_writer /opt/stack/data/venv/lib/python3.12/site-packages/dbcounter.py:115}}
Mar 26 01:08:05.855621 np0000160899 neutron-periodic-workers[104704]: DEBUG dbcounter [-] [104704] Writer thread running {{(pid=104704) stat_writer /opt/stack/data/venv/lib/python3.12/site-packages/dbcounter.py:102}}
Mar 26 01:08:05.858105 np0000160899 neutron-periodic-workers[104704]: DEBUG oslo.service.backend._threading.loopingcall [None req-b48a4547-3104-4524-95fb-b9133c2e728a None None] Fixed interval looping call 'neutron.db.quota.driver_nolock.DbQuotaNoLockDriver._remove_expired_reservations' sleeping for 119.98 seconds {{(pid=104704) _run_loop /opt/stack/data/venv/lib/python3.12/site-packages/oslo_service/backend/_threading/loopingcall.py:125}}
Mar 26 01:08:15.823666 np0000160899 neutron-periodic-workers[104695]: DEBUG neutron.db.agents_db [None req-fe8c73f8-cbb6-4b18-b8ae-cc3f53a689b4 None None] Agent healthcheck: found 0 active agents {{(pid=104695) agent_health_check /opt/stack/neutron/neutron/db/agents_db.py:317}}
Mar 26 01:08:15.824503 np0000160899 neutron-periodic-workers[104695]: DEBUG oslo.service.backend._threading.loopingcall [None req-fe8c73f8-cbb6-4b18-b8ae-cc3f53a689b4 None None] Fixed interval looping call 'neutron.plugins.ml2.plugin.AgentDbMixin.agent_health_check' sleeping for 36.99 seconds {{(pid=104695) _run_loop /opt/stack/data/venv/lib/python3.12/site-packages/oslo_service/backend/_threading/loopingcall.py:125}}
Mar 26 01:08:15.856362 np0000160899 neutron-periodic-workers[104704]: DEBUG dbcounter [-] [104704] Writing DB stats neutron:DELETE=1 {{(pid=104704) stat_writer /opt/stack/data/venv/lib/python3.12/site-packages/dbcounter.py:115}}
Mar 26 01:08:25.822226 np0000160899 neutron-periodic-workers[104695]: DEBUG dbcounter [-] [104695] Writing DB stats neutron:SELECT=1 {{(pid=104695) stat_writer /opt/stack/data/venv/lib/python3.12/site-packages/dbcounter.py:115}}
Mar 26 01:08:31.813815 np0000160899 neutron-periodic-workers[104681]: DEBUG oslo.service.backend._threading.loopingcall [None req-67bafc1c-7263-4c65-bf9b-05c8503b72f6 None None] Fixed interval looping call 'neutron.plugins.ml2.plugin.DhcpAgentSchedulerDbMixin.remove_networks_from_down_agents' sleeping for 36.99 seconds {{(pid=104681) _run_loop /opt/stack/data/venv/lib/python3.12/site-packages/oslo_service/backend/_threading/loopingcall.py:125}}
Mar 26 01:08:41.812685 np0000160899 neutron-periodic-workers[104681]: DEBUG dbcounter [-] [104681] Writing DB stats neutron:SELECT=3 {{(pid=104681) stat_writer /opt/stack/data/venv/lib/python3.12/site-packages/dbcounter.py:115}}
Mar 26 01:08:52.819508 np0000160899 neutron-periodic-workers[104695]: DEBUG neutron.db.agents_db [None req-fe8c73f8-cbb6-4b18-b8ae-cc3f53a689b4 None None] Agent healthcheck: found 0 active agents {{(pid=104695) agent_health_check /opt/stack/neutron/neutron/db/agents_db.py:317}}
Mar 26 01:08:52.820498 np0000160899 neutron-periodic-workers[104695]: DEBUG oslo.service.backend._threading.loopingcall [None req-fe8c73f8-cbb6-4b18-b8ae-cc3f53a689b4 None None] Fixed interval looping call 'neutron.plugins.ml2.plugin.AgentDbMixin.agent_health_check' sleeping for 36.99 seconds {{(pid=104695) _run_loop /opt/stack/data/venv/lib/python3.12/site-packages/oslo_service/backend/_threading/loopingcall.py:125}}
Mar 26 01:09:02.817930 np0000160899 neutron-periodic-workers[104695]: DEBUG dbcounter [-] [104695] Writing DB stats neutron:SELECT=1 {{(pid=104695) stat_writer /opt/stack/data/venv/lib/python3.12/site-packages/dbcounter.py:115}}
Mar 26 01:09:04.819903 np0000160899 neutron-periodic-workers[104670]: DEBUG dbcounter [-] [104670] Writer thread running {{(pid=104670) stat_writer /opt/stack/data/venv/lib/python3.12/site-packages/dbcounter.py:102}}
Mar 26 01:09:04.828483 np0000160899 neutron-periodic-workers[104670]: DEBUG oslo.service.backend._threading.loopingcall [None req-896ff2e0-7082-4655-a0e6-980ba8fb33c8 None None] Fixed interval looping call 'neutron.services.ovn_l3.plugin.L3_NAT_dbonly_mixin._clean_garbage' sleeping for 299.96 seconds {{(pid=104670) _run_loop /opt/stack/data/venv/lib/python3.12/site-packages/oslo_service/backend/_threading/loopingcall.py:125}}
Mar 26 01:09:08.812306 np0000160899 neutron-periodic-workers[104681]: DEBUG oslo.service.backend._threading.loopingcall [None req-67bafc1c-7263-4c65-bf9b-05c8503b72f6 None None] Fixed interval looping call 'neutron.plugins.ml2.plugin.DhcpAgentSchedulerDbMixin.remove_networks_from_down_agents' sleeping for 36.99 seconds {{(pid=104681) _run_loop /opt/stack/data/venv/lib/python3.12/site-packages/oslo_service/backend/_threading/loopingcall.py:125}}
Mar 26 01:09:14.820569 np0000160899 neutron-periodic-workers[104670]: DEBUG dbcounter [-] [104670] Writing DB stats neutron:SELECT=1 {{(pid=104670) stat_writer /opt/stack/data/venv/lib/python3.12/site-packages/dbcounter.py:115}}
Mar 26 01:09:18.811673 np0000160899 neutron-periodic-workers[104681]: DEBUG dbcounter [-] [104681] Writing DB stats neutron:SELECT=3 {{(pid=104681) stat_writer /opt/stack/data/venv/lib/python3.12/site-packages/dbcounter.py:115}}
Mar 26 01:09:29.815260 np0000160899 neutron-periodic-workers[104695]: DEBUG neutron.db.agents_db [None req-fe8c73f8-cbb6-4b18-b8ae-cc3f53a689b4 None None] Agent healthcheck: found 0 active agents {{(pid=104695) agent_health_check /opt/stack/neutron/neutron/db/agents_db.py:317}}
Mar 26 01:09:29.815852 np0000160899 neutron-periodic-workers[104695]: DEBUG oslo.service.backend._threading.loopingcall [None req-fe8c73f8-cbb6-4b18-b8ae-cc3f53a689b4 None None] Fixed interval looping call 'neutron.plugins.ml2.plugin.AgentDbMixin.agent_health_check' sleeping for 36.99 seconds {{(pid=104695) _run_loop /opt/stack/data/venv/lib/python3.12/site-packages/oslo_service/backend/_threading/loopingcall.py:125}}
Mar 26 01:09:39.813430 np0000160899 neutron-periodic-workers[104695]: DEBUG dbcounter [-] [104695] Writing DB stats neutron:SELECT=1 {{(pid=104695) stat_writer /opt/stack/data/venv/lib/python3.12/site-packages/dbcounter.py:115}}
Mar 26 01:09:45.809768 np0000160899 neutron-periodic-workers[104681]: DEBUG oslo.service.backend._threading.loopingcall [None req-67bafc1c-7263-4c65-bf9b-05c8503b72f6 None None] Fixed interval looping call 'neutron.plugins.ml2.plugin.DhcpAgentSchedulerDbMixin.remove_networks_from_down_agents' sleeping for 36.99 seconds {{(pid=104681) _run_loop /opt/stack/data/venv/lib/python3.12/site-packages/oslo_service/backend/_threading/loopingcall.py:125}}
Mar 26 01:09:55.808862 np0000160899 neutron-periodic-workers[104681]: DEBUG dbcounter [-] [104681] Writing DB stats neutron:SELECT=3 {{(pid=104681) stat_writer /opt/stack/data/venv/lib/python3.12/site-packages/dbcounter.py:115}}
Mar 26 01:10:05.846073 np0000160899 neutron-periodic-workers[104704]: DEBUG oslo.service.backend._threading.loopingcall [None req-b48a4547-3104-4524-95fb-b9133c2e728a None None] Fixed interval looping call 'neutron.db.quota.driver_nolock.DbQuotaNoLockDriver._remove_expired_reservations' sleeping for 119.99 seconds {{(pid=104704) _run_loop /opt/stack/data/venv/lib/python3.12/site-packages/oslo_service/backend/_threading/loopingcall.py:125}}
Mar 26 01:10:06.811514 np0000160899 neutron-periodic-workers[104695]: DEBUG neutron.db.agents_db [None req-fe8c73f8-cbb6-4b18-b8ae-cc3f53a689b4 None None] Agent healthcheck: found 0 active agents {{(pid=104695) agent_health_check /opt/stack/neutron/neutron/db/agents_db.py:317}}
Mar 26 01:10:06.811514 np0000160899 neutron-periodic-workers[104695]: DEBUG oslo.service.backend._threading.loopingcall [None req-fe8c73f8-cbb6-4b18-b8ae-cc3f53a689b4 None None] Fixed interval looping call 'neutron.plugins.ml2.plugin.AgentDbMixin.agent_health_check' sleeping for 36.99 seconds {{(pid=104695) _run_loop /opt/stack/data/venv/lib/python3.12/site-packages/oslo_service/backend/_threading/loopingcall.py:125}}
Mar 26 01:10:15.844296 np0000160899 neutron-periodic-workers[104704]: DEBUG dbcounter [-] [104704] Writing DB stats neutron:DELETE=1 {{(pid=104704) stat_writer /opt/stack/data/venv/lib/python3.12/site-packages/dbcounter.py:115}}
Mar 26 01:10:16.809131 np0000160899 neutron-periodic-workers[104695]: DEBUG dbcounter [-] [104695] Writing DB stats neutron:SELECT=1 {{(pid=104695) stat_writer /opt/stack/data/venv/lib/python3.12/site-packages/dbcounter.py:115}}
Mar 26 01:10:22.814284 np0000160899 neutron-periodic-workers[104681]: DEBUG oslo.service.backend._threading.loopingcall [None req-67bafc1c-7263-4c65-bf9b-05c8503b72f6 None None] Fixed interval looping call 'neutron.plugins.ml2.plugin.DhcpAgentSchedulerDbMixin.remove_networks_from_down_agents' sleeping for 36.99 seconds {{(pid=104681) _run_loop /opt/stack/data/venv/lib/python3.12/site-packages/oslo_service/backend/_threading/loopingcall.py:125}}
Mar 26 01:10:32.812625 np0000160899 neutron-periodic-workers[104681]: DEBUG dbcounter [-] [104681] Writing DB stats neutron:SELECT=3 {{(pid=104681) stat_writer /opt/stack/data/venv/lib/python3.12/site-packages/dbcounter.py:115}}
Mar 26 01:10:43.808162 np0000160899 neutron-periodic-workers[104695]: DEBUG neutron.db.agents_db [None req-fe8c73f8-cbb6-4b18-b8ae-cc3f53a689b4 None None] Agent healthcheck: found 0 active agents {{(pid=104695) agent_health_check /opt/stack/neutron/neutron/db/agents_db.py:317}}
Mar 26 01:10:43.808162 np0000160899 neutron-periodic-workers[104695]: DEBUG oslo.service.backend._threading.loopingcall [None req-fe8c73f8-cbb6-4b18-b8ae-cc3f53a689b4 None None] Fixed interval looping call 'neutron.plugins.ml2.plugin.AgentDbMixin.agent_health_check' sleeping for 36.99 seconds {{(pid=104695) _run_loop /opt/stack/data/venv/lib/python3.12/site-packages/oslo_service/backend/_threading/loopingcall.py:125}}
Mar 26 01:10:53.806190 np0000160899 neutron-periodic-workers[104695]: DEBUG dbcounter [-] [104695] Writing DB stats neutron:SELECT=1 {{(pid=104695) stat_writer /opt/stack/data/venv/lib/python3.12/site-packages/dbcounter.py:115}}
Mar 26 01:10:59.813532 np0000160899 neutron-periodic-workers[104681]: DEBUG oslo.service.backend._threading.loopingcall [None req-67bafc1c-7263-4c65-bf9b-05c8503b72f6 None None] Fixed interval looping call 'neutron.plugins.ml2.plugin.DhcpAgentSchedulerDbMixin.remove_networks_from_down_agents' sleeping for 36.99 seconds {{(pid=104681) _run_loop /opt/stack/data/venv/lib/python3.12/site-packages/oslo_service/backend/_threading/loopingcall.py:125}}
Mar 26 01:11:09.812838 np0000160899 neutron-periodic-workers[104681]: DEBUG dbcounter [-] [104681] Writing DB stats neutron:SELECT=3 {{(pid=104681) stat_writer /opt/stack/data/venv/lib/python3.12/site-packages/dbcounter.py:115}}
Mar 26 01:11:20.805495 np0000160899 neutron-periodic-workers[104695]: DEBUG neutron.db.agents_db [None req-fe8c73f8-cbb6-4b18-b8ae-cc3f53a689b4 None None] Agent healthcheck: found 0 active agents {{(pid=104695) agent_health_check /opt/stack/neutron/neutron/db/agents_db.py:317}}
Mar 26 01:11:20.806069 np0000160899 neutron-periodic-workers[104695]: DEBUG oslo.service.backend._threading.loopingcall [None req-fe8c73f8-cbb6-4b18-b8ae-cc3f53a689b4 None None] Fixed interval looping call 'neutron.plugins.ml2.plugin.AgentDbMixin.agent_health_check' sleeping for 36.99 seconds {{(pid=104695) _run_loop /opt/stack/data/venv/lib/python3.12/site-packages/oslo_service/backend/_threading/loopingcall.py:125}}
Mar 26 01:11:30.803142 np0000160899 neutron-periodic-workers[104695]: DEBUG dbcounter [-] [104695] Writing DB stats neutron:SELECT=1 {{(pid=104695) stat_writer /opt/stack/data/venv/lib/python3.12/site-packages/dbcounter.py:115}}
Mar 26 01:11:36.814277 np0000160899 neutron-periodic-workers[104681]: DEBUG oslo.service.backend._threading.loopingcall [None req-67bafc1c-7263-4c65-bf9b-05c8503b72f6 None None] Fixed interval looping call 'neutron.plugins.ml2.plugin.DhcpAgentSchedulerDbMixin.remove_networks_from_down_agents' sleeping for 36.99 seconds {{(pid=104681) _run_loop /opt/stack/data/venv/lib/python3.12/site-packages/oslo_service/backend/_threading/loopingcall.py:125}}
Mar 26 01:11:46.812690 np0000160899 neutron-periodic-workers[104681]: DEBUG dbcounter [-] [104681] Writing DB stats neutron:SELECT=3 {{(pid=104681) stat_writer /opt/stack/data/venv/lib/python3.12/site-packages/dbcounter.py:115}}
Mar 26 01:11:57.801252 np0000160899 neutron-periodic-workers[104695]: DEBUG neutron.db.agents_db [None req-fe8c73f8-cbb6-4b18-b8ae-cc3f53a689b4 None None] Agent healthcheck: found 0 active agents {{(pid=104695) agent_health_check /opt/stack/neutron/neutron/db/agents_db.py:317}}
Mar 26 01:11:57.801962 np0000160899 neutron-periodic-workers[104695]: DEBUG oslo.service.backend._threading.loopingcall [None req-fe8c73f8-cbb6-4b18-b8ae-cc3f53a689b4 None None] Fixed interval looping call 'neutron.plugins.ml2.plugin.AgentDbMixin.agent_health_check' sleeping for 36.99 seconds {{(pid=104695) _run_loop /opt/stack/data/venv/lib/python3.12/site-packages/oslo_service/backend/_threading/loopingcall.py:125}}
Mar 26 01:12:05.842282 np0000160899 neutron-periodic-workers[104704]: DEBUG oslo.service.backend._threading.loopingcall [None req-b48a4547-3104-4524-95fb-b9133c2e728a None None] Fixed interval looping call 'neutron.db.quota.driver_nolock.DbQuotaNoLockDriver._remove_expired_reservations' sleeping for 119.99 seconds {{(pid=104704) _run_loop /opt/stack/data/venv/lib/python3.12/site-packages/oslo_service/backend/_threading/loopingcall.py:125}}
Mar 26 01:12:07.807505 np0000160899 neutron-periodic-workers[104695]: DEBUG dbcounter [-] [104695] Writing DB stats neutron:SELECT=1 {{(pid=104695) stat_writer /opt/stack/data/venv/lib/python3.12/site-packages/dbcounter.py:115}}
Mar 26 01:12:13.817468 np0000160899 neutron-periodic-workers[104681]: DEBUG oslo.service.backend._threading.loopingcall [None req-67bafc1c-7263-4c65-bf9b-05c8503b72f6 None None] Fixed interval looping call 'neutron.plugins.ml2.plugin.DhcpAgentSchedulerDbMixin.remove_networks_from_down_agents' sleeping for 36.99 seconds {{(pid=104681) _run_loop /opt/stack/data/venv/lib/python3.12/site-packages/oslo_service/backend/_threading/loopingcall.py:125}}
Mar 26 01:12:15.868735 np0000160899 neutron-periodic-workers[104704]: DEBUG dbcounter [-] [104704] Writing DB stats neutron:DELETE=1 {{(pid=104704) stat_writer /opt/stack/data/venv/lib/python3.12/site-packages/dbcounter.py:115}}
Mar 26 01:12:23.816033 np0000160899 neutron-periodic-workers[104681]: DEBUG dbcounter [-] [104681] Writing DB stats neutron:SELECT=3 {{(pid=104681) stat_writer /opt/stack/data/venv/lib/python3.12/site-packages/dbcounter.py:115}}
Mar 26 01:12:34.798915 np0000160899 neutron-periodic-workers[104695]: DEBUG neutron.db.agents_db [None req-fe8c73f8-cbb6-4b18-b8ae-cc3f53a689b4 None None] Agent healthcheck: found 0 active agents {{(pid=104695) agent_health_check /opt/stack/neutron/neutron/db/agents_db.py:317}}
Mar 26 01:12:34.799472 np0000160899 neutron-periodic-workers[104695]: DEBUG oslo.service.backend._threading.loopingcall [None req-fe8c73f8-cbb6-4b18-b8ae-cc3f53a689b4 None None] Fixed interval looping call 'neutron.plugins.ml2.plugin.AgentDbMixin.agent_health_check' sleeping for 36.99 seconds {{(pid=104695) _run_loop /opt/stack/data/venv/lib/python3.12/site-packages/oslo_service/backend/_threading/loopingcall.py:125}}
Mar 26 01:12:44.796484 np0000160899 neutron-periodic-workers[104695]: DEBUG dbcounter [-] [104695] Writing DB stats neutron:SELECT=1 {{(pid=104695) stat_writer /opt/stack/data/venv/lib/python3.12/site-packages/dbcounter.py:115}}
Mar 26 01:12:50.816467 np0000160899 neutron-periodic-workers[104681]: DEBUG oslo.service.backend._threading.loopingcall [None req-67bafc1c-7263-4c65-bf9b-05c8503b72f6 None None] Fixed interval looping call 'neutron.plugins.ml2.plugin.DhcpAgentSchedulerDbMixin.remove_networks_from_down_agents' sleeping for 36.99 seconds {{(pid=104681) _run_loop /opt/stack/data/venv/lib/python3.12/site-packages/oslo_service/backend/_threading/loopingcall.py:125}}
Mar 26 01:13:00.815866 np0000160899 neutron-periodic-workers[104681]: DEBUG dbcounter [-] [104681] Writing DB stats neutron:SELECT=3 {{(pid=104681) stat_writer /opt/stack/data/venv/lib/python3.12/site-packages/dbcounter.py:115}}
Mar 26 01:13:11.795657 np0000160899 neutron-periodic-workers[104695]: DEBUG neutron.db.agents_db [None req-fe8c73f8-cbb6-4b18-b8ae-cc3f53a689b4 None None] Agent healthcheck: found 0 active agents {{(pid=104695) agent_health_check /opt/stack/neutron/neutron/db/agents_db.py:317}}
Mar 26 01:13:11.795657 np0000160899 neutron-periodic-workers[104695]: DEBUG oslo.service.backend._threading.loopingcall [None req-fe8c73f8-cbb6-4b18-b8ae-cc3f53a689b4 None None] Fixed interval looping call 'neutron.plugins.ml2.plugin.AgentDbMixin.agent_health_check' sleeping for 36.99 seconds {{(pid=104695) _run_loop /opt/stack/data/venv/lib/python3.12/site-packages/oslo_service/backend/_threading/loopingcall.py:125}}
Mar 26 01:13:21.793121 np0000160899 neutron-periodic-workers[104695]: DEBUG dbcounter [-] [104695] Writing DB stats neutron:SELECT=1 {{(pid=104695) stat_writer /opt/stack/data/venv/lib/python3.12/site-packages/dbcounter.py:115}}
Mar 26 01:13:27.813039 np0000160899 neutron-periodic-workers[104681]: DEBUG oslo.service.backend._threading.loopingcall [None req-67bafc1c-7263-4c65-bf9b-05c8503b72f6 None None] Fixed interval looping call 'neutron.plugins.ml2.plugin.DhcpAgentSchedulerDbMixin.remove_networks_from_down_agents' sleeping for 36.99 seconds {{(pid=104681) _run_loop /opt/stack/data/venv/lib/python3.12/site-packages/oslo_service/backend/_threading/loopingcall.py:125}}
Mar 26 01:13:37.812256 np0000160899 neutron-periodic-workers[104681]: DEBUG dbcounter [-] [104681] Writing DB stats neutron:SELECT=3 {{(pid=104681) stat_writer /opt/stack/data/venv/lib/python3.12/site-packages/dbcounter.py:115}}
Mar 26 01:13:48.789710 np0000160899 neutron-periodic-workers[104695]: DEBUG neutron.db.agents_db [None req-fe8c73f8-cbb6-4b18-b8ae-cc3f53a689b4 None None] Agent healthcheck: found 0 active agents {{(pid=104695) agent_health_check /opt/stack/neutron/neutron/db/agents_db.py:317}}
Mar 26 01:13:48.790301 np0000160899 neutron-periodic-workers[104695]: DEBUG oslo.service.backend._threading.loopingcall [None req-fe8c73f8-cbb6-4b18-b8ae-cc3f53a689b4 None None] Fixed interval looping call 'neutron.plugins.ml2.plugin.AgentDbMixin.agent_health_check' sleeping for 37.00 seconds {{(pid=104695) _run_loop /opt/stack/data/venv/lib/python3.12/site-packages/oslo_service/backend/_threading/loopingcall.py:125}}
Mar 26 01:13:58.788709 np0000160899 neutron-periodic-workers[104695]: DEBUG dbcounter [-] [104695] Writing DB stats neutron:SELECT=1 {{(pid=104695) stat_writer /opt/stack/data/venv/lib/python3.12/site-packages/dbcounter.py:115}}
Mar 26 01:14:04.801445 np0000160899 neutron-periodic-workers[104670]: DEBUG oslo.service.backend._threading.loopingcall [None req-896ff2e0-7082-4655-a0e6-980ba8fb33c8 None None] Fixed interval looping call 'neutron.services.ovn_l3.plugin.L3_NAT_dbonly_mixin._clean_garbage' sleeping for 299.99 seconds {{(pid=104670) _run_loop /opt/stack/data/venv/lib/python3.12/site-packages/oslo_service/backend/_threading/loopingcall.py:125}}
Mar 26 01:14:04.812415 np0000160899 neutron-periodic-workers[104681]: DEBUG oslo.service.backend._threading.loopingcall [None req-67bafc1c-7263-4c65-bf9b-05c8503b72f6 None None] Fixed interval looping call 'neutron.plugins.ml2.plugin.DhcpAgentSchedulerDbMixin.remove_networks_from_down_agents' sleeping for 36.99 seconds {{(pid=104681) _run_loop /opt/stack/data/venv/lib/python3.12/site-packages/oslo_service/backend/_threading/loopingcall.py:125}}
Mar 26 01:14:05.837077 np0000160899 neutron-periodic-workers[104704]: DEBUG oslo.service.backend._threading.loopingcall [None req-b48a4547-3104-4524-95fb-b9133c2e728a None None] Fixed interval looping call 'neutron.db.quota.driver_nolock.DbQuotaNoLockDriver._remove_expired_reservations' sleeping for 120.00 seconds {{(pid=104704) _run_loop /opt/stack/data/venv/lib/python3.12/site-packages/oslo_service/backend/_threading/loopingcall.py:125}}
Mar 26 01:14:14.794217 np0000160899 neutron-periodic-workers[104670]: DEBUG dbcounter [-] [104670] Writing DB stats neutron:SELECT=1 {{(pid=104670) stat_writer /opt/stack/data/venv/lib/python3.12/site-packages/dbcounter.py:115}}
Mar 26 01:14:14.811192 np0000160899 neutron-periodic-workers[104681]: DEBUG dbcounter [-] [104681] Writing DB stats neutron:SELECT=3 {{(pid=104681) stat_writer /opt/stack/data/venv/lib/python3.12/site-packages/dbcounter.py:115}}
Mar 26 01:14:15.835730 np0000160899 neutron-periodic-workers[104704]: DEBUG dbcounter [-] [104704] Writing DB stats neutron:DELETE=1 {{(pid=104704) stat_writer /opt/stack/data/venv/lib/python3.12/site-packages/dbcounter.py:115}}
Mar 26 01:14:25.795610 np0000160899 neutron-periodic-workers[104695]: DEBUG neutron.db.agents_db [None req-fe8c73f8-cbb6-4b18-b8ae-cc3f53a689b4 None None] Agent healthcheck: found 0 active agents {{(pid=104695) agent_health_check /opt/stack/neutron/neutron/db/agents_db.py:317}}
Mar 26 01:14:25.795610 np0000160899 neutron-periodic-workers[104695]: DEBUG oslo.service.backend._threading.loopingcall [None req-fe8c73f8-cbb6-4b18-b8ae-cc3f53a689b4 None None] Fixed interval looping call 'neutron.plugins.ml2.plugin.AgentDbMixin.agent_health_check' sleeping for 36.99 seconds {{(pid=104695) _run_loop /opt/stack/data/venv/lib/python3.12/site-packages/oslo_service/backend/_threading/loopingcall.py:125}}
Mar 26 01:14:35.793712 np0000160899 neutron-periodic-workers[104695]: DEBUG dbcounter [-] [104695] Writing DB stats neutron:SELECT=1 {{(pid=104695) stat_writer /opt/stack/data/venv/lib/python3.12/site-packages/dbcounter.py:115}}
Mar 26 01:14:41.809736 np0000160899 neutron-periodic-workers[104681]: DEBUG oslo.service.backend._threading.loopingcall [None req-67bafc1c-7263-4c65-bf9b-05c8503b72f6 None None] Fixed interval looping call 'neutron.plugins.ml2.plugin.DhcpAgentSchedulerDbMixin.remove_networks_from_down_agents' sleeping for 36.99 seconds {{(pid=104681) _run_loop /opt/stack/data/venv/lib/python3.12/site-packages/oslo_service/backend/_threading/loopingcall.py:125}}
Mar 26 01:14:51.809128 np0000160899 neutron-periodic-workers[104681]: DEBUG dbcounter [-] [104681] Writing DB stats neutron:SELECT=3 {{(pid=104681) stat_writer /opt/stack/data/venv/lib/python3.12/site-packages/dbcounter.py:115}}
Mar 26 01:15:02.791302 np0000160899 neutron-periodic-workers[104695]: DEBUG neutron.db.agents_db [None req-fe8c73f8-cbb6-4b18-b8ae-cc3f53a689b4 None None] Agent healthcheck: found 0 active agents {{(pid=104695) agent_health_check /opt/stack/neutron/neutron/db/agents_db.py:317}}
Mar 26 01:15:02.791723 np0000160899 neutron-periodic-workers[104695]: DEBUG oslo.service.backend._threading.loopingcall [None req-fe8c73f8-cbb6-4b18-b8ae-cc3f53a689b4 None None] Fixed interval looping call 'neutron.plugins.ml2.plugin.AgentDbMixin.agent_health_check' sleeping for 36.99 seconds {{(pid=104695) _run_loop /opt/stack/data/venv/lib/python3.12/site-packages/oslo_service/backend/_threading/loopingcall.py:125}}
Mar 26 01:15:12.789345 np0000160899 neutron-periodic-workers[104695]: DEBUG dbcounter [-] [104695] Writing DB stats neutron:SELECT=1 {{(pid=104695) stat_writer /opt/stack/data/venv/lib/python3.12/site-packages/dbcounter.py:115}}
Mar 26 01:15:18.808348 np0000160899 neutron-periodic-workers[104681]: DEBUG oslo.service.backend._threading.loopingcall [None req-67bafc1c-7263-4c65-bf9b-05c8503b72f6 None None] Fixed interval looping call 'neutron.plugins.ml2.plugin.DhcpAgentSchedulerDbMixin.remove_networks_from_down_agents' sleeping for 36.99 seconds {{(pid=104681) _run_loop /opt/stack/data/venv/lib/python3.12/site-packages/oslo_service/backend/_threading/loopingcall.py:125}}
Mar 26 01:15:28.807479 np0000160899 neutron-periodic-workers[104681]: DEBUG dbcounter [-] [104681] Writing DB stats neutron:SELECT=3 {{(pid=104681) stat_writer /opt/stack/data/venv/lib/python3.12/site-packages/dbcounter.py:115}}
Mar 26 01:15:39.788089 np0000160899 neutron-periodic-workers[104695]: DEBUG neutron.db.agents_db [None req-fe8c73f8-cbb6-4b18-b8ae-cc3f53a689b4 None None] Agent healthcheck: found 0 active agents {{(pid=104695) agent_health_check /opt/stack/neutron/neutron/db/agents_db.py:317}}
Mar 26 01:15:39.789063 np0000160899 neutron-periodic-workers[104695]: DEBUG oslo.service.backend._threading.loopingcall [None req-fe8c73f8-cbb6-4b18-b8ae-cc3f53a689b4 None None] Fixed interval looping call 'neutron.plugins.ml2.plugin.AgentDbMixin.agent_health_check' sleeping for 36.99 seconds {{(pid=104695) _run_loop /opt/stack/data/venv/lib/python3.12/site-packages/oslo_service/backend/_threading/loopingcall.py:125}}
Mar 26 01:15:49.786948 np0000160899 neutron-periodic-workers[104695]: DEBUG dbcounter [-] [104695] Writing DB stats neutron:SELECT=1 {{(pid=104695) stat_writer /opt/stack/data/venv/lib/python3.12/site-packages/dbcounter.py:115}}
Mar 26 01:15:55.808091 np0000160899 neutron-periodic-workers[104681]: DEBUG oslo.service.backend._threading.loopingcall [None req-67bafc1c-7263-4c65-bf9b-05c8503b72f6 None None] Fixed interval looping call 'neutron.plugins.ml2.plugin.DhcpAgentSchedulerDbMixin.remove_networks_from_down_agents' sleeping for 36.99 seconds {{(pid=104681) _run_loop /opt/stack/data/venv/lib/python3.12/site-packages/oslo_service/backend/_threading/loopingcall.py:125}}
Mar 26 01:16:05.807577 np0000160899 neutron-periodic-workers[104681]: DEBUG dbcounter [-] [104681] Writing DB stats neutron:SELECT=3 {{(pid=104681) stat_writer /opt/stack/data/venv/lib/python3.12/site-packages/dbcounter.py:115}}
Mar 26 01:16:05.845297 np0000160899 neutron-periodic-workers[104704]: DEBUG oslo.service.backend._threading.loopingcall [None req-b48a4547-3104-4524-95fb-b9133c2e728a None None] Fixed interval looping call 'neutron.db.quota.driver_nolock.DbQuotaNoLockDriver._remove_expired_reservations' sleeping for 119.99 seconds {{(pid=104704) _run_loop /opt/stack/data/venv/lib/python3.12/site-packages/oslo_service/backend/_threading/loopingcall.py:125}}
Mar 26 01:16:15.843871 np0000160899 neutron-periodic-workers[104704]: DEBUG dbcounter [-] [104704] Writing DB stats neutron:DELETE=1 {{(pid=104704) stat_writer /opt/stack/data/venv/lib/python3.12/site-packages/dbcounter.py:115}}
Mar 26 01:16:16.784515 np0000160899 neutron-periodic-workers[104695]: DEBUG neutron.db.agents_db [None req-fe8c73f8-cbb6-4b18-b8ae-cc3f53a689b4 None None] Agent healthcheck: found 0 active agents {{(pid=104695) agent_health_check /opt/stack/neutron/neutron/db/agents_db.py:317}}
