May 14 10:19:15.631628 np0000174139 systemd[1]: Starting devstack@n-api.service - Devstack devstack@n-api.service...
May 14 10:19:15.640357 np0000174139 devstack@n-api.service[99955]: [uWSGI] getting INI configuration from /etc/nova/nova-api-uwsgi.ini
May 14 10:19:15.643338 np0000174139 devstack@n-api.service[99955]: *** Starting uWSGI 2.0.24-debian (64bit) on [Thu May 14 10:19:15 2026] ***
May 14 10:19:15.643338 np0000174139 devstack@n-api.service[99955]: compiled with version: 13.2.0 on 17 April 2024 16:23:48
May 14 10:19:15.643338 np0000174139 devstack@n-api.service[99955]: os: Linux-6.8.0-111-generic #111-Ubuntu SMP PREEMPT_DYNAMIC Sat Apr 11 23:16:02 UTC 2026
May 14 10:19:15.643338 np0000174139 devstack@n-api.service[99955]: nodename: np0000174139
May 14 10:19:15.643338 np0000174139 devstack@n-api.service[99955]: machine: x86_64
May 14 10:19:15.643338 np0000174139 devstack@n-api.service[99955]: clock source: unix
May 14 10:19:15.643338 np0000174139 devstack@n-api.service[99955]: pcre jit disabled
May 14 10:19:15.643338 np0000174139 devstack@n-api.service[99955]: detected number of CPU cores: 16
May 14 10:19:15.643338 np0000174139 devstack@n-api.service[99955]: current working directory: /
May 14 10:19:15.643338 np0000174139 devstack@n-api.service[99955]: detected binary path: /usr/bin/uwsgi-core
May 14 10:19:15.643338 np0000174139 devstack@n-api.service[99955]: your processes number limit is 256917
May 14 10:19:15.643338 np0000174139 devstack@n-api.service[99955]: your memory page size is 4096 bytes
May 14 10:19:15.643338 np0000174139 devstack@n-api.service[99955]: detected max file descriptor number: 2048
May 14 10:19:15.643338 np0000174139 devstack@n-api.service[99955]: lock engine: pthread robust mutexes
May 14 10:19:15.643816 np0000174139 devstack@n-api.service[99955]: thunder lock: enabled
May 14 10:19:15.643816 np0000174139 devstack@n-api.service[99955]: uwsgi socket 0 bound to UNIX address /var/run/uwsgi/nova-api.socket fd 4
May 14 10:19:15.643816 np0000174139 devstack@n-api.service[99955]: Python version: 3.12.3 (main, Mar 23 2026, 19:04:32) [GCC 13.3.0]
May 14 10:19:15.644131 np0000174139 devstack@n-api.service[99955]: PEP 405 virtualenv detected: /opt/stack/data/venv
May 14 10:19:15.644131 np0000174139 devstack@n-api.service[99955]: Set PythonHome to /opt/stack/data/venv
May 14 10:19:15.682173 np0000174139 devstack@n-api.service[99955]: Python main interpreter initialized at 0x7446744a3668
May 14 10:19:15.682173 np0000174139 devstack@n-api.service[99955]: python threads support enabled
May 14 10:19:15.682173 np0000174139 devstack@n-api.service[99955]: your server socket listen backlog is limited to 100 connections
May 14 10:19:15.682173 np0000174139 devstack@n-api.service[99955]: your mercy for graceful operations on workers is 80 seconds
May 14 10:19:15.682720 np0000174139 devstack@n-api.service[99955]: mapped 671795 bytes (656 KB) for 4 cores
May 14 10:19:15.682867 np0000174139 devstack@n-api.service[99955]: *** Operational MODE: preforking ***
May 14 10:19:15.683123 np0000174139 devstack@n-api.service[99955]: *** uWSGI is running in multiple interpreter mode ***
May 14 10:19:15.683123 np0000174139 devstack@n-api.service[99955]: spawned uWSGI master process (pid: 99955)
May 14 10:19:15.683317 np0000174139 systemd[1]: Started devstack@n-api.service - Devstack devstack@n-api.service.
May 14 10:19:15.683817 np0000174139 devstack@n-api.service[99955]: spawned uWSGI worker 1 (pid: 99956, cores: 1)
May 14 10:19:15.684268 np0000174139 devstack@n-api.service[99955]: spawned uWSGI worker 2 (pid: 99957, cores: 1)
May 14 10:19:15.684695 np0000174139 devstack@n-api.service[99955]: spawned uWSGI worker 3 (pid: 99958, cores: 1)
May 14 10:19:15.685201 np0000174139 devstack@n-api.service[99955]: spawned uWSGI worker 4 (pid: 99959, cores: 1)
May 14 10:19:15.685201 np0000174139 devstack@n-api.service[99955]: running "unix_signal:15 gracefully_kill_them_all" (master-start)...
May 14 10:19:16.001733 np0000174139 devstack@n-api.service[99956]: /opt/stack/data/venv/lib/python3.12/site-packages/oslo_concurrency/lockutils.py:41: EventletDeprecationWarning:
May 14 10:19:16.001733 np0000174139 devstack@n-api.service[99956]: Eventlet is deprecated. It is currently being maintained in bugfix mode, and
May 14 10:19:16.001733 np0000174139 devstack@n-api.service[99956]: we strongly recommend against using it for new projects.
May 14 10:19:16.001733 np0000174139 devstack@n-api.service[99956]: If you are already using Eventlet, we recommend migrating to a different
May 14 10:19:16.001733 np0000174139 devstack@n-api.service[99956]: framework. For more detail see
May 14 10:19:16.001733 np0000174139 devstack@n-api.service[99956]: https://eventlet.readthedocs.io/en/latest/asyncio/migration.html
May 14 10:19:16.001733 np0000174139 devstack@n-api.service[99956]: import eventlet
May 14 10:19:16.010337 np0000174139 devstack@n-api.service[99959]: /opt/stack/data/venv/lib/python3.12/site-packages/oslo_concurrency/lockutils.py:41: EventletDeprecationWarning:
May 14 10:19:16.010337 np0000174139 devstack@n-api.service[99959]: Eventlet is deprecated. It is currently being maintained in bugfix mode, and
May 14 10:19:16.010337 np0000174139 devstack@n-api.service[99959]: we strongly recommend against using it for new projects.
May 14 10:19:16.010337 np0000174139 devstack@n-api.service[99959]: If you are already using Eventlet, we recommend migrating to a different
May 14 10:19:16.010337 np0000174139 devstack@n-api.service[99959]: framework. For more detail see
May 14 10:19:16.010337 np0000174139 devstack@n-api.service[99959]: https://eventlet.readthedocs.io/en/latest/asyncio/migration.html
May 14 10:19:16.010337 np0000174139 devstack@n-api.service[99959]: import eventlet
May 14 10:19:16.021156 np0000174139 devstack@n-api.service[99957]: /opt/stack/data/venv/lib/python3.12/site-packages/oslo_concurrency/lockutils.py:41: EventletDeprecationWarning:
May 14 10:19:16.021156 np0000174139 devstack@n-api.service[99957]: Eventlet is deprecated. It is currently being maintained in bugfix mode, and
May 14 10:19:16.021156 np0000174139 devstack@n-api.service[99957]: we strongly recommend against using it for new projects.
May 14 10:19:16.021156 np0000174139 devstack@n-api.service[99957]: If you are already using Eventlet, we recommend migrating to a different
May 14 10:19:16.021156 np0000174139 devstack@n-api.service[99957]: framework. For more detail see
May 14 10:19:16.021156 np0000174139 devstack@n-api.service[99957]: https://eventlet.readthedocs.io/en/latest/asyncio/migration.html
May 14 10:19:16.021156 np0000174139 devstack@n-api.service[99957]: import eventlet
May 14 10:19:16.023360 np0000174139 devstack@n-api.service[99958]: /opt/stack/data/venv/lib/python3.12/site-packages/oslo_concurrency/lockutils.py:41: EventletDeprecationWarning:
May 14 10:19:16.023360 np0000174139 devstack@n-api.service[99958]: Eventlet is deprecated. It is currently being maintained in bugfix mode, and
May 14 10:19:16.023360 np0000174139 devstack@n-api.service[99958]: we strongly recommend against using it for new projects.
May 14 10:19:16.023360 np0000174139 devstack@n-api.service[99958]: If you are already using Eventlet, we recommend migrating to a different
May 14 10:19:16.023360 np0000174139 devstack@n-api.service[99958]: framework. For more detail see
May 14 10:19:16.023360 np0000174139 devstack@n-api.service[99958]: https://eventlet.readthedocs.io/en/latest/asyncio/migration.html
May 14 10:19:16.023360 np0000174139 devstack@n-api.service[99958]: import eventlet
May 14 10:19:17.507878 np0000174139 devstack@n-api.service[99959]: INFO dbcounter [None req-a3e18e2d-65f0-498b-b2ff-23f4c2ec32ee None None] Registered counter for database nova_api
May 14 10:19:17.521767 np0000174139 devstack@n-api.service[99959]: DEBUG oslo_db.sqlalchemy.engines [None req-a3e18e2d-65f0-498b-b2ff-23f4c2ec32ee None None] MySQL server mode set to STRICT_TRANS_TABLES,STRICT_ALL_TABLES,NO_ZERO_IN_DATE,NO_ZERO_DATE,ERROR_FOR_DIVISION_BY_ZERO,TRADITIONAL,NO_ENGINE_SUBSTITUTION {{(pid=99959) _check_effective_sql_mode /opt/stack/data/venv/lib/python3.12/site-packages/oslo_db/sqlalchemy/engines.py:325}}
May 14 10:19:17.530450 np0000174139 devstack@n-api.service[99957]: INFO dbcounter [None req-50048f09-6e4c-473a-bd38-176b23aa4b69 None None] Registered counter for database nova_api
May 14 10:19:17.543873 np0000174139 devstack@n-api.service[99958]: INFO dbcounter [None req-5f6564b7-4402-41d7-97e7-382679c86e2b None None] Registered counter for database nova_api
May 14 10:19:17.544217 np0000174139 devstack@n-api.service[99957]: DEBUG oslo_db.sqlalchemy.engines [None req-50048f09-6e4c-473a-bd38-176b23aa4b69 None None] MySQL server mode set to STRICT_TRANS_TABLES,STRICT_ALL_TABLES,NO_ZERO_IN_DATE,NO_ZERO_DATE,ERROR_FOR_DIVISION_BY_ZERO,TRADITIONAL,NO_ENGINE_SUBSTITUTION {{(pid=99957) _check_effective_sql_mode /opt/stack/data/venv/lib/python3.12/site-packages/oslo_db/sqlalchemy/engines.py:325}}
May 14 10:19:17.555415 np0000174139 devstack@n-api.service[99959]: DEBUG dbcounter [-] [99959] Writer thread running {{(pid=99959) stat_writer /opt/stack/data/venv/lib/python3.12/site-packages/dbcounter.py:102}}
May 14 10:19:17.558065 np0000174139 devstack@n-api.service[99958]: DEBUG oslo_db.sqlalchemy.engines [None req-5f6564b7-4402-41d7-97e7-382679c86e2b None None] MySQL server mode set to STRICT_TRANS_TABLES,STRICT_ALL_TABLES,NO_ZERO_IN_DATE,NO_ZERO_DATE,ERROR_FOR_DIVISION_BY_ZERO,TRADITIONAL,NO_ENGINE_SUBSTITUTION {{(pid=99958) _check_effective_sql_mode /opt/stack/data/venv/lib/python3.12/site-packages/oslo_db/sqlalchemy/engines.py:325}}
May 14 10:19:17.559177 np0000174139 devstack@n-api.service[99959]: DEBUG nova.context [None req-a3e18e2d-65f0-498b-b2ff-23f4c2ec32ee None None] Found 2 cells: 00000000-0000-0000-0000-000000000000(cell0),31f9a94a-1bbe-45b0-a8be-b6e8ac829e7d(cell1) {{(pid=99959) load_cells /opt/stack/nova/nova/context.py:509}}
May 14 10:19:17.559772 np0000174139 devstack@n-api.service[99959]: INFO nova.utils [None req-a3e18e2d-65f0-498b-b2ff-23f4c2ec32ee None None] The cell worker thread pool MainProcess.cell_worker is initialized
May 14 10:19:17.563590 np0000174139 devstack@n-api.service[99959]: DEBUG oslo_concurrency.lockutils [None req-a3e18e2d-65f0-498b-b2ff-23f4c2ec32ee None None] Acquiring lock "00000000-0000-0000-0000-000000000000" by "nova.context.set_target_cell..get_or_set_cached_cell_and_set_connections" {{(pid=99959) inner /opt/stack/data/venv/lib/python3.12/site-packages/oslo_concurrency/lockutils.py:506}}
May 14 10:19:17.563820 np0000174139 devstack@n-api.service[99959]: DEBUG oslo_concurrency.lockutils [None req-a3e18e2d-65f0-498b-b2ff-23f4c2ec32ee None None] Lock "00000000-0000-0000-0000-000000000000" acquired by "nova.context.set_target_cell..get_or_set_cached_cell_and_set_connections" :: waited 0.000s {{(pid=99959) inner /opt/stack/data/venv/lib/python3.12/site-packages/oslo_concurrency/lockutils.py:519}}
May 14 10:19:17.564318 np0000174139 devstack@n-api.service[99959]: DEBUG oslo_concurrency.lockutils [None req-a3e18e2d-65f0-498b-b2ff-23f4c2ec32ee None None] Lock "00000000-0000-0000-0000-000000000000" "released" by "nova.context.set_target_cell..get_or_set_cached_cell_and_set_connections" :: held 0.000s {{(pid=99959) inner /opt/stack/data/venv/lib/python3.12/site-packages/oslo_concurrency/lockutils.py:538}}
May 14 10:19:17.565069 np0000174139 devstack@n-api.service[99959]: DEBUG oslo_concurrency.lockutils [None req-a3e18e2d-65f0-498b-b2ff-23f4c2ec32ee None None] Acquiring lock "31f9a94a-1bbe-45b0-a8be-b6e8ac829e7d" by "nova.context.set_target_cell..get_or_set_cached_cell_and_set_connections" {{(pid=99959) inner /opt/stack/data/venv/lib/python3.12/site-packages/oslo_concurrency/lockutils.py:506}}
May 14 10:19:17.566780 np0000174139 devstack@n-api.service[99959]: INFO dbcounter [None req-a3e18e2d-65f0-498b-b2ff-23f4c2ec32ee None None] Registered counter for database nova_cell0
May 14 10:19:17.568289 np0000174139 devstack@n-api.service[99959]: DEBUG oslo_concurrency.lockutils [None req-a3e18e2d-65f0-498b-b2ff-23f4c2ec32ee None None] Lock "31f9a94a-1bbe-45b0-a8be-b6e8ac829e7d" acquired by "nova.context.set_target_cell..get_or_set_cached_cell_and_set_connections" :: waited 0.002s {{(pid=99959) inner /opt/stack/data/venv/lib/python3.12/site-packages/oslo_concurrency/lockutils.py:519}}
May 14 10:19:17.569774 np0000174139 devstack@n-api.service[99959]: DEBUG oslo_concurrency.lockutils [None req-a3e18e2d-65f0-498b-b2ff-23f4c2ec32ee None None] Lock "31f9a94a-1bbe-45b0-a8be-b6e8ac829e7d" "released" by "nova.context.set_target_cell..get_or_set_cached_cell_and_set_connections" :: held 0.003s {{(pid=99959) inner /opt/stack/data/venv/lib/python3.12/site-packages/oslo_concurrency/lockutils.py:538}}
May 14 10:19:17.573266 np0000174139 devstack@n-api.service[99959]: INFO dbcounter [None req-a3e18e2d-65f0-498b-b2ff-23f4c2ec32ee None None] Registered counter for database nova_cell1
May 14 10:19:17.576805 np0000174139 devstack@n-api.service[99956]: INFO dbcounter [None req-9baf5e5d-e6dd-45e8-95a4-10b52c5289bb None None] Registered counter for database nova_api
May 14 10:19:17.577763 np0000174139 devstack@n-api.service[99957]: DEBUG dbcounter [-] [99957] Writer thread running {{(pid=99957) stat_writer /opt/stack/data/venv/lib/python3.12/site-packages/dbcounter.py:102}}
May 14 10:19:17.579946 np0000174139 devstack@n-api.service[99957]: DEBUG nova.context [None req-50048f09-6e4c-473a-bd38-176b23aa4b69 None None] Found 2 cells: 00000000-0000-0000-0000-000000000000(cell0),31f9a94a-1bbe-45b0-a8be-b6e8ac829e7d(cell1) {{(pid=99957) load_cells /opt/stack/nova/nova/context.py:509}}
May 14 10:19:17.580190 np0000174139 devstack@n-api.service[99957]: INFO nova.utils [None req-50048f09-6e4c-473a-bd38-176b23aa4b69 None None] The cell worker thread pool MainProcess.cell_worker is initialized
May 14 10:19:17.581980 np0000174139 devstack@n-api.service[99957]: DEBUG oslo_concurrency.lockutils [None req-50048f09-6e4c-473a-bd38-176b23aa4b69 None None] Acquiring lock "00000000-0000-0000-0000-000000000000" by "nova.context.set_target_cell..get_or_set_cached_cell_and_set_connections" {{(pid=99957) inner /opt/stack/data/venv/lib/python3.12/site-packages/oslo_concurrency/lockutils.py:506}}
May 14 10:19:17.582153 np0000174139 devstack@n-api.service[99957]: DEBUG oslo_concurrency.lockutils [None req-50048f09-6e4c-473a-bd38-176b23aa4b69 None None] Lock "00000000-0000-0000-0000-000000000000" acquired by "nova.context.set_target_cell..get_or_set_cached_cell_and_set_connections" :: waited 0.000s {{(pid=99957) inner /opt/stack/data/venv/lib/python3.12/site-packages/oslo_concurrency/lockutils.py:519}}
May 14 10:19:17.582507 np0000174139 devstack@n-api.service[99957]: DEBUG oslo_concurrency.lockutils [None req-50048f09-6e4c-473a-bd38-176b23aa4b69 None None] Lock "00000000-0000-0000-0000-000000000000" "released" by "nova.context.set_target_cell..get_or_set_cached_cell_and_set_connections" :: held 0.000s {{(pid=99957) inner /opt/stack/data/venv/lib/python3.12/site-packages/oslo_concurrency/lockutils.py:538}}
May 14 10:19:17.583337 np0000174139 devstack@n-api.service[99957]: DEBUG oslo_concurrency.lockutils [None req-50048f09-6e4c-473a-bd38-176b23aa4b69 None None] Acquiring lock "31f9a94a-1bbe-45b0-a8be-b6e8ac829e7d" by "nova.context.set_target_cell..get_or_set_cached_cell_and_set_connections" {{(pid=99957) inner /opt/stack/data/venv/lib/python3.12/site-packages/oslo_concurrency/lockutils.py:506}}
May 14 10:19:17.583506 np0000174139 devstack@n-api.service[99957]: DEBUG oslo_concurrency.lockutils [None req-50048f09-6e4c-473a-bd38-176b23aa4b69 None None] Lock "31f9a94a-1bbe-45b0-a8be-b6e8ac829e7d" acquired by "nova.context.set_target_cell..get_or_set_cached_cell_and_set_connections" :: waited 0.000s {{(pid=99957) inner /opt/stack/data/venv/lib/python3.12/site-packages/oslo_concurrency/lockutils.py:519}}
May 14 10:19:17.584443 np0000174139 devstack@n-api.service[99957]: DEBUG oslo_concurrency.lockutils [None req-50048f09-6e4c-473a-bd38-176b23aa4b69 None None] Lock "31f9a94a-1bbe-45b0-a8be-b6e8ac829e7d" "released" by "nova.context.set_target_cell..get_or_set_cached_cell_and_set_connections" :: held 0.001s {{(pid=99957) inner /opt/stack/data/venv/lib/python3.12/site-packages/oslo_concurrency/lockutils.py:538}}
May 14 10:19:17.584685 np0000174139 devstack@n-api.service[99959]: DEBUG oslo_db.sqlalchemy.engines [None req-a3e18e2d-65f0-498b-b2ff-23f4c2ec32ee None None] MySQL server mode set to STRICT_TRANS_TABLES,STRICT_ALL_TABLES,NO_ZERO_IN_DATE,NO_ZERO_DATE,ERROR_FOR_DIVISION_BY_ZERO,TRADITIONAL,NO_ENGINE_SUBSTITUTION {{(pid=99959) _check_effective_sql_mode /opt/stack/data/venv/lib/python3.12/site-packages/oslo_db/sqlalchemy/engines.py:325}}
May 14 10:19:17.586673 np0000174139 devstack@n-api.service[99957]: INFO dbcounter [None req-50048f09-6e4c-473a-bd38-176b23aa4b69 None None] Registered counter for database nova_cell0
May 14 10:19:17.590737 np0000174139 devstack@n-api.service[99959]: DEBUG oslo_db.sqlalchemy.engines [None req-a3e18e2d-65f0-498b-b2ff-23f4c2ec32ee None None] MySQL server mode set to STRICT_TRANS_TABLES,STRICT_ALL_TABLES,NO_ZERO_IN_DATE,NO_ZERO_DATE,ERROR_FOR_DIVISION_BY_ZERO,TRADITIONAL,NO_ENGINE_SUBSTITUTION {{(pid=99959) _check_effective_sql_mode /opt/stack/data/venv/lib/python3.12/site-packages/oslo_db/sqlalchemy/engines.py:325}}
May 14 10:19:17.592859 np0000174139 devstack@n-api.service[99957]: INFO dbcounter [None req-50048f09-6e4c-473a-bd38-176b23aa4b69 None None] Registered counter for database nova_cell1
May 14 10:19:17.593661 np0000174139 devstack@n-api.service[99958]: DEBUG dbcounter [-] [99958] Writer thread running {{(pid=99958) stat_writer /opt/stack/data/venv/lib/python3.12/site-packages/dbcounter.py:102}}
May 14 10:19:17.594105 np0000174139 devstack@n-api.service[99956]: DEBUG oslo_db.sqlalchemy.engines [None req-9baf5e5d-e6dd-45e8-95a4-10b52c5289bb None None] MySQL server mode set to STRICT_TRANS_TABLES,STRICT_ALL_TABLES,NO_ZERO_IN_DATE,NO_ZERO_DATE,ERROR_FOR_DIVISION_BY_ZERO,TRADITIONAL,NO_ENGINE_SUBSTITUTION {{(pid=99956) _check_effective_sql_mode /opt/stack/data/venv/lib/python3.12/site-packages/oslo_db/sqlalchemy/engines.py:325}}
May 14 10:19:17.595807 np0000174139 devstack@n-api.service[99958]: DEBUG nova.context [None req-5f6564b7-4402-41d7-97e7-382679c86e2b None None] Found 2 cells: 00000000-0000-0000-0000-000000000000(cell0),31f9a94a-1bbe-45b0-a8be-b6e8ac829e7d(cell1) {{(pid=99958) load_cells /opt/stack/nova/nova/context.py:509}}
May 14 10:19:17.596117 np0000174139 devstack@n-api.service[99958]: INFO nova.utils [None req-5f6564b7-4402-41d7-97e7-382679c86e2b None None] The cell worker thread pool MainProcess.cell_worker is initialized
May 14 10:19:17.597730 np0000174139 devstack@n-api.service[99958]: DEBUG oslo_concurrency.lockutils [None req-5f6564b7-4402-41d7-97e7-382679c86e2b None None] Acquiring lock "00000000-0000-0000-0000-000000000000" by "nova.context.set_target_cell..get_or_set_cached_cell_and_set_connections" {{(pid=99958) inner /opt/stack/data/venv/lib/python3.12/site-packages/oslo_concurrency/lockutils.py:506}}
May 14 10:19:17.597892 np0000174139 devstack@n-api.service[99958]: DEBUG oslo_concurrency.lockutils [None req-5f6564b7-4402-41d7-97e7-382679c86e2b None None] Lock "00000000-0000-0000-0000-000000000000" acquired by "nova.context.set_target_cell..get_or_set_cached_cell_and_set_connections" :: waited 0.000s {{(pid=99958) inner /opt/stack/data/venv/lib/python3.12/site-packages/oslo_concurrency/lockutils.py:519}}
May 14 10:19:17.598249 np0000174139 devstack@n-api.service[99958]: DEBUG oslo_concurrency.lockutils [None req-5f6564b7-4402-41d7-97e7-382679c86e2b None None] Lock "00000000-0000-0000-0000-000000000000" "released" by "nova.context.set_target_cell..get_or_set_cached_cell_and_set_connections" :: held 0.000s {{(pid=99958) inner /opt/stack/data/venv/lib/python3.12/site-packages/oslo_concurrency/lockutils.py:538}}
May 14 10:19:17.598982 np0000174139 devstack@n-api.service[99958]: DEBUG oslo_concurrency.lockutils [None req-5f6564b7-4402-41d7-97e7-382679c86e2b None None] Acquiring lock "31f9a94a-1bbe-45b0-a8be-b6e8ac829e7d" by "nova.context.set_target_cell..get_or_set_cached_cell_and_set_connections" {{(pid=99958) inner /opt/stack/data/venv/lib/python3.12/site-packages/oslo_concurrency/lockutils.py:506}}
May 14 10:19:17.599128 np0000174139 devstack@n-api.service[99958]: DEBUG oslo_concurrency.lockutils [None req-5f6564b7-4402-41d7-97e7-382679c86e2b None None] Lock "31f9a94a-1bbe-45b0-a8be-b6e8ac829e7d" acquired by "nova.context.set_target_cell..get_or_set_cached_cell_and_set_connections" :: waited 0.000s {{(pid=99958) inner /opt/stack/data/venv/lib/python3.12/site-packages/oslo_concurrency/lockutils.py:519}}
May 14 10:19:17.599942 np0000174139 devstack@n-api.service[99958]: DEBUG oslo_concurrency.lockutils [None req-5f6564b7-4402-41d7-97e7-382679c86e2b None None] Lock "31f9a94a-1bbe-45b0-a8be-b6e8ac829e7d" "released" by "nova.context.set_target_cell..get_or_set_cached_cell_and_set_connections" :: held 0.001s {{(pid=99958) inner /opt/stack/data/venv/lib/python3.12/site-packages/oslo_concurrency/lockutils.py:538}}
May 14 10:19:17.602975 np0000174139 devstack@n-api.service[99957]: DEBUG oslo_db.sqlalchemy.engines [None req-50048f09-6e4c-473a-bd38-176b23aa4b69 None None] MySQL server mode set to STRICT_TRANS_TABLES,STRICT_ALL_TABLES,NO_ZERO_IN_DATE,NO_ZERO_DATE,ERROR_FOR_DIVISION_BY_ZERO,TRADITIONAL,NO_ENGINE_SUBSTITUTION {{(pid=99957) _check_effective_sql_mode /opt/stack/data/venv/lib/python3.12/site-packages/oslo_db/sqlalchemy/engines.py:325}}
May 14 10:19:17.603209 np0000174139 devstack@n-api.service[99958]: INFO dbcounter [None req-5f6564b7-4402-41d7-97e7-382679c86e2b None None] Registered counter for database nova_cell0
May 14 10:19:17.607345 np0000174139 devstack@n-api.service[99958]: INFO dbcounter [None req-5f6564b7-4402-41d7-97e7-382679c86e2b None None] Registered counter for database nova_cell1
May 14 10:19:17.607548 np0000174139 devstack@n-api.service[99957]: DEBUG oslo_db.sqlalchemy.engines [None req-50048f09-6e4c-473a-bd38-176b23aa4b69 None None] MySQL server mode set to STRICT_TRANS_TABLES,STRICT_ALL_TABLES,NO_ZERO_IN_DATE,NO_ZERO_DATE,ERROR_FOR_DIVISION_BY_ZERO,TRADITIONAL,NO_ENGINE_SUBSTITUTION {{(pid=99957) _check_effective_sql_mode /opt/stack/data/venv/lib/python3.12/site-packages/oslo_db/sqlalchemy/engines.py:325}}
May 14 10:19:17.617201 np0000174139 devstack@n-api.service[99958]: DEBUG oslo_db.sqlalchemy.engines [None req-5f6564b7-4402-41d7-97e7-382679c86e2b None None] MySQL server mode set to STRICT_TRANS_TABLES,STRICT_ALL_TABLES,NO_ZERO_IN_DATE,NO_ZERO_DATE,ERROR_FOR_DIVISION_BY_ZERO,TRADITIONAL,NO_ENGINE_SUBSTITUTION {{(pid=99958) _check_effective_sql_mode /opt/stack/data/venv/lib/python3.12/site-packages/oslo_db/sqlalchemy/engines.py:325}}
May 14 10:19:17.623089 np0000174139 devstack@n-api.service[99956]: DEBUG dbcounter [-] [99956] Writer thread running {{(pid=99956) stat_writer /opt/stack/data/venv/lib/python3.12/site-packages/dbcounter.py:102}}
May 14 10:19:17.625263 np0000174139 devstack@n-api.service[99956]: DEBUG nova.context [None req-9baf5e5d-e6dd-45e8-95a4-10b52c5289bb None None] Found 2 cells: 00000000-0000-0000-0000-000000000000(cell0),31f9a94a-1bbe-45b0-a8be-b6e8ac829e7d(cell1) {{(pid=99956) load_cells /opt/stack/nova/nova/context.py:509}}
May 14 10:19:17.625492 np0000174139 devstack@n-api.service[99956]: INFO nova.utils [None req-9baf5e5d-e6dd-45e8-95a4-10b52c5289bb None None] The cell worker thread pool MainProcess.cell_worker is initialized
May 14 10:19:17.627184 np0000174139 devstack@n-api.service[99956]: DEBUG oslo_concurrency.lockutils [None req-9baf5e5d-e6dd-45e8-95a4-10b52c5289bb None None] Acquiring lock "00000000-0000-0000-0000-000000000000" by "nova.context.set_target_cell..get_or_set_cached_cell_and_set_connections" {{(pid=99956) inner /opt/stack/data/venv/lib/python3.12/site-packages/oslo_concurrency/lockutils.py:506}}
May 14 10:19:17.627377 np0000174139 devstack@n-api.service[99956]: DEBUG oslo_concurrency.lockutils [None req-9baf5e5d-e6dd-45e8-95a4-10b52c5289bb None None] Lock "00000000-0000-0000-0000-000000000000" acquired by "nova.context.set_target_cell..get_or_set_cached_cell_and_set_connections" :: waited 0.000s {{(pid=99956) inner /opt/stack/data/venv/lib/python3.12/site-packages/oslo_concurrency/lockutils.py:519}}
May 14 10:19:17.627638 np0000174139 devstack@n-api.service[99956]: DEBUG oslo_concurrency.lockutils [None req-9baf5e5d-e6dd-45e8-95a4-10b52c5289bb None None] Lock "00000000-0000-0000-0000-000000000000" "released" by "nova.context.set_target_cell..get_or_set_cached_cell_and_set_connections" :: held 0.000s {{(pid=99956) inner /opt/stack/data/venv/lib/python3.12/site-packages/oslo_concurrency/lockutils.py:538}}
May 14 10:19:17.628383 np0000174139 devstack@n-api.service[99956]: DEBUG oslo_concurrency.lockutils [None req-9baf5e5d-e6dd-45e8-95a4-10b52c5289bb None None] Acquiring lock "31f9a94a-1bbe-45b0-a8be-b6e8ac829e7d" by "nova.context.set_target_cell..get_or_set_cached_cell_and_set_connections" {{(pid=99956) inner /opt/stack/data/venv/lib/python3.12/site-packages/oslo_concurrency/lockutils.py:506}}
May 14 10:19:17.628482 np0000174139 devstack@n-api.service[99958]: DEBUG oslo_db.sqlalchemy.engines [None req-5f6564b7-4402-41d7-97e7-382679c86e2b None None] MySQL server mode set to STRICT_TRANS_TABLES,STRICT_ALL_TABLES,NO_ZERO_IN_DATE,NO_ZERO_DATE,ERROR_FOR_DIVISION_BY_ZERO,TRADITIONAL,NO_ENGINE_SUBSTITUTION {{(pid=99958) _check_effective_sql_mode /opt/stack/data/venv/lib/python3.12/site-packages/oslo_db/sqlalchemy/engines.py:325}}
May 14 10:19:17.628562 np0000174139 devstack@n-api.service[99956]: DEBUG oslo_concurrency.lockutils [None req-9baf5e5d-e6dd-45e8-95a4-10b52c5289bb None None] Lock "31f9a94a-1bbe-45b0-a8be-b6e8ac829e7d" acquired by "nova.context.set_target_cell..get_or_set_cached_cell_and_set_connections" :: waited 0.000s {{(pid=99956) inner /opt/stack/data/venv/lib/python3.12/site-packages/oslo_concurrency/lockutils.py:519}}
May 14 10:19:17.629339 np0000174139 devstack@n-api.service[99956]: DEBUG oslo_concurrency.lockutils [None req-9baf5e5d-e6dd-45e8-95a4-10b52c5289bb None None] Lock "31f9a94a-1bbe-45b0-a8be-b6e8ac829e7d" "released" by "nova.context.set_target_cell..get_or_set_cached_cell_and_set_connections" :: held 0.001s {{(pid=99956) inner /opt/stack/data/venv/lib/python3.12/site-packages/oslo_concurrency/lockutils.py:538}}
May 14 10:19:17.632645 np0000174139 devstack@n-api.service[99956]: INFO dbcounter [None req-9baf5e5d-e6dd-45e8-95a4-10b52c5289bb None None] Registered counter for database nova_cell0
May 14 10:19:17.636951 np0000174139 devstack@n-api.service[99956]: INFO dbcounter [None req-9baf5e5d-e6dd-45e8-95a4-10b52c5289bb None None] Registered counter for database nova_cell1
May 14 10:19:17.646054 np0000174139 devstack@n-api.service[99956]: DEBUG oslo_db.sqlalchemy.engines [None req-9baf5e5d-e6dd-45e8-95a4-10b52c5289bb None None] MySQL server mode set to STRICT_TRANS_TABLES,STRICT_ALL_TABLES,NO_ZERO_IN_DATE,NO_ZERO_DATE,ERROR_FOR_DIVISION_BY_ZERO,TRADITIONAL,NO_ENGINE_SUBSTITUTION {{(pid=99956) _check_effective_sql_mode /opt/stack/data/venv/lib/python3.12/site-packages/oslo_db/sqlalchemy/engines.py:325}}
May 14 10:19:17.652601 np0000174139 devstack@n-api.service[99956]: DEBUG oslo_db.sqlalchemy.engines [None req-9baf5e5d-e6dd-45e8-95a4-10b52c5289bb None None] MySQL server mode set to STRICT_TRANS_TABLES,STRICT_ALL_TABLES,NO_ZERO_IN_DATE,NO_ZERO_DATE,ERROR_FOR_DIVISION_BY_ZERO,TRADITIONAL,NO_ENGINE_SUBSTITUTION {{(pid=99956) _check_effective_sql_mode /opt/stack/data/venv/lib/python3.12/site-packages/oslo_db/sqlalchemy/engines.py:325}}
May 14 10:19:17.688679 np0000174139 devstack@n-api.service[99959]: DEBUG dbcounter [-] [99959] Writer thread running {{(pid=99959) stat_writer /opt/stack/data/venv/lib/python3.12/site-packages/dbcounter.py:102}}
May 14 10:19:17.689300 np0000174139 devstack@n-api.service[99959]: DEBUG dbcounter [-] [99959] Writer thread running {{(pid=99959) stat_writer /opt/stack/data/venv/lib/python3.12/site-packages/dbcounter.py:102}}
May 14 10:19:17.693819 np0000174139 devstack@n-api.service[99959]: INFO dbcounter [None req-a3e18e2d-65f0-498b-b2ff-23f4c2ec32ee None None] Registered counter for database nova_cell0
May 14 10:19:17.700124 np0000174139 devstack@n-api.service[99959]: DEBUG oslo_db.sqlalchemy.engines [None req-a3e18e2d-65f0-498b-b2ff-23f4c2ec32ee None None] MySQL server mode set to STRICT_TRANS_TABLES,STRICT_ALL_TABLES,NO_ZERO_IN_DATE,NO_ZERO_DATE,ERROR_FOR_DIVISION_BY_ZERO,TRADITIONAL,NO_ENGINE_SUBSTITUTION {{(pid=99959) _check_effective_sql_mode /opt/stack/data/venv/lib/python3.12/site-packages/oslo_db/sqlalchemy/engines.py:325}}
May 14 10:19:17.706279 np0000174139 devstack@n-api.service[99959]: DEBUG dbcounter [-] [99959] Writer thread running {{(pid=99959) stat_writer /opt/stack/data/venv/lib/python3.12/site-packages/dbcounter.py:102}}
May 14 10:19:17.718217 np0000174139 devstack@n-api.service[99957]: DEBUG dbcounter [-] [99957] Writer thread running {{(pid=99957) stat_writer /opt/stack/data/venv/lib/python3.12/site-packages/dbcounter.py:102}}
May 14 10:19:17.718339 np0000174139 devstack@n-api.service[99958]: DEBUG dbcounter [-] [99958] Writer thread running {{(pid=99958) stat_writer /opt/stack/data/venv/lib/python3.12/site-packages/dbcounter.py:102}}
May 14 10:19:17.718401 np0000174139 devstack@n-api.service[99957]: DEBUG dbcounter [-] [99957] Writer thread running {{(pid=99957) stat_writer /opt/stack/data/venv/lib/python3.12/site-packages/dbcounter.py:102}}
May 14 10:19:17.723893 np0000174139 devstack@n-api.service[99958]: DEBUG dbcounter [-] [99958] Writer thread running {{(pid=99958) stat_writer /opt/stack/data/venv/lib/python3.12/site-packages/dbcounter.py:102}}
May 14 10:19:17.756214 np0000174139 devstack@n-api.service[99956]: DEBUG dbcounter [-] [99956] Writer thread running {{(pid=99956) stat_writer /opt/stack/data/venv/lib/python3.12/site-packages/dbcounter.py:102}}
May 14 10:19:17.756938 np0000174139 devstack@n-api.service[99956]: DEBUG dbcounter [-] [99956] Writer thread running {{(pid=99956) stat_writer /opt/stack/data/venv/lib/python3.12/site-packages/dbcounter.py:102}}
May 14 10:19:17.781181 np0000174139 devstack@n-api.service[99957]: INFO dbcounter [None req-50048f09-6e4c-473a-bd38-176b23aa4b69 None None] Registered counter for database nova_cell0
May 14 10:19:17.783188 np0000174139 devstack@n-api.service[99958]: INFO dbcounter [None req-5f6564b7-4402-41d7-97e7-382679c86e2b None None] Registered counter for database nova_cell0
May 14 10:19:17.784129 np0000174139 devstack@n-api.service[99956]: INFO dbcounter [None req-9baf5e5d-e6dd-45e8-95a4-10b52c5289bb None None] Registered counter for database nova_cell0
May 14 10:19:17.792882 np0000174139 devstack@n-api.service[99957]: DEBUG oslo_db.sqlalchemy.engines [None req-50048f09-6e4c-473a-bd38-176b23aa4b69 None None] MySQL server mode set to STRICT_TRANS_TABLES,STRICT_ALL_TABLES,NO_ZERO_IN_DATE,NO_ZERO_DATE,ERROR_FOR_DIVISION_BY_ZERO,TRADITIONAL,NO_ENGINE_SUBSTITUTION {{(pid=99957) _check_effective_sql_mode /opt/stack/data/venv/lib/python3.12/site-packages/oslo_db/sqlalchemy/engines.py:325}}
May 14 10:19:17.798054 np0000174139 devstack@n-api.service[99958]: DEBUG oslo_db.sqlalchemy.engines [None req-5f6564b7-4402-41d7-97e7-382679c86e2b None None] MySQL server mode set to STRICT_TRANS_TABLES,STRICT_ALL_TABLES,NO_ZERO_IN_DATE,NO_ZERO_DATE,ERROR_FOR_DIVISION_BY_ZERO,TRADITIONAL,NO_ENGINE_SUBSTITUTION {{(pid=99958) _check_effective_sql_mode /opt/stack/data/venv/lib/python3.12/site-packages/oslo_db/sqlalchemy/engines.py:325}}
May 14 10:19:17.802044 np0000174139 devstack@n-api.service[99957]: DEBUG dbcounter [-] [99957] Writer thread running {{(pid=99957) stat_writer /opt/stack/data/venv/lib/python3.12/site-packages/dbcounter.py:102}}
May 14 10:19:17.802218 np0000174139 devstack@n-api.service[99956]: DEBUG oslo_db.sqlalchemy.engines [None req-9baf5e5d-e6dd-45e8-95a4-10b52c5289bb None None] MySQL server mode set to STRICT_TRANS_TABLES,STRICT_ALL_TABLES,NO_ZERO_IN_DATE,NO_ZERO_DATE,ERROR_FOR_DIVISION_BY_ZERO,TRADITIONAL,NO_ENGINE_SUBSTITUTION {{(pid=99956) _check_effective_sql_mode /opt/stack/data/venv/lib/python3.12/site-packages/oslo_db/sqlalchemy/engines.py:325}}
May 14 10:19:17.806631 np0000174139 devstack@n-api.service[99958]: DEBUG dbcounter [-] [99958] Writer thread running {{(pid=99958) stat_writer /opt/stack/data/venv/lib/python3.12/site-packages/dbcounter.py:102}}
May 14 10:19:17.812553 np0000174139 devstack@n-api.service[99956]: DEBUG dbcounter [-] [99956] Writer thread running {{(pid=99956) stat_writer /opt/stack/data/venv/lib/python3.12/site-packages/dbcounter.py:102}}
May 14 10:19:18.179267 np0000174139 devstack@n-api.service[99959]: DEBUG oslo_concurrency.processutils [None req-a3e18e2d-65f0-498b-b2ff-23f4c2ec32ee None None] Running cmd (subprocess): grep -F node.session.scan /sbin/iscsiadm {{(pid=99959) execute /opt/stack/data/venv/lib/python3.12/site-packages/oslo_concurrency/processutils.py:440}}
May 14 10:19:18.195431 np0000174139 devstack@n-api.service[99959]: DEBUG oslo_concurrency.processutils [None req-a3e18e2d-65f0-498b-b2ff-23f4c2ec32ee None None] CMD "grep -F node.session.scan /sbin/iscsiadm" returned: 0 in 0.016s {{(pid=99959) execute /opt/stack/data/venv/lib/python3.12/site-packages/oslo_concurrency/processutils.py:468}}
May 14 10:19:18.245006 np0000174139 devstack@n-api.service[99957]: DEBUG oslo_concurrency.processutils [None req-50048f09-6e4c-473a-bd38-176b23aa4b69 None None] Running cmd (subprocess): grep -F node.session.scan /sbin/iscsiadm {{(pid=99957) execute /opt/stack/data/venv/lib/python3.12/site-packages/oslo_concurrency/processutils.py:440}}
May 14 10:19:18.252513 np0000174139 devstack@n-api.service[99958]: DEBUG oslo_concurrency.processutils [None req-5f6564b7-4402-41d7-97e7-382679c86e2b None None] Running cmd (subprocess): grep -F node.session.scan /sbin/iscsiadm {{(pid=99958) execute /opt/stack/data/venv/lib/python3.12/site-packages/oslo_concurrency/processutils.py:440}}
May 14 10:19:18.258490 np0000174139 devstack@n-api.service[99956]: DEBUG oslo_concurrency.processutils [None req-9baf5e5d-e6dd-45e8-95a4-10b52c5289bb None None] Running cmd (subprocess): grep -F node.session.scan /sbin/iscsiadm {{(pid=99956) execute /opt/stack/data/venv/lib/python3.12/site-packages/oslo_concurrency/processutils.py:440}}
May 14 10:19:18.266866 np0000174139 devstack@n-api.service[99957]: DEBUG oslo_concurrency.processutils [None req-50048f09-6e4c-473a-bd38-176b23aa4b69 None None] CMD "grep -F node.session.scan /sbin/iscsiadm" returned: 0 in 0.022s {{(pid=99957) execute /opt/stack/data/venv/lib/python3.12/site-packages/oslo_concurrency/processutils.py:468}}
May 14 10:19:18.272676 np0000174139 devstack@n-api.service[99958]: DEBUG oslo_concurrency.processutils [None req-5f6564b7-4402-41d7-97e7-382679c86e2b None None] CMD "grep -F node.session.scan /sbin/iscsiadm" returned: 0 in 0.020s {{(pid=99958) execute /opt/stack/data/venv/lib/python3.12/site-packages/oslo_concurrency/processutils.py:468}}
May 14 10:19:18.278115 np0000174139 devstack@n-api.service[99956]: DEBUG oslo_concurrency.processutils [None req-9baf5e5d-e6dd-45e8-95a4-10b52c5289bb None None] CMD "grep -F node.session.scan /sbin/iscsiadm" returned: 0 in 0.019s {{(pid=99956) execute /opt/stack/data/venv/lib/python3.12/site-packages/oslo_concurrency/processutils.py:468}}
May 14 10:19:18.613357 np0000174139 devstack@n-api.service[99956]: WARNING keystonemiddleware.auth_token [None req-9baf5e5d-e6dd-45e8-95a4-10b52c5289bb None None] AuthToken middleware is set with keystone_authtoken.service_token_roles_required set to False. This is backwards compatible but deprecated behaviour. Please set this to True.
May 14 10:19:18.614678 np0000174139 devstack@n-api.service[99959]: WARNING keystonemiddleware.auth_token [None req-a3e18e2d-65f0-498b-b2ff-23f4c2ec32ee None None] AuthToken middleware is set with keystone_authtoken.service_token_roles_required set to False. This is backwards compatible but deprecated behaviour. Please set this to True.
May 14 10:19:18.615249 np0000174139 devstack@n-api.service[99957]: WARNING keystonemiddleware.auth_token [None req-50048f09-6e4c-473a-bd38-176b23aa4b69 None None] AuthToken middleware is set with keystone_authtoken.service_token_roles_required set to False. This is backwards compatible but deprecated behaviour. Please set this to True.
May 14 10:19:18.623024 np0000174139 devstack@n-api.service[99958]: WARNING keystonemiddleware.auth_token [None req-5f6564b7-4402-41d7-97e7-382679c86e2b None None] AuthToken middleware is set with keystone_authtoken.service_token_roles_required set to False. This is backwards compatible but deprecated behaviour. Please set this to True.
May 14 10:19:18.804900 np0000174139 devstack@n-api.service[99956]: WARNING keystonemiddleware.auth_token [None req-9baf5e5d-e6dd-45e8-95a4-10b52c5289bb None None] AuthToken middleware is set with keystone_authtoken.service_token_roles_required set to False. This is backwards compatible but deprecated behaviour. Please set this to True.
May 14 10:19:18.809978 np0000174139 devstack@n-api.service[99958]: WARNING keystonemiddleware.auth_token [None req-5f6564b7-4402-41d7-97e7-382679c86e2b None None] AuthToken middleware is set with keystone_authtoken.service_token_roles_required set to False. This is backwards compatible but deprecated behaviour. Please set this to True.
May 14 10:19:18.810239 np0000174139 devstack@n-api.service[99959]: WARNING keystonemiddleware.auth_token [None req-a3e18e2d-65f0-498b-b2ff-23f4c2ec32ee None None] AuthToken middleware is set with keystone_authtoken.service_token_roles_required set to False. This is backwards compatible but deprecated behaviour. Please set this to True.
May 14 10:19:18.810307 np0000174139 devstack@n-api.service[99956]: DEBUG nova.api.openstack.wsgi_app [None req-9baf5e5d-e6dd-45e8-95a4-10b52c5289bb None None] ******************************************************************************** {{(pid=99956) log_opt_values /opt/stack/data/venv/lib/python3.12/site-packages/oslo_config/cfg.py:2979}}
May 14 10:19:18.810307 np0000174139 devstack@n-api.service[99956]: DEBUG nova.api.openstack.wsgi_app [None req-9baf5e5d-e6dd-45e8-95a4-10b52c5289bb None None] Configuration options gathered from: {{(pid=99956) log_opt_values /opt/stack/data/venv/lib/python3.12/site-packages/oslo_config/cfg.py:2980}}
May 14 10:19:18.810659 np0000174139 devstack@n-api.service[99956]: DEBUG nova.api.openstack.wsgi_app [None req-9baf5e5d-e6dd-45e8-95a4-10b52c5289bb None None] command line args: [] {{(pid=99956) log_opt_values /opt/stack/data/venv/lib/python3.12/site-packages/oslo_config/cfg.py:2981}}
May 14 10:19:18.810848 np0000174139 devstack@n-api.service[99956]: DEBUG nova.api.openstack.wsgi_app [None req-9baf5e5d-e6dd-45e8-95a4-10b52c5289bb None None] config files: ['/etc/nova/api-paste.ini', '/etc/nova/nova.conf'] {{(pid=99956) log_opt_values /opt/stack/data/venv/lib/python3.12/site-packages/oslo_config/cfg.py:2982}}
May 14 10:19:18.810848 np0000174139 devstack@n-api.service[99956]: DEBUG nova.api.openstack.wsgi_app [None req-9baf5e5d-e6dd-45e8-95a4-10b52c5289bb None None] ================================================================================ {{(pid=99956) log_opt_values /opt/stack/data/venv/lib/python3.12/site-packages/oslo_config/cfg.py:2987}}
May 14 10:19:18.811391 np0000174139 devstack@n-api.service[99956]: DEBUG nova.api.openstack.wsgi_app [None req-9baf5e5d-e6dd-45e8-95a4-10b52c5289bb None None] allow_resize_to_same_host = True {{(pid=99956) log_opt_values /opt/stack/data/venv/lib/python3.12/site-packages/oslo_config/cfg.py:2995}}
May 14 10:19:18.811391 np0000174139 devstack@n-api.service[99956]: DEBUG nova.api.openstack.wsgi_app [None req-9baf5e5d-e6dd-45e8-95a4-10b52c5289bb None None] arq_binding_timeout = 300 {{(pid=99956) log_opt_values /opt/stack/data/venv/lib/python3.12/site-packages/oslo_config/cfg.py:2995}}
May 14 10:19:18.811391 np0000174139 devstack@n-api.service[99956]: DEBUG nova.api.openstack.wsgi_app [None req-9baf5e5d-e6dd-45e8-95a4-10b52c5289bb None None] block_device_allocate_retries = 60 {{(pid=99956) log_opt_values /opt/stack/data/venv/lib/python3.12/site-packages/oslo_config/cfg.py:2995}}
May 14 10:19:18.811391 np0000174139 devstack@n-api.service[99956]: DEBUG nova.api.openstack.wsgi_app [None req-9baf5e5d-e6dd-45e8-95a4-10b52c5289bb None None] block_device_allocate_retries_interval = 3 {{(pid=99956) log_opt_values /opt/stack/data/venv/lib/python3.12/site-packages/oslo_config/cfg.py:2995}}
May 14 10:19:18.811721 np0000174139 devstack@n-api.service[99956]: DEBUG nova.api.openstack.wsgi_app [None req-9baf5e5d-e6dd-45e8-95a4-10b52c5289bb None None] cell_worker_thread_pool_size = 5 {{(pid=99956) log_opt_values /opt/stack/data/venv/lib/python3.12/site-packages/oslo_config/cfg.py:2995}}
May 14 10:19:18.811721 np0000174139 devstack@n-api.service[99956]: DEBUG nova.api.openstack.wsgi_app [None req-9baf5e5d-e6dd-45e8-95a4-10b52c5289bb None None] cert = self.pem {{(pid=99956) log_opt_values /opt/stack/data/venv/lib/python3.12/site-packages/oslo_config/cfg.py:2995}}
May 14 10:19:18.811824 np0000174139 devstack@n-api.service[99956]: DEBUG nova.api.openstack.wsgi_app [None req-9baf5e5d-e6dd-45e8-95a4-10b52c5289bb None None] compute_driver = libvirt.LibvirtDriver {{(pid=99956) log_opt_values /opt/stack/data/venv/lib/python3.12/site-packages/oslo_config/cfg.py:2995}}
May 14 10:19:18.812059 np0000174139 devstack@n-api.service[99956]: DEBUG nova.api.openstack.wsgi_app [None req-9baf5e5d-e6dd-45e8-95a4-10b52c5289bb None None] compute_monitors = [] {{(pid=99956) log_opt_values /opt/stack/data/venv/lib/python3.12/site-packages/oslo_config/cfg.py:2995}}
May 14 10:19:18.812059 np0000174139 devstack@n-api.service[99956]: DEBUG nova.api.openstack.wsgi_app [None req-9baf5e5d-e6dd-45e8-95a4-10b52c5289bb None None] config_dir = [] {{(pid=99956) log_opt_values /opt/stack/data/venv/lib/python3.12/site-packages/oslo_config/cfg.py:2995}}
May 14 10:19:18.812394 np0000174139 devstack@n-api.service[99956]: DEBUG nova.api.openstack.wsgi_app [None req-9baf5e5d-e6dd-45e8-95a4-10b52c5289bb None None] config_drive_format = iso9660 {{(pid=99956) log_opt_values /opt/stack/data/venv/lib/python3.12/site-packages/oslo_config/cfg.py:2995}}
May 14 10:19:18.812394 np0000174139 devstack@n-api.service[99956]: DEBUG nova.api.openstack.wsgi_app [None req-9baf5e5d-e6dd-45e8-95a4-10b52c5289bb None None] config_file = ['/etc/nova/api-paste.ini', '/etc/nova/nova.conf'] {{(pid=99956) log_opt_values /opt/stack/data/venv/lib/python3.12/site-packages/oslo_config/cfg.py:2995}}
May 14 10:19:18.812594 np0000174139 devstack@n-api.service[99956]: DEBUG nova.api.openstack.wsgi_app [None req-9baf5e5d-e6dd-45e8-95a4-10b52c5289bb None None] config_source = [] {{(pid=99956) log_opt_values /opt/stack/data/venv/lib/python3.12/site-packages/oslo_config/cfg.py:2995}}
May 14 10:19:18.812594 np0000174139 devstack@n-api.service[99956]: DEBUG nova.api.openstack.wsgi_app [None req-9baf5e5d-e6dd-45e8-95a4-10b52c5289bb None None] console_host = np0000174139 {{(pid=99956) log_opt_values /opt/stack/data/venv/lib/python3.12/site-packages/oslo_config/cfg.py:2995}}
May 14 10:19:18.812738 np0000174139 devstack@n-api.service[99956]: DEBUG nova.api.openstack.wsgi_app [None req-9baf5e5d-e6dd-45e8-95a4-10b52c5289bb None None] control_exchange = nova {{(pid=99956) log_opt_values /opt/stack/data/venv/lib/python3.12/site-packages/oslo_config/cfg.py:2995}}
May 14 10:19:18.812969 np0000174139 devstack@n-api.service[99956]: DEBUG nova.api.openstack.wsgi_app [None req-9baf5e5d-e6dd-45e8-95a4-10b52c5289bb None None] cpu_allocation_ratio = None {{(pid=99956) log_opt_values /opt/stack/data/venv/lib/python3.12/site-packages/oslo_config/cfg.py:2995}}
May 14 10:19:18.812969 np0000174139 devstack@n-api.service[99956]: DEBUG nova.api.openstack.wsgi_app [None req-9baf5e5d-e6dd-45e8-95a4-10b52c5289bb None None] daemon = False {{(pid=99956) log_opt_values /opt/stack/data/venv/lib/python3.12/site-packages/oslo_config/cfg.py:2995}}
May 14 10:19:18.813284 np0000174139 devstack@n-api.service[99956]: DEBUG nova.api.openstack.wsgi_app [None req-9baf5e5d-e6dd-45e8-95a4-10b52c5289bb None None] debug = True {{(pid=99956) log_opt_values /opt/stack/data/venv/lib/python3.12/site-packages/oslo_config/cfg.py:2995}}
May 14 10:19:18.813284 np0000174139 devstack@n-api.service[99956]: DEBUG nova.api.openstack.wsgi_app [None req-9baf5e5d-e6dd-45e8-95a4-10b52c5289bb None None] default_access_ip_network_name = None {{(pid=99956) log_opt_values /opt/stack/data/venv/lib/python3.12/site-packages/oslo_config/cfg.py:2995}}
May 14 10:19:18.813791 np0000174139 devstack@n-api.service[99956]: DEBUG nova.api.openstack.wsgi_app [None req-9baf5e5d-e6dd-45e8-95a4-10b52c5289bb None None] default_availability_zone = nova {{(pid=99956) log_opt_values /opt/stack/data/venv/lib/python3.12/site-packages/oslo_config/cfg.py:2995}}
May 14 10:19:18.813791 np0000174139 devstack@n-api.service[99956]: DEBUG nova.api.openstack.wsgi_app [None req-9baf5e5d-e6dd-45e8-95a4-10b52c5289bb None None] default_ephemeral_format = ext4 {{(pid=99956) log_opt_values /opt/stack/data/venv/lib/python3.12/site-packages/oslo_config/cfg.py:2995}}
May 14 10:19:18.813791 np0000174139 devstack@n-api.service[99956]: DEBUG nova.api.openstack.wsgi_app [None req-9baf5e5d-e6dd-45e8-95a4-10b52c5289bb None None] default_green_pool_size = 1000 {{(pid=99956) log_opt_values /opt/stack/data/venv/lib/python3.12/site-packages/oslo_config/cfg.py:2995}}
May 14 10:19:18.813791 np0000174139 devstack@n-api.service[99956]: DEBUG nova.api.openstack.wsgi_app [None req-9baf5e5d-e6dd-45e8-95a4-10b52c5289bb None None] default_log_levels = ['amqp=WARN', 'boto=WARN', 'sqlalchemy=WARN', 'suds=INFO', 'oslo.messaging=INFO', 'oslo_messaging=INFO', 'iso8601=WARN', 'requests.packages.urllib3.connectionpool=WARN', 'urllib3.connectionpool=WARN', 'websocket=WARN', 'requests.packages.urllib3.util.retry=WARN', 'urllib3.util.retry=WARN', 'keystonemiddleware=WARN', 'routes.middleware=WARN', 'stevedore=WARN', 'taskflow=WARN', 'keystoneauth=WARN', 'oslo.cache=INFO', 'oslo_policy=INFO', 'dogpile.core.dogpile=INFO', 'glanceclient=WARN', 'oslo.privsep.daemon=INFO'] {{(pid=99956) log_opt_values /opt/stack/data/venv/lib/python3.12/site-packages/oslo_config/cfg.py:2995}}
May 14 10:19:18.814358 np0000174139 devstack@n-api.service[99956]: DEBUG nova.api.openstack.wsgi_app [None req-9baf5e5d-e6dd-45e8-95a4-10b52c5289bb None None] default_schedule_zone = None {{(pid=99956) log_opt_values /opt/stack/data/venv/lib/python3.12/site-packages/oslo_config/cfg.py:2995}}
May 14 10:19:18.814358 np0000174139 devstack@n-api.service[99956]: DEBUG nova.api.openstack.wsgi_app [None req-9baf5e5d-e6dd-45e8-95a4-10b52c5289bb None None] default_thread_pool_size = 10 {{(pid=99956) log_opt_values /opt/stack/data/venv/lib/python3.12/site-packages/oslo_config/cfg.py:2995}}
May 14 10:19:18.814358 np0000174139 devstack@n-api.service[99956]: DEBUG nova.api.openstack.wsgi_app [None req-9baf5e5d-e6dd-45e8-95a4-10b52c5289bb None None] disk_allocation_ratio = None {{(pid=99956) log_opt_values /opt/stack/data/venv/lib/python3.12/site-packages/oslo_config/cfg.py:2995}}
May 14 10:19:18.814358 np0000174139 devstack@n-api.service[99956]: DEBUG nova.api.openstack.wsgi_app [None req-9baf5e5d-e6dd-45e8-95a4-10b52c5289bb None None] enable_new_services = True {{(pid=99956) log_opt_values /opt/stack/data/venv/lib/python3.12/site-packages/oslo_config/cfg.py:2995}}
May 14 10:19:18.814358 np0000174139 devstack@n-api.service[99956]: DEBUG nova.api.openstack.wsgi_app [None req-9baf5e5d-e6dd-45e8-95a4-10b52c5289bb None None] flat_injected = False {{(pid=99956) log_opt_values /opt/stack/data/venv/lib/python3.12/site-packages/oslo_config/cfg.py:2995}}
May 14 10:19:18.814840 np0000174139 devstack@n-api.service[99956]: DEBUG nova.api.openstack.wsgi_app [None req-9baf5e5d-e6dd-45e8-95a4-10b52c5289bb None None] force_config_drive = False {{(pid=99956) log_opt_values /opt/stack/data/venv/lib/python3.12/site-packages/oslo_config/cfg.py:2995}}
May 14 10:19:18.814840 np0000174139 devstack@n-api.service[99956]: DEBUG nova.api.openstack.wsgi_app [None req-9baf5e5d-e6dd-45e8-95a4-10b52c5289bb None None] force_raw_images = True {{(pid=99956) log_opt_values /opt/stack/data/venv/lib/python3.12/site-packages/oslo_config/cfg.py:2995}}
May 14 10:19:18.814840 np0000174139 devstack@n-api.service[99956]: DEBUG nova.api.openstack.wsgi_app [None req-9baf5e5d-e6dd-45e8-95a4-10b52c5289bb None None] graceful_shutdown_timeout = 5 {{(pid=99956) log_opt_values /opt/stack/data/venv/lib/python3.12/site-packages/oslo_config/cfg.py:2995}}
May 14 10:19:18.815036 np0000174139 devstack@n-api.service[99956]: DEBUG nova.api.openstack.wsgi_app [None req-9baf5e5d-e6dd-45e8-95a4-10b52c5289bb None None] heal_instance_info_cache_interval = -1 {{(pid=99956) log_opt_values /opt/stack/data/venv/lib/python3.12/site-packages/oslo_config/cfg.py:2995}}
May 14 10:19:18.815036 np0000174139 devstack@n-api.service[99956]: DEBUG nova.api.openstack.wsgi_app [None req-9baf5e5d-e6dd-45e8-95a4-10b52c5289bb None None] host = np0000174139 {{(pid=99956) log_opt_values /opt/stack/data/venv/lib/python3.12/site-packages/oslo_config/cfg.py:2995}}
May 14 10:19:18.815134 np0000174139 devstack@n-api.service[99958]: DEBUG nova.api.openstack.wsgi_app [None req-5f6564b7-4402-41d7-97e7-382679c86e2b None None] ******************************************************************************** {{(pid=99958) log_opt_values /opt/stack/data/venv/lib/python3.12/site-packages/oslo_config/cfg.py:2979}}
May 14 10:19:18.815196 np0000174139 devstack@n-api.service[99956]: DEBUG nova.api.openstack.wsgi_app [None req-9baf5e5d-e6dd-45e8-95a4-10b52c5289bb None None] initial_cpu_allocation_ratio = 4.0 {{(pid=99956) log_opt_values /opt/stack/data/venv/lib/python3.12/site-packages/oslo_config/cfg.py:2995}}
