+ COMMAND=start + start + for KEYSTONE_WSGI_SCRIPT in keystone-wsgi-public ++ type -p keystone-wsgi-public + cp -a /var/lib/openstack/bin/keystone-wsgi-public /var/www/cgi-bin/keystone/ + '[' -f /etc/apache2/envvars ']' + source /etc/apache2/envvars ++ unset HOME ++ '[' '' '!=' '' ']' ++ SUFFIX= ++ export APACHE_RUN_USER=www-data ++ APACHE_RUN_USER=www-data ++ export APACHE_RUN_GROUP=www-data ++ APACHE_RUN_GROUP=www-data ++ export APACHE_PID_FILE=/var/run/apache2/apache2.pid ++ APACHE_PID_FILE=/var/run/apache2/apache2.pid ++ export APACHE_RUN_DIR=/var/run/apache2 ++ APACHE_RUN_DIR=/var/run/apache2 ++ export APACHE_LOCK_DIR=/var/lock/apache2 ++ APACHE_LOCK_DIR=/var/lock/apache2 ++ export APACHE_LOG_DIR=/var/log/apache2 ++ APACHE_LOG_DIR=/var/log/apache2 ++ export LANG=C ++ LANG=C ++ export LANG + '[' -f /var/run/apache2/apache2.pid ']' + exec apache2 -DFOREGROUND AH00558: apache2: Could not reliably determine the server's fully qualified domain name, using 10.0.0.112. Set the 'ServerName' directive globally to suppress this message AH00558: apache2: Could not reliably determine the server's fully qualified domain name, using 10.0.0.112. Set the 'ServerName' directive globally to suppress this message
[Sun Aug 30 01:34:39.496496 2026] [mpm_event:notice] [pid 1:tid 140528730691456] AH00489: Apache/2.4.58 (Ubuntu) mod_wsgi/5.0.0 Python/3.12 configured -- resuming normal operations
[Sun Aug 30 01:34:39.496636 2026] [core:notice] [pid 1:tid 140528730691456] AH00094: Command line: 'apache2 -D FOREGROUND'
[Sun Aug 30 01:35:36.922775 2026] [wsgi:error] [pid 9:tid 140528092870336] /var/lib/openstack/lib/python3.12/site-packages/oslo_utils/importutils.py:77: EventletDeprecationWarning:
[Sun Aug 30 01:35:36.922835 2026] [wsgi:error] [pid 9:tid 140528092870336] Eventlet is deprecated. It is currently being maintained in bugfix mode, and
[Sun Aug 30 01:35:36.922837 2026] [wsgi:error] [pid 9:tid 140528092870336] we strongly recommend against using it for new projects.
[Sun Aug 30 01:35:36.922839 2026] [wsgi:error] [pid 9:tid 140528092870336]
[Sun Aug 30 01:35:36.922840 2026] [wsgi:error] [pid 9:tid 140528092870336] If you are already using Eventlet, we recommend migrating to a different
[Sun Aug 30 01:35:36.922841 2026] [wsgi:error] [pid 9:tid 140528092870336] framework. For more detail see
[Sun Aug 30 01:35:36.922843 2026] [wsgi:error] [pid 9:tid 140528092870336] https://eventlet.readthedocs.io/en/latest/asyncio/migration.html
[Sun Aug 30 01:35:36.922844 2026] [wsgi:error] [pid 9:tid 140528092870336]
[Sun Aug 30 01:35:36.922846 2026] [wsgi:error] [pid 9:tid 140528092870336] __import__(import_str)
[Sun Aug 30 01:35:36.938470 2026] [wsgi:error] [pid 11:tid 140528092870336] /var/lib/openstack/lib/python3.12/site-packages/oslo_utils/importutils.py:77: EventletDeprecationWarning:
[Sun Aug 30 01:35:36.938525 2026] [wsgi:error] [pid 11:tid 140528092870336] Eventlet is deprecated. It is currently being maintained in bugfix mode, and
[Sun Aug 30 01:35:36.938527 2026] [wsgi:error] [pid 11:tid 140528092870336] we strongly recommend against using it for new projects.
[Sun Aug 30 01:35:36.938529 2026] [wsgi:error] [pid 11:tid 140528092870336]
[Sun Aug 30 01:35:36.938530 2026] [wsgi:error] [pid 11:tid 140528092870336] If you are already using Eventlet, we recommend migrating to a different
[Sun Aug 30 01:35:36.938532 2026] [wsgi:error] [pid 11:tid 140528092870336] framework. For more detail see
[Sun Aug 30 01:35:36.938533 2026] [wsgi:error] [pid 11:tid 140528092870336] https://eventlet.readthedocs.io/en/latest/asyncio/migration.html
[Sun Aug 30 01:35:36.938535 2026] [wsgi:error] [pid 11:tid 140528092870336]
[Sun Aug 30 01:35:36.938536 2026] [wsgi:error] [pid 11:tid 140528092870336] __import__(import_str) 10.0.0.204 - - [30/Aug/2026:01:35:36 +0000] "GET /v3/ HTTP/1.1" 200 250 10.0.0.204 - - [30/Aug/2026:01:35:36 +0000] "GET /v3/ HTTP/1.1" 200 250
[Sun Aug 30 01:35:49.403580 2026] [wsgi:error] [pid 12:tid 140528092870336] /var/lib/openstack/lib/python3.12/site-packages/oslo_utils/importutils.py:77: EventletDeprecationWarning:
[Sun Aug 30 01:35:49.403632 2026] [wsgi:error] [pid 12:tid 140528092870336] Eventlet is deprecated. It is currently being maintained in bugfix mode, and
[Sun Aug 30 01:35:49.403634 2026] [wsgi:error] [pid 12:tid 140528092870336] we strongly recommend against using it for new projects.
[Sun Aug 30 01:35:49.403635 2026] [wsgi:error] [pid 12:tid 140528092870336]
[Sun Aug 30 01:35:49.403636 2026] [wsgi:error] [pid 12:tid 140528092870336] If you are already using Eventlet, we recommend migrating to a different
[Sun Aug 30 01:35:49.403637 2026] [wsgi:error] [pid 12:tid 140528092870336] framework. For more detail see
[Sun Aug 30 01:35:49.403638 2026] [wsgi:error] [pid 12:tid 140528092870336] https://eventlet.readthedocs.io/en/latest/asyncio/migration.html
[Sun Aug 30 01:35:49.403639 2026] [wsgi:error] [pid 12:tid 140528092870336]
[Sun Aug 30 01:35:49.403640 2026] [wsgi:error] [pid 12:tid 140528092870336] __import__(import_str) 10.0.0.109 - - [30/Aug/2026:01:35:48 +0000] "GET / HTTP/1.1" 300 295
[Sun Aug 30 01:35:54.666457 2026] [wsgi:error] [pid 10:tid 140528092870336] /var/lib/openstack/lib/python3.12/site-packages/oslo_utils/importutils.py:77: EventletDeprecationWarning:
[Sun Aug 30 01:35:54.666607 2026] [wsgi:error] [pid 10:tid 140528092870336] Eventlet is deprecated. It is currently being maintained in bugfix mode, and
[Sun Aug 30 01:35:54.666621 2026] [wsgi:error] [pid 10:tid 140528092870336] we strongly recommend against using it for new projects.
[Sun Aug 30 01:35:54.666632 2026] [wsgi:error] [pid 10:tid 140528092870336]
[Sun Aug 30 01:35:54.666642 2026] [wsgi:error] [pid 10:tid 140528092870336] If you are already using Eventlet, we recommend migrating to a different
[Sun Aug 30 01:35:54.666652 2026] [wsgi:error] [pid 10:tid 140528092870336] framework. For more detail see
[Sun Aug 30 01:35:54.666662 2026] [wsgi:error] [pid 10:tid 140528092870336] https://eventlet.readthedocs.io/en/latest/asyncio/migration.html
[Sun Aug 30 01:35:54.666672 2026] [wsgi:error] [pid 10:tid 140528092870336]
[Sun Aug 30 01:35:54.666682 2026] [wsgi:error] [pid 10:tid 140528092870336] __import__(import_str)
[Sun Aug 30 01:35:59.338783 2026] [wsgi:error] [pid 10:tid 140528092870336] [remote 10.0.0.109:49590] 2026-08-30 01:35:59.336 10 WARNING keystone.identity.core [None req-78743151-82b9-4608-b584-f09debb5dc55 - - - - - -] Invalid domain name (atmosphere) found in config file name: keystone.exception.DomainNotFound: Could not find domain: atmosphere.
[Sun Aug 30 01:35:59.389109 2026] [wsgi:error] [pid 10:tid 140528092870336] [remote 10.0.0.109:49590] 2026-08-30 01:35:59.388 10 WARNING keystone.common.password_hashing [None req-78743151-82b9-4608-b584-f09debb5dc55 - - - - - -] Truncating password to algorithm specific maximum length 72 characters.
[Sun Aug 30 01:35:59.736996 2026] [wsgi:error] [pid 10:tid 140528092870336] [remote 10.0.0.109:49590] 2026-08-30 01:35:59.736 10 WARNING keystone.common.fernet_utils [None req-78743151-82b9-4608-b584-f09debb5dc55 - - - - - -] key_repository is world readable: /etc/keystone/fernet-keys/ 10.0.0.109 - - [30/Aug/2026:01:35:53 +0000] "POST /v3/auth/tokens HTTP/1.1" 201 1360
[Sun Aug 30 01:36:00.135023 2026] [wsgi:error] [pid 9:tid 140528092870336] [remote 10.0.0.109:49590] 2026-08-30 01:36:00.132 9 WARNING keystone.identity.core [None req-ef559453-106b-49a1-aeb5-975a60fb8b22 - - - - - -] Invalid domain name (atmosphere) found in config file name: keystone.exception.DomainNotFound: Could not find domain: atmosphere. 10.0.0.109 - - [30/Aug/2026:01:35:59 +0000] "POST /v3/domains HTTP/1.1" 201 261 10.0.0.217 - - [30/Aug/2026:01:36:12 +0000] "GET / HTTP/1.1" 300 295
[Sun Aug 30 01:36:13.410658 2026] [wsgi:error] [pid 12:tid 140528092870336] [remote 10.0.0.217:59716] 2026-08-30 01:36:13.410 12 WARNING keystone.common.password_hashing [None req-6760241c-0337-4d4f-9058-07e0480eeabe - - - - - -] Truncating password to algorithm specific maximum length 72 characters.
[Sun Aug 30 01:36:13.715911 2026] [wsgi:error] [pid 12:tid 140528092870336] [remote 10.0.0.217:59716] 2026-08-30 01:36:13.715 12 WARNING keystone.common.fernet_utils [None req-6760241c-0337-4d4f-9058-07e0480eeabe - - - - - -] key_repository is world readable: /etc/keystone/fernet-keys/ 10.0.0.217 - - [30/Aug/2026:01:36:12 +0000] "POST /v3/auth/tokens HTTP/1.1" 201 1360 10.0.0.217 - - [30/Aug/2026:01:36:13 +0000] "GET /v3/roles/admin HTTP/1.1" 404 83
[Sun Aug 30 01:36:14.010982 2026] [wsgi:error] [pid 9:tid 140528092870336] [remote 10.0.0.217:59716] 2026-08-30 01:36:14.010 9 WARNING keystone.common.rbac_enforcer.enforcer [None req-fe9a8fd7-2193-4402-8227-6e6e32d4512b cb4f010ed15e4da188c35037a89e6a4b 2935db4e2f19458d9f42a516c531590c - - default default] Deprecated policy rules found. Use oslopolicy-policy-generator and oslopolicy-policy-upgrade to detect and resolve deprecated policies in your configuration. 10.0.0.217 - - [30/Aug/2026:01:36:13 +0000] "GET /v3/roles?name=admin HTTP/1.1" 200 389
[Sun Aug 30 01:36:14.762973 2026] [wsgi:error] [pid 11:tid 140528092870336] [remote 10.0.0.217:59716] 2026-08-30 01:36:14.762 11 WARNING keystone.common.rbac_enforcer.enforcer [None req-a55eb078-731a-48e2-8e5a-812bfe45da5a cb4f010ed15e4da188c35037a89e6a4b 2935db4e2f19458d9f42a516c531590c - - default default] Deprecated policy rules found. Use oslopolicy-policy-generator and oslopolicy-policy-upgrade to detect and resolve deprecated policies in your configuration. 10.0.0.217 - - [30/Aug/2026:01:36:14 +0000] "GET /v3/users/admin-RegionOne HTTP/1.1" 404 93
[Sun Aug 30 01:36:14.931842 2026] [wsgi:error] [pid 12:tid 140528092870336] [remote 10.0.0.217:59716] 2026-08-30 01:36:14.931 12 WARNING keystone.common.rbac_enforcer.enforcer [None req-758d49c9-f8c9-4353-a3ac-916a05998f26 cb4f010ed15e4da188c35037a89e6a4b 2935db4e2f19458d9f42a516c531590c - - default default] Deprecated policy rules found. Use oslopolicy-policy-generator and oslopolicy-policy-upgrade to detect and resolve deprecated policies in your configuration. 10.0.0.217 - - [30/Aug/2026:01:36:14 +0000] "GET /v3/users?name=admin-RegionOne HTTP/1.1" 200 422
[Sun Aug 30 01:36:15.150890 2026] [wsgi:error] [pid 10:tid 140528092870336] [remote 10.0.0.217:59716] 2026-08-30 01:36:15.150 10 WARNING keystone.common.rbac_enforcer.enforcer [None req-7ba59324-dcda-482d-ad5c-743081a9a77e cb4f010ed15e4da188c35037a89e6a4b 2935db4e2f19458d9f42a516c531590c - - default default] Deprecated policy rules found. Use oslopolicy-policy-generator and oslopolicy-policy-upgrade to detect and resolve deprecated policies in your configuration. 10.0.0.217 - - [30/Aug/2026:01:36:14 +0000] "GET /v3/domains/default HTTP/1.1" 200 224 10.0.0.217 - - [30/Aug/2026:01:36:15 +0000] "PUT /v3/domains/default/users/cb4f010ed15e4da188c35037a89e6a4b/roles/75cc7f60d98b4d23ba6a022abb0175de HTTP/1.1" 204 - 10.0.0.204 - - [30/Aug/2026:01:36:25 +0000] "GET / HTTP/1.1" 300 281 10.0.0.204 - - [30/Aug/2026:01:36:27 +0000] "GET /v3 HTTP/1.1" 200 266
[Sun Aug 30 01:36:27.387421 2026] [wsgi:error] [pid 10:tid 140528092870336] [remote 10.0.0.204:50226] 2026-08-30 01:36:27.387 10 WARNING keystone.common.password_hashing [None req-e4c3a3d7-e4ea-4f50-af43-4422b2797bcf - - - - - -] Truncating password to algorithm specific maximum length 72 characters.
[Sun Aug 30 01:36:27.678407 2026] [wsgi:error] [pid 10:tid 140528092870336] [remote 10.0.0.204:50226] 2026-08-30 01:36:27.678 10 WARNING keystone.common.fernet_utils [None req-e4c3a3d7-e4ea-4f50-af43-4422b2797bcf - - - - - -] key_repository is world readable: /etc/keystone/fernet-keys/ 10.0.0.204 - - [30/Aug/2026:01:36:27 +0000] "POST /v3/auth/tokens HTTP/1.1" 201 1360 10.0.0.204 - - [30/Aug/2026:01:36:27 +0000] "GET / HTTP/1.1" 300 281 10.0.0.204 - - [30/Aug/2026:01:36:27 +0000] "GET /v3/domains/atmosphere HTTP/1.1" 404 90 10.0.0.204 - - [30/Aug/2026:01:36:28 +0000] "GET /v3/domains?name=atmosphere HTTP/1.1" 200 370 10.0.0.204 - - [30/Aug/2026:01:36:28 +0000] "GET /v3/domains/563832ed1eb448fb9d5fcf2104b9d819 HTTP/1.1" 200 247 10.0.0.204 - - [30/Aug/2026:01:36:29 +0000] "GET /v3 HTTP/1.1" 200 266
[Sun Aug 30 01:36:29.120313 2026] [wsgi:error] [pid 11:tid 140528092870336] [remote 10.0.0.204:50226] 2026-08-30 01:36:29.118 11 WARNING keystone.common.password_hashing [None req-b2a76633-95f9-4ecf-a7fd-ee245e57e025 - - - - - -] Truncating password to algorithm specific maximum length 72 characters.
[Sun Aug 30 01:36:29.448294 2026] [wsgi:error] [pid 11:tid 140528092870336] [remote 10.0.0.204:50226] 2026-08-30 01:36:29.448 11 WARNING keystone.common.fernet_utils [None req-b2a76633-95f9-4ecf-a7fd-ee245e57e025 - - - - - -] key_repository is world readable: /etc/keystone/fernet-keys/ 10.0.0.204 - - [30/Aug/2026:01:36:29 +0000] "POST /v3/auth/tokens HTTP/1.1" 201 1360 10.0.0.204 - - [30/Aug/2026:01:36:29 +0000] "GET / HTTP/1.1" 300 281 10.0.0.204 - - [30/Aug/2026:01:36:29 +0000] "GET /v3/OS-FEDERATION/identity_providers/atmosphere HTTP/1.1" 404 101 10.0.0.204 - - [30/Aug/2026:01:36:29 +0000] "GET /v3/OS-FEDERATION/identity_providers HTTP/1.1" 200 156 10.0.0.204 - - [30/Aug/2026:01:36:29 +0000] "PUT /v3/OS-FEDERATION/identity_providers/atmosphere HTTP/1.1" 201 342 10.0.0.204 - - [30/Aug/2026:01:36:30 +0000] "GET /v3 HTTP/1.1" 200 266
[Sun Aug 30 01:36:30.460755 2026] [wsgi:error] [pid 10:tid 140528092870336] [remote 10.0.0.204:44514] 2026-08-30 01:36:30.460 10 WARNING keystone.common.password_hashing [None req-d9cf7068-739f-4fb5-a696-6a2c0da77c33 - - - - - -] Truncating password to algorithm specific maximum length 72 characters.
[Sun Aug 30 01:36:30.775367 2026] [wsgi:error] [pid 10:tid 140528092870336] [remote 10.0.0.204:44514] 2026-08-30 01:36:30.775 10 WARNING keystone.common.fernet_utils [None req-d9cf7068-739f-4fb5-a696-6a2c0da77c33 - - - - - -] key_repository is world readable: /etc/keystone/fernet-keys/ 10.0.0.204 - - [30/Aug/2026:01:36:30 +0000] "POST /v3/auth/tokens HTTP/1.1" 201 1360 10.0.0.204 - - [30/Aug/2026:01:36:30 +0000] "GET / HTTP/1.1" 300 281 10.0.0.204 - - [30/Aug/2026:01:36:30 +0000] "GET /v3/OS-FEDERATION/mappings/atmosphere-openid HTTP/1.1" 404 98 10.0.0.204 - - [30/Aug/2026:01:36:30 +0000] "GET /v3/OS-FEDERATION/mappings HTTP/1.1" 200 136 10.0.0.204 - - [30/Aug/2026:01:36:30 +0000] "PUT /v3/OS-FEDERATION/mappings/atmosphere-openid HTTP/1.1" 201 357 10.0.0.204 - - [30/Aug/2026:01:36:31 +0000] "GET /v3 HTTP/1.1" 200 266
[Sun Aug 30 01:36:31.795749 2026] [wsgi:error] [pid 11:tid 140528092870336] [remote 10.0.0.204:50226] 2026-08-30 01:36:31.795 11 WARNING keystone.common.password_hashing [None req-0198300f-a31a-4cf6-a483-db254b80d6a1 - - - - - -] Truncating password to algorithm specific maximum length 72 characters.
[Sun Aug 30 01:36:32.137100 2026] [wsgi:error] [pid 11:tid 140528092870336] [remote 10.0.0.204:50226] 2026-08-30 01:36:32.136 11 WARNING keystone.common.fernet_utils [None req-0198300f-a31a-4cf6-a483-db254b80d6a1 - - - - - -] key_repository is world readable: /etc/keystone/fernet-keys/ 10.0.0.204 - - [30/Aug/2026:01:36:31 +0000] "POST /v3/auth/tokens HTTP/1.1" 201 1360 10.0.0.204 - - [30/Aug/2026:01:36:32 +0000] "GET / HTTP/1.1" 300 281 10.0.0.204 - - [30/Aug/2026:01:36:32 +0000] "GET /v3/OS-FEDERATION/identity_providers/atmosphere/protocols/openid?idp_id=atmosphere HTTP/1.1" 404 131 10.0.0.204 - - [30/Aug/2026:01:36:32 +0000] "GET /v3/OS-FEDERATION/identity_providers/atmosphere/protocols HTTP/1.1" 200 168 10.0.0.204 - - [30/Aug/2026:01:36:32 +0000] "PUT /v3/OS-FEDERATION/identity_providers/atmosphere/protocols/openid HTTP/1.1" 201 224 10.0.0.204 - - [30/Aug/2026:01:36:36 +0000] "GET /v3/ HTTP/1.1" 200 250 10.0.0.204 - - [30/Aug/2026:01:36:36 +0000] "GET /v3/ HTTP/1.1" 200 250 10.0.0.204 - - [30/Aug/2026:01:37:36 +0000] "GET /v3/ HTTP/1.1" 200 250 10.0.0.204 - - [30/Aug/2026:01:37:36 +0000] "GET /v3/ HTTP/1.1" 200 250 10.0.0.201 - - [30/Aug/2026:01:38:02 +0000] "GET / HTTP/1.1" 300 295
[Sun Aug 30 01:38:02.216134 2026] [wsgi:error] [pid 10:tid 140528092870336] [remote 10.0.0.201:55254] 2026-08-30 01:38:02.215 10 WARNING keystone.common.password_hashing [None req-aad17483-2d08-4831-9996-671ae279e6f6 - - - - - -] Truncating password to algorithm specific maximum length 72 characters.
[Sun Aug 30 01:38:02.550384 2026] [wsgi:error] [pid 10:tid 140528092870336] [remote 10.0.0.201:55254] 2026-08-30 01:38:02.550 10 WARNING keystone.common.fernet_utils [None req-aad17483-2d08-4831-9996-671ae279e6f6 - - - - - -] key_repository is world readable: /etc/keystone/fernet-keys/ 10.0.0.201 - - [30/Aug/2026:01:38:02 +0000] "POST /v3/auth/tokens HTTP/1.1" 201 1360 10.0.0.201 - - [30/Aug/2026:01:38:02 +0000] "GET /v3/services HTTP/1.1" 200 355 10.0.0.201 - - [30/Aug/2026:01:38:06 +0000] "GET / HTTP/1.1" 300 295
[Sun Aug 30 01:38:06.425370 2026] [wsgi:error] [pid 12:tid 140528092870336] [remote 10.0.0.201:55266] 2026-08-30 01:38:06.425 12 WARNING keystone.common.password_hashing [None req-0c2248c9-7073-43fc-b6fe-8ea35433308f - - - - - -] Truncating password to algorithm specific maximum length 72 characters.
[Sun Aug 30 01:38:06.740223 2026] [wsgi:error] [pid 12:tid 140528092870336] [remote 10.0.0.201:55266] 2026-08-30 01:38:06.740 12 WARNING keystone.common.fernet_utils [None req-0c2248c9-7073-43fc-b6fe-8ea35433308f - - - - - -] key_repository is world readable: /etc/keystone/fernet-keys/ 10.0.0.201 - - [30/Aug/2026:01:38:06 +0000] "POST /v3/auth/tokens HTTP/1.1" 201 1360 10.0.0.201 - - [30/Aug/2026:01:38:06 +0000] "GET /v3/services HTTP/1.1" 200 355 10.0.0.201 - - [30/Aug/2026:01:38:10 +0000] "GET / HTTP/1.1" 300 295
[Sun Aug 30 01:38:10.583229 2026] [wsgi:error] [pid 11:tid 140528092870336] [remote 10.0.0.201:45522] 2026-08-30 01:38:10.581 11 WARNING keystone.common.password_hashing [None req-3c636255-1763-4c06-894f-537b7b9fdabf - - - - - -] Truncating password to algorithm specific maximum length 72 characters.
[Sun Aug 30 01:38:10.887427 2026] [wsgi:error] [pid 11:tid 140528092870336] [remote 10.0.0.201:45522] 2026-08-30 01:38:10.887 11 WARNING keystone.common.fernet_utils [None req-3c636255-1763-4c06-894f-537b7b9fdabf - - - - - -] key_repository is world readable: /etc/keystone/fernet-keys/ 10.0.0.201 - - [30/Aug/2026:01:38:10 +0000] "POST /v3/auth/tokens HTTP/1.1" 201 1360 10.0.0.201 - - [30/Aug/2026:01:38:11 +0000] "GET /v3/services HTTP/1.1" 200 355 10.0.0.201 - - [30/Aug/2026:01:38:14 +0000] "GET / HTTP/1.1" 300 295
[Sun Aug 30 01:38:14.767075 2026] [wsgi:error] [pid 9:tid 140528092870336] [remote 10.0.0.201:45538] 2026-08-30 01:38:14.766 9 WARNING keystone.common.password_hashing [None req-99cdecc9-97e0-41ff-96c2-e0e400869248 - - - - - -] Truncating password to algorithm specific maximum length 72 characters.
[Sun Aug 30 01:38:15.057103 2026] [wsgi:error] [pid 9:tid 140528092870336] [remote 10.0.0.201:45538] 2026-08-30 01:38:15.056 9 WARNING keystone.common.fernet_utils [None req-99cdecc9-97e0-41ff-96c2-e0e400869248 - - - - - -] key_repository is world readable: /etc/keystone/fernet-keys/ 10.0.0.201 - - [30/Aug/2026:01:38:14 +0000] "POST /v3/auth/tokens HTTP/1.1" 201 1360 10.0.0.201 - - [30/Aug/2026:01:38:15 +0000] "POST /v3/services HTTP/1.1" 201 296 10.0.0.205 - - [30/Aug/2026:01:38:27 +0000] "GET / HTTP/1.1" 300 295
[Sun Aug 30 01:38:27.365417 2026] [wsgi:error] [pid 10:tid 140528092870336] [remote 10.0.0.205:50458] 2026-08-30 01:38:27.365 10 WARNING keystone.common.password_hashing [None req-b939df13-060e-41d9-b83f-a31e7b769b85 - - - - - -] Truncating password to algorithm specific maximum length 72 characters. 10.0.0.205 - - [30/Aug/2026:01:38:27 +0000] "GET / HTTP/1.1" 300 295
[Sun Aug 30 01:38:27.454913 2026] [wsgi:error] [pid 11:tid 140528092870336] [remote 10.0.0.205:50460] 2026-08-30 01:38:27.454 11 WARNING keystone.common.password_hashing [None req-9c065f69-d744-4dfe-908b-5d4fd156d6a4 - - - - - -] Truncating password to algorithm specific maximum length 72 characters.
[Sun Aug 30 01:38:27.662762 2026] [wsgi:error] [pid 10:tid 140528092870336] [remote 10.0.0.205:50458] 2026-08-30 01:38:27.662 10 WARNING keystone.common.fernet_utils [None req-b939df13-060e-41d9-b83f-a31e7b769b85 - - - - - -] key_repository is world readable: /etc/keystone/fernet-keys/ 10.0.0.205 - - [30/Aug/2026:01:38:27 +0000] "POST /v3/auth/tokens HTTP/1.1" 201 1464 10.0.0.205 - - [30/Aug/2026:01:38:27 +0000] "GET / HTTP/1.1" 300 295
[Sun Aug 30 01:38:27.705887 2026] [wsgi:error] [pid 9:tid 140528092870336] [remote 10.0.0.205:50468] 2026-08-30 01:38:27.705 9 WARNING keystone.common.password_hashing [None req-ba07868c-8bc2-40d5-90c5-0a9c7fc03053 - - - - - -] Truncating password to algorithm specific maximum length 72 characters.
[Sun Aug 30 01:38:27.753609 2026] [wsgi:error] [pid 11:tid 140528092870336] [remote 10.0.0.205:50460] 2026-08-30 01:38:27.753 11 WARNING keystone.common.fernet_utils [None req-9c065f69-d744-4dfe-908b-5d4fd156d6a4 - - - - - -] key_repository is world readable: /etc/keystone/fernet-keys/ 10.0.0.205 - - [30/Aug/2026:01:38:27 +0000] "POST /v3/auth/tokens HTTP/1.1" 201 1464 10.0.0.205 - - [30/Aug/2026:01:38:27 +0000] "GET /v3/services HTTP/1.1" 200 639 10.0.0.205 - - [30/Aug/2026:01:38:27 +0000] "GET /v3/services HTTP/1.1" 200 639
[Sun Aug 30 01:38:27.995561 2026] [wsgi:error] [pid 9:tid 140528092870336] [remote 10.0.0.205:50468] 2026-08-30 01:38:27.995 9 WARNING keystone.common.fernet_utils [None req-ba07868c-8bc2-40d5-90c5-0a9c7fc03053 - - - - - -] key_repository is world readable: /etc/keystone/fernet-keys/ 10.0.0.205 - - [30/Aug/2026:01:38:27 +0000] "POST /v3/auth/tokens HTTP/1.1" 201 1464 10.0.0.205 - - [30/Aug/2026:01:38:28 +0000] "GET /v3/services HTTP/1.1" 200 639 10.0.0.205 - - [30/Aug/2026:01:38:29 +0000] "GET / HTTP/1.1" 300 295 10.0.0.205 - - [30/Aug/2026:01:38:29 +0000] "GET / HTTP/1.1" 300 295
[Sun Aug 30 01:38:29.689588 2026] [wsgi:error] [pid 12:tid 140528092870336] [remote 10.0.0.205:50470] 2026-08-30 01:38:29.689 12 WARNING keystone.common.password_hashing [None req-23ba5614-f3d7-41a0-ba6b-bfbb95b1f413 - - - - - -] Truncating password to algorithm specific maximum length 72 characters.
[Sun Aug 30 01:38:29.695529 2026] [wsgi:error] [pid 11:tid 140528092870336] [remote 10.0.0.205:50476] 2026-08-30 01:38:29.695 11 WARNING keystone.common.password_hashing [None req-3083dd04-fe8d-4dff-a6a1-07abe218a343 - - - - - -] Truncating password to algorithm specific maximum length 72 characters. 10.0.0.205 - - [30/Aug/2026:01:38:29 +0000] "GET / HTTP/1.1" 300 295
[Sun Aug 30 01:38:29.948195 2026] [wsgi:error] [pid 9:tid 140528092870336] [remote 10.0.0.205:50488] 2026-08-30 01:38:29.947 9 WARNING keystone.common.password_hashing [None req-a4fcd34e-8934-4f6c-9bb2-3526f6aa0f32 - - - - - -] Truncating password to algorithm specific maximum length 72 characters.
[Sun Aug 30 01:38:29.987566 2026] [wsgi:error] [pid 11:tid 140528092870336] [remote 10.0.0.205:50476] 2026-08-30 01:38:29.987 11 WARNING keystone.common.fernet_utils [None req-3083dd04-fe8d-4dff-a6a1-07abe218a343 - - - - - -] key_repository is world readable: /etc/keystone/fernet-keys/ 10.0.0.205 - - [30/Aug/2026:01:38:29 +0000] "POST /v3/auth/tokens HTTP/1.1" 201 1464
[Sun Aug 30 01:38:29.998313 2026] [wsgi:error] [pid 12:tid 140528092870336] [remote 10.0.0.205:50470] 2026-08-30 01:38:29.998 12 WARNING keystone.common.fernet_utils [None req-23ba5614-f3d7-41a0-ba6b-bfbb95b1f413 - - - - - -] key_repository is world readable: /etc/keystone/fernet-keys/ 10.0.0.205 - - [30/Aug/2026:01:38:29 +0000] "POST /v3/auth/tokens HTTP/1.1" 201 1464 10.0.0.205 - - [30/Aug/2026:01:38:30 +0000] "GET /v3/endpoints HTTP/1.1" 200 1227 10.0.0.205 - - [30/Aug/2026:01:38:30 +0000] "GET /v3/endpoints HTTP/1.1" 200 1227 10.0.0.205 - - [30/Aug/2026:01:38:30 +0000] "GET /v3/services/e3f98fcbac8e4d6d80ceba4d366b9eb9 HTTP/1.1" 200 233 10.0.0.205 - - [30/Aug/2026:01:38:30 +0000] "GET /v3/services/e3f98fcbac8e4d6d80ceba4d366b9eb9 HTTP/1.1" 200 233 10.0.0.205 - - [30/Aug/2026:01:38:30 +0000] "GET /v3/services/e3f98fcbac8e4d6d80ceba4d366b9eb9 HTTP/1.1" 200 233 10.0.0.205 - - [30/Aug/2026:01:38:30 +0000] "GET /v3/services/e3f98fcbac8e4d6d80ceba4d366b9eb9 HTTP/1.1" 200 233 10.0.0.205 - - [30/Aug/2026:01:38:30 +0000] "GET /v3/services/e3f98fcbac8e4d6d80ceba4d366b9eb9 HTTP/1.1" 200 233 10.0.0.205 - - [30/Aug/2026:01:38:30 +0000] "GET /v3/services/e3f98fcbac8e4d6d80ceba4d366b9eb9 HTTP/1.1" 200 233
[Sun Aug 30 01:38:30.240545 2026] [wsgi:error] [pid 9:tid 140528092870336] [remote 10.0.0.205:50488] 2026-08-30 01:38:30.240 9 WARNING keystone.common.fernet_utils [None req-a4fcd34e-8934-4f6c-9bb2-3526f6aa0f32 - - - - - -] key_repository is world readable: /etc/keystone/fernet-keys/ 10.0.0.205 - - [30/Aug/2026:01:38:29 +0000] "POST /v3/auth/tokens HTTP/1.1" 201 1464 10.0.0.205 - - [30/Aug/2026:01:38:30 +0000] "GET /v3/endpoints HTTP/1.1" 200 1227 10.0.0.205 - - [30/Aug/2026:01:38:30 +0000] "GET /v3/services/e3f98fcbac8e4d6d80ceba4d366b9eb9 HTTP/1.1" 200 233 10.0.0.205 - - [30/Aug/2026:01:38:30 +0000] "GET /v3/services/e3f98fcbac8e4d6d80ceba4d366b9eb9 HTTP/1.1" 200 233 10.0.0.205 - - [30/Aug/2026:01:38:30 +0000] "GET /v3/services/e3f98fcbac8e4d6d80ceba4d366b9eb9 HTTP/1.1" 200 233 10.0.0.205 - - [30/Aug/2026:01:38:31 +0000] "GET / HTTP/1.1" 300 295
[Sun Aug 30 01:38:31.819341 2026] [wsgi:error] [pid 11:tid 140528092870336] [remote 10.0.0.205:44156] 2026-08-30 01:38:31.819 11 WARNING keystone.common.password_hashing [None req-e0a3a1be-a96d-4750-a0b0-a4616c9e0039 - - - - - -] Truncating password to algorithm specific maximum length 72 characters. 10.0.0.205 - - [30/Aug/2026:01:38:31 +0000] "GET / HTTP/1.1" 300 295
[Sun Aug 30 01:38:31.866807 2026] [wsgi:error] [pid 9:tid 140528092870336] [remote 10.0.0.205:44162] 2026-08-30 01:38:31.866 9 WARNING keystone.common.password_hashing [None req-2c412c0a-58f6-41c4-b717-9d85ac1f313d - - - - - -] Truncating password to algorithm specific maximum length 72 characters.
[Sun Aug 30 01:38:32.171588 2026] [wsgi:error] [pid 9:tid 140528092870336] [remote 10.0.0.205:44162] 2026-08-30 01:38:32.171 9 WARNING keystone.common.fernet_utils [None req-2c412c0a-58f6-41c4-b717-9d85ac1f313d - - - - - -] key_repository is world readable: /etc/keystone/fernet-keys/ 10.0.0.205 - - [30/Aug/2026:01:38:31 +0000] "POST /v3/auth/tokens HTTP/1.1" 201 1464 10.0.0.205 - - [30/Aug/2026:01:38:32 +0000] "GET / HTTP/1.1" 300 295
[Sun Aug 30 01:38:32.198585 2026] [wsgi:error] [pid 11:tid 140528092870336] [remote 10.0.0.205:44156] 2026-08-30 01:38:32.198 11 WARNING keystone.common.fernet_utils [None req-e0a3a1be-a96d-4750-a0b0-a4616c9e0039 - - - - - -] key_repository is world readable: /etc/keystone/fernet-keys/ 10.0.0.205 - - [30/Aug/2026:01:38:31 +0000] "POST /v3/auth/tokens HTTP/1.1" 201 1464
[Sun Aug 30 01:38:32.215191 2026] [wsgi:error] [pid 12:tid 140528092870336] [remote 10.0.0.205:44172] 2026-08-30 01:38:32.214 12 WARNING keystone.common.password_hashing [None req-1a3d4b23-4d3e-4c69-9c6d-3d873af1a445 - - - - - -] Truncating password to algorithm specific maximum length 72 characters. 10.0.0.205 - - [30/Aug/2026:01:38:32 +0000] "GET /v3/services/00360d5774da4be9b3a7d395cb7c5dcd HTTP/1.1" 200 296 10.0.0.205 - - [30/Aug/2026:01:38:32 +0000] "GET /v3/regions/RegionOne HTTP/1.1" 200 173 10.0.0.205 - - [30/Aug/2026:01:38:32 +0000] "GET /v3/services/00360d5774da4be9b3a7d395cb7c5dcd HTTP/1.1" 200 296 10.0.0.205 - - [30/Aug/2026:01:38:32 +0000] "GET /v3/regions/RegionOne HTTP/1.1" 200 173 10.0.0.205 - - [30/Aug/2026:01:38:32 +0000] "POST /v3/endpoints HTTP/1.1" 201 380 10.0.0.205 - - [30/Aug/2026:01:38:32 +0000] "POST /v3/endpoints HTTP/1.1" 201 383
[Sun Aug 30 01:38:32.581729 2026] [wsgi:error] [pid 12:tid 140528092870336] [remote 10.0.0.205:44172] 2026-08-30 01:38:32.581 12 WARNING keystone.common.fernet_utils [None req-1a3d4b23-4d3e-4c69-9c6d-3d873af1a445 - - - - - -] key_repository is world readable: /etc/keystone/fernet-keys/ 10.0.0.205 - - [30/Aug/2026:01:38:32 +0000] "POST /v3/auth/tokens HTTP/1.1" 201 1823 10.0.0.205 - - [30/Aug/2026:01:38:32 +0000] "GET /v3/services/00360d5774da4be9b3a7d395cb7c5dcd HTTP/1.1" 200 296 10.0.0.205 - - [30/Aug/2026:01:38:32 +0000] "GET /v3/regions/RegionOne HTTP/1.1" 200 173 10.0.0.205 - - [30/Aug/2026:01:38:32 +0000] "POST /v3/endpoints HTTP/1.1" 201 370 10.0.0.205 - - [30/Aug/2026:01:38:34 +0000] "GET / HTTP/1.1" 300 295
[Sun Aug 30 01:38:34.046723 2026] [wsgi:error] [pid 11:tid 140528092870336] [remote 10.0.0.205:44184] 2026-08-30 01:38:34.046 11 WARNING keystone.common.password_hashing [None req-92839b63-2f6b-4cdc-8d07-c3a27271d9ff - - - - - -] Truncating password to algorithm specific maximum length 72 characters. 10.0.0.205 - - [30/Aug/2026:01:38:34 +0000] "GET / HTTP/1.1" 300 295
[Sun Aug 30 01:38:34.234294 2026] [wsgi:error] [pid 10:tid 140528092870336] [remote 10.0.0.205:44190] 2026-08-30 01:38:34.233 10 WARNING keystone.common.password_hashing [None req-d7aef1df-64a1-4d55-b476-541f0d729d1f - - - - - -] Truncating password to algorithm specific maximum length 72 characters.
[Sun Aug 30 01:38:34.405265 2026] [wsgi:error] [pid 11:tid 140528092870336] [remote 10.0.0.205:44184] 2026-08-30 01:38:34.404 11 WARNING keystone.common.fernet_utils [None req-92839b63-2f6b-4cdc-8d07-c3a27271d9ff - - - - - -] key_repository is world readable: /etc/keystone/fernet-keys/ 10.0.0.205 - - [30/Aug/2026:01:38:34 +0000] "POST /v3/auth/tokens HTTP/1.1" 201 1992 10.0.0.205 - - [30/Aug/2026:01:38:34 +0000] "GET / HTTP/1.1" 300 295
[Sun Aug 30 01:38:34.507420 2026] [wsgi:error] [pid 9:tid 140528092870336] [remote 10.0.0.205:44202] 2026-08-30 01:38:34.506 9 WARNING keystone.common.password_hashing [None req-a3a2a14f-deef-4c0c-afe1-531429f04934 - - - - - -] Truncating password to algorithm specific maximum length 72 characters.
[Sun Aug 30 01:38:34.532450 2026] [wsgi:error] [pid 10:tid 140528092870336] [remote 10.0.0.205:44190] 2026-08-30 01:38:34.532 10 WARNING keystone.common.fernet_utils [None req-d7aef1df-64a1-4d55-b476-541f0d729d1f - - - - - -] key_repository is world readable: /etc/keystone/fernet-keys/ 10.0.0.205 - - [30/Aug/2026:01:38:34 +0000] "POST /v3/auth/tokens HTTP/1.1" 201 1992 10.0.0.205 - - [30/Aug/2026:01:38:34 +0000] "GET /v3/endpoints/7923fc85e60f4c92b8bd3cf0aa874a2b HTTP/1.1" 200 380 10.0.0.205 - - [30/Aug/2026:01:38:34 +0000] "GET /v3/services/00360d5774da4be9b3a7d395cb7c5dcd HTTP/1.1" 200 296 10.0.0.205 - - [30/Aug/2026:01:38:34 +0000] "GET /v3/endpoints/8b63fc2bf2574b04b4b66066f0951dac HTTP/1.1" 200 383 10.0.0.205 - - [30/Aug/2026:01:38:34 +0000] "GET /v3/services/00360d5774da4be9b3a7d395cb7c5dcd HTTP/1.1" 200 296
[Sun Aug 30 01:38:34.798005 2026] [wsgi:error] [pid 9:tid 140528092870336] [remote 10.0.0.205:44202] 2026-08-30 01:38:34.797 9 WARNING keystone.common.fernet_utils [None req-a3a2a14f-deef-4c0c-afe1-531429f04934 - - - - - -] key_repository is world readable: /etc/keystone/fernet-keys/ 10.0.0.205 - - [30/Aug/2026:01:38:34 +0000] "POST /v3/auth/tokens HTTP/1.1" 201 1992 10.0.0.205 - - [30/Aug/2026:01:38:34 +0000] "GET /v3/endpoints/f80fd522afd044c4a393da71489cda27 HTTP/1.1" 200 370 10.0.0.205 - - [30/Aug/2026:01:38:34 +0000] "GET /v3/services/00360d5774da4be9b3a7d395cb7c5dcd HTTP/1.1" 200 296 10.0.0.204 - - [30/Aug/2026:01:38:36 +0000] "GET /v3/ HTTP/1.1" 200 250 10.0.0.204 - - [30/Aug/2026:01:38:36 +0000] "GET /v3/ HTTP/1.1" 200 250 10.0.0.209 - - [30/Aug/2026:01:38:47 +0000] "GET / HTTP/1.1" 300 295
[Sun Aug 30 01:38:47.662056 2026] [wsgi:error] [pid 10:tid 140528092870336] [remote 10.0.0.209:59838] 2026-08-30 01:38:47.661 10 WARNING keystone.common.password_hashing [None req-ffc92ed0-3d40-4c6f-8416-52bf9c5237ca - - - - - -] Truncating password to algorithm specific maximum length 72 characters.
[Sun Aug 30 01:38:47.984933 2026] [wsgi:error] [pid 10:tid 140528092870336] [remote 10.0.0.209:59838] 2026-08-30 01:38:47.984 10 WARNING keystone.common.fernet_utils [None req-ffc92ed0-3d40-4c6f-8416-52bf9c5237ca - - - - - -] key_repository is world readable: /etc/keystone/fernet-keys/ 10.0.0.209 - - [30/Aug/2026:01:38:47 +0000] "POST /v3/auth/tokens HTTP/1.1" 201 1992 10.0.0.209 - - [30/Aug/2026:01:38:48 +0000] "POST /v3/domains HTTP/1.1" 201 284 10.0.0.209 - - [30/Aug/2026:01:38:49 +0000] "GET / HTTP/1.1" 300 295
[Sun Aug 30 01:38:49.872517 2026] [wsgi:error] [pid 12:tid 140528092870336] [remote 10.0.0.209:59850] 2026-08-30 01:38:49.872 12 WARNING keystone.common.password_hashing [None req-8813d742-2957-47ff-aa3e-fe92740b1665 - - - - - -] Truncating password to algorithm specific maximum length 72 characters.
[Sun Aug 30 01:38:50.167242 2026] [wsgi:error] [pid 12:tid 140528092870336] [remote 10.0.0.209:59850] 2026-08-30 01:38:50.167 12 WARNING keystone.common.fernet_utils [None req-8813d742-2957-47ff-aa3e-fe92740b1665 - - - - - -] key_repository is world readable: /etc/keystone/fernet-keys/ 10.0.0.209 - - [30/Aug/2026:01:38:49 +0000] "POST /v3/auth/tokens HTTP/1.1" 201 1992
[Sun Aug 30 01:38:50.377495 2026] [wsgi:error] [pid 10:tid 140528092870336] [remote 10.0.0.209:59850] 2026-08-30 01:38:50.350 10 ERROR keystone.server.flask.application [None req-cf92d13c-bb26-4b8c-86fd-aa25601bb5e7 cb4f010ed15e4da188c35037a89e6a4b 2935db4e2f19458d9f42a516c531590c - - default default] Conflict occurred attempting to store project - it is not permitted to have two projects acting as domains with the same name: service.: keystone.exception.Conflict: Conflict occurred attempting to store project - it is not permitted to have two projects acting as domains with the same name: service.
[Sun Aug 30 01:38:50.377542 2026] [wsgi:error] [pid 10:tid 140528092870336] [remote 10.0.0.209:59850] 2026-08-30 01:38:50.350 10 ERROR keystone.server.flask.application
Traceback (most recent call last):
[Sun Aug 30 01:38:50.377545 2026] [wsgi:error] [pid 10:tid 140528092870336] [remote 10.0.0.209:59850] 2026-08-30 01:38:50.350 10 ERROR keystone.server.flask.application
File "/var/lib/openstack/lib/python3.12/site-packages/sqlalchemy/engine/base.py", line 1969, in _exec_single_context
[Sun Aug 30 01:38:50.377548 2026] [wsgi:error] [pid 10:tid 140528092870336] [remote 10.0.0.209:59850] 2026-08-30 01:38:50.350 10 ERROR keystone.server.flask.application self.dialect.do_execute(
[Sun Aug 30 01:38:50.377550 2026] [wsgi:error] [pid 10:tid 140528092870336] [remote 10.0.0.209:59850] 2026-08-30 01:38:50.350 10 ERROR keystone.server.flask.application
File "/var/lib/openstack/lib/python3.12/site-packages/sqlalchemy/engine/default.py", line 952, in do_execute
[Sun Aug 30 01:38:50.377553 2026] [wsgi:error] [pid 10:tid 140528092870336] [remote 10.0.0.209:59850] 2026-08-30 01:38:50.350 10 ERROR keystone.server.flask.application cursor.execute(statement, parameters)
[Sun Aug 30 01:38:50.377556 2026] [wsgi:error] [pid 10:tid 140528092870336] [remote 10.0.0.209:59850] 2026-08-30 01:38:50.350 10 ERROR keystone.server.flask.application
File "/var/lib/openstack/lib/python3.12/site-packages/pymysql/cursors.py", line 159, in execute
[Sun Aug 30 01:38:50.377558 2026] [wsgi:error] [pid 10:tid 140528092870336] [remote 10.0.0.209:59850] 2026-08-30 01:38:50.350 10 ERROR keystone.server.flask.application result = self._query(query)
[Sun Aug 30 01:38:50.377560 2026] [wsgi:error] [pid 10:tid 140528092870336] [remote 10.0.0.209:59850] 2026-08-30 01:38:50.350 10 ERROR keystone.server.flask.application ^^^^^^^^^^^^^^^^^^
[Sun Aug 30 01:38:50.377562 2026] [wsgi:error] [pid 10:tid 140528092870336] [remote 10.0.0.209:59850] 2026-08-30 01:38:50.350 10 ERROR keystone.server.flask.application
File "/var/lib/openstack/lib/python3.12/site-packages/pymysql/cursors.py", line 330, in _query
[Sun Aug 30 01:38:50.377565 2026] [wsgi:error] [pid 10:tid 140528092870336] [remote 10.0.0.209:59850] 2026-08-30 01:38:50.350 10 ERROR keystone.server.flask.application conn.query(q)
[Sun Aug 30 01:38:50.377568 2026] [wsgi:error] [pid 10:tid 140528092870336] [remote 10.0.0.209:59850] 2026-08-30 01:38:50.350 10 ERROR keystone.server.flask.application
File "/var/lib/openstack/lib/python3.12/site-packages/pymysql/connections.py", line 582, in query
[Sun Aug 30 01:38:50.377571 2026] [wsgi:error] [pid 10:tid 140528092870336] [remote 10.0.0.209:59850] 2026-08-30 01:38:50.350 10 ERROR keystone.server.flask.application self._affected_rows = self._read_query_result(unbuffered=unbuffered)
[Sun Aug 30 01:38:50.377573 2026] [wsgi:error] [pid 10:tid 140528092870336] [remote 10.0.0.209:59850] 2026-08-30 01:38:50.350 10 ERROR keystone.server.flask.application ^^^^^^^^^^^^^^^^^^^^^^^^^^^^^^^^^^^^^^^^^^^^^^
[Sun Aug 30 01:38:50.377575 2026] [wsgi:error] [pid 10:tid 140528092870336] [remote 10.0.0.209:59850] 2026-08-30 01:38:50.350 10 ERROR keystone.server.flask.application
File "/var/lib/openstack/lib/python3.12/site-packages/pymysql/connections.py", line 847, in _read_query_result
[Sun Aug 30 01:38:50.377578 2026] [wsgi:error] [pid 10:tid 140528092870336] [remote 10.0.0.209:59850] 2026-08-30 01:38:50.350 10 ERROR keystone.server.flask.application result.read()
[Sun Aug 30 01:38:50.377584 2026] [wsgi:error] [pid 10:tid 140528092870336] [remote 10.0.0.209:59850] 2026-08-30 01:38:50.350 10 ERROR keystone.server.flask.application
File "/var/lib/openstack/lib/python3.12/site-packages/pymysql/connections.py", line 1245, in read
[Sun Aug 30 01:38:50.377586 2026] [wsgi:error] [pid 10:tid 140528092870336] [remote 10.0.0.209:59850] 2026-08-30 01:38:50.350 10 ERROR keystone.server.flask.application first_packet = self.connection._read_packet()
[Sun Aug 30 01:38:50.377588 2026] [wsgi:error] [pid 10:tid 140528092870336] [remote 10.0.0.209:59850] 2026-08-30 01:38:50.350 10 ERROR keystone.server.flask.application ^^^^^^^^^^^^^^^^^^^^^^^^^^^^^^
[Sun Aug 30 01:38:50.377590 2026] [wsgi:error] [pid 10:tid 140528092870336] [remote 10.0.0.209:59850] 2026-08-30 01:38:50.350 10 ERROR keystone.server.flask.application
File "/var/lib/openstack/lib/python3.12/site-packages/pymysql/connections.py", line 803, in _read_packet
[Sun Aug 30 01:38:50.377592 2026] [wsgi:error] [pid 10:tid 140528092870336] [remote 10.0.0.209:59850] 2026-08-30 01:38:50.350 10 ERROR keystone.server.flask.application packet.raise_for_error()
[Sun Aug 30 01:38:50.377594 2026] [wsgi:error] [pid 10:tid 140528092870336] [remote 10.0.0.209:59850] 2026-08-30 01:38:50.350 10 ERROR keystone.server.flask.application
File "/var/lib/openstack/lib/python3.12/site-packages/pymysql/protocol.py", line 219, in raise_for_error
[Sun Aug 30 01:38:50.377596 2026] [wsgi:error] [pid 10:tid 140528092870336] [remote 10.0.0.209:59850] 2026-08-30 01:38:50.350 10 ERROR keystone.server.flask.application err.raise_mysql_exception(self._data)
[Sun Aug 30 01:38:50.377598 2026] [wsgi:error] [pid 10:tid 140528092870336] [remote 10.0.0.209:59850] 2026-08-30 01:38:50.350 10 ERROR keystone.server.flask.application
File "/var/lib/openstack/lib/python3.12/site-packages/pymysql/err.py", line 154, in raise_mysql_exception
[Sun Aug 30 01:38:50.377610 2026] [wsgi:error] [pid 10:tid 140528092870336] [remote 10.0.0.209:59850] 2026-08-30 01:38:50.350 10 ERROR keystone.server.flask.application raise errorclass(errno, errval, sqlstate=sqlstate)
[Sun Aug 30 01:38:50.377613 2026] [wsgi:error] [pid 10:tid 140528092870336] [remote 10.0.0.209:59850] 2026-08-30 01:38:50.350 10 ERROR keystone.server.flask.application pymysql.err.IntegrityError: (1062, "Duplicate entry '<>-service' for key 'project.ixu_project_name_domain_id'")
[Sun Aug 30 01:38:50.377616 2026] [wsgi:error] [pid 10:tid 140528092870336] [remote 10.0.0.209:59850] 2026-08-30 01:38:50.350 10 ERROR keystone.server.flask.application
[Sun Aug 30 01:38:50.377618 2026] [wsgi:error] [pid 10:tid 140528092870336] [remote 10.0.0.209:59850] 2026-08-30 01:38:50.350 10 ERROR keystone.server.flask.application The above exception was the direct cause of the following exception:
[Sun Aug 30 01:38:50.377620 2026] [wsgi:error] [pid 10:tid 140528092870336] [remote 10.0.0.209:59850] 2026-08-30 01:38:50.350 10 ERROR keystone.server.flask.application
[Sun Aug 30 01:38:50.377623 2026] [wsgi:error] [pid 10:tid 140528092870336] [remote 10.0.0.209:59850] 2026-08-30 01:38:50.350 10 ERROR keystone.server.flask.application
Traceback (most recent call last):
[Sun Aug 30 01:38:50.377625 2026] [wsgi:error] [pid 10:tid 140528092870336] [remote 10.0.0.209:59850] 2026-08-30 01:38:50.350 10 ERROR keystone.server.flask.application
File "/var/lib/openstack/lib/python3.12/site-packages/keystone/common/sql/core.py", line 575, in wrapper
[Sun Aug 30 01:38:50.377629 2026] [wsgi:error] [pid 10:tid 140528092870336] [remote 10.0.0.209:59850] 2026-08-30 01:38:50.350 10 ERROR keystone.server.flask.application return method(*args, **kwargs)
[Sun Aug 30 01:38:50.377632 2026] [wsgi:error] [pid 10:tid 140528092870336] [remote 10.0.0.209:59850] 2026-08-30 01:38:50.350 10 ERROR keystone.server.flask.application ^^^^^^^^^^^^^^^^^^^^^^^
[Sun Aug 30 01:38:50.377636 2026] [wsgi:error] [pid 10:tid 140528092870336] [remote 10.0.0.209:59850] 2026-08-30 01:38:50.350 10 ERROR keystone.server.flask.application
File "/var/lib/openstack/lib/python3.12/site-packages/keystone/resource/backends/sql.py", line 278, in create_project
[Sun Aug 30 01:38:50.377641 2026] [wsgi:error] [pid 10:tid 140528092870336] [remote 10.0.0.209:59850] 2026-08-30 01:38:50.350 10 ERROR keystone.server.flask.application with sql.session_for_write() as session:
[Sun Aug 30 01:38:50.377644 2026] [wsgi:error] [pid 10:tid 140528092870336] [remote 10.0.0.209:59850] 2026-08-30 01:38:50.350 10 ERROR keystone.server.flask.application
File "/usr/lib/python3.12/contextlib.py", line 144, in __exit__
[Sun Aug 30 01:38:50.377647 2026] [wsgi:error] [pid 10:tid 140528092870336] [remote 10.0.0.209:59850] 2026-08-30 01:38:50.350 10 ERROR keystone.server.flask.application next(self.gen)
[Sun Aug 30 01:38:50.377651 2026] [wsgi:error] [pid 10:tid 140528092870336] [remote 10.0.0.209:59850] 2026-08-30 01:38:50.350 10 ERROR keystone.server.flask.application
File "/var/lib/openstack/lib/python3.12/site-packages/oslo_db/sqlalchemy/enginefacade.py", line 1175, in _transaction_scope
[Sun Aug 30 01:38:50.377655 2026] [wsgi:error] [pid 10:tid 140528092870336] [remote 10.0.0.209:59850] 2026-08-30 01:38:50.350 10 ERROR keystone.server.flask.application with current._produce_block(
[Sun Aug 30 01:38:50.377660 2026] [wsgi:error] [pid 10:tid 140528092870336] [remote 10.0.0.209:59850] 2026-08-30 01:38:50.350 10 ERROR keystone.server.flask.application
File "/usr/lib/python3.12/contextlib.py", line 144, in __exit__
[Sun Aug 30 01:38:50.377663 2026] [wsgi:error] [pid 10:tid 140528092870336] [remote 10.0.0.209:59850] 2026-08-30 01:38:50.350 10 ERROR keystone.server.flask.application next(self.gen)
[Sun Aug 30 01:38:50.377665 2026] [wsgi:error] [pid 10:tid 140528092870336] [remote 10.0.0.209:59850] 2026-08-30 01:38:50.350 10 ERROR keystone.server.flask.application
File "/var/lib/openstack/lib/python3.12/site-packages/oslo_db/sqlalchemy/enginefacade.py", line 837, in _session
[Sun Aug 30 01:38:50.377667 2026] [wsgi:error] [pid 10:tid 140528092870336] [remote 10.0.0.209:59850] 2026-08-30 01:38:50.350 10 ERROR keystone.server.flask.application with excutils.save_and_reraise_exception():
[Sun Aug 30 01:38:50.377669 2026] [wsgi:error] [pid 10:tid 140528092870336] [remote 10.0.0.209:59850] 2026-08-30 01:38:50.350 10 ERROR keystone.server.flask.application
File "/var/lib/openstack/lib/python3.12/site-packages/oslo_utils/excutils.py", line 266, in __exit__
[Sun Aug 30 01:38:50.377674 2026] [wsgi:error] [pid 10:tid 140528092870336] [remote 10.0.0.209:59850] 2026-08-30 01:38:50.350 10 ERROR keystone.server.flask.application self.force_reraise()
[Sun Aug 30 01:38:50.377679 2026] [wsgi:error] [pid 10:tid 140528092870336] [remote 10.0.0.209:59850] 2026-08-30 01:38:50.350 10 ERROR keystone.server.flask.application
File "/var/lib/openstack/lib/python3.12/site-packages/oslo_utils/excutils.py", line 232, in force_reraise
[Sun Aug 30 01:38:50.377683 2026] [wsgi:error] [pid 10:tid 140528092870336] [remote 10.0.0.209:59850] 2026-08-30 01:38:50.350 10 ERROR keystone.server.flask.application raise self.value
[Sun Aug 30 01:38:50.377687 2026] [wsgi:error] [pid 10:tid 140528092870336] [remote 10.0.0.209:59850] 2026-08-30 01:38:50.350 10 ERROR keystone.server.flask.application
File "/var/lib/openstack/lib/python3.12/site-packages/oslo_db/sqlalchemy/enginefacade.py", line 835, in _session
[Sun Aug 30 01:38:50.377692 2026] [wsgi:error] [pid 10:tid 140528092870336] [remote 10.0.0.209:59850] 2026-08-30 01:38:50.350 10 ERROR keystone.server.flask.application self._end_session_transaction(self.session)
[Sun Aug 30 01:38:50.377697 2026] [wsgi:error] [pid 10:tid 140528092870336] [remote 10.0.0.209:59850] 2026-08-30 01:38:50.350 10 ERROR keystone.server.flask.application
File "/var/lib/openstack/lib/python3.12/site-packages/oslo_db/sqlalchemy/enginefacade.py", line 748, in _end_session_transaction
[Sun Aug 30 01:38:50.377701 2026] [wsgi:error] [pid 10:tid 140528092870336] [remote 10.0.0.209:59850] 2026-08-30 01:38:50.350 10 ERROR keystone.server.flask.application session.commit()
[Sun Aug 30 01:38:50.377705 2026] [wsgi:error] [pid 10:tid 140528092870336] [remote 10.0.0.209:59850] 2026-08-30 01:38:50.350 10 ERROR keystone.server.flask.application
File "/var/lib/openstack/lib/python3.12/site-packages/sqlalchemy/orm/session.py", line 2034, in commit
[Sun Aug 30 01:38:50.377709 2026] [wsgi:error] [pid 10:tid 140528092870336] [remote 10.0.0.209:59850] 2026-08-30 01:38:50.350 10 ERROR keystone.server.flask.application trans.commit(_to_root=True)
[Sun Aug 30 01:38:50.377713 2026] [wsgi:error] [pid 10:tid 140528092870336] [remote 10.0.0.209:59850] 2026-08-30 01:38:50.350 10 ERROR keystone.server.flask.application File "", line 2, in commit
[Sun Aug 30 01:38:50.377718 2026] [wsgi:error] [pid 10:tid 140528092870336] [remote 10.0.0.209:59850] 2026-08-30 01:38:50.350 10 ERROR keystone.server.flask.application
File "/var/lib/openstack/lib/python3.12/site-packages/sqlalchemy/orm/state_changes.py", line 137, in _go
[Sun Aug 30 01:38:50.377722 2026] [wsgi:error] [pid 10:tid 140528092870336] [remote 10.0.0.209:59850] 2026-08-30 01:38:50.350 10 ERROR keystone.server.flask.application ret_value = fn(self, *arg, **kw)
[Sun Aug 30 01:38:50.377726 2026] [wsgi:error] [pid 10:tid 140528092870336] [remote 10.0.0.209:59850] 2026-08-30 01:38:50.350 10 ERROR keystone.server.flask.application ^^^^^^^^^^^^^^^^^^^^
[Sun Aug 30 01:38:50.377730 2026] [wsgi:error] [pid 10:tid 140528092870336] [remote 10.0.0.209:59850] 2026-08-30 01:38:50.350 10 ERROR keystone.server.flask.application
File "/var/lib/openstack/lib/python3.12/site-packages/sqlalchemy/orm/session.py", line 1315, in commit
[Sun Aug 30 01:38:50.377732 2026] [wsgi:error] [pid 10:tid 140528092870336] [remote 10.0.0.209:59850] 2026-08-30 01:38:50.350 10 ERROR keystone.server.flask.application self._prepare_impl()
[Sun Aug 30 01:38:50.377736 2026] [wsgi:error] [pid 10:tid 140528092870336] [remote 10.0.0.209:59850] 2026-08-30 01:38:50.350 10 ERROR keystone.server.flask.application File "", line 2, in _prepare_impl
[Sun Aug 30 01:38:50.377740 2026] [wsgi:error] [pid 10:tid 140528092870336] [remote 10.0.0.209:59850] 2026-08-30 01:38:50.350 10 ERROR keystone.server.flask.application
File "/var/lib/openstack/lib/python3.12/site-packages/sqlalchemy/orm/state_changes.py", line 137, in _go
[Sun Aug 30 01:38:50.377745 2026] [wsgi:error] [pid 10:tid 140528092870336] [remote 10.0.0.209:59850] 2026-08-30 01:38:50.350 10 ERROR keystone.server.flask.application ret_value = fn(self, *arg, **kw)
[Sun Aug 30 01:38:50.377750 2026] [wsgi:error] [pid 10:tid 140528092870336] [remote 10.0.0.209:59850] 2026-08-30 01:38:50.350 10 ERROR keystone.server.flask.application ^^^^^^^^^^^^^^^^^^^^
[Sun Aug 30 01:38:50.377755 2026] [wsgi:error] [pid 10:tid 140528092870336] [remote 10.0.0.209:59850] 2026-08-30 01:38:50.350 10 ERROR keystone.server.flask.application
File "/var/lib/openstack/lib/python3.12/site-packages/sqlalchemy/orm/session.py", line 1290, in _prepare_impl
[Sun Aug 30 01:38:50.377760 2026] [wsgi:error] [pid 10:tid 140528092870336] [remote 10.0.0.209:59850] 2026-08-30 01:38:50.350 10 ERROR keystone.server.flask.application self.session.flush()
[Sun Aug 30 01:38:50.377764 2026] [wsgi:error] [pid 10:tid 140528092870336] [remote 10.0.0.209:59850] 2026-08-30 01:38:50.350 10 ERROR keystone.server.flask.application
File "/var/lib/openstack/lib/python3.12/site-packages/sqlalchemy/orm/session.py", line 4352, in flush
[Sun Aug 30 01:38:50.377769 2026] [wsgi:error] [pid 10:tid 140528092870336] [remote 10.0.0.209:59850] 2026-08-30 01:38:50.350 10 ERROR keystone.server.flask.application self._flush(objects)
[Sun Aug 30 01:38:50.377771 2026] [wsgi:error] [pid 10:tid 140528092870336] [remote 10.0.0.209:59850] 2026-08-30 01:38:50.350 10 ERROR keystone.server.flask.application
File "/var/lib/openstack/lib/python3.12/site-packages/sqlalchemy/orm/session.py", line 4487, in _flush
[Sun Aug 30 01:38:50.377774 2026] [wsgi:error] [pid 10:tid 140528092870336] [remote 10.0.0.209:59850] 2026-08-30 01:38:50.350 10 ERROR keystone.server.flask.application with util.safe_reraise():
[Sun Aug 30 01:38:50.377776 2026] [wsgi:error] [pid 10:tid 140528092870336] [remote 10.0.0.209:59850] 2026-08-30 01:38:50.350 10 ERROR keystone.server.flask.application
File "/var/lib/openstack/lib/python3.12/site-packages/sqlalchemy/util/langhelpers.py", line 122, in __exit__
[Sun Aug 30 01:38:50.377778 2026] [wsgi:error] [pid 10:tid 140528092870336] [remote 10.0.0.209:59850] 2026-08-30 01:38:50.350 10 ERROR keystone.server.flask.application raise exc_value.with_traceback(exc_tb)
[Sun Aug 30 01:38:50.377780 2026] [wsgi:error] [pid 10:tid 140528092870336] [remote 10.0.0.209:59850] 2026-08-30 01:38:50.350 10 ERROR keystone.server.flask.application
File "/var/lib/openstack/lib/python3.12/site-packages/sqlalchemy/orm/session.py", line 4448, in _flush
[Sun Aug 30 01:38:50.377783 2026] [wsgi:error] [pid 10:tid 140528092870336] [remote 10.0.0.209:59850] 2026-08-30 01:38:50.350 10 ERROR keystone.server.flask.application flush_context.execute()
