2026-03-06 22:27:07.156 8 INFO placement.requestlog [None req-06e8cfa3-986a-4fa9-9170-bf371226b58a 6fa6f6d1bebc4656b488b8288e5f812e 1b25a2d29e9a4e52bcf6950c2434f92c - - be42f4ecb44f44e99caa93114879e66f be42f4ecb44f44e99caa93114879e66f] 10.0.0.193 "DELETE /resource_providers/4a224bfd-67c4-4f7d-b937-aec177efbed7" status: 404 len: 246 microversion: 1.1 [pid: 8|app: 0|req: 550/1110] 10.0.0.193 () {34 vars in 816 bytes} [Fri Mar 6 22:27:07 2026] DELETE /resource_providers/4a224bfd-67c4-4f7d-b937-aec177efbed7 => generated 246 bytes in 11 msecs (HTTP/1.1 404) 6 headers in 231 bytes (1 switches on core 0)
2026-03-06 22:27:07.400 8 INFO placement.requestlog [None req-c4cc99ad-1297-4e25-8617-3f81c02b5271 6fa6f6d1bebc4656b488b8288e5f812e 1b25a2d29e9a4e52bcf6950c2434f92c - - be42f4ecb44f44e99caa93114879e66f be42f4ecb44f44e99caa93114879e66f] 10.0.0.193 "GET /resource_providers/38dd4407-87ac-4c12-b845-2e1b4f5fe28a/aggregates" status: 404 len: 235 microversion: 1.1 [pid: 8|app: 0|req: 551/1111] 10.0.0.193 () {32 vars in 816 bytes} [Fri Mar 6 22:27:07 2026] GET /resource_providers/38dd4407-87ac-4c12-b845-2e1b4f5fe28a/aggregates => generated 235 bytes in 10 msecs (HTTP/1.1 404) 5 headers in 202 bytes (1 switches on core 0)
2026-03-06 22:27:07.401 7 INFO placement.requestlog [None req-6ef5ffc8-1421-40af-9f4f-1c43109837a7 6fa6f6d1bebc4656b488b8288e5f812e 1b25a2d29e9a4e52bcf6950c2434f92c - - be42f4ecb44f44e99caa93114879e66f be42f4ecb44f44e99caa93114879e66f] 10.0.0.193 "GET /resource_providers/38dd4407-87ac-4c12-b845-2e1b4f5fe28a/aggregates" status: 404 len: 235 microversion: 1.1 [pid: 7|app: 0|req: 561/1112] 10.0.0.193 () {32 vars in 816 bytes} [Fri Mar 6 22:27:07 2026] GET /resource_providers/38dd4407-87ac-4c12-b845-2e1b4f5fe28a/aggregates => generated 235 bytes in 12 msecs (HTTP/1.1 404) 5 headers in 202 bytes (1 switches on core 0)
2026-03-06 22:27:07.421 8 INFO placement.requestlog [None req-2af7b090-aef2-42e8-823a-e3280a2a496d 6fa6f6d1bebc4656b488b8288e5f812e 1b25a2d29e9a4e52bcf6950c2434f92c - - be42f4ecb44f44e99caa93114879e66f be42f4ecb44f44e99caa93114879e66f] 10.0.0.193 "DELETE /resource_providers/38dd4407-87ac-4c12-b845-2e1b4f5fe28a" status: 404 len: 246 microversion: 1.1 [pid: 8|app: 0|req: 552/1113] 10.0.0.193 () {34 vars in 816 bytes} [Fri Mar 6 22:27:07 2026] DELETE /resource_providers/38dd4407-87ac-4c12-b845-2e1b4f5fe28a => generated 246 bytes in 8 msecs (HTTP/1.1 404) 6 headers in 231 bytes (1 switches on core 0)
2026-03-06 22:27:07.422 7 INFO placement.requestlog [None req-e80dfbd0-8461-44b9-bece-218b01bf57c0 6fa6f6d1bebc4656b488b8288e5f812e 1b25a2d29e9a4e52bcf6950c2434f92c - - be42f4ecb44f44e99caa93114879e66f be42f4ecb44f44e99caa93114879e66f] 10.0.0.193 "DELETE /resource_providers/38dd4407-87ac-4c12-b845-2e1b4f5fe28a" status: 404 len: 246 microversion: 1.1 [pid: 7|app: 0|req: 562/1114] 10.0.0.193 () {34 vars in 816 bytes} [Fri Mar 6 22:27:07 2026] DELETE /resource_providers/38dd4407-87ac-4c12-b845-2e1b4f5fe28a => generated 246 bytes in 8 msecs (HTTP/1.1 404) 6 headers in 231 bytes (1 switches on core 0)
2026-03-06 22:27:09.179 8 INFO placement.requestlog [None req-0074da5c-c102-492b-b3dc-81cc6a35ad36 6fa6f6d1bebc4656b488b8288e5f812e 1b25a2d29e9a4e52bcf6950c2434f92c - - be42f4ecb44f44e99caa93114879e66f be42f4ecb44f44e99caa93114879e66f] 10.0.0.193 "GET /resource_providers/67d5448c-c733-459b-a515-8145198d3d51/aggregates" status: 404 len: 235 microversion: 1.1
2026-03-06 22:27:09.180 7 INFO placement.requestlog [None req-0ff28fbd-3109-44f3-889e-df912318f139 6fa6f6d1bebc4656b488b8288e5f812e 1b25a2d29e9a4e52bcf6950c2434f92c - - be42f4ecb44f44e99caa93114879e66f be42f4ecb44f44e99caa93114879e66f] 10.0.0.193 "GET /resource_providers/67d5448c-c733-459b-a515-8145198d3d51/aggregates" status: 404 len: 235 microversion: 1.1 [pid: 7|app: 0|req: 563/1116] 10.0.0.193 () {32 vars in 816 bytes} [Fri Mar 6 22:27:09 2026] GET /resource_providers/67d5448c-c733-459b-a515-8145198d3d51/aggregates => generated 235 bytes in 10 msecs (HTTP/1.1 404) 5 headers in 202 bytes (1 switches on core 0) [pid: 8|app: 0|req: 553/1116] 10.0.0.193 () {32 vars in 816 bytes} [Fri Mar 6 22:27:09 2026] GET /resource_providers/67d5448c-c733-459b-a515-8145198d3d51/aggregates => generated 235 bytes in 11 msecs (HTTP/1.1 404) 5 headers in 202 bytes (1 switches on core 0)
2026-03-06 22:27:09.200 7 INFO placement.requestlog [None req-761ff2d4-1164-4db1-b14d-c7c3e28ca972 6fa6f6d1bebc4656b488b8288e5f812e 1b25a2d29e9a4e52bcf6950c2434f92c - - be42f4ecb44f44e99caa93114879e66f be42f4ecb44f44e99caa93114879e66f] 10.0.0.193 "DELETE /resource_providers/67d5448c-c733-459b-a515-8145198d3d51" status: 404 len: 246 microversion: 1.1 [pid: 7|app: 0|req: 564/1117] 10.0.0.193 () {34 vars in 816 bytes} [Fri Mar 6 22:27:09 2026] DELETE /resource_providers/67d5448c-c733-459b-a515-8145198d3d51 => generated 246 bytes in 9 msecs (HTTP/1.1 404) 6 headers in 231 bytes (1 switches on core 0)
2026-03-06 22:27:09.204 8 INFO placement.requestlog [None req-1ce80bd8-347a-4ed2-b87d-817fb5d06fe0 6fa6f6d1bebc4656b488b8288e5f812e 1b25a2d29e9a4e52bcf6950c2434f92c - - be42f4ecb44f44e99caa93114879e66f be42f4ecb44f44e99caa93114879e66f] 10.0.0.193 "DELETE /resource_providers/67d5448c-c733-459b-a515-8145198d3d51" status: 404 len: 246 microversion: 1.1 [pid: 8|app: 0|req: 554/1118] 10.0.0.193 () {34 vars in 816 bytes} [Fri Mar 6 22:27:09 2026] DELETE /resource_providers/67d5448c-c733-459b-a515-8145198d3d51 => generated 246 bytes in 9 msecs (HTTP/1.1 404) 6 headers in 231 bytes (1 switches on core 0)
2026-03-06 22:27:09.223 7 INFO placement.requestlog [None req-9322c696-f9f8-422a-abe8-b332aa268f29 6fa6f6d1bebc4656b488b8288e5f812e 1b25a2d29e9a4e52bcf6950c2434f92c - - be42f4ecb44f44e99caa93114879e66f be42f4ecb44f44e99caa93114879e66f] 10.0.0.193 "GET /resource_providers/19cdb1ce-f486-4a4b-8db5-a3d0498ef7db/aggregates" status: 404 len: 235 microversion: 1.1 [pid: 7|app: 0|req: 565/1119] 10.0.0.193 () {32 vars in 816 bytes} [Fri Mar 6 22:27:09 2026] GET /resource_providers/19cdb1ce-f486-4a4b-8db5-a3d0498ef7db/aggregates => generated 235 bytes in 21 msecs (HTTP/1.1 404) 5 headers in 202 bytes (1 switches on core 0)
2026-03-06 22:27:09.238 8 INFO placement.requestlog [None req-a8d67e52-202a-41f6-988b-deaabc9fa353 6fa6f6d1bebc4656b488b8288e5f812e 1b25a2d29e9a4e52bcf6950c2434f92c - - be42f4ecb44f44e99caa93114879e66f be42f4ecb44f44e99caa93114879e66f] 10.0.0.193 "GET /resource_providers/19cdb1ce-f486-4a4b-8db5-a3d0498ef7db/aggregates" status: 404 len: 235 microversion: 1.1 [pid: 8|app: 0|req: 555/1120] 10.0.0.193 () {32 vars in 816 bytes} [Fri Mar 6 22:27:09 2026] GET /resource_providers/19cdb1ce-f486-4a4b-8db5-a3d0498ef7db/aggregates => generated 235 bytes in 25 msecs (HTTP/1.1 404) 5 headers in 202 bytes (1 switches on core 0)
2026-03-06 22:27:09.256 8 INFO placement.requestlog [None req-53f7584f-5511-4f43-a919-574579c1b1f4 6fa6f6d1bebc4656b488b8288e5f812e 1b25a2d29e9a4e52bcf6950c2434f92c - - be42f4ecb44f44e99caa93114879e66f be42f4ecb44f44e99caa93114879e66f] 10.0.0.193 "DELETE /resource_providers/19cdb1ce-f486-4a4b-8db5-a3d0498ef7db" status: 404 len: 246 microversion: 1.1 [pid: 8|app: 0|req: 556/1121] 10.0.0.193 () {34 vars in 816 bytes} [Fri Mar 6 22:27:09 2026] DELETE /resource_providers/19cdb1ce-f486-4a4b-8db5-a3d0498ef7db => generated 246 bytes in 9 msecs (HTTP/1.1 404) 6 headers in 231 bytes (1 switches on core 0)
2026-03-06 22:27:09.256 7 INFO placement.requestlog [None req-0302d360-a232-42e4-a584-8e6380b66515 6fa6f6d1bebc4656b488b8288e5f812e 1b25a2d29e9a4e52bcf6950c2434f92c - - be42f4ecb44f44e99caa93114879e66f be42f4ecb44f44e99caa93114879e66f] 10.0.0.193 "DELETE /resource_providers/19cdb1ce-f486-4a4b-8db5-a3d0498ef7db" status: 404 len: 246 microversion: 1.1 [pid: 7|app: 0|req: 566/1122] 10.0.0.193 () {34 vars in 816 bytes} [Fri Mar 6 22:27:09 2026] DELETE /resource_providers/19cdb1ce-f486-4a4b-8db5-a3d0498ef7db => generated 246 bytes in 16 msecs (HTTP/1.1 404) 6 headers in 231 bytes (1 switches on core 0)
2026-03-06 22:27:11.803 8 INFO placement.requestlog [None req-6bd8a3ee-a9b5-446a-81e5-c7df44883078 - - - - - -] 10.0.0.230 "GET /" status: 200 len: 136 microversion: 1.0
2026-03-06 22:27:11.805 7 INFO placement.requestlog [None req-efeb9c08-03cd-4ec5-b57a-e7a0f309ce1e - - - - - -] 10.0.0.230 "GET /" status: 200 len: 136 microversion: 1.0
2026-03-06 22:27:21.804 8 INFO placement.requestlog [None req-3527cf5f-e6aa-4385-b918-5226f0719908 - - - - - -] 10.0.0.230 "GET /" status: 200 len: 136 microversion: 1.0
2026-03-06 22:27:21.804 7 INFO placement.requestlog [None req-0e39a0c7-0466-4ab6-b4d6-2f0b8ea2efc0 - - - - - -] 10.0.0.230 "GET /" status: 200 len: 136 microversion: 1.0
2026-03-06 22:27:23.278 8 INFO placement.requestlog [req-aa795f12-f986-4365-8183-16783f7b9fc4 req-3315b833-3077-45d2-992d-9abbabec1a9f ae5e74ba6bc540b1adf8440006d898ff 1b25a2d29e9a4e52bcf6950c2434f92c - - be42f4ecb44f44e99caa93114879e66f be42f4ecb44f44e99caa93114879e66f] 199.204.45.155 "GET /resource_providers/2560e3d5-55d6-4a1f-90dc-8ff89daa47a6/allocations" status: 200 len: 153 microversion: 1.0 [pid: 8|app: 0|req: 559/1127] 199.204.45.155 () {32 vars in 857 bytes} [Fri Mar 6 22:27:23 2026] GET /resource_providers/2560e3d5-55d6-4a1f-90dc-8ff89daa47a6/allocations => generated 153 bytes in 15 msecs (HTTP/1.1 200) 6 headers in 224 bytes (1 switches on core 0)
2026-03-06 22:27:23.297 7 INFO placement.requestlog [req-aa795f12-f986-4365-8183-16783f7b9fc4 req-f85203ad-a236-4608-ac62-4f8689745dd0 ae5e74ba6bc540b1adf8440006d898ff 1b25a2d29e9a4e52bcf6950c2434f92c - - be42f4ecb44f44e99caa93114879e66f be42f4ecb44f44e99caa93114879e66f] 199.204.45.155 "GET /allocations/0ba42344-9dda-45f3-bd6d-0d77f54d929c" status: 200 len: 258 microversion: 1.28 [pid: 7|app: 0|req: 569/1128] 199.204.45.155 () {34 vars in 863 bytes} [Fri Mar 6 22:27:23 2026] GET /allocations/0ba42344-9dda-45f3-bd6d-0d77f54d929c => generated 258 bytes in 13 msecs (HTTP/1.1 200) 8 headers in 296 bytes (1 switches on core 0)
2026-03-06 22:27:24.432 8 INFO placement.requestlog [req-aa795f12-f986-4365-8183-16783f7b9fc4 req-0ea9743d-0863-409b-bf54-22a8467e2b06 ae5e74ba6bc540b1adf8440006d898ff 1b25a2d29e9a4e52bcf6950c2434f92c - - be42f4ecb44f44e99caa93114879e66f be42f4ecb44f44e99caa93114879e66f] 199.204.45.155 "DELETE /allocations/0ba42344-9dda-45f3-bd6d-0d77f54d929c" status: 204 len: 0 microversion: 1.0 [pid: 8|app: 0|req: 560/1129] 199.204.45.155 () {34 vars in 841 bytes} [Fri Mar 6 22:27:24 2026] DELETE /allocations/0ba42344-9dda-45f3-bd6d-0d77f54d929c => generated 0 bytes in 111 msecs (HTTP/1.1 204) 5 headers in 198 bytes (1 switches on core 0)
2026-03-06 22:27:31.465 8 INFO placement.requestlog [None req-06ac35b8-4c24-4957-9d46-7398f0f93818 6fa6f6d1bebc4656b488b8288e5f812e 1b25a2d29e9a4e52bcf6950c2434f92c - - be42f4ecb44f44e99caa93114879e66f be42f4ecb44f44e99caa93114879e66f] 10.0.0.193 "GET /resource_providers/ebbb423f-34f3-4eef-9e6f-57d8401eb7f2/aggregates" status: 404 len: 235 microversion: 1.1 [pid: 8|app: 0|req: 561/1130] 10.0.0.193 () {32 vars in 816 bytes} [Fri Mar 6 22:27:31 2026] GET /resource_providers/ebbb423f-34f3-4eef-9e6f-57d8401eb7f2/aggregates => generated 235 bytes in 20 msecs (HTTP/1.1 404) 5 headers in 202 bytes (1 switches on core 0)
2026-03-06 22:27:31.469 7 INFO placement.requestlog [None req-1b0244c6-c565-43e4-b55a-e796019dd9e8 6fa6f6d1bebc4656b488b8288e5f812e 1b25a2d29e9a4e52bcf6950c2434f92c - - be42f4ecb44f44e99caa93114879e66f be42f4ecb44f44e99caa93114879e66f] 10.0.0.193 "GET /resource_providers/ebbb423f-34f3-4eef-9e6f-57d8401eb7f2/aggregates" status: 404 len: 235 microversion: 1.1 [pid: 7|app: 0|req: 570/1131] 10.0.0.193 () {32 vars in 816 bytes} [Fri Mar 6 22:27:31 2026] GET /resource_providers/ebbb423f-34f3-4eef-9e6f-57d8401eb7f2/aggregates => generated 235 bytes in 25 msecs (HTTP/1.1 404) 5 headers in 202 bytes (1 switches on core 0)
2026-03-06 22:27:31.490 8 INFO placement.requestlog [None req-3781fa1d-3edd-4432-98a9-63d638434e7a 6fa6f6d1bebc4656b488b8288e5f812e 1b25a2d29e9a4e52bcf6950c2434f92c - - be42f4ecb44f44e99caa93114879e66f be42f4ecb44f44e99caa93114879e66f] 10.0.0.193 "DELETE /resource_providers/ebbb423f-34f3-4eef-9e6f-57d8401eb7f2" status: 404 len: 246 microversion: 1.1 [pid: 8|app: 0|req: 562/1132] 10.0.0.193 () {34 vars in 816 bytes} [Fri Mar 6 22:27:31 2026] DELETE /resource_providers/ebbb423f-34f3-4eef-9e6f-57d8401eb7f2 => generated 246 bytes in 12 msecs (HTTP/1.1 404) 6 headers in 231 bytes (1 switches on core 0)
2026-03-06 22:27:31.491 7 INFO placement.requestlog [None req-78ed2951-e5c2-4d5b-b6a1-a74b5142fb78 6fa6f6d1bebc4656b488b8288e5f812e 1b25a2d29e9a4e52bcf6950c2434f92c - - be42f4ecb44f44e99caa93114879e66f be42f4ecb44f44e99caa93114879e66f] 10.0.0.193 "DELETE /resource_providers/ebbb423f-34f3-4eef-9e6f-57d8401eb7f2" status: 404 len: 246 microversion: 1.1 [pid: 7|app: 0|req: 571/1133] 10.0.0.193 () {34 vars in 816 bytes} [Fri Mar 6 22:27:31 2026] DELETE /resource_providers/ebbb423f-34f3-4eef-9e6f-57d8401eb7f2 => generated 246 bytes in 11 msecs (HTTP/1.1 404) 6 headers in 231 bytes (1 switches on core 0)
2026-03-06 22:27:31.804 8 INFO placement.requestlog [None req-30eedf8b-11c4-4ea8-bdfc-0562b94f6e9d - - - - - -] 10.0.0.230 "GET /" status: 200 len: 136 microversion: 1.0
2026-03-06 22:27:31.804 7 INFO placement.requestlog [None req-1ca746d8-5dd2-4e08-81f5-046649ce3543 - - - - - -] 10.0.0.230 "GET /" status: 200 len: 136 microversion: 1.0
2026-03-06 22:27:32.141 8 INFO placement.requestlog [req-b0d09be6-6e45-44d4-975c-c7e620c15b79 req-eee86731-b8aa-4b6e-b4a8-4b3efb2e18c8 ae5e74ba6bc540b1adf8440006d898ff 1b25a2d29e9a4e52bcf6950c2434f92c - - be42f4ecb44f44e99caa93114879e66f be42f4ecb44f44e99caa93114879e66f] 199.204.45.155 "GET /resource_providers/2560e3d5-55d6-4a1f-90dc-8ff89daa47a6/allocations" status: 200 len: 55 microversion: 1.0 [pid: 8|app: 0|req: 564/1136] 199.204.45.155 () {32 vars in 857 bytes} [Fri Mar 6 22:27:32 2026] GET /resource_providers/2560e3d5-55d6-4a1f-90dc-8ff89daa47a6/allocations => generated 55 bytes in 17 msecs (HTTP/1.1 200) 6 headers in 223 bytes (1 switches on core 0)
2026-03-06 22:27:32.165 7 INFO placement.requestlog [req-b0d09be6-6e45-44d4-975c-c7e620c15b79 req-fa6ac07c-aeda-403f-a293-cf241abb4bbc ae5e74ba6bc540b1adf8440006d898ff 1b25a2d29e9a4e52bcf6950c2434f92c - - be42f4ecb44f44e99caa93114879e66f be42f4ecb44f44e99caa93114879e66f] 199.204.45.155 "GET /resource_providers?in_tree=2560e3d5-55d6-4a1f-90dc-8ff89daa47a6" status: 200 len: 798 microversion: 1.14 [pid: 7|app: 0|req: 573/1137] 199.204.45.155 () {34 vars in 892 bytes} [Fri Mar 6 22:27:32 2026] GET /resource_providers?in_tree=2560e3d5-55d6-4a1f-90dc-8ff89daa47a6 => generated 798 bytes in 17 msecs (HTTP/1.1 200) 6 headers in 225 bytes (1 switches on core 0)
2026-03-06 22:27:32.191 8 INFO placement.requestlog [req-b0d09be6-6e45-44d4-975c-c7e620c15b79 req-c9d3fad6-815a-4e9c-bfa4-73efc5839d31 ae5e74ba6bc540b1adf8440006d898ff 1b25a2d29e9a4e52bcf6950c2434f92c - - be42f4ecb44f44e99caa93114879e66f be42f4ecb44f44e99caa93114879e66f] 199.204.45.155 "GET /resource_providers/2560e3d5-55d6-4a1f-90dc-8ff89daa47a6/inventories" status: 200 len: 401 microversion: 1.0 [pid: 8|app: 0|req: 565/1138] 199.204.45.155 () {32 vars in 857 bytes} [Fri Mar 6 22:27:32 2026] GET /resource_providers/2560e3d5-55d6-4a1f-90dc-8ff89daa47a6/inventories => generated 401 bytes in 15 msecs (HTTP/1.1 200) 6 headers in 224 bytes (1 switches on core 0)
2026-03-06 22:27:32.210 7 INFO placement.requestlog [req-b0d09be6-6e45-44d4-975c-c7e620c15b79 req-1fa66de6-86af-416b-930a-e13a216efc14 ae5e74ba6bc540b1adf8440006d898ff 1b25a2d29e9a4e52bcf6950c2434f92c - - be42f4ecb44f44e99caa93114879e66f be42f4ecb44f44e99caa93114879e66f] 199.204.45.155 "GET /resource_providers/2560e3d5-55d6-4a1f-90dc-8ff89daa47a6/aggregates" status: 200 len: 54 microversion: 1.19 [pid: 7|app: 0|req: 574/1139] 199.204.45.155 () {34 vars in 899 bytes} [Fri Mar 6 22:27:32 2026] GET /resource_providers/2560e3d5-55d6-4a1f-90dc-8ff89daa47a6/aggregates => generated 54 bytes in 10 msecs (HTTP/1.1 200) 8 headers in 295 bytes (1 switches on core 0)
2026-03-06 22:27:32.234 8 INFO placement.requestlog [req-b0d09be6-6e45-44d4-975c-c7e620c15b79 req-594fb985-e590-4174-874e-26766d817c13 ae5e74ba6bc540b1adf8440006d898ff 1b25a2d29e9a4e52bcf6950c2434f92c - - be42f4ecb44f44e99caa93114879e66f be42f4ecb44f44e99caa93114879e66f] 199.204.45.155 "GET /resource_providers/2560e3d5-55d6-4a1f-90dc-8ff89daa47a6/traits" status: 200 len: 2317 microversion: 1.6 [pid: 8|app: 0|req: 566/1140] 199.204.45.155 () {34 vars in 890 bytes} [Fri Mar 6 22:27:32 2026] GET /resource_providers/2560e3d5-55d6-4a1f-90dc-8ff89daa47a6/traits => generated 2317 bytes in 17 msecs (HTTP/1.1 200) 6 headers in 225 bytes (1 switches on core 0)
2026-03-06 22:27:32.252 7 INFO placement.requestlog [req-b0d09be6-6e45-44d4-975c-c7e620c15b79 req-467b3dee-5387-420b-9d19-28d8d16a1926 ae5e74ba6bc540b1adf8440006d898ff 1b25a2d29e9a4e52bcf6950c2434f92c - - be42f4ecb44f44e99caa93114879e66f be42f4ecb44f44e99caa93114879e66f] 199.204.45.155 "GET /resource_providers/2560e3d5-55d6-4a1f-90dc-8ff89daa47a6/allocations" status: 200 len: 55 microversion: 1.0 [pid: 7|app: 0|req: 575/1141] 199.204.45.155 () {32 vars in 857 bytes} [Fri Mar 6 22:27:32 2026] GET /resource_providers/2560e3d5-55d6-4a1f-90dc-8ff89daa47a6/allocations => generated 55 bytes in 11 msecs (HTTP/1.1 200) 6 headers in 223 bytes (1 switches on core 0)
2026-03-06 22:27:34.105 8 INFO placement.requestlog [None req-27c1484b-e8a1-48d8-a6bc-3017565ed5a4 6fa6f6d1bebc4656b488b8288e5f812e 1b25a2d29e9a4e52bcf6950c2434f92c - - be42f4ecb44f44e99caa93114879e66f be42f4ecb44f44e99caa93114879e66f] 10.0.0.193 "GET /resource_providers/bec057ea-379c-4c09-b970-20b65902cafe/aggregates" status: 404 len: 235 microversion: 1.1 [pid: 8|app: 0|req: 567/1142] 10.0.0.193 () {32 vars in 816 bytes} [Fri Mar 6 22:27:34 2026] GET /resource_providers/bec057ea-379c-4c09-b970-20b65902cafe/aggregates => generated 235 bytes in 10 msecs (HTTP/1.1 404) 5 headers in 202 bytes (1 switches on core 0)
2026-03-06 22:27:34.106 7 INFO placement.requestlog [None req-b14a6d86-2334-4cd6-8252-e710953a2ac9 6fa6f6d1bebc4656b488b8288e5f812e 1b25a2d29e9a4e52bcf6950c2434f92c - - be42f4ecb44f44e99caa93114879e66f be42f4ecb44f44e99caa93114879e66f] 10.0.0.193 "GET /resource_providers/bec057ea-379c-4c09-b970-20b65902cafe/aggregates" status: 404 len: 235 microversion: 1.1 [pid: 7|app: 0|req: 576/1143] 10.0.0.193 () {32 vars in 816 bytes} [Fri Mar 6 22:27:34 2026] GET /resource_providers/bec057ea-379c-4c09-b970-20b65902cafe/aggregates => generated 235 bytes in 7 msecs (HTTP/1.1 404) 5 headers in 202 bytes (1 switches on core 0)
2026-03-06 22:27:34.137 8 INFO placement.requestlog [None req-fdfb4269-4d38-4e29-bf8e-f79881edab57 6fa6f6d1bebc4656b488b8288e5f812e 1b25a2d29e9a4e52bcf6950c2434f92c - - be42f4ecb44f44e99caa93114879e66f be42f4ecb44f44e99caa93114879e66f] 10.0.0.193 "DELETE /resource_providers/bec057ea-379c-4c09-b970-20b65902cafe" status: 404 len: 246 microversion: 1.1 [pid: 8|app: 0|req: 568/1144] 10.0.0.193 () {34 vars in 816 bytes} [Fri Mar 6 22:27:34 2026] DELETE /resource_providers/bec057ea-379c-4c09-b970-20b65902cafe => generated 246 bytes in 17 msecs (HTTP/1.1 404) 6 headers in 231 bytes (1 switches on core 0)
2026-03-06 22:27:34.143 7 INFO placement.requestlog [None req-1c6f2b84-4fc9-40f1-b96d-0129477c7e51 6fa6f6d1bebc4656b488b8288e5f812e 1b25a2d29e9a4e52bcf6950c2434f92c - - be42f4ecb44f44e99caa93114879e66f be42f4ecb44f44e99caa93114879e66f] 10.0.0.193 "DELETE /resource_providers/bec057ea-379c-4c09-b970-20b65902cafe" status: 404 len: 246 microversion: 1.1 [pid: 7|app: 0|req: 577/1145] 10.0.0.193 () {34 vars in 816 bytes} [Fri Mar 6 22:27:34 2026] DELETE /resource_providers/bec057ea-379c-4c09-b970-20b65902cafe => generated 246 bytes in 20 msecs (HTTP/1.1 404) 6 headers in 231 bytes (1 switches on core 0)
2026-03-06 22:27:35.219 8 INFO placement.requestlog [req-18d2c8db-58a6-491a-a234-29dc40147fbc req-f0d3110e-9fa6-4389-b77e-04308ac4f923 ae5e74ba6bc540b1adf8440006d898ff 1b25a2d29e9a4e52bcf6950c2434f92c - - be42f4ecb44f44e99caa93114879e66f be42f4ecb44f44e99caa93114879e66f] 10.0.0.47 "GET /allocation_candidates?limit=1000&resources=DISK_GB%3A1%2CMEMORY_MB%3A512%2CVCPU%3A1&root_required=%21COMPUTE_STATUS_DISABLED" status: 200 len: 2781 microversion: 1.36 [pid: 8|app: 0|req: 569/1146] 10.0.0.47 () {34 vars in 1011 bytes} [Fri Mar 6 22:27:35 2026] GET /allocation_candidates?limit=1000&resources=DISK_GB%3A1%2CMEMORY_MB%3A512%2CVCPU%3A1&root_required=%21COMPUTE_STATUS_DISABLED => generated 2781 bytes in 184 msecs (HTTP/1.1 200) 8 headers in 297 bytes (1 switches on core 0)
2026-03-06 22:27:35.245 7 INFO placement.requestlog [req-18d2c8db-58a6-491a-a234-29dc40147fbc req-6bc2d599-e89e-4701-a205-10dae31d91db ae5e74ba6bc540b1adf8440006d898ff 1b25a2d29e9a4e52bcf6950c2434f92c - - be42f4ecb44f44e99caa93114879e66f be42f4ecb44f44e99caa93114879e66f] 10.0.0.47 "GET /allocations/19ea1049-46f4-4673-82f8-f05568584676" status: 200 len: 19 microversion: 1.28 [pid: 7|app: 0|req: 578/1147] 10.0.0.47 () {34 vars in 860 bytes} [Fri Mar 6 22:27:35 2026] GET /allocations/19ea1049-46f4-4673-82f8-f05568584676 => generated 19 bytes in 11 msecs (HTTP/1.1 200) 8 headers in 295 bytes (1 switches on core 0)
2026-03-06 22:27:35.309 8 INFO placement.requestlog [req-18d2c8db-58a6-491a-a234-29dc40147fbc req-dbfe7873-123b-472e-a6e6-6715b19cedb5 ae5e74ba6bc540b1adf8440006d898ff 1b25a2d29e9a4e52bcf6950c2434f92c - - be42f4ecb44f44e99caa93114879e66f be42f4ecb44f44e99caa93114879e66f] 10.0.0.47 "PUT /allocations/19ea1049-46f4-4673-82f8-f05568584676" status: 204 len: 0 microversion: 1.36 [pid: 8|app: 0|req: 570/1148] 10.0.0.47 () {38 vars in 913 bytes} [Fri Mar 6 22:27:35 2026] PUT /allocations/19ea1049-46f4-4673-82f8-f05568584676 => generated 0 bytes in 57 msecs (HTTP/1.1 204) 5 headers in 199 bytes (1 switches on core 0)
2026-03-06 22:27:36.691 7 INFO placement.requestlog [req-18d2c8db-58a6-491a-a234-29dc40147fbc req-4ac1d80f-9b52-4c05-8ec6-d40af5a56d15 ae5e74ba6bc540b1adf8440006d898ff 1b25a2d29e9a4e52bcf6950c2434f92c - - be42f4ecb44f44e99caa93114879e66f be42f4ecb44f44e99caa93114879e66f] 199.204.45.155 "GET /allocations/19ea1049-46f4-4673-82f8-f05568584676" status: 200 len: 258 microversion: 1.28 [pid: 7|app: 0|req: 579/1149] 199.204.45.155 () {34 vars in 863 bytes} [Fri Mar 6 22:27:36 2026] GET /allocations/19ea1049-46f4-4673-82f8-f05568584676 => generated 258 bytes in 15 msecs (HTTP/1.1 200) 8 headers in 296 bytes (1 switches on core 0)
2026-03-06 22:27:37.727 8 INFO placement.requestlog [req-18d2c8db-58a6-491a-a234-29dc40147fbc req-223afef1-947d-41bc-b733-689b2ca2c200 ae5e74ba6bc540b1adf8440006d898ff 1b25a2d29e9a4e52bcf6950c2434f92c - - be42f4ecb44f44e99caa93114879e66f be42f4ecb44f44e99caa93114879e66f] 199.204.45.155 "GET /resource_providers/2560e3d5-55d6-4a1f-90dc-8ff89daa47a6/allocations" status: 200 len: 153 microversion: 1.0 [pid: 8|app: 0|req: 571/1150] 199.204.45.155 () {32 vars in 857 bytes} [Fri Mar 6 22:27:37 2026] GET /resource_providers/2560e3d5-55d6-4a1f-90dc-8ff89daa47a6/allocations => generated 153 bytes in 11 msecs (HTTP/1.1 200) 6 headers in 224 bytes (1 switches on core 0)
2026-03-06 22:27:37.745 7 INFO placement.requestlog [req-18d2c8db-58a6-491a-a234-29dc40147fbc req-419c1b28-261f-46a3-864c-65db8dd64b67 ae5e74ba6bc540b1adf8440006d898ff 1b25a2d29e9a4e52bcf6950c2434f92c - - be42f4ecb44f44e99caa93114879e66f be42f4ecb44f44e99caa93114879e66f] 199.204.45.155 "GET /allocations/19ea1049-46f4-4673-82f8-f05568584676" status: 200 len: 258 microversion: 1.28 [pid: 7|app: 0|req: 580/1151] 199.204.45.155 () {34 vars in 863 bytes} [Fri Mar 6 22:27:37 2026] GET /allocations/19ea1049-46f4-4673-82f8-f05568584676 => generated 258 bytes in 14 msecs (HTTP/1.1 200) 8 headers in 296 bytes (1 switches on core 0)
2026-03-06 22:27:40.455 8 INFO placement.requestlog [None req-87b2fe79-8a7f-4b46-a2c0-bcf8eb6caa9f 6fa6f6d1bebc4656b488b8288e5f812e 1b25a2d29e9a4e52bcf6950c2434f92c - - be42f4ecb44f44e99caa93114879e66f be42f4ecb44f44e99caa93114879e66f] 10.0.0.193 "GET /resource_providers/de2f2b51-dd90-45ff-a86d-ce4828d542a7/aggregates" status: 404 len: 235 microversion: 1.1 [pid: 8|app: 0|req: 572/1152] 10.0.0.193 () {32 vars in 816 bytes} [Fri Mar 6 22:27:40 2026] GET /resource_providers/de2f2b51-dd90-45ff-a86d-ce4828d542a7/aggregates => generated 235 bytes in 8 msecs (HTTP/1.1 404) 5 headers in 202 bytes (1 switches on core 0)
2026-03-06 22:27:40.464 7 INFO placement.requestlog [None req-e826b502-abf5-401d-878e-f9d80c1542d9 6fa6f6d1bebc4656b488b8288e5f812e 1b25a2d29e9a4e52bcf6950c2434f92c - - be42f4ecb44f44e99caa93114879e66f be42f4ecb44f44e99caa93114879e66f] 10.0.0.193 "GET /resource_providers/de2f2b51-dd90-45ff-a86d-ce4828d542a7/aggregates" status: 404 len: 235 microversion: 1.1 [pid: 7|app: 0|req: 581/1153] 10.0.0.193 () {32 vars in 816 bytes} [Fri Mar 6 22:27:40 2026] GET /resource_providers/de2f2b51-dd90-45ff-a86d-ce4828d542a7/aggregates => generated 235 bytes in 10 msecs (HTTP/1.1 404) 5 headers in 202 bytes (1 switches on core 0)
2026-03-06 22:27:40.487 8 INFO placement.requestlog [None req-72cf50cc-ad64-4b7a-b049-3a752db85826 6fa6f6d1bebc4656b488b8288e5f812e 1b25a2d29e9a4e52bcf6950c2434f92c - - be42f4ecb44f44e99caa93114879e66f be42f4ecb44f44e99caa93114879e66f] 10.0.0.193 "DELETE /resource_providers/de2f2b51-dd90-45ff-a86d-ce4828d542a7" status: 404 len: 246 microversion: 1.1 [pid: 8|app: 0|req: 573/1154] 10.0.0.193 () {34 vars in 816 bytes} [Fri Mar 6 22:27:40 2026] DELETE /resource_providers/de2f2b51-dd90-45ff-a86d-ce4828d542a7 => generated 246 bytes in 9 msecs (HTTP/1.1 404) 6 headers in 231 bytes (1 switches on core 0)
2026-03-06 22:27:40.491 7 INFO placement.requestlog [None req-f199dc86-bd1f-4166-8a66-5622651e4713 6fa6f6d1bebc4656b488b8288e5f812e 1b25a2d29e9a4e52bcf6950c2434f92c - - be42f4ecb44f44e99caa93114879e66f be42f4ecb44f44e99caa93114879e66f] 10.0.0.193 "DELETE /resource_providers/de2f2b51-dd90-45ff-a86d-ce4828d542a7" status: 404 len: 246 microversion: 1.1 [pid: 7|app: 0|req: 582/1155] 10.0.0.193 () {34 vars in 816 bytes} [Fri Mar 6 22:27:40 2026] DELETE /resource_providers/de2f2b51-dd90-45ff-a86d-ce4828d542a7 => generated 246 bytes in 10 msecs (HTTP/1.1 404) 6 headers in 231 bytes (1 switches on core 0)
2026-03-06 22:27:41.804 7 INFO placement.requestlog [None req-800aa3d0-cedd-4de2-878b-e3bbc406c9d6 - - - - - -] 10.0.0.230 "GET /" status: 200 len: 136 microversion: 1.0
2026-03-06 22:27:41.804 8 INFO placement.requestlog [None req-3174ce8f-3472-4c58-9dca-70da31a2402d - - - - - -] 10.0.0.230 "GET /" status: 200 len: 136 microversion: 1.0
2026-03-06 22:27:48.819 7 INFO placement.requestlog [None req-a22f93fd-19f9-4536-a2cb-d5d67d95438b 6fa6f6d1bebc4656b488b8288e5f812e 1b25a2d29e9a4e52bcf6950c2434f92c - - be42f4ecb44f44e99caa93114879e66f be42f4ecb44f44e99caa93114879e66f] 10.0.0.193 "GET /resource_providers/ce14d68a-9938-4e6e-bbd2-615c09b6f752/aggregates" status: 404 len: 235 microversion: 1.1 [pid: 7|app: 0|req: 584/1158] 10.0.0.193 () {32 vars in 816 bytes} [Fri Mar 6 22:27:48 2026] GET /resource_providers/ce14d68a-9938-4e6e-bbd2-615c09b6f752/aggregates => generated 235 bytes in 12 msecs (HTTP/1.1 404) 5 headers in 202 bytes (1 switches on core 0)
2026-03-06 22:27:48.820 8 INFO placement.requestlog [None req-31f91f2c-9625-40bd-9e08-60e6faddcea4 6fa6f6d1bebc4656b488b8288e5f812e 1b25a2d29e9a4e52bcf6950c2434f92c - - be42f4ecb44f44e99caa93114879e66f be42f4ecb44f44e99caa93114879e66f] 10.0.0.193 "GET /resource_providers/ce14d68a-9938-4e6e-bbd2-615c09b6f752/aggregates" status: 404 len: 235 microversion: 1.1 [pid: 8|app: 0|req: 575/1159] 10.0.0.193 () {32 vars in 816 bytes} [Fri Mar 6 22:27:48 2026] GET /resource_providers/ce14d68a-9938-4e6e-bbd2-615c09b6f752/aggregates => generated 235 bytes in 13 msecs (HTTP/1.1 404) 5 headers in 202 bytes (1 switches on core 0)
2026-03-06 22:27:48.838 7 INFO placement.requestlog [None req-0d50b304-ee18-4aab-aa30-a648720acebf 6fa6f6d1bebc4656b488b8288e5f812e 1b25a2d29e9a4e52bcf6950c2434f92c - - be42f4ecb44f44e99caa93114879e66f be42f4ecb44f44e99caa93114879e66f] 10.0.0.193 "DELETE /resource_providers/ce14d68a-9938-4e6e-bbd2-615c09b6f752" status: 404 len: 246 microversion: 1.1 [pid: 7|app: 0|req: 585/1160] 10.0.0.193 () {34 vars in 816 bytes} [Fri Mar 6 22:27:48 2026] DELETE /resource_providers/ce14d68a-9938-4e6e-bbd2-615c09b6f752 => generated 246 bytes in 11 msecs (HTTP/1.1 404) 6 headers in 231 bytes (1 switches on core 0)
2026-03-06 22:27:48.841 8 INFO placement.requestlog [None req-489f113a-aeb7-4bc3-9873-dca124b044a1 6fa6f6d1bebc4656b488b8288e5f812e 1b25a2d29e9a4e52bcf6950c2434f92c - - be42f4ecb44f44e99caa93114879e66f be42f4ecb44f44e99caa93114879e66f] 10.0.0.193 "DELETE /resource_providers/ce14d68a-9938-4e6e-bbd2-615c09b6f752" status: 404 len: 246 microversion: 1.1 [pid: 8|app: 0|req: 576/1161] 10.0.0.193 () {34 vars in 816 bytes} [Fri Mar 6 22:27:48 2026] DELETE /resource_providers/ce14d68a-9938-4e6e-bbd2-615c09b6f752 => generated 246 bytes in 7 msecs (HTTP/1.1 404) 6 headers in 231 bytes (1 switches on core 0)
2026-03-06 22:27:51.804 7 INFO placement.requestlog [None req-2f2f25db-c67c-4282-9d14-878d8e634a44 - - - - - -] 10.0.0.230 "GET /" status: 200 len: 136 microversion: 1.0
2026-03-06 22:27:51.806 8 INFO placement.requestlog [None req-736626b4-247c-469b-be0e-a6683f42cecc - - - - - -] 10.0.0.230 "GET /" status: 200 len: 136 microversion: 1.0
2026-03-06 22:27:58.120 7 INFO placement.requestlog [req-70a7735f-e78f-49df-a3a6-8b9bc6385af7 req-7b16a3e2-d947-47e5-94f4-94c3a61d5eda ae5e74ba6bc540b1adf8440006d898ff 1b25a2d29e9a4e52bcf6950c2434f92c - - be42f4ecb44f44e99caa93114879e66f be42f4ecb44f44e99caa93114879e66f] 10.0.0.47 "GET /allocation_candidates?limit=1000&resources=DISK_GB%3A1%2CMEMORY_MB%3A512%2CVCPU%3A1&root_required=%21COMPUTE_STATUS_DISABLED" status: 200 len: 2783 microversion: 1.36 [pid: 7|app: 0|req: 587/1164] 10.0.0.47 () {34 vars in 1011 bytes} [Fri Mar 6 22:27:58 2026] GET /allocation_candidates?limit=1000&resources=DISK_GB%3A1%2CMEMORY_MB%3A512%2CVCPU%3A1&root_required=%21COMPUTE_STATUS_DISABLED => generated 2783 bytes in 45 msecs (HTTP/1.1 200) 8 headers in 297 bytes (1 switches on core 0)
2026-03-06 22:27:58.152 8 INFO placement.requestlog [req-70a7735f-e78f-49df-a3a6-8b9bc6385af7 req-d7b0dd30-d7a7-40fc-accc-835e3e1e0f2b ae5e74ba6bc540b1adf8440006d898ff 1b25a2d29e9a4e52bcf6950c2434f92c - - be42f4ecb44f44e99caa93114879e66f be42f4ecb44f44e99caa93114879e66f] 10.0.0.47 "GET /allocations/d4b77627-673c-40bc-a7d0-c04e7017f379" status: 200 len: 19 microversion: 1.28 [pid: 8|app: 0|req: 578/1165] 10.0.0.47 () {34 vars in 860 bytes} [Fri Mar 6 22:27:58 2026] GET /allocations/d4b77627-673c-40bc-a7d0-c04e7017f379 => generated 19 bytes in 12 msecs (HTTP/1.1 200) 8 headers in 295 bytes (1 switches on core 0)
2026-03-06 22:27:58.215 7 INFO placement.requestlog [req-70a7735f-e78f-49df-a3a6-8b9bc6385af7 req-4a2c7a8f-029f-4ec8-99f5-49dad36ce579 ae5e74ba6bc540b1adf8440006d898ff 1b25a2d29e9a4e52bcf6950c2434f92c - - be42f4ecb44f44e99caa93114879e66f be42f4ecb44f44e99caa93114879e66f] 10.0.0.47 "PUT /allocations/d4b77627-673c-40bc-a7d0-c04e7017f379" status: 204 len: 0 microversion: 1.36 [pid: 7|app: 0|req: 588/1166] 10.0.0.47 () {38 vars in 913 bytes} [Fri Mar 6 22:27:58 2026] PUT /allocations/d4b77627-673c-40bc-a7d0-c04e7017f379 => generated 0 bytes in 55 msecs (HTTP/1.1 204) 5 headers in 199 bytes (1 switches on core 0)
2026-03-06 22:27:59.716 8 INFO placement.requestlog [req-70a7735f-e78f-49df-a3a6-8b9bc6385af7 req-ebdc0b73-6762-4564-a761-85ca4cf92fbd ae5e74ba6bc540b1adf8440006d898ff 1b25a2d29e9a4e52bcf6950c2434f92c - - be42f4ecb44f44e99caa93114879e66f be42f4ecb44f44e99caa93114879e66f] 199.204.45.155 "GET /allocations/d4b77627-673c-40bc-a7d0-c04e7017f379" status: 200 len: 258 microversion: 1.28 [pid: 8|app: 0|req: 579/1167] 199.204.45.155 () {34 vars in 863 bytes} [Fri Mar 6 22:27:59 2026] GET /allocations/d4b77627-673c-40bc-a7d0-c04e7017f379 => generated 258 bytes in 12 msecs (HTTP/1.1 200) 8 headers in 296 bytes (1 switches on core 0)
2026-03-06 22:28:00.763 7 INFO placement.requestlog [req-70a7735f-e78f-49df-a3a6-8b9bc6385af7 req-bd46060d-7c22-4d31-9a7f-77fa29bf1993 ae5e74ba6bc540b1adf8440006d898ff 1b25a2d29e9a4e52bcf6950c2434f92c - - be42f4ecb44f44e99caa93114879e66f be42f4ecb44f44e99caa93114879e66f] 199.204.45.155 "GET /resource_providers/2560e3d5-55d6-4a1f-90dc-8ff89daa47a6/allocations" status: 200 len: 253 microversion: 1.0 [pid: 7|app: 0|req: 589/1168] 199.204.45.155 () {32 vars in 857 bytes} [Fri Mar 6 22:28:00 2026] GET /resource_providers/2560e3d5-55d6-4a1f-90dc-8ff89daa47a6/allocations => generated 253 bytes in 16 msecs (HTTP/1.1 200) 6 headers in 224 bytes (1 switches on core 0)
2026-03-06 22:28:00.781 8 INFO placement.requestlog [req-70a7735f-e78f-49df-a3a6-8b9bc6385af7 req-dd97b1cd-38f6-4f65-badd-3fd813b06a1f ae5e74ba6bc540b1adf8440006d898ff 1b25a2d29e9a4e52bcf6950c2434f92c - - be42f4ecb44f44e99caa93114879e66f be42f4ecb44f44e99caa93114879e66f] 199.204.45.155 "GET /allocations/19ea1049-46f4-4673-82f8-f05568584676" status: 200 len: 258 microversion: 1.28 [pid: 8|app: 0|req: 580/1169] 199.204.45.155 () {34 vars in 863 bytes} [Fri Mar 6 22:28:00 2026] GET /allocations/19ea1049-46f4-4673-82f8-f05568584676 => generated 258 bytes in 13 msecs (HTTP/1.1 200) 8 headers in 296 bytes (1 switches on core 0)
2026-03-06 22:28:00.797 7 INFO placement.requestlog [req-70a7735f-e78f-49df-a3a6-8b9bc6385af7 req-98aa8592-553b-4c90-8a30-931ab90beb6d ae5e74ba6bc540b1adf8440006d898ff 1b25a2d29e9a4e52bcf6950c2434f92c - - be42f4ecb44f44e99caa93114879e66f be42f4ecb44f44e99caa93114879e66f] 199.204.45.155 "GET /allocations/d4b77627-673c-40bc-a7d0-c04e7017f379" status: 200 len: 258 microversion: 1.28 [pid: 7|app: 0|req: 590/1170] 199.204.45.155 () {34 vars in 863 bytes} [Fri Mar 6 22:28:00 2026] GET /allocations/d4b77627-673c-40bc-a7d0-c04e7017f379 => generated 258 bytes in 9 msecs (HTTP/1.1 200) 8 headers in 296 bytes (1 switches on core 0)
2026-03-06 22:28:01.803 8 INFO placement.requestlog [None req-c3123d50-0080-4304-bc67-f8a97206e305 - - - - - -] 10.0.0.230 "GET /" status: 200 len: 136 microversion: 1.0
2026-03-06 22:28:01.804 7 INFO placement.requestlog [None req-2c8683a2-6c2a-4e17-b264-bd368af067c0 - - - - - -] 10.0.0.230 "GET /" status: 200 len: 136 microversion: 1.0
2026-03-06 22:28:03.115 8 INFO placement.requestlog [None req-a390811e-f0b2-480c-8c8d-397f9de88cd1 900972a53db5406a8f6aa19b0ea3a73d 3fc0e344a1fb4f0796fafaab8ff27b5c - - default default] 10.0.0.192 "GET /resource_providers" status: 200 len: 406 microversion: 1.0 [pid: 8|app: 0|req: 582/1173] 10.0.0.192 () {28 vars in 593 bytes} [Fri Mar 6 22:28:02 2026] GET /resource_providers => generated 406 bytes in 135 msecs (HTTP/1.1 200) 6 headers in 224 bytes (1 switches on core 0)
2026-03-06 22:28:03.152 7 INFO placement.requestlog [None req-d1759bc2-a9f2-4b95-8a41-5e82fe5e3643 900972a53db5406a8f6aa19b0ea3a73d 3fc0e344a1fb4f0796fafaab8ff27b5c - - default default] 10.0.0.192 "GET /resource_providers/2560e3d5-55d6-4a1f-90dc-8ff89daa47a6/inventories" status: 200 len: 401 microversion: 1.0 [pid: 7|app: 0|req: 592/1174] 10.0.0.192 () {28 vars in 691 bytes} [Fri Mar 6 22:28:03 2026] GET /resource_providers/2560e3d5-55d6-4a1f-90dc-8ff89daa47a6/inventories => generated 401 bytes in 27 msecs (HTTP/1.1 200) 6 headers in 224 bytes (1 switches on core 0)
2026-03-06 22:28:03.168 8 INFO placement.requestlog [None req-aafc7d50-2dcc-4274-bb98-5ded2b0c6ff9 900972a53db5406a8f6aa19b0ea3a73d 3fc0e344a1fb4f0796fafaab8ff27b5c - - default default] 10.0.0.192 "GET /resource_providers/2560e3d5-55d6-4a1f-90dc-8ff89daa47a6/usages" status: 200 len: 92 microversion: 1.0 [pid: 8|app: 0|req: 583/1175] 10.0.0.192 () {28 vars in 681 bytes} [Fri Mar 6 22:28:03 2026] GET /resource_providers/2560e3d5-55d6-4a1f-90dc-8ff89daa47a6/usages => generated 92 bytes in 10 msecs (HTTP/1.1 200) 6 headers in 223 bytes (1 switches on core 0)
2026-03-06 22:28:11.806 7 INFO placement.requestlog [None req-efcdd58d-a26f-4819-bb49-c0d45f1324a3 - - - - - -] 10.0.0.230 "GET /" status: 200 len: 136 microversion: 1.0
2026-03-06 22:28:11.813 8 INFO placement.requestlog [None req-e039f27b-162b-4193-9a89-d23b6291cf3c - - - - - -] 10.0.0.230 "GET /" status: 200 len: 136 microversion: 1.0
2026-03-06 22:28:21.804 7 INFO placement.requestlog [None req-f59aa639-585e-41bb-93f3-78837e95827e - - - - - -] 10.0.0.230 "GET /" status: 200 len: 136 microversion: 1.0
2026-03-06 22:28:21.804 8 INFO placement.requestlog [None req-dc755429-fe12-41ef-99ad-3ec1f2247e5c - - - - - -] 10.0.0.230 "GET /" status: 200 len: 136 microversion: 1.0
2026-03-06 22:28:31.804 8 INFO placement.requestlog [None req-d062e971-c6f1-48e3-8976-af8efc9af109 - - - - - -] 10.0.0.230 "GET /" status: 200 len: 136 microversion: 1.0
2026-03-06 22:28:31.805 7 INFO placement.requestlog [None req-e997a082-4b33-4fb9-9488-47cd2e05bc76 - - - - - -] 10.0.0.230 "GET /" status: 200 len: 136 microversion: 1.0
2026-03-06 22:28:34.470 8 INFO placement.requestlog [req-88ac8c5a-9d7c-426d-89c8-d4c52e83521e req-87fd86a2-2114-4ea8-9b53-37602beaf07e ae5e74ba6bc540b1adf8440006d898ff 1b25a2d29e9a4e52bcf6950c2434f92c - - be42f4ecb44f44e99caa93114879e66f be42f4ecb44f44e99caa93114879e66f] 199.204.45.155 "GET /resource_providers/2560e3d5-55d6-4a1f-90dc-8ff89daa47a6/allocations" status: 200 len: 253 microversion: 1.0 [pid: 8|app: 0|req: 587/1182] 199.204.45.155 () {32 vars in 857 bytes} [Fri Mar 6 22:28:34 2026] GET /resource_providers/2560e3d5-55d6-4a1f-90dc-8ff89daa47a6/allocations => generated 253 bytes in 16 msecs (HTTP/1.1 200) 6 headers in 224 bytes (1 switches on core 0)
2026-03-06 22:28:34.494 7 INFO placement.requestlog [req-88ac8c5a-9d7c-426d-89c8-d4c52e83521e req-71d064df-77b6-4be9-b36e-24a3c42f1861 ae5e74ba6bc540b1adf8440006d898ff 1b25a2d29e9a4e52bcf6950c2434f92c - - be42f4ecb44f44e99caa93114879e66f be42f4ecb44f44e99caa93114879e66f] 199.204.45.155 "GET /resource_providers/2560e3d5-55d6-4a1f-90dc-8ff89daa47a6/allocations" status: 200 len: 253 microversion: 1.0 [pid: 7|app: 0|req: 596/1183] 199.204.45.155 () {32 vars in 857 bytes} [Fri Mar 6 22:28:34 2026] GET /resource_providers/2560e3d5-55d6-4a1f-90dc-8ff89daa47a6/allocations => generated 253 bytes in 17 msecs (HTTP/1.1 200) 6 headers in 224 bytes (1 switches on core 0)
2026-03-06 22:28:34.513 8 INFO placement.requestlog [req-88ac8c5a-9d7c-426d-89c8-d4c52e83521e req-b3088dea-56cc-4ac3-b7c4-2163a76451fc ae5e74ba6bc540b1adf8440006d898ff 1b25a2d29e9a4e52bcf6950c2434f92c - - be42f4ecb44f44e99caa93114879e66f be42f4ecb44f44e99caa93114879e66f] 199.204.45.155 "GET /allocations/19ea1049-46f4-4673-82f8-f05568584676" status: 200 len: 258 microversion: 1.28 [pid: 8|app: 0|req: 588/1184] 199.204.45.155 () {34 vars in 863 bytes} [Fri Mar 6 22:28:34 2026] GET /allocations/19ea1049-46f4-4673-82f8-f05568584676 => generated 258 bytes in 14 msecs (HTTP/1.1 200) 8 headers in 296 bytes (1 switches on core 0)
2026-03-06 22:28:34.531 7 INFO placement.requestlog [req-88ac8c5a-9d7c-426d-89c8-d4c52e83521e req-a2ad17f7-6f22-41a0-bc0d-e2f4e8f0b7e9 ae5e74ba6bc540b1adf8440006d898ff 1b25a2d29e9a4e52bcf6950c2434f92c - - be42f4ecb44f44e99caa93114879e66f be42f4ecb44f44e99caa93114879e66f] 199.204.45.155 "GET /allocations/d4b77627-673c-40bc-a7d0-c04e7017f379" status: 200 len: 258 microversion: 1.28 [pid: 7|app: 0|req: 597/1185] 199.204.45.155 () {34 vars in 863 bytes} [Fri Mar 6 22:28:34 2026] GET /allocations/d4b77627-673c-40bc-a7d0-c04e7017f379 => generated 258 bytes in 12 msecs (HTTP/1.1 200) 8 headers in 296 bytes (1 switches on core 0)
2026-03-06 22:28:37.455 8 INFO placement.requestlog [req-ca505b5d-dc80-4a78-bd78-b964a453614b req-92274cae-a2bf-45d6-b02e-cc69cc8c7b91 ae5e74ba6bc540b1adf8440006d898ff 1b25a2d29e9a4e52bcf6950c2434f92c - - be42f4ecb44f44e99caa93114879e66f be42f4ecb44f44e99caa93114879e66f] 10.0.0.47 "GET /allocation_candidates?limit=1000&resources=MEMORY_MB%3A2048%2CVCPU%3A2&root_required=%21COMPUTE_STATUS_DISABLED" status: 200 len: 2771 microversion: 1.36 [pid: 8|app: 0|req: 589/1186] 10.0.0.47 () {34 vars in 985 bytes} [Fri Mar 6 22:28:37 2026] GET /allocation_candidates?limit=1000&resources=MEMORY_MB%3A2048%2CVCPU%3A2&root_required=%21COMPUTE_STATUS_DISABLED => generated 2771 bytes in 37 msecs (HTTP/1.1 200) 8 headers in 297 bytes (1 switches on core 0)
2026-03-06 22:28:37.489 7 INFO placement.requestlog [req-ca505b5d-dc80-4a78-bd78-b964a453614b req-63f6e4fa-c90d-4b43-9848-3aecf010b397 ae5e74ba6bc540b1adf8440006d898ff 1b25a2d29e9a4e52bcf6950c2434f92c - - be42f4ecb44f44e99caa93114879e66f be42f4ecb44f44e99caa93114879e66f] 10.0.0.47 "GET /allocations/dc5a9678-2d85-4255-90b3-42ffa03704e2" status: 200 len: 19 microversion: 1.28 [pid: 7|app: 0|req: 598/1187] 10.0.0.47 () {34 vars in 860 bytes} [Fri Mar 6 22:28:37 2026] GET /allocations/dc5a9678-2d85-4255-90b3-42ffa03704e2 => generated 19 bytes in 10 msecs (HTTP/1.1 200) 8 headers in 295 bytes (1 switches on core 0)
2026-03-06 22:28:37.564 8 INFO placement.requestlog [req-ca505b5d-dc80-4a78-bd78-b964a453614b req-a774502a-ac01-4c5b-88e4-355ba6099737 ae5e74ba6bc540b1adf8440006d898ff 1b25a2d29e9a4e52bcf6950c2434f92c - - be42f4ecb44f44e99caa93114879e66f be42f4ecb44f44e99caa93114879e66f] 10.0.0.47 "PUT /allocations/dc5a9678-2d85-4255-90b3-42ffa03704e2" status: 204 len: 0 microversion: 1.36 [pid: 8|app: 0|req: 590/1188] 10.0.0.47 () {38 vars in 913 bytes} [Fri Mar 6 22:28:37 2026] PUT /allocations/dc5a9678-2d85-4255-90b3-42ffa03704e2 => generated 0 bytes in 66 msecs (HTTP/1.1 204) 5 headers in 199 bytes (1 switches on core 0)
2026-03-06 22:28:39.089 7 INFO placement.requestlog [req-ca505b5d-dc80-4a78-bd78-b964a453614b req-0692e0f4-d5d4-49e4-a49a-0cc75952dcb2 ae5e74ba6bc540b1adf8440006d898ff 1b25a2d29e9a4e52bcf6950c2434f92c - - be42f4ecb44f44e99caa93114879e66f be42f4ecb44f44e99caa93114879e66f] 199.204.45.155 "GET /allocations/dc5a9678-2d85-4255-90b3-42ffa03704e2" status: 200 len: 245 microversion: 1.28 [pid: 7|app: 0|req: 599/1189] 199.204.45.155 () {34 vars in 863 bytes} [Fri Mar 6 22:28:39 2026] GET /allocations/dc5a9678-2d85-4255-90b3-42ffa03704e2 => generated 245 bytes in 12 msecs (HTTP/1.1 200) 8 headers in 296 bytes (1 switches on core 0)
2026-03-06 22:28:40.145 8 INFO placement.requestlog [req-ca505b5d-dc80-4a78-bd78-b964a453614b req-9631a04e-56a9-48f5-8867-a4bf925d4c36 ae5e74ba6bc540b1adf8440006d898ff 1b25a2d29e9a4e52bcf6950c2434f92c - - be42f4ecb44f44e99caa93114879e66f be42f4ecb44f44e99caa93114879e66f] 199.204.45.155 "GET /resource_providers/2560e3d5-55d6-4a1f-90dc-8ff89daa47a6/allocations" status: 200 len: 340 microversion: 1.0 [pid: 8|app: 0|req: 591/1190] 199.204.45.155 () {32 vars in 857 bytes} [Fri Mar 6 22:28:40 2026] GET /resource_providers/2560e3d5-55d6-4a1f-90dc-8ff89daa47a6/allocations => generated 340 bytes in 32 msecs (HTTP/1.1 200) 6 headers in 224 bytes (1 switches on core 0)
2026-03-06 22:28:40.168 7 INFO placement.requestlog [req-ca505b5d-dc80-4a78-bd78-b964a453614b req-8cad329a-f214-4633-acde-dedf71e40e5f ae5e74ba6bc540b1adf8440006d898ff 1b25a2d29e9a4e52bcf6950c2434f92c - - be42f4ecb44f44e99caa93114879e66f be42f4ecb44f44e99caa93114879e66f] 199.204.45.155 "GET /allocations/dc5a9678-2d85-4255-90b3-42ffa03704e2" status: 200 len: 245 microversion: 1.28 [pid: 7|app: 0|req: 600/1191] 199.204.45.155 () {34 vars in 863 bytes} [Fri Mar 6 22:28:40 2026] GET /allocations/dc5a9678-2d85-4255-90b3-42ffa03704e2 => generated 245 bytes in 17 msecs (HTTP/1.1 200) 8 headers in 296 bytes (1 switches on core 0)
2026-03-06 22:28:40.189 8 INFO placement.requestlog [req-ca505b5d-dc80-4a78-bd78-b964a453614b req-41087f9b-d305-4b80-84ac-36f75a4e7ccc ae5e74ba6bc540b1adf8440006d898ff 1b25a2d29e9a4e52bcf6950c2434f92c - - be42f4ecb44f44e99caa93114879e66f be42f4ecb44f44e99caa93114879e66f] 199.204.45.155 "GET /allocations/19ea1049-46f4-4673-82f8-f05568584676" status: 200 len: 258 microversion: 1.28 [pid: 8|app: 0|req: 592/1192] 199.204.45.155 () {34 vars in 863 bytes} [Fri Mar 6 22:28:40 2026] GET /allocations/19ea1049-46f4-4673-82f8-f05568584676 => generated 258 bytes in 16 msecs (HTTP/1.1 200) 8 headers in 296 bytes (1 switches on core 0)
2026-03-06 22:28:40.207 7 INFO placement.requestlog [req-ca505b5d-dc80-4a78-bd78-b964a453614b req-f91b77f9-db08-425e-ac3f-0b7626100844 ae5e74ba6bc540b1adf8440006d898ff 1b25a2d29e9a4e52bcf6950c2434f92c - - be42f4ecb44f44e99caa93114879e66f be42f4ecb44f44e99caa93114879e66f] 199.204.45.155 "GET /allocations/d4b77627-673c-40bc-a7d0-c04e7017f379" status: 200 len: 258 microversion: 1.28 [pid: 7|app: 0|req: 601/1193] 199.204.45.155 () {34 vars in 863 bytes} [Fri Mar 6 22:28:40 2026] GET /allocations/d4b77627-673c-40bc-a7d0-c04e7017f379 => generated 258 bytes in 11 msecs (HTTP/1.1 200) 8 headers in 296 bytes (1 switches on core 0)
2026-03-06 22:28:41.804 8 INFO placement.requestlog [None req-bd05912e-f8eb-4c73-93f6-a44224835fd7 - - - - - -] 10.0.0.230 "GET /" status: 200 len: 136 microversion: 1.0
2026-03-06 22:28:41.804 7 INFO placement.requestlog [None req-f7eab845-7d16-475c-b100-6b8f755a80db - - - - - -] 10.0.0.230 "GET /" status: 200 len: 136 microversion: 1.0
2026-03-06 22:28:51.804 8 INFO placement.requestlog [None req-6de9162d-a951-4948-9c9b-861624940055 - - - - - -] 10.0.0.230 "GET /" status: 200 len: 136 microversion: 1.0
2026-03-06 22:28:51.804 7 INFO placement.requestlog [None req-8cf65d9e-c2a2-4021-b935-bf276c5bd342 - - - - - -] 10.0.0.230 "GET /" status: 200 len: 136 microversion: 1.0
2026-03-06 22:29:01.804 8 INFO placement.requestlog [None req-36e27965-ac62-4926-bb2e-28c7a197d908 - - - - - -] 10.0.0.230 "GET /" status: 200 len: 136 microversion: 1.0
2026-03-06 22:29:01.804 7 INFO placement.requestlog [None req-a1ac7478-9600-4a4a-8568-f002d476debe - - - - - -] 10.0.0.230 "GET /" status: 200 len: 136 microversion: 1.0
2026-03-06 22:29:02.853 8 INFO placement.requestlog [None req-3d0ea5c1-107c-4f2c-9c4c-3bc21e09b38c 900972a53db5406a8f6aa19b0ea3a73d 3fc0e344a1fb4f0796fafaab8ff27b5c - - default default] 10.0.0.192 "GET /resource_providers" status: 200 len: 406 microversion: 1.0 [pid: 8|app: 0|req: 596/1200] 10.0.0.192 () {28 vars in 593 bytes} [Fri Mar 6 22:29:02 2026] GET /resource_providers => generated 406 bytes in 76 msecs (HTTP/1.1 200) 6 headers in 224 bytes (1 switches on core 0)
2026-03-06 22:29:02.874 7 INFO placement.requestlog [None req-0d8919dd-6702-4d81-8a9e-b21545e77a40 900972a53db5406a8f6aa19b0ea3a73d 3fc0e344a1fb4f0796fafaab8ff27b5c - - default default] 10.0.0.192 "GET /resource_providers/2560e3d5-55d6-4a1f-90dc-8ff89daa47a6/inventories" status: 200 len: 401 microversion: 1.0 [pid: 7|app: 0|req: 605/1201] 10.0.0.192 () {28 vars in 691 bytes} [Fri Mar 6 22:29:02 2026] GET /resource_providers/2560e3d5-55d6-4a1f-90dc-8ff89daa47a6/inventories => generated 401 bytes in 17 msecs (HTTP/1.1 200) 6 headers in 224 bytes (1 switches on core 0)
2026-03-06 22:29:02.904 8 INFO placement.requestlog [None req-280034af-7b41-4e76-bc80-9b417762c588 900972a53db5406a8f6aa19b0ea3a73d 3fc0e344a1fb4f0796fafaab8ff27b5c - - default default] 10.0.0.192 "GET /resource_providers/2560e3d5-55d6-4a1f-90dc-8ff89daa47a6/usages" status: 200 len: 92 microversion: 1.0 [pid: 8|app: 0|req: 597/1202] 10.0.0.192 () {28 vars in 681 bytes} [Fri Mar 6 22:29:02 2026] GET /resource_providers/2560e3d5-55d6-4a1f-90dc-8ff89daa47a6/usages => generated 92 bytes in 26 msecs (HTTP/1.1 200) 6 headers in 223 bytes (1 switches on core 0)
2026-03-06 22:29:11.803 7 INFO placement.requestlog [None req-4a52795c-40b8-4697-b942-8fd2f437d8a8 - - - - - -] 10.0.0.230 "GET /" status: 200 len: 136 microversion: 1.0
2026-03-06 22:29:11.804 8 INFO placement.requestlog [None req-276cd485-dc5d-4491-bc12-5da608cc853a - - - - - -] 10.0.0.230 "GET /" status: 200 len: 136 microversion: 1.0
2026-03-06 22:29:21.804 7 INFO placement.requestlog [None req-532c421c-472d-405e-9fe7-c9f9caeca940 - - - - - -] 10.0.0.230 "GET /" status: 200 len: 136 microversion: 1.0
2026-03-06 22:29:21.805 8 INFO placement.requestlog [None req-913ba18e-620a-462e-aeec-87c91a0e6bba - - - - - -] 10.0.0.230 "GET /" status: 200 len: 136 microversion: 1.0
2026-03-06 22:29:31.804 8 INFO placement.requestlog [None req-b736cbee-f29b-4e02-a25f-a7d99ca1f1d9 - - - - - -] 10.0.0.230 "GET /" status: 200 len: 136 microversion: 1.0
2026-03-06 22:29:31.804 7 INFO placement.requestlog [None req-a5ef47ad-e249-45e1-9b4f-c4986da18598 - - - - - -] 10.0.0.230 "GET /" status: 200 len: 136 microversion: 1.0
2026-03-06 22:29:36.537 8 INFO placement.requestlog [req-97479195-56f1-4166-af60-4b2199f9df23 req-08e2771e-622f-4e48-9d4b-51e17ba4dad0 ae5e74ba6bc540b1adf8440006d898ff 1b25a2d29e9a4e52bcf6950c2434f92c - - be42f4ecb44f44e99caa93114879e66f be42f4ecb44f44e99caa93114879e66f] 199.204.45.155 "GET /resource_providers/2560e3d5-55d6-4a1f-90dc-8ff89daa47a6/allocations" status: 200 len: 340 microversion: 1.0 [pid: 8|app: 0|req: 601/1209] 199.204.45.155 () {32 vars in 857 bytes} [Fri Mar 6 22:29:36 2026] GET /resource_providers/2560e3d5-55d6-4a1f-90dc-8ff89daa47a6/allocations => generated 340 bytes in 43 msecs (HTTP/1.1 200) 6 headers in 224 bytes (1 switches on core 0)
2026-03-06 22:29:36.567 7 INFO placement.requestlog [req-97479195-56f1-4166-af60-4b2199f9df23 req-2494457d-048b-4f21-92f8-298e14aadd98 ae5e74ba6bc540b1adf8440006d898ff 1b25a2d29e9a4e52bcf6950c2434f92c - - be42f4ecb44f44e99caa93114879e66f be42f4ecb44f44e99caa93114879e66f] 199.204.45.155 "GET /resource_providers/2560e3d5-55d6-4a1f-90dc-8ff89daa47a6/allocations" status: 200 len: 340 microversion: 1.0 [pid: 7|app: 0|req: 609/1210] 199.204.45.155 () {32 vars in 857 bytes} [Fri Mar 6 22:29:36 2026] GET /resource_providers/2560e3d5-55d6-4a1f-90dc-8ff89daa47a6/allocations => generated 340 bytes in 16 msecs (HTTP/1.1 200) 6 headers in 224 bytes (1 switches on core 0)
