2026-03-06 22:29:36.582 8 INFO placement.requestlog [req-97479195-56f1-4166-af60-4b2199f9df23 req-7d93be8f-f7bc-4936-83b0-049195fef902 ae5e74ba6bc540b1adf8440006d898ff 1b25a2d29e9a4e52bcf6950c2434f92c - - be42f4ecb44f44e99caa93114879e66f be42f4ecb44f44e99caa93114879e66f] 199.204.45.155 "GET /allocations/dc5a9678-2d85-4255-90b3-42ffa03704e2" status: 200 len: 245 microversion: 1.28 [pid: 8|app: 0|req: 602/1211] 199.204.45.155 () {34 vars in 863 bytes} [Fri Mar 6 22:29:36 2026] GET /allocations/dc5a9678-2d85-4255-90b3-42ffa03704e2 => generated 245 bytes in 12 msecs (HTTP/1.1 200) 8 headers in 296 bytes (1 switches on core 0)
2026-03-06 22:29:36.598 7 INFO placement.requestlog [req-97479195-56f1-4166-af60-4b2199f9df23 req-bf0ae5cd-ad25-4c36-9167-815254e46b5e ae5e74ba6bc540b1adf8440006d898ff 1b25a2d29e9a4e52bcf6950c2434f92c - - be42f4ecb44f44e99caa93114879e66f be42f4ecb44f44e99caa93114879e66f] 199.204.45.155 "GET /allocations/19ea1049-46f4-4673-82f8-f05568584676" status: 200 len: 258 microversion: 1.28 [pid: 7|app: 0|req: 610/1212] 199.204.45.155 () {34 vars in 863 bytes} [Fri Mar 6 22:29:36 2026] GET /allocations/19ea1049-46f4-4673-82f8-f05568584676 => generated 258 bytes in 12 msecs (HTTP/1.1 200) 8 headers in 296 bytes (1 switches on core 0)
2026-03-06 22:29:36.618 8 INFO placement.requestlog [req-97479195-56f1-4166-af60-4b2199f9df23 req-f527c980-61a9-428f-b2ed-14b3bd5fef9b ae5e74ba6bc540b1adf8440006d898ff 1b25a2d29e9a4e52bcf6950c2434f92c - - be42f4ecb44f44e99caa93114879e66f be42f4ecb44f44e99caa93114879e66f] 199.204.45.155 "GET /allocations/d4b77627-673c-40bc-a7d0-c04e7017f379" status: 200 len: 258 microversion: 1.28 [pid: 8|app: 0|req: 603/1213] 199.204.45.155 () {34 vars in 863 bytes} [Fri Mar 6 22:29:36 2026] GET /allocations/d4b77627-673c-40bc-a7d0-c04e7017f379 => generated 258 bytes in 12 msecs (HTTP/1.1 200) 8 headers in 296 bytes (1 switches on core 0)
2026-03-06 22:29:41.803 8 INFO placement.requestlog [None req-296a072c-1c63-4cf2-b845-b36b08a7d8b6 - - - - - -] 10.0.0.230 "GET /" status: 200 len: 136 microversion: 1.0
2026-03-06 22:29:41.803 7 INFO placement.requestlog [None req-16d5668d-2adb-41fd-b226-e8159ac7e616 - - - - - -] 10.0.0.230 "GET /" status: 200 len: 136 microversion: 1.0
2026-03-06 22:29:51.804 7 INFO placement.requestlog [None req-72987581-14ed-49f2-86e4-67e01ce4d1e6 - - - - - -] 10.0.0.230 "GET /" status: 200 len: 136 microversion: 1.0
2026-03-06 22:29:51.804 8 INFO placement.requestlog [None req-a834eb32-1c65-4388-a095-0b744eec2e58 - - - - - -] 10.0.0.230 "GET /" status: 200 len: 136 microversion: 1.0
2026-03-06 22:30:01.804 7 INFO placement.requestlog [None req-feefd958-8179-44fc-9814-3e346cfde848 - - - - - -] 10.0.0.230 "GET /" status: 200 len: 136 microversion: 1.0
2026-03-06 22:30:01.804 8 INFO placement.requestlog [None req-c1aaeb36-d670-490a-806d-deb66b86f2f5 - - - - - -] 10.0.0.230 "GET /" status: 200 len: 136 microversion: 1.0
2026-03-06 22:30:02.853 7 INFO placement.requestlog [None req-1656738b-29bb-45c1-b81d-0c0a919eff71 900972a53db5406a8f6aa19b0ea3a73d 3fc0e344a1fb4f0796fafaab8ff27b5c - - default default] 10.0.0.192 "GET /resource_providers" status: 200 len: 406 microversion: 1.0 [pid: 7|app: 0|req: 614/1220] 10.0.0.192 () {28 vars in 593 bytes} [Fri Mar 6 22:30:02 2026] GET /resource_providers => generated 406 bytes in 68 msecs (HTTP/1.1 200) 6 headers in 224 bytes (1 switches on core 0)
2026-03-06 22:30:02.873 8 INFO placement.requestlog [None req-07b40fa2-9ace-4a3a-9d53-d07bf20653ef 900972a53db5406a8f6aa19b0ea3a73d 3fc0e344a1fb4f0796fafaab8ff27b5c - - default default] 10.0.0.192 "GET /resource_providers/2560e3d5-55d6-4a1f-90dc-8ff89daa47a6/inventories" status: 200 len: 401 microversion: 1.0 [pid: 8|app: 0|req: 607/1221] 10.0.0.192 () {28 vars in 691 bytes} [Fri Mar 6 22:30:02 2026] GET /resource_providers/2560e3d5-55d6-4a1f-90dc-8ff89daa47a6/inventories => generated 401 bytes in 14 msecs (HTTP/1.1 200) 6 headers in 224 bytes (1 switches on core 0)
2026-03-06 22:30:02.886 7 INFO placement.requestlog [None req-d85558ea-2fa6-4091-b1eb-2afcde2ca13d 900972a53db5406a8f6aa19b0ea3a73d 3fc0e344a1fb4f0796fafaab8ff27b5c - - default default] 10.0.0.192 "GET /resource_providers/2560e3d5-55d6-4a1f-90dc-8ff89daa47a6/usages" status: 200 len: 92 microversion: 1.0 [pid: 7|app: 0|req: 615/1222] 10.0.0.192 () {28 vars in 681 bytes} [Fri Mar 6 22:30:02 2026] GET /resource_providers/2560e3d5-55d6-4a1f-90dc-8ff89daa47a6/usages => generated 92 bytes in 11 msecs (HTTP/1.1 200) 6 headers in 223 bytes (1 switches on core 0)
2026-03-06 22:30:11.804 8 INFO placement.requestlog [None req-c0399ce0-2b7e-46d2-a8d3-c5f8a4a11cb8 - - - - - -] 10.0.0.230 "GET /" status: 200 len: 136 microversion: 1.0
2026-03-06 22:30:11.805 7 INFO placement.requestlog [None req-c46350ed-be87-4633-a6cf-57150e2d25d7 - - - - - -] 10.0.0.230 "GET /" status: 200 len: 136 microversion: 1.0
2026-03-06 22:30:21.804 8 INFO placement.requestlog [None req-6b2d46d9-09ef-4115-8a41-2375c3a7dc01 - - - - - -] 10.0.0.230 "GET /" status: 200 len: 136 microversion: 1.0
2026-03-06 22:30:21.804 7 INFO placement.requestlog [None req-72ed6672-886b-47b4-a5e1-750b48bb7e56 - - - - - -] 10.0.0.230 "GET /" status: 200 len: 136 microversion: 1.0
2026-03-06 22:30:31.803 7 INFO placement.requestlog [None req-7ccbe343-b627-4642-b091-eb90a2b9a9f2 - - - - - -] 10.0.0.230 "GET /" status: 200 len: 136 microversion: 1.0
2026-03-06 22:30:31.803 8 INFO placement.requestlog [None req-4107a1a9-f3a4-4374-bacc-18cd77d2828a - - - - - -] 10.0.0.230 "GET /" status: 200 len: 136 microversion: 1.0
2026-03-06 22:30:37.483 7 INFO placement.requestlog [req-5fa6f75b-9802-4c68-8d77-20c646790243 req-acc8ff99-d9bc-4962-bebb-afc1f05a7b7a ae5e74ba6bc540b1adf8440006d898ff 1b25a2d29e9a4e52bcf6950c2434f92c - - be42f4ecb44f44e99caa93114879e66f be42f4ecb44f44e99caa93114879e66f] 199.204.45.155 "GET /resource_providers/2560e3d5-55d6-4a1f-90dc-8ff89daa47a6/allocations" status: 200 len: 340 microversion: 1.0 [pid: 7|app: 0|req: 619/1229] 199.204.45.155 () {32 vars in 857 bytes} [Fri Mar 6 22:30:37 2026] GET /resource_providers/2560e3d5-55d6-4a1f-90dc-8ff89daa47a6/allocations => generated 340 bytes in 20 msecs (HTTP/1.1 200) 6 headers in 224 bytes (1 switches on core 0)
2026-03-06 22:30:37.507 8 INFO placement.requestlog [req-5fa6f75b-9802-4c68-8d77-20c646790243 req-beac8dd3-a26a-4c76-97c3-5307fcf1c46a ae5e74ba6bc540b1adf8440006d898ff 1b25a2d29e9a4e52bcf6950c2434f92c - - be42f4ecb44f44e99caa93114879e66f be42f4ecb44f44e99caa93114879e66f] 199.204.45.155 "GET /resource_providers/2560e3d5-55d6-4a1f-90dc-8ff89daa47a6/allocations" status: 200 len: 340 microversion: 1.0 [pid: 8|app: 0|req: 611/1230] 199.204.45.155 () {32 vars in 857 bytes} [Fri Mar 6 22:30:37 2026] GET /resource_providers/2560e3d5-55d6-4a1f-90dc-8ff89daa47a6/allocations => generated 340 bytes in 15 msecs (HTTP/1.1 200) 6 headers in 224 bytes (1 switches on core 0)
2026-03-06 22:30:37.530 7 INFO placement.requestlog [req-5fa6f75b-9802-4c68-8d77-20c646790243 req-c9c51bbb-a3e3-433b-94c0-02828581afd1 ae5e74ba6bc540b1adf8440006d898ff 1b25a2d29e9a4e52bcf6950c2434f92c - - be42f4ecb44f44e99caa93114879e66f be42f4ecb44f44e99caa93114879e66f] 199.204.45.155 "GET /allocations/dc5a9678-2d85-4255-90b3-42ffa03704e2" status: 200 len: 245 microversion: 1.28 [pid: 7|app: 0|req: 620/1231] 199.204.45.155 () {34 vars in 863 bytes} [Fri Mar 6 22:30:37 2026] GET /allocations/dc5a9678-2d85-4255-90b3-42ffa03704e2 => generated 245 bytes in 15 msecs (HTTP/1.1 200) 8 headers in 296 bytes (1 switches on core 0)
2026-03-06 22:30:37.551 8 INFO placement.requestlog [req-5fa6f75b-9802-4c68-8d77-20c646790243 req-adb25d29-4294-4268-95b2-d6c843723ddd ae5e74ba6bc540b1adf8440006d898ff 1b25a2d29e9a4e52bcf6950c2434f92c - - be42f4ecb44f44e99caa93114879e66f be42f4ecb44f44e99caa93114879e66f] 199.204.45.155 "GET /allocations/19ea1049-46f4-4673-82f8-f05568584676" status: 200 len: 258 microversion: 1.28 [pid: 8|app: 0|req: 612/1232] 199.204.45.155 () {34 vars in 863 bytes} [Fri Mar 6 22:30:37 2026] GET /allocations/19ea1049-46f4-4673-82f8-f05568584676 => generated 258 bytes in 12 msecs (HTTP/1.1 200) 8 headers in 296 bytes (1 switches on core 0)
2026-03-06 22:30:37.571 7 INFO placement.requestlog [req-5fa6f75b-9802-4c68-8d77-20c646790243 req-776d9272-80cd-4ef6-94fa-1043a9d52cf2 ae5e74ba6bc540b1adf8440006d898ff 1b25a2d29e9a4e52bcf6950c2434f92c - - be42f4ecb44f44e99caa93114879e66f be42f4ecb44f44e99caa93114879e66f] 199.204.45.155 "GET /allocations/d4b77627-673c-40bc-a7d0-c04e7017f379" status: 200 len: 258 microversion: 1.28 [pid: 7|app: 0|req: 621/1233] 199.204.45.155 () {34 vars in 863 bytes} [Fri Mar 6 22:30:37 2026] GET /allocations/d4b77627-673c-40bc-a7d0-c04e7017f379 => generated 258 bytes in 13 msecs (HTTP/1.1 200) 8 headers in 296 bytes (1 switches on core 0)
2026-03-06 22:30:41.804 7 INFO placement.requestlog [None req-3e51f129-90ba-4ff7-8cd9-79b69610fb06 - - - - - -] 10.0.0.230 "GET /" status: 200 len: 136 microversion: 1.0
2026-03-06 22:30:41.804 8 INFO placement.requestlog [None req-2a016a47-d81c-4a04-8840-c2219431f8c6 - - - - - -] 10.0.0.230 "GET /" status: 200 len: 136 microversion: 1.0
2026-03-06 22:30:51.804 8 INFO placement.requestlog [None req-803c57d4-5455-4e87-8486-8f1482f506db - - - - - -] 10.0.0.230 "GET /" status: 200 len: 136 microversion: 1.0
2026-03-06 22:30:51.804 7 INFO placement.requestlog [None req-26459b99-489c-4f96-8c10-1fec8781d680 - - - - - -] 10.0.0.230 "GET /" status: 200 len: 136 microversion: 1.0
2026-03-06 22:31:01.805 7 INFO placement.requestlog [None req-a44db43f-90ed-4481-813e-d86f0da7d3bf - - - - - -] 10.0.0.230 "GET /" status: 200 len: 136 microversion: 1.0
2026-03-06 22:31:01.805 8 INFO placement.requestlog [None req-d3d1a153-fb9d-493c-a5e3-9f0dbdab378c - - - - - -] 10.0.0.230 "GET /" status: 200 len: 136 microversion: 1.0
2026-03-06 22:31:02.961 7 INFO placement.requestlog [None req-c3c1c53d-8928-4418-a504-bfd1b923d9f3 900972a53db5406a8f6aa19b0ea3a73d 3fc0e344a1fb4f0796fafaab8ff27b5c - - default default] 10.0.0.192 "GET /resource_providers" status: 200 len: 406 microversion: 1.0 [pid: 7|app: 0|req: 625/1240] 10.0.0.192 () {28 vars in 593 bytes} [Fri Mar 6 22:31:02 2026] GET /resource_providers => generated 406 bytes in 85 msecs (HTTP/1.1 200) 6 headers in 224 bytes (1 switches on core 0)
2026-03-06 22:31:02.981 8 INFO placement.requestlog [None req-4f14df16-102b-4e7d-bb3e-45ef46e8b497 900972a53db5406a8f6aa19b0ea3a73d 3fc0e344a1fb4f0796fafaab8ff27b5c - - default default] 10.0.0.192 "GET /resource_providers/2560e3d5-55d6-4a1f-90dc-8ff89daa47a6/inventories" status: 200 len: 401 microversion: 1.0 [pid: 8|app: 0|req: 616/1241] 10.0.0.192 () {28 vars in 691 bytes} [Fri Mar 6 22:31:02 2026] GET /resource_providers/2560e3d5-55d6-4a1f-90dc-8ff89daa47a6/inventories => generated 401 bytes in 17 msecs (HTTP/1.1 200) 6 headers in 224 bytes (1 switches on core 0)
2026-03-06 22:31:03.001 7 INFO placement.requestlog [None req-d7f067bd-5c7d-4edd-b994-73feb1f780c6 900972a53db5406a8f6aa19b0ea3a73d 3fc0e344a1fb4f0796fafaab8ff27b5c - - default default] 10.0.0.192 "GET /resource_providers/2560e3d5-55d6-4a1f-90dc-8ff89daa47a6/usages" status: 200 len: 92 microversion: 1.0 [pid: 7|app: 0|req: 626/1242] 10.0.0.192 () {28 vars in 681 bytes} [Fri Mar 6 22:31:02 2026] GET /resource_providers/2560e3d5-55d6-4a1f-90dc-8ff89daa47a6/usages => generated 92 bytes in 11 msecs (HTTP/1.1 200) 6 headers in 223 bytes (1 switches on core 0)
2026-03-06 22:31:11.803 8 INFO placement.requestlog [None req-313aa1ac-fe59-43d8-bd5c-dce3f349935c - - - - - -] 10.0.0.230 "GET /" status: 200 len: 136 microversion: 1.0
2026-03-06 22:31:11.803 7 INFO placement.requestlog [None req-6224b09e-ad3d-4c11-9a4b-e1a20f1a9729 - - - - - -] 10.0.0.230 "GET /" status: 200 len: 136 microversion: 1.0
2026-03-06 22:31:21.804 7 INFO placement.requestlog [None req-bd1a1acf-397c-44a0-8e3d-7b2904f0fb49 - - - - - -] 10.0.0.230 "GET /" status: 200 len: 136 microversion: 1.0
2026-03-06 22:31:21.804 8 INFO placement.requestlog [None req-75d5899a-4088-4f0d-a177-33ca6ce1ed63 - - - - - -] 10.0.0.230 "GET /" status: 200 len: 136 microversion: 1.0
2026-03-06 22:31:31.803 7 INFO placement.requestlog [None req-ea6f8131-8cba-4d36-896c-45f586a07e14 - - - - - -] 10.0.0.230 "GET /" status: 200 len: 136 microversion: 1.0
2026-03-06 22:31:31.804 8 INFO placement.requestlog [None req-e727d9ed-9dae-4385-b2fa-395b2135fa9a - - - - - -] 10.0.0.230 "GET /" status: 200 len: 136 microversion: 1.0
2026-03-06 22:31:33.255 7 INFO placement.requestlog [req-41d03552-0579-4ccd-afca-24c6615f4a6d req-7a15990f-9cec-4aca-a3ea-8c87c4fbc051 ae5e74ba6bc540b1adf8440006d898ff 1b25a2d29e9a4e52bcf6950c2434f92c - - be42f4ecb44f44e99caa93114879e66f be42f4ecb44f44e99caa93114879e66f] 199.204.45.155 "GET /resource_providers/2560e3d5-55d6-4a1f-90dc-8ff89daa47a6/allocations" status: 200 len: 340 microversion: 1.0 [pid: 7|app: 0|req: 630/1249] 199.204.45.155 () {32 vars in 857 bytes} [Fri Mar 6 22:31:33 2026] GET /resource_providers/2560e3d5-55d6-4a1f-90dc-8ff89daa47a6/allocations => generated 340 bytes in 19 msecs (HTTP/1.1 200) 6 headers in 224 bytes (1 switches on core 0)
2026-03-06 22:31:33.277 8 INFO placement.requestlog [req-41d03552-0579-4ccd-afca-24c6615f4a6d req-7d6e7481-bff6-4627-8d07-d3ee97a7e6f1 ae5e74ba6bc540b1adf8440006d898ff 1b25a2d29e9a4e52bcf6950c2434f92c - - be42f4ecb44f44e99caa93114879e66f be42f4ecb44f44e99caa93114879e66f] 199.204.45.155 "GET /allocations/dc5a9678-2d85-4255-90b3-42ffa03704e2" status: 200 len: 245 microversion: 1.28 [pid: 8|app: 0|req: 620/1250] 199.204.45.155 () {34 vars in 863 bytes} [Fri Mar 6 22:31:33 2026] GET /allocations/dc5a9678-2d85-4255-90b3-42ffa03704e2 => generated 245 bytes in 18 msecs (HTTP/1.1 200) 8 headers in 296 bytes (1 switches on core 0)
2026-03-06 22:31:33.298 7 INFO placement.requestlog [req-41d03552-0579-4ccd-afca-24c6615f4a6d req-76308264-4f2a-45fc-ad7a-d2b45e4c518b ae5e74ba6bc540b1adf8440006d898ff 1b25a2d29e9a4e52bcf6950c2434f92c - - be42f4ecb44f44e99caa93114879e66f be42f4ecb44f44e99caa93114879e66f] 199.204.45.155 "GET /allocations/19ea1049-46f4-4673-82f8-f05568584676" status: 200 len: 258 microversion: 1.28 [pid: 7|app: 0|req: 631/1251] 199.204.45.155 () {34 vars in 863 bytes} [Fri Mar 6 22:31:33 2026] GET /allocations/19ea1049-46f4-4673-82f8-f05568584676 => generated 258 bytes in 16 msecs (HTTP/1.1 200) 8 headers in 296 bytes (1 switches on core 0)
2026-03-06 22:31:33.321 8 INFO placement.requestlog [req-41d03552-0579-4ccd-afca-24c6615f4a6d req-c696e3ed-a2fd-4a08-9470-3f407188cedf ae5e74ba6bc540b1adf8440006d898ff 1b25a2d29e9a4e52bcf6950c2434f92c - - be42f4ecb44f44e99caa93114879e66f be42f4ecb44f44e99caa93114879e66f] 199.204.45.155 "GET /allocations/d4b77627-673c-40bc-a7d0-c04e7017f379" status: 200 len: 258 microversion: 1.28 [pid: 8|app: 0|req: 621/1252] 199.204.45.155 () {34 vars in 863 bytes} [Fri Mar 6 22:31:33 2026] GET /allocations/d4b77627-673c-40bc-a7d0-c04e7017f379 => generated 258 bytes in 17 msecs (HTTP/1.1 200) 8 headers in 296 bytes (1 switches on core 0)
2026-03-06 22:31:34.365 7 INFO placement.requestlog [req-41d03552-0579-4ccd-afca-24c6615f4a6d req-75bd8314-18e2-4e61-8f96-656653e08173 ae5e74ba6bc540b1adf8440006d898ff 1b25a2d29e9a4e52bcf6950c2434f92c - - be42f4ecb44f44e99caa93114879e66f be42f4ecb44f44e99caa93114879e66f] 199.204.45.155 "DELETE /allocations/dc5a9678-2d85-4255-90b3-42ffa03704e2" status: 204 len: 0 microversion: 1.0 [pid: 7|app: 0|req: 632/1253] 199.204.45.155 () {34 vars in 841 bytes} [Fri Mar 6 22:31:34 2026] DELETE /allocations/dc5a9678-2d85-4255-90b3-42ffa03704e2 => generated 0 bytes in 21 msecs (HTTP/1.1 204) 5 headers in 198 bytes (1 switches on core 0)
2026-03-06 22:31:36.234 8 INFO placement.requestlog [req-964664c5-3504-4488-a59f-200644ac6800 req-36d6acdf-e644-4ea2-ac8b-cec31c6d4190 ae5e74ba6bc540b1adf8440006d898ff 1b25a2d29e9a4e52bcf6950c2434f92c - - be42f4ecb44f44e99caa93114879e66f be42f4ecb44f44e99caa93114879e66f] 199.204.45.155 "GET /resource_providers/2560e3d5-55d6-4a1f-90dc-8ff89daa47a6/allocations" status: 200 len: 253 microversion: 1.0 [pid: 8|app: 0|req: 622/1254] 199.204.45.155 () {32 vars in 857 bytes} [Fri Mar 6 22:31:36 2026] GET /resource_providers/2560e3d5-55d6-4a1f-90dc-8ff89daa47a6/allocations => generated 253 bytes in 19 msecs (HTTP/1.1 200) 6 headers in 224 bytes (1 switches on core 0)
2026-03-06 22:31:36.252 7 INFO placement.requestlog [req-964664c5-3504-4488-a59f-200644ac6800 req-354c748d-91d2-49da-9828-2757d7789982 ae5e74ba6bc540b1adf8440006d898ff 1b25a2d29e9a4e52bcf6950c2434f92c - - be42f4ecb44f44e99caa93114879e66f be42f4ecb44f44e99caa93114879e66f] 199.204.45.155 "GET /allocations/19ea1049-46f4-4673-82f8-f05568584676" status: 200 len: 258 microversion: 1.28 [pid: 7|app: 0|req: 633/1255] 199.204.45.155 () {34 vars in 863 bytes} [Fri Mar 6 22:31:36 2026] GET /allocations/19ea1049-46f4-4673-82f8-f05568584676 => generated 258 bytes in 14 msecs (HTTP/1.1 200) 8 headers in 296 bytes (1 switches on core 0)
2026-03-06 22:31:36.267 8 INFO placement.requestlog [req-964664c5-3504-4488-a59f-200644ac6800 req-80d93352-182c-4f75-b061-f47793d4bbb5 ae5e74ba6bc540b1adf8440006d898ff 1b25a2d29e9a4e52bcf6950c2434f92c - - be42f4ecb44f44e99caa93114879e66f be42f4ecb44f44e99caa93114879e66f] 199.204.45.155 "GET /allocations/d4b77627-673c-40bc-a7d0-c04e7017f379" status: 200 len: 258 microversion: 1.28 [pid: 8|app: 0|req: 623/1256] 199.204.45.155 () {34 vars in 863 bytes} [Fri Mar 6 22:31:36 2026] GET /allocations/d4b77627-673c-40bc-a7d0-c04e7017f379 => generated 258 bytes in 12 msecs (HTTP/1.1 200) 8 headers in 296 bytes (1 switches on core 0)
2026-03-06 22:31:37.320 7 INFO placement.requestlog [req-964664c5-3504-4488-a59f-200644ac6800 req-23839241-24e5-444e-bba6-50f6def3e579 ae5e74ba6bc540b1adf8440006d898ff 1b25a2d29e9a4e52bcf6950c2434f92c - - be42f4ecb44f44e99caa93114879e66f be42f4ecb44f44e99caa93114879e66f] 199.204.45.155 "DELETE /allocations/d4b77627-673c-40bc-a7d0-c04e7017f379" status: 204 len: 0 microversion: 1.0 [pid: 7|app: 0|req: 634/1257] 199.204.45.155 () {34 vars in 841 bytes} [Fri Mar 6 22:31:37 2026] DELETE /allocations/d4b77627-673c-40bc-a7d0-c04e7017f379 => generated 0 bytes in 23 msecs (HTTP/1.1 204) 5 headers in 198 bytes (1 switches on core 0)
2026-03-06 22:31:38.334 8 INFO placement.requestlog [req-fe4d45e7-76d8-472b-8547-08500c5f1389 req-ebc20c5e-afa5-4952-a491-3c2a6382f2cb ae5e74ba6bc540b1adf8440006d898ff 1b25a2d29e9a4e52bcf6950c2434f92c - - be42f4ecb44f44e99caa93114879e66f be42f4ecb44f44e99caa93114879e66f] 199.204.45.155 "GET /resource_providers/2560e3d5-55d6-4a1f-90dc-8ff89daa47a6/allocations" status: 200 len: 153 microversion: 1.0 [pid: 8|app: 0|req: 624/1258] 199.204.45.155 () {32 vars in 857 bytes} [Fri Mar 6 22:31:38 2026] GET /resource_providers/2560e3d5-55d6-4a1f-90dc-8ff89daa47a6/allocations => generated 153 bytes in 19 msecs (HTTP/1.1 200) 6 headers in 224 bytes (1 switches on core 0)
2026-03-06 22:31:38.359 7 INFO placement.requestlog [req-fe4d45e7-76d8-472b-8547-08500c5f1389 req-14128cae-d4e2-4f0f-9830-a9da26086706 ae5e74ba6bc540b1adf8440006d898ff 1b25a2d29e9a4e52bcf6950c2434f92c - - be42f4ecb44f44e99caa93114879e66f be42f4ecb44f44e99caa93114879e66f] 199.204.45.155 "GET /resource_providers/2560e3d5-55d6-4a1f-90dc-8ff89daa47a6/allocations" status: 200 len: 153 microversion: 1.0 [pid: 7|app: 0|req: 635/1259] 199.204.45.155 () {32 vars in 857 bytes} [Fri Mar 6 22:31:38 2026] GET /resource_providers/2560e3d5-55d6-4a1f-90dc-8ff89daa47a6/allocations => generated 153 bytes in 16 msecs (HTTP/1.1 200) 6 headers in 224 bytes (1 switches on core 0)
2026-03-06 22:31:38.379 8 INFO placement.requestlog [req-fe4d45e7-76d8-472b-8547-08500c5f1389 req-466d7e62-14cf-4f64-964f-4c1de2498017 ae5e74ba6bc540b1adf8440006d898ff 1b25a2d29e9a4e52bcf6950c2434f92c - - be42f4ecb44f44e99caa93114879e66f be42f4ecb44f44e99caa93114879e66f] 199.204.45.155 "GET /allocations/19ea1049-46f4-4673-82f8-f05568584676" status: 200 len: 258 microversion: 1.28 [pid: 8|app: 0|req: 625/1260] 199.204.45.155 () {34 vars in 863 bytes} [Fri Mar 6 22:31:38 2026] GET /allocations/19ea1049-46f4-4673-82f8-f05568584676 => generated 258 bytes in 15 msecs (HTTP/1.1 200) 8 headers in 296 bytes (1 switches on core 0)
2026-03-06 22:31:41.804 8 INFO placement.requestlog [None req-1013016b-2241-4993-9168-23c0be882be4 - - - - - -] 10.0.0.230 "GET /" status: 200 len: 136 microversion: 1.0
2026-03-06 22:31:41.804 7 INFO placement.requestlog [None req-b60fae35-812d-4d6e-831b-3f6b84890277 - - - - - -] 10.0.0.230 "GET /" status: 200 len: 136 microversion: 1.0
2026-03-06 22:31:47.218 8 INFO placement.requestlog [req-a17a3c76-9188-4d1c-926a-e3b3adffa2a4 req-af52cde8-206c-4684-ab50-2f147d098bca ae5e74ba6bc540b1adf8440006d898ff 1b25a2d29e9a4e52bcf6950c2434f92c - - be42f4ecb44f44e99caa93114879e66f be42f4ecb44f44e99caa93114879e66f] 199.204.45.155 "GET /resource_providers/2560e3d5-55d6-4a1f-90dc-8ff89daa47a6/allocations" status: 200 len: 153 microversion: 1.0 [pid: 8|app: 0|req: 627/1263] 199.204.45.155 () {32 vars in 857 bytes} [Fri Mar 6 22:31:47 2026] GET /resource_providers/2560e3d5-55d6-4a1f-90dc-8ff89daa47a6/allocations => generated 153 bytes in 18 msecs (HTTP/1.1 200) 6 headers in 224 bytes (1 switches on core 0)
2026-03-06 22:31:47.238 7 INFO placement.requestlog [req-a17a3c76-9188-4d1c-926a-e3b3adffa2a4 req-bd4a5bca-fcdf-4bb6-aaf7-e167bc6b9bc3 ae5e74ba6bc540b1adf8440006d898ff 1b25a2d29e9a4e52bcf6950c2434f92c - - be42f4ecb44f44e99caa93114879e66f be42f4ecb44f44e99caa93114879e66f] 199.204.45.155 "GET /allocations/19ea1049-46f4-4673-82f8-f05568584676" status: 200 len: 258 microversion: 1.28 [pid: 7|app: 0|req: 637/1264] 199.204.45.155 () {34 vars in 863 bytes} [Fri Mar 6 22:31:47 2026] GET /allocations/19ea1049-46f4-4673-82f8-f05568584676 => generated 258 bytes in 13 msecs (HTTP/1.1 200) 8 headers in 296 bytes (1 switches on core 0)
2026-03-06 22:31:48.296 8 INFO placement.requestlog [req-a17a3c76-9188-4d1c-926a-e3b3adffa2a4 req-5c5859c4-b8d6-4d1d-bfa6-b8d1d777dceb ae5e74ba6bc540b1adf8440006d898ff 1b25a2d29e9a4e52bcf6950c2434f92c - - be42f4ecb44f44e99caa93114879e66f be42f4ecb44f44e99caa93114879e66f] 199.204.45.155 "DELETE /allocations/19ea1049-46f4-4673-82f8-f05568584676" status: 204 len: 0 microversion: 1.0 [pid: 8|app: 0|req: 628/1265] 199.204.45.155 () {34 vars in 841 bytes} [Fri Mar 6 22:31:48 2026] DELETE /allocations/19ea1049-46f4-4673-82f8-f05568584676 => generated 0 bytes in 36 msecs (HTTP/1.1 204) 5 headers in 198 bytes (1 switches on core 0)
2026-03-06 22:31:51.804 7 INFO placement.requestlog [None req-4a6e4fa5-2476-4530-a50e-173221a71122 - - - - - -] 10.0.0.230 "GET /" status: 200 len: 136 microversion: 1.0
2026-03-06 22:31:51.804 8 INFO placement.requestlog [None req-290941c5-47c0-4884-a239-0c88bdb5b453 - - - - - -] 10.0.0.230 "GET /" status: 200 len: 136 microversion: 1.0
2026-03-06 22:32:00.014 7 INFO placement.requestlog [None req-caa794aa-f3fa-465b-a7ce-00a5ab019acd 6fa6f6d1bebc4656b488b8288e5f812e 1b25a2d29e9a4e52bcf6950c2434f92c - - be42f4ecb44f44e99caa93114879e66f be42f4ecb44f44e99caa93114879e66f] 10.0.0.193 "GET /resource_providers/d4d0f1d6-5c4e-4025-8eeb-a874aad49ba8/aggregates" status: 404 len: 235 microversion: 1.1 [pid: 7|app: 0|req: 639/1268] 10.0.0.193 () {32 vars in 816 bytes} [Fri Mar 6 22:32:00 2026] GET /resource_providers/d4d0f1d6-5c4e-4025-8eeb-a874aad49ba8/aggregates => generated 235 bytes in 9 msecs (HTTP/1.1 404) 5 headers in 202 bytes (1 switches on core 0)
2026-03-06 22:32:00.016 8 INFO placement.requestlog [None req-0c8c47b8-f507-4dea-9506-6c43de1616fe 6fa6f6d1bebc4656b488b8288e5f812e 1b25a2d29e9a4e52bcf6950c2434f92c - - be42f4ecb44f44e99caa93114879e66f be42f4ecb44f44e99caa93114879e66f] 10.0.0.193 "GET /resource_providers/d4d0f1d6-5c4e-4025-8eeb-a874aad49ba8/aggregates" status: 404 len: 235 microversion: 1.1 [pid: 8|app: 0|req: 630/1269] 10.0.0.193 () {32 vars in 816 bytes} [Fri Mar 6 22:32:00 2026] GET /resource_providers/d4d0f1d6-5c4e-4025-8eeb-a874aad49ba8/aggregates => generated 235 bytes in 12 msecs (HTTP/1.1 404) 5 headers in 202 bytes (1 switches on core 0)
2026-03-06 22:32:00.040 7 INFO placement.requestlog [None req-c805bb51-6698-4b0c-ae35-5757076456ca 6fa6f6d1bebc4656b488b8288e5f812e 1b25a2d29e9a4e52bcf6950c2434f92c - - be42f4ecb44f44e99caa93114879e66f be42f4ecb44f44e99caa93114879e66f] 10.0.0.193 "DELETE /resource_providers/d4d0f1d6-5c4e-4025-8eeb-a874aad49ba8" status: 404 len: 246 microversion: 1.1
2026-03-06 22:32:00.040 8 INFO placement.requestlog [None req-367c79ab-db37-440f-929d-3941d9a26b58 6fa6f6d1bebc4656b488b8288e5f812e 1b25a2d29e9a4e52bcf6950c2434f92c - - be42f4ecb44f44e99caa93114879e66f be42f4ecb44f44e99caa93114879e66f] 10.0.0.193 "DELETE /resource_providers/d4d0f1d6-5c4e-4025-8eeb-a874aad49ba8" status: 404 len: 246 microversion: 1.1 [pid: 7|app: 0|req: 640/1270] 10.0.0.193 () {34 vars in 816 bytes} [Fri Mar 6 22:32:00 2026] DELETE /resource_providers/d4d0f1d6-5c4e-4025-8eeb-a874aad49ba8 => generated 246 bytes in 11 msecs (HTTP/1.1 404) 6 headers in 231 bytes (1 switches on core 0) [pid: 8|app: 0|req: 631/1271] 10.0.0.193 () {34 vars in 816 bytes} [Fri Mar 6 22:32:00 2026] DELETE /resource_providers/d4d0f1d6-5c4e-4025-8eeb-a874aad49ba8 => generated 246 bytes in 11 msecs (HTTP/1.1 404) 6 headers in 231 bytes (1 switches on core 0)
2026-03-06 22:32:01.805 7 INFO placement.requestlog [None req-6a550078-3d46-46f2-bea7-976309608460 - - - - - -] 10.0.0.230 "GET /" status: 200 len: 136 microversion: 1.0
2026-03-06 22:32:01.805 8 INFO placement.requestlog [None req-620e9e86-9333-480d-8bde-7c7e1888f5aa - - - - - -] 10.0.0.230 "GET /" status: 200 len: 136 microversion: 1.0
2026-03-06 22:32:02.063 8 INFO placement.requestlog [None req-aabc2de3-c1c1-49a9-a2ff-d44e3271437d 6fa6f6d1bebc4656b488b8288e5f812e 1b25a2d29e9a4e52bcf6950c2434f92c - - be42f4ecb44f44e99caa93114879e66f be42f4ecb44f44e99caa93114879e66f] 10.0.0.193 "GET /resource_providers/050a8cca-0b58-4481-97d7-135cb1732d99/aggregates" status: 404 len: 235 microversion: 1.1
2026-03-06 22:32:02.063 7 INFO placement.requestlog [None req-98b290b4-d0d3-4c94-9908-c59ca0eaf894 6fa6f6d1bebc4656b488b8288e5f812e 1b25a2d29e9a4e52bcf6950c2434f92c - - be42f4ecb44f44e99caa93114879e66f be42f4ecb44f44e99caa93114879e66f] 10.0.0.193 "GET /resource_providers/050a8cca-0b58-4481-97d7-135cb1732d99/aggregates" status: 404 len: 235 microversion: 1.1 [pid: 8|app: 0|req: 633/1275] 10.0.0.193 () {32 vars in 816 bytes} [Fri Mar 6 22:32:02 2026] GET /resource_providers/050a8cca-0b58-4481-97d7-135cb1732d99/aggregates => generated 235 bytes in 9 msecs (HTTP/1.1 404) 5 headers in 202 bytes (1 switches on core 0) [pid: 7|app: 0|req: 642/1275] 10.0.0.193 () {32 vars in 816 bytes} [Fri Mar 6 22:32:02 2026] GET /resource_providers/050a8cca-0b58-4481-97d7-135cb1732d99/aggregates => generated 235 bytes in 10 msecs (HTTP/1.1 404) 5 headers in 202 bytes (1 switches on core 0)
2026-03-06 22:32:02.078 7 INFO placement.requestlog [None req-bfb70f5d-0f2b-4a59-8f51-08145cc60fcb 6fa6f6d1bebc4656b488b8288e5f812e 1b25a2d29e9a4e52bcf6950c2434f92c - - be42f4ecb44f44e99caa93114879e66f be42f4ecb44f44e99caa93114879e66f] 10.0.0.193 "DELETE /resource_providers/050a8cca-0b58-4481-97d7-135cb1732d99" status: 404 len: 246 microversion: 1.1 [pid: 7|app: 0|req: 643/1276] 10.0.0.193 () {34 vars in 816 bytes} [Fri Mar 6 22:32:02 2026] DELETE /resource_providers/050a8cca-0b58-4481-97d7-135cb1732d99 => generated 246 bytes in 6 msecs (HTTP/1.1 404) 6 headers in 231 bytes (1 switches on core 0)
2026-03-06 22:32:02.080 8 INFO placement.requestlog [None req-e6edf428-2104-4a14-a184-f53e33d46b74 6fa6f6d1bebc4656b488b8288e5f812e 1b25a2d29e9a4e52bcf6950c2434f92c - - be42f4ecb44f44e99caa93114879e66f be42f4ecb44f44e99caa93114879e66f] 10.0.0.193 "DELETE /resource_providers/050a8cca-0b58-4481-97d7-135cb1732d99" status: 404 len: 246 microversion: 1.1 [pid: 8|app: 0|req: 634/1277] 10.0.0.193 () {34 vars in 816 bytes} [Fri Mar 6 22:32:02 2026] DELETE /resource_providers/050a8cca-0b58-4481-97d7-135cb1732d99 => generated 246 bytes in 9 msecs (HTTP/1.1 404) 6 headers in 231 bytes (1 switches on core 0)
2026-03-06 22:32:02.114 8 INFO placement.requestlog [None req-29580a57-f3e7-49aa-a910-b2c6da59cf8d 6fa6f6d1bebc4656b488b8288e5f812e 1b25a2d29e9a4e52bcf6950c2434f92c - - be42f4ecb44f44e99caa93114879e66f be42f4ecb44f44e99caa93114879e66f] 10.0.0.193 "GET /resource_providers/45f5d928-ecd3-43f6-8a0e-9af45432b712/aggregates" status: 404 len: 235 microversion: 1.1 [pid: 8|app: 0|req: 635/1278] 10.0.0.193 () {32 vars in 816 bytes} [Fri Mar 6 22:32:02 2026] GET /resource_providers/45f5d928-ecd3-43f6-8a0e-9af45432b712/aggregates => generated 235 bytes in 11 msecs (HTTP/1.1 404) 5 headers in 202 bytes (1 switches on core 0)
2026-03-06 22:32:02.117 7 INFO placement.requestlog [None req-52dd6d16-4f6c-4b99-95b5-441260f87890 6fa6f6d1bebc4656b488b8288e5f812e 1b25a2d29e9a4e52bcf6950c2434f92c - - be42f4ecb44f44e99caa93114879e66f be42f4ecb44f44e99caa93114879e66f] 10.0.0.193 "GET /resource_providers/45f5d928-ecd3-43f6-8a0e-9af45432b712/aggregates" status: 404 len: 235 microversion: 1.1 [pid: 7|app: 0|req: 644/1279] 10.0.0.193 () {32 vars in 816 bytes} [Fri Mar 6 22:32:02 2026] GET /resource_providers/45f5d928-ecd3-43f6-8a0e-9af45432b712/aggregates => generated 235 bytes in 19 msecs (HTTP/1.1 404) 5 headers in 202 bytes (1 switches on core 0)
2026-03-06 22:32:02.130 8 INFO placement.requestlog [None req-def3af97-56a9-4e67-9265-d5ab1e9f6842 6fa6f6d1bebc4656b488b8288e5f812e 1b25a2d29e9a4e52bcf6950c2434f92c - - be42f4ecb44f44e99caa93114879e66f be42f4ecb44f44e99caa93114879e66f] 10.0.0.193 "DELETE /resource_providers/45f5d928-ecd3-43f6-8a0e-9af45432b712" status: 404 len: 246 microversion: 1.1 [pid: 8|app: 0|req: 636/1280] 10.0.0.193 () {34 vars in 816 bytes} [Fri Mar 6 22:32:02 2026] DELETE /resource_providers/45f5d928-ecd3-43f6-8a0e-9af45432b712 => generated 246 bytes in 6 msecs (HTTP/1.1 404) 6 headers in 231 bytes (1 switches on core 0)
2026-03-06 22:32:02.133 7 INFO placement.requestlog [None req-146747cb-1dda-4c66-8c51-22e7f2d71f56 6fa6f6d1bebc4656b488b8288e5f812e 1b25a2d29e9a4e52bcf6950c2434f92c - - be42f4ecb44f44e99caa93114879e66f be42f4ecb44f44e99caa93114879e66f] 10.0.0.193 "DELETE /resource_providers/45f5d928-ecd3-43f6-8a0e-9af45432b712" status: 404 len: 246 microversion: 1.1 [pid: 7|app: 0|req: 645/1281] 10.0.0.193 () {34 vars in 816 bytes} [Fri Mar 6 22:32:02 2026] DELETE /resource_providers/45f5d928-ecd3-43f6-8a0e-9af45432b712 => generated 246 bytes in 9 msecs (HTTP/1.1 404) 6 headers in 231 bytes (1 switches on core 0)
2026-03-06 22:32:03.238 8 INFO placement.requestlog [None req-1bc489b9-d46f-4461-8825-6f39b758247a 900972a53db5406a8f6aa19b0ea3a73d 3fc0e344a1fb4f0796fafaab8ff27b5c - - default default] 10.0.0.192 "GET /resource_providers" status: 200 len: 406 microversion: 1.0 [pid: 8|app: 0|req: 637/1282] 10.0.0.192 () {28 vars in 593 bytes} [Fri Mar 6 22:32:02 2026] GET /resource_providers => generated 406 bytes in 307 msecs (HTTP/1.1 200) 6 headers in 224 bytes (1 switches on core 0)
2026-03-06 22:32:03.261 7 INFO placement.requestlog [None req-f4746fcc-ca0d-4a97-9e86-7e8aeb6cc18f 900972a53db5406a8f6aa19b0ea3a73d 3fc0e344a1fb4f0796fafaab8ff27b5c - - default default] 10.0.0.192 "GET /resource_providers/2560e3d5-55d6-4a1f-90dc-8ff89daa47a6/inventories" status: 200 len: 401 microversion: 1.0 [pid: 7|app: 0|req: 646/1283] 10.0.0.192 () {28 vars in 691 bytes} [Fri Mar 6 22:32:03 2026] GET /resource_providers/2560e3d5-55d6-4a1f-90dc-8ff89daa47a6/inventories => generated 401 bytes in 18 msecs (HTTP/1.1 200) 6 headers in 224 bytes (1 switches on core 0)
2026-03-06 22:32:03.279 8 INFO placement.requestlog [None req-9a14279d-6c69-4928-a201-ff419536465e 900972a53db5406a8f6aa19b0ea3a73d 3fc0e344a1fb4f0796fafaab8ff27b5c - - default default] 10.0.0.192 "GET /resource_providers/2560e3d5-55d6-4a1f-90dc-8ff89daa47a6/usages" status: 200 len: 89 microversion: 1.0 [pid: 8|app: 0|req: 638/1284] 10.0.0.192 () {28 vars in 681 bytes} [Fri Mar 6 22:32:03 2026] GET /resource_providers/2560e3d5-55d6-4a1f-90dc-8ff89daa47a6/usages => generated 89 bytes in 14 msecs (HTTP/1.1 200) 6 headers in 223 bytes (1 switches on core 0)
2026-03-06 22:32:11.804 8 INFO placement.requestlog [None req-2e1d9b36-6433-45e7-818a-c9b11e835d6e - - - - - -] 10.0.0.230 "GET /" status: 200 len: 136 microversion: 1.0
2026-03-06 22:32:11.804 7 INFO placement.requestlog [None req-e4ede9c8-f499-486f-bdbb-33275de46c00 - - - - - -] 10.0.0.230 "GET /" status: 200 len: 136 microversion: 1.0
2026-03-06 22:32:21.804 8 INFO placement.requestlog [None req-6833a3a3-563b-4b2d-9fdd-3ca807b34a36 - - - - - -] 10.0.0.230 "GET /" status: 200 len: 136 microversion: 1.0
2026-03-06 22:32:21.804 7 INFO placement.requestlog [None req-4180c8bf-3ac7-4586-98e4-0c9ef7f1778f - - - - - -] 10.0.0.230 "GET /" status: 200 len: 136 microversion: 1.0
2026-03-06 22:32:31.803 8 INFO placement.requestlog [None req-531bf60b-e6f1-444c-9a31-b0b7d041dc56 - - - - - -] 10.0.0.230 "GET /" status: 200 len: 136 microversion: 1.0
2026-03-06 22:32:31.804 7 INFO placement.requestlog [None req-8217435e-c325-415b-9b9b-c0aff4d39059 - - - - - -] 10.0.0.230 "GET /" status: 200 len: 136 microversion: 1.0
2026-03-06 22:32:37.452 8 INFO placement.requestlog [req-906a0eb4-cb45-4760-bfce-bbe119bd8619 req-646af0be-64f8-456e-a0cc-08604384117c ae5e74ba6bc540b1adf8440006d898ff 1b25a2d29e9a4e52bcf6950c2434f92c - - be42f4ecb44f44e99caa93114879e66f be42f4ecb44f44e99caa93114879e66f] 199.204.45.155 "GET /resource_providers/2560e3d5-55d6-4a1f-90dc-8ff89daa47a6/allocations" status: 200 len: 55 microversion: 1.0 [pid: 8|app: 0|req: 642/1291] 199.204.45.155 () {32 vars in 857 bytes} [Fri Mar 6 22:32:37 2026] GET /resource_providers/2560e3d5-55d6-4a1f-90dc-8ff89daa47a6/allocations => generated 55 bytes in 143 msecs (HTTP/1.1 200) 6 headers in 223 bytes (1 switches on core 0)
2026-03-06 22:32:37.474 7 INFO placement.requestlog [req-906a0eb4-cb45-4760-bfce-bbe119bd8619 req-2405c1ef-7829-417e-ae2d-08dd6026aa09 ae5e74ba6bc540b1adf8440006d898ff 1b25a2d29e9a4e52bcf6950c2434f92c - - be42f4ecb44f44e99caa93114879e66f be42f4ecb44f44e99caa93114879e66f] 199.204.45.155 "GET /resource_providers?in_tree=2560e3d5-55d6-4a1f-90dc-8ff89daa47a6" status: 200 len: 798 microversion: 1.14 [pid: 7|app: 0|req: 650/1292] 199.204.45.155 () {34 vars in 892 bytes} [Fri Mar 6 22:32:37 2026] GET /resource_providers?in_tree=2560e3d5-55d6-4a1f-90dc-8ff89daa47a6 => generated 798 bytes in 17 msecs (HTTP/1.1 200) 6 headers in 225 bytes (1 switches on core 0)
2026-03-06 22:32:37.500 8 INFO placement.requestlog [req-906a0eb4-cb45-4760-bfce-bbe119bd8619 req-3658bba2-8eed-4d29-aadd-90203fcc7973 ae5e74ba6bc540b1adf8440006d898ff 1b25a2d29e9a4e52bcf6950c2434f92c - - be42f4ecb44f44e99caa93114879e66f be42f4ecb44f44e99caa93114879e66f] 199.204.45.155 "GET /resource_providers/2560e3d5-55d6-4a1f-90dc-8ff89daa47a6/inventories" status: 200 len: 401 microversion: 1.0 [pid: 8|app: 0|req: 643/1293] 199.204.45.155 () {32 vars in 857 bytes} [Fri Mar 6 22:32:37 2026] GET /resource_providers/2560e3d5-55d6-4a1f-90dc-8ff89daa47a6/inventories => generated 401 bytes in 19 msecs (HTTP/1.1 200) 6 headers in 224 bytes (1 switches on core 0)
2026-03-06 22:32:37.514 7 INFO placement.requestlog [req-906a0eb4-cb45-4760-bfce-bbe119bd8619 req-19f8e3ed-9444-4c6c-a0a6-6cc458b38e0b ae5e74ba6bc540b1adf8440006d898ff 1b25a2d29e9a4e52bcf6950c2434f92c - - be42f4ecb44f44e99caa93114879e66f be42f4ecb44f44e99caa93114879e66f] 199.204.45.155 "GET /resource_providers/2560e3d5-55d6-4a1f-90dc-8ff89daa47a6/aggregates" status: 200 len: 54 microversion: 1.19 [pid: 7|app: 0|req: 651/1294] 199.204.45.155 () {34 vars in 899 bytes} [Fri Mar 6 22:32:37 2026] GET /resource_providers/2560e3d5-55d6-4a1f-90dc-8ff89daa47a6/aggregates => generated 54 bytes in 10 msecs (HTTP/1.1 200) 8 headers in 295 bytes (1 switches on core 0)
2026-03-06 22:32:37.538 8 INFO placement.requestlog [req-906a0eb4-cb45-4760-bfce-bbe119bd8619 req-48521e95-0474-4624-900d-22709e766241 ae5e74ba6bc540b1adf8440006d898ff 1b25a2d29e9a4e52bcf6950c2434f92c - - be42f4ecb44f44e99caa93114879e66f be42f4ecb44f44e99caa93114879e66f] 199.204.45.155 "GET /resource_providers/2560e3d5-55d6-4a1f-90dc-8ff89daa47a6/traits" status: 200 len: 2317 microversion: 1.6 [pid: 8|app: 0|req: 644/1295] 199.204.45.155 () {34 vars in 890 bytes} [Fri Mar 6 22:32:37 2026] GET /resource_providers/2560e3d5-55d6-4a1f-90dc-8ff89daa47a6/traits => generated 2317 bytes in 20 msecs (HTTP/1.1 200) 6 headers in 225 bytes (1 switches on core 0)
2026-03-06 22:32:37.557 7 INFO placement.requestlog [req-906a0eb4-cb45-4760-bfce-bbe119bd8619 req-daeea5fc-9ed8-4af4-9d6f-4e27a024ffeb ae5e74ba6bc540b1adf8440006d898ff 1b25a2d29e9a4e52bcf6950c2434f92c - - be42f4ecb44f44e99caa93114879e66f be42f4ecb44f44e99caa93114879e66f] 199.204.45.155 "GET /resource_providers/2560e3d5-55d6-4a1f-90dc-8ff89daa47a6/allocations" status: 200 len: 55 microversion: 1.0 [pid: 7|app: 0|req: 652/1296] 199.204.45.155 () {32 vars in 857 bytes} [Fri Mar 6 22:32:37 2026] GET /resource_providers/2560e3d5-55d6-4a1f-90dc-8ff89daa47a6/allocations => generated 55 bytes in 13 msecs (HTTP/1.1 200) 6 headers in 223 bytes (1 switches on core 0)
2026-03-06 22:32:41.806 8 INFO placement.requestlog [None req-5a2f7671-e066-40d1-9b31-708e2bcbc26b - - - - - -] 10.0.0.230 "GET /" status: 200 len: 136 microversion: 1.0
2026-03-06 22:32:41.806 7 INFO placement.requestlog [None req-addd7d8a-224f-40dd-87d8-fd15ab7a8b5f - - - - - -] 10.0.0.230 "GET /" status: 200 len: 136 microversion: 1.0
2026-03-06 22:32:51.803 8 INFO placement.requestlog [None req-b23f82ce-38f2-4071-bbb8-67cbba6c8a4a - - - - - -] 10.0.0.230 "GET /" status: 200 len: 136 microversion: 1.0
2026-03-06 22:32:51.803 7 INFO placement.requestlog [None req-e09ae72f-d8e9-4597-ae46-3f6ec9fe8704 - - - - - -] 10.0.0.230 "GET /" status: 200 len: 136 microversion: 1.0
2026-03-06 22:33:01.803 7 INFO placement.requestlog [None req-9f80b2b0-8ce5-4e04-af98-451a6416dd9e - - - - - -] 10.0.0.230 "GET /" status: 200 len: 136 microversion: 1.0
2026-03-06 22:33:01.803 8 INFO placement.requestlog [None req-3947c8a6-9a09-4c91-8917-b7b18b3defbc - - - - - -] 10.0.0.230 "GET /" status: 200 len: 136 microversion: 1.0
2026-03-06 22:33:03.066 7 INFO placement.requestlog [None req-4d5cd30f-d864-45ac-bc55-a78a6304fb67 900972a53db5406a8f6aa19b0ea3a73d 3fc0e344a1fb4f0796fafaab8ff27b5c - - default default] 10.0.0.192 "GET /resource_providers" status: 200 len: 406 microversion: 1.0 [pid: 7|app: 0|req: 656/1303] 10.0.0.192 () {28 vars in 593 bytes} [Fri Mar 6 22:33:02 2026] GET /resource_providers => generated 406 bytes in 197 msecs (HTTP/1.1 200) 6 headers in 224 bytes (1 switches on core 0)
2026-03-06 22:33:03.101 8 INFO placement.requestlog [None req-e136e847-1aed-49c4-ad8c-ac26e556db86 900972a53db5406a8f6aa19b0ea3a73d 3fc0e344a1fb4f0796fafaab8ff27b5c - - default default] 10.0.0.192 "GET /resource_providers/2560e3d5-55d6-4a1f-90dc-8ff89daa47a6/inventories" status: 200 len: 401 microversion: 1.0 [pid: 8|app: 0|req: 648/1304] 10.0.0.192 () {28 vars in 691 bytes} [Fri Mar 6 22:33:03 2026] GET /resource_providers/2560e3d5-55d6-4a1f-90dc-8ff89daa47a6/inventories => generated 401 bytes in 30 msecs (HTTP/1.1 200) 6 headers in 224 bytes (1 switches on core 0)
2026-03-06 22:33:03.120 7 INFO placement.requestlog [None req-5cd57338-c612-4a72-9b94-3894d22634ba 900972a53db5406a8f6aa19b0ea3a73d 3fc0e344a1fb4f0796fafaab8ff27b5c - - default default] 10.0.0.192 "GET /resource_providers/2560e3d5-55d6-4a1f-90dc-8ff89daa47a6/usages" status: 200 len: 89 microversion: 1.0 [pid: 7|app: 0|req: 657/1305] 10.0.0.192 () {28 vars in 681 bytes} [Fri Mar 6 22:33:03 2026] GET /resource_providers/2560e3d5-55d6-4a1f-90dc-8ff89daa47a6/usages => generated 89 bytes in 13 msecs (HTTP/1.1 200) 6 headers in 223 bytes (1 switches on core 0)
2026-03-06 22:33:11.803 8 INFO placement.requestlog [None req-2d21b4bf-9fe6-43a1-bcac-57d9cd7870b6 - - - - - -] 10.0.0.230 "GET /" status: 200 len: 136 microversion: 1.0
2026-03-06 22:33:11.803 7 INFO placement.requestlog [None req-7b506202-6745-4b44-958a-3a509850ba00 - - - - - -] 10.0.0.230 "GET /" status: 200 len: 136 microversion: 1.0
2026-03-06 22:33:21.803 7 INFO placement.requestlog [None req-eca12073-903f-4a47-8845-63b260cd5e02 - - - - - -] 10.0.0.230 "GET /" status: 200 len: 136 microversion: 1.0
2026-03-06 22:33:21.805 8 INFO placement.requestlog [None req-41c51f03-d67e-497c-bbf7-59d105219dc0 - - - - - -] 10.0.0.230 "GET /" status: 200 len: 136 microversion: 1.0
2026-03-06 22:33:31.804 7 INFO placement.requestlog [None req-459bbfb5-ec8a-41f8-88d6-8868a3546afe - - - - - -] 10.0.0.230 "GET /" status: 200 len: 136 microversion: 1.0
2026-03-06 22:33:31.805 8 INFO placement.requestlog [None req-94c006ff-a20c-4438-8a58-fb27d2128e0c - - - - - -] 10.0.0.230 "GET /" status: 200 len: 136 microversion: 1.0
2026-03-06 22:33:37.289 7 INFO placement.requestlog [req-bf2430c9-4938-4470-a18e-5ebd86982969 req-b2167375-e1a8-46c9-8982-afb5dd068ca6 ae5e74ba6bc540b1adf8440006d898ff 1b25a2d29e9a4e52bcf6950c2434f92c - - be42f4ecb44f44e99caa93114879e66f be42f4ecb44f44e99caa93114879e66f] 199.204.45.155 "GET /resource_providers/2560e3d5-55d6-4a1f-90dc-8ff89daa47a6/allocations" status: 200 len: 55 microversion: 1.0 [pid: 7|app: 0|req: 661/1312] 199.204.45.155 () {32 vars in 857 bytes} [Fri Mar 6 22:33:37 2026] GET /resource_providers/2560e3d5-55d6-4a1f-90dc-8ff89daa47a6/allocations => generated 55 bytes in 14 msecs (HTTP/1.1 200) 6 headers in 223 bytes (1 switches on core 0)
2026-03-06 22:33:37.314 8 INFO placement.requestlog [req-bf2430c9-4938-4470-a18e-5ebd86982969 req-0d1d0192-1707-41e6-81b3-4575d118bbf1 ae5e74ba6bc540b1adf8440006d898ff 1b25a2d29e9a4e52bcf6950c2434f92c - - be42f4ecb44f44e99caa93114879e66f be42f4ecb44f44e99caa93114879e66f] 199.204.45.155 "GET /resource_providers/2560e3d5-55d6-4a1f-90dc-8ff89daa47a6/allocations" status: 200 len: 55 microversion: 1.0 [pid: 8|app: 0|req: 652/1313] 199.204.45.155 () {32 vars in 857 bytes} [Fri Mar 6 22:33:37 2026] GET /resource_providers/2560e3d5-55d6-4a1f-90dc-8ff89daa47a6/allocations => generated 55 bytes in 16 msecs (HTTP/1.1 200) 6 headers in 223 bytes (1 switches on core 0)
2026-03-06 22:33:41.803 7 INFO placement.requestlog [None req-2d84ba50-cae5-4782-b1e1-f061d494beda - - - - - -] 10.0.0.230 "GET /" status: 200 len: 136 microversion: 1.0
2026-03-06 22:33:41.804 8 INFO placement.requestlog [None req-dda0d2fd-dd2d-4095-a43d-d728182fe112 - - - - - -] 10.0.0.230 "GET /" status: 200 len: 136 microversion: 1.0
2026-03-06 22:33:51.803 7 INFO placement.requestlog [None req-0893a566-62b6-47f4-a48d-017b06a9914d - - - - - -] 10.0.0.230 "GET /" status: 200 len: 136 microversion: 1.0
2026-03-06 22:33:51.804 8 INFO placement.requestlog [None req-57c124ca-065c-4b38-99eb-2fd543dcad76 - - - - - -] 10.0.0.230 "GET /" status: 200 len: 136 microversion: 1.0
2026-03-06 22:34:01.803 7 INFO placement.requestlog [None req-82a94d39-4c86-43c0-abe5-83c2d1665476 - - - - - -] 10.0.0.230 "GET /" status: 200 len: 136 microversion: 1.0
2026-03-06 22:34:01.804 8 INFO placement.requestlog [None req-a19a8af5-5b10-496e-9896-fdef3295f1c3 - - - - - -] 10.0.0.230 "GET /" status: 200 len: 136 microversion: 1.0
2026-03-06 22:34:03.041 7 INFO placement.requestlog [None req-dc364633-0189-4393-84b4-308a20e5668a 900972a53db5406a8f6aa19b0ea3a73d 3fc0e344a1fb4f0796fafaab8ff27b5c - - default default] 10.0.0.192 "GET /resource_providers" status: 200 len: 406 microversion: 1.0 [pid: 7|app: 0|req: 665/1320] 10.0.0.192 () {28 vars in 593 bytes} [Fri Mar 6 22:34:02 2026] GET /resource_providers => generated 406 bytes in 110 msecs (HTTP/1.1 200) 6 headers in 224 bytes (1 switches on core 0)
2026-03-06 22:34:03.074 8 INFO placement.requestlog [None req-51d56387-7e9c-42e9-8011-ef99ec6d0e67 900972a53db5406a8f6aa19b0ea3a73d 3fc0e344a1fb4f0796fafaab8ff27b5c - - default default] 10.0.0.192 "GET /resource_providers/2560e3d5-55d6-4a1f-90dc-8ff89daa47a6/inventories" status: 200 len: 401 microversion: 1.0 [pid: 8|app: 0|req: 656/1321] 10.0.0.192 () {28 vars in 691 bytes} [Fri Mar 6 22:34:03 2026] GET /resource_providers/2560e3d5-55d6-4a1f-90dc-8ff89daa47a6/inventories => generated 401 bytes in 24 msecs (HTTP/1.1 200) 6 headers in 224 bytes (1 switches on core 0)
2026-03-06 22:34:03.094 7 INFO placement.requestlog [None req-1a91f77e-0e57-4144-a7a4-50befacfa3e9 900972a53db5406a8f6aa19b0ea3a73d 3fc0e344a1fb4f0796fafaab8ff27b5c - - default default] 10.0.0.192 "GET /resource_providers/2560e3d5-55d6-4a1f-90dc-8ff89daa47a6/usages" status: 200 len: 89 microversion: 1.0 [pid: 7|app: 0|req: 666/1322] 10.0.0.192 () {28 vars in 681 bytes} [Fri Mar 6 22:34:03 2026] GET /resource_providers/2560e3d5-55d6-4a1f-90dc-8ff89daa47a6/usages => generated 89 bytes in 16 msecs (HTTP/1.1 200) 6 headers in 223 bytes (1 switches on core 0)
2026-03-06 22:34:11.803 7 INFO placement.requestlog [None req-851e7144-ce18-46b6-ae5e-af9d1963c7b8 - - - - - -] 10.0.0.230 "GET /" status: 200 len: 136 microversion: 1.0
2026-03-06 22:34:11.804 8 INFO placement.requestlog [None req-d0f412ff-17d9-4c8f-a62b-92d83710ea5e - - - - - -] 10.0.0.230 "GET /" status: 200 len: 136 microversion: 1.0
2026-03-06 22:34:21.804 7 INFO placement.requestlog [None req-8e834cb8-d264-4e63-b70b-46d43d231233 - - - - - -] 10.0.0.230 "GET /" status: 200 len: 136 microversion: 1.0
2026-03-06 22:34:21.804 8 INFO placement.requestlog [None req-41d25217-80c4-4927-b747-e8c3cf994685 - - - - - -] 10.0.0.230 "GET /" status: 200 len: 136 microversion: 1.0
2026-03-06 22:34:31.804 7 INFO placement.requestlog [None req-90d463b7-758d-4b0a-b60b-fb8c5e33fb13 - - - - - -] 10.0.0.230 "GET /" status: 200 len: 136 microversion: 1.0
2026-03-06 22:34:31.804 8 INFO placement.requestlog [None req-2e079a09-ce9f-4704-b03a-b191c3701306 - - - - - -] 10.0.0.230 "GET /" status: 200 len: 136 microversion: 1.0
2026-03-06 22:34:38.256 7 INFO placement.requestlog [req-afb192f5-0773-4e6a-b536-d4d7804ebcc5 req-83a69610-78e3-4224-80b7-759737aa64ee ae5e74ba6bc540b1adf8440006d898ff 1b25a2d29e9a4e52bcf6950c2434f92c - - be42f4ecb44f44e99caa93114879e66f be42f4ecb44f44e99caa93114879e66f] 199.204.45.155 "GET /resource_providers/2560e3d5-55d6-4a1f-90dc-8ff89daa47a6/allocations" status: 200 len: 55 microversion: 1.0 [pid: 7|app: 0|req: 670/1329] 199.204.45.155 () {32 vars in 857 bytes} [Fri Mar 6 22:34:38 2026] GET /resource_providers/2560e3d5-55d6-4a1f-90dc-8ff89daa47a6/allocations => generated 55 bytes in 22 msecs (HTTP/1.1 200) 6 headers in 223 bytes (1 switches on core 0)
2026-03-06 22:34:38.276 8 INFO placement.requestlog [req-afb192f5-0773-4e6a-b536-d4d7804ebcc5 req-2ac19840-9c1a-47a0-842f-42b5f999d6c3 ae5e74ba6bc540b1adf8440006d898ff 1b25a2d29e9a4e52bcf6950c2434f92c - - be42f4ecb44f44e99caa93114879e66f be42f4ecb44f44e99caa93114879e66f] 199.204.45.155 "GET /resource_providers/2560e3d5-55d6-4a1f-90dc-8ff89daa47a6/allocations" status: 200 len: 55 microversion: 1.0 [pid: 8|app: 0|req: 660/1330] 199.204.45.155 () {32 vars in 857 bytes} [Fri Mar 6 22:34:38 2026] GET /resource_providers/2560e3d5-55d6-4a1f-90dc-8ff89daa47a6/allocations => generated 55 bytes in 14 msecs (HTTP/1.1 200) 6 headers in 223 bytes (1 switches on core 0)
2026-03-06 22:34:41.803 7 INFO placement.requestlog [None req-5aa1b7c6-3476-4f13-b8f0-6ea0fff8b1c9 - - - - - -] 10.0.0.230 "GET /" status: 200 len: 136 microversion: 1.0
2026-03-06 22:34:41.804 8 INFO placement.requestlog [None req-13d96515-682c-4884-8991-7e8c17cf6ce4 - - - - - -] 10.0.0.230 "GET /" status: 200 len: 136 microversion: 1.0
2026-03-06 22:34:51.805 7 INFO placement.requestlog [None req-04bf378d-95e1-4726-821e-bca50c058a41 - - - - - -] 10.0.0.230 "GET /" status: 200 len: 136 microversion: 1.0
2026-03-06 22:34:51.806 8 INFO placement.requestlog [None req-f841bb6e-a2ac-435a-bf94-2e7336b41348 - - - - - -] 10.0.0.230 "GET /" status: 200 len: 136 microversion: 1.0
2026-03-06 22:35:01.804 7 INFO placement.requestlog [None req-7cb76d3b-7192-4367-89cd-c10e355087f5 - - - - - -] 10.0.0.230 "GET /" status: 200 len: 136 microversion: 1.0
2026-03-06 22:35:01.804 8 INFO placement.requestlog [None req-592628af-47f2-4c74-94ca-cc134cf79874 - - - - - -] 10.0.0.230 "GET /" status: 200 len: 136 microversion: 1.0
2026-03-06 22:35:03.030 7 INFO placement.requestlog [None req-9be6f599-2f1d-4c4f-8baa-1e775e7724f2 900972a53db5406a8f6aa19b0ea3a73d 3fc0e344a1fb4f0796fafaab8ff27b5c - - default default] 10.0.0.192 "GET /resource_providers" status: 200 len: 406 microversion: 1.0 [pid: 7|app: 0|req: 674/1337] 10.0.0.192 () {28 vars in 593 bytes} [Fri Mar 6 22:35:02 2026] GET /resource_providers => generated 406 bytes in 146 msecs (HTTP/1.1 200) 6 headers in 224 bytes (1 switches on core 0)
2026-03-06 22:35:03.053 8 INFO placement.requestlog [None req-5218cfa5-975e-4068-89a9-59d3be18e1a7 900972a53db5406a8f6aa19b0ea3a73d 3fc0e344a1fb4f0796fafaab8ff27b5c - - default default] 10.0.0.192 "GET /resource_providers/2560e3d5-55d6-4a1f-90dc-8ff89daa47a6/inventories" status: 200 len: 401 microversion: 1.0 [pid: 8|app: 0|req: 664/1338] 10.0.0.192 () {28 vars in 691 bytes} [Fri Mar 6 22:35:03 2026] GET /resource_providers/2560e3d5-55d6-4a1f-90dc-8ff89daa47a6/inventories => generated 401 bytes in 19 msecs (HTTP/1.1 200) 6 headers in 224 bytes (1 switches on core 0)
2026-03-06 22:35:03.081 7 INFO placement.requestlog [None req-0b35163f-787a-4c40-838c-4376f34ac68b 900972a53db5406a8f6aa19b0ea3a73d 3fc0e344a1fb4f0796fafaab8ff27b5c - - default default] 10.0.0.192 "GET /resource_providers/2560e3d5-55d6-4a1f-90dc-8ff89daa47a6/usages" status: 200 len: 89 microversion: 1.0 [pid: 7|app: 0|req: 675/1339] 10.0.0.192 () {28 vars in 681 bytes} [Fri Mar 6 22:35:03 2026] GET /resource_providers/2560e3d5-55d6-4a1f-90dc-8ff89daa47a6/usages => generated 89 bytes in 24 msecs (HTTP/1.1 200) 6 headers in 223 bytes (1 switches on core 0)
2026-03-06 22:35:11.803 8 INFO placement.requestlog [None req-bb021112-0aad-4113-9224-0628451d8415 - - - - - -] 10.0.0.230 "GET /" status: 200 len: 136 microversion: 1.0
2026-03-06 22:35:11.806 7 INFO placement.requestlog [None req-32ccdf50-5b7b-471d-b5f6-3bec647a0fb7 - - - - - -] 10.0.0.230 "GET /" status: 200 len: 136 microversion: 1.0
