2026-03-06 22:23:21.677 7 INFO placement.requestlog [req-23b6d25d-7e85-44d3-9976-6eabd6faf1b6 req-b44037b3-0f9f-4c69-a78e-66496c22cdfd ae5e74ba6bc540b1adf8440006d898ff 1b25a2d29e9a4e52bcf6950c2434f92c - - be42f4ecb44f44e99caa93114879e66f be42f4ecb44f44e99caa93114879e66f] 10.0.0.47 "PUT /allocations/574db3d6-1547-4f91-b924-e125c1a1c18d" status: 204 len: 0 microversion: 1.36 [pid: 7|app: 0|req: 381/753] 10.0.0.47 () {38 vars in 913 bytes} [Fri Mar 6 22:23:21 2026] PUT /allocations/574db3d6-1547-4f91-b924-e125c1a1c18d => generated 0 bytes in 75 msecs (HTTP/1.1 204) 5 headers in 199 bytes (1 switches on core 0)
2026-03-06 22:23:21.804 7 INFO placement.requestlog [None req-c73ab64d-0615-4255-8445-d0c37a73f9ba - - - - - -] 10.0.0.230 "GET /" status: 200 len: 136 microversion: 1.0
2026-03-06 22:23:21.804 8 INFO placement.requestlog [None req-fd9a9063-66fd-4718-9053-fb7a53d861b4 - - - - - -] 10.0.0.230 "GET /" status: 200 len: 136 microversion: 1.0
2026-03-06 22:23:23.169 7 INFO placement.requestlog [req-23b6d25d-7e85-44d3-9976-6eabd6faf1b6 req-e65de113-25a3-465f-8847-ff2b22a0231e ae5e74ba6bc540b1adf8440006d898ff 1b25a2d29e9a4e52bcf6950c2434f92c - - be42f4ecb44f44e99caa93114879e66f be42f4ecb44f44e99caa93114879e66f] 199.204.45.155 "GET /allocations/574db3d6-1547-4f91-b924-e125c1a1c18d" status: 200 len: 243 microversion: 1.28 [pid: 7|app: 0|req: 383/756] 199.204.45.155 () {34 vars in 863 bytes} [Fri Mar 6 22:23:23 2026] GET /allocations/574db3d6-1547-4f91-b924-e125c1a1c18d => generated 243 bytes in 13 msecs (HTTP/1.1 200) 8 headers in 296 bytes (1 switches on core 0)
2026-03-06 22:23:24.211 8 INFO placement.requestlog [req-23b6d25d-7e85-44d3-9976-6eabd6faf1b6 req-8ca1db5e-55b9-43ac-9bda-46c37d4281a9 ae5e74ba6bc540b1adf8440006d898ff 1b25a2d29e9a4e52bcf6950c2434f92c - - be42f4ecb44f44e99caa93114879e66f be42f4ecb44f44e99caa93114879e66f] 199.204.45.155 "GET /resource_providers/2560e3d5-55d6-4a1f-90dc-8ff89daa47a6/allocations" status: 200 len: 238 microversion: 1.0 [pid: 8|app: 0|req: 374/757] 199.204.45.155 () {32 vars in 857 bytes} [Fri Mar 6 22:23:24 2026] GET /resource_providers/2560e3d5-55d6-4a1f-90dc-8ff89daa47a6/allocations => generated 238 bytes in 16 msecs (HTTP/1.1 200) 6 headers in 224 bytes (1 switches on core 0)
2026-03-06 22:23:24.232 7 INFO placement.requestlog [req-23b6d25d-7e85-44d3-9976-6eabd6faf1b6 req-49037953-9c58-4f3d-a511-d9473ed0de3e ae5e74ba6bc540b1adf8440006d898ff 1b25a2d29e9a4e52bcf6950c2434f92c - - be42f4ecb44f44e99caa93114879e66f be42f4ecb44f44e99caa93114879e66f] 199.204.45.155 "GET /allocations/d7a6e220-182e-4fb9-a52f-33f00d269c25" status: 200 len: 257 microversion: 1.28 [pid: 7|app: 0|req: 384/758] 199.204.45.155 () {34 vars in 863 bytes} [Fri Mar 6 22:23:24 2026] GET /allocations/d7a6e220-182e-4fb9-a52f-33f00d269c25 => generated 257 bytes in 15 msecs (HTTP/1.1 200) 8 headers in 296 bytes (1 switches on core 0)
2026-03-06 22:23:24.248 8 INFO placement.requestlog [req-23b6d25d-7e85-44d3-9976-6eabd6faf1b6 req-428b6762-f96a-49b2-a5e1-d154fe2b9e80 ae5e74ba6bc540b1adf8440006d898ff 1b25a2d29e9a4e52bcf6950c2434f92c - - be42f4ecb44f44e99caa93114879e66f be42f4ecb44f44e99caa93114879e66f] 199.204.45.155 "GET /allocations/574db3d6-1547-4f91-b924-e125c1a1c18d" status: 200 len: 243 microversion: 1.28 [pid: 8|app: 0|req: 375/759] 199.204.45.155 () {34 vars in 863 bytes} [Fri Mar 6 22:23:24 2026] GET /allocations/574db3d6-1547-4f91-b924-e125c1a1c18d => generated 243 bytes in 10 msecs (HTTP/1.1 200) 8 headers in 296 bytes (1 switches on core 0)
2026-03-06 22:23:27.736 7 INFO placement.requestlog [req-f301a3c7-1f42-44cc-9a2a-0cfc87112ed1 req-34bc727a-4563-42cd-95db-309ef2a0069d ae5e74ba6bc540b1adf8440006d898ff 1b25a2d29e9a4e52bcf6950c2434f92c - - be42f4ecb44f44e99caa93114879e66f be42f4ecb44f44e99caa93114879e66f] 10.0.0.47 "GET /allocation_candidates?limit=1000&resources=DISK_GB%3A1%2CMEMORY_MB%3A512%2CVCPU%3A1&root_required=%21COMPUTE_STATUS_DISABLED" status: 200 len: 2784 microversion: 1.36 [pid: 7|app: 0|req: 385/760] 10.0.0.47 () {34 vars in 1011 bytes} [Fri Mar 6 22:23:27 2026] GET /allocation_candidates?limit=1000&resources=DISK_GB%3A1%2CMEMORY_MB%3A512%2CVCPU%3A1&root_required=%21COMPUTE_STATUS_DISABLED => generated 2784 bytes in 48 msecs (HTTP/1.1 200) 8 headers in 297 bytes (1 switches on core 0)
2026-03-06 22:23:27.790 8 INFO placement.requestlog [req-f301a3c7-1f42-44cc-9a2a-0cfc87112ed1 req-588a78c4-c38d-4f4c-94df-979f2fb5c757 ae5e74ba6bc540b1adf8440006d898ff 1b25a2d29e9a4e52bcf6950c2434f92c - - be42f4ecb44f44e99caa93114879e66f be42f4ecb44f44e99caa93114879e66f] 10.0.0.47 "GET /allocations/940fe610-369b-4806-81b7-3b99df2a1eb0" status: 200 len: 19 microversion: 1.28 [pid: 8|app: 0|req: 376/761] 10.0.0.47 () {34 vars in 860 bytes} [Fri Mar 6 22:23:27 2026] GET /allocations/940fe610-369b-4806-81b7-3b99df2a1eb0 => generated 19 bytes in 10 msecs (HTTP/1.1 200) 8 headers in 295 bytes (1 switches on core 0)
2026-03-06 22:23:27.857 7 INFO placement.requestlog [req-f301a3c7-1f42-44cc-9a2a-0cfc87112ed1 req-83ff6b45-ce53-493a-b270-acd64a20fd87 ae5e74ba6bc540b1adf8440006d898ff 1b25a2d29e9a4e52bcf6950c2434f92c - - be42f4ecb44f44e99caa93114879e66f be42f4ecb44f44e99caa93114879e66f] 10.0.0.47 "PUT /allocations/940fe610-369b-4806-81b7-3b99df2a1eb0" status: 204 len: 0 microversion: 1.36 [pid: 7|app: 0|req: 386/762] 10.0.0.47 () {38 vars in 913 bytes} [Fri Mar 6 22:23:27 2026] PUT /allocations/940fe610-369b-4806-81b7-3b99df2a1eb0 => generated 0 bytes in 62 msecs (HTTP/1.1 204) 5 headers in 199 bytes (1 switches on core 0)
2026-03-06 22:23:28.264 8 INFO placement.requestlog [req-188b82ce-3314-4791-b09c-569e370730c9 req-a453cbb8-4023-4adc-87c6-996e68da8432 ae5e74ba6bc540b1adf8440006d898ff 1b25a2d29e9a4e52bcf6950c2434f92c - - be42f4ecb44f44e99caa93114879e66f be42f4ecb44f44e99caa93114879e66f] 199.204.45.155 "GET /resource_providers/2560e3d5-55d6-4a1f-90dc-8ff89daa47a6/allocations" status: 200 len: 338 microversion: 1.0 [pid: 8|app: 0|req: 377/763] 199.204.45.155 () {32 vars in 857 bytes} [Fri Mar 6 22:23:28 2026] GET /resource_providers/2560e3d5-55d6-4a1f-90dc-8ff89daa47a6/allocations => generated 338 bytes in 14 msecs (HTTP/1.1 200) 6 headers in 224 bytes (1 switches on core 0)
2026-03-06 22:23:28.794 7 INFO placement.requestlog [req-188b82ce-3314-4791-b09c-569e370730c9 req-33cbc7b2-f796-41ae-94a4-67748e8fd1a8 ae5e74ba6bc540b1adf8440006d898ff 1b25a2d29e9a4e52bcf6950c2434f92c - - be42f4ecb44f44e99caa93114879e66f be42f4ecb44f44e99caa93114879e66f] 199.204.45.155 "GET /resource_providers/2560e3d5-55d6-4a1f-90dc-8ff89daa47a6/allocations" status: 200 len: 338 microversion: 1.0 [pid: 7|app: 0|req: 387/764] 199.204.45.155 () {32 vars in 857 bytes} [Fri Mar 6 22:23:28 2026] GET /resource_providers/2560e3d5-55d6-4a1f-90dc-8ff89daa47a6/allocations => generated 338 bytes in 19 msecs (HTTP/1.1 200) 6 headers in 224 bytes (1 switches on core 0)
2026-03-06 22:23:28.819 8 INFO placement.requestlog [req-188b82ce-3314-4791-b09c-569e370730c9 req-ad117bbd-ee5a-4957-bbe3-c5e3f5b9cd96 ae5e74ba6bc540b1adf8440006d898ff 1b25a2d29e9a4e52bcf6950c2434f92c - - be42f4ecb44f44e99caa93114879e66f be42f4ecb44f44e99caa93114879e66f] 199.204.45.155 "GET /allocations/d7a6e220-182e-4fb9-a52f-33f00d269c25" status: 200 len: 257 microversion: 1.28 [pid: 8|app: 0|req: 378/765] 199.204.45.155 () {34 vars in 863 bytes} [Fri Mar 6 22:23:28 2026] GET /allocations/d7a6e220-182e-4fb9-a52f-33f00d269c25 => generated 257 bytes in 18 msecs (HTTP/1.1 200) 8 headers in 296 bytes (1 switches on core 0)
2026-03-06 22:23:28.853 7 INFO placement.requestlog [req-188b82ce-3314-4791-b09c-569e370730c9 req-5fa1b7b8-45fb-44fb-b46b-1f9732ba0d21 ae5e74ba6bc540b1adf8440006d898ff 1b25a2d29e9a4e52bcf6950c2434f92c - - be42f4ecb44f44e99caa93114879e66f be42f4ecb44f44e99caa93114879e66f] 199.204.45.155 "GET /allocations/574db3d6-1547-4f91-b924-e125c1a1c18d" status: 200 len: 243 microversion: 1.28 [pid: 7|app: 0|req: 388/766] 199.204.45.155 () {34 vars in 863 bytes} [Fri Mar 6 22:23:28 2026] GET /allocations/574db3d6-1547-4f91-b924-e125c1a1c18d => generated 243 bytes in 21 msecs (HTTP/1.1 200) 8 headers in 296 bytes (1 switches on core 0)
2026-03-06 22:23:28.882 8 INFO placement.requestlog [req-188b82ce-3314-4791-b09c-569e370730c9 req-96eb9ba6-8f36-46f8-9147-c577a3940def ae5e74ba6bc540b1adf8440006d898ff 1b25a2d29e9a4e52bcf6950c2434f92c - - be42f4ecb44f44e99caa93114879e66f be42f4ecb44f44e99caa93114879e66f] 199.204.45.155 "GET /allocations/940fe610-369b-4806-81b7-3b99df2a1eb0" status: 200 len: 257 microversion: 1.28 [pid: 8|app: 0|req: 379/767] 199.204.45.155 () {34 vars in 863 bytes} [Fri Mar 6 22:23:28 2026] GET /allocations/940fe610-369b-4806-81b7-3b99df2a1eb0 => generated 257 bytes in 21 msecs (HTTP/1.1 200) 8 headers in 296 bytes (1 switches on core 0)
2026-03-06 22:23:29.360 7 INFO placement.requestlog [req-f301a3c7-1f42-44cc-9a2a-0cfc87112ed1 req-a915d63b-3652-49bb-b96d-5996c81abea5 ae5e74ba6bc540b1adf8440006d898ff 1b25a2d29e9a4e52bcf6950c2434f92c - - be42f4ecb44f44e99caa93114879e66f be42f4ecb44f44e99caa93114879e66f] 199.204.45.155 "GET /allocations/940fe610-369b-4806-81b7-3b99df2a1eb0" status: 200 len: 257 microversion: 1.28 [pid: 7|app: 0|req: 389/768] 199.204.45.155 () {34 vars in 863 bytes} [Fri Mar 6 22:23:29 2026] GET /allocations/940fe610-369b-4806-81b7-3b99df2a1eb0 => generated 257 bytes in 15 msecs (HTTP/1.1 200) 8 headers in 296 bytes (1 switches on core 0)
2026-03-06 22:23:30.960 8 INFO placement.requestlog [req-f301a3c7-1f42-44cc-9a2a-0cfc87112ed1 req-a8d93324-78e1-4285-bf1c-cd712dbe2fa9 ae5e74ba6bc540b1adf8440006d898ff 1b25a2d29e9a4e52bcf6950c2434f92c - - be42f4ecb44f44e99caa93114879e66f be42f4ecb44f44e99caa93114879e66f] 199.204.45.155 "GET /resource_providers/2560e3d5-55d6-4a1f-90dc-8ff89daa47a6/allocations" status: 200 len: 338 microversion: 1.0 [pid: 8|app: 0|req: 380/769] 199.204.45.155 () {32 vars in 857 bytes} [Fri Mar 6 22:23:30 2026] GET /resource_providers/2560e3d5-55d6-4a1f-90dc-8ff89daa47a6/allocations => generated 338 bytes in 16 msecs (HTTP/1.1 200) 6 headers in 224 bytes (1 switches on core 0)
2026-03-06 22:23:30.977 7 INFO placement.requestlog [req-f301a3c7-1f42-44cc-9a2a-0cfc87112ed1 req-79093cd8-bc9a-44f6-8d60-8cc6996a25ff ae5e74ba6bc540b1adf8440006d898ff 1b25a2d29e9a4e52bcf6950c2434f92c - - be42f4ecb44f44e99caa93114879e66f be42f4ecb44f44e99caa93114879e66f] 199.204.45.155 "GET /allocations/d7a6e220-182e-4fb9-a52f-33f00d269c25" status: 200 len: 257 microversion: 1.28 [pid: 7|app: 0|req: 390/770] 199.204.45.155 () {34 vars in 863 bytes} [Fri Mar 6 22:23:30 2026] GET /allocations/d7a6e220-182e-4fb9-a52f-33f00d269c25 => generated 257 bytes in 11 msecs (HTTP/1.1 200) 8 headers in 296 bytes (1 switches on core 0)
2026-03-06 22:23:30.996 8 INFO placement.requestlog [req-f301a3c7-1f42-44cc-9a2a-0cfc87112ed1 req-e272a461-efe3-450a-b79c-60f2243070a7 ae5e74ba6bc540b1adf8440006d898ff 1b25a2d29e9a4e52bcf6950c2434f92c - - be42f4ecb44f44e99caa93114879e66f be42f4ecb44f44e99caa93114879e66f] 199.204.45.155 "GET /allocations/574db3d6-1547-4f91-b924-e125c1a1c18d" status: 200 len: 243 microversion: 1.28 [pid: 8|app: 0|req: 381/771] 199.204.45.155 () {34 vars in 863 bytes} [Fri Mar 6 22:23:30 2026] GET /allocations/574db3d6-1547-4f91-b924-e125c1a1c18d => generated 243 bytes in 14 msecs (HTTP/1.1 200) 8 headers in 296 bytes (1 switches on core 0)
2026-03-06 22:23:31.015 7 INFO placement.requestlog [req-f301a3c7-1f42-44cc-9a2a-0cfc87112ed1 req-4c07bccf-523c-47c5-8a21-335273c32e65 ae5e74ba6bc540b1adf8440006d898ff 1b25a2d29e9a4e52bcf6950c2434f92c - - be42f4ecb44f44e99caa93114879e66f be42f4ecb44f44e99caa93114879e66f] 199.204.45.155 "GET /allocations/940fe610-369b-4806-81b7-3b99df2a1eb0" status: 200 len: 257 microversion: 1.28 [pid: 7|app: 0|req: 391/772] 199.204.45.155 () {34 vars in 863 bytes} [Fri Mar 6 22:23:31 2026] GET /allocations/940fe610-369b-4806-81b7-3b99df2a1eb0 => generated 257 bytes in 14 msecs (HTTP/1.1 200) 8 headers in 296 bytes (1 switches on core 0)
2026-03-06 22:23:31.804 8 INFO placement.requestlog [None req-e24bad75-ef5a-4984-8ca1-35a75af0e485 - - - - - -] 10.0.0.230 "GET /" status: 200 len: 136 microversion: 1.0
2026-03-06 22:23:31.804 7 INFO placement.requestlog [None req-459d3130-da6d-4b87-a2a0-667e3c2a9e87 - - - - - -] 10.0.0.230 "GET /" status: 200 len: 136 microversion: 1.0
2026-03-06 22:23:32.063 8 INFO placement.requestlog [req-d6c8daa0-6505-49e8-8afc-493260d816bc req-ba950def-4b72-4e9b-bb22-5c4c85471757 ae5e74ba6bc540b1adf8440006d898ff 1b25a2d29e9a4e52bcf6950c2434f92c - - be42f4ecb44f44e99caa93114879e66f be42f4ecb44f44e99caa93114879e66f] 199.204.45.155 "GET /resource_providers/2560e3d5-55d6-4a1f-90dc-8ff89daa47a6/allocations" status: 200 len: 338 microversion: 1.0 [pid: 8|app: 0|req: 383/775] 199.204.45.155 () {32 vars in 857 bytes} [Fri Mar 6 22:23:32 2026] GET /resource_providers/2560e3d5-55d6-4a1f-90dc-8ff89daa47a6/allocations => generated 338 bytes in 16 msecs (HTTP/1.1 200) 6 headers in 224 bytes (1 switches on core 0)
2026-03-06 22:23:32.083 7 INFO placement.requestlog [req-d6c8daa0-6505-49e8-8afc-493260d816bc req-3c78718b-e715-41f8-a1c6-9dadfa1f41ed ae5e74ba6bc540b1adf8440006d898ff 1b25a2d29e9a4e52bcf6950c2434f92c - - be42f4ecb44f44e99caa93114879e66f be42f4ecb44f44e99caa93114879e66f] 199.204.45.155 "GET /allocations/d7a6e220-182e-4fb9-a52f-33f00d269c25" status: 200 len: 257 microversion: 1.28 [pid: 7|app: 0|req: 393/776] 199.204.45.155 () {34 vars in 863 bytes} [Fri Mar 6 22:23:32 2026] GET /allocations/d7a6e220-182e-4fb9-a52f-33f00d269c25 => generated 257 bytes in 14 msecs (HTTP/1.1 200) 8 headers in 296 bytes (1 switches on core 0)
2026-03-06 22:23:32.108 8 INFO placement.requestlog [req-d6c8daa0-6505-49e8-8afc-493260d816bc req-63a96d27-4f17-4634-99b2-fb1d304aafc9 ae5e74ba6bc540b1adf8440006d898ff 1b25a2d29e9a4e52bcf6950c2434f92c - - be42f4ecb44f44e99caa93114879e66f be42f4ecb44f44e99caa93114879e66f] 199.204.45.155 "GET /allocations/574db3d6-1547-4f91-b924-e125c1a1c18d" status: 200 len: 243 microversion: 1.28 [pid: 8|app: 0|req: 384/777] 199.204.45.155 () {34 vars in 863 bytes} [Fri Mar 6 22:23:32 2026] GET /allocations/574db3d6-1547-4f91-b924-e125c1a1c18d => generated 243 bytes in 17 msecs (HTTP/1.1 200) 8 headers in 296 bytes (1 switches on core 0)
2026-03-06 22:23:32.136 7 INFO placement.requestlog [req-d6c8daa0-6505-49e8-8afc-493260d816bc req-5f71f3b7-99a1-45de-bbbe-54b45ce83dce ae5e74ba6bc540b1adf8440006d898ff 1b25a2d29e9a4e52bcf6950c2434f92c - - be42f4ecb44f44e99caa93114879e66f be42f4ecb44f44e99caa93114879e66f] 199.204.45.155 "GET /allocations/940fe610-369b-4806-81b7-3b99df2a1eb0" status: 200 len: 257 microversion: 1.28 [pid: 7|app: 0|req: 394/778] 199.204.45.155 () {34 vars in 863 bytes} [Fri Mar 6 22:23:32 2026] GET /allocations/940fe610-369b-4806-81b7-3b99df2a1eb0 => generated 257 bytes in 20 msecs (HTTP/1.1 200) 8 headers in 296 bytes (1 switches on core 0)
2026-03-06 22:23:33.185 8 INFO placement.requestlog [req-d6c8daa0-6505-49e8-8afc-493260d816bc req-b614d6ee-7d1f-4083-b152-4b62a1af0d4a ae5e74ba6bc540b1adf8440006d898ff 1b25a2d29e9a4e52bcf6950c2434f92c - - be42f4ecb44f44e99caa93114879e66f be42f4ecb44f44e99caa93114879e66f] 199.204.45.155 "DELETE /allocations/d7a6e220-182e-4fb9-a52f-33f00d269c25" status: 204 len: 0 microversion: 1.0 [pid: 8|app: 0|req: 385/779] 199.204.45.155 () {34 vars in 841 bytes} [Fri Mar 6 22:23:33 2026] DELETE /allocations/d7a6e220-182e-4fb9-a52f-33f00d269c25 => generated 0 bytes in 24 msecs (HTTP/1.1 204) 5 headers in 198 bytes (1 switches on core 0)
2026-03-06 22:23:37.362 7 INFO placement.requestlog [None req-8e5488f7-52c8-46b8-a294-33af8e79182c 6fa6f6d1bebc4656b488b8288e5f812e 1b25a2d29e9a4e52bcf6950c2434f92c - - be42f4ecb44f44e99caa93114879e66f be42f4ecb44f44e99caa93114879e66f] 10.0.0.193 "GET /resource_providers/bd4b7172-4634-47e0-96bf-b7e956ea7df3/aggregates" status: 404 len: 235 microversion: 1.1 [pid: 7|app: 0|req: 395/780] 10.0.0.193 () {32 vars in 816 bytes} [Fri Mar 6 22:23:37 2026] GET /resource_providers/bd4b7172-4634-47e0-96bf-b7e956ea7df3/aggregates => generated 235 bytes in 16 msecs (HTTP/1.1 404) 5 headers in 202 bytes (1 switches on core 0)
2026-03-06 22:23:37.363 8 INFO placement.requestlog [None req-a967f854-58ff-4295-8a98-28befda3482c 6fa6f6d1bebc4656b488b8288e5f812e 1b25a2d29e9a4e52bcf6950c2434f92c - - be42f4ecb44f44e99caa93114879e66f be42f4ecb44f44e99caa93114879e66f] 10.0.0.193 "GET /resource_providers/bd4b7172-4634-47e0-96bf-b7e956ea7df3/aggregates" status: 404 len: 235 microversion: 1.1 [pid: 8|app: 0|req: 386/781] 10.0.0.193 () {32 vars in 816 bytes} [Fri Mar 6 22:23:37 2026] GET /resource_providers/bd4b7172-4634-47e0-96bf-b7e956ea7df3/aggregates => generated 235 bytes in 12 msecs (HTTP/1.1 404) 5 headers in 202 bytes (1 switches on core 0)
2026-03-06 22:23:37.381 7 INFO placement.requestlog [None req-ff6f9586-6b4f-4034-a9e7-f5b38c01b5eb 6fa6f6d1bebc4656b488b8288e5f812e 1b25a2d29e9a4e52bcf6950c2434f92c - - be42f4ecb44f44e99caa93114879e66f be42f4ecb44f44e99caa93114879e66f] 10.0.0.193 "DELETE /resource_providers/bd4b7172-4634-47e0-96bf-b7e956ea7df3" status: 404 len: 246 microversion: 1.1 [pid: 7|app: 0|req: 396/782] 10.0.0.193 () {34 vars in 816 bytes} [Fri Mar 6 22:23:37 2026] DELETE /resource_providers/bd4b7172-4634-47e0-96bf-b7e956ea7df3 => generated 246 bytes in 10 msecs (HTTP/1.1 404) 6 headers in 231 bytes (1 switches on core 0)
2026-03-06 22:23:37.389 8 INFO placement.requestlog [None req-f8845f14-4781-4767-b81b-f6df66a14243 6fa6f6d1bebc4656b488b8288e5f812e 1b25a2d29e9a4e52bcf6950c2434f92c - - be42f4ecb44f44e99caa93114879e66f be42f4ecb44f44e99caa93114879e66f] 10.0.0.193 "DELETE /resource_providers/bd4b7172-4634-47e0-96bf-b7e956ea7df3" status: 404 len: 246 microversion: 1.1 [pid: 8|app: 0|req: 387/783] 10.0.0.193 () {34 vars in 816 bytes} [Fri Mar 6 22:23:37 2026] DELETE /resource_providers/bd4b7172-4634-47e0-96bf-b7e956ea7df3 => generated 246 bytes in 10 msecs (HTTP/1.1 404) 6 headers in 231 bytes (1 switches on core 0)
2026-03-06 22:23:41.804 8 INFO placement.requestlog [None req-6b1a884a-bd37-4942-afa2-b3685f39a52f - - - - - -] 10.0.0.230 "GET /" status: 200 len: 136 microversion: 1.0
2026-03-06 22:23:41.804 7 INFO placement.requestlog [None req-3ec284a1-12c0-46f7-97c1-64f4c06ac262 - - - - - -] 10.0.0.230 "GET /" status: 200 len: 136 microversion: 1.0
2026-03-06 22:23:45.127 8 INFO placement.requestlog [req-ea9c8627-5fb0-40c7-a368-4fa20816ccc9 req-35c765fe-0652-4207-9cc0-38ea07fbaf0b ae5e74ba6bc540b1adf8440006d898ff 1b25a2d29e9a4e52bcf6950c2434f92c - - be42f4ecb44f44e99caa93114879e66f be42f4ecb44f44e99caa93114879e66f] 199.204.45.155 "GET /resource_providers/2560e3d5-55d6-4a1f-90dc-8ff89daa47a6/allocations" status: 200 len: 238 microversion: 1.0 [pid: 8|app: 0|req: 389/786] 199.204.45.155 () {32 vars in 857 bytes} [Fri Mar 6 22:23:45 2026] GET /resource_providers/2560e3d5-55d6-4a1f-90dc-8ff89daa47a6/allocations => generated 238 bytes in 17 msecs (HTTP/1.1 200) 6 headers in 224 bytes (1 switches on core 0)
2026-03-06 22:23:45.144 7 INFO placement.requestlog [req-ea9c8627-5fb0-40c7-a368-4fa20816ccc9 req-5053fa2f-d2fb-44a8-baed-2d2dc21a3296 ae5e74ba6bc540b1adf8440006d898ff 1b25a2d29e9a4e52bcf6950c2434f92c - - be42f4ecb44f44e99caa93114879e66f be42f4ecb44f44e99caa93114879e66f] 199.204.45.155 "GET /allocations/574db3d6-1547-4f91-b924-e125c1a1c18d" status: 200 len: 243 microversion: 1.28 [pid: 7|app: 0|req: 398/787] 199.204.45.155 () {34 vars in 863 bytes} [Fri Mar 6 22:23:45 2026] GET /allocations/574db3d6-1547-4f91-b924-e125c1a1c18d => generated 243 bytes in 13 msecs (HTTP/1.1 200) 8 headers in 296 bytes (1 switches on core 0)
2026-03-06 22:23:45.159 8 INFO placement.requestlog [req-ea9c8627-5fb0-40c7-a368-4fa20816ccc9 req-0cdc7822-8e1c-4abb-9aa8-de045bac3449 ae5e74ba6bc540b1adf8440006d898ff 1b25a2d29e9a4e52bcf6950c2434f92c - - be42f4ecb44f44e99caa93114879e66f be42f4ecb44f44e99caa93114879e66f] 199.204.45.155 "GET /allocations/940fe610-369b-4806-81b7-3b99df2a1eb0" status: 200 len: 257 microversion: 1.28 [pid: 8|app: 0|req: 390/788] 199.204.45.155 () {34 vars in 863 bytes} [Fri Mar 6 22:23:45 2026] GET /allocations/940fe610-369b-4806-81b7-3b99df2a1eb0 => generated 257 bytes in 12 msecs (HTTP/1.1 200) 8 headers in 296 bytes (1 switches on core 0)
2026-03-06 22:23:46.207 7 INFO placement.requestlog [req-ea9c8627-5fb0-40c7-a368-4fa20816ccc9 req-eeb7be7c-7ccd-4538-ba3c-a1bcd79b8e61 ae5e74ba6bc540b1adf8440006d898ff 1b25a2d29e9a4e52bcf6950c2434f92c - - be42f4ecb44f44e99caa93114879e66f be42f4ecb44f44e99caa93114879e66f] 199.204.45.155 "DELETE /allocations/940fe610-369b-4806-81b7-3b99df2a1eb0" status: 204 len: 0 microversion: 1.0 [pid: 7|app: 0|req: 399/789] 199.204.45.155 () {34 vars in 841 bytes} [Fri Mar 6 22:23:46 2026] DELETE /allocations/940fe610-369b-4806-81b7-3b99df2a1eb0 => generated 0 bytes in 22 msecs (HTTP/1.1 204) 5 headers in 198 bytes (1 switches on core 0)
2026-03-06 22:23:46.208 8 INFO placement.requestlog [req-1cf46b57-d6c6-438c-b37c-e67045060aa8 req-222dfdfc-23db-4c6f-a319-7156c15a300f ae5e74ba6bc540b1adf8440006d898ff 1b25a2d29e9a4e52bcf6950c2434f92c - - be42f4ecb44f44e99caa93114879e66f be42f4ecb44f44e99caa93114879e66f] 199.204.45.155 "GET /resource_providers/2560e3d5-55d6-4a1f-90dc-8ff89daa47a6/allocations" status: 200 len: 138 microversion: 1.0 [pid: 8|app: 0|req: 391/790] 199.204.45.155 () {32 vars in 857 bytes} [Fri Mar 6 22:23:46 2026] GET /resource_providers/2560e3d5-55d6-4a1f-90dc-8ff89daa47a6/allocations => generated 138 bytes in 16 msecs (HTTP/1.1 200) 6 headers in 224 bytes (1 switches on core 0)
2026-03-06 22:23:46.228 7 INFO placement.requestlog [req-1cf46b57-d6c6-438c-b37c-e67045060aa8 req-4e5e1c12-e158-45b5-9f32-b5ba297a8cdc ae5e74ba6bc540b1adf8440006d898ff 1b25a2d29e9a4e52bcf6950c2434f92c - - be42f4ecb44f44e99caa93114879e66f be42f4ecb44f44e99caa93114879e66f] 199.204.45.155 "GET /allocations/574db3d6-1547-4f91-b924-e125c1a1c18d" status: 200 len: 243 microversion: 1.28 [pid: 7|app: 0|req: 400/791] 199.204.45.155 () {34 vars in 863 bytes} [Fri Mar 6 22:23:46 2026] GET /allocations/574db3d6-1547-4f91-b924-e125c1a1c18d => generated 243 bytes in 13 msecs (HTTP/1.1 200) 8 headers in 296 bytes (1 switches on core 0)
2026-03-06 22:23:47.276 8 INFO placement.requestlog [req-1cf46b57-d6c6-438c-b37c-e67045060aa8 req-e5cb54b0-814d-4684-b531-ccca63cb46fa ae5e74ba6bc540b1adf8440006d898ff 1b25a2d29e9a4e52bcf6950c2434f92c - - be42f4ecb44f44e99caa93114879e66f be42f4ecb44f44e99caa93114879e66f] 199.204.45.155 "DELETE /allocations/574db3d6-1547-4f91-b924-e125c1a1c18d" status: 204 len: 0 microversion: 1.0 [pid: 8|app: 0|req: 392/792] 199.204.45.155 () {34 vars in 841 bytes} [Fri Mar 6 22:23:47 2026] DELETE /allocations/574db3d6-1547-4f91-b924-e125c1a1c18d => generated 0 bytes in 26 msecs (HTTP/1.1 204) 5 headers in 198 bytes (1 switches on core 0)
2026-03-06 22:23:50.617 7 INFO placement.requestlog [None req-971631d9-8ddc-48ca-b4e7-869397d1b411 6fa6f6d1bebc4656b488b8288e5f812e 1b25a2d29e9a4e52bcf6950c2434f92c - - be42f4ecb44f44e99caa93114879e66f be42f4ecb44f44e99caa93114879e66f] 10.0.0.193 "GET /resource_providers/9ae35c07-d740-4a68-8f58-b27e70d79002/aggregates" status: 404 len: 235 microversion: 1.1 [pid: 7|app: 0|req: 401/793] 10.0.0.193 () {32 vars in 816 bytes} [Fri Mar 6 22:23:50 2026] GET /resource_providers/9ae35c07-d740-4a68-8f58-b27e70d79002/aggregates => generated 235 bytes in 7 msecs (HTTP/1.1 404) 5 headers in 202 bytes (1 switches on core 0)
2026-03-06 22:23:50.618 8 INFO placement.requestlog [None req-75b04e08-0fd7-4685-bcc9-34d30740d8ca 6fa6f6d1bebc4656b488b8288e5f812e 1b25a2d29e9a4e52bcf6950c2434f92c - - be42f4ecb44f44e99caa93114879e66f be42f4ecb44f44e99caa93114879e66f] 10.0.0.193 "GET /resource_providers/9ae35c07-d740-4a68-8f58-b27e70d79002/aggregates" status: 404 len: 235 microversion: 1.1 [pid: 8|app: 0|req: 393/794] 10.0.0.193 () {32 vars in 816 bytes} [Fri Mar 6 22:23:50 2026] GET /resource_providers/9ae35c07-d740-4a68-8f58-b27e70d79002/aggregates => generated 235 bytes in 8 msecs (HTTP/1.1 404) 5 headers in 202 bytes (1 switches on core 0)
2026-03-06 22:23:50.638 7 INFO placement.requestlog [None req-faa14400-a855-482b-91ed-6ed81a517593 6fa6f6d1bebc4656b488b8288e5f812e 1b25a2d29e9a4e52bcf6950c2434f92c - - be42f4ecb44f44e99caa93114879e66f be42f4ecb44f44e99caa93114879e66f] 10.0.0.193 "DELETE /resource_providers/9ae35c07-d740-4a68-8f58-b27e70d79002" status: 404 len: 246 microversion: 1.1 [pid: 7|app: 0|req: 402/795] 10.0.0.193 () {34 vars in 816 bytes} [Fri Mar 6 22:23:50 2026] DELETE /resource_providers/9ae35c07-d740-4a68-8f58-b27e70d79002 => generated 246 bytes in 7 msecs (HTTP/1.1 404) 6 headers in 231 bytes (1 switches on core 0)
2026-03-06 22:23:50.642 8 INFO placement.requestlog [None req-dc572002-3d1e-42e8-aae6-e4e2f07856d3 6fa6f6d1bebc4656b488b8288e5f812e 1b25a2d29e9a4e52bcf6950c2434f92c - - be42f4ecb44f44e99caa93114879e66f be42f4ecb44f44e99caa93114879e66f] 10.0.0.193 "DELETE /resource_providers/9ae35c07-d740-4a68-8f58-b27e70d79002" status: 404 len: 246 microversion: 1.1 [pid: 8|app: 0|req: 394/796] 10.0.0.193 () {34 vars in 816 bytes} [Fri Mar 6 22:23:50 2026] DELETE /resource_providers/9ae35c07-d740-4a68-8f58-b27e70d79002 => generated 246 bytes in 6 msecs (HTTP/1.1 404) 6 headers in 231 bytes (1 switches on core 0)
2026-03-06 22:23:51.804 7 INFO placement.requestlog [None req-3efc9e68-1acc-469a-96dc-acae23856149 - - - - - -] 10.0.0.230 "GET /" status: 200 len: 136 microversion: 1.0
2026-03-06 22:23:51.804 8 INFO placement.requestlog [None req-83e9b5a6-f85f-4b39-9f81-eea28440093a - - - - - -] 10.0.0.230 "GET /" status: 200 len: 136 microversion: 1.0
2026-03-06 22:23:52.225 7 INFO placement.requestlog [None req-c487ef34-88ab-4fc4-9c27-23212c1c0019 6fa6f6d1bebc4656b488b8288e5f812e 1b25a2d29e9a4e52bcf6950c2434f92c - - be42f4ecb44f44e99caa93114879e66f be42f4ecb44f44e99caa93114879e66f] 10.0.0.193 "GET /resource_providers/cfc6efaf-7bc7-4593-871e-2400ba5d0662/aggregates" status: 404 len: 235 microversion: 1.1 [pid: 7|app: 0|req: 404/799] 10.0.0.193 () {32 vars in 816 bytes} [Fri Mar 6 22:23:52 2026] GET /resource_providers/cfc6efaf-7bc7-4593-871e-2400ba5d0662/aggregates => generated 235 bytes in 10 msecs (HTTP/1.1 404) 5 headers in 202 bytes (1 switches on core 0)
2026-03-06 22:23:52.229 8 INFO placement.requestlog [None req-bc0790ea-3e69-469d-ae36-0e3556e4da79 6fa6f6d1bebc4656b488b8288e5f812e 1b25a2d29e9a4e52bcf6950c2434f92c - - be42f4ecb44f44e99caa93114879e66f be42f4ecb44f44e99caa93114879e66f] 10.0.0.193 "GET /resource_providers/cfc6efaf-7bc7-4593-871e-2400ba5d0662/aggregates" status: 404 len: 235 microversion: 1.1 [pid: 8|app: 0|req: 396/800] 10.0.0.193 () {32 vars in 816 bytes} [Fri Mar 6 22:23:52 2026] GET /resource_providers/cfc6efaf-7bc7-4593-871e-2400ba5d0662/aggregates => generated 235 bytes in 10 msecs (HTTP/1.1 404) 5 headers in 202 bytes (1 switches on core 0)
2026-03-06 22:23:52.255 7 INFO placement.requestlog [None req-232c7f65-9b94-4d6d-9a48-ffe75f88e1a3 6fa6f6d1bebc4656b488b8288e5f812e 1b25a2d29e9a4e52bcf6950c2434f92c - - be42f4ecb44f44e99caa93114879e66f be42f4ecb44f44e99caa93114879e66f] 10.0.0.193 "DELETE /resource_providers/cfc6efaf-7bc7-4593-871e-2400ba5d0662" status: 404 len: 246 microversion: 1.1 [pid: 7|app: 0|req: 405/801] 10.0.0.193 () {34 vars in 816 bytes} [Fri Mar 6 22:23:52 2026] DELETE /resource_providers/cfc6efaf-7bc7-4593-871e-2400ba5d0662 => generated 246 bytes in 8 msecs (HTTP/1.1 404) 6 headers in 231 bytes (1 switches on core 0)
2026-03-06 22:23:52.259 8 INFO placement.requestlog [None req-e2e9f73e-4ff5-43dc-9b67-08fd5b8c7848 6fa6f6d1bebc4656b488b8288e5f812e 1b25a2d29e9a4e52bcf6950c2434f92c - - be42f4ecb44f44e99caa93114879e66f be42f4ecb44f44e99caa93114879e66f] 10.0.0.193 "DELETE /resource_providers/cfc6efaf-7bc7-4593-871e-2400ba5d0662" status: 404 len: 246 microversion: 1.1 [pid: 8|app: 0|req: 397/802] 10.0.0.193 () {34 vars in 816 bytes} [Fri Mar 6 22:23:52 2026] DELETE /resource_providers/cfc6efaf-7bc7-4593-871e-2400ba5d0662 => generated 246 bytes in 10 msecs (HTTP/1.1 404) 6 headers in 231 bytes (1 switches on core 0)
2026-03-06 22:24:01.804 7 INFO placement.requestlog [None req-1319e9be-32f0-4f86-a065-89682844fca8 - - - - - -] 10.0.0.230 "GET /" status: 200 len: 136 microversion: 1.0
2026-03-06 22:24:01.804 8 INFO placement.requestlog [None req-779cce97-ce24-4e57-acf0-2806ff9a8287 - - - - - -] 10.0.0.230 "GET /" status: 200 len: 136 microversion: 1.0
2026-03-06 22:24:03.567 7 INFO placement.requestlog [None req-40491641-b94d-4354-b99f-6517084a3cb7 900972a53db5406a8f6aa19b0ea3a73d 3fc0e344a1fb4f0796fafaab8ff27b5c - - default default] 10.0.0.192 "GET /resource_providers" status: 200 len: 405 microversion: 1.0 [pid: 7|app: 0|req: 407/805] 10.0.0.192 () {28 vars in 593 bytes} [Fri Mar 6 22:24:03 2026] GET /resource_providers => generated 405 bytes in 226 msecs (HTTP/1.1 200) 6 headers in 224 bytes (1 switches on core 0)
2026-03-06 22:24:03.592 8 INFO placement.requestlog [None req-5df99eb8-aebd-46e3-b7e4-6fdb92d56798 900972a53db5406a8f6aa19b0ea3a73d 3fc0e344a1fb4f0796fafaab8ff27b5c - - default default] 10.0.0.192 "GET /resource_providers/2560e3d5-55d6-4a1f-90dc-8ff89daa47a6/inventories" status: 200 len: 400 microversion: 1.0 [pid: 8|app: 0|req: 399/806] 10.0.0.192 () {28 vars in 691 bytes} [Fri Mar 6 22:24:03 2026] GET /resource_providers/2560e3d5-55d6-4a1f-90dc-8ff89daa47a6/inventories => generated 400 bytes in 22 msecs (HTTP/1.1 200) 6 headers in 224 bytes (1 switches on core 0)
2026-03-06 22:24:03.612 7 INFO placement.requestlog [None req-952c9669-3d8d-4807-8fb1-9ac7f52d37e6 900972a53db5406a8f6aa19b0ea3a73d 3fc0e344a1fb4f0796fafaab8ff27b5c - - default default] 10.0.0.192 "GET /resource_providers/2560e3d5-55d6-4a1f-90dc-8ff89daa47a6/usages" status: 200 len: 88 microversion: 1.0 [pid: 7|app: 0|req: 408/807] 10.0.0.192 () {28 vars in 681 bytes} [Fri Mar 6 22:24:03 2026] GET /resource_providers/2560e3d5-55d6-4a1f-90dc-8ff89daa47a6/usages => generated 88 bytes in 16 msecs (HTTP/1.1 200) 6 headers in 223 bytes (1 switches on core 0)
2026-03-06 22:24:05.002 8 INFO placement.requestlog [req-25a364d6-d2f2-4c75-8bd2-92074b51d79e req-26f4179c-2269-432f-9acc-437dc96c3256 ae5e74ba6bc540b1adf8440006d898ff 1b25a2d29e9a4e52bcf6950c2434f92c - - be42f4ecb44f44e99caa93114879e66f be42f4ecb44f44e99caa93114879e66f] 10.0.0.47 "GET /allocation_candidates?limit=1000&resources=DISK_GB%3A1%2CMEMORY_MB%3A512%2CVCPU%3A1&root_required=%21COMPUTE_STATUS_DISABLED" status: 200 len: 2781 microversion: 1.36 [pid: 8|app: 0|req: 400/808] 10.0.0.47 () {34 vars in 1011 bytes} [Fri Mar 6 22:24:04 2026] GET /allocation_candidates?limit=1000&resources=DISK_GB%3A1%2CMEMORY_MB%3A512%2CVCPU%3A1&root_required=%21COMPUTE_STATUS_DISABLED => generated 2781 bytes in 38 msecs (HTTP/1.1 200) 8 headers in 297 bytes (1 switches on core 0)
2026-03-06 22:24:05.033 7 INFO placement.requestlog [req-25a364d6-d2f2-4c75-8bd2-92074b51d79e req-fd162ec4-1bd4-49c7-93d6-c5b40bc520a1 ae5e74ba6bc540b1adf8440006d898ff 1b25a2d29e9a4e52bcf6950c2434f92c - - be42f4ecb44f44e99caa93114879e66f be42f4ecb44f44e99caa93114879e66f] 10.0.0.47 "GET /allocations/d9d15cd0-ed2d-4f48-b6a0-f170da359f93" status: 200 len: 19 microversion: 1.28 [pid: 7|app: 0|req: 409/809] 10.0.0.47 () {34 vars in 860 bytes} [Fri Mar 6 22:24:05 2026] GET /allocations/d9d15cd0-ed2d-4f48-b6a0-f170da359f93 => generated 19 bytes in 10 msecs (HTTP/1.1 200) 8 headers in 295 bytes (1 switches on core 0)
2026-03-06 22:24:05.107 8 INFO placement.requestlog [req-25a364d6-d2f2-4c75-8bd2-92074b51d79e req-6a701d4e-8819-419b-98ca-698bc80bc359 ae5e74ba6bc540b1adf8440006d898ff 1b25a2d29e9a4e52bcf6950c2434f92c - - be42f4ecb44f44e99caa93114879e66f be42f4ecb44f44e99caa93114879e66f] 10.0.0.47 "PUT /allocations/d9d15cd0-ed2d-4f48-b6a0-f170da359f93" status: 204 len: 0 microversion: 1.36 [pid: 8|app: 0|req: 401/810] 10.0.0.47 () {38 vars in 913 bytes} [Fri Mar 6 22:24:05 2026] PUT /allocations/d9d15cd0-ed2d-4f48-b6a0-f170da359f93 => generated 0 bytes in 66 msecs (HTTP/1.1 204) 5 headers in 199 bytes (1 switches on core 0)
2026-03-06 22:24:06.624 7 INFO placement.requestlog [req-25a364d6-d2f2-4c75-8bd2-92074b51d79e req-91a128b3-7c9e-40b0-8d00-24da688d83ec ae5e74ba6bc540b1adf8440006d898ff 1b25a2d29e9a4e52bcf6950c2434f92c - - be42f4ecb44f44e99caa93114879e66f be42f4ecb44f44e99caa93114879e66f] 199.204.45.155 "GET /allocations/d9d15cd0-ed2d-4f48-b6a0-f170da359f93" status: 200 len: 258 microversion: 1.28 [pid: 7|app: 0|req: 410/811] 199.204.45.155 () {34 vars in 863 bytes} [Fri Mar 6 22:24:06 2026] GET /allocations/d9d15cd0-ed2d-4f48-b6a0-f170da359f93 => generated 258 bytes in 14 msecs (HTTP/1.1 200) 8 headers in 296 bytes (1 switches on core 0)
2026-03-06 22:24:07.685 8 INFO placement.requestlog [req-25a364d6-d2f2-4c75-8bd2-92074b51d79e req-e41fa00a-507b-43e2-bcbe-220b8782abc4 ae5e74ba6bc540b1adf8440006d898ff 1b25a2d29e9a4e52bcf6950c2434f92c - - be42f4ecb44f44e99caa93114879e66f be42f4ecb44f44e99caa93114879e66f] 199.204.45.155 "GET /resource_providers/2560e3d5-55d6-4a1f-90dc-8ff89daa47a6/allocations" status: 200 len: 153 microversion: 1.0 [pid: 8|app: 0|req: 402/812] 199.204.45.155 () {32 vars in 857 bytes} [Fri Mar 6 22:24:07 2026] GET /resource_providers/2560e3d5-55d6-4a1f-90dc-8ff89daa47a6/allocations => generated 153 bytes in 30 msecs (HTTP/1.1 200) 6 headers in 224 bytes (1 switches on core 0)
2026-03-06 22:24:07.707 7 INFO placement.requestlog [req-25a364d6-d2f2-4c75-8bd2-92074b51d79e req-d47a3e8a-a25b-411b-bac2-7c0be169b791 ae5e74ba6bc540b1adf8440006d898ff 1b25a2d29e9a4e52bcf6950c2434f92c - - be42f4ecb44f44e99caa93114879e66f be42f4ecb44f44e99caa93114879e66f] 199.204.45.155 "GET /allocations/d9d15cd0-ed2d-4f48-b6a0-f170da359f93" status: 200 len: 258 microversion: 1.28 [pid: 7|app: 0|req: 411/813] 199.204.45.155 () {34 vars in 863 bytes} [Fri Mar 6 22:24:07 2026] GET /allocations/d9d15cd0-ed2d-4f48-b6a0-f170da359f93 => generated 258 bytes in 13 msecs (HTTP/1.1 200) 8 headers in 296 bytes (1 switches on core 0)
2026-03-06 22:24:11.804 8 INFO placement.requestlog [None req-38a0480a-cd79-4cca-a3ee-35905297633d - - - - - -] 10.0.0.230 "GET /" status: 200 len: 136 microversion: 1.0
2026-03-06 22:24:11.804 7 INFO placement.requestlog [None req-03f1559a-89f4-4620-9860-5302c47a9a1f - - - - - -] 10.0.0.230 "GET /" status: 200 len: 136 microversion: 1.0
2026-03-06 22:24:13.310 8 INFO placement.requestlog [None req-5b990446-ccaf-4486-941e-77623bbbce12 6fa6f6d1bebc4656b488b8288e5f812e 1b25a2d29e9a4e52bcf6950c2434f92c - - be42f4ecb44f44e99caa93114879e66f be42f4ecb44f44e99caa93114879e66f] 10.0.0.193 "GET /resource_providers/f4472224-d990-469f-b268-23ad252055d3/aggregates" status: 404 len: 235 microversion: 1.1 [pid: 8|app: 0|req: 404/816] 10.0.0.193 () {32 vars in 816 bytes} [Fri Mar 6 22:24:13 2026] GET /resource_providers/f4472224-d990-469f-b268-23ad252055d3/aggregates => generated 235 bytes in 9 msecs (HTTP/1.1 404) 5 headers in 202 bytes (1 switches on core 0)
2026-03-06 22:24:13.312 7 INFO placement.requestlog [None req-3f8523e1-4749-46f2-99c9-07d28b8ab48a 6fa6f6d1bebc4656b488b8288e5f812e 1b25a2d29e9a4e52bcf6950c2434f92c - - be42f4ecb44f44e99caa93114879e66f be42f4ecb44f44e99caa93114879e66f] 10.0.0.193 "GET /resource_providers/f4472224-d990-469f-b268-23ad252055d3/aggregates" status: 404 len: 235 microversion: 1.1 [pid: 7|app: 0|req: 413/817] 10.0.0.193 () {32 vars in 816 bytes} [Fri Mar 6 22:24:13 2026] GET /resource_providers/f4472224-d990-469f-b268-23ad252055d3/aggregates => generated 235 bytes in 10 msecs (HTTP/1.1 404) 5 headers in 202 bytes (1 switches on core 0)
2026-03-06 22:24:13.334 7 INFO placement.requestlog [None req-3b845d35-20eb-43bf-af6e-1a49e4e78680 6fa6f6d1bebc4656b488b8288e5f812e 1b25a2d29e9a4e52bcf6950c2434f92c - - be42f4ecb44f44e99caa93114879e66f be42f4ecb44f44e99caa93114879e66f] 10.0.0.193 "DELETE /resource_providers/f4472224-d990-469f-b268-23ad252055d3" status: 404 len: 246 microversion: 1.1
2026-03-06 22:24:13.334 8 INFO placement.requestlog [None req-43a6eb0b-e8d1-4a12-ae32-37b2ee1c7840 6fa6f6d1bebc4656b488b8288e5f812e 1b25a2d29e9a4e52bcf6950c2434f92c - - be42f4ecb44f44e99caa93114879e66f be42f4ecb44f44e99caa93114879e66f] 10.0.0.193 "DELETE /resource_providers/f4472224-d990-469f-b268-23ad252055d3" status: 404 len: 246 microversion: 1.1 [pid: 7|app: 0|req: 414/818] 10.0.0.193 () {34 vars in 816 bytes} [Fri Mar 6 22:24:13 2026] DELETE /resource_providers/f4472224-d990-469f-b268-23ad252055d3 => generated 246 bytes in 7 msecs (HTTP/1.1 404) 6 headers in 231 bytes (1 switches on core 0) [pid: 8|app: 0|req: 405/819] 10.0.0.193 () {34 vars in 816 bytes} [Fri Mar 6 22:24:13 2026] DELETE /resource_providers/f4472224-d990-469f-b268-23ad252055d3 => generated 246 bytes in 7 msecs (HTTP/1.1 404) 6 headers in 231 bytes (1 switches on core 0)
2026-03-06 22:24:15.368 7 INFO placement.requestlog [None req-fb05118d-7184-48a6-b131-7e30a69df42c 6fa6f6d1bebc4656b488b8288e5f812e 1b25a2d29e9a4e52bcf6950c2434f92c - - be42f4ecb44f44e99caa93114879e66f be42f4ecb44f44e99caa93114879e66f] 10.0.0.193 "GET /resource_providers/f3de4c14-c4f6-4bc0-87de-0980b617b057/aggregates" status: 404 len: 235 microversion: 1.1 [pid: 7|app: 0|req: 415/820] 10.0.0.193 () {32 vars in 816 bytes} [Fri Mar 6 22:24:15 2026] GET /resource_providers/f3de4c14-c4f6-4bc0-87de-0980b617b057/aggregates => generated 235 bytes in 14 msecs (HTTP/1.1 404) 5 headers in 202 bytes (1 switches on core 0)
2026-03-06 22:24:15.372 8 INFO placement.requestlog [None req-00aca699-53b1-49cf-8c50-5004039c01b9 6fa6f6d1bebc4656b488b8288e5f812e 1b25a2d29e9a4e52bcf6950c2434f92c - - be42f4ecb44f44e99caa93114879e66f be42f4ecb44f44e99caa93114879e66f] 10.0.0.193 "GET /resource_providers/f3de4c14-c4f6-4bc0-87de-0980b617b057/aggregates" status: 404 len: 235 microversion: 1.1 [pid: 8|app: 0|req: 406/821] 10.0.0.193 () {32 vars in 816 bytes} [Fri Mar 6 22:24:15 2026] GET /resource_providers/f3de4c14-c4f6-4bc0-87de-0980b617b057/aggregates => generated 235 bytes in 18 msecs (HTTP/1.1 404) 5 headers in 202 bytes (1 switches on core 0)
2026-03-06 22:24:15.391 7 INFO placement.requestlog [None req-e0a8e89a-d58e-4a6b-ac2c-82d59f479066 6fa6f6d1bebc4656b488b8288e5f812e 1b25a2d29e9a4e52bcf6950c2434f92c - - be42f4ecb44f44e99caa93114879e66f be42f4ecb44f44e99caa93114879e66f] 10.0.0.193 "DELETE /resource_providers/f3de4c14-c4f6-4bc0-87de-0980b617b057" status: 404 len: 246 microversion: 1.1 [pid: 7|app: 0|req: 416/822] 10.0.0.193 () {34 vars in 816 bytes} [Fri Mar 6 22:24:15 2026] DELETE /resource_providers/f3de4c14-c4f6-4bc0-87de-0980b617b057 => generated 246 bytes in 7 msecs (HTTP/1.1 404) 6 headers in 231 bytes (1 switches on core 0)
2026-03-06 22:24:15.395 8 INFO placement.requestlog [None req-949ba290-c1b9-4c24-a31a-5944bb7d8547 6fa6f6d1bebc4656b488b8288e5f812e 1b25a2d29e9a4e52bcf6950c2434f92c - - be42f4ecb44f44e99caa93114879e66f be42f4ecb44f44e99caa93114879e66f] 10.0.0.193 "DELETE /resource_providers/f3de4c14-c4f6-4bc0-87de-0980b617b057" status: 404 len: 246 microversion: 1.1 [pid: 8|app: 0|req: 407/823] 10.0.0.193 () {34 vars in 816 bytes} [Fri Mar 6 22:24:15 2026] DELETE /resource_providers/f3de4c14-c4f6-4bc0-87de-0980b617b057 => generated 246 bytes in 5 msecs (HTTP/1.1 404) 6 headers in 231 bytes (1 switches on core 0)
2026-03-06 22:24:21.804 7 INFO placement.requestlog [None req-130783b8-62f0-4b55-be69-58047ba6ac21 - - - - - -] 10.0.0.230 "GET /" status: 200 len: 136 microversion: 1.0
2026-03-06 22:24:21.805 8 INFO placement.requestlog [None req-c3877c72-a947-4c51-9eb2-e65d81b3f6df - - - - - -] 10.0.0.230 "GET /" status: 200 len: 136 microversion: 1.0
2026-03-06 22:24:23.143 7 INFO placement.requestlog [None req-2a0cc3b4-06b1-447a-b2cf-cf96e6734119 6fa6f6d1bebc4656b488b8288e5f812e 1b25a2d29e9a4e52bcf6950c2434f92c - - be42f4ecb44f44e99caa93114879e66f be42f4ecb44f44e99caa93114879e66f] 10.0.0.193 "GET /resource_providers/a2d48ba0-f69c-429b-88f2-44be4ee42dfd/aggregates" status: 404 len: 235 microversion: 1.1 [pid: 7|app: 0|req: 418/826] 10.0.0.193 () {32 vars in 816 bytes} [Fri Mar 6 22:24:23 2026] GET /resource_providers/a2d48ba0-f69c-429b-88f2-44be4ee42dfd/aggregates => generated 235 bytes in 8 msecs (HTTP/1.1 404) 5 headers in 202 bytes (1 switches on core 0)
2026-03-06 22:24:23.156 8 INFO placement.requestlog [None req-b4e6425d-090f-4daa-8e44-ac1a2f714704 6fa6f6d1bebc4656b488b8288e5f812e 1b25a2d29e9a4e52bcf6950c2434f92c - - be42f4ecb44f44e99caa93114879e66f be42f4ecb44f44e99caa93114879e66f] 10.0.0.193 "GET /resource_providers/a2d48ba0-f69c-429b-88f2-44be4ee42dfd/aggregates" status: 404 len: 235 microversion: 1.1 [pid: 8|app: 0|req: 409/827] 10.0.0.193 () {32 vars in 816 bytes} [Fri Mar 6 22:24:23 2026] GET /resource_providers/a2d48ba0-f69c-429b-88f2-44be4ee42dfd/aggregates => generated 235 bytes in 11 msecs (HTTP/1.1 404) 5 headers in 202 bytes (1 switches on core 0)
2026-03-06 22:24:23.159 7 INFO placement.requestlog [None req-f53d7ce1-869b-41b4-97b2-4f82e603b2d5 6fa6f6d1bebc4656b488b8288e5f812e 1b25a2d29e9a4e52bcf6950c2434f92c - - be42f4ecb44f44e99caa93114879e66f be42f4ecb44f44e99caa93114879e66f] 10.0.0.193 "DELETE /resource_providers/a2d48ba0-f69c-429b-88f2-44be4ee42dfd" status: 404 len: 246 microversion: 1.1 [pid: 7|app: 0|req: 419/828] 10.0.0.193 () {34 vars in 816 bytes} [Fri Mar 6 22:24:23 2026] DELETE /resource_providers/a2d48ba0-f69c-429b-88f2-44be4ee42dfd => generated 246 bytes in 8 msecs (HTTP/1.1 404) 6 headers in 231 bytes (1 switches on core 0)
2026-03-06 22:24:23.173 8 INFO placement.requestlog [None req-86cb9d65-71ea-4a0c-92c0-270bf5b756af 6fa6f6d1bebc4656b488b8288e5f812e 1b25a2d29e9a4e52bcf6950c2434f92c - - be42f4ecb44f44e99caa93114879e66f be42f4ecb44f44e99caa93114879e66f] 10.0.0.193 "DELETE /resource_providers/a2d48ba0-f69c-429b-88f2-44be4ee42dfd" status: 404 len: 246 microversion: 1.1 [pid: 8|app: 0|req: 410/829] 10.0.0.193 () {34 vars in 816 bytes} [Fri Mar 6 22:24:23 2026] DELETE /resource_providers/a2d48ba0-f69c-429b-88f2-44be4ee42dfd => generated 246 bytes in 8 msecs (HTTP/1.1 404) 6 headers in 231 bytes (1 switches on core 0)
2026-03-06 22:24:25.182 7 INFO placement.requestlog [None req-a3a294a1-33c2-4c82-915f-68899b019cf9 6fa6f6d1bebc4656b488b8288e5f812e 1b25a2d29e9a4e52bcf6950c2434f92c - - be42f4ecb44f44e99caa93114879e66f be42f4ecb44f44e99caa93114879e66f] 10.0.0.193 "GET /resource_providers/ee2280bf-46f7-42f3-98dd-53fc7d3fb0cd/aggregates" status: 404 len: 235 microversion: 1.1 [pid: 7|app: 0|req: 420/830] 10.0.0.193 () {32 vars in 816 bytes} [Fri Mar 6 22:24:25 2026] GET /resource_providers/ee2280bf-46f7-42f3-98dd-53fc7d3fb0cd/aggregates => generated 235 bytes in 9 msecs (HTTP/1.1 404) 5 headers in 202 bytes (1 switches on core 0)
2026-03-06 22:24:25.212 7 INFO placement.requestlog [None req-e0e29e63-407a-4ad9-a93e-205e01164c40 6fa6f6d1bebc4656b488b8288e5f812e 1b25a2d29e9a4e52bcf6950c2434f92c - - be42f4ecb44f44e99caa93114879e66f be42f4ecb44f44e99caa93114879e66f] 10.0.0.193 "GET /resource_providers/ee2280bf-46f7-42f3-98dd-53fc7d3fb0cd/aggregates" status: 404 len: 235 microversion: 1.1
2026-03-06 22:24:25.212 8 INFO placement.requestlog [None req-daaf7798-e895-4609-afd0-24b1e09aea56 6fa6f6d1bebc4656b488b8288e5f812e 1b25a2d29e9a4e52bcf6950c2434f92c - - be42f4ecb44f44e99caa93114879e66f be42f4ecb44f44e99caa93114879e66f] 10.0.0.193 "DELETE /resource_providers/ee2280bf-46f7-42f3-98dd-53fc7d3fb0cd" status: 404 len: 246 microversion: 1.1 [pid: 7|app: 0|req: 421/831] 10.0.0.193 () {32 vars in 816 bytes} [Fri Mar 6 22:24:25 2026] GET /resource_providers/ee2280bf-46f7-42f3-98dd-53fc7d3fb0cd/aggregates => generated 235 bytes in 7 msecs (HTTP/1.1 404) 5 headers in 202 bytes (1 switches on core 0) [pid: 8|app: 0|req: 411/832] 10.0.0.193 () {34 vars in 816 bytes} [Fri Mar 6 22:24:25 2026] DELETE /resource_providers/ee2280bf-46f7-42f3-98dd-53fc7d3fb0cd => generated 246 bytes in 9 msecs (HTTP/1.1 404) 6 headers in 231 bytes (1 switches on core 0)
2026-03-06 22:24:25.232 7 INFO placement.requestlog [None req-9ebe4cb6-1147-4f92-a40e-bd2958899f54 6fa6f6d1bebc4656b488b8288e5f812e 1b25a2d29e9a4e52bcf6950c2434f92c - - be42f4ecb44f44e99caa93114879e66f be42f4ecb44f44e99caa93114879e66f] 10.0.0.193 "DELETE /resource_providers/ee2280bf-46f7-42f3-98dd-53fc7d3fb0cd" status: 404 len: 246 microversion: 1.1 [pid: 7|app: 0|req: 422/833] 10.0.0.193 () {34 vars in 816 bytes} [Fri Mar 6 22:24:25 2026] DELETE /resource_providers/ee2280bf-46f7-42f3-98dd-53fc7d3fb0cd => generated 246 bytes in 8 msecs (HTTP/1.1 404) 6 headers in 231 bytes (1 switches on core 0)
2026-03-06 22:24:25.235 8 INFO placement.requestlog [None req-2c021b0e-210f-44a3-8c00-37526afbb0cf 6fa6f6d1bebc4656b488b8288e5f812e 1b25a2d29e9a4e52bcf6950c2434f92c - - be42f4ecb44f44e99caa93114879e66f be42f4ecb44f44e99caa93114879e66f] 10.0.0.193 "GET /resource_providers/19a6b46f-023d-463c-8d59-4ead7ef927c3/aggregates" status: 404 len: 235 microversion: 1.1 [pid: 8|app: 0|req: 412/834] 10.0.0.193 () {32 vars in 816 bytes} [Fri Mar 6 22:24:25 2026] GET /resource_providers/19a6b46f-023d-463c-8d59-4ead7ef927c3/aggregates => generated 235 bytes in 9 msecs (HTTP/1.1 404) 5 headers in 202 bytes (1 switches on core 0)
2026-03-06 22:24:25.251 7 INFO placement.requestlog [None req-f1cf1251-b711-4bd5-9114-32eca81814d0 6fa6f6d1bebc4656b488b8288e5f812e 1b25a2d29e9a4e52bcf6950c2434f92c - - be42f4ecb44f44e99caa93114879e66f be42f4ecb44f44e99caa93114879e66f] 10.0.0.193 "GET /resource_providers/19a6b46f-023d-463c-8d59-4ead7ef927c3/aggregates" status: 404 len: 235 microversion: 1.1
2026-03-06 22:24:25.252 8 INFO placement.requestlog [None req-5c3b5fce-b60e-4463-bf79-dc9b68c9e281 6fa6f6d1bebc4656b488b8288e5f812e 1b25a2d29e9a4e52bcf6950c2434f92c - - be42f4ecb44f44e99caa93114879e66f be42f4ecb44f44e99caa93114879e66f] 10.0.0.193 "DELETE /resource_providers/19a6b46f-023d-463c-8d59-4ead7ef927c3" status: 404 len: 246 microversion: 1.1 [pid: 7|app: 0|req: 423/836] 10.0.0.193 () {32 vars in 816 bytes} [Fri Mar 6 22:24:25 2026] GET /resource_providers/19a6b46f-023d-463c-8d59-4ead7ef927c3/aggregates => generated 235 bytes in 9 msecs (HTTP/1.1 404) 5 headers in 202 bytes (1 switches on core 0) [pid: 8|app: 0|req: 413/836] 10.0.0.193 () {34 vars in 816 bytes} [Fri Mar 6 22:24:25 2026] DELETE /resource_providers/19a6b46f-023d-463c-8d59-4ead7ef927c3 => generated 246 bytes in 7 msecs (HTTP/1.1 404) 6 headers in 231 bytes (1 switches on core 0)
2026-03-06 22:24:25.272 7 INFO placement.requestlog [None req-051f6094-be07-43c9-ab2d-0d3197faadfd 6fa6f6d1bebc4656b488b8288e5f812e 1b25a2d29e9a4e52bcf6950c2434f92c - - be42f4ecb44f44e99caa93114879e66f be42f4ecb44f44e99caa93114879e66f] 10.0.0.193 "DELETE /resource_providers/19a6b46f-023d-463c-8d59-4ead7ef927c3" status: 404 len: 246 microversion: 1.1 [pid: 7|app: 0|req: 424/837] 10.0.0.193 () {34 vars in 816 bytes} [Fri Mar 6 22:24:25 2026] DELETE /resource_providers/19a6b46f-023d-463c-8d59-4ead7ef927c3 => generated 246 bytes in 8 msecs (HTTP/1.1 404) 6 headers in 231 bytes (1 switches on core 0)
2026-03-06 22:24:25.277 8 INFO placement.requestlog [None req-63b72164-edbc-4179-89a1-9183e508ef43 6fa6f6d1bebc4656b488b8288e5f812e 1b25a2d29e9a4e52bcf6950c2434f92c - - be42f4ecb44f44e99caa93114879e66f be42f4ecb44f44e99caa93114879e66f] 10.0.0.193 "GET /resource_providers/c5beec34-3fc6-4fcb-9415-476eaaa8e8d1/aggregates" status: 404 len: 235 microversion: 1.1 [pid: 8|app: 0|req: 414/838] 10.0.0.193 () {32 vars in 816 bytes} [Fri Mar 6 22:24:25 2026] GET /resource_providers/c5beec34-3fc6-4fcb-9415-476eaaa8e8d1/aggregates => generated 235 bytes in 11 msecs (HTTP/1.1 404) 5 headers in 202 bytes (1 switches on core 0)
2026-03-06 22:24:25.290 7 INFO placement.requestlog [None req-3ba65083-6f4c-4a0e-8d6e-261b6518cbd5 6fa6f6d1bebc4656b488b8288e5f812e 1b25a2d29e9a4e52bcf6950c2434f92c - - be42f4ecb44f44e99caa93114879e66f be42f4ecb44f44e99caa93114879e66f] 10.0.0.193 "GET /resource_providers/c5beec34-3fc6-4fcb-9415-476eaaa8e8d1/aggregates" status: 404 len: 235 microversion: 1.1 [pid: 7|app: 0|req: 425/839] 10.0.0.193 () {32 vars in 816 bytes} [Fri Mar 6 22:24:25 2026] GET /resource_providers/c5beec34-3fc6-4fcb-9415-476eaaa8e8d1/aggregates => generated 235 bytes in 7 msecs (HTTP/1.1 404) 5 headers in 202 bytes (1 switches on core 0)
2026-03-06 22:24:25.302 8 INFO placement.requestlog [None req-ee782b13-8f95-4e0c-a1b6-7fc8ecd9eb7c 6fa6f6d1bebc4656b488b8288e5f812e 1b25a2d29e9a4e52bcf6950c2434f92c - - be42f4ecb44f44e99caa93114879e66f be42f4ecb44f44e99caa93114879e66f] 10.0.0.193 "DELETE /resource_providers/c5beec34-3fc6-4fcb-9415-476eaaa8e8d1" status: 404 len: 246 microversion: 1.1 [pid: 8|app: 0|req: 415/840] 10.0.0.193 () {34 vars in 816 bytes} [Fri Mar 6 22:24:25 2026] DELETE /resource_providers/c5beec34-3fc6-4fcb-9415-476eaaa8e8d1 => generated 246 bytes in 13 msecs (HTTP/1.1 404) 6 headers in 231 bytes (1 switches on core 0)
2026-03-06 22:24:25.307 7 INFO placement.requestlog [None req-98e476d5-408f-4a9d-8621-f38fe353b2fb 6fa6f6d1bebc4656b488b8288e5f812e 1b25a2d29e9a4e52bcf6950c2434f92c - - be42f4ecb44f44e99caa93114879e66f be42f4ecb44f44e99caa93114879e66f] 10.0.0.193 "DELETE /resource_providers/c5beec34-3fc6-4fcb-9415-476eaaa8e8d1" status: 404 len: 246 microversion: 1.1 [pid: 7|app: 0|req: 426/841] 10.0.0.193 () {34 vars in 816 bytes} [Fri Mar 6 22:24:25 2026] DELETE /resource_providers/c5beec34-3fc6-4fcb-9415-476eaaa8e8d1 => generated 246 bytes in 9 msecs (HTTP/1.1 404) 6 headers in 231 bytes (1 switches on core 0)
2026-03-06 22:24:28.443 8 INFO placement.requestlog [req-6281314f-f8a1-46fc-9b22-3d8aed5f5412 req-c17259cb-0849-42b0-93e8-8e4148eb675c ae5e74ba6bc540b1adf8440006d898ff 1b25a2d29e9a4e52bcf6950c2434f92c - - be42f4ecb44f44e99caa93114879e66f be42f4ecb44f44e99caa93114879e66f] 199.204.45.155 "GET /resource_providers/2560e3d5-55d6-4a1f-90dc-8ff89daa47a6/allocations" status: 200 len: 153 microversion: 1.0 [pid: 8|app: 0|req: 416/842] 199.204.45.155 () {32 vars in 857 bytes} [Fri Mar 6 22:24:28 2026] GET /resource_providers/2560e3d5-55d6-4a1f-90dc-8ff89daa47a6/allocations => generated 153 bytes in 18 msecs (HTTP/1.1 200) 6 headers in 224 bytes (1 switches on core 0)
