Aug 11 14:38:13.870602 np0000188651 devstack@neutron-api.service[102019]: INFO neutron.api.extensions [None req-018c3af5-7ae3-4c30-a1fe-e21618fc0f3d None None] Extension l2_adjacency not supported by any of loaded plugins
Aug 11 14:38:13.870602 np0000188651 devstack@neutron-api.service[102019]: DEBUG neutron.api.extensions [None req-018c3af5-7ae3-4c30-a1fe-e21618fc0f3d None None] Loading extension file: l3.py {{(pid=102019) _load_all_extensions_from_path /opt/stack/neutron/neutron/api/extensions.py:449}}
Aug 11 14:38:13.870763 np0000188651 devstack@neutron-api.service[102018]: DEBUG neutron.api.extensions [None req-39480f22-3d0a-4f27-b4cd-f00c33f45a2e None None] Ext name="L3 Conntrack helper" alias="l3-conntrack-helper" description="Allow adding CT target rules for conntrack helper" updated="2019-04-04T10:00:00-00:00" {{(pid=102018) _check_extension /opt/stack/neutron/neutron/api/extensions.py:415}}
Aug 11 14:38:13.870763 np0000188651 devstack@neutron-api.service[102018]: INFO neutron.api.extensions [None req-39480f22-3d0a-4f27-b4cd-f00c33f45a2e None None] Extension l3-conntrack-helper not supported by any of loaded plugins
Aug 11 14:38:13.870763 np0000188651 devstack@neutron-api.service[102018]: DEBUG neutron.api.extensions [None req-39480f22-3d0a-4f27-b4cd-f00c33f45a2e None None] Loading extension file: l3_enable_default_route_bfd.py {{(pid=102018) _load_all_extensions_from_path /opt/stack/neutron/neutron/api/extensions.py:449}}
Aug 11 14:38:13.870848 np0000188651 devstack@neutron-api.service[102019]: DEBUG neutron.api.extensions [None req-018c3af5-7ae3-4c30-a1fe-e21618fc0f3d None None] Ext name="Neutron L3 Router" alias="router" description="Router abstraction for basic L3 forwarding between L2 Neutron networks and access to external networks via a NAT gateway." updated="2012-07-20T10:00:00-00:00" {{(pid=102019) _check_extension /opt/stack/neutron/neutron/api/extensions.py:415}}
Aug 11 14:38:13.870883 np0000188651 devstack@neutron-api.service[102018]: DEBUG neutron.api.extensions [None req-39480f22-3d0a-4f27-b4cd-f00c33f45a2e None None] Ext name="Enable Default Route BFD" alias="enable-default-route-bfd" description="Enables configurable BFD behavior for default routes" updated="2023-02-27T00:00:00-00:00" {{(pid=102018) _check_extension /opt/stack/neutron/neutron/api/extensions.py:415}}
Aug 11 14:38:13.870916 np0000188651 devstack@neutron-api.service[102019]: INFO neutron.api.extensions [None req-018c3af5-7ae3-4c30-a1fe-e21618fc0f3d None None] Loaded extension: router
Aug 11 14:38:13.870916 np0000188651 devstack@neutron-api.service[102019]: DEBUG neutron.api.extensions [None req-018c3af5-7ae3-4c30-a1fe-e21618fc0f3d None None] Loading extension file: l3_agent_scheduler_ha_chassis_priority.py {{(pid=102019) _load_all_extensions_from_path /opt/stack/neutron/neutron/api/extensions.py:449}}
Aug 11 14:38:13.870971 np0000188651 devstack@neutron-api.service[102017]: INFO neutron.plugins.ml2.drivers.type_vlan [None req-f04f718a-d50b-4bf9-873b-0c1042a79d90 None None] VlanTypeDriver initialization complete
Aug 11 14:38:13.871003 np0000188651 devstack@neutron-api.service[102018]: INFO neutron.api.extensions [None req-39480f22-3d0a-4f27-b4cd-f00c33f45a2e None None] Loaded extension: enable-default-route-bfd
Aug 11 14:38:13.871032 np0000188651 devstack@neutron-api.service[102017]: INFO neutron.plugins.ml2.managers [None req-f04f718a-d50b-4bf9-873b-0c1042a79d90 None None] Initializing extension driver 'port_security'
Aug 11 14:38:13.871060 np0000188651 devstack@neutron-api.service[102018]: DEBUG neutron.api.extensions [None req-39480f22-3d0a-4f27-b4cd-f00c33f45a2e None None] Loading extension file: l3_enable_default_route_ecmp.py {{(pid=102018) _load_all_extensions_from_path /opt/stack/neutron/neutron/api/extensions.py:449}}
Aug 11 14:38:13.871089 np0000188651 devstack@neutron-api.service[102019]: DEBUG neutron.api.extensions [None req-018c3af5-7ae3-4c30-a1fe-e21618fc0f3d None None] Ext name="L3 Agent Scheduler HA Chassis Priority" alias="l3-agent-scheduler-ha-chassis-priority" description="Exposes the HA_Chassis priority in the L3 Agent Scheduler API responses and allows setting priority when scheduling a router to a chassis." updated="2026-03-31T00:00:00-00:00" {{(pid=102019) _check_extension /opt/stack/neutron/neutron/api/extensions.py:415}}
Aug 11 14:38:13.871130 np0000188651 devstack@neutron-api.service[102017]: INFO neutron.plugins.ml2.extensions.port_security [None req-f04f718a-d50b-4bf9-873b-0c1042a79d90 None None] PortSecurityExtensionDriver initialization complete
Aug 11 14:38:13.871130 np0000188651 devstack@neutron-api.service[102017]: INFO neutron.plugins.ml2.managers [None req-f04f718a-d50b-4bf9-873b-0c1042a79d90 None None] Initializing extension driver 'qos'
Aug 11 14:38:13.871190 np0000188651 devstack@neutron-api.service[102019]: INFO neutron.api.extensions [None req-018c3af5-7ae3-4c30-a1fe-e21618fc0f3d None None] Loaded extension: l3-agent-scheduler-ha-chassis-priority
Aug 11 14:38:13.871217 np0000188651 devstack@neutron-api.service[102017]: DEBUG neutron.plugins.ml2.extensions.qos [None req-f04f718a-d50b-4bf9-873b-0c1042a79d90 None None] QosExtensionDriver initialization complete {{(pid=102017) initialize /opt/stack/neutron/neutron/plugins/ml2/extensions/qos.py:31}}
Aug 11 14:38:13.871246 np0000188651 devstack@neutron-api.service[102018]: DEBUG neutron.api.extensions [None req-39480f22-3d0a-4f27-b4cd-f00c33f45a2e None None] Ext name="Enable Default Route ECMP" alias="enable-default-route-ecmp" description="Enables configurable ECMP behavior for default routes" updated="2023-02-27T00:00:00-00:00" {{(pid=102018) _check_extension /opt/stack/neutron/neutron/api/extensions.py:415}}
Aug 11 14:38:13.871275 np0000188651 devstack@neutron-api.service[102019]: DEBUG neutron.api.extensions [None req-018c3af5-7ae3-4c30-a1fe-e21618fc0f3d None None] Loading extension file: l3_conntrack_helper.py {{(pid=102019) _load_all_extensions_from_path /opt/stack/neutron/neutron/api/extensions.py:449}}
Aug 11 14:38:13.871308 np0000188651 devstack@neutron-api.service[102017]: INFO neutron.plugins.ml2.managers [None req-f04f718a-d50b-4bf9-873b-0c1042a79d90 None None] Initializing mechanism driver 'ovn'
Aug 11 14:38:13.871335 np0000188651 devstack@neutron-api.service[102018]: INFO neutron.api.extensions [None req-39480f22-3d0a-4f27-b4cd-f00c33f45a2e None None] Loaded extension: enable-default-route-ecmp
Aug 11 14:38:13.871361 np0000188651 devstack@neutron-api.service[102017]: INFO neutron.plugins.ml2.drivers.ovn.mech_driver.mech_driver [None req-f04f718a-d50b-4bf9-873b-0c1042a79d90 None None] Starting OVNMechanismDriver
Aug 11 14:38:13.871388 np0000188651 devstack@neutron-api.service[102018]: DEBUG neutron.api.extensions [None req-39480f22-3d0a-4f27-b4cd-f00c33f45a2e None None] Loading extension file: l3_ext_gw_mode.py {{(pid=102018) _load_all_extensions_from_path /opt/stack/neutron/neutron/api/extensions.py:449}}
Aug 11 14:38:13.871388 np0000188651 devstack@neutron-api.service[102018]: DEBUG neutron.api.extensions [None req-39480f22-3d0a-4f27-b4cd-f00c33f45a2e None None] Ext name="Neutron L3 Configurable external gateway mode" alias="ext-gw-mode" description="Extension of the router abstraction for specifying whether SNAT should occur on the external gateway" updated="2013-03-28T10:00:00-00:00" {{(pid=102018) _check_extension /opt/stack/neutron/neutron/api/extensions.py:415}}
Aug 11 14:38:13.871446 np0000188651 devstack@neutron-api.service[102019]: DEBUG neutron.api.extensions [None req-018c3af5-7ae3-4c30-a1fe-e21618fc0f3d None None] Ext name="L3 Conntrack helper" alias="l3-conntrack-helper" description="Allow adding CT target rules for conntrack helper" updated="2019-04-04T10:00:00-00:00" {{(pid=102019) _check_extension /opt/stack/neutron/neutron/api/extensions.py:415}}
Aug 11 14:38:13.871475 np0000188651 devstack@neutron-api.service[102018]: INFO neutron.api.extensions [None req-39480f22-3d0a-4f27-b4cd-f00c33f45a2e None None] Loaded extension: ext-gw-mode
Aug 11 14:38:13.871475 np0000188651 devstack@neutron-api.service[102018]: DEBUG neutron.api.extensions [None req-39480f22-3d0a-4f27-b4cd-f00c33f45a2e None None] Loading extension file: l3_ext_ha_mode.py {{(pid=102018) _load_all_extensions_from_path /opt/stack/neutron/neutron/api/extensions.py:449}}
Aug 11 14:38:13.871522 np0000188651 devstack@neutron-api.service[102019]: INFO neutron.api.extensions [None req-018c3af5-7ae3-4c30-a1fe-e21618fc0f3d None None] Extension l3-conntrack-helper not supported by any of loaded plugins
Aug 11 14:38:13.871522 np0000188651 devstack@neutron-api.service[102019]: DEBUG neutron.api.extensions [None req-018c3af5-7ae3-4c30-a1fe-e21618fc0f3d None None] Loading extension file: l3_enable_default_route_bfd.py {{(pid=102019) _load_all_extensions_from_path /opt/stack/neutron/neutron/api/extensions.py:449}}
Aug 11 14:38:13.871576 np0000188651 devstack@neutron-api.service[102018]: DEBUG neutron.api.extensions [None req-39480f22-3d0a-4f27-b4cd-f00c33f45a2e None None] Ext name="HA Router extension" alias="l3-ha" description="Adds HA capability to routers." updated="2014-04-26T00:00:00-00:00" {{(pid=102018) _check_extension /opt/stack/neutron/neutron/api/extensions.py:415}}
Aug 11 14:38:13.871605 np0000188651 devstack@neutron-api.service[102019]: DEBUG neutron.api.extensions [None req-018c3af5-7ae3-4c30-a1fe-e21618fc0f3d None None] Ext name="Enable Default Route BFD" alias="enable-default-route-bfd" description="Enables configurable BFD behavior for default routes" updated="2023-02-27T00:00:00-00:00" {{(pid=102019) _check_extension /opt/stack/neutron/neutron/api/extensions.py:415}}
Aug 11 14:38:13.871641 np0000188651 devstack@neutron-api.service[102018]: INFO neutron.api.extensions [None req-39480f22-3d0a-4f27-b4cd-f00c33f45a2e None None] Loaded extension: l3-ha
Aug 11 14:38:13.871668 np0000188651 devstack@neutron-api.service[102019]: INFO neutron.api.extensions [None req-018c3af5-7ae3-4c30-a1fe-e21618fc0f3d None None] Loaded extension: enable-default-route-bfd
Aug 11 14:38:13.871701 np0000188651 devstack@neutron-api.service[102018]: DEBUG neutron.api.extensions [None req-39480f22-3d0a-4f27-b4cd-f00c33f45a2e None None] Loading extension file: l3_ext_ndp_proxy.py {{(pid=102018) _load_all_extensions_from_path /opt/stack/neutron/neutron/api/extensions.py:449}}
Aug 11 14:38:13.871742 np0000188651 devstack@neutron-api.service[102019]: DEBUG neutron.api.extensions [None req-018c3af5-7ae3-4c30-a1fe-e21618fc0f3d None None] Loading extension file: l3_enable_default_route_ecmp.py {{(pid=102019) _load_all_extensions_from_path /opt/stack/neutron/neutron/api/extensions.py:449}}
Aug 11 14:38:13.871776 np0000188651 devstack@neutron-api.service[102018]: DEBUG neutron.api.extensions [None req-39480f22-3d0a-4f27-b4cd-f00c33f45a2e None None] Ext name="Router support to enable NDP proxy" alias="l3-ext-ndp-proxy" description="Router extension to enable ndp proxy" updated="2020-08-25T00:00:00-00:00" {{(pid=102018) _check_extension /opt/stack/neutron/neutron/api/extensions.py:415}}
Aug 11 14:38:13.871805 np0000188651 devstack@neutron-api.service[102019]: DEBUG neutron.api.extensions [None req-018c3af5-7ae3-4c30-a1fe-e21618fc0f3d None None] Ext name="Enable Default Route ECMP" alias="enable-default-route-ecmp" description="Enables configurable ECMP behavior for default routes" updated="2023-02-27T00:00:00-00:00" {{(pid=102019) _check_extension /opt/stack/neutron/neutron/api/extensions.py:415}}
Aug 11 14:38:13.871833 np0000188651 devstack@neutron-api.service[102018]: INFO neutron.api.extensions [None req-39480f22-3d0a-4f27-b4cd-f00c33f45a2e None None] Extension l3-ext-ndp-proxy not supported by any of loaded plugins
Aug 11 14:38:13.871860 np0000188651 devstack@neutron-api.service[102019]: INFO neutron.api.extensions [None req-018c3af5-7ae3-4c30-a1fe-e21618fc0f3d None None] Loaded extension: enable-default-route-ecmp
Aug 11 14:38:13.871891 np0000188651 devstack@neutron-api.service[102017]: DEBUG neutron_lib.callbacks.manager [None req-f04f718a-d50b-4bf9-873b-0c1042a79d90 None None] Subscribe: > process before_spawn 55550000, False {{(pid=102017) subscribe /opt/stack/data/venv/lib/python3.12/site-packages/neutron_lib/callbacks/manager.py:52}}
Aug 11 14:38:13.871925 np0000188651 devstack@neutron-api.service[102018]: DEBUG neutron.api.extensions [None req-39480f22-3d0a-4f27-b4cd-f00c33f45a2e None None] Loading extension file: l3_extra_gws.py {{(pid=102018) _load_all_extensions_from_path /opt/stack/neutron/neutron/api/extensions.py:449}}
Aug 11 14:38:13.871958 np0000188651 devstack@neutron-api.service[102019]: DEBUG neutron.api.extensions [None req-018c3af5-7ae3-4c30-a1fe-e21618fc0f3d None None] Loading extension file: l3_ext_gw_mode.py {{(pid=102019) _load_all_extensions_from_path /opt/stack/neutron/neutron/api/extensions.py:449}}
Aug 11 14:38:13.871986 np0000188651 devstack@neutron-api.service[102017]: DEBUG neutron_lib.callbacks.manager [None req-f04f718a-d50b-4bf9-873b-0c1042a79d90 None None] Subscribe: > process after_init 55550000, True {{(pid=102017) subscribe /opt/stack/data/venv/lib/python3.12/site-packages/neutron_lib/callbacks/manager.py:52}}
Aug 11 14:38:13.872014 np0000188651 devstack@neutron-api.service[102018]: DEBUG neutron.api.extensions [None req-39480f22-3d0a-4f27-b4cd-f00c33f45a2e None None] Ext name="Neutron L3 External Gateway Multihoming" alias="external-gateway-multihoming" description="Allow multiple external gateway ports per router" updated="2023-01-18T00:00:00-00:00" {{(pid=102018) _check_extension /opt/stack/neutron/neutron/api/extensions.py:415}}
Aug 11 14:38:13.872043 np0000188651 devstack@neutron-api.service[102017]: DEBUG neutron_lib.callbacks.manager [None req-f04f718a-d50b-4bf9-873b-0c1042a79d90 None None] Subscribe: > segment after_create 55550000, False {{(pid=102017) subscribe /opt/stack/data/venv/lib/python3.12/site-packages/neutron_lib/callbacks/manager.py:52}}
Aug 11 14:38:13.872072 np0000188651 devstack@neutron-api.service[102019]: DEBUG neutron.api.extensions [None req-018c3af5-7ae3-4c30-a1fe-e21618fc0f3d None None] Ext name="Neutron L3 Configurable external gateway mode" alias="ext-gw-mode" description="Extension of the router abstraction for specifying whether SNAT should occur on the external gateway" updated="2013-03-28T10:00:00-00:00" {{(pid=102019) _check_extension /opt/stack/neutron/neutron/api/extensions.py:415}}
Aug 11 14:38:13.872107 np0000188651 devstack@neutron-api.service[102017]: DEBUG neutron_lib.callbacks.manager [None req-f04f718a-d50b-4bf9-873b-0c1042a79d90 None None] Subscribe: > segment after_create 55550000, False {{(pid=102017) subscribe /opt/stack/data/venv/lib/python3.12/site-packages/neutron_lib/callbacks/manager.py:52}}
Aug 11 14:38:13.872141 np0000188651 devstack@neutron-api.service[102018]: INFO neutron.api.extensions [None req-39480f22-3d0a-4f27-b4cd-f00c33f45a2e None None] Loaded extension: external-gateway-multihoming
Aug 11 14:38:13.872168 np0000188651 devstack@neutron-api.service[102017]: DEBUG neutron_lib.callbacks.manager [None req-f04f718a-d50b-4bf9-873b-0c1042a79d90 None None] Subscribe: > segment after_delete 55550000, False {{(pid=102017) subscribe /opt/stack/data/venv/lib/python3.12/site-packages/neutron_lib/callbacks/manager.py:52}}
Aug 11 14:38:13.872196 np0000188651 devstack@neutron-api.service[102019]: INFO neutron.api.extensions [None req-018c3af5-7ae3-4c30-a1fe-e21618fc0f3d None None] Loaded extension: ext-gw-mode
Aug 11 14:38:13.872223 np0000188651 devstack@neutron-api.service[102018]: DEBUG neutron.api.extensions [None req-39480f22-3d0a-4f27-b4cd-f00c33f45a2e None None] Loading extension file: l3_flavors.py {{(pid=102018) _load_all_extensions_from_path /opt/stack/neutron/neutron/api/extensions.py:449}}
Aug 11 14:38:13.872251 np0000188651 devstack@neutron-api.service[102017]: DEBUG neutron_lib.callbacks.manager [None req-f04f718a-d50b-4bf9-873b-0c1042a79d90 None None] Subscribe: > allowed_address_pair before_create 55550000, False {{(pid=102017) subscribe /opt/stack/data/venv/lib/python3.12/site-packages/neutron_lib/callbacks/manager.py:52}}
Aug 11 14:38:13.872279 np0000188651 devstack@neutron-api.service[102019]: DEBUG neutron.api.extensions [None req-018c3af5-7ae3-4c30-a1fe-e21618fc0f3d None None] Loading extension file: l3_ext_ha_mode.py {{(pid=102019) _load_all_extensions_from_path /opt/stack/neutron/neutron/api/extensions.py:449}}
Aug 11 14:38:13.872310 np0000188651 devstack@neutron-api.service[102017]: DEBUG neutron_lib.callbacks.manager [None req-f04f718a-d50b-4bf9-873b-0c1042a79d90 None None] Subscribe: > security_group precommit_create 55550000, False {{(pid=102017) subscribe /opt/stack/data/venv/lib/python3.12/site-packages/neutron_lib/callbacks/manager.py:52}}
Aug 11 14:38:13.872310 np0000188651 devstack@neutron-api.service[102017]: DEBUG neutron_lib.callbacks.manager [None req-f04f718a-d50b-4bf9-873b-0c1042a79d90 None None] Subscribe: > security_group after_update 55550000, False {{(pid=102017) subscribe /opt/stack/data/venv/lib/python3.12/site-packages/neutron_lib/callbacks/manager.py:52}}
Aug 11 14:38:13.872364 np0000188651 devstack@neutron-api.service[102018]: DEBUG neutron.api.extensions [None req-39480f22-3d0a-4f27-b4cd-f00c33f45a2e None None] Ext name="Router Flavor Extension" alias="l3-flavors" description="Flavor support for routers." updated="2016-05-17T00:00:00-00:00" {{(pid=102018) _check_extension /opt/stack/neutron/neutron/api/extensions.py:415}}
Aug 11 14:38:13.872396 np0000188651 devstack@neutron-api.service[102019]: DEBUG neutron.api.extensions [None req-018c3af5-7ae3-4c30-a1fe-e21618fc0f3d None None] Ext name="HA Router extension" alias="l3-ha" description="Adds HA capability to routers." updated="2014-04-26T00:00:00-00:00" {{(pid=102019) _check_extension /opt/stack/neutron/neutron/api/extensions.py:415}}
Aug 11 14:38:13.872424 np0000188651 devstack@neutron-api.service[102017]: DEBUG neutron_lib.callbacks.manager [None req-f04f718a-d50b-4bf9-873b-0c1042a79d90 None None] Subscribe: > security_group after_create 55550000, False {{(pid=102017) subscribe /opt/stack/data/venv/lib/python3.12/site-packages/neutron_lib/callbacks/manager.py:52}}
Aug 11 14:38:13.872453 np0000188651 devstack@neutron-api.service[102018]: INFO neutron.api.extensions [None req-39480f22-3d0a-4f27-b4cd-f00c33f45a2e None None] Loaded extension: l3-flavors
Aug 11 14:38:13.872489 np0000188651 devstack@neutron-api.service[102019]: INFO neutron.api.extensions [None req-018c3af5-7ae3-4c30-a1fe-e21618fc0f3d None None] Loaded extension: l3-ha
Aug 11 14:38:13.872523 np0000188651 devstack@neutron-api.service[102017]: DEBUG neutron_lib.callbacks.manager [None req-f04f718a-d50b-4bf9-873b-0c1042a79d90 None None] Subscribe: > security_group precommit_delete 55550000, False {{(pid=102017) subscribe /opt/stack/data/venv/lib/python3.12/site-packages/neutron_lib/callbacks/manager.py:52}}
Aug 11 14:38:13.872553 np0000188651 devstack@neutron-api.service[102018]: DEBUG neutron.api.extensions [None req-39480f22-3d0a-4f27-b4cd-f00c33f45a2e None None] Loading extension file: l3_ndp_proxy.py {{(pid=102018) _load_all_extensions_from_path /opt/stack/neutron/neutron/api/extensions.py:449}}
Aug 11 14:38:13.872580 np0000188651 devstack@neutron-api.service[102019]: DEBUG neutron.api.extensions [None req-018c3af5-7ae3-4c30-a1fe-e21618fc0f3d None None] Loading extension file: l3_ext_ndp_proxy.py {{(pid=102019) _load_all_extensions_from_path /opt/stack/neutron/neutron/api/extensions.py:449}}
Aug 11 14:38:13.872607 np0000188651 devstack@neutron-api.service[102017]: DEBUG neutron_lib.callbacks.manager [None req-f04f718a-d50b-4bf9-873b-0c1042a79d90 None None] Subscribe: > security_group after_delete 55550000, False {{(pid=102017) subscribe /opt/stack/data/venv/lib/python3.12/site-packages/neutron_lib/callbacks/manager.py:52}}
Aug 11 14:38:13.872607 np0000188651 devstack@neutron-api.service[102017]: DEBUG neutron_lib.callbacks.manager [None req-f04f718a-d50b-4bf9-873b-0c1042a79d90 None None] Subscribe: > security_group_rule precommit_create 55550000, False {{(pid=102017) subscribe /opt/stack/data/venv/lib/python3.12/site-packages/neutron_lib/callbacks/manager.py:52}}
Aug 11 14:38:13.872660 np0000188651 devstack@neutron-api.service[102019]: DEBUG neutron.api.extensions [None req-018c3af5-7ae3-4c30-a1fe-e21618fc0f3d None None] Ext name="Router support to enable NDP proxy" alias="l3-ext-ndp-proxy" description="Router extension to enable ndp proxy" updated="2020-08-25T00:00:00-00:00" {{(pid=102019) _check_extension /opt/stack/neutron/neutron/api/extensions.py:415}}
Aug 11 14:38:13.872688 np0000188651 devstack@neutron-api.service[102017]: DEBUG neutron_lib.callbacks.manager [None req-f04f718a-d50b-4bf9-873b-0c1042a79d90 None None] Subscribe: > security_group_rule after_create 55550000, False {{(pid=102017) subscribe /opt/stack/data/venv/lib/python3.12/site-packages/neutron_lib/callbacks/manager.py:52}}
Aug 11 14:38:13.872984 np0000188651 devstack@neutron-api.service[102018]: DEBUG neutron.api.extensions [None req-39480f22-3d0a-4f27-b4cd-f00c33f45a2e None None] Ext name="name" alias="l3-ndp-proxy" description="description" updated="2021-06-29T10:00:00-00:00" {{(pid=102018) _check_extension /opt/stack/neutron/neutron/api/extensions.py:415}}
Aug 11 14:38:13.873023 np0000188651 devstack@neutron-api.service[102017]: DEBUG neutron_lib.callbacks.manager [None req-f04f718a-d50b-4bf9-873b-0c1042a79d90 None None] Subscribe: > security_group_rule before_delete 55550000, False {{(pid=102017) subscribe /opt/stack/data/venv/lib/python3.12/site-packages/neutron_lib/callbacks/manager.py:52}}
Aug 11 14:38:13.873023 np0000188651 devstack@neutron-api.service[102017]: DEBUG neutron_lib.callbacks.manager [None req-f04f718a-d50b-4bf9-873b-0c1042a79d90 None None] Subscribe: > address_group after_create 55550000, False {{(pid=102017) subscribe /opt/stack/data/venv/lib/python3.12/site-packages/neutron_lib/callbacks/manager.py:52}}
Aug 11 14:38:13.873103 np0000188651 devstack@neutron-api.service[102018]: INFO neutron.api.extensions [None req-39480f22-3d0a-4f27-b4cd-f00c33f45a2e None None] Extension l3-ndp-proxy not supported by any of loaded plugins
Aug 11 14:38:13.873158 np0000188651 devstack@neutron-api.service[102017]: DEBUG neutron_lib.callbacks.manager [None req-f04f718a-d50b-4bf9-873b-0c1042a79d90 None None] Subscribe: > address_group after_update 55550000, False {{(pid=102017) subscribe /opt/stack/data/venv/lib/python3.12/site-packages/neutron_lib/callbacks/manager.py:52}}
Aug 11 14:38:13.873210 np0000188651 devstack@neutron-api.service[102018]: DEBUG neutron.api.extensions [None req-39480f22-3d0a-4f27-b4cd-f00c33f45a2e None None] Loading extension file: l3_port_ip_change_not_allowed.py {{(pid=102018) _load_all_extensions_from_path /opt/stack/neutron/neutron/api/extensions.py:449}}
Aug 11 14:38:13.873330 np0000188651 devstack@neutron-api.service[102017]: DEBUG neutron_lib.callbacks.manager [None req-f04f718a-d50b-4bf9-873b-0c1042a79d90 None None] Subscribe: > address_group after_delete 55550000, False {{(pid=102017) subscribe /opt/stack/data/venv/lib/python3.12/site-packages/neutron_lib/callbacks/manager.py:52}}
Aug 11 14:38:13.873330 np0000188651 devstack@neutron-api.service[102017]: DEBUG neutron_lib.callbacks.manager [None req-f04f718a-d50b-4bf9-873b-0c1042a79d90 None None] Subscribe: > qos_plugin after_init 55550000, False {{(pid=102017) subscribe /opt/stack/data/venv/lib/python3.12/site-packages/neutron_lib/callbacks/manager.py:52}}
Aug 11 14:38:13.873330 np0000188651 devstack@neutron-api.service[102017]: DEBUG neutron_lib.callbacks.manager [None req-f04f718a-d50b-4bf9-873b-0c1042a79d90 None None] Subscribe: > trunk_plugin after_init 55550000, False {{(pid=102017) subscribe /opt/stack/data/venv/lib/python3.12/site-packages/neutron_lib/callbacks/manager.py:52}}
Aug 11 14:38:13.873330 np0000188651 devstack@neutron-api.service[102017]: DEBUG neutron_lib.callbacks.manager [None req-f04f718a-d50b-4bf9-873b-0c1042a79d90 None None] Subscribe: > logging-plugin after_init 55550000, False {{(pid=102017) subscribe /opt/stack/data/venv/lib/python3.12/site-packages/neutron_lib/callbacks/manager.py:52}}
Aug 11 14:38:13.873552 np0000188651 devstack@neutron-api.service[102019]: INFO neutron.api.extensions [None req-018c3af5-7ae3-4c30-a1fe-e21618fc0f3d None None] Extension l3-ext-ndp-proxy not supported by any of loaded plugins
Aug 11 14:38:13.873586 np0000188651 devstack@neutron-api.service[102017]: INFO neutron.services.logapi.drivers.ovn.driver [None req-f04f718a-d50b-4bf9-873b-0c1042a79d90 None None] OVN logging driver registered
Aug 11 14:38:13.873653 np0000188651 devstack@neutron-api.service[102019]: DEBUG neutron.api.extensions [None req-018c3af5-7ae3-4c30-a1fe-e21618fc0f3d None None] Loading extension file: l3_extra_gws.py {{(pid=102019) _load_all_extensions_from_path /opt/stack/neutron/neutron/api/extensions.py:449}}
Aug 11 14:38:13.873710 np0000188651 devstack@neutron-api.service[102017]: DEBUG neutron_lib.callbacks.manager [None req-f04f718a-d50b-4bf9-873b-0c1042a79d90 None None] Subscribe: ._register_pvlan_driver at 0x75ed48c9e980> pvlan_plugin before_spawn 55550000, False {{(pid=102017) subscribe /opt/stack/data/venv/lib/python3.12/site-packages/neutron_lib/callbacks/manager.py:52}}
Aug 11 14:38:13.873710 np0000188651 devstack@neutron-api.service[102017]: DEBUG neutron_lib.callbacks.manager [None req-f04f718a-d50b-4bf9-873b-0c1042a79d90 None None] Subscribe: process after_init 55550000, False {{(pid=102017) subscribe /opt/stack/data/venv/lib/python3.12/site-packages/neutron_lib/callbacks/manager.py:52}}
Aug 11 14:38:13.873830 np0000188651 devstack@neutron-api.service[102019]: DEBUG neutron.api.extensions [None req-018c3af5-7ae3-4c30-a1fe-e21618fc0f3d None None] Ext name="Neutron L3 External Gateway Multihoming" alias="external-gateway-multihoming" description="Allow multiple external gateway ports per router" updated="2023-01-18T00:00:00-00:00" {{(pid=102019) _check_extension /opt/stack/neutron/neutron/api/extensions.py:415}}
Aug 11 14:38:13.873830 np0000188651 devstack@neutron-api.service[102019]: INFO neutron.api.extensions [None req-018c3af5-7ae3-4c30-a1fe-e21618fc0f3d None None] Loaded extension: external-gateway-multihoming
Aug 11 14:38:13.873830 np0000188651 devstack@neutron-api.service[102019]: DEBUG neutron.api.extensions [None req-018c3af5-7ae3-4c30-a1fe-e21618fc0f3d None None] Loading extension file: l3_flavors.py {{(pid=102019) _load_all_extensions_from_path /opt/stack/neutron/neutron/api/extensions.py:449}}
Aug 11 14:38:13.873830 np0000188651 devstack@neutron-api.service[102019]: DEBUG neutron.api.extensions [None req-018c3af5-7ae3-4c30-a1fe-e21618fc0f3d None None] Ext name="Router Flavor Extension" alias="l3-flavors" description="Flavor support for routers." updated="2016-05-17T00:00:00-00:00" {{(pid=102019) _check_extension /opt/stack/neutron/neutron/api/extensions.py:415}}
Aug 11 14:38:13.873830 np0000188651 devstack@neutron-api.service[102019]: INFO neutron.api.extensions [None req-018c3af5-7ae3-4c30-a1fe-e21618fc0f3d None None] Loaded extension: l3-flavors
Aug 11 14:38:13.873830 np0000188651 devstack@neutron-api.service[102019]: DEBUG neutron.api.extensions [None req-018c3af5-7ae3-4c30-a1fe-e21618fc0f3d None None] Loading extension file: l3_ndp_proxy.py {{(pid=102019) _load_all_extensions_from_path /opt/stack/neutron/neutron/api/extensions.py:449}}
Aug 11 14:38:13.873830 np0000188651 devstack@neutron-api.service[102019]: DEBUG neutron.api.extensions [None req-018c3af5-7ae3-4c30-a1fe-e21618fc0f3d None None] Ext name="name" alias="l3-ndp-proxy" description="description" updated="2021-06-29T10:00:00-00:00" {{(pid=102019) _check_extension /opt/stack/neutron/neutron/api/extensions.py:415}}
Aug 11 14:38:13.874293 np0000188651 devstack@neutron-api.service[102019]: INFO neutron.api.extensions [None req-018c3af5-7ae3-4c30-a1fe-e21618fc0f3d None None] Extension l3-ndp-proxy not supported by any of loaded plugins
Aug 11 14:38:13.874293 np0000188651 devstack@neutron-api.service[102019]: DEBUG neutron.api.extensions [None req-018c3af5-7ae3-4c30-a1fe-e21618fc0f3d None None] Loading extension file: l3_port_ip_change_not_allowed.py {{(pid=102019) _load_all_extensions_from_path /opt/stack/neutron/neutron/api/extensions.py:449}}
Aug 11 14:38:13.874434 np0000188651 devstack@neutron-api.service[102017]: DEBUG neutron.plugins.ml2.plugin [None req-f04f718a-d50b-4bf9-873b-0c1042a79d90 None None] neutron.plugins.ml2.plugin.Ml2Plugin method _start_rpc_notifiers called with arguments () {} {{(pid=102017) wrapper /opt/stack/data/venv/lib/python3.12/site-packages/oslo_log/helpers.py:77}}
Aug 11 14:38:13.874516 np0000188651 devstack@neutron-api.service[102019]: DEBUG neutron.api.extensions [None req-018c3af5-7ae3-4c30-a1fe-e21618fc0f3d None None] Ext name="Prevent L3 router ports IP address change extension" alias="l3-port-ip-change-not-allowed" description="Prevent change of IP address for some L3 router ports" updated="2018-10-09T10:00:00-00:00" {{(pid=102019) _check_extension /opt/stack/neutron/neutron/api/extensions.py:415}}
Aug 11 14:38:13.874590 np0000188651 devstack@neutron-api.service[102017]: DEBUG neutron_lib.callbacks.manager [None req-f04f718a-d50b-4bf9-873b-0c1042a79d90 None None] Subscribe: > port after_create 55550000, False {{(pid=102017) subscribe /opt/stack/data/venv/lib/python3.12/site-packages/neutron_lib/callbacks/manager.py:52}}
Aug 11 14:38:13.874590 np0000188651 devstack@neutron-api.service[102017]: DEBUG neutron_lib.callbacks.manager [None req-f04f718a-d50b-4bf9-873b-0c1042a79d90 None None] Subscribe: > port after_update 55550000, False {{(pid=102017) subscribe /opt/stack/data/venv/lib/python3.12/site-packages/neutron_lib/callbacks/manager.py:52}}
Aug 11 14:38:13.874748 np0000188651 devstack@neutron-api.service[102019]: INFO neutron.api.extensions [None req-018c3af5-7ae3-4c30-a1fe-e21618fc0f3d None None] Extension l3-port-ip-change-not-allowed not supported by any of loaded plugins
Aug 11 14:38:13.874827 np0000188651 devstack@neutron-api.service[102017]: DEBUG neutron_lib.callbacks.manager [None req-f04f718a-d50b-4bf9-873b-0c1042a79d90 None None] Subscribe: > port after_delete 55550000, False {{(pid=102017) subscribe /opt/stack/data/venv/lib/python3.12/site-packages/neutron_lib/callbacks/manager.py:52}}
Aug 11 14:38:13.874900 np0000188651 devstack@neutron-api.service[102019]: DEBUG neutron.api.extensions [None req-018c3af5-7ae3-4c30-a1fe-e21618fc0f3d None None] Loading extension file: l3agentscheduler.py {{(pid=102019) _load_all_extensions_from_path /opt/stack/neutron/neutron/api/extensions.py:449}}
Aug 11 14:38:13.874973 np0000188651 devstack@neutron-api.service[102017]: DEBUG neutron_lib.callbacks.manager [None req-f04f718a-d50b-4bf9-873b-0c1042a79d90 None None] Subscribe: > subnet after_create 55550000, False {{(pid=102017) subscribe /opt/stack/data/venv/lib/python3.12/site-packages/neutron_lib/callbacks/manager.py:52}}
Aug 11 14:38:13.874973 np0000188651 devstack@neutron-api.service[102017]: DEBUG neutron_lib.callbacks.manager [None req-f04f718a-d50b-4bf9-873b-0c1042a79d90 None None] Subscribe: > subnet after_update 55550000, False {{(pid=102017) subscribe /opt/stack/data/venv/lib/python3.12/site-packages/neutron_lib/callbacks/manager.py:52}}
Aug 11 14:38:13.874973 np0000188651 devstack@neutron-api.service[102017]: DEBUG neutron_lib.callbacks.manager [None req-f04f718a-d50b-4bf9-873b-0c1042a79d90 None None] Subscribe: > subnet after_delete 55550000, False {{(pid=102017) subscribe /opt/stack/data/venv/lib/python3.12/site-packages/neutron_lib/callbacks/manager.py:52}}
Aug 11 14:38:13.874973 np0000188651 devstack@neutron-api.service[102017]: DEBUG neutron_lib.callbacks.manager [None req-f04f718a-d50b-4bf9-873b-0c1042a79d90 None None] Subscribe: > network after_create 55550000, False {{(pid=102017) subscribe /opt/stack/data/venv/lib/python3.12/site-packages/neutron_lib/callbacks/manager.py:52}}
Aug 11 14:38:13.875253 np0000188651 devstack@neutron-api.service[102017]: DEBUG neutron_lib.callbacks.manager [None req-f04f718a-d50b-4bf9-873b-0c1042a79d90 None None] Subscribe: > network after_update 55550000, False {{(pid=102017) subscribe /opt/stack/data/venv/lib/python3.12/site-packages/neutron_lib/callbacks/manager.py:52}}
Aug 11 14:38:13.875253 np0000188651 devstack@neutron-api.service[102017]: DEBUG neutron_lib.callbacks.manager [None req-f04f718a-d50b-4bf9-873b-0c1042a79d90 None None] Subscribe: > network after_delete 55550000, False {{(pid=102017) subscribe /opt/stack/data/venv/lib/python3.12/site-packages/neutron_lib/callbacks/manager.py:52}}
Aug 11 14:38:13.875253 np0000188651 devstack@neutron-api.service[102017]: DEBUG neutron_lib.callbacks.manager [None req-f04f718a-d50b-4bf9-873b-0c1042a79d90 None None] Subscribe: > security_group after_create 55550000, False {{(pid=102017) subscribe /opt/stack/data/venv/lib/python3.12/site-packages/neutron_lib/callbacks/manager.py:52}}
Aug 11 14:38:13.875450 np0000188651 devstack@neutron-api.service[102019]: DEBUG neutron.api.extensions [None req-018c3af5-7ae3-4c30-a1fe-e21618fc0f3d None None] Ext name="L3 Agent Scheduler" alias="l3_agent_scheduler" description="Schedule routers among l3 agents" updated="2013-02-07T10:00:00-00:00" {{(pid=102019) _check_extension /opt/stack/neutron/neutron/api/extensions.py:415}}
Aug 11 14:38:13.875522 np0000188651 devstack@neutron-api.service[102017]: DEBUG neutron_lib.callbacks.manager [None req-f04f718a-d50b-4bf9-873b-0c1042a79d90 None None] Subscribe: > security_group after_update 55550000, False {{(pid=102017) subscribe /opt/stack/data/venv/lib/python3.12/site-packages/neutron_lib/callbacks/manager.py:52}}
Aug 11 14:38:13.875522 np0000188651 devstack@neutron-api.service[102017]: DEBUG neutron_lib.callbacks.manager [None req-f04f718a-d50b-4bf9-873b-0c1042a79d90 None None] Subscribe: > security_group after_delete 55550000, False {{(pid=102017) subscribe /opt/stack/data/venv/lib/python3.12/site-packages/neutron_lib/callbacks/manager.py:52}}
Aug 11 14:38:13.875671 np0000188651 devstack@neutron-api.service[102019]: INFO neutron.api.extensions [None req-018c3af5-7ae3-4c30-a1fe-e21618fc0f3d None None] Loaded extension: l3_agent_scheduler
Aug 11 14:38:13.875786 np0000188651 devstack@neutron-api.service[102017]: DEBUG neutron_lib.callbacks.manager [None req-f04f718a-d50b-4bf9-873b-0c1042a79d90 None None] Subscribe: > security_group_rule after_create 55550000, False {{(pid=102017) subscribe /opt/stack/data/venv/lib/python3.12/site-packages/neutron_lib/callbacks/manager.py:52}}
Aug 11 14:38:13.875842 np0000188651 devstack@neutron-api.service[102019]: DEBUG neutron.api.extensions [None req-018c3af5-7ae3-4c30-a1fe-e21618fc0f3d None None] Loading extension file: local_ip.py {{(pid=102019) _load_all_extensions_from_path /opt/stack/neutron/neutron/api/extensions.py:449}}
Aug 11 14:38:13.875943 np0000188651 devstack@neutron-api.service[102017]: DEBUG neutron_lib.callbacks.manager [None req-f04f718a-d50b-4bf9-873b-0c1042a79d90 None None] Subscribe: > security_group_rule after_update 55550000, False {{(pid=102017) subscribe /opt/stack/data/venv/lib/python3.12/site-packages/neutron_lib/callbacks/manager.py:52}}
Aug 11 14:38:13.875943 np0000188651 devstack@neutron-api.service[102017]: DEBUG neutron_lib.callbacks.manager [None req-f04f718a-d50b-4bf9-873b-0c1042a79d90 None None] Subscribe: > security_group_rule after_delete 55550000, False {{(pid=102017) subscribe /opt/stack/data/venv/lib/python3.12/site-packages/neutron_lib/callbacks/manager.py:52}}
Aug 11 14:38:13.875943 np0000188651 devstack@neutron-api.service[102017]: DEBUG neutron_lib.callbacks.manager [None req-f04f718a-d50b-4bf9-873b-0c1042a79d90 None None] Subscribe: > address_group after_create 55550000, False {{(pid=102017) subscribe /opt/stack/data/venv/lib/python3.12/site-packages/neutron_lib/callbacks/manager.py:52}}
Aug 11 14:38:13.875943 np0000188651 devstack@neutron-api.service[102017]: DEBUG neutron_lib.callbacks.manager [None req-f04f718a-d50b-4bf9-873b-0c1042a79d90 None None] Subscribe: > address_group after_update 55550000, False {{(pid=102017) subscribe /opt/stack/data/venv/lib/python3.12/site-packages/neutron_lib/callbacks/manager.py:52}}
Aug 11 14:38:13.876224 np0000188651 devstack@neutron-api.service[102017]: DEBUG neutron_lib.callbacks.manager [None req-f04f718a-d50b-4bf9-873b-0c1042a79d90 None None] Subscribe: > address_group after_delete 55550000, False {{(pid=102017) subscribe /opt/stack/data/venv/lib/python3.12/site-packages/neutron_lib/callbacks/manager.py:52}}
Aug 11 14:38:13.876310 np0000188651 devstack@neutron-api.service[102019]: DEBUG neutron.api.extensions [None req-018c3af5-7ae3-4c30-a1fe-e21618fc0f3d None None] Ext name="Local IP" alias="local_ip" description="Support Node Local Virtual IP" updated="2021-07-26T10:00:00-00:00" {{(pid=102019) _check_extension /opt/stack/neutron/neutron/api/extensions.py:415}}
Aug 11 14:38:13.876395 np0000188651 devstack@neutron-api.service[102017]: DEBUG neutron.plugins.ml2.ovo_rpc [None req-f04f718a-d50b-4bf9-873b-0c1042a79d90 None None] ML2 OVO RPC backend initialized. {{(pid=102017) __init__ /opt/stack/neutron/neutron/plugins/ml2/ovo_rpc.py:117}}
Aug 11 14:38:13.876476 np0000188651 devstack@neutron-api.service[102019]: INFO neutron.api.extensions [None req-018c3af5-7ae3-4c30-a1fe-e21618fc0f3d None None] Extension local_ip not supported by any of loaded plugins
Aug 11 14:38:13.876476 np0000188651 devstack@neutron-api.service[102019]: DEBUG neutron.api.extensions [None req-018c3af5-7ae3-4c30-a1fe-e21618fc0f3d None None] Loading extension file: logging.py {{(pid=102019) _load_all_extensions_from_path /opt/stack/neutron/neutron/api/extensions.py:449}}
Aug 11 14:38:13.876476 np0000188651 devstack@neutron-api.service[102019]: DEBUG neutron.api.extensions [None req-018c3af5-7ae3-4c30-a1fe-e21618fc0f3d None None] Ext name="Logging API Extension" alias="logging" description="Provides a logging API for resources such as security group and firewall." updated="2017-01-01T10:00:00-00:00" {{(pid=102019) _check_extension /opt/stack/neutron/neutron/api/extensions.py:415}}
Aug 11 14:38:13.876682 np0000188651 devstack@neutron-api.service[102017]: INFO neutron.quota [None req-f04f718a-d50b-4bf9-873b-0c1042a79d90 None None] Loaded quota_driver: .
Aug 11 14:38:13.876682 np0000188651 devstack@neutron-api.service[102017]: INFO neutron.plugins.ml2.plugin [None req-f04f718a-d50b-4bf9-873b-0c1042a79d90 None None] Modular L2 Plugin initialization complete
Aug 11 14:38:13.876846 np0000188651 devstack@neutron-api.service[102019]: INFO neutron.api.extensions [None req-018c3af5-7ae3-4c30-a1fe-e21618fc0f3d None None] Extension logging not supported by any of loaded plugins
Aug 11 14:38:13.876846 np0000188651 devstack@neutron-api.service[102019]: DEBUG neutron.api.extensions [None req-018c3af5-7ae3-4c30-a1fe-e21618fc0f3d None None] Loading extension file: metering.py {{(pid=102019) _load_all_extensions_from_path /opt/stack/neutron/neutron/api/extensions.py:449}}
Aug 11 14:38:13.876993 np0000188651 devstack@neutron-api.service[102017]: DEBUG neutron.manager [None req-f04f718a-d50b-4bf9-873b-0c1042a79d90 None None] Loading services supported by the core plugin {{(pid=102017) _load_services_from_core_plugin /opt/stack/neutron/neutron/manager.py:167}}
Aug 11 14:38:13.876993 np0000188651 devstack@neutron-api.service[102017]: INFO neutron.plugins.ml2.managers [None req-f04f718a-d50b-4bf9-873b-0c1042a79d90 None None] Got port-security extension from driver 'port_security'
Aug 11 14:38:13.877128 np0000188651 devstack@neutron-api.service[102019]: DEBUG neutron.api.extensions [None req-018c3af5-7ae3-4c30-a1fe-e21618fc0f3d None None] Ext name="Neutron Metering" alias="metering" description="Neutron Metering extension." updated="2013-06-12T10:00:00-00:00" {{(pid=102019) _check_extension /opt/stack/neutron/neutron/api/extensions.py:415}}
Aug 11 14:38:13.877214 np0000188651 devstack@neutron-api.service[102017]: DEBUG neutron.manager [None req-f04f718a-d50b-4bf9-873b-0c1042a79d90 None None] Loading service plugins: ['ovn-router', 'auto_allocate', 'tag', 'timestamp', 'network_ip_availability', 'flavors', 'revisions'] {{(pid=102017) _load_service_plugins /opt/stack/neutron/neutron/manager.py:192}}
Aug 11 14:38:13.877214 np0000188651 devstack@neutron-api.service[102017]: INFO neutron.manager [None req-f04f718a-d50b-4bf9-873b-0c1042a79d90 None None] Loading Plugin: ovn-router
Aug 11 14:38:13.877398 np0000188651 devstack@neutron-api.service[102019]: INFO neutron.api.extensions [None req-018c3af5-7ae3-4c30-a1fe-e21618fc0f3d None None] Extension metering not supported by any of loaded plugins
Aug 11 14:38:13.877398 np0000188651 devstack@neutron-api.service[102019]: DEBUG neutron.api.extensions [None req-018c3af5-7ae3-4c30-a1fe-e21618fc0f3d None None] Loading extension file: metering_source_and_destination_fields.py {{(pid=102019) _load_all_extensions_from_path /opt/stack/neutron/neutron/api/extensions.py:449}}
Aug 11 14:38:13.877398 np0000188651 devstack@neutron-api.service[102019]: DEBUG neutron.api.extensions [None req-018c3af5-7ae3-4c30-a1fe-e21618fc0f3d None None] Ext name="Neutron Metering with source and destination filtering" alias="metering_source_and_destination_fields" description="Neutron Metering extension that enables the use of source and destination IP prefixes to create metering label rules." updated="2020-08-21T08:12:00-00:00" {{(pid=102019) _check_extension /opt/stack/neutron/neutron/api/extensions.py:415}}
Aug 11 14:38:13.877398 np0000188651 devstack@neutron-api.service[102019]: INFO neutron.api.extensions [None req-018c3af5-7ae3-4c30-a1fe-e21618fc0f3d None None] Extension metering_source_and_destination_fields not supported by any of loaded plugins
Aug 11 14:38:13.877398 np0000188651 devstack@neutron-api.service[102019]: DEBUG neutron.api.extensions [None req-018c3af5-7ae3-4c30-a1fe-e21618fc0f3d None None] Loading extension file: multiprovidernet.py {{(pid=102019) _load_all_extensions_from_path /opt/stack/neutron/neutron/api/extensions.py:449}}
Aug 11 14:38:13.877398 np0000188651 devstack@neutron-api.service[102019]: DEBUG neutron.api.extensions [None req-018c3af5-7ae3-4c30-a1fe-e21618fc0f3d None None] Ext name="Multi Provider Network" alias="multi-provider" description="Expose mapping of virtual networks to multiple physical networks" updated="2013-06-27T10:00:00-00:00" {{(pid=102019) _check_extension /opt/stack/neutron/neutron/api/extensions.py:415}}
Aug 11 14:38:13.877398 np0000188651 devstack@neutron-api.service[102019]: INFO neutron.api.extensions [None req-018c3af5-7ae3-4c30-a1fe-e21618fc0f3d None None] Loaded extension: multi-provider
Aug 11 14:38:13.877893 np0000188651 devstack@neutron-api.service[102019]: DEBUG neutron.api.extensions [None req-018c3af5-7ae3-4c30-a1fe-e21618fc0f3d None None] Loading extension file: netmtu.py {{(pid=102019) _load_all_extensions_from_path /opt/stack/neutron/neutron/api/extensions.py:449}}
Aug 11 14:38:13.877893 np0000188651 devstack@neutron-api.service[102019]: DEBUG neutron.api.extensions [None req-018c3af5-7ae3-4c30-a1fe-e21618fc0f3d None None] Ext name="Network MTU" alias="net-mtu" description="Provides MTU attribute for a network resource." updated="2015-03-25T10:00:00-00:00" {{(pid=102019) _check_extension /opt/stack/neutron/neutron/api/extensions.py:415}}
Aug 11 14:38:13.877893 np0000188651 devstack@neutron-api.service[102019]: INFO neutron.api.extensions [None req-018c3af5-7ae3-4c30-a1fe-e21618fc0f3d None None] Loaded extension: net-mtu
Aug 11 14:38:13.877893 np0000188651 devstack@neutron-api.service[102019]: DEBUG neutron.api.extensions [None req-018c3af5-7ae3-4c30-a1fe-e21618fc0f3d None None] Loading extension file: netmtu_writable.py {{(pid=102019) _load_all_extensions_from_path /opt/stack/neutron/neutron/api/extensions.py:449}}
Aug 11 14:38:13.877893 np0000188651 devstack@neutron-api.service[102019]: DEBUG neutron.api.extensions [None req-018c3af5-7ae3-4c30-a1fe-e21618fc0f3d None None] Ext name="Network MTU (writable)" alias="net-mtu-writable" description="Provides a writable MTU attribute for a network resource." updated="2017-07-12T00:00:00-00:00" {{(pid=102019) _check_extension /opt/stack/neutron/neutron/api/extensions.py:415}}
Aug 11 14:38:13.877893 np0000188651 devstack@neutron-api.service[102019]: INFO neutron.api.extensions [None req-018c3af5-7ae3-4c30-a1fe-e21618fc0f3d None None] Loaded extension: net-mtu-writable
Aug 11 14:38:13.877893 np0000188651 devstack@neutron-api.service[102019]: DEBUG neutron.api.extensions [None req-018c3af5-7ae3-4c30-a1fe-e21618fc0f3d None None] Loading extension file: network_availability_zone.py {{(pid=102019) _load_all_extensions_from_path /opt/stack/neutron/neutron/api/extensions.py:449}}
Aug 11 14:38:13.878330 np0000188651 devstack@neutron-api.service[102019]: DEBUG neutron.api.extensions [None req-018c3af5-7ae3-4c30-a1fe-e21618fc0f3d None None] Ext name="Network Availability Zone" alias="network_availability_zone" description="Availability zone support for network." updated="2015-01-01T10:00:00-00:00" {{(pid=102019) _check_extension /opt/stack/neutron/neutron/api/extensions.py:415}}
Aug 11 14:38:13.878330 np0000188651 devstack@neutron-api.service[102019]: INFO neutron.api.extensions [None req-018c3af5-7ae3-4c30-a1fe-e21618fc0f3d None None] Loaded extension: network_availability_zone
Aug 11 14:38:13.878330 np0000188651 devstack@neutron-api.service[102019]: DEBUG neutron.api.extensions [None req-018c3af5-7ae3-4c30-a1fe-e21618fc0f3d None None] Loading extension file: network_ha.py {{(pid=102019) _load_all_extensions_from_path /opt/stack/neutron/neutron/api/extensions.py:449}}
Aug 11 14:38:13.878330 np0000188651 devstack@neutron-api.service[102019]: DEBUG neutron.api.extensions [None req-018c3af5-7ae3-4c30-a1fe-e21618fc0f3d None None] Ext name="Network HA creation flag" alias="network_ha" description="Network high availability creation flag." updated="2023-04-27T10:00:00-00:00" {{(pid=102019) _check_extension /opt/stack/neutron/neutron/api/extensions.py:415}}
Aug 11 14:38:13.878330 np0000188651 devstack@neutron-api.service[102019]: INFO neutron.api.extensions [None req-018c3af5-7ae3-4c30-a1fe-e21618fc0f3d None None] Extension network_ha not supported by any of loaded plugins
Aug 11 14:38:13.878330 np0000188651 devstack@neutron-api.service[102019]: DEBUG neutron.api.extensions [None req-018c3af5-7ae3-4c30-a1fe-e21618fc0f3d None None] Loading extension file: network_ip_availability.py {{(pid=102019) _load_all_extensions_from_path /opt/stack/neutron/neutron/api/extensions.py:449}}
Aug 11 14:38:13.878330 np0000188651 devstack@neutron-api.service[102019]: DEBUG neutron.api.extensions [None req-018c3af5-7ae3-4c30-a1fe-e21618fc0f3d None None] Ext name="Network IP Availability" alias="network-ip-availability" description="Provides IP availability data for each network and subnet." updated="2015-09-24T00:00:00-00:00" {{(pid=102019) _check_extension /opt/stack/neutron/neutron/api/extensions.py:415}}
Aug 11 14:38:13.878797 np0000188651 devstack@neutron-api.service[102019]: INFO neutron.api.extensions [None req-018c3af5-7ae3-4c30-a1fe-e21618fc0f3d None None] Loaded extension: network-ip-availability
Aug 11 14:38:13.878797 np0000188651 devstack@neutron-api.service[102019]: DEBUG neutron.api.extensions [None req-018c3af5-7ae3-4c30-a1fe-e21618fc0f3d None None] Loading extension file: network_ip_availability_details.py {{(pid=102019) _load_all_extensions_from_path /opt/stack/neutron/neutron/api/extensions.py:449}}
Aug 11 14:38:13.878797 np0000188651 devstack@neutron-api.service[102019]: DEBUG neutron.api.extensions [None req-018c3af5-7ae3-4c30-a1fe-e21618fc0f3d None None] Ext name="Network IP Availability Details Extension" alias="network-ip-availability-details" description="Add ip_availability_details attribute to network-ip-availabilities resource." updated="2025-10-31T00:00:00-00:00" {{(pid=102019) _check_extension /opt/stack/neutron/neutron/api/extensions.py:415}}
Aug 11 14:38:13.878797 np0000188651 devstack@neutron-api.service[102019]: INFO neutron.api.extensions [None req-018c3af5-7ae3-4c30-a1fe-e21618fc0f3d None None] Loaded extension: network-ip-availability-details
Aug 11 14:38:13.878797 np0000188651 devstack@neutron-api.service[102019]: DEBUG neutron.api.extensions [None req-018c3af5-7ae3-4c30-a1fe-e21618fc0f3d None None] Loading extension file: network_segment_range.py {{(pid=102019) _load_all_extensions_from_path /opt/stack/neutron/neutron/api/extensions.py:449}}
Aug 11 14:38:13.878797 np0000188651 devstack@neutron-api.service[102019]: DEBUG neutron.api.extensions [None req-018c3af5-7ae3-4c30-a1fe-e21618fc0f3d None None] Ext name="Neutron Network Segment Range" alias="network-segment-range" description="Provides support for the network segment range management" updated="2018-11-29T00:00:00-00:00" {{(pid=102019) _check_extension /opt/stack/neutron/neutron/api/extensions.py:415}}
Aug 11 14:38:13.878797 np0000188651 devstack@neutron-api.service[102019]: INFO neutron.api.extensions [None req-018c3af5-7ae3-4c30-a1fe-e21618fc0f3d None None] Extension network-segment-range not supported by any of loaded plugins
Aug 11 14:38:13.879242 np0000188651 devstack@neutron-api.service[102019]: DEBUG neutron.api.extensions [None req-018c3af5-7ae3-4c30-a1fe-e21618fc0f3d None None] Loading extension file: pagination.py {{(pid=102019) _load_all_extensions_from_path /opt/stack/neutron/neutron/api/extensions.py:449}}
Aug 11 14:38:13.879242 np0000188651 devstack@neutron-api.service[102019]: DEBUG neutron.api.extensions [None req-018c3af5-7ae3-4c30-a1fe-e21618fc0f3d None None] Ext name="Pagination support" alias="pagination" description="Extension that indicates that pagination is enabled." updated="2016-06-12T00:00:00-00:00" {{(pid=102019) _check_extension /opt/stack/neutron/neutron/api/extensions.py:415}}
Aug 11 14:38:13.879242 np0000188651 devstack@neutron-api.service[102019]: INFO neutron.api.extensions [None req-018c3af5-7ae3-4c30-a1fe-e21618fc0f3d None None] Loaded extension: pagination
