2026-09-07 11:25:17.386 15 INFO neutron.plugins.ml2.drivers.ovn.mech_driver.ovsdb.maintenance [None req-007341a4-45a3-488a-a6b1-87d9f504f31f - - - - - -] OVN maintenance task update_router_distributed_flag finished in 0.003 seconds
2026-09-07 11:25:17.397 15 INFO neutron.plugins.ml2.drivers.ovn.mech_driver.ovsdb.maintenance [None req-007341a4-45a3-488a-a6b1-87d9f504f31f - - - - - -] OVN maintenance task update_security_group_with_address_group finished in 0.011 seconds
2026-09-07 11:25:20.498 10 INFO neutron.wsgi [-] 10.0.0.161 "GET / HTTP/1.1" status: 200 len: 247 time: 0.0034888 /var/lib/openstack/lib/python3.10/site-packages/pycadf/identifier.py:71: UserWarning: Invalid uuid: unknown. To ensure interoperability, identifiers should be a valid uuid. warnings.warn(('Invalid uuid: %s. To ensure interoperability, '
2026-09-07 11:25:26.044 9 INFO neutron.pecan_wsgi.hooks.translation [None req-d9d33932-5f52-491b-9188-e2b958f7ceaa 4f86767350394a2bbef8b725dc5b7d88 41b56f60196a41d293061e9d010c69b2 - - default default] GET failed (client error): The resource could not be found.
2026-09-07 11:25:26.046 9 INFO neutron.wsgi [None req-d9d33932-5f52-491b-9188-e2b958f7ceaa 4f86767350394a2bbef8b725dc5b7d88 41b56f60196a41d293061e9d010c69b2 - - default default] 162.253.55.149,10.0.0.161 "GET /v2.0/networks/public HTTP/1.1" status: 404 len: 290 time: 0.6633077
2026-09-07 11:25:26.062 9 INFO neutron.wsgi [None req-6da43b24-f0bd-443b-84f8-fb348d7f7c49 4f86767350394a2bbef8b725dc5b7d88 41b56f60196a41d293061e9d010c69b2 - - default default] 162.253.55.149,10.0.0.161 "GET /v2.0/networks?name=public HTTP/1.1" status: 200 len: 189 time: 0.0120645
2026-09-07 11:25:26.241 9 WARNING oslo_policy.policy [None req-bd0c4835-4cb0-496d-b69c-535c94739339 4f86767350394a2bbef8b725dc5b7d88 41b56f60196a41d293061e9d010c69b2 - - default default] Policies ['get_subnets_tags'] reference a rule that is not defined.
2026-09-07 11:25:26.351 9 INFO neutron.plugins.ml2.drivers.ovn.mech_driver.ovsdb.extensions.qos [None req-bd0c4835-4cb0-496d-b69c-535c94739339 4f86767350394a2bbef8b725dc5b7d88 41b56f60196a41d293061e9d010c69b2 - - default default] Starting OVNClientQosExtension
2026-09-07 11:25:26.351 9 INFO neutron.plugins.ml2.drivers.ovn.mech_driver.ovsdb.extensions.placement [None req-bd0c4835-4cb0-496d-b69c-535c94739339 4f86767350394a2bbef8b725dc5b7d88 41b56f60196a41d293061e9d010c69b2 - - default default] Starting OVNClientPlacementExtension
2026-09-07 11:25:26.397 9 INFO neutron.db.ovn_revision_numbers_db [None req-bd0c4835-4cb0-496d-b69c-535c94739339 4f86767350394a2bbef8b725dc5b7d88 41b56f60196a41d293061e9d010c69b2 - - default default] Successfully bumped revision number for resource c37c5d49-d9af-4795-b540-0d0cee843df2 (type: security_groups) to 1
2026-09-07 11:25:26.420 9 INFO neutron.db.ovn_revision_numbers_db [None req-bd0c4835-4cb0-496d-b69c-535c94739339 4f86767350394a2bbef8b725dc5b7d88 41b56f60196a41d293061e9d010c69b2 - - default default] Successfully bumped revision number for resource 4e016460-7814-40f8-b60e-a4f005daaeda (type: security_group_rules) to 0
2026-09-07 11:25:26.438 9 INFO neutron.db.ovn_revision_numbers_db [None req-bd0c4835-4cb0-496d-b69c-535c94739339 4f86767350394a2bbef8b725dc5b7d88 41b56f60196a41d293061e9d010c69b2 - - default default] Successfully bumped revision number for resource 90b42b52-0c46-45ab-ab7a-7aff6e35d3cf (type: security_group_rules) to 0
2026-09-07 11:25:26.457 9 INFO neutron.db.ovn_revision_numbers_db [None req-bd0c4835-4cb0-496d-b69c-535c94739339 4f86767350394a2bbef8b725dc5b7d88 41b56f60196a41d293061e9d010c69b2 - - default default] Successfully bumped revision number for resource de263cbe-e6ed-492f-90e0-c8c7501d85bd (type: security_group_rules) to 0
2026-09-07 11:25:26.475 9 INFO neutron.db.ovn_revision_numbers_db [None req-bd0c4835-4cb0-496d-b69c-535c94739339 4f86767350394a2bbef8b725dc5b7d88 41b56f60196a41d293061e9d010c69b2 - - default default] Successfully bumped revision number for resource ff609dd3-3e19-4b6e-9d05-4262f7545b44 (type: security_group_rules) to 0
2026-09-07 11:25:26.493 9 WARNING neutron.services.revisions.revision_plugin [None req-bd0c4835-4cb0-496d-b69c-535c94739339 4f86767350394a2bbef8b725dc5b7d88 41b56f60196a41d293061e9d010c69b2 - - default default] Could not find related network for resource to bump revision.
2026-09-07 11:25:26.541 9 INFO neutron.db.segments_db [None req-bd0c4835-4cb0-496d-b69c-535c94739339 4f86767350394a2bbef8b725dc5b7d88 41b56f60196a41d293061e9d010c69b2 - - default default] Added segment a7765cbb-b316-4d0a-8b3a-4ebb7898263b of type flat for network b295c7e1-2c07-4065-a3bf-fbe8b8499c28
2026-09-07 11:25:26.732 9 INFO neutron.db.ovn_revision_numbers_db [None req-bd0c4835-4cb0-496d-b69c-535c94739339 4f86767350394a2bbef8b725dc5b7d88 41b56f60196a41d293061e9d010c69b2 - - default default] Successfully bumped revision number for resource b295c7e1-2c07-4065-a3bf-fbe8b8499c28 (type: networks) to 1
2026-09-07 11:25:26.946 9 WARNING neutron.scheduler.dhcp_agent_scheduler [None req-bd0c4835-4cb0-496d-b69c-535c94739339 4f86767350394a2bbef8b725dc5b7d88 41b56f60196a41d293061e9d010c69b2 - - default default] No more DHCP agents
2026-09-07 11:25:26.947 9 WARNING neutron.api.rpc.agentnotifiers.dhcp_rpc_agent_api [None req-bd0c4835-4cb0-496d-b69c-535c94739339 4f86767350394a2bbef8b725dc5b7d88 41b56f60196a41d293061e9d010c69b2 - - default default] Unable to schedule network b295c7e1-2c07-4065-a3bf-fbe8b8499c28: no agents available; will retry on subsequent port and subnet creation events.
2026-09-07 11:25:27.048 9 INFO neutron.db.ovn_revision_numbers_db [None req-bd0c4835-4cb0-496d-b69c-535c94739339 4f86767350394a2bbef8b725dc5b7d88 41b56f60196a41d293061e9d010c69b2 - - default default] Successfully bumped revision number for resource e2e29c9b-cc86-400b-abd0-ee6b0a804ad2 (type: ports) to 1
2026-09-07 11:25:27.069 9 INFO neutron.wsgi [None req-bd0c4835-4cb0-496d-b69c-535c94739339 4f86767350394a2bbef8b725dc5b7d88 41b56f60196a41d293061e9d010c69b2 - - default default] 162.253.55.149,10.0.0.161 "POST /v2.0/networks HTTP/1.1" status: 201 len: 886 time: 1.0017405
2026-09-07 11:25:27.237 15 WARNING neutron.plugins.ml2.drivers.ovn.mech_driver.ovsdb.ovn_db_sync [None req-7839347d-d485-4d05-a7a2-e63696f1c3c7 - - - - - -] New host instance found in OVN SB DB, but not in Neutron. Add its SegmentHostMapping in Neutron
2026-09-07 11:25:27.521 15 INFO neutron.plugins.ml2.drivers.ovn.mech_driver.ovsdb.extensions.qos [None req-2e159bad-8468-42a2-a7ab-ded6f490ec4e - - - - - -] Starting OVNClientQosExtension
2026-09-07 11:25:27.544 15 INFO neutron.plugins.ml2.drivers.ovn.mech_driver.ovsdb.extensions.qos [None req-2e159bad-8468-42a2-a7ab-ded6f490ec4e - - - - - -] Starting OVNClientQosExtension /var/lib/openstack/lib/python3.10/site-packages/pycadf/identifier.py:71: UserWarning: Invalid uuid: unknown. To ensure interoperability, identifiers should be a valid uuid. warnings.warn(('Invalid uuid: %s. To ensure interoperability, '
2026-09-07 11:25:28.763 10 INFO neutron.pecan_wsgi.hooks.translation [None req-7d63e2de-a5d8-4dd3-9c39-3ce65b6cc6c4 4f86767350394a2bbef8b725dc5b7d88 41b56f60196a41d293061e9d010c69b2 - - default default] GET failed (client error): The resource could not be found.
2026-09-07 11:25:28.764 10 INFO neutron.wsgi [None req-7d63e2de-a5d8-4dd3-9c39-3ce65b6cc6c4 4f86767350394a2bbef8b725dc5b7d88 41b56f60196a41d293061e9d010c69b2 - - default default] 162.253.55.149,10.0.0.161 "GET /v2.0/networks/public HTTP/1.1" status: 404 len: 290 time: 0.6219084
2026-09-07 11:25:28.997 10 WARNING oslo_policy.policy [None req-9944b46d-eaaa-4929-95a0-ad3c7ee2656e 4f86767350394a2bbef8b725dc5b7d88 41b56f60196a41d293061e9d010c69b2 - - default default] Policies ['get_subnets_tags'] reference a rule that is not defined.
2026-09-07 11:25:29.001 10 INFO neutron.wsgi [None req-9944b46d-eaaa-4929-95a0-ad3c7ee2656e 4f86767350394a2bbef8b725dc5b7d88 41b56f60196a41d293061e9d010c69b2 - - default default] 162.253.55.149,10.0.0.161 "GET /v2.0/networks?name=public HTTP/1.1" status: 200 len: 890 time: 0.2320492
2026-09-07 11:25:29.036 10 INFO neutron.pecan_wsgi.hooks.translation [None req-f4c5573e-833f-4900-8a34-4e18e71b84fc 4f86767350394a2bbef8b725dc5b7d88 41b56f60196a41d293061e9d010c69b2 - - default default] GET failed (client error): The resource could not be found.
2026-09-07 11:25:29.039 10 INFO neutron.wsgi [None req-f4c5573e-833f-4900-8a34-4e18e71b84fc 4f86767350394a2bbef8b725dc5b7d88 41b56f60196a41d293061e9d010c69b2 - - default default] 162.253.55.149,10.0.0.161 "GET /v2.0/subnets/public-subnet?network_id=b295c7e1-2c07-4065-a3bf-fbe8b8499c28 HTTP/1.1" status: 404 len: 295 time: 0.0288908
2026-09-07 11:25:29.072 10 INFO neutron.wsgi [None req-cf7feebc-564b-4b1b-a5ae-c97d497f04d7 4f86767350394a2bbef8b725dc5b7d88 41b56f60196a41d293061e9d010c69b2 - - default default] 162.253.55.149,10.0.0.161 "GET /v2.0/subnets?name=public-subnet&network_id=b295c7e1-2c07-4065-a3bf-fbe8b8499c28 HTTP/1.1" status: 200 len: 188 time: 0.0291617
2026-09-07 11:25:29.401 10 WARNING neutron.scheduler.dhcp_agent_scheduler [None req-843a64fa-9d4e-4a18-8f7f-9ffa5d5b3e3f 4f86767350394a2bbef8b725dc5b7d88 41b56f60196a41d293061e9d010c69b2 - - default default] No more DHCP agents
2026-09-07 11:25:29.403 10 WARNING neutron.api.rpc.agentnotifiers.dhcp_rpc_agent_api [None req-843a64fa-9d4e-4a18-8f7f-9ffa5d5b3e3f 4f86767350394a2bbef8b725dc5b7d88 41b56f60196a41d293061e9d010c69b2 - - default default] Unable to schedule network b295c7e1-2c07-4065-a3bf-fbe8b8499c28: no agents available; will retry on subsequent port and subnet creation events.
2026-09-07 11:25:29.404 10 INFO neutron.plugins.ml2.drivers.ovn.mech_driver.ovsdb.extensions.qos [None req-843a64fa-9d4e-4a18-8f7f-9ffa5d5b3e3f 4f86767350394a2bbef8b725dc5b7d88 41b56f60196a41d293061e9d010c69b2 - - default default] Starting OVNClientQosExtension
2026-09-07 11:25:29.404 10 INFO neutron.plugins.ml2.drivers.ovn.mech_driver.ovsdb.extensions.placement [None req-843a64fa-9d4e-4a18-8f7f-9ffa5d5b3e3f 4f86767350394a2bbef8b725dc5b7d88 41b56f60196a41d293061e9d010c69b2 - - default default] Starting OVNClientPlacementExtension
2026-09-07 11:25:29.958 10 INFO neutron.db.ovn_revision_numbers_db [None req-843a64fa-9d4e-4a18-8f7f-9ffa5d5b3e3f 4f86767350394a2bbef8b725dc5b7d88 41b56f60196a41d293061e9d010c69b2 - - default default] Successfully bumped revision number for resource e2e29c9b-cc86-400b-abd0-ee6b0a804ad2 (type: ports) to 2
2026-09-07 11:25:29.992 10 INFO neutron.db.ovn_revision_numbers_db [None req-843a64fa-9d4e-4a18-8f7f-9ffa5d5b3e3f 4f86767350394a2bbef8b725dc5b7d88 41b56f60196a41d293061e9d010c69b2 - - default default] Successfully bumped revision number for resource 62a2011f-1956-49dd-b57f-7961a81f927e (type: subnets) to 0
2026-09-07 11:25:30.008 10 INFO neutron.wsgi [None req-843a64fa-9d4e-4a18-8f7f-9ffa5d5b3e3f 4f86767350394a2bbef8b725dc5b7d88 41b56f60196a41d293061e9d010c69b2 - - default default] 162.253.55.149,10.0.0.161 "POST /v2.0/subnets HTTP/1.1" status: 201 len: 821 time: 0.9296038
2026-09-07 11:25:35.495 9 INFO neutron.wsgi [-] 10.0.0.161 "GET / HTTP/1.1" status: 200 len: 247 time: 0.0018821
2026-09-07 11:25:50.495 10 INFO neutron.wsgi [-] 10.0.0.161 "GET / HTTP/1.1" status: 200 len: 247 time: 0.0014155
2026-09-07 11:26:05.498 9 INFO neutron.wsgi [-] 10.0.0.161 "GET / HTTP/1.1" status: 200 len: 247 time: 0.0030298
2026-09-07 11:26:20.496 9 INFO neutron.wsgi [-] 10.0.0.161 "GET / HTTP/1.1" status: 200 len: 247 time: 0.0023201
2026-09-07 11:26:20.497 10 INFO neutron.wsgi [-] 10.0.0.161 "GET / HTTP/1.1" status: 200 len: 247 time: 0.0024889
2026-09-07 11:26:35.497 9 INFO neutron.wsgi [-] 10.0.0.161 "GET / HTTP/1.1" status: 200 len: 247 time: 0.0021946
2026-09-07 11:26:35.498 10 INFO neutron.wsgi [-] 10.0.0.161 "GET / HTTP/1.1" status: 200 len: 247 time: 0.0029724
2026-09-07 11:26:50.497 10 INFO neutron.wsgi [-] 10.0.0.161 "GET / HTTP/1.1" status: 200 len: 247 time: 0.0025151
2026-09-07 11:26:50.497 9 INFO neutron.wsgi [-] 10.0.0.161 "GET / HTTP/1.1" status: 200 len: 247 time: 0.0027828
2026-09-07 11:27:05.498 10 INFO neutron.wsgi [-] 10.0.0.161 "GET / HTTP/1.1" status: 200 len: 247 time: 0.0032516
2026-09-07 11:27:05.498 9 INFO neutron.wsgi [-] 10.0.0.161 "GET / HTTP/1.1" status: 200 len: 247 time: 0.0036836
2026-09-07 11:27:20.497 10 INFO neutron.wsgi [-] 10.0.0.161 "GET / HTTP/1.1" status: 200 len: 247 time: 0.0022819
2026-09-07 11:27:20.497 9 INFO neutron.wsgi [-] 10.0.0.161 "GET / HTTP/1.1" status: 200 len: 247 time: 0.0023634
2026-09-07 11:27:35.497 10 INFO neutron.wsgi [-] 10.0.0.161 "GET / HTTP/1.1" status: 200 len: 247 time: 0.0025480
2026-09-07 11:27:35.497 9 INFO neutron.wsgi [-] 10.0.0.161 "GET / HTTP/1.1" status: 200 len: 247 time: 0.0029218
2026-09-07 11:27:50.497 9 INFO neutron.wsgi [-] 10.0.0.161 "GET / HTTP/1.1" status: 200 len: 247 time: 0.0025949
2026-09-07 11:27:50.500 10 INFO neutron.wsgi [-] 10.0.0.161 "GET / HTTP/1.1" status: 200 len: 247 time: 0.0059476
2026-09-07 11:28:05.497 9 INFO neutron.wsgi [-] 10.0.0.161 "GET / HTTP/1.1" status: 200 len: 247 time: 0.0032206
2026-09-07 11:28:05.498 10 INFO neutron.wsgi [-] 10.0.0.161 "GET / HTTP/1.1" status: 200 len: 247 time: 0.0031950
2026-09-07 11:28:20.502 9 INFO neutron.wsgi [-] 10.0.0.161 "GET / HTTP/1.1" status: 200 len: 247 time: 0.0069835
2026-09-07 11:28:20.506 9 INFO neutron.wsgi [-] 10.0.0.161 "GET / HTTP/1.1" status: 200 len: 247 time: 0.0027509
2026-09-07 11:28:35.496 9 INFO neutron.wsgi [-] 10.0.0.161 "GET / HTTP/1.1" status: 200 len: 247 time: 0.0022812
2026-09-07 11:28:35.496 10 INFO neutron.wsgi [-] 10.0.0.161 "GET / HTTP/1.1" status: 200 len: 247 time: 0.0022895
2026-09-07 11:28:50.496 10 INFO neutron.wsgi [-] 10.0.0.161 "GET / HTTP/1.1" status: 200 len: 247 time: 0.0021930
2026-09-07 11:28:50.497 9 INFO neutron.wsgi [-] 10.0.0.161 "GET / HTTP/1.1" status: 200 len: 247 time: 0.0019751
2026-09-07 11:29:05.498 10 INFO neutron.wsgi [-] 10.0.0.161 "GET / HTTP/1.1" status: 200 len: 247 time: 0.0023801
2026-09-07 11:29:05.498 9 INFO neutron.wsgi [-] 10.0.0.161 "GET / HTTP/1.1" status: 200 len: 247 time: 0.0029228
2026-09-07 11:29:20.496 10 INFO neutron.wsgi [-] 10.0.0.161 "GET / HTTP/1.1" status: 200 len: 247 time: 0.0022614
2026-09-07 11:29:20.497 9 INFO neutron.wsgi [-] 10.0.0.161 "GET / HTTP/1.1" status: 200 len: 247 time: 0.0028274
2026-09-07 11:29:35.497 10 INFO neutron.wsgi [-] 10.0.0.161 "GET / HTTP/1.1" status: 200 len: 247 time: 0.0017242
2026-09-07 11:29:35.498 9 INFO neutron.wsgi [-] 10.0.0.161 "GET / HTTP/1.1" status: 200 len: 247 time: 0.0030448
2026-09-07 11:29:50.496 10 INFO neutron.wsgi [-] 10.0.0.161 "GET / HTTP/1.1" status: 200 len: 247 time: 0.0025206
2026-09-07 11:29:50.497 9 INFO neutron.wsgi [-] 10.0.0.161 "GET / HTTP/1.1" status: 200 len: 247 time: 0.0032351
2026-09-07 11:30:05.497 9 INFO neutron.wsgi [-] 10.0.0.161 "GET / HTTP/1.1" status: 200 len: 247 time: 0.0027544
2026-09-07 11:30:05.500 9 INFO neutron.wsgi [-] 10.0.0.161 "GET / HTTP/1.1" status: 200 len: 247 time: 0.0021055
2026-09-07 11:30:06.472 10 INFO neutron.pecan_wsgi.hooks.translation [None req-e11ca674-97a5-4ba2-813d-3366b648fe8f 4f86767350394a2bbef8b725dc5b7d88 41b56f60196a41d293061e9d010c69b2 - - default default] GET failed (client error): The resource could not be found.
2026-09-07 11:30:06.474 10 INFO neutron.wsgi [None req-e11ca674-97a5-4ba2-813d-3366b648fe8f 4f86767350394a2bbef8b725dc5b7d88 41b56f60196a41d293061e9d010c69b2 - - default default] 162.253.55.149,10.0.0.161 "GET /v2.0/networks/lb-mgmt-net HTTP/1.1" status: 404 len: 295 time: 0.1632788
2026-09-07 11:30:06.492 10 INFO neutron.wsgi [None req-936d0dca-6f26-4c5e-bffc-f3f53ef08cfc 4f86767350394a2bbef8b725dc5b7d88 41b56f60196a41d293061e9d010c69b2 - - default default] 162.253.55.149,10.0.0.161 "GET /v2.0/networks?name=lb-mgmt-net HTTP/1.1" status: 200 len: 189 time: 0.0138304
2026-09-07 11:30:06.638 10 INFO neutron.db.segments_db [None req-2d3b7f3d-36b2-4adb-b800-995aca38e4b0 4f86767350394a2bbef8b725dc5b7d88 41b56f60196a41d293061e9d010c69b2 - - default default] Added segment bada4a77-b94e-478e-a282-7f792ee3c7fd of type geneve for network 7928e8e0-aea2-48c4-9fe8-9b6d564eb060
2026-09-07 11:30:06.919 10 INFO neutron.db.ovn_revision_numbers_db [None req-2d3b7f3d-36b2-4adb-b800-995aca38e4b0 4f86767350394a2bbef8b725dc5b7d88 41b56f60196a41d293061e9d010c69b2 - - default default] Successfully bumped revision number for resource 7928e8e0-aea2-48c4-9fe8-9b6d564eb060 (type: networks) to 1
2026-09-07 11:30:07.080 10 WARNING neutron.scheduler.dhcp_agent_scheduler [None req-2d3b7f3d-36b2-4adb-b800-995aca38e4b0 4f86767350394a2bbef8b725dc5b7d88 41b56f60196a41d293061e9d010c69b2 - - default default] No more DHCP agents
2026-09-07 11:30:07.081 10 WARNING neutron.api.rpc.agentnotifiers.dhcp_rpc_agent_api [None req-2d3b7f3d-36b2-4adb-b800-995aca38e4b0 4f86767350394a2bbef8b725dc5b7d88 41b56f60196a41d293061e9d010c69b2 - - default default] Unable to schedule network 7928e8e0-aea2-48c4-9fe8-9b6d564eb060: no agents available; will retry on subsequent port and subnet creation events.
2026-09-07 11:30:07.154 10 INFO neutron.db.ovn_revision_numbers_db [None req-2d3b7f3d-36b2-4adb-b800-995aca38e4b0 4f86767350394a2bbef8b725dc5b7d88 41b56f60196a41d293061e9d010c69b2 - - default default] Successfully bumped revision number for resource 2628571d-9b04-4ed3-a327-bc6bd3911fbe (type: ports) to 1
2026-09-07 11:30:07.172 10 INFO neutron.wsgi [None req-2d3b7f3d-36b2-4adb-b800-995aca38e4b0 4f86767350394a2bbef8b725dc5b7d88 41b56f60196a41d293061e9d010c69b2 - - default default] 162.253.55.149,10.0.0.161 "POST /v2.0/networks HTTP/1.1" status: 201 len: 890 time: 0.6747553
2026-09-07 11:30:08.254 9 INFO neutron.pecan_wsgi.hooks.translation [None req-1938fcf8-fa19-4579-be81-916c0696c885 4f86767350394a2bbef8b725dc5b7d88 41b56f60196a41d293061e9d010c69b2 - - default default] GET failed (client error): The resource could not be found.
2026-09-07 11:30:08.257 9 INFO neutron.wsgi [None req-1938fcf8-fa19-4579-be81-916c0696c885 4f86767350394a2bbef8b725dc5b7d88 41b56f60196a41d293061e9d010c69b2 - - default default] 162.253.55.149,10.0.0.161 "GET /v2.0/networks/lb-mgmt-net HTTP/1.1" status: 404 len: 295 time: 0.0886273
2026-09-07 11:30:08.329 9 INFO neutron.wsgi [None req-945eac63-0cf4-41af-8919-02eb47a448f5 4f86767350394a2bbef8b725dc5b7d88 41b56f60196a41d293061e9d010c69b2 - - default default] 162.253.55.149,10.0.0.161 "GET /v2.0/networks?name=lb-mgmt-net HTTP/1.1" status: 200 len: 875 time: 0.0667877
2026-09-07 11:30:08.362 9 INFO neutron.pecan_wsgi.hooks.translation [None req-88319484-dc8e-4578-b1cf-c4d279632383 4f86767350394a2bbef8b725dc5b7d88 41b56f60196a41d293061e9d010c69b2 - - default default] GET failed (client error): The resource could not be found.
2026-09-07 11:30:08.363 9 INFO neutron.wsgi [None req-88319484-dc8e-4578-b1cf-c4d279632383 4f86767350394a2bbef8b725dc5b7d88 41b56f60196a41d293061e9d010c69b2 - - default default] 162.253.55.149,10.0.0.161 "GET /v2.0/subnets/lb-mgmt-subnet?network_id=7928e8e0-aea2-48c4-9fe8-9b6d564eb060 HTTP/1.1" status: 404 len: 296 time: 0.0247147
2026-09-07 11:30:08.387 9 INFO neutron.wsgi [None req-b071e7ce-58aa-43df-9d64-351dae8156f2 4f86767350394a2bbef8b725dc5b7d88 41b56f60196a41d293061e9d010c69b2 - - default default] 162.253.55.149,10.0.0.161 "GET /v2.0/subnets?name=lb-mgmt-subnet&network_id=7928e8e0-aea2-48c4-9fe8-9b6d564eb060 HTTP/1.1" status: 200 len: 188 time: 0.0199423
2026-09-07 11:30:08.559 9 WARNING neutron.scheduler.dhcp_agent_scheduler [None req-2f414357-36a3-41a5-a4b7-8c08c45396c3 4f86767350394a2bbef8b725dc5b7d88 41b56f60196a41d293061e9d010c69b2 - - default default] No more DHCP agents
2026-09-07 11:30:08.561 9 WARNING neutron.api.rpc.agentnotifiers.dhcp_rpc_agent_api [None req-2f414357-36a3-41a5-a4b7-8c08c45396c3 4f86767350394a2bbef8b725dc5b7d88 41b56f60196a41d293061e9d010c69b2 - - default default] Unable to schedule network 7928e8e0-aea2-48c4-9fe8-9b6d564eb060: no agents available; will retry on subsequent port and subnet creation events.
2026-09-07 11:30:09.092 9 INFO neutron.db.ovn_revision_numbers_db [None req-2f414357-36a3-41a5-a4b7-8c08c45396c3 4f86767350394a2bbef8b725dc5b7d88 41b56f60196a41d293061e9d010c69b2 - - default default] Successfully bumped revision number for resource 2628571d-9b04-4ed3-a327-bc6bd3911fbe (type: ports) to 2
2026-09-07 11:30:09.126 9 INFO neutron.db.ovn_revision_numbers_db [None req-2f414357-36a3-41a5-a4b7-8c08c45396c3 4f86767350394a2bbef8b725dc5b7d88 41b56f60196a41d293061e9d010c69b2 - - default default] Successfully bumped revision number for resource 6cc9d4de-c58d-4912-bb68-a91e94dbaa0c (type: subnets) to 0
2026-09-07 11:30:09.139 9 INFO neutron.wsgi [None req-2f414357-36a3-41a5-a4b7-8c08c45396c3 4f86767350394a2bbef8b725dc5b7d88 41b56f60196a41d293061e9d010c69b2 - - default default] 162.253.55.149,10.0.0.161 "POST /v2.0/subnets HTTP/1.1" status: 201 len: 807 time: 0.7456570
2026-09-07 11:30:10.229 9 INFO neutron.api.v2.resource [None req-e2ea6738-7e05-4f96-81e1-f6508fed57a4 4f86767350394a2bbef8b725dc5b7d88 41b56f60196a41d293061e9d010c69b2 - - default default] show failed (client error): The resource could not be found.
2026-09-07 11:30:10.231 9 INFO neutron.wsgi [None req-e2ea6738-7e05-4f96-81e1-f6508fed57a4 4f86767350394a2bbef8b725dc5b7d88 41b56f60196a41d293061e9d010c69b2 - - default default] 162.253.55.149,10.0.0.161 "GET /v2.0/security-groups/lb-health-mgr-sec-grp HTTP/1.1" status: 404 len: 313 time: 0.0535731
2026-09-07 11:30:10.271 9 INFO neutron.wsgi [None req-28bd8cc1-be52-47b7-a2cd-ce4ba5f17572 4f86767350394a2bbef8b725dc5b7d88 41b56f60196a41d293061e9d010c69b2 - - default default] 162.253.55.149,10.0.0.161 "GET /v2.0/security-groups?name=lb-health-mgr-sec-grp HTTP/1.1" status: 200 len: 197 time: 0.0373478
2026-09-07 11:30:10.419 9 INFO neutron.db.ovn_revision_numbers_db [None req-dcda87d0-38d4-4b29-869e-5841661c5ca7 4f86767350394a2bbef8b725dc5b7d88 41b56f60196a41d293061e9d010c69b2 - - default default] Successfully bumped revision number for resource ffdb2210-9897-455c-b65e-ce36fb465479 (type: security_groups) to 1
2026-09-07 11:30:10.437 9 INFO neutron.db.ovn_revision_numbers_db [None req-dcda87d0-38d4-4b29-869e-5841661c5ca7 4f86767350394a2bbef8b725dc5b7d88 41b56f60196a41d293061e9d010c69b2 - - default default] Successfully bumped revision number for resource 330ae36f-ff0b-4506-8f81-584ca883d108 (type: security_group_rules) to 0
2026-09-07 11:30:10.451 9 INFO neutron.db.ovn_revision_numbers_db [None req-dcda87d0-38d4-4b29-869e-5841661c5ca7 4f86767350394a2bbef8b725dc5b7d88 41b56f60196a41d293061e9d010c69b2 - - default default] Successfully bumped revision number for resource d87b7d94-e6fb-409b-952b-f3771a1a29d6 (type: security_group_rules) to 0
2026-09-07 11:30:10.470 9 INFO neutron.wsgi [None req-dcda87d0-38d4-4b29-869e-5841661c5ca7 4f86767350394a2bbef8b725dc5b7d88 41b56f60196a41d293061e9d010c69b2 - - default default] 162.253.55.149,10.0.0.161 "POST /v2.0/security-groups HTTP/1.1" status: 201 len: 1797 time: 0.1951728
2026-09-07 11:30:11.588 10 INFO neutron.wsgi [None req-1b65c059-04f2-4f41-99ec-a2fc1c3b9057 4f86767350394a2bbef8b725dc5b7d88 41b56f60196a41d293061e9d010c69b2 - - default default] 162.253.55.149,10.0.0.161 "GET /v2.0/security-groups/ffdb2210-9897-455c-b65e-ce36fb465479 HTTP/1.1" status: 200 len: 1792 time: 0.0798783
2026-09-07 11:30:11.624 10 INFO neutron.wsgi [None req-3234f72d-a917-4212-93a0-b643f69f17da 4f86767350394a2bbef8b725dc5b7d88 41b56f60196a41d293061e9d010c69b2 - - default default] 162.253.55.149,10.0.0.161 "GET /v2.0/security-groups/ffdb2210-9897-455c-b65e-ce36fb465479 HTTP/1.1" status: 200 len: 1792 time: 0.0283494
2026-09-07 11:30:11.663 10 INFO neutron.wsgi [None req-48558c51-d24f-43de-812f-0bff031ca95b 4f86767350394a2bbef8b725dc5b7d88 41b56f60196a41d293061e9d010c69b2 - - default default] 162.253.55.149,10.0.0.161 "GET /v2.0/security-groups/ffdb2210-9897-455c-b65e-ce36fb465479 HTTP/1.1" status: 200 len: 1792 time: 0.0322716
2026-09-07 11:30:11.772 10 INFO neutron.db.ovn_revision_numbers_db [None req-5c063444-0eb3-4a12-8cf4-aaa2420c5631 4f86767350394a2bbef8b725dc5b7d88 41b56f60196a41d293061e9d010c69b2 - - default default] Successfully bumped revision number for resource de4109d0-0ced-4a86-b587-63dad9f31b6a (type: security_group_rules) to 0
2026-09-07 11:30:11.793 10 INFO neutron.wsgi [None req-5c063444-0eb3-4a12-8cf4-aaa2420c5631 4f86767350394a2bbef8b725dc5b7d88 41b56f60196a41d293061e9d010c69b2 - - default default] 162.253.55.149,10.0.0.161 "POST /v2.0/security-group-rules HTTP/1.1" status: 201 len: 781 time: 0.1227000
2026-09-07 11:30:12.683 10 INFO neutron.wsgi [None req-2ca5e9bb-ec08-486a-8e0e-187dce70734e 4f86767350394a2bbef8b725dc5b7d88 41b56f60196a41d293061e9d010c69b2 - - default default] 162.253.55.149,10.0.0.161 "GET /v2.0/security-groups/ffdb2210-9897-455c-b65e-ce36fb465479 HTTP/1.1" status: 200 len: 2406 time: 0.0593238
2026-09-07 11:30:12.718 10 INFO neutron.wsgi [None req-831284f4-36df-4550-b377-dd4be14cc376 4f86767350394a2bbef8b725dc5b7d88 41b56f60196a41d293061e9d010c69b2 - - default default] 162.253.55.149,10.0.0.161 "GET /v2.0/security-groups/ffdb2210-9897-455c-b65e-ce36fb465479 HTTP/1.1" status: 200 len: 2406 time: 0.0253720
2026-09-07 11:30:12.781 10 INFO neutron.wsgi [None req-4241226c-8949-4426-83d1-a9610ab655d5 4f86767350394a2bbef8b725dc5b7d88 41b56f60196a41d293061e9d010c69b2 - - default default] 162.253.55.149,10.0.0.161 "GET /v2.0/security-groups/ffdb2210-9897-455c-b65e-ce36fb465479 HTTP/1.1" status: 200 len: 2406 time: 0.0571518
2026-09-07 11:30:12.881 10 INFO neutron.db.ovn_revision_numbers_db [None req-29f231ce-4fe6-478d-91b7-801e8c264da1 4f86767350394a2bbef8b725dc5b7d88 41b56f60196a41d293061e9d010c69b2 - - default default] Successfully bumped revision number for resource f6feeefc-7bd4-44f0-b089-7e5b93903c03 (type: security_group_rules) to 0
2026-09-07 11:30:12.902 10 INFO neutron.wsgi [None req-29f231ce-4fe6-478d-91b7-801e8c264da1 4f86767350394a2bbef8b725dc5b7d88 41b56f60196a41d293061e9d010c69b2 - - default default] 162.253.55.149,10.0.0.161 "POST /v2.0/security-group-rules HTTP/1.1" status: 201 len: 783 time: 0.1161294
2026-09-07 11:30:13.796 9 INFO neutron.wsgi [None req-c97b6a9e-6738-4bc5-be3f-705ec405b025 4f86767350394a2bbef8b725dc5b7d88 41b56f60196a41d293061e9d010c69b2 - - default default] 162.253.55.149,10.0.0.161 "GET /v2.0/security-groups/ffdb2210-9897-455c-b65e-ce36fb465479 HTTP/1.1" status: 200 len: 3022 time: 0.0619991
2026-09-07 11:30:13.835 9 INFO neutron.wsgi [None req-4f3f0b34-b64b-4796-8aae-fcf9dda9c371 4f86767350394a2bbef8b725dc5b7d88 41b56f60196a41d293061e9d010c69b2 - - default default] 162.253.55.149,10.0.0.161 "GET /v2.0/security-groups/ffdb2210-9897-455c-b65e-ce36fb465479 HTTP/1.1" status: 200 len: 3022 time: 0.0302532
2026-09-07 11:30:13.865 9 INFO neutron.wsgi [None req-8a590bc2-3801-43a4-9f91-c1eb7c8f178e 4f86767350394a2bbef8b725dc5b7d88 41b56f60196a41d293061e9d010c69b2 - - default default] 162.253.55.149,10.0.0.161 "GET /v2.0/security-groups/ffdb2210-9897-455c-b65e-ce36fb465479 HTTP/1.1" status: 200 len: 3022 time: 0.0222983
2026-09-07 11:30:14.023 9 INFO neutron.db.ovn_revision_numbers_db [None req-16ce885a-8c71-4bef-8c3d-8af66e793fde 4f86767350394a2bbef8b725dc5b7d88 41b56f60196a41d293061e9d010c69b2 - - default default] Successfully bumped revision number for resource 7a7bcfc1-fbc4-413f-8ede-92c1de7b9be1 (type: security_group_rules) to 0
2026-09-07 11:30:14.047 9 INFO neutron.wsgi [None req-16ce885a-8c71-4bef-8c3d-8af66e793fde 4f86767350394a2bbef8b725dc5b7d88 41b56f60196a41d293061e9d010c69b2 - - default default] 162.253.55.149,10.0.0.161 "POST /v2.0/security-group-rules HTTP/1.1" status: 201 len: 783 time: 0.1712825
2026-09-07 11:30:14.994 10 INFO neutron.wsgi [None req-35902b2f-2d84-45d6-80ff-8131cec44f79 4f86767350394a2bbef8b725dc5b7d88 41b56f60196a41d293061e9d010c69b2 - - default default] 162.253.55.149,10.0.0.161 "GET /v2.0/security-groups/ffdb2210-9897-455c-b65e-ce36fb465479 HTTP/1.1" status: 200 len: 3638 time: 0.0783865
2026-09-07 11:30:15.031 10 INFO neutron.wsgi [None req-f157aac3-1cbe-4813-ba19-7bd6c9d17b86 4f86767350394a2bbef8b725dc5b7d88 41b56f60196a41d293061e9d010c69b2 - - default default] 162.253.55.149,10.0.0.161 "GET /v2.0/security-groups/ffdb2210-9897-455c-b65e-ce36fb465479 HTTP/1.1" status: 200 len: 3638 time: 0.0299656
2026-09-07 11:30:15.065 10 INFO neutron.wsgi [None req-cd4ce203-8fb5-4b99-be77-10956c8e69ef 4f86767350394a2bbef8b725dc5b7d88 41b56f60196a41d293061e9d010c69b2 - - default default] 162.253.55.149,10.0.0.161 "GET /v2.0/security-groups/ffdb2210-9897-455c-b65e-ce36fb465479 HTTP/1.1" status: 200 len: 3638 time: 0.0260313
2026-09-07 11:30:15.220 10 INFO neutron.db.ovn_revision_numbers_db [None req-fc49d233-87de-4e8a-8f09-191713f5b2b1 4f86767350394a2bbef8b725dc5b7d88 41b56f60196a41d293061e9d010c69b2 - - default default] Successfully bumped revision number for resource 00d07926-9910-459d-9c41-808b45d647ee (type: security_group_rules) to 0
2026-09-07 11:30:15.275 10 INFO neutron.wsgi [None req-fc49d233-87de-4e8a-8f09-191713f5b2b1 4f86767350394a2bbef8b725dc5b7d88 41b56f60196a41d293061e9d010c69b2 - - default default] 162.253.55.149,10.0.0.161 "POST /v2.0/security-group-rules HTTP/1.1" status: 201 len: 783 time: 0.2034633
2026-09-07 11:30:16.303 10 INFO neutron.wsgi [None req-c7864e6a-2b2f-4805-af54-8f495f6f6415 4f86767350394a2bbef8b725dc5b7d88 41b56f60196a41d293061e9d010c69b2 - - default default] 162.253.55.149,10.0.0.161 "GET /v2.0/security-groups/ffdb2210-9897-455c-b65e-ce36fb465479 HTTP/1.1" status: 200 len: 4254 time: 0.0871034
2026-09-07 11:30:16.355 10 INFO neutron.wsgi [None req-64461a53-504a-4f22-8625-8f97f4f705de 4f86767350394a2bbef8b725dc5b7d88 41b56f60196a41d293061e9d010c69b2 - - default default] 162.253.55.149,10.0.0.161 "GET /v2.0/security-groups/ffdb2210-9897-455c-b65e-ce36fb465479 HTTP/1.1" status: 200 len: 4254 time: 0.0434322
2026-09-07 11:30:16.396 10 INFO neutron.wsgi [None req-cafeb7d4-c073-4c5a-b898-d44f3ec22062 4f86767350394a2bbef8b725dc5b7d88 41b56f60196a41d293061e9d010c69b2 - - default default] 162.253.55.149,10.0.0.161 "GET /v2.0/security-groups/ffdb2210-9897-455c-b65e-ce36fb465479 HTTP/1.1" status: 200 len: 4254 time: 0.0332458
2026-09-07 11:30:16.584 10 INFO neutron.db.ovn_revision_numbers_db [None req-14b72d7a-207b-4a26-b97f-77582bbcdad5 4f86767350394a2bbef8b725dc5b7d88 41b56f60196a41d293061e9d010c69b2 - - default default] Successfully bumped revision number for resource 0f792a4b-25c8-4daf-b325-b24d9d84051c (type: security_group_rules) to 0
2026-09-07 11:30:16.610 10 INFO neutron.wsgi [None req-14b72d7a-207b-4a26-b97f-77582bbcdad5 4f86767350394a2bbef8b725dc5b7d88 41b56f60196a41d293061e9d010c69b2 - - default default] 162.253.55.149,10.0.0.161 "POST /v2.0/security-group-rules HTTP/1.1" status: 201 len: 783 time: 0.2045457
2026-09-07 11:30:17.493 15 INFO neutron.db.ovn_revision_numbers_db [None req-007341a4-45a3-488a-a6b1-87d9f504f31f - - - - - -] Successfully bumped revision number for resource b295c7e1-2c07-4065-a3bf-fbe8b8499c28 (type: networks) to 2
2026-09-07 11:30:17.494 15 INFO neutron.plugins.ml2.drivers.ovn.mech_driver.ovsdb.maintenance [None req-007341a4-45a3-488a-a6b1-87d9f504f31f - - - - - -] OVN maintenance task check_for_inconsistencies finished in 0.191 seconds
2026-09-07 11:30:17.748 10 INFO neutron.wsgi [None req-a9d77ee4-1f29-4f21-ac93-08a0d56e6b55 4f86767350394a2bbef8b725dc5b7d88 41b56f60196a41d293061e9d010c69b2 - - default default] 162.253.55.149,10.0.0.161 "GET /v2.0/networks/7928e8e0-aea2-48c4-9fe8-9b6d564eb060 HTTP/1.1" status: 200 len: 910 time: 0.1027682
2026-09-07 11:30:17.768 10 INFO neutron.pecan_wsgi.hooks.translation [None req-129061a0-7053-45b9-81f9-3a99cf666973 4f86767350394a2bbef8b725dc5b7d88 41b56f60196a41d293061e9d010c69b2 - - default default] GET failed (client error): The resource could not be found.
2026-09-07 11:30:17.769 10 INFO neutron.wsgi [None req-129061a0-7053-45b9-81f9-3a99cf666973 4f86767350394a2bbef8b725dc5b7d88 41b56f60196a41d293061e9d010c69b2 - - default default] 162.253.55.149,10.0.0.161 "GET /v2.0/ports/octavia-health-manager-port-instance?network_id=7928e8e0-aea2-48c4-9fe8-9b6d564eb060 HTTP/1.1" status: 404 len: 314 time: 0.0149057
2026-09-07 11:30:17.795 10 INFO neutron.wsgi [None req-1e2fd75e-158e-4d02-9f0c-50c2595fdb19 4f86767350394a2bbef8b725dc5b7d88 41b56f60196a41d293061e9d010c69b2 - - default default] 162.253.55.149,10.0.0.161 "GET /v2.0/ports?name=octavia-health-manager-port-instance&network_id=7928e8e0-aea2-48c4-9fe8-9b6d564eb060 HTTP/1.1" status: 200 len: 186 time: 0.0226676
2026-09-07 11:30:17.830 10 INFO neutron.wsgi [None req-0a00bfd5-def4-4864-ad56-e2c63654a8c2 4f86767350394a2bbef8b725dc5b7d88 41b56f60196a41d293061e9d010c69b2 - - default default] 162.253.55.149,10.0.0.161 "GET /v2.0/security-groups/ffdb2210-9897-455c-b65e-ce36fb465479 HTTP/1.1" status: 200 len: 4870 time: 0.0304887
2026-09-07 11:30:18.087 10 WARNING neutron.scheduler.dhcp_agent_scheduler [None req-2407e0b9-6f7c-433f-b268-989495785bd9 4f86767350394a2bbef8b725dc5b7d88 41b56f60196a41d293061e9d010c69b2 - - default default] No more DHCP agents
2026-09-07 11:30:18.089 10 WARNING neutron.api.rpc.agentnotifiers.dhcp_rpc_agent_api [None req-2407e0b9-6f7c-433f-b268-989495785bd9 4f86767350394a2bbef8b725dc5b7d88 41b56f60196a41d293061e9d010c69b2 - - default default] Unable to schedule network 7928e8e0-aea2-48c4-9fe8-9b6d564eb060: no agents available; will retry on subsequent port and subnet creation events.
2026-09-07 11:30:18.260 10 INFO neutron.db.ovn_revision_numbers_db [None req-2407e0b9-6f7c-433f-b268-989495785bd9 4f86767350394a2bbef8b725dc5b7d88 41b56f60196a41d293061e9d010c69b2 - - default default] Successfully bumped revision number for resource 1238ba5a-1591-42ab-98d4-51b2cf5bcab6 (type: ports) to 1
2026-09-07 11:30:18.286 10 INFO neutron.wsgi [None req-2407e0b9-6f7c-433f-b268-989495785bd9 4f86767350394a2bbef8b725dc5b7d88 41b56f60196a41d293061e9d010c69b2 - - default default] 162.253.55.149,10.0.0.161 "POST /v2.0/ports HTTP/1.1" status: 201 len: 1273 time: 0.4479988
2026-09-07 11:30:20.496 10 INFO neutron.wsgi [-] 10.0.0.161 "GET / HTTP/1.1" status: 200 len: 247 time: 0.0022614
2026-09-07 11:30:20.499 10 INFO neutron.wsgi [-] 10.0.0.161 "GET / HTTP/1.1" status: 200 len: 247 time: 0.0019813
2026-09-07 11:30:23.976 9 INFO neutron.pecan_wsgi.hooks.translation [None req-85b563a8-b719-49cd-9b98-b8f335349592 4f86767350394a2bbef8b725dc5b7d88 41b56f60196a41d293061e9d010c69b2 - - default default] GET failed (client error): The resource could not be found.
2026-09-07 11:30:23.978 9 INFO neutron.wsgi [None req-85b563a8-b719-49cd-9b98-b8f335349592 4f86767350394a2bbef8b725dc5b7d88 41b56f60196a41d293061e9d010c69b2 - - default default] 162.253.55.149,10.0.0.161 "GET /v2.0/ports/octavia-health-manager-port-instance HTTP/1.1" status: 404 len: 314 time: 0.0710349
2026-09-07 11:30:24.041 9 INFO neutron.wsgi [None req-766602df-be34-460d-b34d-6ee17c2c6327 4f86767350394a2bbef8b725dc5b7d88 41b56f60196a41d293061e9d010c69b2 - - default default] 162.253.55.149,10.0.0.161 "GET /v2.0/ports?name=octavia-health-manager-port-instance HTTP/1.1" status: 200 len: 1271 time: 0.0599899
2026-09-07 11:30:24.455 9 INFO neutron.db.ovn_revision_numbers_db [None req-1d933c1c-844a-4782-9f19-dfd53271a794 4f86767350394a2bbef8b725dc5b7d88 41b56f60196a41d293061e9d010c69b2 - - default default] Successfully bumped revision number for resource 1238ba5a-1591-42ab-98d4-51b2cf5bcab6 (type: ports) to 1
2026-09-07 11:30:24.841 9 INFO neutron.db.ovn_revision_numbers_db [None req-1d933c1c-844a-4782-9f19-dfd53271a794 4f86767350394a2bbef8b725dc5b7d88 41b56f60196a41d293061e9d010c69b2 - - default default] Successfully bumped revision number for resource 1238ba5a-1591-42ab-98d4-51b2cf5bcab6 (type: ports) to 2
2026-09-07 11:30:24.857 9 INFO neutron.wsgi [None req-1d933c1c-844a-4782-9f19-dfd53271a794 4f86767350394a2bbef8b725dc5b7d88 41b56f60196a41d293061e9d010c69b2 - - default default] 162.253.55.149,10.0.0.161 "PUT /v2.0/ports/1238ba5a-1591-42ab-98d4-51b2cf5bcab6 HTTP/1.1" status: 200 len: 1358 time: 0.8078818 /var/lib/openstack/lib/python3.10/site-packages/pycadf/identifier.py:71: UserWarning: Invalid uuid: unknown. To ensure interoperability, identifiers should be a valid uuid. warnings.warn(('Invalid uuid: %s. To ensure interoperability, '
2026-09-07 11:30:26.512 9 INFO neutron.wsgi [None req-00b4a97f-04c4-4f47-ae46-2c3b12d725c7 4f86767350394a2bbef8b725dc5b7d88 41b56f60196a41d293061e9d010c69b2 - - default default] 162.253.55.149,10.0.0.161 "GET /v2.0/ports HTTP/1.1" status: 200 len: 3503 time: 0.0895085
2026-09-07 11:30:27.569 9 INFO neutron.api.v2.resource [None req-5fa9c04b-dcba-4a33-bec1-e97b119d45ba 4f86767350394a2bbef8b725dc5b7d88 41b56f60196a41d293061e9d010c69b2 - - default default] show failed (client error): The resource could not be found.
2026-09-07 11:30:27.570 9 INFO neutron.wsgi [None req-5fa9c04b-dcba-4a33-bec1-e97b119d45ba 4f86767350394a2bbef8b725dc5b7d88 41b56f60196a41d293061e9d010c69b2 - - default default] 162.253.55.149,10.0.0.161 "GET /v2.0/security-groups/lb-mgmt-sec-grp HTTP/1.1" status: 404 len: 307 time: 0.0450592
2026-09-07 11:30:27.604 9 INFO neutron.wsgi [None req-28381366-48df-47b6-9c43-5556e1e92d03 4f86767350394a2bbef8b725dc5b7d88 41b56f60196a41d293061e9d010c69b2 - - default default] 162.253.55.149,10.0.0.161 "GET /v2.0/security-groups?name=lb-mgmt-sec-grp HTTP/1.1" status: 200 len: 197 time: 0.0296512
2026-09-07 11:30:27.734 9 INFO neutron.db.ovn_revision_numbers_db [None req-e8f67f7e-f665-43d1-bb90-eae8c36cfca1 4f86767350394a2bbef8b725dc5b7d88 41b56f60196a41d293061e9d010c69b2 - - default default] Successfully bumped revision number for resource f2397f94-042d-4000-b6ee-1574694f12dd (type: security_groups) to 1
2026-09-07 11:30:27.748 9 INFO neutron.db.ovn_revision_numbers_db [None req-e8f67f7e-f665-43d1-bb90-eae8c36cfca1 4f86767350394a2bbef8b725dc5b7d88 41b56f60196a41d293061e9d010c69b2 - - default default] Successfully bumped revision number for resource 707a15f1-3f9a-4eb6-9b33-1ba3d122b73f (type: security_group_rules) to 0
2026-09-07 11:30:27.762 9 INFO neutron.db.ovn_revision_numbers_db [None req-e8f67f7e-f665-43d1-bb90-eae8c36cfca1 4f86767350394a2bbef8b725dc5b7d88 41b56f60196a41d293061e9d010c69b2 - - default default] Successfully bumped revision number for resource b0502eef-8fd3-4ea1-8ad8-3fe51cf87a10 (type: security_group_rules) to 0
2026-09-07 11:30:27.785 9 INFO neutron.wsgi [None req-e8f67f7e-f665-43d1-bb90-eae8c36cfca1 4f86767350394a2bbef8b725dc5b7d88 41b56f60196a41d293061e9d010c69b2 - - default default] 162.253.55.149,10.0.0.161 "POST /v2.0/security-groups HTTP/1.1" status: 201 len: 1791 time: 0.1735554
2026-09-07 11:30:28.825 9 INFO neutron.wsgi [None req-57ae85f7-814b-481b-957e-e1c25d92c183 4f86767350394a2bbef8b725dc5b7d88 41b56f60196a41d293061e9d010c69b2 - - default default] 162.253.55.149,10.0.0.161 "GET /v2.0/security-groups/f2397f94-042d-4000-b6ee-1574694f12dd HTTP/1.1" status: 200 len: 1786 time: 0.0755928
2026-09-07 11:30:28.867 9 INFO neutron.wsgi [None req-0c6bd9e2-ae15-4aa5-89af-86198b3123aa 4f86767350394a2bbef8b725dc5b7d88 41b56f60196a41d293061e9d010c69b2 - - default default] 162.253.55.149,10.0.0.161 "GET /v2.0/security-groups/f2397f94-042d-4000-b6ee-1574694f12dd HTTP/1.1" status: 200 len: 1786 time: 0.0344081
2026-09-07 11:30:28.899 9 INFO neutron.wsgi [None req-eda8a78d-dd4a-4595-9ad1-0ed32deca15e 4f86767350394a2bbef8b725dc5b7d88 41b56f60196a41d293061e9d010c69b2 - - default default] 162.253.55.149,10.0.0.161 "GET /v2.0/security-groups/f2397f94-042d-4000-b6ee-1574694f12dd HTTP/1.1" status: 200 len: 1786 time: 0.0255175
2026-09-07 11:30:29.049 9 INFO neutron.db.ovn_revision_numbers_db [None req-63693af1-b214-4eab-b489-d27de9e50a14 4f86767350394a2bbef8b725dc5b7d88 41b56f60196a41d293061e9d010c69b2 - - default default] Successfully bumped revision number for resource 7e2c5216-8b43-49b7-8d4c-dfa7d762c452 (type: security_group_rules) to 0
2026-09-07 11:30:29.078 9 INFO neutron.wsgi [None req-63693af1-b214-4eab-b489-d27de9e50a14 4f86767350394a2bbef8b725dc5b7d88 41b56f60196a41d293061e9d010c69b2 - - default default] 162.253.55.149,10.0.0.161 "POST /v2.0/security-group-rules HTTP/1.1" status: 201 len: 799 time: 0.1722038 /var/lib/openstack/lib/python3.10/site-packages/pycadf/identifier.py:71: UserWarning: Invalid uuid: unknown. To ensure interoperability, identifiers should be a valid uuid. warnings.warn(('Invalid uuid: %s. To ensure interoperability, '
2026-09-07 11:30:30.071 10 INFO neutron.wsgi [None req-bbdd8aeb-30ca-4250-af11-d4699bef946a 4f86767350394a2bbef8b725dc5b7d88 41b56f60196a41d293061e9d010c69b2 - - default default] 162.253.55.149,10.0.0.161 "GET /v2.0/security-groups/f2397f94-042d-4000-b6ee-1574694f12dd HTTP/1.1" status: 200 len: 2418 time: 0.1126277
2026-09-07 11:30:30.107 10 INFO neutron.wsgi [None req-162d3384-cd5b-48b7-bb0d-ed8aadee10ba 4f86767350394a2bbef8b725dc5b7d88 41b56f60196a41d293061e9d010c69b2 - - default default] 162.253.55.149,10.0.0.161 "GET /v2.0/security-groups/f2397f94-042d-4000-b6ee-1574694f12dd HTTP/1.1" status: 200 len: 2418 time: 0.0260301
2026-09-07 11:30:30.154 10 INFO neutron.wsgi [None req-536ec740-5ba4-4c78-b56a-b0e8e784d02f 4f86767350394a2bbef8b725dc5b7d88 41b56f60196a41d293061e9d010c69b2 - - default default] 162.253.55.149,10.0.0.161 "GET /v2.0/security-groups/f2397f94-042d-4000-b6ee-1574694f12dd HTTP/1.1" status: 200 len: 2418 time: 0.0422957
2026-09-07 11:30:30.378 10 INFO neutron.db.ovn_revision_numbers_db [None req-02e0722b-d815-44a5-9ade-b4311d3e7b63 4f86767350394a2bbef8b725dc5b7d88 41b56f60196a41d293061e9d010c69b2 - - default default] Successfully bumped revision number for resource a6854c0c-4da0-42f9-a556-b4e420c3a046 (type: security_group_rules) to 0
2026-09-07 11:30:30.405 10 INFO neutron.wsgi [None req-02e0722b-d815-44a5-9ade-b4311d3e7b63 4f86767350394a2bbef8b725dc5b7d88 41b56f60196a41d293061e9d010c69b2 - - default default] 162.253.55.149,10.0.0.161 "POST /v2.0/security-group-rules HTTP/1.1" status: 201 len: 803 time: 0.2430604
2026-09-07 11:30:35.496 10 INFO neutron.wsgi [-] 10.0.0.161 "GET / HTTP/1.1" status: 200 len: 247 time: 0.0017171
2026-09-07 11:30:35.497 9 INFO neutron.wsgi [-] 10.0.0.161 "GET / HTTP/1.1" status: 200 len: 247 time: 0.0026162
2026-09-07 11:30:50.496 10 INFO neutron.wsgi [-] 10.0.0.161 "GET / HTTP/1.1" status: 200 len: 247 time: 0.0022743
2026-09-07 11:30:50.496 9 INFO neutron.wsgi [-] 10.0.0.161 "GET / HTTP/1.1" status: 200 len: 247 time: 0.0022557
2026-09-07 11:31:05.495 9 INFO neutron.wsgi [-] 10.0.0.161 "GET / HTTP/1.1" status: 200 len: 247 time: 0.0015767
2026-09-07 11:31:05.495 10 INFO neutron.wsgi [-] 10.0.0.161 "GET / HTTP/1.1" status: 200 len: 247 time: 0.0015776
2026-09-07 11:31:20.495 10 INFO neutron.wsgi [-] 10.0.0.161 "GET / HTTP/1.1" status: 200 len: 247 time: 0.0012307
2026-09-07 11:31:20.498 9 INFO neutron.wsgi [-] 10.0.0.161 "GET / HTTP/1.1" status: 200 len: 247 time: 0.0033517
2026-09-07 11:31:35.496 9 INFO neutron.wsgi [-] 10.0.0.161 "GET / HTTP/1.1" status: 200 len: 247 time: 0.0018017
2026-09-07 11:31:35.497 10 INFO neutron.wsgi [-] 10.0.0.161 "GET / HTTP/1.1" status: 200 len: 247 time: 0.0029423
2026-09-07 11:31:45.268 10 INFO neutron.wsgi [None req-8c09db5c-f44d-4418-9295-f6d2e453695f 4f86767350394a2bbef8b725dc5b7d88 41b56f60196a41d293061e9d010c69b2 - - default default] 162.253.55.149,10.0.0.161 "GET /v2.0/quotas/41b56f60196a41d293061e9d010c69b2 HTTP/1.1" status: 200 len: 467 time: 0.0194070 /var/lib/openstack/lib/python3.10/site-packages/neutron/extensions/quotasv2.py:139: UserWarning: Neutron quota engine will require "--force" parameter to set a quota limit without checking the resource usage. warnings.warn('Neutron quota engine will require "--force" '
2026-09-07 11:31:45.677 10 INFO neutron.wsgi [None req-829e6dcc-d5f2-4a88-9c9a-2b5853912f4c 4f86767350394a2bbef8b725dc5b7d88 41b56f60196a41d293061e9d010c69b2 - - default default] 162.253.55.149,10.0.0.161 "PUT /v2.0/quotas/41b56f60196a41d293061e9d010c69b2 HTTP/1.1" status: 200 len: 466 time: 0.0358207
2026-09-07 11:31:50.496 9 INFO neutron.wsgi [-] 10.0.0.161 "GET / HTTP/1.1" status: 200 len: 247 time: 0.0016794
2026-09-07 11:31:50.497 10 INFO neutron.wsgi [-] 10.0.0.161 "GET / HTTP/1.1" status: 200 len: 247 time: 0.0028625
2026-09-07 11:32:05.496 9 INFO neutron.wsgi [-] 10.0.0.161 "GET / HTTP/1.1" status: 200 len: 247 time: 0.0015576
2026-09-07 11:32:05.496 10 INFO neutron.wsgi [-] 10.0.0.161 "GET / HTTP/1.1" status: 200 len: 247 time: 0.0017788
2026-09-07 11:32:20.497 10 INFO neutron.wsgi [-] 10.0.0.161 "GET / HTTP/1.1" status: 200 len: 247 time: 0.0023160
2026-09-07 11:32:20.497 9 INFO neutron.wsgi [-] 10.0.0.161 "GET / HTTP/1.1" status: 200 len: 247 time: 0.0026152
2026-09-07 11:32:35.497 10 INFO neutron.wsgi [-] 10.0.0.161 "GET / HTTP/1.1" status: 200 len: 247 time: 0.0022497
2026-09-07 11:32:35.497 9 INFO neutron.wsgi [-] 10.0.0.161 "GET / HTTP/1.1" status: 200 len: 247 time: 0.0027161
2026-09-07 11:32:50.496 9 INFO neutron.wsgi [-] 10.0.0.161 "GET / HTTP/1.1" status: 200 len: 247 time: 0.0023425
2026-09-07 11:32:50.498 10 INFO neutron.wsgi [-] 10.0.0.161 "GET / HTTP/1.1" status: 200 len: 247 time: 0.0035002
2026-09-07 11:33:05.498 9 INFO neutron.wsgi [-] 10.0.0.161 "GET / HTTP/1.1" status: 200 len: 247 time: 0.0032642
2026-09-07 11:33:05.500 10 INFO neutron.wsgi [-] 10.0.0.161 "GET / HTTP/1.1" status: 200 len: 247 time: 0.0054374
2026-09-07 11:33:20.496 9 INFO neutron.wsgi [-] 10.0.0.161 "GET / HTTP/1.1" status: 200 len: 247 time: 0.0017555
2026-09-07 11:33:20.498 9 INFO neutron.wsgi [-] 10.0.0.161 "GET / HTTP/1.1" status: 200 len: 247 time: 0.0010817
2026-09-07 11:33:35.496 9 INFO neutron.wsgi [-] 10.0.0.161 "GET / HTTP/1.1" status: 200 len: 247 time: 0.0020089
2026-09-07 11:33:35.496 10 INFO neutron.wsgi [-] 10.0.0.161 "GET / HTTP/1.1" status: 200 len: 247 time: 0.0022848
2026-09-07 11:33:50.502 10 INFO neutron.wsgi [-] 10.0.0.161 "GET / HTTP/1.1" status: 200 len: 247 time: 0.0085537
2026-09-07 11:33:50.506 10 INFO neutron.wsgi [-] 10.0.0.161 "GET / HTTP/1.1" status: 200 len: 247 time: 0.0016973
2026-09-07 11:34:05.496 9 INFO neutron.wsgi [-] 10.0.0.161 "GET / HTTP/1.1" status: 200 len: 247 time: 0.0022633
2026-09-07 11:34:05.496 10 INFO neutron.wsgi [-] 10.0.0.161 "GET / HTTP/1.1" status: 200 len: 247 time: 0.0024135
2026-09-07 11:34:20.497 10 INFO neutron.wsgi [-] 10.0.0.161 "GET / HTTP/1.1" status: 200 len: 247 time: 0.0024979
2026-09-07 11:34:20.501 10 INFO neutron.wsgi [-] 10.0.0.161 "GET / HTTP/1.1" status: 200 len: 247 time: 0.0028732 /var/lib/openstack/lib/python3.10/site-packages/pycadf/identifier.py:71: UserWarning: Invalid uuid: neutron. To ensure interoperability, identifiers should be a valid uuid. warnings.warn(('Invalid uuid: %s. To ensure interoperability, '
2026-09-07 11:34:25.569 9 INFO neutron.pecan_wsgi.hooks.translation [None req-417fe17f-e574-4595-ad47-cf625d88e06b 4f86767350394a2bbef8b725dc5b7d88 41b56f60196a41d293061e9d010c69b2 - - default default] GET failed (client error): The resource could not be found.
2026-09-07 11:34:25.573 9 INFO neutron.wsgi [None req-417fe17f-e574-4595-ad47-cf625d88e06b 4f86767350394a2bbef8b725dc5b7d88 41b56f60196a41d293061e9d010c69b2 - - default default] 162.253.55.149 "GET /v2.0/ports/octavia-health-manager-port-instance HTTP/1.1" status: 404 len: 338 time: 0.1413987
2026-09-07 11:34:25.624 9 INFO neutron.wsgi [None req-a6f6835b-b22e-4483-a5d1-8aa17135cbf7 4f86767350394a2bbef8b725dc5b7d88 41b56f60196a41d293061e9d010c69b2 - - default default] 162.253.55.149 "GET /v2.0/ports?name=octavia-health-manager-port-instance HTTP/1.1" status: 200 len: 1413 time: 0.0473416
2026-09-07 11:34:27.405 9 INFO neutron.pecan_wsgi.hooks.translation [None req-5a90b715-86dc-44bb-963d-ee0bad62e0d0 4f86767350394a2bbef8b725dc5b7d88 41b56f60196a41d293061e9d010c69b2 - - default default] GET failed (client error): The resource could not be found.
2026-09-07 11:34:27.406 9 INFO neutron.wsgi [None req-5a90b715-86dc-44bb-963d-ee0bad62e0d0 4f86767350394a2bbef8b725dc5b7d88 41b56f60196a41d293061e9d010c69b2 - - default default] 162.253.55.149 "GET /v2.0/ports/octavia-health-manager-port-instance HTTP/1.1" status: 404 len: 338 time: 0.1637170
2026-09-07 11:34:27.447 9 INFO neutron.wsgi [None req-350ef4fc-a314-4594-937d-079f5cacdcf0 4f86767350394a2bbef8b725dc5b7d88 41b56f60196a41d293061e9d010c69b2 - - default default] 162.253.55.149 "GET /v2.0/ports?name=octavia-health-manager-port-instance HTTP/1.1" status: 200 len: 1413 time: 0.0353818
2026-09-07 11:34:28.272 9 INFO neutron.plugins.ml2.drivers.ovn.mech_driver.mech_driver [-] OVN reports status up for port: 1238ba5a-1591-42ab-98d4-51b2cf5bcab6
2026-09-07 11:34:28.283 9 INFO neutron.plugins.ml2.plugin [None req-18e4e816-efa0-4f0f-add7-e0308e65b9f7 - - - - - -] Attempt 1 to provision port 1238ba5a-1591-42ab-98d4-51b2cf5bcab6
2026-09-07 11:34:28.531 9 INFO neutron.db.ovn_revision_numbers_db [None req-18e4e816-efa0-4f0f-add7-e0308e65b9f7 - - - - - -] Successfully bumped revision number for resource 1238ba5a-1591-42ab-98d4-51b2cf5bcab6 (type: ports) to 4
2026-09-07 11:34:35.496 10 INFO neutron.wsgi [-] 10.0.0.161 "GET / HTTP/1.1" status: 200 len: 247 time: 0.0024679
2026-09-07 11:34:35.497 9 INFO neutron.wsgi [-] 10.0.0.161 "GET / HTTP/1.1" status: 200 len: 247 time: 0.0026181
2026-09-07 11:34:50.495 9 INFO neutron.wsgi [-] 10.0.0.161 "GET / HTTP/1.1" status: 200 len: 247 time: 0.0014791
2026-09-07 11:34:50.496 10 INFO neutron.wsgi [-] 10.0.0.161 "GET / HTTP/1.1" status: 200 len: 247 time: 0.0023415
2026-09-07 11:35:05.497 9 INFO neutron.wsgi [-] 10.0.0.161 "GET / HTTP/1.1" status: 200 len: 247 time: 0.0023944
2026-09-07 11:35:05.498 10 INFO neutron.wsgi [-] 10.0.0.161 "GET / HTTP/1.1" status: 200 len: 247 time: 0.0023730
2026-09-07 11:35:17.450 15 INFO neutron.db.ovn_revision_numbers_db [None req-007341a4-45a3-488a-a6b1-87d9f504f31f - - - - - -] Successfully bumped revision number for resource 7928e8e0-aea2-48c4-9fe8-9b6d564eb060 (type: networks) to 2
