Mar 03 23:05:01.601432 np0000157712 devstack@neutron-api.service[103221]: DEBUG neutron_lib.callbacks.manager [None req-7bca0a99-39cc-4b65-879b-a93d9209507a None None] Subscribe: subnet after_update 55550000, False {{(pid=103221) subscribe /opt/stack/data/venv/lib/python3.12/site-packages/neutron_lib/callbacks/manager.py:52}}
Mar 03 23:05:01.601462 np0000157712 devstack@neutron-api.service[103219]: INFO neutron.api.extensions [None req-15a61735-55f1-4592-95e3-2779574b6f72 None None] Loaded extension: availability_zone
Mar 03 23:05:01.601462 np0000157712 devstack@neutron-api.service[103219]: DEBUG neutron.api.extensions [None req-15a61735-55f1-4592-95e3-2779574b6f72 None None] Loading extension file: availability_zone_filter.py {{(pid=103219) _load_all_extensions_from_path /opt/stack/neutron/neutron/api/extensions.py:449}}
Mar 03 23:05:01.601530 np0000157712 devstack@neutron-api.service[103219]: DEBUG neutron.api.extensions [None req-15a61735-55f1-4592-95e3-2779574b6f72 None None] Ext name="Availability Zone Filter Extension" alias="availability_zone_filter" description="Add filter parameters to AvailabilityZone resource" updated="2018-06-22T10:00:00-00:00" {{(pid=103219) _check_extension /opt/stack/neutron/neutron/api/extensions.py:415}}
Mar 03 23:05:01.601714 np0000157712 devstack@neutron-api.service[103219]: INFO neutron.api.extensions [None req-15a61735-55f1-4592-95e3-2779574b6f72 None None] Extension availability_zone_filter not supported by any of loaded plugins
Mar 03 23:05:01.601812 np0000157712 devstack@neutron-api.service[103219]: DEBUG neutron.api.extensions [None req-15a61735-55f1-4592-95e3-2779574b6f72 None None] Loading extension file: data_plane_status.py {{(pid=103219) _load_all_extensions_from_path /opt/stack/neutron/neutron/api/extensions.py:449}}
Mar 03 23:05:01.601846 np0000157712 devstack@neutron-api.service[103221]: DEBUG neutron.quota.resource_registry [None req-7bca0a99-39cc-4b65-879b-a93d9209507a None None] Tracking information for resource: router configured {{(pid=103221) set_tracked_resource /opt/stack/neutron/neutron/quota/resource_registry.py:203}}
Mar 03 23:05:01.601907 np0000157712 devstack@neutron-api.service[103221]: DEBUG neutron.quota.resource_registry [None req-7bca0a99-39cc-4b65-879b-a93d9209507a None None] Tracking information for resource: floatingip configured {{(pid=103221) set_tracked_resource /opt/stack/neutron/neutron/quota/resource_registry.py:203}}
Mar 03 23:05:01.602005 np0000157712 devstack@neutron-api.service[103221]: INFO neutron.services.ovn_l3.plugin [None req-7bca0a99-39cc-4b65-879b-a93d9209507a None None] Starting OVNL3RouterPlugin
Mar 03 23:05:01.602034 np0000157712 devstack@neutron-api.service[103219]: DEBUG neutron.api.extensions [None req-15a61735-55f1-4592-95e3-2779574b6f72 None None] Ext name="Port data plane status extension" alias="data-plane-status" description="Expose status of underlying data plane" updated="2017-01-24T10:00:00-00:00" {{(pid=103219) _check_extension /opt/stack/neutron/neutron/api/extensions.py:415}}
Mar 03 23:05:01.602191 np0000157712 devstack@neutron-api.service[103219]: INFO neutron.api.extensions [None req-15a61735-55f1-4592-95e3-2779574b6f72 None None] Extension data-plane-status not supported by any of loaded plugins
Mar 03 23:05:01.602228 np0000157712 devstack@neutron-api.service[103221]: DEBUG neutron_lib.callbacks.manager [None req-7bca0a99-39cc-4b65-879b-a93d9209507a None None] Subscribe: > port_forwarding_plugin after_init 55550000, False {{(pid=103221) subscribe /opt/stack/data/venv/lib/python3.12/site-packages/neutron_lib/callbacks/manager.py:52}}
Mar 03 23:05:01.602286 np0000157712 devstack@neutron-api.service[103219]: DEBUG neutron.api.extensions [None req-15a61735-55f1-4592-95e3-2779574b6f72 None None] Loading extension file: default_subnetpools.py {{(pid=103219) _load_all_extensions_from_path /opt/stack/neutron/neutron/api/extensions.py:449}}
Mar 03 23:05:01.602440 np0000157712 devstack@neutron-api.service[103221]: DEBUG neutron_lib.callbacks.manager [None req-7bca0a99-39cc-4b65-879b-a93d9209507a None None] Subscribe: > router before_create 55550100, False {{(pid=103221) subscribe /opt/stack/data/venv/lib/python3.12/site-packages/neutron_lib/callbacks/manager.py:52}}
Mar 03 23:05:01.602495 np0000157712 devstack@neutron-api.service[103221]: DEBUG neutron_lib.callbacks.manager [None req-7bca0a99-39cc-4b65-879b-a93d9209507a None None] Subscribe: > router precommit_delete 55550100, False {{(pid=103221) subscribe /opt/stack/data/venv/lib/python3.12/site-packages/neutron_lib/callbacks/manager.py:52}}
Mar 03 23:05:01.602556 np0000157712 devstack@neutron-api.service[103219]: DEBUG neutron.api.extensions [None req-15a61735-55f1-4592-95e3-2779574b6f72 None None] Ext name="Default Subnetpools" alias="default-subnetpools" description="Provides ability to mark and use a subnetpool as the default." updated="2016-02-18T18:00:00-00:00" {{(pid=103219) _check_extension /opt/stack/neutron/neutron/api/extensions.py:415}}
Mar 03 23:05:01.602617 np0000157712 devstack@neutron-api.service[103221]: DEBUG neutron_lib.callbacks.manager [None req-7bca0a99-39cc-4b65-879b-a93d9209507a None None] Subscribe: > router precommit_create 55550100, False {{(pid=103221) subscribe /opt/stack/data/venv/lib/python3.12/site-packages/neutron_lib/callbacks/manager.py:52}}
Mar 03 23:05:01.602734 np0000157712 devstack@neutron-api.service[103221]: DEBUG neutron_lib.callbacks.manager [None req-7bca0a99-39cc-4b65-879b-a93d9209507a None None] Subscribe: > router precommit_update 55550100, False {{(pid=103221) subscribe /opt/stack/data/venv/lib/python3.12/site-packages/neutron_lib/callbacks/manager.py:52}}
Mar 03 23:05:01.602772 np0000157712 devstack@neutron-api.service[103219]: INFO neutron.api.extensions [None req-15a61735-55f1-4592-95e3-2779574b6f72 None None] Loaded extension: default-subnetpools
Mar 03 23:05:01.602835 np0000157712 devstack@neutron-api.service[103219]: DEBUG neutron.api.extensions [None req-15a61735-55f1-4592-95e3-2779574b6f72 None None] Loading extension file: dhcpagentscheduler.py {{(pid=103219) _load_all_extensions_from_path /opt/stack/neutron/neutron/api/extensions.py:449}}
Mar 03 23:05:01.603209 np0000157712 devstack@neutron-api.service[103219]: DEBUG neutron.api.extensions [None req-15a61735-55f1-4592-95e3-2779574b6f72 None None] Ext name="DHCP Agent Scheduler" alias="dhcp_agent_scheduler" description="Schedule networks among dhcp agents" updated="2013-02-07T10:00:00-00:00" {{(pid=103219) _check_extension /opt/stack/neutron/neutron/api/extensions.py:415}}
Mar 03 23:05:01.603383 np0000157712 devstack@neutron-api.service[103219]: INFO neutron.api.extensions [None req-15a61735-55f1-4592-95e3-2779574b6f72 None None] Loaded extension: dhcp_agent_scheduler
Mar 03 23:05:01.603480 np0000157712 devstack@neutron-api.service[103219]: DEBUG neutron.api.extensions [None req-15a61735-55f1-4592-95e3-2779574b6f72 None None] Loading extension file: dns.py {{(pid=103219) _load_all_extensions_from_path /opt/stack/neutron/neutron/api/extensions.py:449}}
Mar 03 23:05:01.603766 np0000157712 devstack@neutron-api.service[103219]: DEBUG neutron.api.extensions [None req-15a61735-55f1-4592-95e3-2779574b6f72 None None] Ext name="DNS Integration" alias="dns-integration" description="Provides integration with DNS." updated="2015-08-15T18:00:00-00:00" {{(pid=103219) _check_extension /opt/stack/neutron/neutron/api/extensions.py:415}}
Mar 03 23:05:01.603902 np0000157712 devstack@neutron-api.service[103219]: INFO neutron.api.extensions [None req-15a61735-55f1-4592-95e3-2779574b6f72 None None] Loaded extension: dns-integration
Mar 03 23:05:01.604001 np0000157712 devstack@neutron-api.service[103219]: DEBUG neutron.api.extensions [None req-15a61735-55f1-4592-95e3-2779574b6f72 None None] Loading extension file: dns_domain_ports.py {{(pid=103219) _load_all_extensions_from_path /opt/stack/neutron/neutron/api/extensions.py:449}}
Mar 03 23:05:01.604218 np0000157712 devstack@neutron-api.service[103219]: DEBUG neutron.api.extensions [None req-15a61735-55f1-4592-95e3-2779574b6f72 None None] Ext name="dns_domain for ports" alias="dns-domain-ports" description="Allows the DNS domain to be specified for a network port." updated="2017-04-24T10:00:00-00:00" {{(pid=103219) _check_extension /opt/stack/neutron/neutron/api/extensions.py:415}}
Mar 03 23:05:01.604389 np0000157712 devstack@neutron-api.service[103219]: INFO neutron.api.extensions [None req-15a61735-55f1-4592-95e3-2779574b6f72 None None] Loaded extension: dns-domain-ports
Mar 03 23:05:01.604477 np0000157712 devstack@neutron-api.service[103219]: DEBUG neutron.api.extensions [None req-15a61735-55f1-4592-95e3-2779574b6f72 None None] Loading extension file: dns_integration_domain_keywords.py {{(pid=103219) _load_all_extensions_from_path /opt/stack/neutron/neutron/api/extensions.py:449}}
Mar 03 23:05:01.604724 np0000157712 devstack@neutron-api.service[103219]: DEBUG neutron.api.extensions [None req-15a61735-55f1-4592-95e3-2779574b6f72 None None] Ext name="DNS domain names with keywords allowed" alias="dns-integration-domain-keywords" description="Allows to use keywords like , , and as DNS domain name" updated="2020-06-15T18:00:00-00:00" {{(pid=103219) _check_extension /opt/stack/neutron/neutron/api/extensions.py:415}}
Mar 03 23:05:01.604886 np0000157712 devstack@neutron-api.service[103219]: INFO neutron.api.extensions [None req-15a61735-55f1-4592-95e3-2779574b6f72 None None] Loaded extension: dns-integration-domain-keywords
Mar 03 23:05:01.604979 np0000157712 devstack@neutron-api.service[103219]: DEBUG neutron.api.extensions [None req-15a61735-55f1-4592-95e3-2779574b6f72 None None] Loading extension file: dvr.py {{(pid=103219) _load_all_extensions_from_path /opt/stack/neutron/neutron/api/extensions.py:449}}
Mar 03 23:05:01.605229 np0000157712 devstack@neutron-api.service[103219]: DEBUG neutron.api.extensions [None req-15a61735-55f1-4592-95e3-2779574b6f72 None None] Ext name="Distributed Virtual Router" alias="dvr" description="Enables configuration of Distributed Virtual Routers." updated="2014-06-1T10:00:00-00:00" {{(pid=103219) _check_extension /opt/stack/neutron/neutron/api/extensions.py:415}}
Mar 03 23:05:01.605408 np0000157712 devstack@neutron-api.service[103219]: INFO neutron.api.extensions [None req-15a61735-55f1-4592-95e3-2779574b6f72 None None] Extension dvr not supported by any of loaded plugins
Mar 03 23:05:01.605487 np0000157712 devstack@neutron-api.service[103219]: DEBUG neutron.api.extensions [None req-15a61735-55f1-4592-95e3-2779574b6f72 None None] Loading extension file: ecmp_routes.py {{(pid=103219) _load_all_extensions_from_path /opt/stack/neutron/neutron/api/extensions.py:449}}
Mar 03 23:05:01.605731 np0000157712 devstack@neutron-api.service[103219]: DEBUG neutron.api.extensions [None req-15a61735-55f1-4592-95e3-2779574b6f72 None None] Ext name="Equal Cost Multipath Routing" alias="ecmp_routes" description="Allows traffic to reach thesame destination via multiple different links " updated="2020-11-26T18:00:00-00:00" {{(pid=103219) _check_extension /opt/stack/neutron/neutron/api/extensions.py:415}}
Mar 03 23:05:01.605905 np0000157712 devstack@neutron-api.service[103218]: DEBUG neutron_lib.callbacks.manager [None req-ac2f872a-3651-423a-9bc6-2979e26c04df None None] Subscribe: > router before_delete 55550000, False {{(pid=103218) subscribe /opt/stack/data/venv/lib/python3.12/site-packages/neutron_lib/callbacks/manager.py:52}}
Mar 03 23:05:01.605955 np0000157712 devstack@neutron-api.service[103219]: INFO neutron.api.extensions [None req-15a61735-55f1-4592-95e3-2779574b6f72 None None] Extension ecmp_routes not supported by any of loaded plugins
Mar 03 23:05:01.605985 np0000157712 devstack@neutron-api.service[103219]: DEBUG neutron.api.extensions [None req-15a61735-55f1-4592-95e3-2779574b6f72 None None] Loading extension file: empty_string_filtering.py {{(pid=103219) _load_all_extensions_from_path /opt/stack/neutron/neutron/api/extensions.py:449}}
Mar 03 23:05:01.606043 np0000157712 devstack@neutron-api.service[103221]: DEBUG neutron.services.provider_configuration [None req-7bca0a99-39cc-4b65-879b-a93d9209507a None None] Service providers = [] {{(pid=103221) parse_service_provider_opt /opt/stack/neutron/neutron/services/provider_configuration.py:171}}
Mar 03 23:05:01.606074 np0000157712 devstack@neutron-api.service[103218]: DEBUG neutron_lib.callbacks.manager [None req-ac2f872a-3651-423a-9bc6-2979e26c04df None None] Subscribe: port after_update 55550000, False {{(pid=103218) subscribe /opt/stack/data/venv/lib/python3.12/site-packages/neutron_lib/callbacks/manager.py:52}}
Mar 03 23:05:01.606164 np0000157712 devstack@neutron-api.service[103221]: DEBUG neutron.db.servicetype_db [None req-7bca0a99-39cc-4b65-879b-a93d9209507a None None] Adding provider configuration for service L3_ROUTER_NAT {{(pid=103221) add_provider_configuration /opt/stack/neutron/neutron/db/servicetype_db.py:42}}
Mar 03 23:05:01.606237 np0000157712 devstack@neutron-api.service[103218]: DEBUG neutron_lib.callbacks.manager [None req-ac2f872a-3651-423a-9bc6-2979e26c04df None None] Subscribe: port after_delete 55550000, False {{(pid=103218) subscribe /opt/stack/data/venv/lib/python3.12/site-packages/neutron_lib/callbacks/manager.py:52}}
Mar 03 23:05:01.606304 np0000157712 devstack@neutron-api.service[103219]: DEBUG neutron.api.extensions [None req-15a61735-55f1-4592-95e3-2779574b6f72 None None] Ext name="Empty String Filtering Extension" alias="empty-string-filtering" description="Allow filtering by attributes with empty string value" updated="2018-05-01T10:00:00-00:00" {{(pid=103219) _check_extension /opt/stack/neutron/neutron/api/extensions.py:415}}
Mar 03 23:05:01.606334 np0000157712 devstack@neutron-api.service[103218]: DEBUG neutron_lib.callbacks.manager [None req-ac2f872a-3651-423a-9bc6-2979e26c04df None None] Subscribe: subnet after_update 55550000, False {{(pid=103218) subscribe /opt/stack/data/venv/lib/python3.12/site-packages/neutron_lib/callbacks/manager.py:52}}
Mar 03 23:05:01.606363 np0000157712 devstack@neutron-api.service[103218]: DEBUG neutron_lib.callbacks.manager [None req-ac2f872a-3651-423a-9bc6-2979e26c04df None None] Subscribe: subnetpool_address_scope after_update 55550000, False {{(pid=103218) subscribe /opt/stack/data/venv/lib/python3.12/site-packages/neutron_lib/callbacks/manager.py:52}}
Mar 03 23:05:01.606396 np0000157712 devstack@neutron-api.service[103219]: INFO neutron.api.extensions [None req-15a61735-55f1-4592-95e3-2779574b6f72 None None] Loaded extension: empty-string-filtering
Mar 03 23:05:01.606504 np0000157712 devstack@neutron-api.service[103219]: DEBUG neutron.api.extensions [None req-15a61735-55f1-4592-95e3-2779574b6f72 None None] Loading extension file: expose_l3_conntrack_helper.py {{(pid=103219) _load_all_extensions_from_path /opt/stack/neutron/neutron/api/extensions.py:449}}
Mar 03 23:05:01.606605 np0000157712 devstack@neutron-api.service[103218]: DEBUG neutron_lib.callbacks.manager [None req-ac2f872a-3651-423a-9bc6-2979e26c04df None None] Subscribe: port before_update 55550000, False {{(pid=103218) subscribe /opt/stack/data/venv/lib/python3.12/site-packages/neutron_lib/callbacks/manager.py:52}}
Mar 03 23:05:01.606605 np0000157712 devstack@neutron-api.service[103218]: DEBUG neutron_lib.callbacks.manager [None req-ac2f872a-3651-423a-9bc6-2979e26c04df None None] Subscribe: port after_update 55550000, False {{(pid=103218) subscribe /opt/stack/data/venv/lib/python3.12/site-packages/neutron_lib/callbacks/manager.py:52}}
Mar 03 23:05:01.606795 np0000157712 devstack@neutron-api.service[103218]: DEBUG neutron_lib.callbacks.manager [None req-ac2f872a-3651-423a-9bc6-2979e26c04df None None] Subscribe: > port precommit_delete 55550000, False {{(pid=103218) subscribe /opt/stack/data/venv/lib/python3.12/site-packages/neutron_lib/callbacks/manager.py:52}}
Mar 03 23:05:01.606848 np0000157712 devstack@neutron-api.service[103219]: DEBUG neutron.api.extensions [None req-15a61735-55f1-4592-95e3-2779574b6f72 None None] Ext name="Expose CT target rules for conntrack helper" alias="expose-l3-conntrack-helper" description="Expose allow adding CT target rules for conntrack helper" updated="2019-04-04T10:00:00-00:00" {{(pid=103219) _check_extension /opt/stack/neutron/neutron/api/extensions.py:415}}
Mar 03 23:05:01.606983 np0000157712 devstack@neutron-api.service[103218]: DEBUG neutron_lib.callbacks.manager [None req-ac2f872a-3651-423a-9bc6-2979e26c04df None None] Subscribe: port before_update 55550000, False {{(pid=103218) subscribe /opt/stack/data/venv/lib/python3.12/site-packages/neutron_lib/callbacks/manager.py:52}}
Mar 03 23:05:01.607071 np0000157712 devstack@neutron-api.service[103219]: INFO neutron.api.extensions [None req-15a61735-55f1-4592-95e3-2779574b6f72 None None] Extension expose-l3-conntrack-helper not supported by any of loaded plugins
Mar 03 23:05:01.607159 np0000157712 devstack@neutron-api.service[103218]: DEBUG neutron_lib.callbacks.manager [None req-ac2f872a-3651-423a-9bc6-2979e26c04df None None] Subscribe: port before_delete 55550000, False {{(pid=103218) subscribe /opt/stack/data/venv/lib/python3.12/site-packages/neutron_lib/callbacks/manager.py:52}}
Mar 03 23:05:01.607194 np0000157712 devstack@neutron-api.service[103219]: DEBUG neutron.api.extensions [None req-15a61735-55f1-4592-95e3-2779574b6f72 None None] Loading extension file: expose_port_forwarding_in_fip.py {{(pid=103219) _load_all_extensions_from_path /opt/stack/neutron/neutron/api/extensions.py:449}}
Mar 03 23:05:01.607223 np0000157712 devstack@neutron-api.service[103218]: DEBUG neutron_lib.callbacks.manager [None req-ac2f872a-3651-423a-9bc6-2979e26c04df None None] Subscribe: > router precommit_create 55550000, False {{(pid=103218) subscribe /opt/stack/data/venv/lib/python3.12/site-packages/neutron_lib/callbacks/manager.py:52}}
Mar 03 23:05:01.607223 np0000157712 devstack@neutron-api.service[103218]: DEBUG neutron_lib.callbacks.manager [None req-ac2f872a-3651-423a-9bc6-2979e26c04df None None] Subscribe: > router precommit_create 55550000, False {{(pid=103218) subscribe /opt/stack/data/venv/lib/python3.12/site-packages/neutron_lib/callbacks/manager.py:52}}
Mar 03 23:05:01.607320 np0000157712 devstack@neutron-api.service[103219]: DEBUG neutron.api.extensions [None req-15a61735-55f1-4592-95e3-2779574b6f72 None None] Ext name="Expose Floating IP port forwardings" alias="expose-port-forwarding-in-fip" description="Expose port forwarding fields in floating IP response" updated="2018-06-28T16:00:00-00:00" {{(pid=103219) _check_extension /opt/stack/neutron/neutron/api/extensions.py:415}}
Mar 03 23:05:01.607350 np0000157712 devstack@neutron-api.service[103218]: DEBUG neutron_lib.callbacks.manager [None req-ac2f872a-3651-423a-9bc6-2979e26c04df None None] Subscribe: > router precommit_update 55550000, False {{(pid=103218) subscribe /opt/stack/data/venv/lib/python3.12/site-packages/neutron_lib/callbacks/manager.py:52}}
Mar 03 23:05:01.607350 np0000157712 devstack@neutron-api.service[103218]: DEBUG neutron_lib.callbacks.manager [None req-ac2f872a-3651-423a-9bc6-2979e26c04df None None] Subscribe: subnet after_update 55550000, False {{(pid=103218) subscribe /opt/stack/data/venv/lib/python3.12/site-packages/neutron_lib/callbacks/manager.py:52}}
Mar 03 23:05:01.607403 np0000157712 devstack@neutron-api.service[103219]: INFO neutron.api.extensions [None req-15a61735-55f1-4592-95e3-2779574b6f72 None None] Extension expose-port-forwarding-in-fip not supported by any of loaded plugins
Mar 03 23:05:01.607403 np0000157712 devstack@neutron-api.service[103219]: DEBUG neutron.api.extensions [None req-15a61735-55f1-4592-95e3-2779574b6f72 None None] Loading extension file: external_net.py {{(pid=103219) _load_all_extensions_from_path /opt/stack/neutron/neutron/api/extensions.py:449}}
Mar 03 23:05:01.607687 np0000157712 devstack@neutron-api.service[103219]: DEBUG neutron.api.extensions [None req-15a61735-55f1-4592-95e3-2779574b6f72 None None] Ext name="Neutron external network" alias="external-net" description="Adds external network attribute to network resource." updated="2013-01-14T10:00:00-00:00" {{(pid=103219) _check_extension /opt/stack/neutron/neutron/api/extensions.py:415}}
Mar 03 23:05:01.607723 np0000157712 devstack@neutron-api.service[103221]: DEBUG neutron_lib.callbacks.manager [None req-7bca0a99-39cc-4b65-879b-a93d9209507a None None] Subscribe: > router precommit_create 55549900, False {{(pid=103221) subscribe /opt/stack/data/venv/lib/python3.12/site-packages/neutron_lib/callbacks/manager.py:52}}
Mar 03 23:05:01.607828 np0000157712 devstack@neutron-api.service[103221]: DEBUG neutron_lib.callbacks.manager [None req-7bca0a99-39cc-4b65-879b-a93d9209507a None None] Subscribe: > router_interface after_create 55550000, False {{(pid=103221) subscribe /opt/stack/data/venv/lib/python3.12/site-packages/neutron_lib/callbacks/manager.py:52}}
Mar 03 23:05:01.607869 np0000157712 devstack@neutron-api.service[103219]: INFO neutron.api.extensions [None req-15a61735-55f1-4592-95e3-2779574b6f72 None None] Loaded extension: external-net
Mar 03 23:05:01.607934 np0000157712 devstack@neutron-api.service[103221]: DEBUG neutron_lib.callbacks.manager [None req-7bca0a99-39cc-4b65-879b-a93d9209507a None None] Subscribe: > floatingip after_create 55550000, False {{(pid=103221) subscribe /opt/stack/data/venv/lib/python3.12/site-packages/neutron_lib/callbacks/manager.py:52}}
Mar 03 23:05:01.607966 np0000157712 devstack@neutron-api.service[103219]: DEBUG neutron.api.extensions [None req-15a61735-55f1-4592-95e3-2779574b6f72 None None] Loading extension file: extra_dhcp_opt.py {{(pid=103219) _load_all_extensions_from_path /opt/stack/neutron/neutron/api/extensions.py:449}}
Mar 03 23:05:01.608036 np0000157712 devstack@neutron-api.service[103221]: DEBUG neutron_lib.callbacks.manager [None req-7bca0a99-39cc-4b65-879b-a93d9209507a None None] Subscribe: > floatingip precommit_create 55550000, False {{(pid=103221) subscribe /opt/stack/data/venv/lib/python3.12/site-packages/neutron_lib/callbacks/manager.py:52}}
Mar 03 23:05:01.608127 np0000157712 devstack@neutron-api.service[103218]: DEBUG neutron.quota.resource_registry [None req-ac2f872a-3651-423a-9bc6-2979e26c04df None None] Tracking information for resource: router configured {{(pid=103218) set_tracked_resource /opt/stack/neutron/neutron/quota/resource_registry.py:203}}
Mar 03 23:05:01.608181 np0000157712 devstack@neutron-api.service[103221]: DEBUG neutron_lib.callbacks.manager [None req-7bca0a99-39cc-4b65-879b-a93d9209507a None None] Subscribe: > floatingip precommit_update 55550000, False {{(pid=103221) subscribe /opt/stack/data/venv/lib/python3.12/site-packages/neutron_lib/callbacks/manager.py:52}}
Mar 03 23:05:01.608345 np0000157712 devstack@neutron-api.service[103219]: DEBUG neutron.api.extensions [None req-15a61735-55f1-4592-95e3-2779574b6f72 None None] Ext name="Neutron Extra DHCP options" alias="extra_dhcp_opt" description="Extra options configuration for DHCP. For example PXE boot options to DHCP clients can be specified (e.g. tftp-server, server-ip-address, bootfile-name)" updated="2013-03-17T12:00:00-00:00" {{(pid=103219) _check_extension /opt/stack/neutron/neutron/api/extensions.py:415}}
Mar 03 23:05:01.608399 np0000157712 devstack@neutron-api.service[103218]: DEBUG neutron.quota.resource_registry [None req-ac2f872a-3651-423a-9bc6-2979e26c04df None None] Tracking information for resource: floatingip configured {{(pid=103218) set_tracked_resource /opt/stack/neutron/neutron/quota/resource_registry.py:203}}
Mar 03 23:05:01.608453 np0000157712 devstack@neutron-api.service[103221]: DEBUG neutron_lib.callbacks.manager [None req-7bca0a99-39cc-4b65-879b-a93d9209507a None None] Subscribe: > floatingip after_delete 55550000, False {{(pid=103221) subscribe /opt/stack/data/venv/lib/python3.12/site-packages/neutron_lib/callbacks/manager.py:52}}
Mar 03 23:05:01.608539 np0000157712 devstack@neutron-api.service[103218]: INFO neutron.services.ovn_l3.plugin [None req-ac2f872a-3651-423a-9bc6-2979e26c04df None None] Starting OVNL3RouterPlugin
Mar 03 23:05:01.608608 np0000157712 devstack@neutron-api.service[103221]: DEBUG neutron_lib.callbacks.manager [None req-7bca0a99-39cc-4b65-879b-a93d9209507a None None] Subscribe: > floatingip after_status_update 55550000, False {{(pid=103221) subscribe /opt/stack/data/venv/lib/python3.12/site-packages/neutron_lib/callbacks/manager.py:52}}
Mar 03 23:05:01.608642 np0000157712 devstack@neutron-api.service[103219]: INFO neutron.api.extensions [None req-15a61735-55f1-4592-95e3-2779574b6f72 None None] Loaded extension: extra_dhcp_opt
Mar 03 23:05:01.608642 np0000157712 devstack@neutron-api.service[103219]: DEBUG neutron.api.extensions [None req-15a61735-55f1-4592-95e3-2779574b6f72 None None] Loading extension file: extraroute.py {{(pid=103219) _load_all_extensions_from_path /opt/stack/neutron/neutron/api/extensions.py:449}}
Mar 03 23:05:01.608750 np0000157712 devstack@neutron-api.service[103221]: DEBUG neutron_lib.callbacks.manager [None req-7bca0a99-39cc-4b65-879b-a93d9209507a None None] Subscribe: > floatingip after_update 55550000, False {{(pid=103221) subscribe /opt/stack/data/venv/lib/python3.12/site-packages/neutron_lib/callbacks/manager.py:52}}
Mar 03 23:05:01.608750 np0000157712 devstack@neutron-api.service[103221]: DEBUG neutron_lib.callbacks.manager [None req-7bca0a99-39cc-4b65-879b-a93d9209507a None None] Subscribe: > port_forwarding after_create 55550000, False {{(pid=103221) subscribe /opt/stack/data/venv/lib/python3.12/site-packages/neutron_lib/callbacks/manager.py:52}}
Mar 03 23:05:01.608811 np0000157712 devstack@neutron-api.service[103218]: DEBUG neutron_lib.callbacks.manager [None req-ac2f872a-3651-423a-9bc6-2979e26c04df None None] Subscribe: > port_forwarding_plugin after_init 55550000, False {{(pid=103218) subscribe /opt/stack/data/venv/lib/python3.12/site-packages/neutron_lib/callbacks/manager.py:52}}
Mar 03 23:05:01.608845 np0000157712 devstack@neutron-api.service[103221]: DEBUG neutron_lib.callbacks.manager [None req-7bca0a99-39cc-4b65-879b-a93d9209507a None None] Subscribe: > router_interface after_delete 55550000, False {{(pid=103221) subscribe /opt/stack/data/venv/lib/python3.12/site-packages/neutron_lib/callbacks/manager.py:52}}
Mar 03 23:05:01.608877 np0000157712 devstack@neutron-api.service[103219]: DEBUG neutron.api.extensions [None req-15a61735-55f1-4592-95e3-2779574b6f72 None None] Ext name="Neutron Extra Route" alias="extraroute" description="Extra routes configuration for L3 router" updated="2013-02-01T10:00:00-00:00" {{(pid=103219) _check_extension /opt/stack/neutron/neutron/api/extensions.py:415}}
Mar 03 23:05:01.608906 np0000157712 devstack@neutron-api.service[103221]: DEBUG neutron_lib.callbacks.manager [None req-7bca0a99-39cc-4b65-879b-a93d9209507a None None] Subscribe: > router after_create 55550000, False {{(pid=103221) subscribe /opt/stack/data/venv/lib/python3.12/site-packages/neutron_lib/callbacks/manager.py:52}}
Mar 03 23:05:01.608965 np0000157712 devstack@neutron-api.service[103218]: DEBUG neutron_lib.callbacks.manager [None req-ac2f872a-3651-423a-9bc6-2979e26c04df None None] Subscribe: > router before_create 55550100, False {{(pid=103218) subscribe /opt/stack/data/venv/lib/python3.12/site-packages/neutron_lib/callbacks/manager.py:52}}
Mar 03 23:05:01.609000 np0000157712 devstack@neutron-api.service[103219]: INFO neutron.api.extensions [None req-15a61735-55f1-4592-95e3-2779574b6f72 None None] Loaded extension: extraroute
Mar 03 23:05:01.609027 np0000157712 devstack@neutron-api.service[103221]: DEBUG neutron_lib.callbacks.manager [None req-7bca0a99-39cc-4b65-879b-a93d9209507a None None] Subscribe: > router precommit_create 55550000, False {{(pid=103221) subscribe /opt/stack/data/venv/lib/python3.12/site-packages/neutron_lib/callbacks/manager.py:52}}
Mar 03 23:05:01.609101 np0000157712 devstack@neutron-api.service[103218]: DEBUG neutron_lib.callbacks.manager [None req-ac2f872a-3651-423a-9bc6-2979e26c04df None None] Subscribe: > router precommit_delete 55550100, False {{(pid=103218) subscribe /opt/stack/data/venv/lib/python3.12/site-packages/neutron_lib/callbacks/manager.py:52}}
Mar 03 23:05:01.609165 np0000157712 devstack@neutron-api.service[103219]: DEBUG neutron.api.extensions [None req-15a61735-55f1-4592-95e3-2779574b6f72 None None] Loading extension file: extraroute_atomic.py {{(pid=103219) _load_all_extensions_from_path /opt/stack/neutron/neutron/api/extensions.py:449}}
Mar 03 23:05:01.609195 np0000157712 devstack@neutron-api.service[103221]: DEBUG neutron_lib.callbacks.manager [None req-7bca0a99-39cc-4b65-879b-a93d9209507a None None] Subscribe: > router after_delete 55550000, False {{(pid=103221) subscribe /opt/stack/data/venv/lib/python3.12/site-packages/neutron_lib/callbacks/manager.py:52}}
Mar 03 23:05:01.609224 np0000157712 devstack@neutron-api.service[103218]: DEBUG neutron_lib.callbacks.manager [None req-ac2f872a-3651-423a-9bc6-2979e26c04df None None] Subscribe: > router precommit_create 55550100, False {{(pid=103218) subscribe /opt/stack/data/venv/lib/python3.12/site-packages/neutron_lib/callbacks/manager.py:52}}
Mar 03 23:05:01.609261 np0000157712 devstack@neutron-api.service[103221]: DEBUG neutron_lib.callbacks.manager [None req-7bca0a99-39cc-4b65-879b-a93d9209507a None None] Subscribe: > router after_update 55550000, False {{(pid=103221) subscribe /opt/stack/data/venv/lib/python3.12/site-packages/neutron_lib/callbacks/manager.py:52}}
Mar 03 23:05:01.609294 np0000157712 devstack@neutron-api.service[103218]: DEBUG neutron_lib.callbacks.manager [None req-ac2f872a-3651-423a-9bc6-2979e26c04df None None] Subscribe: > router precommit_update 55550100, False {{(pid=103218) subscribe /opt/stack/data/venv/lib/python3.12/site-packages/neutron_lib/callbacks/manager.py:52}}
Mar 03 23:05:01.609323 np0000157712 devstack@neutron-api.service[103221]: DEBUG neutron.services.service_base [None req-7bca0a99-39cc-4b65-879b-a93d9209507a None None] Loaded 'neutron.services.ovn_l3.service_providers.ovn.OvnDriver' provider for service L3_ROUTER_NAT {{(pid=103221) load_drivers /opt/stack/neutron/neutron/services/service_base.py:49}}
Mar 03 23:05:01.609381 np0000157712 devstack@neutron-api.service[103219]: DEBUG neutron.api.extensions [None req-15a61735-55f1-4592-95e3-2779574b6f72 None None] Ext name="Atomically add/remove extra routes" alias="extraroute-atomic" description="Edit extra routes of a router on server side by atomically adding/removing extra routes" updated="2019-07-10T00:00:00+00:00" {{(pid=103219) _check_extension /opt/stack/neutron/neutron/api/extensions.py:415}}
Mar 03 23:05:01.609416 np0000157712 devstack@neutron-api.service[103221]: DEBUG neutron_lib.callbacks.manager [None req-7bca0a99-39cc-4b65-879b-a93d9209507a None None] Subscribe: > process after_init 55550001, True {{(pid=103221) subscribe /opt/stack/data/venv/lib/python3.12/site-packages/neutron_lib/callbacks/manager.py:52}}
Mar 03 23:05:01.609447 np0000157712 devstack@neutron-api.service[103219]: INFO neutron.api.extensions [None req-15a61735-55f1-4592-95e3-2779574b6f72 None None] Loaded extension: extraroute-atomic
Mar 03 23:05:01.609480 np0000157712 devstack@neutron-api.service[103221]: DEBUG neutron.manager [None req-7bca0a99-39cc-4b65-879b-a93d9209507a None None] Successfully loaded L3_ROUTER_NAT plugin. Description: L3 Router Service Plugin for basic L3 forwarding using OVN {{(pid=103221) _create_and_add_service_plugin /opt/stack/neutron/neutron/manager.py:229}}
Mar 03 23:05:01.609550 np0000157712 devstack@neutron-api.service[103219]: DEBUG neutron.api.extensions [None req-15a61735-55f1-4592-95e3-2779574b6f72 None None] Loading extension file: filter_validation.py {{(pid=103219) _load_all_extensions_from_path /opt/stack/neutron/neutron/api/extensions.py:449}}
Mar 03 23:05:01.609580 np0000157712 devstack@neutron-api.service[103221]: INFO neutron.manager [None req-7bca0a99-39cc-4b65-879b-a93d9209507a None None] Loading Plugin: auto_allocate
Mar 03 23:05:01.609723 np0000157712 devstack@neutron-api.service[103219]: DEBUG neutron.api.extensions [None req-15a61735-55f1-4592-95e3-2779574b6f72 None None] Ext name="Filter parameters validation" alias="filter-validation" description="Provides validation on filter parameters." updated="2018-07-04T10:00:00-00:00" {{(pid=103219) _check_extension /opt/stack/neutron/neutron/api/extensions.py:415}}
Mar 03 23:05:01.609878 np0000157712 devstack@neutron-api.service[103219]: INFO neutron.api.extensions [None req-15a61735-55f1-4592-95e3-2779574b6f72 None None] Loaded extension: filter-validation
Mar 03 23:05:01.609940 np0000157712 devstack@neutron-api.service[103219]: DEBUG neutron.api.extensions [None req-15a61735-55f1-4592-95e3-2779574b6f72 None None] Loading extension file: fip_pf_description.py {{(pid=103219) _load_all_extensions_from_path /opt/stack/neutron/neutron/api/extensions.py:449}}
Mar 03 23:05:01.610134 np0000157712 devstack@neutron-api.service[103219]: DEBUG neutron.api.extensions [None req-15a61735-55f1-4592-95e3-2779574b6f72 None None] Ext name="Floating IP Port Forwarding new attribute description" alias="floating-ip-port-forwarding-description" description="Add a description field to Port Forwarding rules" updated="2019-11-01T10:00:00-00:00" {{(pid=103219) _check_extension /opt/stack/neutron/neutron/api/extensions.py:415}}
Mar 03 23:05:01.610321 np0000157712 devstack@neutron-api.service[103219]: INFO neutron.api.extensions [None req-15a61735-55f1-4592-95e3-2779574b6f72 None None] Extension floating-ip-port-forwarding-description not supported by any of loaded plugins
Mar 03 23:05:01.610352 np0000157712 devstack@neutron-api.service[103221]: DEBUG neutron_lib.callbacks.manager [None req-7bca0a99-39cc-4b65-879b-a93d9209507a None None] Subscribe: network precommit_update 55550000, False {{(pid=103221) subscribe /opt/stack/data/venv/lib/python3.12/site-packages/neutron_lib/callbacks/manager.py:52}}
Mar 03 23:05:01.610417 np0000157712 devstack@neutron-api.service[103219]: DEBUG neutron.api.extensions [None req-15a61735-55f1-4592-95e3-2779574b6f72 None None] Loading extension file: fip_pf_detail.py {{(pid=103219) _load_all_extensions_from_path /opt/stack/neutron/neutron/api/extensions.py:449}}
Mar 03 23:05:01.610447 np0000157712 devstack@neutron-api.service[103221]: DEBUG neutron_lib.callbacks.manager [None req-7bca0a99-39cc-4b65-879b-a93d9209507a None None] Subscribe: network precommit_create 55550000, False {{(pid=103221) subscribe /opt/stack/data/venv/lib/python3.12/site-packages/neutron_lib/callbacks/manager.py:52}}
Mar 03 23:05:01.610626 np0000157712 devstack@neutron-api.service[103219]: DEBUG neutron.api.extensions [None req-15a61735-55f1-4592-95e3-2779574b6f72 None None] Ext name="Floating IP port forwarding detail" alias="floating-ip-port-forwarding-detail" description="Allow list floating ip return more port forwarding data, include'id' and 'internal_port_id'" updated="2022-05-06T10:00:00-00:00" {{(pid=103219) _check_extension /opt/stack/neutron/neutron/api/extensions.py:415}}
Mar 03 23:05:01.610665 np0000157712 devstack@neutron-api.service[103221]: DEBUG neutron.manager [None req-7bca0a99-39cc-4b65-879b-a93d9209507a None None] Successfully loaded auto-allocated-topology plugin. Description: Auto Allocated Topology - aka get me a network. {{(pid=103221) _create_and_add_service_plugin /opt/stack/neutron/neutron/manager.py:229}}
Mar 03 23:05:01.610719 np0000157712 devstack@neutron-api.service[103221]: INFO neutron.manager [None req-7bca0a99-39cc-4b65-879b-a93d9209507a None None] Loading Plugin: tag
Mar 03 23:05:01.610871 np0000157712 devstack@neutron-api.service[103219]: INFO neutron.api.extensions [None req-15a61735-55f1-4592-95e3-2779574b6f72 None None] Loaded extension: floating-ip-port-forwarding-detail
Mar 03 23:05:01.610871 np0000157712 devstack@neutron-api.service[103219]: DEBUG neutron.api.extensions [None req-15a61735-55f1-4592-95e3-2779574b6f72 None None] Loading extension file: fip_pf_port_range.py {{(pid=103219) _load_all_extensions_from_path /opt/stack/neutron/neutron/api/extensions.py:449}}
Mar 03 23:05:01.611125 np0000157712 devstack@neutron-api.service[103219]: DEBUG neutron.api.extensions [None req-15a61735-55f1-4592-95e3-2779574b6f72 None None] Ext name="Floating IP Port Forwarding support port ranges" alias="floating-ip-port-forwarding-port-ranges" description="Add support to port ranges" updated="2020-07-01T10:00:00-00:00" {{(pid=103219) _check_extension /opt/stack/neutron/neutron/api/extensions.py:415}}
Mar 03 23:05:01.611262 np0000157712 devstack@neutron-api.service[103219]: INFO neutron.api.extensions [None req-15a61735-55f1-4592-95e3-2779574b6f72 None None] Extension floating-ip-port-forwarding-port-ranges not supported by any of loaded plugins
Mar 03 23:05:01.611352 np0000157712 devstack@neutron-api.service[103219]: DEBUG neutron.api.extensions [None req-15a61735-55f1-4592-95e3-2779574b6f72 None None] Loading extension file: fip_port_details.py {{(pid=103219) _load_all_extensions_from_path /opt/stack/neutron/neutron/api/extensions.py:449}}
Mar 03 23:05:01.611790 np0000157712 devstack@neutron-api.service[103219]: DEBUG neutron.api.extensions [None req-15a61735-55f1-4592-95e3-2779574b6f72 None None] Ext name="Floating IP Port Details Extension" alias="fip-port-details" description="Add port_details attribute to Floating IP resource" updated="2018-04-09T10:00:00-00:00" {{(pid=103219) _check_extension /opt/stack/neutron/neutron/api/extensions.py:415}}
Mar 03 23:05:01.611962 np0000157712 devstack@neutron-api.service[103219]: INFO neutron.api.extensions [None req-15a61735-55f1-4592-95e3-2779574b6f72 None None] Loaded extension: fip-port-details
Mar 03 23:05:01.612059 np0000157712 devstack@neutron-api.service[103219]: DEBUG neutron.api.extensions [None req-15a61735-55f1-4592-95e3-2779574b6f72 None None] Loading extension file: flavors.py {{(pid=103219) _load_all_extensions_from_path /opt/stack/neutron/neutron/api/extensions.py:449}}
Mar 03 23:05:01.612321 np0000157712 devstack@neutron-api.service[103219]: DEBUG neutron.api.extensions [None req-15a61735-55f1-4592-95e3-2779574b6f72 None None] Ext name="Neutron Service Flavors" alias="flavors" description="Flavor specification for Neutron advanced services." updated="2015-09-17T10:00:00-00:00" {{(pid=103219) _check_extension /opt/stack/neutron/neutron/api/extensions.py:415}}
Mar 03 23:05:01.612488 np0000157712 devstack@neutron-api.service[103219]: INFO neutron.api.extensions [None req-15a61735-55f1-4592-95e3-2779574b6f72 None None] Loaded extension: flavors
Mar 03 23:05:01.612593 np0000157712 devstack@neutron-api.service[103219]: DEBUG neutron.api.extensions [None req-15a61735-55f1-4592-95e3-2779574b6f72 None None] Loading extension file: floating_ip_port_forwarding.py {{(pid=103219) _load_all_extensions_from_path /opt/stack/neutron/neutron/api/extensions.py:449}}
Mar 03 23:05:01.612855 np0000157712 devstack@neutron-api.service[103218]: DEBUG neutron.services.provider_configuration [None req-ac2f872a-3651-423a-9bc6-2979e26c04df None None] Service providers = [] {{(pid=103218) parse_service_provider_opt /opt/stack/neutron/neutron/services/provider_configuration.py:171}}
Mar 03 23:05:01.612966 np0000157712 devstack@neutron-api.service[103219]: DEBUG neutron.api.extensions [None req-15a61735-55f1-4592-95e3-2779574b6f72 None None] Ext name="Floating IP Port Forwarding" alias="floating-ip-port-forwarding" description="Allow port forwarding from floating IP port to an internal port" updated="2018-01-19T10:00:00-00:00" {{(pid=103219) _check_extension /opt/stack/neutron/neutron/api/extensions.py:415}}
Mar 03 23:05:01.612997 np0000157712 devstack@neutron-api.service[103218]: DEBUG neutron.db.servicetype_db [None req-ac2f872a-3651-423a-9bc6-2979e26c04df None None] Adding provider configuration for service L3_ROUTER_NAT {{(pid=103218) add_provider_configuration /opt/stack/neutron/neutron/db/servicetype_db.py:42}}
Mar 03 23:05:01.613086 np0000157712 devstack@neutron-api.service[103219]: INFO neutron.api.extensions [None req-15a61735-55f1-4592-95e3-2779574b6f72 None None] Extension floating-ip-port-forwarding not supported by any of loaded plugins
Mar 03 23:05:01.613181 np0000157712 devstack@neutron-api.service[103219]: DEBUG neutron.api.extensions [None req-15a61735-55f1-4592-95e3-2779574b6f72 None None] Loading extension file: floatingip_pools.py {{(pid=103219) _load_all_extensions_from_path /opt/stack/neutron/neutron/api/extensions.py:449}}
Mar 03 23:05:01.613395 np0000157712 devstack@neutron-api.service[103221]: DEBUG neutron.manager [None req-7bca0a99-39cc-4b65-879b-a93d9209507a None None] Successfully loaded TAG plugin. Description: Tag support {{(pid=103221) _create_and_add_service_plugin /opt/stack/neutron/neutron/manager.py:229}}
Mar 03 23:05:01.613453 np0000157712 devstack@neutron-api.service[103219]: DEBUG neutron.api.extensions [None req-15a61735-55f1-4592-95e3-2779574b6f72 None None] Ext name="Floating IP Pools Extension" alias="floatingip-pools" description="Provides a floating IP pools API." updated="2018-03-21T10:00:00-00:00" {{(pid=103219) _check_extension /opt/stack/neutron/neutron/api/extensions.py:415}}
Mar 03 23:05:01.613488 np0000157712 devstack@neutron-api.service[103221]: INFO neutron.manager [None req-7bca0a99-39cc-4b65-879b-a93d9209507a None None] Loading Plugin: timestamp
Mar 03 23:05:01.613636 np0000157712 devstack@neutron-api.service[103219]: INFO neutron.api.extensions [None req-15a61735-55f1-4592-95e3-2779574b6f72 None None] Loaded extension: floatingip-pools
Mar 03 23:05:01.613718 np0000157712 devstack@neutron-api.service[103219]: DEBUG neutron.api.extensions [None req-15a61735-55f1-4592-95e3-2779574b6f72 None None] Loading extension file: ip_allocation.py {{(pid=103219) _load_all_extensions_from_path /opt/stack/neutron/neutron/api/extensions.py:449}}
Mar 03 23:05:01.613950 np0000157712 devstack@neutron-api.service[103219]: DEBUG neutron.api.extensions [None req-15a61735-55f1-4592-95e3-2779574b6f72 None None] Ext name="IP Allocation" alias="ip_allocation" description="IP allocation extension." updated="2016-06-10T23:00:00-00:00" {{(pid=103219) _check_extension /opt/stack/neutron/neutron/api/extensions.py:415}}
Mar 03 23:05:01.614150 np0000157712 devstack@neutron-api.service[103219]: INFO neutron.api.extensions [None req-15a61735-55f1-4592-95e3-2779574b6f72 None None] Extension ip_allocation not supported by any of loaded plugins
Mar 03 23:05:01.614209 np0000157712 devstack@neutron-api.service[103219]: DEBUG neutron.api.extensions [None req-15a61735-55f1-4592-95e3-2779574b6f72 None None] Loading extension file: ip_substring_port_filtering.py {{(pid=103219) _load_all_extensions_from_path /opt/stack/neutron/neutron/api/extensions.py:449}}
Mar 03 23:05:01.614420 np0000157712 devstack@neutron-api.service[103219]: DEBUG neutron.api.extensions [None req-15a61735-55f1-4592-95e3-2779574b6f72 None None] Ext name="IP address substring filtering" alias="ip-substring-filtering" description="Provides IP address substring filtering when listing ports" updated="2017-11-28T09:00:00-00:00" {{(pid=103219) _check_extension /opt/stack/neutron/neutron/api/extensions.py:415}}
Mar 03 23:05:01.614485 np0000157712 devstack@neutron-api.service[103218]: DEBUG neutron_lib.callbacks.manager [None req-ac2f872a-3651-423a-9bc6-2979e26c04df None None] Subscribe: > router precommit_create 55549900, False {{(pid=103218) subscribe /opt/stack/data/venv/lib/python3.12/site-packages/neutron_lib/callbacks/manager.py:52}}
Mar 03 23:05:01.614668 np0000157712 devstack@neutron-api.service[103219]: INFO neutron.api.extensions [None req-15a61735-55f1-4592-95e3-2779574b6f72 None None] Extension ip-substring-filtering not supported by any of loaded plugins
Mar 03 23:05:01.614704 np0000157712 devstack@neutron-api.service[103218]: DEBUG neutron_lib.callbacks.manager [None req-ac2f872a-3651-423a-9bc6-2979e26c04df None None] Subscribe: > router_interface after_create 55550000, False {{(pid=103218) subscribe /opt/stack/data/venv/lib/python3.12/site-packages/neutron_lib/callbacks/manager.py:52}}
Mar 03 23:05:01.614741 np0000157712 devstack@neutron-api.service[103219]: DEBUG neutron.api.extensions [None req-15a61735-55f1-4592-95e3-2779574b6f72 None None] Loading extension file: l2_adjacency.py {{(pid=103219) _load_all_extensions_from_path /opt/stack/neutron/neutron/api/extensions.py:449}}
Mar 03 23:05:01.614770 np0000157712 devstack@neutron-api.service[103221]: DEBUG neutron.manager [None req-7bca0a99-39cc-4b65-879b-a93d9209507a None None] Successfully loaded timestamp plugin. Description: Adds timestamps to Neutron resources with standard attributes {{(pid=103221) _create_and_add_service_plugin /opt/stack/neutron/neutron/manager.py:229}}
Mar 03 23:05:01.614805 np0000157712 devstack@neutron-api.service[103218]: DEBUG neutron_lib.callbacks.manager [None req-ac2f872a-3651-423a-9bc6-2979e26c04df None None] Subscribe: > floatingip after_create 55550000, False {{(pid=103218) subscribe /opt/stack/data/venv/lib/python3.12/site-packages/neutron_lib/callbacks/manager.py:52}}
Mar 03 23:05:01.614870 np0000157712 devstack@neutron-api.service[103221]: INFO neutron.manager [None req-7bca0a99-39cc-4b65-879b-a93d9209507a None None] Loading Plugin: network_ip_availability
Mar 03 23:05:01.614899 np0000157712 devstack@neutron-api.service[103218]: DEBUG neutron_lib.callbacks.manager [None req-ac2f872a-3651-423a-9bc6-2979e26c04df None None] Subscribe: > floatingip precommit_create 55550000, False {{(pid=103218) subscribe /opt/stack/data/venv/lib/python3.12/site-packages/neutron_lib/callbacks/manager.py:52}}
Mar 03 23:05:01.614929 np0000157712 devstack@neutron-api.service[103219]: DEBUG neutron.api.extensions [None req-15a61735-55f1-4592-95e3-2779574b6f72 None None] Ext name="L2 Adjacency" alias="l2_adjacency" description="Display L2 Adjacency for Neutron Networks." updated="2016-04-12T16:00:00-00:00" {{(pid=103219) _check_extension /opt/stack/neutron/neutron/api/extensions.py:415}}
Mar 03 23:05:01.614987 np0000157712 devstack@neutron-api.service[103218]: DEBUG neutron_lib.callbacks.manager [None req-ac2f872a-3651-423a-9bc6-2979e26c04df None None] Subscribe: > floatingip precommit_update 55550000, False {{(pid=103218) subscribe /opt/stack/data/venv/lib/python3.12/site-packages/neutron_lib/callbacks/manager.py:52}}
Mar 03 23:05:01.615049 np0000157712 devstack@neutron-api.service[103218]: DEBUG neutron_lib.callbacks.manager [None req-ac2f872a-3651-423a-9bc6-2979e26c04df None None] Subscribe: > floatingip after_delete 55550000, False {{(pid=103218) subscribe /opt/stack/data/venv/lib/python3.12/site-packages/neutron_lib/callbacks/manager.py:52}}
Mar 03 23:05:01.615079 np0000157712 devstack@neutron-api.service[103219]: INFO neutron.api.extensions [None req-15a61735-55f1-4592-95e3-2779574b6f72 None None] Extension l2_adjacency not supported by any of loaded plugins
Mar 03 23:05:01.615160 np0000157712 devstack@neutron-api.service[103218]: DEBUG neutron_lib.callbacks.manager [None req-ac2f872a-3651-423a-9bc6-2979e26c04df None None] Subscribe: > floatingip after_status_update 55550000, False {{(pid=103218) subscribe /opt/stack/data/venv/lib/python3.12/site-packages/neutron_lib/callbacks/manager.py:52}}
Mar 03 23:05:01.615198 np0000157712 devstack@neutron-api.service[103219]: DEBUG neutron.api.extensions [None req-15a61735-55f1-4592-95e3-2779574b6f72 None None] Loading extension file: l3.py {{(pid=103219) _load_all_extensions_from_path /opt/stack/neutron/neutron/api/extensions.py:449}}
Mar 03 23:05:01.615281 np0000157712 devstack@neutron-api.service[103218]: DEBUG neutron_lib.callbacks.manager [None req-ac2f872a-3651-423a-9bc6-2979e26c04df None None] Subscribe: > floatingip after_update 55550000, False {{(pid=103218) subscribe /opt/stack/data/venv/lib/python3.12/site-packages/neutron_lib/callbacks/manager.py:52}}
Mar 03 23:05:01.615343 np0000157712 devstack@neutron-api.service[103218]: DEBUG neutron_lib.callbacks.manager [None req-ac2f872a-3651-423a-9bc6-2979e26c04df None None] Subscribe: > port_forwarding after_create 55550000, False {{(pid=103218) subscribe /opt/stack/data/venv/lib/python3.12/site-packages/neutron_lib/callbacks/manager.py:52}}
Mar 03 23:05:01.615501 np0000157712 devstack@neutron-api.service[103218]: DEBUG neutron_lib.callbacks.manager [None req-ac2f872a-3651-423a-9bc6-2979e26c04df None None] Subscribe: > router_interface after_delete 55550000, False {{(pid=103218) subscribe /opt/stack/data/venv/lib/python3.12/site-packages/neutron_lib/callbacks/manager.py:52}}
Mar 03 23:05:01.615568 np0000157712 devstack@neutron-api.service[103218]: DEBUG neutron_lib.callbacks.manager [None req-ac2f872a-3651-423a-9bc6-2979e26c04df None None] Subscribe: > router after_create 55550000, False {{(pid=103218) subscribe /opt/stack/data/venv/lib/python3.12/site-packages/neutron_lib/callbacks/manager.py:52}}
Mar 03 23:05:01.615645 np0000157712 devstack@neutron-api.service[103219]: DEBUG neutron.api.extensions [None req-15a61735-55f1-4592-95e3-2779574b6f72 None None] Ext name="Neutron L3 Router" alias="router" description="Router abstraction for basic L3 forwarding between L2 Neutron networks and access to external networks via a NAT gateway." updated="2012-07-20T10:00:00-00:00" {{(pid=103219) _check_extension /opt/stack/neutron/neutron/api/extensions.py:415}}
Mar 03 23:05:01.615702 np0000157712 devstack@neutron-api.service[103218]: DEBUG neutron_lib.callbacks.manager [None req-ac2f872a-3651-423a-9bc6-2979e26c04df None None] Subscribe: > router precommit_create 55550000, False {{(pid=103218) subscribe /opt/stack/data/venv/lib/python3.12/site-packages/neutron_lib/callbacks/manager.py:52}}
Mar 03 23:05:01.615871 np0000157712 devstack@neutron-api.service[103219]: INFO neutron.api.extensions [None req-15a61735-55f1-4592-95e3-2779574b6f72 None None] Loaded extension: router
