2026-05-09 22:57:34.931 7 INFO cinder.api.openstack.wsgi [None req-d6857762-cd99-4400-895d-07a6448ef9e4 34357ef1648f4dcb891d59f229326f3e 4c182fdae22a476dbf59983e83858928 - - default default] http://cinder-api.openstack.svc.cluster.local:8776/v3/4c182fdae22a476dbf59983e83858928/os-quota-sets/4b120bd752374bb2949002b3e45e2524?usage=true returned with HTTP 200 [pid: 7|app: 0|req: 420/838] 10.0.0.134 () {28 vars in 736 bytes} [Sat May 9 22:57:34 2026] GET /v3/4c182fdae22a476dbf59983e83858928/os-quota-sets/4b120bd752374bb2949002b3e45e2524?usage=true => generated 847 bytes in 33 msecs (HTTP/1.1 200) 7 headers in 285 bytes (1 switches on core 0)
2026-05-09 22:57:34.941 8 INFO cinder.api.openstack.wsgi [None req-f1a10f57-3c0c-49b5-8c07-649f95c20b7e 34357ef1648f4dcb891d59f229326f3e 4c182fdae22a476dbf59983e83858928 - - default default] GET http://cinder-api.openstack.svc.cluster.local:8776/v3/4c182fdae22a476dbf59983e83858928/os-quota-sets/4c182fdae22a476dbf59983e83858928?usage=true
2026-05-09 22:57:34.958 8 INFO cinder.api.openstack.wsgi [None req-f1a10f57-3c0c-49b5-8c07-649f95c20b7e 34357ef1648f4dcb891d59f229326f3e 4c182fdae22a476dbf59983e83858928 - - default default] http://cinder-api.openstack.svc.cluster.local:8776/v3/4c182fdae22a476dbf59983e83858928/os-quota-sets/4c182fdae22a476dbf59983e83858928?usage=true returned with HTTP 200 [pid: 8|app: 0|req: 419/839] 10.0.0.134 () {28 vars in 736 bytes} [Sat May 9 22:57:34 2026] GET /v3/4c182fdae22a476dbf59983e83858928/os-quota-sets/4c182fdae22a476dbf59983e83858928?usage=true => generated 845 bytes in 23 msecs (HTTP/1.1 200) 7 headers in 285 bytes (1 switches on core 0)
2026-05-09 22:57:34.974 7 INFO cinder.api.openstack.wsgi [None req-4a0b3f65-d95b-4929-b3fa-8376d0806a66 34357ef1648f4dcb891d59f229326f3e 4c182fdae22a476dbf59983e83858928 - - default default] GET http://cinder-api.openstack.svc.cluster.local:8776/v3/4c182fdae22a476dbf59983e83858928/os-quota-sets/564b2a97ee8f4b338a7042bfb06088d5?usage=true
2026-05-09 22:57:34.995 7 INFO cinder.api.openstack.wsgi [None req-4a0b3f65-d95b-4929-b3fa-8376d0806a66 34357ef1648f4dcb891d59f229326f3e 4c182fdae22a476dbf59983e83858928 - - default default] http://cinder-api.openstack.svc.cluster.local:8776/v3/4c182fdae22a476dbf59983e83858928/os-quota-sets/564b2a97ee8f4b338a7042bfb06088d5?usage=true returned with HTTP 200 [pid: 7|app: 0|req: 421/840] 10.0.0.134 () {28 vars in 736 bytes} [Sat May 9 22:57:34 2026] GET /v3/4c182fdae22a476dbf59983e83858928/os-quota-sets/564b2a97ee8f4b338a7042bfb06088d5?usage=true => generated 847 bytes in 32 msecs (HTTP/1.1 200) 7 headers in 285 bytes (1 switches on core 0)
2026-05-09 22:57:35.007 8 INFO cinder.api.openstack.wsgi [None req-2fc8c6e7-ceac-48e7-8589-97bde5a1aece 34357ef1648f4dcb891d59f229326f3e 4c182fdae22a476dbf59983e83858928 - - default default] GET http://cinder-api.openstack.svc.cluster.local:8776/v3/4c182fdae22a476dbf59983e83858928/os-quota-sets/61907f62636242448dab2062a77ddeb1?usage=true
2026-05-09 22:57:35.023 8 INFO cinder.api.openstack.wsgi [None req-2fc8c6e7-ceac-48e7-8589-97bde5a1aece 34357ef1648f4dcb891d59f229326f3e 4c182fdae22a476dbf59983e83858928 - - default default] http://cinder-api.openstack.svc.cluster.local:8776/v3/4c182fdae22a476dbf59983e83858928/os-quota-sets/61907f62636242448dab2062a77ddeb1?usage=true returned with HTTP 200 [pid: 8|app: 0|req: 420/841] 10.0.0.134 () {28 vars in 736 bytes} [Sat May 9 22:57:35 2026] GET /v3/4c182fdae22a476dbf59983e83858928/os-quota-sets/61907f62636242448dab2062a77ddeb1?usage=true => generated 847 bytes in 23 msecs (HTTP/1.1 200) 7 headers in 285 bytes (1 switches on core 0)
2026-05-09 22:57:35.035 7 INFO cinder.api.openstack.wsgi [None req-5e053c72-31f3-4e53-98f9-5ef1231564d4 34357ef1648f4dcb891d59f229326f3e 4c182fdae22a476dbf59983e83858928 - - default default] GET http://cinder-api.openstack.svc.cluster.local:8776/v3/4c182fdae22a476dbf59983e83858928/os-quota-sets/6ff00b9b7784444e9437dfc63ff7b330?usage=true
2026-05-09 22:57:35.058 7 INFO cinder.api.openstack.wsgi [None req-5e053c72-31f3-4e53-98f9-5ef1231564d4 34357ef1648f4dcb891d59f229326f3e 4c182fdae22a476dbf59983e83858928 - - default default] http://cinder-api.openstack.svc.cluster.local:8776/v3/4c182fdae22a476dbf59983e83858928/os-quota-sets/6ff00b9b7784444e9437dfc63ff7b330?usage=true returned with HTTP 200 [pid: 7|app: 0|req: 422/842] 10.0.0.134 () {28 vars in 736 bytes} [Sat May 9 22:57:35 2026] GET /v3/4c182fdae22a476dbf59983e83858928/os-quota-sets/6ff00b9b7784444e9437dfc63ff7b330?usage=true => generated 845 bytes in 31 msecs (HTTP/1.1 200) 7 headers in 285 bytes (1 switches on core 0)
2026-05-09 22:57:35.071 8 INFO cinder.api.openstack.wsgi [None req-c42e76b8-37e7-458e-b9d3-8736d187da19 34357ef1648f4dcb891d59f229326f3e 4c182fdae22a476dbf59983e83858928 - - default default] GET http://cinder-api.openstack.svc.cluster.local:8776/v3/4c182fdae22a476dbf59983e83858928/os-quota-sets/7e6485ac632c447a89f6201af06da1f8?usage=true
2026-05-09 22:57:35.087 8 INFO cinder.api.openstack.wsgi [None req-c42e76b8-37e7-458e-b9d3-8736d187da19 34357ef1648f4dcb891d59f229326f3e 4c182fdae22a476dbf59983e83858928 - - default default] http://cinder-api.openstack.svc.cluster.local:8776/v3/4c182fdae22a476dbf59983e83858928/os-quota-sets/7e6485ac632c447a89f6201af06da1f8?usage=true returned with HTTP 200 [pid: 8|app: 0|req: 421/843] 10.0.0.134 () {28 vars in 736 bytes} [Sat May 9 22:57:35 2026] GET /v3/4c182fdae22a476dbf59983e83858928/os-quota-sets/7e6485ac632c447a89f6201af06da1f8?usage=true => generated 847 bytes in 23 msecs (HTTP/1.1 200) 7 headers in 285 bytes (1 switches on core 0)
2026-05-09 22:57:35.104 7 INFO cinder.api.openstack.wsgi [None req-899414bf-efdf-4de2-bdbc-564c4248cd26 34357ef1648f4dcb891d59f229326f3e 4c182fdae22a476dbf59983e83858928 - - default default] GET http://cinder-api.openstack.svc.cluster.local:8776/v3/4c182fdae22a476dbf59983e83858928/os-quota-sets/924b19c3240842eebe3e5a86042833e3?usage=true
2026-05-09 22:57:35.126 7 INFO cinder.api.openstack.wsgi [None req-899414bf-efdf-4de2-bdbc-564c4248cd26 34357ef1648f4dcb891d59f229326f3e 4c182fdae22a476dbf59983e83858928 - - default default] http://cinder-api.openstack.svc.cluster.local:8776/v3/4c182fdae22a476dbf59983e83858928/os-quota-sets/924b19c3240842eebe3e5a86042833e3?usage=true returned with HTTP 200 [pid: 7|app: 0|req: 423/844] 10.0.0.134 () {28 vars in 736 bytes} [Sat May 9 22:57:35 2026] GET /v3/4c182fdae22a476dbf59983e83858928/os-quota-sets/924b19c3240842eebe3e5a86042833e3?usage=true => generated 847 bytes in 33 msecs (HTTP/1.1 200) 7 headers in 285 bytes (1 switches on core 0)
2026-05-09 22:57:35.142 8 INFO cinder.api.openstack.wsgi [None req-a93b7a8b-db26-4b88-94f8-ae0d6fc7244e 34357ef1648f4dcb891d59f229326f3e 4c182fdae22a476dbf59983e83858928 - - default default] GET http://cinder-api.openstack.svc.cluster.local:8776/v3/4c182fdae22a476dbf59983e83858928/os-quota-sets/9c41602d89334886ad9d49b899f98073?usage=true
2026-05-09 22:57:35.161 8 INFO cinder.api.openstack.wsgi [None req-a93b7a8b-db26-4b88-94f8-ae0d6fc7244e 34357ef1648f4dcb891d59f229326f3e 4c182fdae22a476dbf59983e83858928 - - default default] http://cinder-api.openstack.svc.cluster.local:8776/v3/4c182fdae22a476dbf59983e83858928/os-quota-sets/9c41602d89334886ad9d49b899f98073?usage=true returned with HTTP 200 [pid: 8|app: 0|req: 422/845] 10.0.0.134 () {28 vars in 736 bytes} [Sat May 9 22:57:35 2026] GET /v3/4c182fdae22a476dbf59983e83858928/os-quota-sets/9c41602d89334886ad9d49b899f98073?usage=true => generated 847 bytes in 29 msecs (HTTP/1.1 200) 7 headers in 285 bytes (1 switches on core 0)
2026-05-09 22:57:35.178 7 INFO cinder.api.openstack.wsgi [None req-05d3aedf-d80e-4a07-9ec1-658b989637f3 34357ef1648f4dcb891d59f229326f3e 4c182fdae22a476dbf59983e83858928 - - default default] GET http://cinder-api.openstack.svc.cluster.local:8776/v3/4c182fdae22a476dbf59983e83858928/os-quota-sets/9c4f33403fb34320b2ec4932fff2c89f?usage=true
2026-05-09 22:57:35.205 7 INFO cinder.api.openstack.wsgi [None req-05d3aedf-d80e-4a07-9ec1-658b989637f3 34357ef1648f4dcb891d59f229326f3e 4c182fdae22a476dbf59983e83858928 - - default default] http://cinder-api.openstack.svc.cluster.local:8776/v3/4c182fdae22a476dbf59983e83858928/os-quota-sets/9c4f33403fb34320b2ec4932fff2c89f?usage=true returned with HTTP 200 [pid: 7|app: 0|req: 424/846] 10.0.0.134 () {28 vars in 736 bytes} [Sat May 9 22:57:35 2026] GET /v3/4c182fdae22a476dbf59983e83858928/os-quota-sets/9c4f33403fb34320b2ec4932fff2c89f?usage=true => generated 847 bytes in 42 msecs (HTTP/1.1 200) 7 headers in 285 bytes (1 switches on core 0)
2026-05-09 22:57:35.222 8 INFO cinder.api.openstack.wsgi [None req-18f4d2c4-6f57-4682-b6f0-e681dc3ce83f 34357ef1648f4dcb891d59f229326f3e 4c182fdae22a476dbf59983e83858928 - - default default] GET http://cinder-api.openstack.svc.cluster.local:8776/v3/4c182fdae22a476dbf59983e83858928/os-quota-sets/a49aa41bf26648e8b670ac1a5074a35e?usage=true
2026-05-09 22:57:35.237 8 INFO cinder.api.openstack.wsgi [None req-18f4d2c4-6f57-4682-b6f0-e681dc3ce83f 34357ef1648f4dcb891d59f229326f3e 4c182fdae22a476dbf59983e83858928 - - default default] http://cinder-api.openstack.svc.cluster.local:8776/v3/4c182fdae22a476dbf59983e83858928/os-quota-sets/a49aa41bf26648e8b670ac1a5074a35e?usage=true returned with HTTP 200 [pid: 8|app: 0|req: 423/847] 10.0.0.134 () {28 vars in 736 bytes} [Sat May 9 22:57:35 2026] GET /v3/4c182fdae22a476dbf59983e83858928/os-quota-sets/a49aa41bf26648e8b670ac1a5074a35e?usage=true => generated 847 bytes in 23 msecs (HTTP/1.1 200) 7 headers in 285 bytes (1 switches on core 0)
2026-05-09 22:57:35.249 7 INFO cinder.api.openstack.wsgi [None req-20a91d78-5da9-4e02-8962-dfad99755bce 34357ef1648f4dcb891d59f229326f3e 4c182fdae22a476dbf59983e83858928 - - default default] GET http://cinder-api.openstack.svc.cluster.local:8776/v3/4c182fdae22a476dbf59983e83858928/os-quota-sets/b58db8fb5bbf4fe3bb7b30000668e396?usage=true
2026-05-09 22:57:35.278 7 INFO cinder.api.openstack.wsgi [None req-20a91d78-5da9-4e02-8962-dfad99755bce 34357ef1648f4dcb891d59f229326f3e 4c182fdae22a476dbf59983e83858928 - - default default] http://cinder-api.openstack.svc.cluster.local:8776/v3/4c182fdae22a476dbf59983e83858928/os-quota-sets/b58db8fb5bbf4fe3bb7b30000668e396?usage=true returned with HTTP 200 [pid: 7|app: 0|req: 425/848] 10.0.0.134 () {28 vars in 736 bytes} [Sat May 9 22:57:35 2026] GET /v3/4c182fdae22a476dbf59983e83858928/os-quota-sets/b58db8fb5bbf4fe3bb7b30000668e396?usage=true => generated 847 bytes in 38 msecs (HTTP/1.1 200) 7 headers in 285 bytes (1 switches on core 0)
2026-05-09 22:57:35.288 8 INFO cinder.api.openstack.wsgi [None req-ca2a9d21-a3d1-45e2-8999-c2f009f26153 34357ef1648f4dcb891d59f229326f3e 4c182fdae22a476dbf59983e83858928 - - default default] GET http://cinder-api.openstack.svc.cluster.local:8776/v3/4c182fdae22a476dbf59983e83858928/os-quota-sets/bc568c12587d43ec953c5ac1ce7dc4d0?usage=true
2026-05-09 22:57:35.306 8 INFO cinder.api.openstack.wsgi [None req-ca2a9d21-a3d1-45e2-8999-c2f009f26153 34357ef1648f4dcb891d59f229326f3e 4c182fdae22a476dbf59983e83858928 - - default default] http://cinder-api.openstack.svc.cluster.local:8776/v3/4c182fdae22a476dbf59983e83858928/os-quota-sets/bc568c12587d43ec953c5ac1ce7dc4d0?usage=true returned with HTTP 200 [pid: 8|app: 0|req: 424/849] 10.0.0.134 () {28 vars in 736 bytes} [Sat May 9 22:57:35 2026] GET /v3/4c182fdae22a476dbf59983e83858928/os-quota-sets/bc568c12587d43ec953c5ac1ce7dc4d0?usage=true => generated 847 bytes in 24 msecs (HTTP/1.1 200) 7 headers in 285 bytes (1 switches on core 0)
2026-05-09 22:57:35.320 7 INFO cinder.api.openstack.wsgi [None req-51c264c0-a08a-437f-a77f-4403a0fb1f1b 34357ef1648f4dcb891d59f229326f3e 4c182fdae22a476dbf59983e83858928 - - default default] GET http://cinder-api.openstack.svc.cluster.local:8776/v3/4c182fdae22a476dbf59983e83858928/os-quota-sets/c3cea9015d8c4b8fb96a8f1571200d96?usage=true
2026-05-09 22:57:35.343 7 INFO cinder.api.openstack.wsgi [None req-51c264c0-a08a-437f-a77f-4403a0fb1f1b 34357ef1648f4dcb891d59f229326f3e 4c182fdae22a476dbf59983e83858928 - - default default] http://cinder-api.openstack.svc.cluster.local:8776/v3/4c182fdae22a476dbf59983e83858928/os-quota-sets/c3cea9015d8c4b8fb96a8f1571200d96?usage=true returned with HTTP 200 [pid: 7|app: 0|req: 426/850] 10.0.0.134 () {28 vars in 736 bytes} [Sat May 9 22:57:35 2026] GET /v3/4c182fdae22a476dbf59983e83858928/os-quota-sets/c3cea9015d8c4b8fb96a8f1571200d96?usage=true => generated 847 bytes in 31 msecs (HTTP/1.1 200) 7 headers in 285 bytes (1 switches on core 0)
2026-05-09 22:57:35.357 8 INFO cinder.api.openstack.wsgi [None req-ee2f4e8d-79d4-4fe4-bc6f-228cc5837815 34357ef1648f4dcb891d59f229326f3e 4c182fdae22a476dbf59983e83858928 - - default default] GET http://cinder-api.openstack.svc.cluster.local:8776/v3/4c182fdae22a476dbf59983e83858928/os-quota-sets/c52ea4c5f6ea41e4be7d4b0195249a08?usage=true
2026-05-09 22:57:35.373 8 INFO cinder.api.openstack.wsgi [None req-ee2f4e8d-79d4-4fe4-bc6f-228cc5837815 34357ef1648f4dcb891d59f229326f3e 4c182fdae22a476dbf59983e83858928 - - default default] http://cinder-api.openstack.svc.cluster.local:8776/v3/4c182fdae22a476dbf59983e83858928/os-quota-sets/c52ea4c5f6ea41e4be7d4b0195249a08?usage=true returned with HTTP 200 [pid: 8|app: 0|req: 425/851] 10.0.0.134 () {28 vars in 736 bytes} [Sat May 9 22:57:35 2026] GET /v3/4c182fdae22a476dbf59983e83858928/os-quota-sets/c52ea4c5f6ea41e4be7d4b0195249a08?usage=true => generated 847 bytes in 22 msecs (HTTP/1.1 200) 7 headers in 285 bytes (1 switches on core 0)
2026-05-09 22:57:35.385 7 INFO cinder.api.openstack.wsgi [None req-6e93dee6-256a-4c5e-b5be-59896ace55a2 34357ef1648f4dcb891d59f229326f3e 4c182fdae22a476dbf59983e83858928 - - default default] GET http://cinder-api.openstack.svc.cluster.local:8776/v3/4c182fdae22a476dbf59983e83858928/volumes/detail?all_tenants=true
2026-05-09 22:57:35.398 7 INFO cinder.volume.api [None req-6e93dee6-256a-4c5e-b5be-59896ace55a2 34357ef1648f4dcb891d59f229326f3e 4c182fdae22a476dbf59983e83858928 - - default default] Get all volumes completed successfully.
2026-05-09 22:57:35.400 7 INFO cinder.api.openstack.wsgi [None req-6e93dee6-256a-4c5e-b5be-59896ace55a2 34357ef1648f4dcb891d59f229326f3e 4c182fdae22a476dbf59983e83858928 - - default default] http://cinder-api.openstack.svc.cluster.local:8776/v3/4c182fdae22a476dbf59983e83858928/volumes/detail?all_tenants=true returned with HTTP 200 [pid: 7|app: 0|req: 427/852] 10.0.0.134 () {28 vars in 684 bytes} [Sat May 9 22:57:35 2026] GET /v3/4c182fdae22a476dbf59983e83858928/volumes/detail?all_tenants=true => generated 15 bytes in 23 msecs (HTTP/1.1 200) 7 headers in 284 bytes (1 switches on core 0)
2026-05-09 22:57:35.412 8 INFO cinder.api.openstack.wsgi [None req-87c5ccb1-7fc2-4745-9838-b684f174fb17 34357ef1648f4dcb891d59f229326f3e 4c182fdae22a476dbf59983e83858928 - - default default] GET http://cinder-api.openstack.svc.cluster.local:8776/v3/4c182fdae22a476dbf59983e83858928/snapshots?all_tenants=true
2026-05-09 22:57:35.429 8 INFO cinder.volume.api [None req-87c5ccb1-7fc2-4745-9838-b684f174fb17 34357ef1648f4dcb891d59f229326f3e 4c182fdae22a476dbf59983e83858928 - - default default] Get all snapshots completed successfully.
2026-05-09 22:57:35.430 8 INFO cinder.api.openstack.wsgi [None req-87c5ccb1-7fc2-4745-9838-b684f174fb17 34357ef1648f4dcb891d59f229326f3e 4c182fdae22a476dbf59983e83858928 - - default default] http://cinder-api.openstack.svc.cluster.local:8776/v3/4c182fdae22a476dbf59983e83858928/snapshots?all_tenants=true returned with HTTP 200 [pid: 8|app: 0|req: 426/853] 10.0.0.134 () {28 vars in 674 bytes} [Sat May 9 22:57:35 2026] GET /v3/4c182fdae22a476dbf59983e83858928/snapshots?all_tenants=true => generated 17 bytes in 25 msecs (HTTP/1.1 200) 7 headers in 284 bytes (1 switches on core 0)
2026-05-09 22:57:35.446 7 INFO cinder.api.openstack.wsgi [None req-06b87cee-1e96-4203-a350-1e1ec610ceb3 34357ef1648f4dcb891d59f229326f3e 4c182fdae22a476dbf59983e83858928 - - default default] GET http://cinder-api.openstack.svc.cluster.local:8776/v3/4c182fdae22a476dbf59983e83858928/os-services
2026-05-09 22:57:35.454 7 INFO cinder.api.openstack.wsgi [None req-06b87cee-1e96-4203-a350-1e1ec610ceb3 34357ef1648f4dcb891d59f229326f3e 4c182fdae22a476dbf59983e83858928 - - default default] http://cinder-api.openstack.svc.cluster.local:8776/v3/4c182fdae22a476dbf59983e83858928/os-services returned with HTTP 200 [pid: 7|app: 0|req: 428/854] 10.0.0.134 () {28 vars in 645 bytes} [Sat May 9 22:57:35 2026] GET /v3/4c182fdae22a476dbf59983e83858928/os-services => generated 646 bytes in 18 msecs (HTTP/1.1 200) 7 headers in 285 bytes (1 switches on core 0)
2026-05-09 22:57:35.464 8 INFO cinder.api.openstack.wsgi [None req-21d427aa-1c43-4fed-bcda-993795ff34ec 34357ef1648f4dcb891d59f229326f3e 4c182fdae22a476dbf59983e83858928 - - default default] GET http://cinder-api.openstack.svc.cluster.local:8776/v3/4c182fdae22a476dbf59983e83858928/volumes/detail?all_tenants=true
2026-05-09 22:57:35.473 8 INFO cinder.volume.api [None req-21d427aa-1c43-4fed-bcda-993795ff34ec 34357ef1648f4dcb891d59f229326f3e 4c182fdae22a476dbf59983e83858928 - - default default] Get all volumes completed successfully.
2026-05-09 22:57:35.477 8 INFO cinder.api.openstack.wsgi [None req-21d427aa-1c43-4fed-bcda-993795ff34ec 34357ef1648f4dcb891d59f229326f3e 4c182fdae22a476dbf59983e83858928 - - default default] http://cinder-api.openstack.svc.cluster.local:8776/v3/4c182fdae22a476dbf59983e83858928/volumes/detail?all_tenants=true returned with HTTP 200 [pid: 8|app: 0|req: 427/855] 10.0.0.134 () {28 vars in 684 bytes} [Sat May 9 22:57:35 2026] GET /v3/4c182fdae22a476dbf59983e83858928/volumes/detail?all_tenants=true => generated 15 bytes in 17 msecs (HTTP/1.1 200) 7 headers in 284 bytes (1 switches on core 0)
2026-05-09 22:57:35.492 7 INFO cinder.api.openstack.wsgi [None req-bf8c8298-3f90-4f5c-9957-7f9e347d64e9 34357ef1648f4dcb891d59f229326f3e 4c182fdae22a476dbf59983e83858928 - - default default] GET http://cinder-api.openstack.svc.cluster.local:8776/v3/4c182fdae22a476dbf59983e83858928/scheduler-stats/get_pools?detail=true
2026-05-09 22:57:35.996 7 INFO cinder.api.openstack.wsgi [None req-bf8c8298-3f90-4f5c-9957-7f9e347d64e9 34357ef1648f4dcb891d59f229326f3e 4c182fdae22a476dbf59983e83858928 - - default default] http://cinder-api.openstack.svc.cluster.local:8776/v3/4c182fdae22a476dbf59983e83858928/scheduler-stats/get_pools?detail=true returned with HTTP 200 [pid: 7|app: 0|req: 429/856] 10.0.0.134 () {28 vars in 696 bytes} [Sat May 9 22:57:35 2026] GET /v3/4c182fdae22a476dbf59983e83858928/scheduler-stats/get_pools?detail=true => generated 670 bytes in 513 msecs (HTTP/1.1 200) 7 headers in 285 bytes (1 switches on core 0)
2026-05-09 22:57:41.104 8 INFO cinder.api.openstack.wsgi [None req-21d427aa-1c43-4fed-bcda-993795ff34ec 34357ef1648f4dcb891d59f229326f3e 4c182fdae22a476dbf59983e83858928 - - default default] GET http://10.0.0.101:8776/
2026-05-09 22:57:41.104 7 INFO cinder.api.openstack.wsgi [None req-bf8c8298-3f90-4f5c-9957-7f9e347d64e9 34357ef1648f4dcb891d59f229326f3e 4c182fdae22a476dbf59983e83858928 - - default default] GET http://10.0.0.101:8776/
2026-05-09 22:57:41.104 8 INFO cinder.api.openstack.wsgi [None req-21d427aa-1c43-4fed-bcda-993795ff34ec 34357ef1648f4dcb891d59f229326f3e 4c182fdae22a476dbf59983e83858928 - - default default] http://10.0.0.101:8776/ returned with HTTP 300
2026-05-09 22:57:41.105 7 INFO cinder.api.openstack.wsgi [None req-bf8c8298-3f90-4f5c-9957-7f9e347d64e9 34357ef1648f4dcb891d59f229326f3e 4c182fdae22a476dbf59983e83858928 - - default default] http://10.0.0.101:8776/ returned with HTTP 300
2026-05-09 22:57:51.104 8 INFO cinder.api.openstack.wsgi [None req-21d427aa-1c43-4fed-bcda-993795ff34ec 34357ef1648f4dcb891d59f229326f3e 4c182fdae22a476dbf59983e83858928 - - default default] GET http://10.0.0.101:8776/
2026-05-09 22:57:51.105 8 INFO cinder.api.openstack.wsgi [None req-21d427aa-1c43-4fed-bcda-993795ff34ec 34357ef1648f4dcb891d59f229326f3e 4c182fdae22a476dbf59983e83858928 - - default default] http://10.0.0.101:8776/ returned with HTTP 300
2026-05-09 22:57:51.106 7 INFO cinder.api.openstack.wsgi [None req-bf8c8298-3f90-4f5c-9957-7f9e347d64e9 34357ef1648f4dcb891d59f229326f3e 4c182fdae22a476dbf59983e83858928 - - default default] GET http://10.0.0.101:8776/
2026-05-09 22:57:51.106 7 INFO cinder.api.openstack.wsgi [None req-bf8c8298-3f90-4f5c-9957-7f9e347d64e9 34357ef1648f4dcb891d59f229326f3e 4c182fdae22a476dbf59983e83858928 - - default default] http://10.0.0.101:8776/ returned with HTTP 300
2026-05-09 22:58:01.104 7 INFO cinder.api.openstack.wsgi [None req-bf8c8298-3f90-4f5c-9957-7f9e347d64e9 34357ef1648f4dcb891d59f229326f3e 4c182fdae22a476dbf59983e83858928 - - default default] GET http://10.0.0.101:8776/
2026-05-09 22:58:01.104 8 INFO cinder.api.openstack.wsgi [None req-21d427aa-1c43-4fed-bcda-993795ff34ec 34357ef1648f4dcb891d59f229326f3e 4c182fdae22a476dbf59983e83858928 - - default default] GET http://10.0.0.101:8776/
2026-05-09 22:58:01.105 7 INFO cinder.api.openstack.wsgi [None req-bf8c8298-3f90-4f5c-9957-7f9e347d64e9 34357ef1648f4dcb891d59f229326f3e 4c182fdae22a476dbf59983e83858928 - - default default] http://10.0.0.101:8776/ returned with HTTP 300
2026-05-09 22:58:01.105 8 INFO cinder.api.openstack.wsgi [None req-21d427aa-1c43-4fed-bcda-993795ff34ec 34357ef1648f4dcb891d59f229326f3e 4c182fdae22a476dbf59983e83858928 - - default default] http://10.0.0.101:8776/ returned with HTTP 300
2026-05-09 22:58:11.104 8 INFO cinder.api.openstack.wsgi [None req-21d427aa-1c43-4fed-bcda-993795ff34ec 34357ef1648f4dcb891d59f229326f3e 4c182fdae22a476dbf59983e83858928 - - default default] GET http://10.0.0.101:8776/
2026-05-09 22:58:11.104 7 INFO cinder.api.openstack.wsgi [None req-bf8c8298-3f90-4f5c-9957-7f9e347d64e9 34357ef1648f4dcb891d59f229326f3e 4c182fdae22a476dbf59983e83858928 - - default default] GET http://10.0.0.101:8776/
2026-05-09 22:58:11.105 8 INFO cinder.api.openstack.wsgi [None req-21d427aa-1c43-4fed-bcda-993795ff34ec 34357ef1648f4dcb891d59f229326f3e 4c182fdae22a476dbf59983e83858928 - - default default] http://10.0.0.101:8776/ returned with HTTP 300
2026-05-09 22:58:11.105 7 INFO cinder.api.openstack.wsgi [None req-bf8c8298-3f90-4f5c-9957-7f9e347d64e9 34357ef1648f4dcb891d59f229326f3e 4c182fdae22a476dbf59983e83858928 - - default default] http://10.0.0.101:8776/ returned with HTTP 300
2026-05-09 22:58:14.316 8 INFO cinder.api.openstack.wsgi [None req-15dab527-db09-417b-8f66-45572abfdd23 34357ef1648f4dcb891d59f229326f3e 4c182fdae22a476dbf59983e83858928 - - default default] POST http://cinder-api.openstack.svc.cluster.local:8776/v3/4c182fdae22a476dbf59983e83858928/volumes
2026-05-09 22:58:14.409 8 INFO cinder.api.v3.volumes [None req-15dab527-db09-417b-8f66-45572abfdd23 34357ef1648f4dcb891d59f229326f3e 4c182fdae22a476dbf59983e83858928 - - default default] Create volume of 16 GB
2026-05-09 22:58:14.415 8 INFO cinder.volume.api [None req-15dab527-db09-417b-8f66-45572abfdd23 34357ef1648f4dcb891d59f229326f3e 4c182fdae22a476dbf59983e83858928 - - default default] Availability Zones retrieved successfully.
2026-05-09 22:58:14.603 8 INFO cinder.volume.api [None req-15dab527-db09-417b-8f66-45572abfdd23 34357ef1648f4dcb891d59f229326f3e 4c182fdae22a476dbf59983e83858928 - - default default] Create volume request issued successfully.
2026-05-09 22:58:14.604 8 INFO cinder.api.openstack.wsgi [None req-15dab527-db09-417b-8f66-45572abfdd23 34357ef1648f4dcb891d59f229326f3e 4c182fdae22a476dbf59983e83858928 - - default default] http://cinder-api.openstack.svc.cluster.local:8776/v3/4c182fdae22a476dbf59983e83858928/volumes returned with HTTP 202 [pid: 8|app: 0|req: 432/865] 199.204.45.78 () {34 vars in 733 bytes} [Sat May 9 22:58:14 2026] POST /v3/4c182fdae22a476dbf59983e83858928/volumes => generated 846 bytes in 381 msecs (HTTP/1.1 202) 7 headers in 291 bytes (1 switches on core 0)
2026-05-09 22:58:14.619 7 INFO cinder.api.openstack.wsgi [req-15dab527-db09-417b-8f66-45572abfdd23 req-84dd69e9-9798-4e32-9cb8-03a5953d6aa8 34357ef1648f4dcb891d59f229326f3e 4c182fdae22a476dbf59983e83858928 - - default default] GET http://cinder-api.openstack.svc.cluster.local:8776/v3/4c182fdae22a476dbf59983e83858928/volumes/9c01d577-4bcc-422d-9f1f-0789df20f5f1 /var/lib/openstack/lib/python3.12/site-packages/oslo_context/context.py:101: DeprecationWarning: Policy enforcement is depending on the value of is_admin. This key is deprecated. Please update your policy file to use the standard policy values. warnings.warn(
2026-05-09 22:58:14.652 7 INFO cinder.volume.api [req-15dab527-db09-417b-8f66-45572abfdd23 req-84dd69e9-9798-4e32-9cb8-03a5953d6aa8 34357ef1648f4dcb891d59f229326f3e 4c182fdae22a476dbf59983e83858928 - - default default] Volume info retrieved successfully.
2026-05-09 22:58:14.657 7 INFO cinder.api.openstack.wsgi [req-15dab527-db09-417b-8f66-45572abfdd23 req-84dd69e9-9798-4e32-9cb8-03a5953d6aa8 34357ef1648f4dcb891d59f229326f3e 4c182fdae22a476dbf59983e83858928 - - default default] http://cinder-api.openstack.svc.cluster.local:8776/v3/4c182fdae22a476dbf59983e83858928/volumes/9c01d577-4bcc-422d-9f1f-0789df20f5f1 returned with HTTP 200 [pid: 7|app: 0|req: 434/866] 199.204.45.78 () {32 vars in 824 bytes} [Sat May 9 22:58:14 2026] GET /v3/4c182fdae22a476dbf59983e83858928/volumes/9c01d577-4bcc-422d-9f1f-0789df20f5f1 => generated 1025 bytes in 45 msecs (HTTP/1.1 200) 7 headers in 286 bytes (1 switches on core 0) /var/lib/openstack/lib/python3.12/site-packages/pycadf/identifier.py:70: UserWarning: Invalid uuid: cinderv3. To ensure interoperability, identifiers should be a valid uuid. warnings.warn(('Invalid uuid: %s. To ensure interoperability, '
2026-05-09 22:58:19.674 8 INFO cinder.api.openstack.wsgi [req-15dab527-db09-417b-8f66-45572abfdd23 req-785d4097-4664-4bd0-8fe2-f98065204db2 34357ef1648f4dcb891d59f229326f3e 4c182fdae22a476dbf59983e83858928 - - default default] GET http://cinder-api.openstack.svc.cluster.local:8776/v3/4c182fdae22a476dbf59983e83858928/volumes/9c01d577-4bcc-422d-9f1f-0789df20f5f1 /var/lib/openstack/lib/python3.12/site-packages/oslo_context/context.py:101: DeprecationWarning: Policy enforcement is depending on the value of is_admin. This key is deprecated. Please update your policy file to use the standard policy values. warnings.warn(
2026-05-09 22:58:19.688 8 INFO cinder.volume.api [req-15dab527-db09-417b-8f66-45572abfdd23 req-785d4097-4664-4bd0-8fe2-f98065204db2 34357ef1648f4dcb891d59f229326f3e 4c182fdae22a476dbf59983e83858928 - - default default] Volume info retrieved successfully.
2026-05-09 22:58:19.694 8 INFO cinder.api.openstack.wsgi [req-15dab527-db09-417b-8f66-45572abfdd23 req-785d4097-4664-4bd0-8fe2-f98065204db2 34357ef1648f4dcb891d59f229326f3e 4c182fdae22a476dbf59983e83858928 - - default default] http://cinder-api.openstack.svc.cluster.local:8776/v3/4c182fdae22a476dbf59983e83858928/volumes/9c01d577-4bcc-422d-9f1f-0789df20f5f1 returned with HTTP 200 [pid: 8|app: 0|req: 433/867] 199.204.45.78 () {32 vars in 824 bytes} [Sat May 9 22:58:19 2026] GET /v3/4c182fdae22a476dbf59983e83858928/volumes/9c01d577-4bcc-422d-9f1f-0789df20f5f1 => generated 1489 bytes in 28 msecs (HTTP/1.1 200) 7 headers in 286 bytes (1 switches on core 0) /var/lib/openstack/lib/python3.12/site-packages/pycadf/identifier.py:70: UserWarning: Invalid uuid: cinderv3. To ensure interoperability, identifiers should be a valid uuid. warnings.warn(('Invalid uuid: %s. To ensure interoperability, '
2026-05-09 22:58:20.135 7 INFO cinder.api.openstack.wsgi [req-97e64264-3fb1-4626-a9c9-b90d91567ea8 req-6ad01c82-1eba-432e-840b-dc6cc730b2a5 34357ef1648f4dcb891d59f229326f3e 4c182fdae22a476dbf59983e83858928 - - default default] GET http://cinder-api.openstack.svc.cluster.local:8776/v3/4c182fdae22a476dbf59983e83858928/volumes/9c01d577-4bcc-422d-9f1f-0789df20f5f1 /var/lib/openstack/lib/python3.12/site-packages/oslo_context/context.py:101: DeprecationWarning: Policy enforcement is depending on the value of is_admin. This key is deprecated. Please update your policy file to use the standard policy values. warnings.warn(
2026-05-09 22:58:20.148 7 INFO cinder.volume.api [req-97e64264-3fb1-4626-a9c9-b90d91567ea8 req-6ad01c82-1eba-432e-840b-dc6cc730b2a5 34357ef1648f4dcb891d59f229326f3e 4c182fdae22a476dbf59983e83858928 - - default default] Volume info retrieved successfully.
2026-05-09 22:58:20.153 7 INFO cinder.api.openstack.wsgi [req-97e64264-3fb1-4626-a9c9-b90d91567ea8 req-6ad01c82-1eba-432e-840b-dc6cc730b2a5 34357ef1648f4dcb891d59f229326f3e 4c182fdae22a476dbf59983e83858928 - - default default] http://cinder-api.openstack.svc.cluster.local:8776/v3/4c182fdae22a476dbf59983e83858928/volumes/9c01d577-4bcc-422d-9f1f-0789df20f5f1 returned with HTTP 200 [pid: 7|app: 0|req: 435/868] 10.0.0.34 () {34 vars in 1027 bytes} [Sat May 9 22:58:20 2026] GET /v3/4c182fdae22a476dbf59983e83858928/volumes/9c01d577-4bcc-422d-9f1f-0789df20f5f1 => generated 1489 bytes in 22 msecs (HTTP/1.1 200) 7 headers in 286 bytes (1 switches on core 0) /var/lib/openstack/lib/python3.12/site-packages/pycadf/identifier.py:70: UserWarning: Invalid uuid: cinderv3. To ensure interoperability, identifiers should be a valid uuid. warnings.warn(('Invalid uuid: %s. To ensure interoperability, '
2026-05-09 22:58:20.532 8 INFO cinder.api.openstack.wsgi [req-97e64264-3fb1-4626-a9c9-b90d91567ea8 req-c9a25e1c-a64f-477b-b98e-c79fdc639414 34357ef1648f4dcb891d59f229326f3e 4c182fdae22a476dbf59983e83858928 - - default default] GET http://cinder-api.openstack.svc.cluster.local:8776/v3/4c182fdae22a476dbf59983e83858928/volumes/9c01d577-4bcc-422d-9f1f-0789df20f5f1 /var/lib/openstack/lib/python3.12/site-packages/oslo_context/context.py:101: DeprecationWarning: Policy enforcement is depending on the value of is_admin. This key is deprecated. Please update your policy file to use the standard policy values. warnings.warn(
2026-05-09 22:58:20.550 8 INFO cinder.volume.api [req-97e64264-3fb1-4626-a9c9-b90d91567ea8 req-c9a25e1c-a64f-477b-b98e-c79fdc639414 34357ef1648f4dcb891d59f229326f3e 4c182fdae22a476dbf59983e83858928 - - default default] Volume info retrieved successfully.
2026-05-09 22:58:20.557 8 INFO cinder.api.openstack.wsgi [req-97e64264-3fb1-4626-a9c9-b90d91567ea8 req-c9a25e1c-a64f-477b-b98e-c79fdc639414 34357ef1648f4dcb891d59f229326f3e 4c182fdae22a476dbf59983e83858928 - - default default] http://cinder-api.openstack.svc.cluster.local:8776/v3/4c182fdae22a476dbf59983e83858928/volumes/9c01d577-4bcc-422d-9f1f-0789df20f5f1 returned with HTTP 200 [pid: 8|app: 0|req: 434/869] 10.0.0.34 () {34 vars in 1027 bytes} [Sat May 9 22:58:20 2026] GET /v3/4c182fdae22a476dbf59983e83858928/volumes/9c01d577-4bcc-422d-9f1f-0789df20f5f1 => generated 1489 bytes in 31 msecs (HTTP/1.1 200) 7 headers in 286 bytes (1 switches on core 0)
2026-05-09 22:58:20.567 7 INFO cinder.api.openstack.wsgi [req-97e64264-3fb1-4626-a9c9-b90d91567ea8 req-6ad01c82-1eba-432e-840b-dc6cc730b2a5 34357ef1648f4dcb891d59f229326f3e 4c182fdae22a476dbf59983e83858928 - - default default] GET http://cinder-api.openstack.svc.cluster.local:8776/
2026-05-09 22:58:20.568 7 INFO cinder.api.openstack.wsgi [req-97e64264-3fb1-4626-a9c9-b90d91567ea8 req-6ad01c82-1eba-432e-840b-dc6cc730b2a5 34357ef1648f4dcb891d59f229326f3e 4c182fdae22a476dbf59983e83858928 - - default default] http://cinder-api.openstack.svc.cluster.local:8776/ returned with HTTP 300 [pid: 7|app: 0|req: 436/870] 10.0.0.34 () {32 vars in 828 bytes} [Sat May 9 22:58:20 2026] GET / => generated 411 bytes in 2 msecs (HTTP/1.1 300) 5 headers in 169 bytes (1 switches on core 0) /var/lib/openstack/lib/python3.12/site-packages/pycadf/identifier.py:70: UserWarning: Invalid uuid: cinderv3. To ensure interoperability, identifiers should be a valid uuid. warnings.warn(('Invalid uuid: %s. To ensure interoperability, '
2026-05-09 22:58:20.579 8 INFO cinder.api.openstack.wsgi [req-97e64264-3fb1-4626-a9c9-b90d91567ea8 req-9735ed3a-1fe2-453a-b4ff-d124e5e8abbd 34357ef1648f4dcb891d59f229326f3e 4c182fdae22a476dbf59983e83858928 - - default default] POST http://cinder-api.openstack.svc.cluster.local:8776/v3/4c182fdae22a476dbf59983e83858928/attachments /var/lib/openstack/lib/python3.12/site-packages/oslo_context/context.py:101: DeprecationWarning: Policy enforcement is depending on the value of is_admin. This key is deprecated. Please update your policy file to use the standard policy values. warnings.warn(
2026-05-09 22:58:20.624 8 INFO cinder.api.openstack.wsgi [req-97e64264-3fb1-4626-a9c9-b90d91567ea8 req-9735ed3a-1fe2-453a-b4ff-d124e5e8abbd 34357ef1648f4dcb891d59f229326f3e 4c182fdae22a476dbf59983e83858928 - - default default] http://cinder-api.openstack.svc.cluster.local:8776/v3/4c182fdae22a476dbf59983e83858928/attachments returned with HTTP 200 [pid: 8|app: 0|req: 435/871] 10.0.0.34 () {40 vars in 1056 bytes} [Sat May 9 22:58:20 2026] POST /v3/4c182fdae22a476dbf59983e83858928/attachments => generated 273 bytes in 51 msecs (HTTP/1.1 200) 7 headers in 286 bytes (1 switches on core 0)
2026-05-09 22:58:21.104 8 INFO cinder.api.openstack.wsgi [req-97e64264-3fb1-4626-a9c9-b90d91567ea8 req-9735ed3a-1fe2-453a-b4ff-d124e5e8abbd 34357ef1648f4dcb891d59f229326f3e 4c182fdae22a476dbf59983e83858928 - - default default] GET http://10.0.0.101:8776/
2026-05-09 22:58:21.104 7 INFO cinder.api.openstack.wsgi [req-97e64264-3fb1-4626-a9c9-b90d91567ea8 req-6ad01c82-1eba-432e-840b-dc6cc730b2a5 34357ef1648f4dcb891d59f229326f3e 4c182fdae22a476dbf59983e83858928 - - default default] GET http://10.0.0.101:8776/
2026-05-09 22:58:21.105 8 INFO cinder.api.openstack.wsgi [req-97e64264-3fb1-4626-a9c9-b90d91567ea8 req-9735ed3a-1fe2-453a-b4ff-d124e5e8abbd 34357ef1648f4dcb891d59f229326f3e 4c182fdae22a476dbf59983e83858928 - - default default] http://10.0.0.101:8776/ returned with HTTP 300
2026-05-09 22:58:21.106 7 INFO cinder.api.openstack.wsgi [req-97e64264-3fb1-4626-a9c9-b90d91567ea8 req-6ad01c82-1eba-432e-840b-dc6cc730b2a5 34357ef1648f4dcb891d59f229326f3e 4c182fdae22a476dbf59983e83858928 - - default default] http://10.0.0.101:8776/ returned with HTTP 300 /var/lib/openstack/lib/python3.12/site-packages/pycadf/identifier.py:70: UserWarning: Invalid uuid: cinderv3. To ensure interoperability, identifiers should be a valid uuid. warnings.warn(('Invalid uuid: %s. To ensure interoperability, '
2026-05-09 22:58:23.914 8 INFO cinder.api.openstack.wsgi [req-15dab527-db09-417b-8f66-45572abfdd23 req-dd1cf113-2177-4cff-ab22-a05d366696ac 34357ef1648f4dcb891d59f229326f3e 4c182fdae22a476dbf59983e83858928 - - default default] GET http://cinder-api.openstack.svc.cluster.local:8776/v3/4c182fdae22a476dbf59983e83858928/volumes/9c01d577-4bcc-422d-9f1f-0789df20f5f1 /var/lib/openstack/lib/python3.12/site-packages/oslo_context/context.py:101: DeprecationWarning: Policy enforcement is depending on the value of is_admin. This key is deprecated. Please update your policy file to use the standard policy values. warnings.warn(
2026-05-09 22:58:23.931 8 INFO cinder.volume.api [req-15dab527-db09-417b-8f66-45572abfdd23 req-dd1cf113-2177-4cff-ab22-a05d366696ac 34357ef1648f4dcb891d59f229326f3e 4c182fdae22a476dbf59983e83858928 - - default default] Volume info retrieved successfully.
2026-05-09 22:58:23.937 8 INFO cinder.api.openstack.wsgi [req-15dab527-db09-417b-8f66-45572abfdd23 req-dd1cf113-2177-4cff-ab22-a05d366696ac 34357ef1648f4dcb891d59f229326f3e 4c182fdae22a476dbf59983e83858928 - - default default] http://cinder-api.openstack.svc.cluster.local:8776/v3/4c182fdae22a476dbf59983e83858928/volumes/9c01d577-4bcc-422d-9f1f-0789df20f5f1 returned with HTTP 200 [pid: 8|app: 0|req: 437/874] 199.204.45.78 () {32 vars in 824 bytes} [Sat May 9 22:58:23 2026] GET /v3/4c182fdae22a476dbf59983e83858928/volumes/9c01d577-4bcc-422d-9f1f-0789df20f5f1 => generated 1488 bytes in 30 msecs (HTTP/1.1 200) 7 headers in 286 bytes (1 switches on core 0)
2026-05-09 22:58:26.005 7 INFO cinder.api.openstack.wsgi [req-97e64264-3fb1-4626-a9c9-b90d91567ea8 req-6ad01c82-1eba-432e-840b-dc6cc730b2a5 34357ef1648f4dcb891d59f229326f3e 4c182fdae22a476dbf59983e83858928 - - default default] GET http://cinder-api.openstack.svc.cluster.local:8776/
2026-05-09 22:58:26.006 7 INFO cinder.api.openstack.wsgi [req-97e64264-3fb1-4626-a9c9-b90d91567ea8 req-6ad01c82-1eba-432e-840b-dc6cc730b2a5 34357ef1648f4dcb891d59f229326f3e 4c182fdae22a476dbf59983e83858928 - - default default] http://cinder-api.openstack.svc.cluster.local:8776/ returned with HTTP 300 [pid: 7|app: 0|req: 438/875] 199.204.45.78 () {32 vars in 839 bytes} [Sat May 9 22:58:26 2026] GET / => generated 411 bytes in 2 msecs (HTTP/1.1 300) 5 headers in 169 bytes (1 switches on core 0) /var/lib/openstack/lib/python3.12/site-packages/pycadf/identifier.py:70: UserWarning: Invalid uuid: cinderv3. To ensure interoperability, identifiers should be a valid uuid. warnings.warn(('Invalid uuid: %s. To ensure interoperability, '
2026-05-09 22:58:26.018 8 INFO cinder.api.openstack.wsgi [req-97e64264-3fb1-4626-a9c9-b90d91567ea8 req-494856ac-64ef-4bb0-b220-c58729c68c49 34357ef1648f4dcb891d59f229326f3e 4c182fdae22a476dbf59983e83858928 - - default default] GET http://cinder-api.openstack.svc.cluster.local:8776/v3/4c182fdae22a476dbf59983e83858928/volumes/9c01d577-4bcc-422d-9f1f-0789df20f5f1 /var/lib/openstack/lib/python3.12/site-packages/oslo_context/context.py:101: DeprecationWarning: Policy enforcement is depending on the value of is_admin. This key is deprecated. Please update your policy file to use the standard policy values. warnings.warn(
2026-05-09 22:58:26.036 8 INFO cinder.volume.api [req-97e64264-3fb1-4626-a9c9-b90d91567ea8 req-494856ac-64ef-4bb0-b220-c58729c68c49 34357ef1648f4dcb891d59f229326f3e 4c182fdae22a476dbf59983e83858928 - - default default] Volume info retrieved successfully.
2026-05-09 22:58:26.041 8 INFO cinder.api.openstack.wsgi [req-97e64264-3fb1-4626-a9c9-b90d91567ea8 req-494856ac-64ef-4bb0-b220-c58729c68c49 34357ef1648f4dcb891d59f229326f3e 4c182fdae22a476dbf59983e83858928 - - default default] http://cinder-api.openstack.svc.cluster.local:8776/v3/4c182fdae22a476dbf59983e83858928/volumes/9c01d577-4bcc-422d-9f1f-0789df20f5f1 returned with HTTP 200 [pid: 8|app: 0|req: 438/876] 199.204.45.78 () {36 vars in 1072 bytes} [Sat May 9 22:58:26 2026] GET /v3/4c182fdae22a476dbf59983e83858928/volumes/9c01d577-4bcc-422d-9f1f-0789df20f5f1 => generated 1712 bytes in 31 msecs (HTTP/1.1 200) 7 headers in 287 bytes (1 switches on core 0) /var/lib/openstack/lib/python3.12/site-packages/pycadf/identifier.py:70: UserWarning: Invalid uuid: cinderv3. To ensure interoperability, identifiers should be a valid uuid. warnings.warn(('Invalid uuid: %s. To ensure interoperability, '
2026-05-09 22:58:26.122 7 INFO cinder.api.openstack.wsgi [req-97e64264-3fb1-4626-a9c9-b90d91567ea8 req-25300a4b-238c-4ec8-81d8-c3d8a70145fd 34357ef1648f4dcb891d59f229326f3e 4c182fdae22a476dbf59983e83858928 - - default default] PUT http://cinder-api.openstack.svc.cluster.local:8776/v3/4c182fdae22a476dbf59983e83858928/attachments/cf0aad60-f24f-442e-a6c1-5bcb309bf4a8 /var/lib/openstack/lib/python3.12/site-packages/oslo_context/context.py:101: DeprecationWarning: Policy enforcement is depending on the value of is_admin. This key is deprecated. Please update your policy file to use the standard policy values. warnings.warn(
2026-05-09 22:58:26.656 7 INFO cinder.api.openstack.wsgi [req-97e64264-3fb1-4626-a9c9-b90d91567ea8 req-25300a4b-238c-4ec8-81d8-c3d8a70145fd 34357ef1648f4dcb891d59f229326f3e 4c182fdae22a476dbf59983e83858928 - - default default] http://cinder-api.openstack.svc.cluster.local:8776/v3/4c182fdae22a476dbf59983e83858928/attachments/cf0aad60-f24f-442e-a6c1-5bcb309bf4a8 returned with HTTP 200 [pid: 7|app: 0|req: 439/877] 199.204.45.78 () {40 vars in 1134 bytes} [Sat May 9 22:58:26 2026] PUT /v3/4c182fdae22a476dbf59983e83858928/attachments/cf0aad60-f24f-442e-a6c1-5bcb309bf4a8 => generated 802 bytes in 541 msecs (HTTP/1.1 200) 7 headers in 286 bytes (1 switches on core 0) /var/lib/openstack/lib/python3.12/site-packages/pycadf/identifier.py:70: UserWarning: Invalid uuid: cinderv3. To ensure interoperability, identifiers should be a valid uuid. warnings.warn(('Invalid uuid: %s. To ensure interoperability, '
2026-05-09 22:58:26.746 8 INFO cinder.api.openstack.wsgi [req-15dab527-db09-417b-8f66-45572abfdd23 req-676179b2-9b6a-4eaf-980f-21e616e874b6 34357ef1648f4dcb891d59f229326f3e 4c182fdae22a476dbf59983e83858928 - - default default] GET http://cinder-api.openstack.svc.cluster.local:8776/v3/4c182fdae22a476dbf59983e83858928/volumes/9c01d577-4bcc-422d-9f1f-0789df20f5f1 /var/lib/openstack/lib/python3.12/site-packages/oslo_context/context.py:101: DeprecationWarning: Policy enforcement is depending on the value of is_admin. This key is deprecated. Please update your policy file to use the standard policy values. warnings.warn(
2026-05-09 22:58:26.762 8 INFO cinder.volume.api [req-15dab527-db09-417b-8f66-45572abfdd23 req-676179b2-9b6a-4eaf-980f-21e616e874b6 34357ef1648f4dcb891d59f229326f3e 4c182fdae22a476dbf59983e83858928 - - default default] Volume info retrieved successfully.
2026-05-09 22:58:26.768 8 INFO cinder.api.openstack.wsgi [req-15dab527-db09-417b-8f66-45572abfdd23 req-676179b2-9b6a-4eaf-980f-21e616e874b6 34357ef1648f4dcb891d59f229326f3e 4c182fdae22a476dbf59983e83858928 - - default default] http://cinder-api.openstack.svc.cluster.local:8776/v3/4c182fdae22a476dbf59983e83858928/volumes/9c01d577-4bcc-422d-9f1f-0789df20f5f1 returned with HTTP 200 [pid: 8|app: 0|req: 439/878] 199.204.45.78 () {32 vars in 824 bytes} [Sat May 9 22:58:26 2026] GET /v3/4c182fdae22a476dbf59983e83858928/volumes/9c01d577-4bcc-422d-9f1f-0789df20f5f1 => generated 1489 bytes in 29 msecs (HTTP/1.1 200) 7 headers in 286 bytes (1 switches on core 0) /var/lib/openstack/lib/python3.12/site-packages/pycadf/identifier.py:70: UserWarning: Invalid uuid: cinderv3. To ensure interoperability, identifiers should be a valid uuid. warnings.warn(('Invalid uuid: %s. To ensure interoperability, '
2026-05-09 22:58:27.174 7 INFO cinder.api.openstack.wsgi [req-97e64264-3fb1-4626-a9c9-b90d91567ea8 req-4fc58ee8-2803-4cf7-b96a-343ba32ae3d2 34357ef1648f4dcb891d59f229326f3e 4c182fdae22a476dbf59983e83858928 - - default default] POST http://cinder-api.openstack.svc.cluster.local:8776/v3/4c182fdae22a476dbf59983e83858928/attachments/cf0aad60-f24f-442e-a6c1-5bcb309bf4a8/action /var/lib/openstack/lib/python3.12/site-packages/oslo_context/context.py:101: DeprecationWarning: Policy enforcement is depending on the value of is_admin. This key is deprecated. Please update your policy file to use the standard policy values. warnings.warn(
2026-05-09 22:58:27.208 7 INFO cinder.api.openstack.wsgi [req-97e64264-3fb1-4626-a9c9-b90d91567ea8 req-4fc58ee8-2803-4cf7-b96a-343ba32ae3d2 34357ef1648f4dcb891d59f229326f3e 4c182fdae22a476dbf59983e83858928 - - default default] http://cinder-api.openstack.svc.cluster.local:8776/v3/4c182fdae22a476dbf59983e83858928/attachments/cf0aad60-f24f-442e-a6c1-5bcb309bf4a8/action returned with HTTP 204 [pid: 7|app: 0|req: 440/879] 199.204.45.78 () {40 vars in 1147 bytes} [Sat May 9 22:58:27 2026] POST /v3/4c182fdae22a476dbf59983e83858928/attachments/cf0aad60-f24f-442e-a6c1-5bcb309bf4a8/action => generated 0 bytes in 40 msecs (HTTP/1.1 204) 7 headers in 292 bytes (1 switches on core 0) /var/lib/openstack/lib/python3.12/site-packages/pycadf/identifier.py:70: UserWarning: Invalid uuid: cinderv3. To ensure interoperability, identifiers should be a valid uuid. warnings.warn(('Invalid uuid: %s. To ensure interoperability, '
2026-05-09 22:58:29.745 8 INFO cinder.api.openstack.wsgi [req-15dab527-db09-417b-8f66-45572abfdd23 req-69f6255a-72b7-416d-8ad4-90c8fd705a1f 34357ef1648f4dcb891d59f229326f3e 4c182fdae22a476dbf59983e83858928 - - default default] GET http://cinder-api.openstack.svc.cluster.local:8776/v3/4c182fdae22a476dbf59983e83858928/volumes/9c01d577-4bcc-422d-9f1f-0789df20f5f1 /var/lib/openstack/lib/python3.12/site-packages/oslo_context/context.py:101: DeprecationWarning: Policy enforcement is depending on the value of is_admin. This key is deprecated. Please update your policy file to use the standard policy values. warnings.warn(
2026-05-09 22:58:29.772 8 INFO cinder.volume.api [req-15dab527-db09-417b-8f66-45572abfdd23 req-69f6255a-72b7-416d-8ad4-90c8fd705a1f 34357ef1648f4dcb891d59f229326f3e 4c182fdae22a476dbf59983e83858928 - - default default] Volume info retrieved successfully.
2026-05-09 22:58:29.780 8 INFO cinder.api.openstack.wsgi [req-15dab527-db09-417b-8f66-45572abfdd23 req-69f6255a-72b7-416d-8ad4-90c8fd705a1f 34357ef1648f4dcb891d59f229326f3e 4c182fdae22a476dbf59983e83858928 - - default default] http://cinder-api.openstack.svc.cluster.local:8776/v3/4c182fdae22a476dbf59983e83858928/volumes/9c01d577-4bcc-422d-9f1f-0789df20f5f1 returned with HTTP 200 [pid: 8|app: 0|req: 440/880] 199.204.45.78 () {32 vars in 824 bytes} [Sat May 9 22:58:29 2026] GET /v3/4c182fdae22a476dbf59983e83858928/volumes/9c01d577-4bcc-422d-9f1f-0789df20f5f1 => generated 1787 bytes in 44 msecs (HTTP/1.1 200) 7 headers in 286 bytes (1 switches on core 0)
2026-05-09 22:58:31.104 7 INFO cinder.api.openstack.wsgi [req-97e64264-3fb1-4626-a9c9-b90d91567ea8 req-4fc58ee8-2803-4cf7-b96a-343ba32ae3d2 34357ef1648f4dcb891d59f229326f3e 4c182fdae22a476dbf59983e83858928 - - default default] GET http://10.0.0.101:8776/
2026-05-09 22:58:31.104 8 INFO cinder.api.openstack.wsgi [req-15dab527-db09-417b-8f66-45572abfdd23 req-69f6255a-72b7-416d-8ad4-90c8fd705a1f 34357ef1648f4dcb891d59f229326f3e 4c182fdae22a476dbf59983e83858928 - - default default] GET http://10.0.0.101:8776/
2026-05-09 22:58:31.104 7 INFO cinder.api.openstack.wsgi [req-97e64264-3fb1-4626-a9c9-b90d91567ea8 req-4fc58ee8-2803-4cf7-b96a-343ba32ae3d2 34357ef1648f4dcb891d59f229326f3e 4c182fdae22a476dbf59983e83858928 - - default default] http://10.0.0.101:8776/ returned with HTTP 300
2026-05-09 22:58:31.104 8 INFO cinder.api.openstack.wsgi [req-15dab527-db09-417b-8f66-45572abfdd23 req-69f6255a-72b7-416d-8ad4-90c8fd705a1f 34357ef1648f4dcb891d59f229326f3e 4c182fdae22a476dbf59983e83858928 - - default default] http://10.0.0.101:8776/ returned with HTTP 300 /var/lib/openstack/lib/python3.12/site-packages/pycadf/identifier.py:70: UserWarning: Invalid uuid: cinderv3. To ensure interoperability, identifiers should be a valid uuid. warnings.warn(('Invalid uuid: %s. To ensure interoperability, '
2026-05-09 22:58:32.660 7 INFO cinder.api.openstack.wsgi [req-15dab527-db09-417b-8f66-45572abfdd23 req-95a98575-5494-4ebb-aafa-4f0ff500f39f 34357ef1648f4dcb891d59f229326f3e 4c182fdae22a476dbf59983e83858928 - - default default] GET http://cinder-api.openstack.svc.cluster.local:8776/v3/4c182fdae22a476dbf59983e83858928/volumes/9c01d577-4bcc-422d-9f1f-0789df20f5f1 /var/lib/openstack/lib/python3.12/site-packages/oslo_context/context.py:101: DeprecationWarning: Policy enforcement is depending on the value of is_admin. This key is deprecated. Please update your policy file to use the standard policy values. warnings.warn(
2026-05-09 22:58:32.680 7 INFO cinder.volume.api [req-15dab527-db09-417b-8f66-45572abfdd23 req-95a98575-5494-4ebb-aafa-4f0ff500f39f 34357ef1648f4dcb891d59f229326f3e 4c182fdae22a476dbf59983e83858928 - - default default] Volume info retrieved successfully.
2026-05-09 22:58:32.686 7 INFO cinder.api.openstack.wsgi [req-15dab527-db09-417b-8f66-45572abfdd23 req-95a98575-5494-4ebb-aafa-4f0ff500f39f 34357ef1648f4dcb891d59f229326f3e 4c182fdae22a476dbf59983e83858928 - - default default] http://cinder-api.openstack.svc.cluster.local:8776/v3/4c182fdae22a476dbf59983e83858928/volumes/9c01d577-4bcc-422d-9f1f-0789df20f5f1 returned with HTTP 200 [pid: 7|app: 0|req: 442/883] 199.204.45.78 () {32 vars in 824 bytes} [Sat May 9 22:58:32 2026] GET /v3/4c182fdae22a476dbf59983e83858928/volumes/9c01d577-4bcc-422d-9f1f-0789df20f5f1 => generated 1787 bytes in 33 msecs (HTTP/1.1 200) 7 headers in 286 bytes (1 switches on core 0) /var/lib/openstack/lib/python3.12/site-packages/pycadf/identifier.py:70: UserWarning: Invalid uuid: cinderv3. To ensure interoperability, identifiers should be a valid uuid. warnings.warn(('Invalid uuid: %s. To ensure interoperability, '
2026-05-09 22:58:34.608 8 INFO cinder.api.openstack.wsgi [None req-23ed8f5d-5ef4-4585-a94a-828103af3297 34357ef1648f4dcb891d59f229326f3e 4c182fdae22a476dbf59983e83858928 - - default default] GET http://cinder-api.openstack.svc.cluster.local:8776/v3/4c182fdae22a476dbf59983e83858928/snapshots?all_tenants=true
2026-05-09 22:58:34.614 8 INFO cinder.volume.api [None req-23ed8f5d-5ef4-4585-a94a-828103af3297 34357ef1648f4dcb891d59f229326f3e 4c182fdae22a476dbf59983e83858928 - - default default] Get all snapshots completed successfully.
2026-05-09 22:58:34.614 8 INFO cinder.api.openstack.wsgi [None req-23ed8f5d-5ef4-4585-a94a-828103af3297 34357ef1648f4dcb891d59f229326f3e 4c182fdae22a476dbf59983e83858928 - - default default] http://cinder-api.openstack.svc.cluster.local:8776/v3/4c182fdae22a476dbf59983e83858928/snapshots?all_tenants=true returned with HTTP 200 [pid: 8|app: 0|req: 442/884] 10.0.0.134 () {28 vars in 674 bytes} [Sat May 9 22:58:34 2026] GET /v3/4c182fdae22a476dbf59983e83858928/snapshots?all_tenants=true => generated 17 bytes in 96 msecs (HTTP/1.1 200) 7 headers in 284 bytes (1 switches on core 0) /var/lib/openstack/lib/python3.12/site-packages/pycadf/identifier.py:70: UserWarning: Invalid uuid: cinderv3. To ensure interoperability, identifiers should be a valid uuid. warnings.warn(('Invalid uuid: %s. To ensure interoperability, '
2026-05-09 22:58:34.626 7 INFO cinder.api.openstack.wsgi [None req-23180b47-44f3-4a47-a828-785008470278 34357ef1648f4dcb891d59f229326f3e 4c182fdae22a476dbf59983e83858928 - - default default] GET http://cinder-api.openstack.svc.cluster.local:8776/v3/4c182fdae22a476dbf59983e83858928/scheduler-stats/get_pools?detail=true
