May 01 02:45:34.233300 np0000171450 nova-conductor[111790]: DEBUG cotyledon.oslo_config_glue [-] vmware.vnc_port_total = 10000 {{(pid=111790) log_opt_values /opt/stack/data/venv/lib/python3.12/site-packages/oslo_config/cfg.py:3006}}
May 01 02:45:34.233300 np0000171450 nova-conductor[111790]: DEBUG cotyledon.oslo_config_glue [-] vnc.auth_schemes = ['none'] {{(pid=111790) log_opt_values /opt/stack/data/venv/lib/python3.12/site-packages/oslo_config/cfg.py:3006}}
May 01 02:45:34.233300 np0000171450 nova-conductor[111790]: DEBUG cotyledon.oslo_config_glue [-] vnc.enabled = True {{(pid=111790) log_opt_values /opt/stack/data/venv/lib/python3.12/site-packages/oslo_config/cfg.py:3006}}
May 01 02:45:34.233300 np0000171450 nova-conductor[111790]: DEBUG cotyledon.oslo_config_glue [-] vnc.novncproxy_base_url = http://127.0.0.1:6080/vnc_auto.html {{(pid=111790) log_opt_values /opt/stack/data/venv/lib/python3.12/site-packages/oslo_config/cfg.py:3006}}
May 01 02:45:34.233300 np0000171450 nova-conductor[111790]: DEBUG cotyledon.oslo_config_glue [-] vnc.novncproxy_host = 0.0.0.0 {{(pid=111790) log_opt_values /opt/stack/data/venv/lib/python3.12/site-packages/oslo_config/cfg.py:3006}}
May 01 02:45:34.233538 np0000171450 nova-conductor[111790]: DEBUG cotyledon.oslo_config_glue [-] vnc.novncproxy_port = 6080 {{(pid=111790) log_opt_values /opt/stack/data/venv/lib/python3.12/site-packages/oslo_config/cfg.py:3006}}
May 01 02:45:34.233538 np0000171450 nova-conductor[111790]: DEBUG cotyledon.oslo_config_glue [-] vnc.server_listen = 127.0.0.1 {{(pid=111790) log_opt_values /opt/stack/data/venv/lib/python3.12/site-packages/oslo_config/cfg.py:3006}}
May 01 02:45:34.233538 np0000171450 nova-conductor[111790]: DEBUG cotyledon.oslo_config_glue [-] vnc.server_proxyclient_address = 127.0.0.1 {{(pid=111790) log_opt_values /opt/stack/data/venv/lib/python3.12/site-packages/oslo_config/cfg.py:3006}}
May 01 02:45:34.233538 np0000171450 nova-conductor[111790]: DEBUG cotyledon.oslo_config_glue [-] vnc.vencrypt_ca_certs = None {{(pid=111790) log_opt_values /opt/stack/data/venv/lib/python3.12/site-packages/oslo_config/cfg.py:3006}}
May 01 02:45:34.233538 np0000171450 nova-conductor[111790]: DEBUG cotyledon.oslo_config_glue [-] vnc.vencrypt_client_cert = None {{(pid=111790) log_opt_values /opt/stack/data/venv/lib/python3.12/site-packages/oslo_config/cfg.py:3006}}
May 01 02:45:34.233538 np0000171450 nova-conductor[111790]: DEBUG cotyledon.oslo_config_glue [-] vnc.vencrypt_client_key = None {{(pid=111790) log_opt_values /opt/stack/data/venv/lib/python3.12/site-packages/oslo_config/cfg.py:3006}}
May 01 02:45:34.233538 np0000171450 nova-conductor[111790]: DEBUG cotyledon.oslo_config_glue [-] workarounds.disable_compute_service_check_for_ffu = False {{(pid=111790) log_opt_values /opt/stack/data/venv/lib/python3.12/site-packages/oslo_config/cfg.py:3006}}
May 01 02:45:34.233538 np0000171450 nova-conductor[111790]: DEBUG cotyledon.oslo_config_glue [-] workarounds.disable_deep_image_inspection = False {{(pid=111790) log_opt_values /opt/stack/data/venv/lib/python3.12/site-packages/oslo_config/cfg.py:3006}}
May 01 02:45:34.233538 np0000171450 nova-conductor[111790]: DEBUG cotyledon.oslo_config_glue [-] workarounds.disable_fallback_pcpu_query = False {{(pid=111790) log_opt_values /opt/stack/data/venv/lib/python3.12/site-packages/oslo_config/cfg.py:3006}}
May 01 02:45:34.233757 np0000171450 nova-conductor[111790]: DEBUG cotyledon.oslo_config_glue [-] workarounds.disable_group_policy_check_upcall = False {{(pid=111790) log_opt_values /opt/stack/data/venv/lib/python3.12/site-packages/oslo_config/cfg.py:3006}}
May 01 02:45:34.233757 np0000171450 nova-conductor[111790]: DEBUG cotyledon.oslo_config_glue [-] workarounds.disable_libvirt_livesnapshot = False {{(pid=111790) log_opt_values /opt/stack/data/venv/lib/python3.12/site-packages/oslo_config/cfg.py:3006}}
May 01 02:45:34.233811 np0000171450 nova-conductor[111782]: INFO dbcounter [None req-48e6b302-d29b-4631-b711-2d299c0b20ba None None] Registered counter for database nova_cell0
May 01 02:45:34.233842 np0000171450 nova-conductor[111790]: DEBUG cotyledon.oslo_config_glue [-] workarounds.disable_rootwrap = False {{(pid=111790) log_opt_values /opt/stack/data/venv/lib/python3.12/site-packages/oslo_config/cfg.py:3006}}
May 01 02:45:34.233842 np0000171450 nova-conductor[111790]: DEBUG cotyledon.oslo_config_glue [-] workarounds.enable_numa_live_migration = False {{(pid=111790) log_opt_values /opt/stack/data/venv/lib/python3.12/site-packages/oslo_config/cfg.py:3006}}
May 01 02:45:34.233842 np0000171450 nova-conductor[111790]: DEBUG cotyledon.oslo_config_glue [-] workarounds.enable_qemu_monitor_announce_self = False {{(pid=111790) log_opt_values /opt/stack/data/venv/lib/python3.12/site-packages/oslo_config/cfg.py:3006}}
May 01 02:45:34.233842 np0000171450 nova-conductor[111790]: DEBUG cotyledon.oslo_config_glue [-] workarounds.ensure_libvirt_rbd_instance_dir_cleanup = False {{(pid=111790) log_opt_values /opt/stack/data/venv/lib/python3.12/site-packages/oslo_config/cfg.py:3006}}
May 01 02:45:34.233842 np0000171450 nova-conductor[111790]: DEBUG cotyledon.oslo_config_glue [-] workarounds.handle_virt_lifecycle_events = True {{(pid=111790) log_opt_values /opt/stack/data/venv/lib/python3.12/site-packages/oslo_config/cfg.py:3006}}
May 01 02:45:34.233842 np0000171450 nova-conductor[111790]: DEBUG cotyledon.oslo_config_glue [-] workarounds.libvirt_disable_apic = False {{(pid=111790) log_opt_values /opt/stack/data/venv/lib/python3.12/site-packages/oslo_config/cfg.py:3006}}
May 01 02:45:34.233842 np0000171450 nova-conductor[111790]: DEBUG cotyledon.oslo_config_glue [-] workarounds.never_download_image_if_on_rbd = False {{(pid=111790) log_opt_values /opt/stack/data/venv/lib/python3.12/site-packages/oslo_config/cfg.py:3006}}
May 01 02:45:34.233842 np0000171450 nova-conductor[111790]: DEBUG cotyledon.oslo_config_glue [-] workarounds.qemu_monitor_announce_self_count = 3 {{(pid=111790) log_opt_values /opt/stack/data/venv/lib/python3.12/site-packages/oslo_config/cfg.py:3006}}
May 01 02:45:34.233842 np0000171450 nova-conductor[111790]: DEBUG cotyledon.oslo_config_glue [-] workarounds.qemu_monitor_announce_self_interval = 1 {{(pid=111790) log_opt_values /opt/stack/data/venv/lib/python3.12/site-packages/oslo_config/cfg.py:3006}}
May 01 02:45:34.234230 np0000171450 nova-conductor[111790]: DEBUG cotyledon.oslo_config_glue [-] workarounds.reserve_disk_resource_for_image_cache = False {{(pid=111790) log_opt_values /opt/stack/data/venv/lib/python3.12/site-packages/oslo_config/cfg.py:3006}}
May 01 02:45:34.234230 np0000171450 nova-conductor[111790]: DEBUG cotyledon.oslo_config_glue [-] workarounds.skip_cpu_compare_at_startup = False {{(pid=111790) log_opt_values /opt/stack/data/venv/lib/python3.12/site-packages/oslo_config/cfg.py:3006}}
May 01 02:45:34.234230 np0000171450 nova-conductor[111790]: DEBUG cotyledon.oslo_config_glue [-] workarounds.skip_cpu_compare_on_dest = False {{(pid=111790) log_opt_values /opt/stack/data/venv/lib/python3.12/site-packages/oslo_config/cfg.py:3006}}
May 01 02:45:34.234230 np0000171450 nova-conductor[111790]: DEBUG cotyledon.oslo_config_glue [-] workarounds.skip_hypervisor_version_check_on_lm = False {{(pid=111790) log_opt_values /opt/stack/data/venv/lib/python3.12/site-packages/oslo_config/cfg.py:3006}}
May 01 02:45:34.234230 np0000171450 nova-conductor[111790]: DEBUG cotyledon.oslo_config_glue [-] workarounds.skip_reserve_in_use_ironic_nodes = False {{(pid=111790) log_opt_values /opt/stack/data/venv/lib/python3.12/site-packages/oslo_config/cfg.py:3006}}
May 01 02:45:34.234230 np0000171450 nova-conductor[111790]: DEBUG cotyledon.oslo_config_glue [-] workarounds.unified_limits_count_pcpu_as_vcpu = False {{(pid=111790) log_opt_values /opt/stack/data/venv/lib/python3.12/site-packages/oslo_config/cfg.py:3006}}
May 01 02:45:34.234230 np0000171450 nova-conductor[111790]: DEBUG cotyledon.oslo_config_glue [-] workarounds.wait_for_vif_plugged_event_during_hard_reboot = [] {{(pid=111790) log_opt_values /opt/stack/data/venv/lib/python3.12/site-packages/oslo_config/cfg.py:3006}}
May 01 02:45:34.234230 np0000171450 nova-conductor[111790]: DEBUG cotyledon.oslo_config_glue [-] wsgi.api_paste_config = /etc/nova/api-paste.ini {{(pid=111790) log_opt_values /opt/stack/data/venv/lib/python3.12/site-packages/oslo_config/cfg.py:3006}}
May 01 02:45:34.234764 np0000171450 nova-conductor[111790]: DEBUG cotyledon.oslo_config_glue [-] wsgi.secure_proxy_ssl_header = None {{(pid=111790) log_opt_values /opt/stack/data/venv/lib/python3.12/site-packages/oslo_config/cfg.py:3006}}
May 01 02:45:34.234764 np0000171450 nova-conductor[111790]: DEBUG cotyledon.oslo_config_glue [-] zvm.ca_file = None {{(pid=111790) log_opt_values /opt/stack/data/venv/lib/python3.12/site-packages/oslo_config/cfg.py:3006}}
May 01 02:45:34.234764 np0000171450 nova-conductor[111790]: DEBUG cotyledon.oslo_config_glue [-] zvm.cloud_connector_url = None {{(pid=111790) log_opt_values /opt/stack/data/venv/lib/python3.12/site-packages/oslo_config/cfg.py:3006}}
May 01 02:45:34.234764 np0000171450 nova-conductor[111790]: DEBUG cotyledon.oslo_config_glue [-] zvm.image_tmp_path = /opt/stack/data/nova/images {{(pid=111790) log_opt_values /opt/stack/data/venv/lib/python3.12/site-packages/oslo_config/cfg.py:3006}}
May 01 02:45:34.234764 np0000171450 nova-conductor[111790]: DEBUG cotyledon.oslo_config_glue [-] zvm.reachable_timeout = 300 {{(pid=111790) log_opt_values /opt/stack/data/venv/lib/python3.12/site-packages/oslo_config/cfg.py:3006}}
May 01 02:45:34.234764 np0000171450 nova-conductor[111790]: DEBUG cotyledon.oslo_config_glue [-] oslo_versionedobjects.fatal_exception_format_errors = False {{(pid=111790) log_opt_values /opt/stack/data/venv/lib/python3.12/site-packages/oslo_config/cfg.py:3006}}
May 01 02:45:34.234764 np0000171450 nova-conductor[111790]: DEBUG cotyledon.oslo_config_glue [-] oslo_middleware.http_basic_auth_user_file = /etc/htpasswd {{(pid=111790) log_opt_values /opt/stack/data/venv/lib/python3.12/site-packages/oslo_config/cfg.py:3006}}
May 01 02:45:34.234764 np0000171450 nova-conductor[111790]: DEBUG cotyledon.oslo_config_glue [-] profiler.connection_string = messaging:// {{(pid=111790) log_opt_values /opt/stack/data/venv/lib/python3.12/site-packages/oslo_config/cfg.py:3006}}
May 01 02:45:34.234764 np0000171450 nova-conductor[111790]: DEBUG cotyledon.oslo_config_glue [-] profiler.enabled = False {{(pid=111790) log_opt_values /opt/stack/data/venv/lib/python3.12/site-packages/oslo_config/cfg.py:3006}}
May 01 02:45:34.235134 np0000171450 nova-conductor[111790]: DEBUG cotyledon.oslo_config_glue [-] profiler.es_doc_type = notification {{(pid=111790) log_opt_values /opt/stack/data/venv/lib/python3.12/site-packages/oslo_config/cfg.py:3006}}
May 01 02:45:34.235134 np0000171450 nova-conductor[111790]: DEBUG cotyledon.oslo_config_glue [-] profiler.es_scroll_size = 10000 {{(pid=111790) log_opt_values /opt/stack/data/venv/lib/python3.12/site-packages/oslo_config/cfg.py:3006}}
May 01 02:45:34.235134 np0000171450 nova-conductor[111790]: DEBUG cotyledon.oslo_config_glue [-] profiler.es_scroll_time = 2m {{(pid=111790) log_opt_values /opt/stack/data/venv/lib/python3.12/site-packages/oslo_config/cfg.py:3006}}
May 01 02:45:34.235134 np0000171450 nova-conductor[111790]: DEBUG cotyledon.oslo_config_glue [-] profiler.filter_error_trace = False {{(pid=111790) log_opt_values /opt/stack/data/venv/lib/python3.12/site-packages/oslo_config/cfg.py:3006}}
May 01 02:45:34.235134 np0000171450 nova-conductor[111790]: DEBUG cotyledon.oslo_config_glue [-] profiler.hmac_keys = **** {{(pid=111790) log_opt_values /opt/stack/data/venv/lib/python3.12/site-packages/oslo_config/cfg.py:3006}}
May 01 02:45:34.235134 np0000171450 nova-conductor[111790]: DEBUG cotyledon.oslo_config_glue [-] profiler.sentinel_service_name = mymaster {{(pid=111790) log_opt_values /opt/stack/data/venv/lib/python3.12/site-packages/oslo_config/cfg.py:3006}}
May 01 02:45:34.235134 np0000171450 nova-conductor[111790]: DEBUG cotyledon.oslo_config_glue [-] profiler.socket_timeout = 0.1 {{(pid=111790) log_opt_values /opt/stack/data/venv/lib/python3.12/site-packages/oslo_config/cfg.py:3006}}
May 01 02:45:34.235134 np0000171450 nova-conductor[111790]: DEBUG cotyledon.oslo_config_glue [-] profiler.trace_requests = False {{(pid=111790) log_opt_values /opt/stack/data/venv/lib/python3.12/site-packages/oslo_config/cfg.py:3006}}
May 01 02:45:34.235134 np0000171450 nova-conductor[111790]: DEBUG cotyledon.oslo_config_glue [-] profiler.trace_sqlalchemy = False {{(pid=111790) log_opt_values /opt/stack/data/venv/lib/python3.12/site-packages/oslo_config/cfg.py:3006}}
May 01 02:45:34.235348 np0000171450 nova-conductor[111790]: DEBUG cotyledon.oslo_config_glue [-] profiler_jaeger.process_tags = {} {{(pid=111790) log_opt_values /opt/stack/data/venv/lib/python3.12/site-packages/oslo_config/cfg.py:3006}}
May 01 02:45:34.235348 np0000171450 nova-conductor[111790]: DEBUG cotyledon.oslo_config_glue [-] profiler_jaeger.service_name_prefix = None {{(pid=111790) log_opt_values /opt/stack/data/venv/lib/python3.12/site-packages/oslo_config/cfg.py:3006}}
May 01 02:45:34.235348 np0000171450 nova-conductor[111790]: DEBUG cotyledon.oslo_config_glue [-] profiler_otlp.service_name_prefix = None {{(pid=111790) log_opt_values /opt/stack/data/venv/lib/python3.12/site-packages/oslo_config/cfg.py:3006}}
May 01 02:45:34.235348 np0000171450 nova-conductor[111790]: DEBUG cotyledon.oslo_config_glue [-] oslo_messaging_rabbit.amqp_auto_delete = False {{(pid=111790) log_opt_values /opt/stack/data/venv/lib/python3.12/site-packages/oslo_config/cfg.py:3006}}
May 01 02:45:34.235348 np0000171450 nova-conductor[111790]: DEBUG cotyledon.oslo_config_glue [-] oslo_messaging_rabbit.amqp_durable_queues = False {{(pid=111790) log_opt_values /opt/stack/data/venv/lib/python3.12/site-packages/oslo_config/cfg.py:3006}}
May 01 02:45:34.235348 np0000171450 nova-conductor[111790]: DEBUG cotyledon.oslo_config_glue [-] oslo_messaging_rabbit.conn_pool_min_size = 2 {{(pid=111790) log_opt_values /opt/stack/data/venv/lib/python3.12/site-packages/oslo_config/cfg.py:3006}}
May 01 02:45:34.235348 np0000171450 nova-conductor[111790]: DEBUG cotyledon.oslo_config_glue [-] oslo_messaging_rabbit.conn_pool_ttl = 1200 {{(pid=111790) log_opt_values /opt/stack/data/venv/lib/python3.12/site-packages/oslo_config/cfg.py:3006}}
May 01 02:45:34.235348 np0000171450 nova-conductor[111790]: DEBUG cotyledon.oslo_config_glue [-] oslo_messaging_rabbit.direct_mandatory_flag = True {{(pid=111790) log_opt_values /opt/stack/data/venv/lib/python3.12/site-packages/oslo_config/cfg.py:3006}}
May 01 02:45:34.235348 np0000171450 nova-conductor[111790]: DEBUG cotyledon.oslo_config_glue [-] oslo_messaging_rabbit.enable_cancel_on_failover = False {{(pid=111790) log_opt_values /opt/stack/data/venv/lib/python3.12/site-packages/oslo_config/cfg.py:3006}}
May 01 02:45:34.235591 np0000171450 nova-conductor[111790]: DEBUG cotyledon.oslo_config_glue [-] oslo_messaging_rabbit.heartbeat_in_pthread = False {{(pid=111790) log_opt_values /opt/stack/data/venv/lib/python3.12/site-packages/oslo_config/cfg.py:3006}}
May 01 02:45:34.235591 np0000171450 nova-conductor[111790]: DEBUG cotyledon.oslo_config_glue [-] oslo_messaging_rabbit.heartbeat_rate = 3 {{(pid=111790) log_opt_values /opt/stack/data/venv/lib/python3.12/site-packages/oslo_config/cfg.py:3006}}
May 01 02:45:34.235591 np0000171450 nova-conductor[111790]: DEBUG cotyledon.oslo_config_glue [-] oslo_messaging_rabbit.heartbeat_timeout_threshold = 60 {{(pid=111790) log_opt_values /opt/stack/data/venv/lib/python3.12/site-packages/oslo_config/cfg.py:3006}}
May 01 02:45:34.235591 np0000171450 nova-conductor[111790]: DEBUG cotyledon.oslo_config_glue [-] oslo_messaging_rabbit.hostname = np0000171450 {{(pid=111790) log_opt_values /opt/stack/data/venv/lib/python3.12/site-packages/oslo_config/cfg.py:3006}}
May 01 02:45:34.235591 np0000171450 nova-conductor[111790]: DEBUG cotyledon.oslo_config_glue [-] oslo_messaging_rabbit.kombu_compression = None {{(pid=111790) log_opt_values /opt/stack/data/venv/lib/python3.12/site-packages/oslo_config/cfg.py:3006}}
May 01 02:45:34.235591 np0000171450 nova-conductor[111790]: DEBUG cotyledon.oslo_config_glue [-] oslo_messaging_rabbit.kombu_failover_strategy = round-robin {{(pid=111790) log_opt_values /opt/stack/data/venv/lib/python3.12/site-packages/oslo_config/cfg.py:3006}}
May 01 02:45:34.235591 np0000171450 nova-conductor[111790]: DEBUG cotyledon.oslo_config_glue [-] oslo_messaging_rabbit.kombu_missing_consumer_retry_timeout = 60 {{(pid=111790) log_opt_values /opt/stack/data/venv/lib/python3.12/site-packages/oslo_config/cfg.py:3006}}
May 01 02:45:34.235591 np0000171450 nova-conductor[111790]: DEBUG cotyledon.oslo_config_glue [-] oslo_messaging_rabbit.kombu_reconnect_delay = 1.0 {{(pid=111790) log_opt_values /opt/stack/data/venv/lib/python3.12/site-packages/oslo_config/cfg.py:3006}}
May 01 02:45:34.235787 np0000171450 nova-conductor[111790]: DEBUG cotyledon.oslo_config_glue [-] oslo_messaging_rabbit.kombu_reconnect_splay = 0.0 {{(pid=111790) log_opt_values /opt/stack/data/venv/lib/python3.12/site-packages/oslo_config/cfg.py:3006}}
May 01 02:45:34.235787 np0000171450 nova-conductor[111790]: DEBUG cotyledon.oslo_config_glue [-] oslo_messaging_rabbit.processname = nova-conductor {{(pid=111790) log_opt_values /opt/stack/data/venv/lib/python3.12/site-packages/oslo_config/cfg.py:3006}}
May 01 02:45:34.235787 np0000171450 nova-conductor[111790]: DEBUG cotyledon.oslo_config_glue [-] oslo_messaging_rabbit.rabbit_ha_queues = False {{(pid=111790) log_opt_values /opt/stack/data/venv/lib/python3.12/site-packages/oslo_config/cfg.py:3006}}
May 01 02:45:34.235787 np0000171450 nova-conductor[111790]: DEBUG cotyledon.oslo_config_glue [-] oslo_messaging_rabbit.rabbit_interval_max = 30 {{(pid=111790) log_opt_values /opt/stack/data/venv/lib/python3.12/site-packages/oslo_config/cfg.py:3006}}
May 01 02:45:34.235787 np0000171450 nova-conductor[111790]: DEBUG cotyledon.oslo_config_glue [-] oslo_messaging_rabbit.rabbit_login_method = AMQPLAIN {{(pid=111790) log_opt_values /opt/stack/data/venv/lib/python3.12/site-packages/oslo_config/cfg.py:3006}}
May 01 02:45:34.235787 np0000171450 nova-conductor[111790]: DEBUG cotyledon.oslo_config_glue [-] oslo_messaging_rabbit.rabbit_qos_prefetch_count = 0 {{(pid=111790) log_opt_values /opt/stack/data/venv/lib/python3.12/site-packages/oslo_config/cfg.py:3006}}
May 01 02:45:34.235787 np0000171450 nova-conductor[111790]: DEBUG cotyledon.oslo_config_glue [-] oslo_messaging_rabbit.rabbit_quorum_delivery_limit = 0 {{(pid=111790) log_opt_values /opt/stack/data/venv/lib/python3.12/site-packages/oslo_config/cfg.py:3006}}
May 01 02:45:34.235787 np0000171450 nova-conductor[111790]: DEBUG cotyledon.oslo_config_glue [-] oslo_messaging_rabbit.rabbit_quorum_max_memory_bytes = 0 {{(pid=111790) log_opt_values /opt/stack/data/venv/lib/python3.12/site-packages/oslo_config/cfg.py:3006}}
May 01 02:45:34.236004 np0000171450 nova-conductor[111790]: DEBUG cotyledon.oslo_config_glue [-] oslo_messaging_rabbit.rabbit_quorum_max_memory_length = 0 {{(pid=111790) log_opt_values /opt/stack/data/venv/lib/python3.12/site-packages/oslo_config/cfg.py:3006}}
May 01 02:45:34.236004 np0000171450 nova-conductor[111790]: DEBUG cotyledon.oslo_config_glue [-] oslo_messaging_rabbit.rabbit_quorum_queue = False {{(pid=111790) log_opt_values /opt/stack/data/venv/lib/python3.12/site-packages/oslo_config/cfg.py:3006}}
May 01 02:45:34.236004 np0000171450 nova-conductor[111790]: DEBUG cotyledon.oslo_config_glue [-] oslo_messaging_rabbit.rabbit_retry_backoff = 2 {{(pid=111790) log_opt_values /opt/stack/data/venv/lib/python3.12/site-packages/oslo_config/cfg.py:3006}}
May 01 02:45:34.236004 np0000171450 nova-conductor[111790]: DEBUG cotyledon.oslo_config_glue [-] oslo_messaging_rabbit.rabbit_retry_interval = 1 {{(pid=111790) log_opt_values /opt/stack/data/venv/lib/python3.12/site-packages/oslo_config/cfg.py:3006}}
May 01 02:45:34.236004 np0000171450 nova-conductor[111790]: DEBUG cotyledon.oslo_config_glue [-] oslo_messaging_rabbit.rabbit_stream_fanout = False {{(pid=111790) log_opt_values /opt/stack/data/venv/lib/python3.12/site-packages/oslo_config/cfg.py:3006}}
May 01 02:45:34.236004 np0000171450 nova-conductor[111790]: DEBUG cotyledon.oslo_config_glue [-] oslo_messaging_rabbit.rabbit_transient_queues_ttl = 1800 {{(pid=111790) log_opt_values /opt/stack/data/venv/lib/python3.12/site-packages/oslo_config/cfg.py:3006}}
May 01 02:45:34.236004 np0000171450 nova-conductor[111790]: DEBUG cotyledon.oslo_config_glue [-] oslo_messaging_rabbit.rabbit_transient_quorum_queue = False {{(pid=111790) log_opt_values /opt/stack/data/venv/lib/python3.12/site-packages/oslo_config/cfg.py:3006}}
May 01 02:45:34.236004 np0000171450 nova-conductor[111790]: DEBUG cotyledon.oslo_config_glue [-] oslo_messaging_rabbit.rpc_conn_pool_size = 30 {{(pid=111790) log_opt_values /opt/stack/data/venv/lib/python3.12/site-packages/oslo_config/cfg.py:3006}}
May 01 02:45:34.236004 np0000171450 nova-conductor[111790]: DEBUG cotyledon.oslo_config_glue [-] oslo_messaging_rabbit.ssl = False {{(pid=111790) log_opt_values /opt/stack/data/venv/lib/python3.12/site-packages/oslo_config/cfg.py:3006}}
May 01 02:45:34.236227 np0000171450 nova-conductor[111790]: DEBUG cotyledon.oslo_config_glue [-] oslo_messaging_rabbit.ssl_ca_file = {{(pid=111790) log_opt_values /opt/stack/data/venv/lib/python3.12/site-packages/oslo_config/cfg.py:3006}}
May 01 02:45:34.236227 np0000171450 nova-conductor[111790]: DEBUG cotyledon.oslo_config_glue [-] oslo_messaging_rabbit.ssl_cert_file = {{(pid=111790) log_opt_values /opt/stack/data/venv/lib/python3.12/site-packages/oslo_config/cfg.py:3006}}
May 01 02:45:34.236227 np0000171450 nova-conductor[111790]: DEBUG cotyledon.oslo_config_glue [-] oslo_messaging_rabbit.ssl_enforce_fips_mode = False {{(pid=111790) log_opt_values /opt/stack/data/venv/lib/python3.12/site-packages/oslo_config/cfg.py:3006}}
May 01 02:45:34.236227 np0000171450 nova-conductor[111790]: DEBUG cotyledon.oslo_config_glue [-] oslo_messaging_rabbit.ssl_key_file = {{(pid=111790) log_opt_values /opt/stack/data/venv/lib/python3.12/site-packages/oslo_config/cfg.py:3006}}
May 01 02:45:34.236227 np0000171450 nova-conductor[111790]: DEBUG cotyledon.oslo_config_glue [-] oslo_messaging_rabbit.ssl_version = {{(pid=111790) log_opt_values /opt/stack/data/venv/lib/python3.12/site-packages/oslo_config/cfg.py:3006}}
May 01 02:45:34.236227 np0000171450 nova-conductor[111790]: DEBUG cotyledon.oslo_config_glue [-] oslo_messaging_rabbit.use_queue_manager = False {{(pid=111790) log_opt_values /opt/stack/data/venv/lib/python3.12/site-packages/oslo_config/cfg.py:3006}}
May 01 02:45:34.236227 np0000171450 nova-conductor[111790]: DEBUG cotyledon.oslo_config_glue [-] oslo_messaging_notifications.driver = ['messagingv2'] {{(pid=111790) log_opt_values /opt/stack/data/venv/lib/python3.12/site-packages/oslo_config/cfg.py:3006}}
May 01 02:45:34.236227 np0000171450 nova-conductor[111790]: DEBUG cotyledon.oslo_config_glue [-] oslo_messaging_notifications.retry = -1 {{(pid=111790) log_opt_values /opt/stack/data/venv/lib/python3.12/site-packages/oslo_config/cfg.py:3006}}
May 01 02:45:34.236227 np0000171450 nova-conductor[111790]: DEBUG cotyledon.oslo_config_glue [-] oslo_messaging_notifications.topics = ['notifications'] {{(pid=111790) log_opt_values /opt/stack/data/venv/lib/python3.12/site-packages/oslo_config/cfg.py:3006}}
May 01 02:45:34.236474 np0000171450 nova-conductor[111790]: DEBUG cotyledon.oslo_config_glue [-] oslo_messaging_notifications.transport_url = **** {{(pid=111790) log_opt_values /opt/stack/data/venv/lib/python3.12/site-packages/oslo_config/cfg.py:3006}}
May 01 02:45:34.236474 np0000171450 nova-conductor[111790]: DEBUG cotyledon.oslo_config_glue [-] oslo_limit.auth_section = None {{(pid=111790) log_opt_values /opt/stack/data/venv/lib/python3.12/site-packages/oslo_config/cfg.py:3006}}
May 01 02:45:34.236474 np0000171450 nova-conductor[111790]: DEBUG cotyledon.oslo_config_glue [-] oslo_limit.auth_type = None {{(pid=111790) log_opt_values /opt/stack/data/venv/lib/python3.12/site-packages/oslo_config/cfg.py:3006}}
May 01 02:45:34.236474 np0000171450 nova-conductor[111790]: DEBUG cotyledon.oslo_config_glue [-] oslo_limit.cafile = None {{(pid=111790) log_opt_values /opt/stack/data/venv/lib/python3.12/site-packages/oslo_config/cfg.py:3006}}
May 01 02:45:34.236474 np0000171450 nova-conductor[111790]: DEBUG cotyledon.oslo_config_glue [-] oslo_limit.certfile = None {{(pid=111790) log_opt_values /opt/stack/data/venv/lib/python3.12/site-packages/oslo_config/cfg.py:3006}}
May 01 02:45:34.236474 np0000171450 nova-conductor[111790]: DEBUG cotyledon.oslo_config_glue [-] oslo_limit.collect_timing = False {{(pid=111790) log_opt_values /opt/stack/data/venv/lib/python3.12/site-packages/oslo_config/cfg.py:3006}}
May 01 02:45:34.236474 np0000171450 nova-conductor[111790]: DEBUG cotyledon.oslo_config_glue [-] oslo_limit.connect_retries = None {{(pid=111790) log_opt_values /opt/stack/data/venv/lib/python3.12/site-packages/oslo_config/cfg.py:3006}}
May 01 02:45:34.236474 np0000171450 nova-conductor[111790]: DEBUG cotyledon.oslo_config_glue [-] oslo_limit.connect_retry_delay = None {{(pid=111790) log_opt_values /opt/stack/data/venv/lib/python3.12/site-packages/oslo_config/cfg.py:3006}}
May 01 02:45:34.236474 np0000171450 nova-conductor[111790]: DEBUG cotyledon.oslo_config_glue [-] oslo_limit.endpoint_id = None {{(pid=111790) log_opt_values /opt/stack/data/venv/lib/python3.12/site-packages/oslo_config/cfg.py:3006}}
May 01 02:45:34.236725 np0000171450 nova-conductor[111790]: DEBUG cotyledon.oslo_config_glue [-] oslo_limit.endpoint_interface = public {{(pid=111790) log_opt_values /opt/stack/data/venv/lib/python3.12/site-packages/oslo_config/cfg.py:3006}}
May 01 02:45:34.236725 np0000171450 nova-conductor[111790]: DEBUG cotyledon.oslo_config_glue [-] oslo_limit.endpoint_override = None {{(pid=111790) log_opt_values /opt/stack/data/venv/lib/python3.12/site-packages/oslo_config/cfg.py:3006}}
May 01 02:45:34.236725 np0000171450 nova-conductor[111790]: DEBUG cotyledon.oslo_config_glue [-] oslo_limit.endpoint_region_name = None {{(pid=111790) log_opt_values /opt/stack/data/venv/lib/python3.12/site-packages/oslo_config/cfg.py:3006}}
May 01 02:45:34.236725 np0000171450 nova-conductor[111790]: DEBUG cotyledon.oslo_config_glue [-] oslo_limit.endpoint_service_name = None {{(pid=111790) log_opt_values /opt/stack/data/venv/lib/python3.12/site-packages/oslo_config/cfg.py:3006}}
May 01 02:45:34.236725 np0000171450 nova-conductor[111790]: DEBUG cotyledon.oslo_config_glue [-] oslo_limit.endpoint_service_type = None {{(pid=111790) log_opt_values /opt/stack/data/venv/lib/python3.12/site-packages/oslo_config/cfg.py:3006}}
May 01 02:45:34.236725 np0000171450 nova-conductor[111790]: DEBUG cotyledon.oslo_config_glue [-] oslo_limit.insecure = False {{(pid=111790) log_opt_values /opt/stack/data/venv/lib/python3.12/site-packages/oslo_config/cfg.py:3006}}
May 01 02:45:34.236725 np0000171450 nova-conductor[111790]: DEBUG cotyledon.oslo_config_glue [-] oslo_limit.keyfile = None {{(pid=111790) log_opt_values /opt/stack/data/venv/lib/python3.12/site-packages/oslo_config/cfg.py:3006}}
May 01 02:45:34.236725 np0000171450 nova-conductor[111790]: DEBUG cotyledon.oslo_config_glue [-] oslo_limit.max_version = None {{(pid=111790) log_opt_values /opt/stack/data/venv/lib/python3.12/site-packages/oslo_config/cfg.py:3006}}
May 01 02:45:34.236725 np0000171450 nova-conductor[111790]: DEBUG cotyledon.oslo_config_glue [-] oslo_limit.min_version = None {{(pid=111790) log_opt_values /opt/stack/data/venv/lib/python3.12/site-packages/oslo_config/cfg.py:3006}}
May 01 02:45:34.236951 np0000171450 nova-conductor[111790]: DEBUG cotyledon.oslo_config_glue [-] oslo_limit.region_name = None {{(pid=111790) log_opt_values /opt/stack/data/venv/lib/python3.12/site-packages/oslo_config/cfg.py:3006}}
May 01 02:45:34.236988 np0000171450 nova-conductor[111769]: DEBUG nova.service [None req-f17062b8-2759-441b-94e1-942826992ca0 None None] Creating RPC server for service: nova-conductor on topic: conductor {{(pid=111769) start /opt/stack/nova/nova/service.py:195}}
May 01 02:45:34.237047 np0000171450 nova-conductor[111790]: DEBUG cotyledon.oslo_config_glue [-] oslo_limit.retriable_status_codes = None {{(pid=111790) log_opt_values /opt/stack/data/venv/lib/python3.12/site-packages/oslo_config/cfg.py:3006}}
May 01 02:45:34.237047 np0000171450 nova-conductor[111790]: DEBUG cotyledon.oslo_config_glue [-] oslo_limit.service_name = None {{(pid=111790) log_opt_values /opt/stack/data/venv/lib/python3.12/site-packages/oslo_config/cfg.py:3006}}
May 01 02:45:34.237047 np0000171450 nova-conductor[111790]: DEBUG cotyledon.oslo_config_glue [-] oslo_limit.service_type = None {{(pid=111790) log_opt_values /opt/stack/data/venv/lib/python3.12/site-packages/oslo_config/cfg.py:3006}}
May 01 02:45:34.237047 np0000171450 nova-conductor[111790]: DEBUG cotyledon.oslo_config_glue [-] oslo_limit.split_loggers = False {{(pid=111790) log_opt_values /opt/stack/data/venv/lib/python3.12/site-packages/oslo_config/cfg.py:3006}}
May 01 02:45:34.237047 np0000171450 nova-conductor[111790]: DEBUG cotyledon.oslo_config_glue [-] oslo_limit.status_code_retries = None {{(pid=111790) log_opt_values /opt/stack/data/venv/lib/python3.12/site-packages/oslo_config/cfg.py:3006}}
May 01 02:45:34.237047 np0000171450 nova-conductor[111790]: DEBUG cotyledon.oslo_config_glue [-] oslo_limit.status_code_retry_delay = None {{(pid=111790) log_opt_values /opt/stack/data/venv/lib/python3.12/site-packages/oslo_config/cfg.py:3006}}
May 01 02:45:34.237047 np0000171450 nova-conductor[111790]: DEBUG cotyledon.oslo_config_glue [-] oslo_limit.timeout = None {{(pid=111790) log_opt_values /opt/stack/data/venv/lib/python3.12/site-packages/oslo_config/cfg.py:3006}}
May 01 02:45:34.237047 np0000171450 nova-conductor[111790]: DEBUG cotyledon.oslo_config_glue [-] oslo_limit.valid_interfaces = None {{(pid=111790) log_opt_values /opt/stack/data/venv/lib/python3.12/site-packages/oslo_config/cfg.py:3006}}
May 01 02:45:34.237047 np0000171450 nova-conductor[111790]: DEBUG cotyledon.oslo_config_glue [-] oslo_limit.version = None {{(pid=111790) log_opt_values /opt/stack/data/venv/lib/python3.12/site-packages/oslo_config/cfg.py:3006}}
May 01 02:45:34.237274 np0000171450 nova-conductor[111790]: DEBUG cotyledon.oslo_config_glue [-] oslo_reports.file_event_handler = None {{(pid=111790) log_opt_values /opt/stack/data/venv/lib/python3.12/site-packages/oslo_config/cfg.py:3006}}
May 01 02:45:34.237274 np0000171450 nova-conductor[111790]: DEBUG cotyledon.oslo_config_glue [-] oslo_reports.file_event_handler_interval = 1 {{(pid=111790) log_opt_values /opt/stack/data/venv/lib/python3.12/site-packages/oslo_config/cfg.py:3006}}
May 01 02:45:34.237274 np0000171450 nova-conductor[111790]: DEBUG cotyledon.oslo_config_glue [-] oslo_reports.log_dir = None {{(pid=111790) log_opt_values /opt/stack/data/venv/lib/python3.12/site-packages/oslo_config/cfg.py:3006}}
May 01 02:45:34.237274 np0000171450 nova-conductor[111790]: DEBUG cotyledon.oslo_config_glue [-] ******************************************************************************** {{(pid=111790) log_opt_values /opt/stack/data/venv/lib/python3.12/site-packages/oslo_config/cfg.py:3013}}
May 01 02:45:34.237274 np0000171450 nova-conductor[111790]: DEBUG cotyledon._service_worker [-] Run service ServiceWrapper(2) [111790] {{(pid=111790) wait_forever /opt/stack/data/venv/lib/python3.12/site-packages/cotyledon/_service_worker.py:218}}
May 01 02:45:34.237447 np0000171450 nova-conductor[111796]: DEBUG oslo_db.sqlalchemy.engines [None req-0dd7999b-8b1a-439a-8523-6bcc58a34e02 None None] MySQL server mode set to STRICT_TRANS_TABLES,STRICT_ALL_TABLES,NO_ZERO_IN_DATE,NO_ZERO_DATE,ERROR_FOR_DIVISION_BY_ZERO,TRADITIONAL,NO_ENGINE_SUBSTITUTION {{(pid=111796) _check_effective_sql_mode /opt/stack/data/venv/lib/python3.12/site-packages/oslo_db/sqlalchemy/engines.py:325}}
May 01 02:45:34.237475 np0000171450 nova-conductor[111790]: INFO nova.service [-] Starting conductor node (version 33.1.0)
May 01 02:45:34.237503 np0000171450 nova-conductor[111782]: DEBUG oslo_db.sqlalchemy.engines [None req-48e6b302-d29b-4631-b711-2d299c0b20ba None None] MySQL server mode set to STRICT_TRANS_TABLES,STRICT_ALL_TABLES,NO_ZERO_IN_DATE,NO_ZERO_DATE,ERROR_FOR_DIVISION_BY_ZERO,TRADITIONAL,NO_ENGINE_SUBSTITUTION {{(pid=111782) _check_effective_sql_mode /opt/stack/data/venv/lib/python3.12/site-packages/oslo_db/sqlalchemy/engines.py:325}}
May 01 02:45:34.237540 np0000171450 nova-conductor[111796]: DEBUG dbcounter [-] [111796] Writer thread running {{(pid=111796) stat_writer /opt/stack/data/venv/lib/python3.12/site-packages/dbcounter.py:102}}
May 01 02:45:34.237571 np0000171450 nova-conductor[111782]: DEBUG dbcounter [-] [111782] Writer thread running {{(pid=111782) stat_writer /opt/stack/data/venv/lib/python3.12/site-packages/dbcounter.py:102}}
May 01 02:45:34.237600 np0000171450 nova-conductor[111796]: DEBUG nova.service [None req-0dd7999b-8b1a-439a-8523-6bcc58a34e02 None None] Creating RPC server for service: nova-conductor on topic: conductor {{(pid=111796) start /opt/stack/nova/nova/service.py:195}}
May 01 02:45:34.237629 np0000171450 nova-conductor[111790]: INFO dbcounter [None req-5a739578-c1b4-47ab-8b23-1d7208500f43 None None] Registered counter for database nova_cell0
May 01 02:45:34.237657 np0000171450 nova-conductor[111782]: DEBUG nova.service [None req-48e6b302-d29b-4631-b711-2d299c0b20ba None None] Creating RPC server for service: nova-conductor on topic: conductor {{(pid=111782) start /opt/stack/nova/nova/service.py:195}}
May 01 02:45:34.237684 np0000171450 nova-conductor[111769]: DEBUG nova.service [None req-f17062b8-2759-441b-94e1-942826992ca0 None None] Join ServiceGroup membership for this service conductor {{(pid=111769) start /opt/stack/nova/nova/service.py:221}}
May 01 02:45:34.237713 np0000171450 nova-conductor[111769]: DEBUG nova.servicegroup.drivers.db [None req-f17062b8-2759-441b-94e1-942826992ca0 None None] DB_Driver: join new ServiceGroup member np0000171450 to the conductor group, service = {{(pid=111769) join /opt/stack/nova/nova/servicegroup/drivers/db.py:44}}
May 01 02:45:34.241444 np0000171450 nova-conductor[111790]: DEBUG oslo_db.sqlalchemy.engines [None req-5a739578-c1b4-47ab-8b23-1d7208500f43 None None] MySQL server mode set to STRICT_TRANS_TABLES,STRICT_ALL_TABLES,NO_ZERO_IN_DATE,NO_ZERO_DATE,ERROR_FOR_DIVISION_BY_ZERO,TRADITIONAL,NO_ENGINE_SUBSTITUTION {{(pid=111790) _check_effective_sql_mode /opt/stack/data/venv/lib/python3.12/site-packages/oslo_db/sqlalchemy/engines.py:325}}
May 01 02:45:34.247434 np0000171450 nova-conductor[111796]: DEBUG nova.service [None req-0dd7999b-8b1a-439a-8523-6bcc58a34e02 None None] Join ServiceGroup membership for this service conductor {{(pid=111796) start /opt/stack/nova/nova/service.py:221}}
May 01 02:45:34.247625 np0000171450 nova-conductor[111796]: DEBUG nova.servicegroup.drivers.db [None req-0dd7999b-8b1a-439a-8523-6bcc58a34e02 None None] DB_Driver: join new ServiceGroup member np0000171450 to the conductor group, service = {{(pid=111796) join /opt/stack/nova/nova/servicegroup/drivers/db.py:44}}
May 01 02:45:34.249143 np0000171450 nova-conductor[111782]: DEBUG nova.service [None req-48e6b302-d29b-4631-b711-2d299c0b20ba None None] Join ServiceGroup membership for this service conductor {{(pid=111782) start /opt/stack/nova/nova/service.py:221}}
May 01 02:45:34.249503 np0000171450 nova-conductor[111782]: DEBUG nova.servicegroup.drivers.db [None req-48e6b302-d29b-4631-b711-2d299c0b20ba None None] DB_Driver: join new ServiceGroup member np0000171450 to the conductor group, service = {{(pid=111782) join /opt/stack/nova/nova/servicegroup/drivers/db.py:44}}
May 01 02:45:34.263056 np0000171450 nova-conductor[111790]: DEBUG dbcounter [-] [111790] Writer thread running {{(pid=111790) stat_writer /opt/stack/data/venv/lib/python3.12/site-packages/dbcounter.py:102}}
May 01 02:45:34.266378 np0000171450 nova-conductor[111790]: DEBUG nova.service [None req-5a739578-c1b4-47ab-8b23-1d7208500f43 None None] Creating RPC server for service: nova-conductor on topic: conductor {{(pid=111790) start /opt/stack/nova/nova/service.py:195}}
May 01 02:45:34.293361 np0000171450 nova-conductor[111790]: DEBUG nova.service [None req-5a739578-c1b4-47ab-8b23-1d7208500f43 None None] Join ServiceGroup membership for this service conductor {{(pid=111790) start /opt/stack/nova/nova/service.py:221}}
May 01 02:45:34.293758 np0000171450 nova-conductor[111790]: DEBUG nova.servicegroup.drivers.db [None req-5a739578-c1b4-47ab-8b23-1d7208500f43 None None] DB_Driver: join new ServiceGroup member np0000171450 to the conductor group, service = {{(pid=111790) join /opt/stack/nova/nova/servicegroup/drivers/db.py:44}}
May 01 02:45:38.297255 np0000171450 nova-conductor[111790]: DEBUG oslo.service.backend._threading.loopingcall [None req-97bf3b34-d35f-4e79-89b8-7c005b1c578a None None] Dynamic interval looping call 'nova.service.Service.periodic_tasks' sleeping for 60.00 seconds {{(pid=111790) _run_loop /opt/stack/data/venv/lib/python3.12/site-packages/oslo_service/backend/_threading/loopingcall.py:125}}
May 01 02:45:39.257266 np0000171450 nova-conductor[111769]: DEBUG oslo.service.backend._threading.loopingcall [-] Fixed interval looping call 'nova.servicegroup.drivers.db.DbDriver._report_state' sleeping for 119.98 seconds {{(pid=111769) _run_loop /opt/stack/data/venv/lib/python3.12/site-packages/oslo_service/backend/_threading/loopingcall.py:125}}
May 01 02:45:39.261247 np0000171450 nova-conductor[111796]: DEBUG oslo.service.backend._threading.loopingcall [-] Fixed interval looping call 'nova.servicegroup.drivers.db.DbDriver._report_state' sleeping for 119.99 seconds {{(pid=111796) _run_loop /opt/stack/data/venv/lib/python3.12/site-packages/oslo_service/backend/_threading/loopingcall.py:125}}
May 01 02:45:39.263149 np0000171450 nova-conductor[111782]: DEBUG oslo.service.backend._threading.loopingcall [-] Fixed interval looping call 'nova.servicegroup.drivers.db.DbDriver._report_state' sleeping for 119.99 seconds {{(pid=111782) _run_loop /opt/stack/data/venv/lib/python3.12/site-packages/oslo_service/backend/_threading/loopingcall.py:125}}
May 01 02:45:39.307761 np0000171450 nova-conductor[111790]: DEBUG oslo.service.backend._threading.loopingcall [-] Fixed interval looping call 'nova.servicegroup.drivers.db.DbDriver._report_state' sleeping for 119.99 seconds {{(pid=111790) _run_loop /opt/stack/data/venv/lib/python3.12/site-packages/oslo_service/backend/_threading/loopingcall.py:125}}
May 01 02:45:42.850860 np0000171450 nova-conductor[110865]: DEBUG dbcounter [-] [110865] Writing DB stats nova_api:SELECT=1 {{(pid=110865) stat_writer /opt/stack/data/venv/lib/python3.12/site-packages/dbcounter.py:115}}
May 01 02:45:42.949349 np0000171450 nova-conductor[110865]: DEBUG dbcounter [-] [110865] Writing DB stats nova_cell0:SELECT=1 {{(pid=110865) stat_writer /opt/stack/data/venv/lib/python3.12/site-packages/dbcounter.py:115}}
May 01 02:45:42.955173 np0000171450 nova-conductor[110865]: DEBUG dbcounter [-] [110865] Writing DB stats nova_cell1:SELECT=1 {{(pid=110865) stat_writer /opt/stack/data/venv/lib/python3.12/site-packages/dbcounter.py:115}}
May 01 02:45:49.251331 np0000171450 nova-conductor[111769]: DEBUG dbcounter [-] [111769] Writing DB stats nova_cell0:SELECT=4,nova_cell0:INSERT=1,nova_cell0:UPDATE=1 {{(pid=111769) stat_writer /opt/stack/data/venv/lib/python3.12/site-packages/dbcounter.py:115}}
May 01 02:45:49.258505 np0000171450 nova-conductor[111796]: DEBUG dbcounter [-] [111796] Writing DB stats nova_cell0:SELECT=3 {{(pid=111796) stat_writer /opt/stack/data/venv/lib/python3.12/site-packages/dbcounter.py:115}}
May 01 02:45:49.261939 np0000171450 nova-conductor[111782]: DEBUG dbcounter [-] [111782] Writing DB stats nova_cell0:SELECT=3 {{(pid=111782) stat_writer /opt/stack/data/venv/lib/python3.12/site-packages/dbcounter.py:115}}
May 01 02:45:49.305983 np0000171450 nova-conductor[111790]: DEBUG dbcounter [-] [111790] Writing DB stats nova_cell0:SELECT=3 {{(pid=111790) stat_writer /opt/stack/data/venv/lib/python3.12/site-packages/dbcounter.py:115}}
May 01 02:46:05.249794 np0000171450 nova-conductor[111796]: DEBUG oslo.service.backend._threading.loopingcall [None req-5f621a5b-c42a-4aab-b830-ed71e0669050 None None] Dynamic interval looping call 'nova.service.Service.periodic_tasks' sleeping for 60.00 seconds {{(pid=111796) _run_loop /opt/stack/data/venv/lib/python3.12/site-packages/oslo_service/backend/_threading/loopingcall.py:125}}
May 01 02:46:15.296187 np0000171450 nova-conductor[111769]: DEBUG oslo.service.backend._threading.loopingcall [None req-38b03fc1-f1dd-434d-a25b-aca459917844 None None] Dynamic interval looping call 'nova.service.Service.periodic_tasks' sleeping for 60.00 seconds {{(pid=111769) _run_loop /opt/stack/data/venv/lib/python3.12/site-packages/oslo_service/backend/_threading/loopingcall.py:125}}
May 01 02:46:16.251829 np0000171450 nova-conductor[111782]: DEBUG oslo.service.backend._threading.loopingcall [None req-a0625018-8cf9-43d1-8f9c-a319f9cb3bca None None] Dynamic interval looping call 'nova.service.Service.periodic_tasks' sleeping for 60.00 seconds {{(pid=111782) _run_loop /opt/stack/data/venv/lib/python3.12/site-packages/oslo_service/backend/_threading/loopingcall.py:125}}
May 01 02:46:38.298506 np0000171450 nova-conductor[111790]: DEBUG oslo.service.backend._threading.loopingcall [None req-97bf3b34-d35f-4e79-89b8-7c005b1c578a None None] Dynamic interval looping call 'nova.service.Service.periodic_tasks' sleeping for 60.00 seconds {{(pid=111790) _run_loop /opt/stack/data/venv/lib/python3.12/site-packages/oslo_service/backend/_threading/loopingcall.py:125}}
May 01 02:47:05.250640 np0000171450 nova-conductor[111796]: DEBUG oslo.service.backend._threading.loopingcall [None req-5f621a5b-c42a-4aab-b830-ed71e0669050 None None] Dynamic interval looping call 'nova.service.Service.periodic_tasks' sleeping for 60.00 seconds {{(pid=111796) _run_loop /opt/stack/data/venv/lib/python3.12/site-packages/oslo_service/backend/_threading/loopingcall.py:125}}
May 01 02:47:15.296727 np0000171450 nova-conductor[111769]: DEBUG oslo.service.backend._threading.loopingcall [None req-38b03fc1-f1dd-434d-a25b-aca459917844 None None] Dynamic interval looping call 'nova.service.Service.periodic_tasks' sleeping for 60.00 seconds {{(pid=111769) _run_loop /opt/stack/data/venv/lib/python3.12/site-packages/oslo_service/backend/_threading/loopingcall.py:125}}
May 01 02:47:16.252612 np0000171450 nova-conductor[111782]: DEBUG oslo.service.backend._threading.loopingcall [None req-a0625018-8cf9-43d1-8f9c-a319f9cb3bca None None] Dynamic interval looping call 'nova.service.Service.periodic_tasks' sleeping for 60.00 seconds {{(pid=111782) _run_loop /opt/stack/data/venv/lib/python3.12/site-packages/oslo_service/backend/_threading/loopingcall.py:125}}
May 01 02:47:38.299203 np0000171450 nova-conductor[111790]: DEBUG oslo.service.backend._threading.loopingcall [None req-97bf3b34-d35f-4e79-89b8-7c005b1c578a None None] Dynamic interval looping call 'nova.service.Service.periodic_tasks' sleeping for 60.00 seconds {{(pid=111790) _run_loop /opt/stack/data/venv/lib/python3.12/site-packages/oslo_service/backend/_threading/loopingcall.py:125}}
May 01 02:47:39.537518 np0000171450 nova-conductor[111769]: DEBUG oslo.service.backend._threading.loopingcall [-] Fixed interval looping call 'nova.servicegroup.drivers.db.DbDriver._report_state' sleeping for 119.70 seconds {{(pid=111769) _run_loop /opt/stack/data/venv/lib/python3.12/site-packages/oslo_service/backend/_threading/loopingcall.py:125}}
May 01 02:47:39.538672 np0000171450 nova-conductor[111796]: DEBUG oslo.service.backend._threading.loopingcall [-] Fixed interval looping call 'nova.servicegroup.drivers.db.DbDriver._report_state' sleeping for 119.71 seconds {{(pid=111796) _run_loop /opt/stack/data/venv/lib/python3.12/site-packages/oslo_service/backend/_threading/loopingcall.py:125}}
May 01 02:47:39.541223 np0000171450 nova-conductor[111782]: DEBUG oslo.service.backend._threading.loopingcall [-] Fixed interval looping call 'nova.servicegroup.drivers.db.DbDriver._report_state' sleeping for 119.71 seconds {{(pid=111782) _run_loop /opt/stack/data/venv/lib/python3.12/site-packages/oslo_service/backend/_threading/loopingcall.py:125}}
May 01 02:47:39.541832 np0000171450 nova-conductor[111790]: DEBUG oslo.service.backend._threading.loopingcall [-] Fixed interval looping call 'nova.servicegroup.drivers.db.DbDriver._report_state' sleeping for 119.76 seconds {{(pid=111790) _run_loop /opt/stack/data/venv/lib/python3.12/site-packages/oslo_service/backend/_threading/loopingcall.py:125}}
May 01 02:47:49.242885 np0000171450 nova-conductor[111769]: DEBUG dbcounter [-] [111769] Writing DB stats nova_cell0:SELECT=1,nova_cell0:UPDATE=1 {{(pid=111769) stat_writer /opt/stack/data/venv/lib/python3.12/site-packages/dbcounter.py:115}}
May 01 02:47:49.258318 np0000171450 nova-conductor[111796]: DEBUG dbcounter [-] [111796] Writing DB stats nova_cell0:SELECT=1,nova_cell0:UPDATE=1 {{(pid=111796) stat_writer /opt/stack/data/venv/lib/python3.12/site-packages/dbcounter.py:115}}
May 01 02:47:49.262308 np0000171450 nova-conductor[111782]: DEBUG dbcounter [-] [111782] Writing DB stats nova_cell0:SELECT=1,nova_cell0:UPDATE=1 {{(pid=111782) stat_writer /opt/stack/data/venv/lib/python3.12/site-packages/dbcounter.py:115}}
May 01 02:47:49.306903 np0000171450 nova-conductor[111790]: DEBUG dbcounter [-] [111790] Writing DB stats nova_cell0:SELECT=1,nova_cell0:UPDATE=1 {{(pid=111790) stat_writer /opt/stack/data/venv/lib/python3.12/site-packages/dbcounter.py:115}}
May 01 02:48:05.251702 np0000171450 nova-conductor[111796]: DEBUG oslo.service.backend._threading.loopingcall [None req-5f621a5b-c42a-4aab-b830-ed71e0669050 None None] Dynamic interval looping call 'nova.service.Service.periodic_tasks' sleeping for 60.00 seconds {{(pid=111796) _run_loop /opt/stack/data/venv/lib/python3.12/site-packages/oslo_service/backend/_threading/loopingcall.py:125}}
May 01 02:48:15.297458 np0000171450 nova-conductor[111769]: DEBUG oslo.service.backend._threading.loopingcall [None req-38b03fc1-f1dd-434d-a25b-aca459917844 None None] Dynamic interval looping call 'nova.service.Service.periodic_tasks' sleeping for 60.00 seconds {{(pid=111769) _run_loop /opt/stack/data/venv/lib/python3.12/site-packages/oslo_service/backend/_threading/loopingcall.py:125}}
May 01 02:48:16.253391 np0000171450 nova-conductor[111782]: DEBUG oslo.service.backend._threading.loopingcall [None req-a0625018-8cf9-43d1-8f9c-a319f9cb3bca None None] Dynamic interval looping call 'nova.service.Service.periodic_tasks' sleeping for 60.00 seconds {{(pid=111782) _run_loop /opt/stack/data/venv/lib/python3.12/site-packages/oslo_service/backend/_threading/loopingcall.py:125}}
May 01 02:48:38.300181 np0000171450 nova-conductor[111790]: DEBUG oslo.service.backend._threading.loopingcall [None req-97bf3b34-d35f-4e79-89b8-7c005b1c578a None None] Dynamic interval looping call 'nova.service.Service.periodic_tasks' sleeping for 60.00 seconds {{(pid=111790) _run_loop /opt/stack/data/venv/lib/python3.12/site-packages/oslo_service/backend/_threading/loopingcall.py:125}}
May 01 02:49:05.252413 np0000171450 nova-conductor[111796]: DEBUG oslo.service.backend._threading.loopingcall [None req-5f621a5b-c42a-4aab-b830-ed71e0669050 None None] Dynamic interval looping call 'nova.service.Service.periodic_tasks' sleeping for 60.00 seconds {{(pid=111796) _run_loop /opt/stack/data/venv/lib/python3.12/site-packages/oslo_service/backend/_threading/loopingcall.py:125}}
May 01 02:49:15.298135 np0000171450 nova-conductor[111769]: DEBUG oslo.service.backend._threading.loopingcall [None req-38b03fc1-f1dd-434d-a25b-aca459917844 None None] Dynamic interval looping call 'nova.service.Service.periodic_tasks' sleeping for 60.00 seconds {{(pid=111769) _run_loop /opt/stack/data/venv/lib/python3.12/site-packages/oslo_service/backend/_threading/loopingcall.py:125}}
May 01 02:49:16.254142 np0000171450 nova-conductor[111782]: DEBUG oslo.service.backend._threading.loopingcall [None req-a0625018-8cf9-43d1-8f9c-a319f9cb3bca None None] Dynamic interval looping call 'nova.service.Service.periodic_tasks' sleeping for 60.00 seconds {{(pid=111782) _run_loop /opt/stack/data/venv/lib/python3.12/site-packages/oslo_service/backend/_threading/loopingcall.py:125}}
May 01 02:49:38.301413 np0000171450 nova-conductor[111790]: DEBUG oslo.service.backend._threading.loopingcall [None req-97bf3b34-d35f-4e79-89b8-7c005b1c578a None None] Dynamic interval looping call 'nova.service.Service.periodic_tasks' sleeping for 60.00 seconds {{(pid=111790) _run_loop /opt/stack/data/venv/lib/python3.12/site-packages/oslo_service/backend/_threading/loopingcall.py:125}}
May 01 02:49:39.250846 np0000171450 nova-conductor[111769]: DEBUG oslo.service.backend._threading.loopingcall [-] Fixed interval looping call 'nova.servicegroup.drivers.db.DbDriver._report_state' sleeping for 119.99 seconds {{(pid=111769) _run_loop /opt/stack/data/venv/lib/python3.12/site-packages/oslo_service/backend/_threading/loopingcall.py:125}}
May 01 02:49:39.254015 np0000171450 nova-conductor[111796]: DEBUG oslo.service.backend._threading.loopingcall [-] Fixed interval looping call 'nova.servicegroup.drivers.db.DbDriver._report_state' sleeping for 119.99 seconds {{(pid=111796) _run_loop /opt/stack/data/venv/lib/python3.12/site-packages/oslo_service/backend/_threading/loopingcall.py:125}}
May 01 02:49:39.260294 np0000171450 nova-conductor[111782]: DEBUG oslo.service.backend._threading.loopingcall [-] Fixed interval looping call 'nova.servicegroup.drivers.db.DbDriver._report_state' sleeping for 119.99 seconds {{(pid=111782) _run_loop /opt/stack/data/venv/lib/python3.12/site-packages/oslo_service/backend/_threading/loopingcall.py:125}}
