Aug 08 05:20:59.554801 np0000188241 systemd[1]: Starting devstack@n-api-meta.service - Devstack devstack@n-api-meta.service...
Aug 08 05:20:59.564254 np0000188241 devstack@n-api-meta.service[106698]: [uWSGI] getting INI configuration from /etc/nova/nova-metadata-uwsgi.ini
Aug 08 05:20:59.566524 np0000188241 devstack@n-api-meta.service[106698]: *** Starting uWSGI 2.0.24-debian (64bit) on [Sat Aug 8 05:20:59 2026] ***
Aug 08 05:20:59.566524 np0000188241 devstack@n-api-meta.service[106698]: compiled with version: 13.2.0 on 17 April 2024 16:23:48
Aug 08 05:20:59.566524 np0000188241 devstack@n-api-meta.service[106698]: os: Linux-6.8.0-137-generic #137-Ubuntu SMP PREEMPT_DYNAMIC Fri Jul 17 20:28:23 UTC 2026
Aug 08 05:20:59.566524 np0000188241 devstack@n-api-meta.service[106698]: nodename: np0000188241
Aug 08 05:20:59.566524 np0000188241 devstack@n-api-meta.service[106698]: machine: x86_64
Aug 08 05:20:59.566524 np0000188241 devstack@n-api-meta.service[106698]: clock source: unix
Aug 08 05:20:59.566524 np0000188241 devstack@n-api-meta.service[106698]: pcre jit disabled
Aug 08 05:20:59.566524 np0000188241 devstack@n-api-meta.service[106698]: detected number of CPU cores: 16
Aug 08 05:20:59.566524 np0000188241 devstack@n-api-meta.service[106698]: current working directory: /
Aug 08 05:20:59.566524 np0000188241 devstack@n-api-meta.service[106698]: detected binary path: /usr/bin/uwsgi-core
Aug 08 05:20:59.566524 np0000188241 devstack@n-api-meta.service[106698]: your processes number limit is 256916
Aug 08 05:20:59.566524 np0000188241 devstack@n-api-meta.service[106698]: your memory page size is 4096 bytes
Aug 08 05:20:59.566524 np0000188241 devstack@n-api-meta.service[106698]: detected max file descriptor number: 2048
Aug 08 05:20:59.566524 np0000188241 devstack@n-api-meta.service[106698]: lock engine: pthread robust mutexes
Aug 08 05:20:59.567415 np0000188241 devstack@n-api-meta.service[106698]: thunder lock: enabled
Aug 08 05:20:59.567415 np0000188241 devstack@n-api-meta.service[106698]: uWSGI http bound on 0.0.0.0:8775 fd 5
Aug 08 05:20:59.567415 np0000188241 devstack@n-api-meta.service[106698]: uwsgi socket 0 bound to TCP address 127.0.0.1:34233 (port auto-assigned) fd 4
Aug 08 05:20:59.567415 np0000188241 devstack@n-api-meta.service[106698]: Python version: 3.12.3 (main, Jun 19 2026, 12:46:00) [GCC 13.3.0]
Aug 08 05:20:59.567415 np0000188241 devstack@n-api-meta.service[106698]: PEP 405 virtualenv detected: /opt/stack/data/venv
Aug 08 05:20:59.567415 np0000188241 devstack@n-api-meta.service[106698]: Set PythonHome to /opt/stack/data/venv
Aug 08 05:20:59.601003 np0000188241 devstack@n-api-meta.service[106698]: Python main interpreter initialized at 0x7685692a4668
Aug 08 05:20:59.601003 np0000188241 devstack@n-api-meta.service[106698]: python threads support enabled
Aug 08 05:20:59.601003 np0000188241 devstack@n-api-meta.service[106698]: your server socket listen backlog is limited to 100 connections
Aug 08 05:20:59.601003 np0000188241 devstack@n-api-meta.service[106698]: your mercy for graceful operations on workers is 80 seconds
Aug 08 05:20:59.601505 np0000188241 devstack@n-api-meta.service[106698]: mapped 671795 bytes (656 KB) for 4 cores
Aug 08 05:20:59.601634 np0000188241 devstack@n-api-meta.service[106698]: *** Operational MODE: preforking ***
Aug 08 05:20:59.601785 np0000188241 devstack@n-api-meta.service[106698]: *** uWSGI is running in multiple interpreter mode ***
Aug 08 05:20:59.601785 np0000188241 devstack@n-api-meta.service[106698]: spawned uWSGI master process (pid: 106698)
Aug 08 05:20:59.601972 np0000188241 systemd[1]: Started devstack@n-api-meta.service - Devstack devstack@n-api-meta.service.
Aug 08 05:20:59.602438 np0000188241 devstack@n-api-meta.service[106698]: spawned uWSGI worker 1 (pid: 106699, cores: 1)
Aug 08 05:20:59.602935 np0000188241 devstack@n-api-meta.service[106698]: spawned uWSGI worker 2 (pid: 106700, cores: 1)
Aug 08 05:20:59.603425 np0000188241 devstack@n-api-meta.service[106698]: spawned uWSGI worker 3 (pid: 106701, cores: 1)
Aug 08 05:20:59.603885 np0000188241 devstack@n-api-meta.service[106698]: spawned uWSGI worker 4 (pid: 106702, cores: 1)
Aug 08 05:20:59.604388 np0000188241 devstack@n-api-meta.service[106698]: spawned uWSGI http 1 (pid: 106703)
Aug 08 05:20:59.604388 np0000188241 devstack@n-api-meta.service[106698]: running "unix_signal:15 gracefully_kill_them_all" (master-start)...
Aug 08 05:21:01.238635 np0000188241 devstack@n-api-meta.service[106702]: INFO dbcounter [None req-c0dc06b2-f667-43c6-b29f-acf46d970e5a None None] Registered counter for database nova_api
Aug 08 05:21:01.271483 np0000188241 devstack@n-api-meta.service[106700]: INFO dbcounter [None req-91f8a7fd-03fe-4657-a3a4-0ca76e0a2f51 None None] Registered counter for database nova_api
Aug 08 05:21:01.279318 np0000188241 devstack@n-api-meta.service[106699]: INFO dbcounter [None req-f9316cc3-45f0-4093-8ab9-0bc709dd19d4 None None] Registered counter for database nova_api
Aug 08 05:21:01.287449 np0000188241 devstack@n-api-meta.service[106702]: DEBUG oslo_db.sqlalchemy.engines [None req-c0dc06b2-f667-43c6-b29f-acf46d970e5a None None] MySQL server mode set to STRICT_TRANS_TABLES,STRICT_ALL_TABLES,NO_ZERO_IN_DATE,NO_ZERO_DATE,ERROR_FOR_DIVISION_BY_ZERO,TRADITIONAL,NO_ENGINE_SUBSTITUTION {{(pid=106702) _check_effective_sql_mode /opt/stack/data/venv/lib/python3.12/site-packages/oslo_db/sqlalchemy/engines.py:325}}
Aug 08 05:21:01.319039 np0000188241 devstack@n-api-meta.service[106700]: DEBUG oslo_db.sqlalchemy.engines [None req-91f8a7fd-03fe-4657-a3a4-0ca76e0a2f51 None None] MySQL server mode set to STRICT_TRANS_TABLES,STRICT_ALL_TABLES,NO_ZERO_IN_DATE,NO_ZERO_DATE,ERROR_FOR_DIVISION_BY_ZERO,TRADITIONAL,NO_ENGINE_SUBSTITUTION {{(pid=106700) _check_effective_sql_mode /opt/stack/data/venv/lib/python3.12/site-packages/oslo_db/sqlalchemy/engines.py:325}}
Aug 08 05:21:01.319242 np0000188241 devstack@n-api-meta.service[106701]: INFO dbcounter [None req-d2b23670-291a-4aeb-9478-bd7af279e961 None None] Registered counter for database nova_api
Aug 08 05:21:01.326151 np0000188241 devstack@n-api-meta.service[106702]: DEBUG dbcounter [-] [106702] Writer thread running {{(pid=106702) stat_writer /opt/stack/data/venv/lib/python3.12/site-packages/dbcounter.py:102}}
Aug 08 05:21:01.328669 np0000188241 devstack@n-api-meta.service[106702]: DEBUG nova.context [None req-c0dc06b2-f667-43c6-b29f-acf46d970e5a None None] Found 2 cells: 00000000-0000-0000-0000-000000000000(cell0),56791318-7c10-4f45-9ef4-026e657773c2(cell1) {{(pid=106702) load_cells /opt/stack/nova/nova/context.py:509}}
Aug 08 05:21:01.328920 np0000188241 devstack@n-api-meta.service[106702]: INFO nova.utils [None req-c0dc06b2-f667-43c6-b29f-acf46d970e5a None None] The cell worker thread pool MainProcess.cell_worker is initialized
Aug 08 05:21:01.331320 np0000188241 devstack@n-api-meta.service[106702]: DEBUG oslo_concurrency.lockutils [None req-c0dc06b2-f667-43c6-b29f-acf46d970e5a None None] Acquiring lock "00000000-0000-0000-0000-000000000000" by "nova.context.set_target_cell..get_or_set_cached_cell_and_set_connections" {{(pid=106702) inner /opt/stack/data/venv/lib/python3.12/site-packages/oslo_concurrency/lockutils.py:512}}
Aug 08 05:21:01.331570 np0000188241 devstack@n-api-meta.service[106702]: DEBUG oslo_concurrency.lockutils [None req-c0dc06b2-f667-43c6-b29f-acf46d970e5a None None] Lock "00000000-0000-0000-0000-000000000000" acquired by "nova.context.set_target_cell..get_or_set_cached_cell_and_set_connections" :: waited 0.000s {{(pid=106702) inner /opt/stack/data/venv/lib/python3.12/site-packages/oslo_concurrency/lockutils.py:525}}
Aug 08 05:21:01.331837 np0000188241 devstack@n-api-meta.service[106699]: DEBUG oslo_db.sqlalchemy.engines [None req-f9316cc3-45f0-4093-8ab9-0bc709dd19d4 None None] MySQL server mode set to STRICT_TRANS_TABLES,STRICT_ALL_TABLES,NO_ZERO_IN_DATE,NO_ZERO_DATE,ERROR_FOR_DIVISION_BY_ZERO,TRADITIONAL,NO_ENGINE_SUBSTITUTION {{(pid=106699) _check_effective_sql_mode /opt/stack/data/venv/lib/python3.12/site-packages/oslo_db/sqlalchemy/engines.py:325}}
Aug 08 05:21:01.332123 np0000188241 devstack@n-api-meta.service[106702]: DEBUG oslo_concurrency.lockutils [None req-c0dc06b2-f667-43c6-b29f-acf46d970e5a None None] Lock "00000000-0000-0000-0000-000000000000" "released" by "nova.context.set_target_cell..get_or_set_cached_cell_and_set_connections" :: held 0.001s {{(pid=106702) inner /opt/stack/data/venv/lib/python3.12/site-packages/oslo_concurrency/lockutils.py:544}}
Aug 08 05:21:01.332987 np0000188241 devstack@n-api-meta.service[106702]: DEBUG oslo_concurrency.lockutils [None req-c0dc06b2-f667-43c6-b29f-acf46d970e5a None None] Acquiring lock "56791318-7c10-4f45-9ef4-026e657773c2" by "nova.context.set_target_cell..get_or_set_cached_cell_and_set_connections" {{(pid=106702) inner /opt/stack/data/venv/lib/python3.12/site-packages/oslo_concurrency/lockutils.py:512}}
Aug 08 05:21:01.333203 np0000188241 devstack@n-api-meta.service[106702]: DEBUG oslo_concurrency.lockutils [None req-c0dc06b2-f667-43c6-b29f-acf46d970e5a None None] Lock "56791318-7c10-4f45-9ef4-026e657773c2" acquired by "nova.context.set_target_cell..get_or_set_cached_cell_and_set_connections" :: waited 0.000s {{(pid=106702) inner /opt/stack/data/venv/lib/python3.12/site-packages/oslo_concurrency/lockutils.py:525}}
Aug 08 05:21:01.336129 np0000188241 devstack@n-api-meta.service[106702]: INFO dbcounter [None req-c0dc06b2-f667-43c6-b29f-acf46d970e5a None None] Registered counter for database nova_cell0
Aug 08 05:21:01.337760 np0000188241 devstack@n-api-meta.service[106702]: DEBUG oslo_concurrency.lockutils [None req-c0dc06b2-f667-43c6-b29f-acf46d970e5a None None] Lock "56791318-7c10-4f45-9ef4-026e657773c2" "released" by "nova.context.set_target_cell..get_or_set_cached_cell_and_set_connections" :: held 0.003s {{(pid=106702) inner /opt/stack/data/venv/lib/python3.12/site-packages/oslo_concurrency/lockutils.py:544}}
Aug 08 05:21:01.341325 np0000188241 devstack@n-api-meta.service[106702]: INFO dbcounter [None req-c0dc06b2-f667-43c6-b29f-acf46d970e5a None None] Registered counter for database nova_cell1
Aug 08 05:21:01.355071 np0000188241 devstack@n-api-meta.service[106700]: DEBUG dbcounter [-] [106700] Writer thread running {{(pid=106700) stat_writer /opt/stack/data/venv/lib/python3.12/site-packages/dbcounter.py:102}}
Aug 08 05:21:01.357600 np0000188241 devstack@n-api-meta.service[106700]: DEBUG nova.context [None req-91f8a7fd-03fe-4657-a3a4-0ca76e0a2f51 None None] Found 2 cells: 00000000-0000-0000-0000-000000000000(cell0),56791318-7c10-4f45-9ef4-026e657773c2(cell1) {{(pid=106700) load_cells /opt/stack/nova/nova/context.py:509}}
Aug 08 05:21:01.357797 np0000188241 devstack@n-api-meta.service[106700]: INFO nova.utils [None req-91f8a7fd-03fe-4657-a3a4-0ca76e0a2f51 None None] The cell worker thread pool MainProcess.cell_worker is initialized
Aug 08 05:21:01.359535 np0000188241 devstack@n-api-meta.service[106700]: DEBUG oslo_concurrency.lockutils [None req-91f8a7fd-03fe-4657-a3a4-0ca76e0a2f51 None None] Acquiring lock "00000000-0000-0000-0000-000000000000" by "nova.context.set_target_cell..get_or_set_cached_cell_and_set_connections" {{(pid=106700) inner /opt/stack/data/venv/lib/python3.12/site-packages/oslo_concurrency/lockutils.py:512}}
Aug 08 05:21:01.359692 np0000188241 devstack@n-api-meta.service[106700]: DEBUG oslo_concurrency.lockutils [None req-91f8a7fd-03fe-4657-a3a4-0ca76e0a2f51 None None] Lock "00000000-0000-0000-0000-000000000000" acquired by "nova.context.set_target_cell..get_or_set_cached_cell_and_set_connections" :: waited 0.000s {{(pid=106700) inner /opt/stack/data/venv/lib/python3.12/site-packages/oslo_concurrency/lockutils.py:525}}
Aug 08 05:21:01.360069 np0000188241 devstack@n-api-meta.service[106700]: DEBUG oslo_concurrency.lockutils [None req-91f8a7fd-03fe-4657-a3a4-0ca76e0a2f51 None None] Lock "00000000-0000-0000-0000-000000000000" "released" by "nova.context.set_target_cell..get_or_set_cached_cell_and_set_connections" :: held 0.000s {{(pid=106700) inner /opt/stack/data/venv/lib/python3.12/site-packages/oslo_concurrency/lockutils.py:544}}
Aug 08 05:21:01.360752 np0000188241 devstack@n-api-meta.service[106700]: DEBUG oslo_concurrency.lockutils [None req-91f8a7fd-03fe-4657-a3a4-0ca76e0a2f51 None None] Acquiring lock "56791318-7c10-4f45-9ef4-026e657773c2" by "nova.context.set_target_cell..get_or_set_cached_cell_and_set_connections" {{(pid=106700) inner /opt/stack/data/venv/lib/python3.12/site-packages/oslo_concurrency/lockutils.py:512}}
Aug 08 05:21:01.360893 np0000188241 devstack@n-api-meta.service[106700]: DEBUG oslo_concurrency.lockutils [None req-91f8a7fd-03fe-4657-a3a4-0ca76e0a2f51 None None] Lock "56791318-7c10-4f45-9ef4-026e657773c2" acquired by "nova.context.set_target_cell..get_or_set_cached_cell_and_set_connections" :: waited 0.000s {{(pid=106700) inner /opt/stack/data/venv/lib/python3.12/site-packages/oslo_concurrency/lockutils.py:525}}
Aug 08 05:21:01.361728 np0000188241 devstack@n-api-meta.service[106700]: DEBUG oslo_concurrency.lockutils [None req-91f8a7fd-03fe-4657-a3a4-0ca76e0a2f51 None None] Lock "56791318-7c10-4f45-9ef4-026e657773c2" "released" by "nova.context.set_target_cell..get_or_set_cached_cell_and_set_connections" :: held 0.001s {{(pid=106700) inner /opt/stack/data/venv/lib/python3.12/site-packages/oslo_concurrency/lockutils.py:544}}
Aug 08 05:21:01.365336 np0000188241 devstack@n-api-meta.service[106700]: INFO dbcounter [None req-91f8a7fd-03fe-4657-a3a4-0ca76e0a2f51 None None] Registered counter for database nova_cell0
Aug 08 05:21:01.365631 np0000188241 devstack@n-api-meta.service[106699]: DEBUG dbcounter [-] [106699] Writer thread running {{(pid=106699) stat_writer /opt/stack/data/venv/lib/python3.12/site-packages/dbcounter.py:102}}
Aug 08 05:21:01.368084 np0000188241 devstack@n-api-meta.service[106701]: DEBUG oslo_db.sqlalchemy.engines [None req-d2b23670-291a-4aeb-9478-bd7af279e961 None None] MySQL server mode set to STRICT_TRANS_TABLES,STRICT_ALL_TABLES,NO_ZERO_IN_DATE,NO_ZERO_DATE,ERROR_FOR_DIVISION_BY_ZERO,TRADITIONAL,NO_ENGINE_SUBSTITUTION {{(pid=106701) _check_effective_sql_mode /opt/stack/data/venv/lib/python3.12/site-packages/oslo_db/sqlalchemy/engines.py:325}}
Aug 08 05:21:01.370313 np0000188241 devstack@n-api-meta.service[106699]: DEBUG nova.context [None req-f9316cc3-45f0-4093-8ab9-0bc709dd19d4 None None] Found 2 cells: 00000000-0000-0000-0000-000000000000(cell0),56791318-7c10-4f45-9ef4-026e657773c2(cell1) {{(pid=106699) load_cells /opt/stack/nova/nova/context.py:509}}
Aug 08 05:21:01.370313 np0000188241 devstack@n-api-meta.service[106699]: INFO nova.utils [None req-f9316cc3-45f0-4093-8ab9-0bc709dd19d4 None None] The cell worker thread pool MainProcess.cell_worker is initialized
Aug 08 05:21:01.370386 np0000188241 devstack@n-api-meta.service[106700]: INFO dbcounter [None req-91f8a7fd-03fe-4657-a3a4-0ca76e0a2f51 None None] Registered counter for database nova_cell1
Aug 08 05:21:01.370416 np0000188241 devstack@n-api-meta.service[106699]: DEBUG oslo_concurrency.lockutils [None req-f9316cc3-45f0-4093-8ab9-0bc709dd19d4 None None] Acquiring lock "00000000-0000-0000-0000-000000000000" by "nova.context.set_target_cell..get_or_set_cached_cell_and_set_connections" {{(pid=106699) inner /opt/stack/data/venv/lib/python3.12/site-packages/oslo_concurrency/lockutils.py:512}}
Aug 08 05:21:01.370416 np0000188241 devstack@n-api-meta.service[106699]: DEBUG oslo_concurrency.lockutils [None req-f9316cc3-45f0-4093-8ab9-0bc709dd19d4 None None] Lock "00000000-0000-0000-0000-000000000000" acquired by "nova.context.set_target_cell..get_or_set_cached_cell_and_set_connections" :: waited 0.000s {{(pid=106699) inner /opt/stack/data/venv/lib/python3.12/site-packages/oslo_concurrency/lockutils.py:525}}
Aug 08 05:21:01.370869 np0000188241 devstack@n-api-meta.service[106699]: DEBUG oslo_concurrency.lockutils [None req-f9316cc3-45f0-4093-8ab9-0bc709dd19d4 None None] Lock "00000000-0000-0000-0000-000000000000" "released" by "nova.context.set_target_cell..get_or_set_cached_cell_and_set_connections" :: held 0.001s {{(pid=106699) inner /opt/stack/data/venv/lib/python3.12/site-packages/oslo_concurrency/lockutils.py:544}}
Aug 08 05:21:01.371776 np0000188241 devstack@n-api-meta.service[106699]: DEBUG oslo_concurrency.lockutils [None req-f9316cc3-45f0-4093-8ab9-0bc709dd19d4 None None] Acquiring lock "56791318-7c10-4f45-9ef4-026e657773c2" by "nova.context.set_target_cell..get_or_set_cached_cell_and_set_connections" {{(pid=106699) inner /opt/stack/data/venv/lib/python3.12/site-packages/oslo_concurrency/lockutils.py:512}}
Aug 08 05:21:01.372018 np0000188241 devstack@n-api-meta.service[106699]: DEBUG oslo_concurrency.lockutils [None req-f9316cc3-45f0-4093-8ab9-0bc709dd19d4 None None] Lock "56791318-7c10-4f45-9ef4-026e657773c2" acquired by "nova.context.set_target_cell..get_or_set_cached_cell_and_set_connections" :: waited 0.000s {{(pid=106699) inner /opt/stack/data/venv/lib/python3.12/site-packages/oslo_concurrency/lockutils.py:525}}
Aug 08 05:21:01.377131 np0000188241 devstack@n-api-meta.service[106699]: INFO dbcounter [None req-f9316cc3-45f0-4093-8ab9-0bc709dd19d4 None None] Registered counter for database nova_cell0
Aug 08 05:21:01.380389 np0000188241 devstack@n-api-meta.service[106699]: DEBUG oslo_concurrency.lockutils [None req-f9316cc3-45f0-4093-8ab9-0bc709dd19d4 None None] Lock "56791318-7c10-4f45-9ef4-026e657773c2" "released" by "nova.context.set_target_cell..get_or_set_cached_cell_and_set_connections" :: held 0.005s {{(pid=106699) inner /opt/stack/data/venv/lib/python3.12/site-packages/oslo_concurrency/lockutils.py:544}}
Aug 08 05:21:01.382631 np0000188241 devstack@n-api-meta.service[106699]: INFO dbcounter [None req-f9316cc3-45f0-4093-8ab9-0bc709dd19d4 None None] Registered counter for database nova_cell1
Aug 08 05:21:01.391198 np0000188241 devstack@n-api-meta.service[106702]: DEBUG oslo_db.sqlalchemy.engines [None req-c0dc06b2-f667-43c6-b29f-acf46d970e5a None None] MySQL server mode set to STRICT_TRANS_TABLES,STRICT_ALL_TABLES,NO_ZERO_IN_DATE,NO_ZERO_DATE,ERROR_FOR_DIVISION_BY_ZERO,TRADITIONAL,NO_ENGINE_SUBSTITUTION {{(pid=106702) _check_effective_sql_mode /opt/stack/data/venv/lib/python3.12/site-packages/oslo_db/sqlalchemy/engines.py:325}}
Aug 08 05:21:01.401321 np0000188241 devstack@n-api-meta.service[106702]: DEBUG oslo_db.sqlalchemy.engines [None req-c0dc06b2-f667-43c6-b29f-acf46d970e5a None None] MySQL server mode set to STRICT_TRANS_TABLES,STRICT_ALL_TABLES,NO_ZERO_IN_DATE,NO_ZERO_DATE,ERROR_FOR_DIVISION_BY_ZERO,TRADITIONAL,NO_ENGINE_SUBSTITUTION {{(pid=106702) _check_effective_sql_mode /opt/stack/data/venv/lib/python3.12/site-packages/oslo_db/sqlalchemy/engines.py:325}}
Aug 08 05:21:01.404818 np0000188241 devstack@n-api-meta.service[106701]: DEBUG dbcounter [-] [106701] Writer thread running {{(pid=106701) stat_writer /opt/stack/data/venv/lib/python3.12/site-packages/dbcounter.py:102}}
Aug 08 05:21:01.407487 np0000188241 devstack@n-api-meta.service[106701]: DEBUG nova.context [None req-d2b23670-291a-4aeb-9478-bd7af279e961 None None] Found 2 cells: 00000000-0000-0000-0000-000000000000(cell0),56791318-7c10-4f45-9ef4-026e657773c2(cell1) {{(pid=106701) load_cells /opt/stack/nova/nova/context.py:509}}
Aug 08 05:21:01.407700 np0000188241 devstack@n-api-meta.service[106701]: INFO nova.utils [None req-d2b23670-291a-4aeb-9478-bd7af279e961 None None] The cell worker thread pool MainProcess.cell_worker is initialized
Aug 08 05:21:01.409501 np0000188241 devstack@n-api-meta.service[106701]: DEBUG oslo_concurrency.lockutils [None req-d2b23670-291a-4aeb-9478-bd7af279e961 None None] Acquiring lock "00000000-0000-0000-0000-000000000000" by "nova.context.set_target_cell..get_or_set_cached_cell_and_set_connections" {{(pid=106701) inner /opt/stack/data/venv/lib/python3.12/site-packages/oslo_concurrency/lockutils.py:512}}
Aug 08 05:21:01.409647 np0000188241 devstack@n-api-meta.service[106701]: DEBUG oslo_concurrency.lockutils [None req-d2b23670-291a-4aeb-9478-bd7af279e961 None None] Lock "00000000-0000-0000-0000-000000000000" acquired by "nova.context.set_target_cell..get_or_set_cached_cell_and_set_connections" :: waited 0.000s {{(pid=106701) inner /opt/stack/data/venv/lib/python3.12/site-packages/oslo_concurrency/lockutils.py:525}}
Aug 08 05:21:01.409989 np0000188241 devstack@n-api-meta.service[106701]: DEBUG oslo_concurrency.lockutils [None req-d2b23670-291a-4aeb-9478-bd7af279e961 None None] Lock "00000000-0000-0000-0000-000000000000" "released" by "nova.context.set_target_cell..get_or_set_cached_cell_and_set_connections" :: held 0.000s {{(pid=106701) inner /opt/stack/data/venv/lib/python3.12/site-packages/oslo_concurrency/lockutils.py:544}}
Aug 08 05:21:01.410750 np0000188241 devstack@n-api-meta.service[106701]: DEBUG oslo_concurrency.lockutils [None req-d2b23670-291a-4aeb-9478-bd7af279e961 None None] Acquiring lock "56791318-7c10-4f45-9ef4-026e657773c2" by "nova.context.set_target_cell..get_or_set_cached_cell_and_set_connections" {{(pid=106701) inner /opt/stack/data/venv/lib/python3.12/site-packages/oslo_concurrency/lockutils.py:512}}
Aug 08 05:21:01.410882 np0000188241 devstack@n-api-meta.service[106701]: DEBUG oslo_concurrency.lockutils [None req-d2b23670-291a-4aeb-9478-bd7af279e961 None None] Lock "56791318-7c10-4f45-9ef4-026e657773c2" acquired by "nova.context.set_target_cell..get_or_set_cached_cell_and_set_connections" :: waited 0.000s {{(pid=106701) inner /opt/stack/data/venv/lib/python3.12/site-packages/oslo_concurrency/lockutils.py:525}}
Aug 08 05:21:01.411742 np0000188241 devstack@n-api-meta.service[106701]: DEBUG oslo_concurrency.lockutils [None req-d2b23670-291a-4aeb-9478-bd7af279e961 None None] Lock "56791318-7c10-4f45-9ef4-026e657773c2" "released" by "nova.context.set_target_cell..get_or_set_cached_cell_and_set_connections" :: held 0.001s {{(pid=106701) inner /opt/stack/data/venv/lib/python3.12/site-packages/oslo_concurrency/lockutils.py:544}}
Aug 08 05:21:01.414756 np0000188241 devstack@n-api-meta.service[106701]: INFO dbcounter [None req-d2b23670-291a-4aeb-9478-bd7af279e961 None None] Registered counter for database nova_cell0
Aug 08 05:21:01.414949 np0000188241 devstack@n-api-meta.service[106700]: DEBUG oslo_db.sqlalchemy.engines [None req-91f8a7fd-03fe-4657-a3a4-0ca76e0a2f51 None None] MySQL server mode set to STRICT_TRANS_TABLES,STRICT_ALL_TABLES,NO_ZERO_IN_DATE,NO_ZERO_DATE,ERROR_FOR_DIVISION_BY_ZERO,TRADITIONAL,NO_ENGINE_SUBSTITUTION {{(pid=106700) _check_effective_sql_mode /opt/stack/data/venv/lib/python3.12/site-packages/oslo_db/sqlalchemy/engines.py:325}}
Aug 08 05:21:01.420064 np0000188241 devstack@n-api-meta.service[106701]: INFO dbcounter [None req-d2b23670-291a-4aeb-9478-bd7af279e961 None None] Registered counter for database nova_cell1
Aug 08 05:21:01.425555 np0000188241 devstack@n-api-meta.service[106700]: DEBUG oslo_db.sqlalchemy.engines [None req-91f8a7fd-03fe-4657-a3a4-0ca76e0a2f51 None None] MySQL server mode set to STRICT_TRANS_TABLES,STRICT_ALL_TABLES,NO_ZERO_IN_DATE,NO_ZERO_DATE,ERROR_FOR_DIVISION_BY_ZERO,TRADITIONAL,NO_ENGINE_SUBSTITUTION {{(pid=106700) _check_effective_sql_mode /opt/stack/data/venv/lib/python3.12/site-packages/oslo_db/sqlalchemy/engines.py:325}}
Aug 08 05:21:01.433709 np0000188241 devstack@n-api-meta.service[106699]: DEBUG oslo_db.sqlalchemy.engines [None req-f9316cc3-45f0-4093-8ab9-0bc709dd19d4 None None] MySQL server mode set to STRICT_TRANS_TABLES,STRICT_ALL_TABLES,NO_ZERO_IN_DATE,NO_ZERO_DATE,ERROR_FOR_DIVISION_BY_ZERO,TRADITIONAL,NO_ENGINE_SUBSTITUTION {{(pid=106699) _check_effective_sql_mode /opt/stack/data/venv/lib/python3.12/site-packages/oslo_db/sqlalchemy/engines.py:325}}
Aug 08 05:21:01.449912 np0000188241 devstack@n-api-meta.service[106699]: DEBUG oslo_db.sqlalchemy.engines [None req-f9316cc3-45f0-4093-8ab9-0bc709dd19d4 None None] MySQL server mode set to STRICT_TRANS_TABLES,STRICT_ALL_TABLES,NO_ZERO_IN_DATE,NO_ZERO_DATE,ERROR_FOR_DIVISION_BY_ZERO,TRADITIONAL,NO_ENGINE_SUBSTITUTION {{(pid=106699) _check_effective_sql_mode /opt/stack/data/venv/lib/python3.12/site-packages/oslo_db/sqlalchemy/engines.py:325}}
Aug 08 05:21:01.480325 np0000188241 devstack@n-api-meta.service[106701]: DEBUG oslo_db.sqlalchemy.engines [None req-d2b23670-291a-4aeb-9478-bd7af279e961 None None] MySQL server mode set to STRICT_TRANS_TABLES,STRICT_ALL_TABLES,NO_ZERO_IN_DATE,NO_ZERO_DATE,ERROR_FOR_DIVISION_BY_ZERO,TRADITIONAL,NO_ENGINE_SUBSTITUTION {{(pid=106701) _check_effective_sql_mode /opt/stack/data/venv/lib/python3.12/site-packages/oslo_db/sqlalchemy/engines.py:325}}
Aug 08 05:21:01.480480 np0000188241 devstack@n-api-meta.service[106702]: DEBUG dbcounter [-] [106702] Writer thread running {{(pid=106702) stat_writer /opt/stack/data/venv/lib/python3.12/site-packages/dbcounter.py:102}}
Aug 08 05:21:01.482866 np0000188241 devstack@n-api-meta.service[106701]: DEBUG oslo_db.sqlalchemy.engines [None req-d2b23670-291a-4aeb-9478-bd7af279e961 None None] MySQL server mode set to STRICT_TRANS_TABLES,STRICT_ALL_TABLES,NO_ZERO_IN_DATE,NO_ZERO_DATE,ERROR_FOR_DIVISION_BY_ZERO,TRADITIONAL,NO_ENGINE_SUBSTITUTION {{(pid=106701) _check_effective_sql_mode /opt/stack/data/venv/lib/python3.12/site-packages/oslo_db/sqlalchemy/engines.py:325}}
Aug 08 05:21:01.485936 np0000188241 devstack@n-api-meta.service[106702]: DEBUG dbcounter [-] [106702] Writer thread running {{(pid=106702) stat_writer /opt/stack/data/venv/lib/python3.12/site-packages/dbcounter.py:102}}
Aug 08 05:21:01.489406 np0000188241 devstack@n-api-meta.service[106702]: INFO dbcounter [None req-c0dc06b2-f667-43c6-b29f-acf46d970e5a None None] Registered counter for database nova_cell0
Aug 08 05:21:01.503544 np0000188241 devstack@n-api-meta.service[106700]: DEBUG dbcounter [-] [106700] Writer thread running {{(pid=106700) stat_writer /opt/stack/data/venv/lib/python3.12/site-packages/dbcounter.py:102}}
Aug 08 05:21:01.509720 np0000188241 devstack@n-api-meta.service[106700]: DEBUG dbcounter [-] [106700] Writer thread running {{(pid=106700) stat_writer /opt/stack/data/venv/lib/python3.12/site-packages/dbcounter.py:102}}
Aug 08 05:21:01.513917 np0000188241 devstack@n-api-meta.service[106700]: INFO dbcounter [None req-91f8a7fd-03fe-4657-a3a4-0ca76e0a2f51 None None] Registered counter for database nova_cell0
Aug 08 05:21:01.526523 np0000188241 devstack@n-api-meta.service[106699]: DEBUG dbcounter [-] [106699] Writer thread running {{(pid=106699) stat_writer /opt/stack/data/venv/lib/python3.12/site-packages/dbcounter.py:102}}
Aug 08 05:21:01.530079 np0000188241 devstack@n-api-meta.service[106702]: DEBUG oslo_db.sqlalchemy.engines [None req-c0dc06b2-f667-43c6-b29f-acf46d970e5a None None] MySQL server mode set to STRICT_TRANS_TABLES,STRICT_ALL_TABLES,NO_ZERO_IN_DATE,NO_ZERO_DATE,ERROR_FOR_DIVISION_BY_ZERO,TRADITIONAL,NO_ENGINE_SUBSTITUTION {{(pid=106702) _check_effective_sql_mode /opt/stack/data/venv/lib/python3.12/site-packages/oslo_db/sqlalchemy/engines.py:325}}
Aug 08 05:21:01.533845 np0000188241 devstack@n-api-meta.service[106699]: DEBUG dbcounter [-] [106699] Writer thread running {{(pid=106699) stat_writer /opt/stack/data/venv/lib/python3.12/site-packages/dbcounter.py:102}}
Aug 08 05:21:01.539374 np0000188241 devstack@n-api-meta.service[106699]: INFO dbcounter [None req-f9316cc3-45f0-4093-8ab9-0bc709dd19d4 None None] Registered counter for database nova_cell0
Aug 08 05:21:01.540875 np0000188241 devstack@n-api-meta.service[106702]: DEBUG dbcounter [-] [106702] Writer thread running {{(pid=106702) stat_writer /opt/stack/data/venv/lib/python3.12/site-packages/dbcounter.py:102}}
Aug 08 05:21:01.569587 np0000188241 devstack@n-api-meta.service[106700]: DEBUG oslo_db.sqlalchemy.engines [None req-91f8a7fd-03fe-4657-a3a4-0ca76e0a2f51 None None] MySQL server mode set to STRICT_TRANS_TABLES,STRICT_ALL_TABLES,NO_ZERO_IN_DATE,NO_ZERO_DATE,ERROR_FOR_DIVISION_BY_ZERO,TRADITIONAL,NO_ENGINE_SUBSTITUTION {{(pid=106700) _check_effective_sql_mode /opt/stack/data/venv/lib/python3.12/site-packages/oslo_db/sqlalchemy/engines.py:325}}
Aug 08 05:21:01.576592 np0000188241 devstack@n-api-meta.service[106701]: DEBUG dbcounter [-] [106701] Writer thread running {{(pid=106701) stat_writer /opt/stack/data/venv/lib/python3.12/site-packages/dbcounter.py:102}}
Aug 08 05:21:01.579985 np0000188241 devstack@n-api-meta.service[106702]: WARNING nova.api.metadata.handler [None req-c0dc06b2-f667-43c6-b29f-acf46d970e5a None None] metadata_proxy_shared_secret is not configured, the metadata information returned by the proxy cannot be trusted
Aug 08 05:21:01.580278 np0000188241 devstack@n-api-meta.service[106700]: DEBUG dbcounter [-] [106700] Writer thread running {{(pid=106700) stat_writer /opt/stack/data/venv/lib/python3.12/site-packages/dbcounter.py:102}}
Aug 08 05:21:01.582194 np0000188241 devstack@n-api-meta.service[106702]: DEBUG nova.api.openstack.wsgi_app [None req-c0dc06b2-f667-43c6-b29f-acf46d970e5a None None] ******************************************************************************** {{(pid=106702) log_opt_values /opt/stack/data/venv/lib/python3.12/site-packages/oslo_config/cfg.py:3518}}
Aug 08 05:21:01.582321 np0000188241 devstack@n-api-meta.service[106702]: DEBUG nova.api.openstack.wsgi_app [None req-c0dc06b2-f667-43c6-b29f-acf46d970e5a None None] Configuration options gathered from: {{(pid=106702) log_opt_values /opt/stack/data/venv/lib/python3.12/site-packages/oslo_config/cfg.py:3519}}
Aug 08 05:21:01.583018 np0000188241 devstack@n-api-meta.service[106701]: DEBUG dbcounter [-] [106701] Writer thread running {{(pid=106701) stat_writer /opt/stack/data/venv/lib/python3.12/site-packages/dbcounter.py:102}}
Aug 08 05:21:01.583214 np0000188241 devstack@n-api-meta.service[106702]: DEBUG nova.api.openstack.wsgi_app [None req-c0dc06b2-f667-43c6-b29f-acf46d970e5a None None] command line args: [] {{(pid=106702) log_opt_values /opt/stack/data/venv/lib/python3.12/site-packages/oslo_config/cfg.py:3520}}
Aug 08 05:21:01.583214 np0000188241 devstack@n-api-meta.service[106702]: DEBUG nova.api.openstack.wsgi_app [None req-c0dc06b2-f667-43c6-b29f-acf46d970e5a None None] config files: ['/etc/nova/api-paste.ini', '/etc/nova/nova.conf'] {{(pid=106702) log_opt_values /opt/stack/data/venv/lib/python3.12/site-packages/oslo_config/cfg.py:3521}}
Aug 08 05:21:01.583214 np0000188241 devstack@n-api-meta.service[106702]: DEBUG nova.api.openstack.wsgi_app [None req-c0dc06b2-f667-43c6-b29f-acf46d970e5a None None] ================================================================================ {{(pid=106702) log_opt_values /opt/stack/data/venv/lib/python3.12/site-packages/oslo_config/cfg.py:3526}}
Aug 08 05:21:01.583214 np0000188241 devstack@n-api-meta.service[106702]: DEBUG nova.api.openstack.wsgi_app [None req-c0dc06b2-f667-43c6-b29f-acf46d970e5a None None] allow_resize_to_same_host = True {{(pid=106702) log_opt_values /opt/stack/data/venv/lib/python3.12/site-packages/oslo_config/cfg.py:3534}}
Aug 08 05:21:01.583537 np0000188241 devstack@n-api-meta.service[106699]: DEBUG oslo_db.sqlalchemy.engines [None req-f9316cc3-45f0-4093-8ab9-0bc709dd19d4 None None] MySQL server mode set to STRICT_TRANS_TABLES,STRICT_ALL_TABLES,NO_ZERO_IN_DATE,NO_ZERO_DATE,ERROR_FOR_DIVISION_BY_ZERO,TRADITIONAL,NO_ENGINE_SUBSTITUTION {{(pid=106699) _check_effective_sql_mode /opt/stack/data/venv/lib/python3.12/site-packages/oslo_db/sqlalchemy/engines.py:325}}
Aug 08 05:21:01.583615 np0000188241 devstack@n-api-meta.service[106702]: DEBUG nova.api.openstack.wsgi_app [None req-c0dc06b2-f667-43c6-b29f-acf46d970e5a None None] arq_binding_timeout = 300 {{(pid=106702) log_opt_values /opt/stack/data/venv/lib/python3.12/site-packages/oslo_config/cfg.py:3534}}
Aug 08 05:21:01.583615 np0000188241 devstack@n-api-meta.service[106702]: DEBUG nova.api.openstack.wsgi_app [None req-c0dc06b2-f667-43c6-b29f-acf46d970e5a None None] block_device_allocate_retries = 60 {{(pid=106702) log_opt_values /opt/stack/data/venv/lib/python3.12/site-packages/oslo_config/cfg.py:3534}}
Aug 08 05:21:01.583615 np0000188241 devstack@n-api-meta.service[106702]: DEBUG nova.api.openstack.wsgi_app [None req-c0dc06b2-f667-43c6-b29f-acf46d970e5a None None] block_device_allocate_retries_interval = 3 {{(pid=106702) log_opt_values /opt/stack/data/venv/lib/python3.12/site-packages/oslo_config/cfg.py:3534}}
Aug 08 05:21:01.583615 np0000188241 devstack@n-api-meta.service[106702]: DEBUG nova.api.openstack.wsgi_app [None req-c0dc06b2-f667-43c6-b29f-acf46d970e5a None None] cell_worker_thread_pool_size = 5 {{(pid=106702) log_opt_values /opt/stack/data/venv/lib/python3.12/site-packages/oslo_config/cfg.py:3534}}
Aug 08 05:21:01.583615 np0000188241 devstack@n-api-meta.service[106702]: DEBUG nova.api.openstack.wsgi_app [None req-c0dc06b2-f667-43c6-b29f-acf46d970e5a None None] cert = self.pem {{(pid=106702) log_opt_values /opt/stack/data/venv/lib/python3.12/site-packages/oslo_config/cfg.py:3534}}
Aug 08 05:21:01.583615 np0000188241 devstack@n-api-meta.service[106702]: DEBUG nova.api.openstack.wsgi_app [None req-c0dc06b2-f667-43c6-b29f-acf46d970e5a None None] compute_driver = libvirt.LibvirtDriver {{(pid=106702) log_opt_values /opt/stack/data/venv/lib/python3.12/site-packages/oslo_config/cfg.py:3534}}
Aug 08 05:21:01.583887 np0000188241 devstack@n-api-meta.service[106702]: DEBUG nova.api.openstack.wsgi_app [None req-c0dc06b2-f667-43c6-b29f-acf46d970e5a None None] compute_monitors = [] {{(pid=106702) log_opt_values /opt/stack/data/venv/lib/python3.12/site-packages/oslo_config/cfg.py:3534}}
Aug 08 05:21:01.583887 np0000188241 devstack@n-api-meta.service[106702]: DEBUG nova.api.openstack.wsgi_app [None req-c0dc06b2-f667-43c6-b29f-acf46d970e5a None None] concurrency_backend = auto {{(pid=106702) log_opt_values /opt/stack/data/venv/lib/python3.12/site-packages/oslo_config/cfg.py:3534}}
Aug 08 05:21:01.584371 np0000188241 devstack@n-api-meta.service[106702]: DEBUG nova.api.openstack.wsgi_app [None req-c0dc06b2-f667-43c6-b29f-acf46d970e5a None None] config_dir = [] {{(pid=106702) log_opt_values /opt/stack/data/venv/lib/python3.12/site-packages/oslo_config/cfg.py:3534}}
Aug 08 05:21:01.584371 np0000188241 devstack@n-api-meta.service[106702]: DEBUG nova.api.openstack.wsgi_app [None req-c0dc06b2-f667-43c6-b29f-acf46d970e5a None None] config_drive_format = iso9660 {{(pid=106702) log_opt_values /opt/stack/data/venv/lib/python3.12/site-packages/oslo_config/cfg.py:3534}}
Aug 08 05:21:01.584371 np0000188241 devstack@n-api-meta.service[106702]: DEBUG nova.api.openstack.wsgi_app [None req-c0dc06b2-f667-43c6-b29f-acf46d970e5a None None] config_file = ['/etc/nova/api-paste.ini', '/etc/nova/nova.conf'] {{(pid=106702) log_opt_values /opt/stack/data/venv/lib/python3.12/site-packages/oslo_config/cfg.py:3534}}
Aug 08 05:21:01.584529 np0000188241 devstack@n-api-meta.service[106702]: DEBUG nova.api.openstack.wsgi_app [None req-c0dc06b2-f667-43c6-b29f-acf46d970e5a None None] config_source = [] {{(pid=106702) log_opt_values /opt/stack/data/venv/lib/python3.12/site-packages/oslo_config/cfg.py:3534}}
Aug 08 05:21:01.584582 np0000188241 devstack@n-api-meta.service[106702]: DEBUG nova.api.openstack.wsgi_app [None req-c0dc06b2-f667-43c6-b29f-acf46d970e5a None None] console_host = np0000188241 {{(pid=106702) log_opt_values /opt/stack/data/venv/lib/python3.12/site-packages/oslo_config/cfg.py:3534}}
Aug 08 05:21:01.584713 np0000188241 devstack@n-api-meta.service[106702]: DEBUG nova.api.openstack.wsgi_app [None req-c0dc06b2-f667-43c6-b29f-acf46d970e5a None None] control_exchange = nova {{(pid=106702) log_opt_values /opt/stack/data/venv/lib/python3.12/site-packages/oslo_config/cfg.py:3534}}
Aug 08 05:21:01.584839 np0000188241 devstack@n-api-meta.service[106702]: DEBUG nova.api.openstack.wsgi_app [None req-c0dc06b2-f667-43c6-b29f-acf46d970e5a None None] cpu_allocation_ratio = None {{(pid=106702) log_opt_values /opt/stack/data/venv/lib/python3.12/site-packages/oslo_config/cfg.py:3534}}
Aug 08 05:21:01.584966 np0000188241 devstack@n-api-meta.service[106702]: DEBUG nova.api.openstack.wsgi_app [None req-c0dc06b2-f667-43c6-b29f-acf46d970e5a None None] daemon = False {{(pid=106702) log_opt_values /opt/stack/data/venv/lib/python3.12/site-packages/oslo_config/cfg.py:3534}}
Aug 08 05:21:01.585171 np0000188241 devstack@n-api-meta.service[106702]: DEBUG nova.api.openstack.wsgi_app [None req-c0dc06b2-f667-43c6-b29f-acf46d970e5a None None] debug = True {{(pid=106702) log_opt_values /opt/stack/data/venv/lib/python3.12/site-packages/oslo_config/cfg.py:3534}}
Aug 08 05:21:01.585239 np0000188241 devstack@n-api-meta.service[106702]: DEBUG nova.api.openstack.wsgi_app [None req-c0dc06b2-f667-43c6-b29f-acf46d970e5a None None] default_access_ip_network_name = None {{(pid=106702) log_opt_values /opt/stack/data/venv/lib/python3.12/site-packages/oslo_config/cfg.py:3534}}
Aug 08 05:21:01.585378 np0000188241 devstack@n-api-meta.service[106702]: DEBUG nova.api.openstack.wsgi_app [None req-c0dc06b2-f667-43c6-b29f-acf46d970e5a None None] default_availability_zone = nova {{(pid=106702) log_opt_values /opt/stack/data/venv/lib/python3.12/site-packages/oslo_config/cfg.py:3534}}
Aug 08 05:21:01.585538 np0000188241 devstack@n-api-meta.service[106702]: DEBUG nova.api.openstack.wsgi_app [None req-c0dc06b2-f667-43c6-b29f-acf46d970e5a None None] default_ephemeral_format = ext4 {{(pid=106702) log_opt_values /opt/stack/data/venv/lib/python3.12/site-packages/oslo_config/cfg.py:3534}}
Aug 08 05:21:01.585644 np0000188241 devstack@n-api-meta.service[106702]: DEBUG nova.api.openstack.wsgi_app [None req-c0dc06b2-f667-43c6-b29f-acf46d970e5a None None] default_green_pool_size = 1000 {{(pid=106702) log_opt_values /opt/stack/data/venv/lib/python3.12/site-packages/oslo_config/cfg.py:3534}}
Aug 08 05:21:01.585866 np0000188241 devstack@n-api-meta.service[106702]: DEBUG nova.api.openstack.wsgi_app [None req-c0dc06b2-f667-43c6-b29f-acf46d970e5a None None] default_log_levels = ['amqp=WARN', 'boto=WARN', 'sqlalchemy=WARN', 'suds=INFO', 'oslo.messaging=INFO', 'oslo_messaging=INFO', 'iso8601=WARN', 'requests.packages.urllib3.connectionpool=WARN', 'urllib3.connectionpool=WARN', 'websocket=WARN', 'requests.packages.urllib3.util.retry=WARN', 'urllib3.util.retry=WARN', 'keystonemiddleware=WARN', 'routes.middleware=WARN', 'stevedore=WARN', 'taskflow=WARN', 'keystoneauth=WARN', 'oslo.cache=INFO', 'oslo_policy=INFO', 'dogpile.core.dogpile=INFO', 'glanceclient=WARN', 'oslo.privsep.daemon=INFO'] {{(pid=106702) log_opt_values /opt/stack/data/venv/lib/python3.12/site-packages/oslo_config/cfg.py:3534}}
Aug 08 05:21:01.585998 np0000188241 devstack@n-api-meta.service[106702]: DEBUG nova.api.openstack.wsgi_app [None req-c0dc06b2-f667-43c6-b29f-acf46d970e5a None None] default_schedule_zone = None {{(pid=106702) log_opt_values /opt/stack/data/venv/lib/python3.12/site-packages/oslo_config/cfg.py:3534}}
Aug 08 05:21:01.586145 np0000188241 devstack@n-api-meta.service[106702]: DEBUG nova.api.openstack.wsgi_app [None req-c0dc06b2-f667-43c6-b29f-acf46d970e5a None None] default_thread_pool_size = 10 {{(pid=106702) log_opt_values /opt/stack/data/venv/lib/python3.12/site-packages/oslo_config/cfg.py:3534}}
Aug 08 05:21:01.586276 np0000188241 devstack@n-api-meta.service[106702]: DEBUG nova.api.openstack.wsgi_app [None req-c0dc06b2-f667-43c6-b29f-acf46d970e5a None None] disk_allocation_ratio = None {{(pid=106702) log_opt_values /opt/stack/data/venv/lib/python3.12/site-packages/oslo_config/cfg.py:3534}}
Aug 08 05:21:01.586419 np0000188241 devstack@n-api-meta.service[106702]: DEBUG nova.api.openstack.wsgi_app [None req-c0dc06b2-f667-43c6-b29f-acf46d970e5a None None] enable_new_services = True {{(pid=106702) log_opt_values /opt/stack/data/venv/lib/python3.12/site-packages/oslo_config/cfg.py:3534}}
Aug 08 05:21:01.586549 np0000188241 devstack@n-api-meta.service[106702]: DEBUG nova.api.openstack.wsgi_app [None req-c0dc06b2-f667-43c6-b29f-acf46d970e5a None None] flat_injected = False {{(pid=106702) log_opt_values /opt/stack/data/venv/lib/python3.12/site-packages/oslo_config/cfg.py:3534}}
Aug 08 05:21:01.586675 np0000188241 devstack@n-api-meta.service[106702]: DEBUG nova.api.openstack.wsgi_app [None req-c0dc06b2-f667-43c6-b29f-acf46d970e5a None None] force_config_drive = False {{(pid=106702) log_opt_values /opt/stack/data/venv/lib/python3.12/site-packages/oslo_config/cfg.py:3534}}
Aug 08 05:21:01.586803 np0000188241 devstack@n-api-meta.service[106702]: DEBUG nova.api.openstack.wsgi_app [None req-c0dc06b2-f667-43c6-b29f-acf46d970e5a None None] force_raw_images = True {{(pid=106702) log_opt_values /opt/stack/data/venv/lib/python3.12/site-packages/oslo_config/cfg.py:3534}}
Aug 08 05:21:01.586942 np0000188241 devstack@n-api-meta.service[106702]: DEBUG nova.api.openstack.wsgi_app [None req-c0dc06b2-f667-43c6-b29f-acf46d970e5a None None] graceful_shutdown_timeout = 5 {{(pid=106702) log_opt_values /opt/stack/data/venv/lib/python3.12/site-packages/oslo_config/cfg.py:3534}}
Aug 08 05:21:01.587080 np0000188241 devstack@n-api-meta.service[106702]: DEBUG nova.api.openstack.wsgi_app [None req-c0dc06b2-f667-43c6-b29f-acf46d970e5a None None] heal_instance_info_cache_interval = -1 {{(pid=106702) log_opt_values /opt/stack/data/venv/lib/python3.12/site-packages/oslo_config/cfg.py:3534}}
Aug 08 05:21:01.587253 np0000188241 devstack@n-api-meta.service[106702]: DEBUG nova.api.openstack.wsgi_app [None req-c0dc06b2-f667-43c6-b29f-acf46d970e5a None None] host = np0000188241 {{(pid=106702) log_opt_values /opt/stack/data/venv/lib/python3.12/site-packages/oslo_config/cfg.py:3534}}
Aug 08 05:21:01.587718 np0000188241 devstack@n-api-meta.service[106702]: DEBUG nova.api.openstack.wsgi_app [None req-c0dc06b2-f667-43c6-b29f-acf46d970e5a None None] initial_cpu_allocation_ratio = 4.0 {{(pid=106702) log_opt_values /opt/stack/data/venv/lib/python3.12/site-packages/oslo_config/cfg.py:3534}}
Aug 08 05:21:01.587718 np0000188241 devstack@n-api-meta.service[106702]: DEBUG nova.api.openstack.wsgi_app [None req-c0dc06b2-f667-43c6-b29f-acf46d970e5a None None] initial_disk_allocation_ratio = 1.0 {{(pid=106702) log_opt_values /opt/stack/data/venv/lib/python3.12/site-packages/oslo_config/cfg.py:3534}}
Aug 08 05:21:01.587718 np0000188241 devstack@n-api-meta.service[106702]: DEBUG nova.api.openstack.wsgi_app [None req-c0dc06b2-f667-43c6-b29f-acf46d970e5a None None] initial_ram_allocation_ratio = 1.0 {{(pid=106702) log_opt_values /opt/stack/data/venv/lib/python3.12/site-packages/oslo_config/cfg.py:3534}}
Aug 08 05:21:01.587884 np0000188241 devstack@n-api-meta.service[106702]: DEBUG nova.api.openstack.wsgi_app [None req-c0dc06b2-f667-43c6-b29f-acf46d970e5a None None] injected_network_template = /opt/stack/nova/nova/virt/interfaces.template {{(pid=106702) log_opt_values /opt/stack/data/venv/lib/python3.12/site-packages/oslo_config/cfg.py:3534}}
Aug 08 05:21:01.587980 np0000188241 devstack@n-api-meta.service[106702]: DEBUG nova.api.openstack.wsgi_app [None req-c0dc06b2-f667-43c6-b29f-acf46d970e5a None None] instance_build_timeout = 0 {{(pid=106702) log_opt_values /opt/stack/data/venv/lib/python3.12/site-packages/oslo_config/cfg.py:3534}}
Aug 08 05:21:01.588086 np0000188241 devstack@n-api-meta.service[106702]: DEBUG nova.api.openstack.wsgi_app [None req-c0dc06b2-f667-43c6-b29f-acf46d970e5a None None] instance_delete_interval = 300 {{(pid=106702) log_opt_values /opt/stack/data/venv/lib/python3.12/site-packages/oslo_config/cfg.py:3534}}
Aug 08 05:21:01.588221 np0000188241 devstack@n-api-meta.service[106702]: DEBUG nova.api.openstack.wsgi_app [None req-c0dc06b2-f667-43c6-b29f-acf46d970e5a None None] instance_format = [instance: %(uuid)s] {{(pid=106702) log_opt_values /opt/stack/data/venv/lib/python3.12/site-packages/oslo_config/cfg.py:3534}}
Aug 08 05:21:01.588402 np0000188241 devstack@n-api-meta.service[106702]: DEBUG nova.api.openstack.wsgi_app [None req-c0dc06b2-f667-43c6-b29f-acf46d970e5a None None] instance_name_template = instance-%08x {{(pid=106702) log_opt_values /opt/stack/data/venv/lib/python3.12/site-packages/oslo_config/cfg.py:3534}}
Aug 08 05:21:01.588493 np0000188241 devstack@n-api-meta.service[106702]: DEBUG nova.api.openstack.wsgi_app [None req-c0dc06b2-f667-43c6-b29f-acf46d970e5a None None] instance_usage_audit = False {{(pid=106702) log_opt_values /opt/stack/data/venv/lib/python3.12/site-packages/oslo_config/cfg.py:3534}}
Aug 08 05:21:01.588629 np0000188241 devstack@n-api-meta.service[106702]: DEBUG nova.api.openstack.wsgi_app [None req-c0dc06b2-f667-43c6-b29f-acf46d970e5a None None] instance_usage_audit_period = month {{(pid=106702) log_opt_values /opt/stack/data/venv/lib/python3.12/site-packages/oslo_config/cfg.py:3534}}
Aug 08 05:21:01.588762 np0000188241 devstack@n-api-meta.service[106702]: DEBUG nova.api.openstack.wsgi_app [None req-c0dc06b2-f667-43c6-b29f-acf46d970e5a None None] instance_uuid_format = [instance: %(uuid)s] {{(pid=106702) log_opt_values /opt/stack/data/venv/lib/python3.12/site-packages/oslo_config/cfg.py:3534}}
Aug 08 05:21:01.588896 np0000188241 devstack@n-api-meta.service[106702]: DEBUG nova.api.openstack.wsgi_app [None req-c0dc06b2-f667-43c6-b29f-acf46d970e5a None None] instances_path = /opt/stack/data/nova/instances {{(pid=106702) log_opt_values /opt/stack/data/venv/lib/python3.12/site-packages/oslo_config/cfg.py:3534}}
Aug 08 05:21:01.589044 np0000188241 devstack@n-api-meta.service[106702]: DEBUG nova.api.openstack.wsgi_app [None req-c0dc06b2-f667-43c6-b29f-acf46d970e5a None None] internal_service_availability_zone = internal {{(pid=106702) log_opt_values /opt/stack/data/venv/lib/python3.12/site-packages/oslo_config/cfg.py:3534}}
Aug 08 05:21:01.589152 np0000188241 devstack@n-api-meta.service[106702]: DEBUG nova.api.openstack.wsgi_app [None req-c0dc06b2-f667-43c6-b29f-acf46d970e5a None None] key = None {{(pid=106702) log_opt_values /opt/stack/data/venv/lib/python3.12/site-packages/oslo_config/cfg.py:3534}}
Aug 08 05:21:01.589279 np0000188241 devstack@n-api-meta.service[106702]: DEBUG nova.api.openstack.wsgi_app [None req-c0dc06b2-f667-43c6-b29f-acf46d970e5a None None] live_migration_retry_count = 30 {{(pid=106702) log_opt_values /opt/stack/data/venv/lib/python3.12/site-packages/oslo_config/cfg.py:3534}}
Aug 08 05:21:01.589442 np0000188241 devstack@n-api-meta.service[106702]: DEBUG nova.api.openstack.wsgi_app [None req-c0dc06b2-f667-43c6-b29f-acf46d970e5a None None] log_color = False {{(pid=106702) log_opt_values /opt/stack/data/venv/lib/python3.12/site-packages/oslo_config/cfg.py:3534}}
Aug 08 05:21:01.589574 np0000188241 devstack@n-api-meta.service[106702]: DEBUG nova.api.openstack.wsgi_app [None req-c0dc06b2-f667-43c6-b29f-acf46d970e5a None None] log_config_append = None {{(pid=106702) log_opt_values /opt/stack/data/venv/lib/python3.12/site-packages/oslo_config/cfg.py:3534}}
Aug 08 05:21:01.589710 np0000188241 devstack@n-api-meta.service[106702]: DEBUG nova.api.openstack.wsgi_app [None req-c0dc06b2-f667-43c6-b29f-acf46d970e5a None None] log_date_format = %Y-%m-%d %H:%M:%S {{(pid=106702) log_opt_values /opt/stack/data/venv/lib/python3.12/site-packages/oslo_config/cfg.py:3534}}
Aug 08 05:21:01.589839 np0000188241 devstack@n-api-meta.service[106702]: DEBUG nova.api.openstack.wsgi_app [None req-c0dc06b2-f667-43c6-b29f-acf46d970e5a None None] log_dir = None {{(pid=106702) log_opt_values /opt/stack/data/venv/lib/python3.12/site-packages/oslo_config/cfg.py:3534}}
Aug 08 05:21:01.589906 np0000188241 devstack@n-api-meta.service[106701]: INFO dbcounter [None req-d2b23670-291a-4aeb-9478-bd7af279e961 None None] Registered counter for database nova_cell0
Aug 08 05:21:01.589960 np0000188241 devstack@n-api-meta.service[106702]: DEBUG nova.api.openstack.wsgi_app [None req-c0dc06b2-f667-43c6-b29f-acf46d970e5a None None] log_file = None {{(pid=106702) log_opt_values /opt/stack/data/venv/lib/python3.12/site-packages/oslo_config/cfg.py:3534}}
Aug 08 05:21:01.590065 np0000188241 devstack@n-api-meta.service[106702]: DEBUG nova.api.openstack.wsgi_app [None req-c0dc06b2-f667-43c6-b29f-acf46d970e5a None None] log_options = True {{(pid=106702) log_opt_values /opt/stack/data/venv/lib/python3.12/site-packages/oslo_config/cfg.py:3534}}
Aug 08 05:21:01.590195 np0000188241 devstack@n-api-meta.service[106702]: DEBUG nova.api.openstack.wsgi_app [None req-c0dc06b2-f667-43c6-b29f-acf46d970e5a None None] log_rotate_interval = 1 {{(pid=106702) log_opt_values /opt/stack/data/venv/lib/python3.12/site-packages/oslo_config/cfg.py:3534}}
Aug 08 05:21:01.590343 np0000188241 devstack@n-api-meta.service[106702]: DEBUG nova.api.openstack.wsgi_app [None req-c0dc06b2-f667-43c6-b29f-acf46d970e5a None None] log_rotate_interval_type = days {{(pid=106702) log_opt_values /opt/stack/data/venv/lib/python3.12/site-packages/oslo_config/cfg.py:3534}}
Aug 08 05:21:01.590494 np0000188241 devstack@n-api-meta.service[106702]: DEBUG nova.api.openstack.wsgi_app [None req-c0dc06b2-f667-43c6-b29f-acf46d970e5a None None] log_rotation_type = none {{(pid=106702) log_opt_values /opt/stack/data/venv/lib/python3.12/site-packages/oslo_config/cfg.py:3534}}
Aug 08 05:21:01.590579 np0000188241 devstack@n-api-meta.service[106702]: DEBUG nova.api.openstack.wsgi_app [None req-c0dc06b2-f667-43c6-b29f-acf46d970e5a None None] logging_context_format_string = %(color)s%(levelname)s %(name)s [%(global_request_id)s %(request_id)s %(project_name)s %(user_name)s%(color)s] %(instance)s%(color)s%(message)s {{(pid=106702) log_opt_values /opt/stack/data/venv/lib/python3.12/site-packages/oslo_config/cfg.py:3534}}
Aug 08 05:21:01.590681 np0000188241 devstack@n-api-meta.service[106702]: DEBUG nova.api.openstack.wsgi_app [None req-c0dc06b2-f667-43c6-b29f-acf46d970e5a None None] logging_debug_format_suffix = {{(pid=%(process)d) %(funcName)s %(pathname)s:%(lineno)d}} {{(pid=106702) log_opt_values /opt/stack/data/venv/lib/python3.12/site-packages/oslo_config/cfg.py:3534}}
