May 09 09:06:14.302072 np0000173062 nova-scheduler[108838]: DEBUG cotyledon.oslo_config_glue [-] vnc.vencrypt_client_key = None {{(pid=108838) log_opt_values /opt/stack/data/venv/lib/python3.12/site-packages/oslo_config/cfg.py:3006}}
May 09 09:06:14.302072 np0000173062 nova-scheduler[108838]: DEBUG cotyledon.oslo_config_glue [-] workarounds.disable_compute_service_check_for_ffu = False {{(pid=108838) log_opt_values /opt/stack/data/venv/lib/python3.12/site-packages/oslo_config/cfg.py:3006}}
May 09 09:06:14.302072 np0000173062 nova-scheduler[108838]: DEBUG cotyledon.oslo_config_glue [-] workarounds.disable_deep_image_inspection = False {{(pid=108838) log_opt_values /opt/stack/data/venv/lib/python3.12/site-packages/oslo_config/cfg.py:3006}}
May 09 09:06:14.302208 np0000173062 nova-scheduler[108821]: DEBUG oslo_db.sqlalchemy.engines [None req-51961659-7487-4f04-aeb3-a6f8453d014a None None] MySQL server mode set to STRICT_TRANS_TABLES,STRICT_ALL_TABLES,NO_ZERO_IN_DATE,NO_ZERO_DATE,ERROR_FOR_DIVISION_BY_ZERO,TRADITIONAL,NO_ENGINE_SUBSTITUTION {{(pid=108821) _check_effective_sql_mode /opt/stack/data/venv/lib/python3.12/site-packages/oslo_db/sqlalchemy/engines.py:325}}
May 09 09:06:14.302241 np0000173062 nova-scheduler[108838]: DEBUG cotyledon.oslo_config_glue [-] workarounds.disable_fallback_pcpu_query = False {{(pid=108838) log_opt_values /opt/stack/data/venv/lib/python3.12/site-packages/oslo_config/cfg.py:3006}}
May 09 09:06:14.302241 np0000173062 nova-scheduler[108838]: DEBUG cotyledon.oslo_config_glue [-] workarounds.disable_group_policy_check_upcall = False {{(pid=108838) log_opt_values /opt/stack/data/venv/lib/python3.12/site-packages/oslo_config/cfg.py:3006}}
May 09 09:06:14.302241 np0000173062 nova-scheduler[108838]: DEBUG cotyledon.oslo_config_glue [-] workarounds.disable_libvirt_livesnapshot = False {{(pid=108838) log_opt_values /opt/stack/data/venv/lib/python3.12/site-packages/oslo_config/cfg.py:3006}}
May 09 09:06:14.302241 np0000173062 nova-scheduler[108838]: DEBUG cotyledon.oslo_config_glue [-] workarounds.disable_rootwrap = False {{(pid=108838) log_opt_values /opt/stack/data/venv/lib/python3.12/site-packages/oslo_config/cfg.py:3006}}
May 09 09:06:14.302241 np0000173062 nova-scheduler[108838]: DEBUG cotyledon.oslo_config_glue [-] workarounds.enable_numa_live_migration = False {{(pid=108838) log_opt_values /opt/stack/data/venv/lib/python3.12/site-packages/oslo_config/cfg.py:3006}}
May 09 09:06:14.302241 np0000173062 nova-scheduler[108838]: DEBUG cotyledon.oslo_config_glue [-] workarounds.enable_qemu_monitor_announce_self = False {{(pid=108838) log_opt_values /opt/stack/data/venv/lib/python3.12/site-packages/oslo_config/cfg.py:3006}}
May 09 09:06:14.302241 np0000173062 nova-scheduler[108838]: DEBUG cotyledon.oslo_config_glue [-] workarounds.ensure_libvirt_rbd_instance_dir_cleanup = False {{(pid=108838) log_opt_values /opt/stack/data/venv/lib/python3.12/site-packages/oslo_config/cfg.py:3006}}
May 09 09:06:14.302241 np0000173062 nova-scheduler[108838]: DEBUG cotyledon.oslo_config_glue [-] workarounds.handle_virt_lifecycle_events = True {{(pid=108838) log_opt_values /opt/stack/data/venv/lib/python3.12/site-packages/oslo_config/cfg.py:3006}}
May 09 09:06:14.302241 np0000173062 nova-scheduler[108838]: DEBUG cotyledon.oslo_config_glue [-] workarounds.libvirt_disable_apic = False {{(pid=108838) log_opt_values /opt/stack/data/venv/lib/python3.12/site-packages/oslo_config/cfg.py:3006}}
May 09 09:06:14.302453 np0000173062 nova-scheduler[108838]: DEBUG cotyledon.oslo_config_glue [-] workarounds.never_download_image_if_on_rbd = False {{(pid=108838) log_opt_values /opt/stack/data/venv/lib/python3.12/site-packages/oslo_config/cfg.py:3006}}
May 09 09:06:14.302453 np0000173062 nova-scheduler[108838]: DEBUG cotyledon.oslo_config_glue [-] workarounds.qemu_monitor_announce_self_count = 3 {{(pid=108838) log_opt_values /opt/stack/data/venv/lib/python3.12/site-packages/oslo_config/cfg.py:3006}}
May 09 09:06:14.302453 np0000173062 nova-scheduler[108838]: DEBUG cotyledon.oslo_config_glue [-] workarounds.qemu_monitor_announce_self_interval = 1 {{(pid=108838) log_opt_values /opt/stack/data/venv/lib/python3.12/site-packages/oslo_config/cfg.py:3006}}
May 09 09:06:14.302453 np0000173062 nova-scheduler[108838]: DEBUG cotyledon.oslo_config_glue [-] workarounds.reserve_disk_resource_for_image_cache = False {{(pid=108838) log_opt_values /opt/stack/data/venv/lib/python3.12/site-packages/oslo_config/cfg.py:3006}}
May 09 09:06:14.302453 np0000173062 nova-scheduler[108838]: DEBUG cotyledon.oslo_config_glue [-] workarounds.skip_cpu_compare_at_startup = False {{(pid=108838) log_opt_values /opt/stack/data/venv/lib/python3.12/site-packages/oslo_config/cfg.py:3006}}
May 09 09:06:14.302453 np0000173062 nova-scheduler[108838]: DEBUG cotyledon.oslo_config_glue [-] workarounds.skip_cpu_compare_on_dest = False {{(pid=108838) log_opt_values /opt/stack/data/venv/lib/python3.12/site-packages/oslo_config/cfg.py:3006}}
May 09 09:06:14.302453 np0000173062 nova-scheduler[108838]: DEBUG cotyledon.oslo_config_glue [-] workarounds.skip_hypervisor_version_check_on_lm = False {{(pid=108838) log_opt_values /opt/stack/data/venv/lib/python3.12/site-packages/oslo_config/cfg.py:3006}}
May 09 09:06:14.302453 np0000173062 nova-scheduler[108838]: DEBUG cotyledon.oslo_config_glue [-] workarounds.skip_reserve_in_use_ironic_nodes = False {{(pid=108838) log_opt_values /opt/stack/data/venv/lib/python3.12/site-packages/oslo_config/cfg.py:3006}}
May 09 09:06:14.302645 np0000173062 nova-scheduler[108838]: DEBUG cotyledon.oslo_config_glue [-] workarounds.unified_limits_count_pcpu_as_vcpu = False {{(pid=108838) log_opt_values /opt/stack/data/venv/lib/python3.12/site-packages/oslo_config/cfg.py:3006}}
May 09 09:06:14.302645 np0000173062 nova-scheduler[108838]: DEBUG cotyledon.oslo_config_glue [-] workarounds.wait_for_vif_plugged_event_during_hard_reboot = [] {{(pid=108838) log_opt_values /opt/stack/data/venv/lib/python3.12/site-packages/oslo_config/cfg.py:3006}}
May 09 09:06:14.302645 np0000173062 nova-scheduler[108838]: DEBUG cotyledon.oslo_config_glue [-] wsgi.api_paste_config = /etc/nova/api-paste.ini {{(pid=108838) log_opt_values /opt/stack/data/venv/lib/python3.12/site-packages/oslo_config/cfg.py:3006}}
May 09 09:06:14.302645 np0000173062 nova-scheduler[108838]: DEBUG cotyledon.oslo_config_glue [-] wsgi.secure_proxy_ssl_header = None {{(pid=108838) log_opt_values /opt/stack/data/venv/lib/python3.12/site-packages/oslo_config/cfg.py:3006}}
May 09 09:06:14.302645 np0000173062 nova-scheduler[108838]: DEBUG cotyledon.oslo_config_glue [-] zvm.ca_file = None {{(pid=108838) log_opt_values /opt/stack/data/venv/lib/python3.12/site-packages/oslo_config/cfg.py:3006}}
May 09 09:06:14.302645 np0000173062 nova-scheduler[108838]: DEBUG cotyledon.oslo_config_glue [-] zvm.cloud_connector_url = None {{(pid=108838) log_opt_values /opt/stack/data/venv/lib/python3.12/site-packages/oslo_config/cfg.py:3006}}
May 09 09:06:14.302645 np0000173062 nova-scheduler[108838]: DEBUG cotyledon.oslo_config_glue [-] zvm.image_tmp_path = /opt/stack/data/nova/images {{(pid=108838) log_opt_values /opt/stack/data/venv/lib/python3.12/site-packages/oslo_config/cfg.py:3006}}
May 09 09:06:14.302645 np0000173062 nova-scheduler[108838]: DEBUG cotyledon.oslo_config_glue [-] zvm.reachable_timeout = 300 {{(pid=108838) log_opt_values /opt/stack/data/venv/lib/python3.12/site-packages/oslo_config/cfg.py:3006}}
May 09 09:06:14.302645 np0000173062 nova-scheduler[108838]: DEBUG cotyledon.oslo_config_glue [-] oslo_versionedobjects.fatal_exception_format_errors = False {{(pid=108838) log_opt_values /opt/stack/data/venv/lib/python3.12/site-packages/oslo_config/cfg.py:3006}}
May 09 09:06:14.302858 np0000173062 nova-scheduler[108838]: DEBUG cotyledon.oslo_config_glue [-] oslo_middleware.http_basic_auth_user_file = /etc/htpasswd {{(pid=108838) log_opt_values /opt/stack/data/venv/lib/python3.12/site-packages/oslo_config/cfg.py:3006}}
May 09 09:06:14.302889 np0000173062 nova-scheduler[108828]: INFO dbcounter [None req-b1e49171-9778-4002-b6f6-b5cd637b434a None None] Registered counter for database nova_cell0
May 09 09:06:14.303066 np0000173062 nova-scheduler[108838]: DEBUG cotyledon.oslo_config_glue [-] oslo_messaging_metrics.metrics_buffer_size = 1000 {{(pid=108838) log_opt_values /opt/stack/data/venv/lib/python3.12/site-packages/oslo_config/cfg.py:3006}}
May 09 09:06:14.303066 np0000173062 nova-scheduler[108838]: DEBUG cotyledon.oslo_config_glue [-] oslo_messaging_metrics.metrics_enabled = False {{(pid=108838) log_opt_values /opt/stack/data/venv/lib/python3.12/site-packages/oslo_config/cfg.py:3006}}
May 09 09:06:14.303066 np0000173062 nova-scheduler[108838]: DEBUG cotyledon.oslo_config_glue [-] oslo_messaging_metrics.metrics_process_name = {{(pid=108838) log_opt_values /opt/stack/data/venv/lib/python3.12/site-packages/oslo_config/cfg.py:3006}}
May 09 09:06:14.303066 np0000173062 nova-scheduler[108838]: DEBUG cotyledon.oslo_config_glue [-] oslo_messaging_metrics.metrics_socket_file = /var/tmp/metrics_collector.sock {{(pid=108838) log_opt_values /opt/stack/data/venv/lib/python3.12/site-packages/oslo_config/cfg.py:3006}}
May 09 09:06:14.303066 np0000173062 nova-scheduler[108838]: DEBUG cotyledon.oslo_config_glue [-] oslo_messaging_metrics.metrics_thread_stop_timeout = 10 {{(pid=108838) log_opt_values /opt/stack/data/venv/lib/python3.12/site-packages/oslo_config/cfg.py:3006}}
May 09 09:06:14.303066 np0000173062 nova-scheduler[108838]: DEBUG cotyledon.oslo_config_glue [-] profiler.connection_string = messaging:// {{(pid=108838) log_opt_values /opt/stack/data/venv/lib/python3.12/site-packages/oslo_config/cfg.py:3006}}
May 09 09:06:14.303066 np0000173062 nova-scheduler[108838]: DEBUG cotyledon.oslo_config_glue [-] profiler.enabled = False {{(pid=108838) log_opt_values /opt/stack/data/venv/lib/python3.12/site-packages/oslo_config/cfg.py:3006}}
May 09 09:06:14.303066 np0000173062 nova-scheduler[108838]: DEBUG cotyledon.oslo_config_glue [-] profiler.es_doc_type = notification {{(pid=108838) log_opt_values /opt/stack/data/venv/lib/python3.12/site-packages/oslo_config/cfg.py:3006}}
May 09 09:06:14.303066 np0000173062 nova-scheduler[108838]: DEBUG cotyledon.oslo_config_glue [-] profiler.es_scroll_size = 10000 {{(pid=108838) log_opt_values /opt/stack/data/venv/lib/python3.12/site-packages/oslo_config/cfg.py:3006}}
May 09 09:06:14.303526 np0000173062 nova-scheduler[108838]: DEBUG cotyledon.oslo_config_glue [-] profiler.es_scroll_time = 2m {{(pid=108838) log_opt_values /opt/stack/data/venv/lib/python3.12/site-packages/oslo_config/cfg.py:3006}}
May 09 09:06:14.303526 np0000173062 nova-scheduler[108838]: DEBUG cotyledon.oslo_config_glue [-] profiler.filter_error_trace = False {{(pid=108838) log_opt_values /opt/stack/data/venv/lib/python3.12/site-packages/oslo_config/cfg.py:3006}}
May 09 09:06:14.303526 np0000173062 nova-scheduler[108838]: DEBUG cotyledon.oslo_config_glue [-] profiler.hmac_keys = **** {{(pid=108838) log_opt_values /opt/stack/data/venv/lib/python3.12/site-packages/oslo_config/cfg.py:3006}}
May 09 09:06:14.303526 np0000173062 nova-scheduler[108838]: DEBUG cotyledon.oslo_config_glue [-] profiler.sentinel_service_name = mymaster {{(pid=108838) log_opt_values /opt/stack/data/venv/lib/python3.12/site-packages/oslo_config/cfg.py:3006}}
May 09 09:06:14.303526 np0000173062 nova-scheduler[108838]: DEBUG cotyledon.oslo_config_glue [-] profiler.socket_timeout = 0.1 {{(pid=108838) log_opt_values /opt/stack/data/venv/lib/python3.12/site-packages/oslo_config/cfg.py:3006}}
May 09 09:06:14.303526 np0000173062 nova-scheduler[108838]: DEBUG cotyledon.oslo_config_glue [-] profiler.trace_requests = False {{(pid=108838) log_opt_values /opt/stack/data/venv/lib/python3.12/site-packages/oslo_config/cfg.py:3006}}
May 09 09:06:14.303526 np0000173062 nova-scheduler[108838]: DEBUG cotyledon.oslo_config_glue [-] profiler.trace_sqlalchemy = False {{(pid=108838) log_opt_values /opt/stack/data/venv/lib/python3.12/site-packages/oslo_config/cfg.py:3006}}
May 09 09:06:14.303526 np0000173062 nova-scheduler[108838]: DEBUG cotyledon.oslo_config_glue [-] profiler_jaeger.process_tags = {} {{(pid=108838) log_opt_values /opt/stack/data/venv/lib/python3.12/site-packages/oslo_config/cfg.py:3006}}
May 09 09:06:14.303526 np0000173062 nova-scheduler[108838]: DEBUG cotyledon.oslo_config_glue [-] profiler_jaeger.service_name_prefix = None {{(pid=108838) log_opt_values /opt/stack/data/venv/lib/python3.12/site-packages/oslo_config/cfg.py:3006}}
May 09 09:06:14.304238 np0000173062 nova-scheduler[108838]: DEBUG cotyledon.oslo_config_glue [-] profiler_otlp.service_name_prefix = None {{(pid=108838) log_opt_values /opt/stack/data/venv/lib/python3.12/site-packages/oslo_config/cfg.py:3006}}
May 09 09:06:14.304238 np0000173062 nova-scheduler[108838]: DEBUG cotyledon.oslo_config_glue [-] oslo_messaging_rabbit.amqp_auto_delete = False {{(pid=108838) log_opt_values /opt/stack/data/venv/lib/python3.12/site-packages/oslo_config/cfg.py:3006}}
May 09 09:06:14.304238 np0000173062 nova-scheduler[108838]: DEBUG cotyledon.oslo_config_glue [-] oslo_messaging_rabbit.amqp_durable_queues = False {{(pid=108838) log_opt_values /opt/stack/data/venv/lib/python3.12/site-packages/oslo_config/cfg.py:3006}}
May 09 09:06:14.304238 np0000173062 nova-scheduler[108838]: DEBUG cotyledon.oslo_config_glue [-] oslo_messaging_rabbit.conn_pool_min_size = 2 {{(pid=108838) log_opt_values /opt/stack/data/venv/lib/python3.12/site-packages/oslo_config/cfg.py:3006}}
May 09 09:06:14.304238 np0000173062 nova-scheduler[108838]: DEBUG cotyledon.oslo_config_glue [-] oslo_messaging_rabbit.conn_pool_ttl = 1200 {{(pid=108838) log_opt_values /opt/stack/data/venv/lib/python3.12/site-packages/oslo_config/cfg.py:3006}}
May 09 09:06:14.304238 np0000173062 nova-scheduler[108838]: DEBUG cotyledon.oslo_config_glue [-] oslo_messaging_rabbit.direct_mandatory_flag = True {{(pid=108838) log_opt_values /opt/stack/data/venv/lib/python3.12/site-packages/oslo_config/cfg.py:3006}}
May 09 09:06:14.304238 np0000173062 nova-scheduler[108838]: DEBUG cotyledon.oslo_config_glue [-] oslo_messaging_rabbit.enable_cancel_on_failover = False {{(pid=108838) log_opt_values /opt/stack/data/venv/lib/python3.12/site-packages/oslo_config/cfg.py:3006}}
May 09 09:06:14.304238 np0000173062 nova-scheduler[108838]: DEBUG cotyledon.oslo_config_glue [-] oslo_messaging_rabbit.heartbeat_in_pthread = False {{(pid=108838) log_opt_values /opt/stack/data/venv/lib/python3.12/site-packages/oslo_config/cfg.py:3006}}
May 09 09:06:14.304238 np0000173062 nova-scheduler[108838]: DEBUG cotyledon.oslo_config_glue [-] oslo_messaging_rabbit.heartbeat_rate = 3 {{(pid=108838) log_opt_values /opt/stack/data/venv/lib/python3.12/site-packages/oslo_config/cfg.py:3006}}
May 09 09:06:14.304450 np0000173062 nova-scheduler[108838]: DEBUG cotyledon.oslo_config_glue [-] oslo_messaging_rabbit.heartbeat_timeout_threshold = 60 {{(pid=108838) log_opt_values /opt/stack/data/venv/lib/python3.12/site-packages/oslo_config/cfg.py:3006}}
May 09 09:06:14.304450 np0000173062 nova-scheduler[108838]: DEBUG cotyledon.oslo_config_glue [-] oslo_messaging_rabbit.hostname = np0000173062 {{(pid=108838) log_opt_values /opt/stack/data/venv/lib/python3.12/site-packages/oslo_config/cfg.py:3006}}
May 09 09:06:14.304450 np0000173062 nova-scheduler[108838]: DEBUG cotyledon.oslo_config_glue [-] oslo_messaging_rabbit.kombu_compression = None {{(pid=108838) log_opt_values /opt/stack/data/venv/lib/python3.12/site-packages/oslo_config/cfg.py:3006}}
May 09 09:06:14.304450 np0000173062 nova-scheduler[108838]: DEBUG cotyledon.oslo_config_glue [-] oslo_messaging_rabbit.kombu_failover_strategy = round-robin {{(pid=108838) log_opt_values /opt/stack/data/venv/lib/python3.12/site-packages/oslo_config/cfg.py:3006}}
May 09 09:06:14.304450 np0000173062 nova-scheduler[108838]: DEBUG cotyledon.oslo_config_glue [-] oslo_messaging_rabbit.kombu_missing_consumer_retry_timeout = 60 {{(pid=108838) log_opt_values /opt/stack/data/venv/lib/python3.12/site-packages/oslo_config/cfg.py:3006}}
May 09 09:06:14.304450 np0000173062 nova-scheduler[108838]: DEBUG cotyledon.oslo_config_glue [-] oslo_messaging_rabbit.kombu_reconnect_delay = 1.0 {{(pid=108838) log_opt_values /opt/stack/data/venv/lib/python3.12/site-packages/oslo_config/cfg.py:3006}}
May 09 09:06:14.304450 np0000173062 nova-scheduler[108838]: DEBUG cotyledon.oslo_config_glue [-] oslo_messaging_rabbit.kombu_reconnect_splay = 0.0 {{(pid=108838) log_opt_values /opt/stack/data/venv/lib/python3.12/site-packages/oslo_config/cfg.py:3006}}
May 09 09:06:14.304450 np0000173062 nova-scheduler[108838]: DEBUG cotyledon.oslo_config_glue [-] oslo_messaging_rabbit.processname = nova-scheduler {{(pid=108838) log_opt_values /opt/stack/data/venv/lib/python3.12/site-packages/oslo_config/cfg.py:3006}}
May 09 09:06:14.304657 np0000173062 nova-scheduler[108838]: DEBUG cotyledon.oslo_config_glue [-] oslo_messaging_rabbit.rabbit_ha_queues = False {{(pid=108838) log_opt_values /opt/stack/data/venv/lib/python3.12/site-packages/oslo_config/cfg.py:3006}}
May 09 09:06:14.304657 np0000173062 nova-scheduler[108838]: DEBUG cotyledon.oslo_config_glue [-] oslo_messaging_rabbit.rabbit_interval_max = 30 {{(pid=108838) log_opt_values /opt/stack/data/venv/lib/python3.12/site-packages/oslo_config/cfg.py:3006}}
May 09 09:06:14.304657 np0000173062 nova-scheduler[108838]: DEBUG cotyledon.oslo_config_glue [-] oslo_messaging_rabbit.rabbit_login_method = AMQPLAIN {{(pid=108838) log_opt_values /opt/stack/data/venv/lib/python3.12/site-packages/oslo_config/cfg.py:3006}}
May 09 09:06:14.304657 np0000173062 nova-scheduler[108838]: DEBUG cotyledon.oslo_config_glue [-] oslo_messaging_rabbit.rabbit_qos_prefetch_count = 0 {{(pid=108838) log_opt_values /opt/stack/data/venv/lib/python3.12/site-packages/oslo_config/cfg.py:3006}}
May 09 09:06:14.304657 np0000173062 nova-scheduler[108838]: DEBUG cotyledon.oslo_config_glue [-] oslo_messaging_rabbit.rabbit_quorum_delivery_limit = 0 {{(pid=108838) log_opt_values /opt/stack/data/venv/lib/python3.12/site-packages/oslo_config/cfg.py:3006}}
May 09 09:06:14.304657 np0000173062 nova-scheduler[108838]: DEBUG cotyledon.oslo_config_glue [-] oslo_messaging_rabbit.rabbit_quorum_max_memory_bytes = 0 {{(pid=108838) log_opt_values /opt/stack/data/venv/lib/python3.12/site-packages/oslo_config/cfg.py:3006}}
May 09 09:06:14.304657 np0000173062 nova-scheduler[108838]: DEBUG cotyledon.oslo_config_glue [-] oslo_messaging_rabbit.rabbit_quorum_max_memory_length = 0 {{(pid=108838) log_opt_values /opt/stack/data/venv/lib/python3.12/site-packages/oslo_config/cfg.py:3006}}
May 09 09:06:14.304657 np0000173062 nova-scheduler[108838]: DEBUG cotyledon.oslo_config_glue [-] oslo_messaging_rabbit.rabbit_quorum_queue = False {{(pid=108838) log_opt_values /opt/stack/data/venv/lib/python3.12/site-packages/oslo_config/cfg.py:3006}}
May 09 09:06:14.304853 np0000173062 nova-scheduler[108838]: DEBUG cotyledon.oslo_config_glue [-] oslo_messaging_rabbit.rabbit_retry_backoff = 2 {{(pid=108838) log_opt_values /opt/stack/data/venv/lib/python3.12/site-packages/oslo_config/cfg.py:3006}}
May 09 09:06:14.304853 np0000173062 nova-scheduler[108838]: DEBUG cotyledon.oslo_config_glue [-] oslo_messaging_rabbit.rabbit_retry_interval = 1 {{(pid=108838) log_opt_values /opt/stack/data/venv/lib/python3.12/site-packages/oslo_config/cfg.py:3006}}
May 09 09:06:14.304853 np0000173062 nova-scheduler[108838]: DEBUG cotyledon.oslo_config_glue [-] oslo_messaging_rabbit.rabbit_stream_fanout = False {{(pid=108838) log_opt_values /opt/stack/data/venv/lib/python3.12/site-packages/oslo_config/cfg.py:3006}}
May 09 09:06:14.304853 np0000173062 nova-scheduler[108838]: DEBUG cotyledon.oslo_config_glue [-] oslo_messaging_rabbit.rabbit_transient_queues_ttl = 1800 {{(pid=108838) log_opt_values /opt/stack/data/venv/lib/python3.12/site-packages/oslo_config/cfg.py:3006}}
May 09 09:06:14.304853 np0000173062 nova-scheduler[108838]: DEBUG cotyledon.oslo_config_glue [-] oslo_messaging_rabbit.rabbit_transient_quorum_queue = False {{(pid=108838) log_opt_values /opt/stack/data/venv/lib/python3.12/site-packages/oslo_config/cfg.py:3006}}
May 09 09:06:14.304853 np0000173062 nova-scheduler[108838]: DEBUG cotyledon.oslo_config_glue [-] oslo_messaging_rabbit.rpc_conn_pool_size = 30 {{(pid=108838) log_opt_values /opt/stack/data/venv/lib/python3.12/site-packages/oslo_config/cfg.py:3006}}
May 09 09:06:14.304853 np0000173062 nova-scheduler[108838]: DEBUG cotyledon.oslo_config_glue [-] oslo_messaging_rabbit.ssl = False {{(pid=108838) log_opt_values /opt/stack/data/venv/lib/python3.12/site-packages/oslo_config/cfg.py:3006}}
May 09 09:06:14.304853 np0000173062 nova-scheduler[108838]: DEBUG cotyledon.oslo_config_glue [-] oslo_messaging_rabbit.ssl_ca_file = {{(pid=108838) log_opt_values /opt/stack/data/venv/lib/python3.12/site-packages/oslo_config/cfg.py:3006}}
May 09 09:06:14.304853 np0000173062 nova-scheduler[108838]: DEBUG cotyledon.oslo_config_glue [-] oslo_messaging_rabbit.ssl_cert_file = {{(pid=108838) log_opt_values /opt/stack/data/venv/lib/python3.12/site-packages/oslo_config/cfg.py:3006}}
May 09 09:06:14.306340 np0000173062 nova-scheduler[108838]: DEBUG cotyledon.oslo_config_glue [-] oslo_messaging_rabbit.ssl_enforce_fips_mode = False {{(pid=108838) log_opt_values /opt/stack/data/venv/lib/python3.12/site-packages/oslo_config/cfg.py:3006}}
May 09 09:06:14.306340 np0000173062 nova-scheduler[108838]: DEBUG cotyledon.oslo_config_glue [-] oslo_messaging_rabbit.ssl_key_file = {{(pid=108838) log_opt_values /opt/stack/data/venv/lib/python3.12/site-packages/oslo_config/cfg.py:3006}}
May 09 09:06:14.306340 np0000173062 nova-scheduler[108838]: DEBUG cotyledon.oslo_config_glue [-] oslo_messaging_rabbit.ssl_version = {{(pid=108838) log_opt_values /opt/stack/data/venv/lib/python3.12/site-packages/oslo_config/cfg.py:3006}}
May 09 09:06:14.306340 np0000173062 nova-scheduler[108838]: DEBUG cotyledon.oslo_config_glue [-] oslo_messaging_rabbit.use_queue_manager = False {{(pid=108838) log_opt_values /opt/stack/data/venv/lib/python3.12/site-packages/oslo_config/cfg.py:3006}}
May 09 09:06:14.306340 np0000173062 nova-scheduler[108838]: DEBUG cotyledon.oslo_config_glue [-] oslo_messaging_notifications.driver = ['messagingv2'] {{(pid=108838) log_opt_values /opt/stack/data/venv/lib/python3.12/site-packages/oslo_config/cfg.py:3006}}
May 09 09:06:14.306340 np0000173062 nova-scheduler[108838]: DEBUG cotyledon.oslo_config_glue [-] oslo_messaging_notifications.retry = -1 {{(pid=108838) log_opt_values /opt/stack/data/venv/lib/python3.12/site-packages/oslo_config/cfg.py:3006}}
May 09 09:06:14.306340 np0000173062 nova-scheduler[108838]: DEBUG cotyledon.oslo_config_glue [-] oslo_messaging_notifications.topics = ['notifications'] {{(pid=108838) log_opt_values /opt/stack/data/venv/lib/python3.12/site-packages/oslo_config/cfg.py:3006}}
May 09 09:06:14.306340 np0000173062 nova-scheduler[108838]: DEBUG cotyledon.oslo_config_glue [-] oslo_messaging_notifications.transport_url = **** {{(pid=108838) log_opt_values /opt/stack/data/venv/lib/python3.12/site-packages/oslo_config/cfg.py:3006}}
May 09 09:06:14.306340 np0000173062 nova-scheduler[108838]: DEBUG cotyledon.oslo_config_glue [-] oslo_limit.auth_section = None {{(pid=108838) log_opt_values /opt/stack/data/venv/lib/python3.12/site-packages/oslo_config/cfg.py:3006}}
May 09 09:06:14.306569 np0000173062 nova-scheduler[108838]: DEBUG cotyledon.oslo_config_glue [-] oslo_limit.auth_type = None {{(pid=108838) log_opt_values /opt/stack/data/venv/lib/python3.12/site-packages/oslo_config/cfg.py:3006}}
May 09 09:06:14.306569 np0000173062 nova-scheduler[108838]: DEBUG cotyledon.oslo_config_glue [-] oslo_limit.cafile = None {{(pid=108838) log_opt_values /opt/stack/data/venv/lib/python3.12/site-packages/oslo_config/cfg.py:3006}}
May 09 09:06:14.306569 np0000173062 nova-scheduler[108838]: DEBUG cotyledon.oslo_config_glue [-] oslo_limit.certfile = None {{(pid=108838) log_opt_values /opt/stack/data/venv/lib/python3.12/site-packages/oslo_config/cfg.py:3006}}
May 09 09:06:14.306569 np0000173062 nova-scheduler[108838]: DEBUG cotyledon.oslo_config_glue [-] oslo_limit.collect_timing = False {{(pid=108838) log_opt_values /opt/stack/data/venv/lib/python3.12/site-packages/oslo_config/cfg.py:3006}}
May 09 09:06:14.306569 np0000173062 nova-scheduler[108838]: DEBUG cotyledon.oslo_config_glue [-] oslo_limit.connect_retries = None {{(pid=108838) log_opt_values /opt/stack/data/venv/lib/python3.12/site-packages/oslo_config/cfg.py:3006}}
May 09 09:06:14.306569 np0000173062 nova-scheduler[108838]: DEBUG cotyledon.oslo_config_glue [-] oslo_limit.connect_retry_delay = None {{(pid=108838) log_opt_values /opt/stack/data/venv/lib/python3.12/site-packages/oslo_config/cfg.py:3006}}
May 09 09:06:14.306569 np0000173062 nova-scheduler[108838]: DEBUG cotyledon.oslo_config_glue [-] oslo_limit.endpoint_id = None {{(pid=108838) log_opt_values /opt/stack/data/venv/lib/python3.12/site-packages/oslo_config/cfg.py:3006}}
May 09 09:06:14.306569 np0000173062 nova-scheduler[108838]: DEBUG cotyledon.oslo_config_glue [-] oslo_limit.endpoint_interface = public {{(pid=108838) log_opt_values /opt/stack/data/venv/lib/python3.12/site-packages/oslo_config/cfg.py:3006}}
May 09 09:06:14.306569 np0000173062 nova-scheduler[108838]: DEBUG cotyledon.oslo_config_glue [-] oslo_limit.endpoint_override = None {{(pid=108838) log_opt_values /opt/stack/data/venv/lib/python3.12/site-packages/oslo_config/cfg.py:3006}}
May 09 09:06:14.306776 np0000173062 nova-scheduler[108838]: DEBUG cotyledon.oslo_config_glue [-] oslo_limit.endpoint_region_name = None {{(pid=108838) log_opt_values /opt/stack/data/venv/lib/python3.12/site-packages/oslo_config/cfg.py:3006}}
May 09 09:06:14.306776 np0000173062 nova-scheduler[108838]: DEBUG cotyledon.oslo_config_glue [-] oslo_limit.endpoint_service_name = None {{(pid=108838) log_opt_values /opt/stack/data/venv/lib/python3.12/site-packages/oslo_config/cfg.py:3006}}
May 09 09:06:14.306776 np0000173062 nova-scheduler[108838]: DEBUG cotyledon.oslo_config_glue [-] oslo_limit.endpoint_service_type = None {{(pid=108838) log_opt_values /opt/stack/data/venv/lib/python3.12/site-packages/oslo_config/cfg.py:3006}}
May 09 09:06:14.306776 np0000173062 nova-scheduler[108838]: DEBUG cotyledon.oslo_config_glue [-] oslo_limit.insecure = False {{(pid=108838) log_opt_values /opt/stack/data/venv/lib/python3.12/site-packages/oslo_config/cfg.py:3006}}
May 09 09:06:14.306776 np0000173062 nova-scheduler[108838]: DEBUG cotyledon.oslo_config_glue [-] oslo_limit.keyfile = None {{(pid=108838) log_opt_values /opt/stack/data/venv/lib/python3.12/site-packages/oslo_config/cfg.py:3006}}
May 09 09:06:14.306776 np0000173062 nova-scheduler[108838]: DEBUG cotyledon.oslo_config_glue [-] oslo_limit.max_version = None {{(pid=108838) log_opt_values /opt/stack/data/venv/lib/python3.12/site-packages/oslo_config/cfg.py:3006}}
May 09 09:06:14.306776 np0000173062 nova-scheduler[108838]: DEBUG cotyledon.oslo_config_glue [-] oslo_limit.min_version = None {{(pid=108838) log_opt_values /opt/stack/data/venv/lib/python3.12/site-packages/oslo_config/cfg.py:3006}}
May 09 09:06:14.306776 np0000173062 nova-scheduler[108838]: DEBUG cotyledon.oslo_config_glue [-] oslo_limit.region_name = None {{(pid=108838) log_opt_values /opt/stack/data/venv/lib/python3.12/site-packages/oslo_config/cfg.py:3006}}
May 09 09:06:14.306776 np0000173062 nova-scheduler[108838]: DEBUG cotyledon.oslo_config_glue [-] oslo_limit.retriable_status_codes = None {{(pid=108838) log_opt_values /opt/stack/data/venv/lib/python3.12/site-packages/oslo_config/cfg.py:3006}}
May 09 09:06:14.307017 np0000173062 nova-scheduler[108838]: DEBUG cotyledon.oslo_config_glue [-] oslo_limit.service_name = None {{(pid=108838) log_opt_values /opt/stack/data/venv/lib/python3.12/site-packages/oslo_config/cfg.py:3006}}
May 09 09:06:14.307017 np0000173062 nova-scheduler[108838]: DEBUG cotyledon.oslo_config_glue [-] oslo_limit.service_type = None {{(pid=108838) log_opt_values /opt/stack/data/venv/lib/python3.12/site-packages/oslo_config/cfg.py:3006}}
May 09 09:06:14.307017 np0000173062 nova-scheduler[108838]: DEBUG cotyledon.oslo_config_glue [-] oslo_limit.split_loggers = False {{(pid=108838) log_opt_values /opt/stack/data/venv/lib/python3.12/site-packages/oslo_config/cfg.py:3006}}
May 09 09:06:14.307017 np0000173062 nova-scheduler[108838]: DEBUG cotyledon.oslo_config_glue [-] oslo_limit.status_code_retries = None {{(pid=108838) log_opt_values /opt/stack/data/venv/lib/python3.12/site-packages/oslo_config/cfg.py:3006}}
May 09 09:06:14.307017 np0000173062 nova-scheduler[108838]: DEBUG cotyledon.oslo_config_glue [-] oslo_limit.status_code_retry_delay = None {{(pid=108838) log_opt_values /opt/stack/data/venv/lib/python3.12/site-packages/oslo_config/cfg.py:3006}}
May 09 09:06:14.307017 np0000173062 nova-scheduler[108838]: DEBUG cotyledon.oslo_config_glue [-] oslo_limit.timeout = None {{(pid=108838) log_opt_values /opt/stack/data/venv/lib/python3.12/site-packages/oslo_config/cfg.py:3006}}
May 09 09:06:14.307017 np0000173062 nova-scheduler[108838]: DEBUG cotyledon.oslo_config_glue [-] oslo_limit.valid_interfaces = None {{(pid=108838) log_opt_values /opt/stack/data/venv/lib/python3.12/site-packages/oslo_config/cfg.py:3006}}
May 09 09:06:14.307017 np0000173062 nova-scheduler[108838]: DEBUG cotyledon.oslo_config_glue [-] oslo_limit.version = None {{(pid=108838) log_opt_values /opt/stack/data/venv/lib/python3.12/site-packages/oslo_config/cfg.py:3006}}
May 09 09:06:14.307017 np0000173062 nova-scheduler[108838]: DEBUG cotyledon.oslo_config_glue [-] oslo_reports.file_event_handler = None {{(pid=108838) log_opt_values /opt/stack/data/venv/lib/python3.12/site-packages/oslo_config/cfg.py:3006}}
May 09 09:06:14.307563 np0000173062 nova-scheduler[108838]: DEBUG cotyledon.oslo_config_glue [-] oslo_reports.file_event_handler_interval = 1 {{(pid=108838) log_opt_values /opt/stack/data/venv/lib/python3.12/site-packages/oslo_config/cfg.py:3006}}
May 09 09:06:14.307563 np0000173062 nova-scheduler[108838]: DEBUG cotyledon.oslo_config_glue [-] oslo_reports.log_dir = None {{(pid=108838) log_opt_values /opt/stack/data/venv/lib/python3.12/site-packages/oslo_config/cfg.py:3006}}
May 09 09:06:14.307563 np0000173062 nova-scheduler[108838]: DEBUG cotyledon.oslo_config_glue [-] ******************************************************************************** {{(pid=108838) log_opt_values /opt/stack/data/venv/lib/python3.12/site-packages/oslo_config/cfg.py:3013}}
May 09 09:06:14.307563 np0000173062 nova-scheduler[108838]: DEBUG cotyledon._service_worker [-] Run service ServiceWrapper(3) [108838] {{(pid=108838) wait_forever /opt/stack/data/venv/lib/python3.12/site-packages/cotyledon/_service_worker.py:218}}
May 09 09:06:14.307563 np0000173062 nova-scheduler[108838]: INFO nova.service [-] Starting scheduler node (version 33.1.0)
May 09 09:06:14.308402 np0000173062 nova-scheduler[108815]: DEBUG nova.service [None req-e1feaa7c-18e1-4e52-b730-cb56602c72b8 None None] Creating RPC server for service: nova-scheduler on topic: scheduler {{(pid=108815) start /opt/stack/nova/nova/service.py:195}}
May 09 09:06:14.308445 np0000173062 nova-scheduler[108821]: DEBUG dbcounter [-] [108821] Writer thread running {{(pid=108821) stat_writer /opt/stack/data/venv/lib/python3.12/site-packages/dbcounter.py:102}}
May 09 09:06:14.308471 np0000173062 nova-scheduler[108838]: INFO dbcounter [None req-5daa5a7e-1b82-4c50-9022-32a4a11e7d05 None None] Registered counter for database nova_cell0
May 09 09:06:14.308499 np0000173062 nova-scheduler[108828]: DEBUG oslo_db.sqlalchemy.engines [None req-b1e49171-9778-4002-b6f6-b5cd637b434a None None] MySQL server mode set to STRICT_TRANS_TABLES,STRICT_ALL_TABLES,NO_ZERO_IN_DATE,NO_ZERO_DATE,ERROR_FOR_DIVISION_BY_ZERO,TRADITIONAL,NO_ENGINE_SUBSTITUTION {{(pid=108828) _check_effective_sql_mode /opt/stack/data/venv/lib/python3.12/site-packages/oslo_db/sqlalchemy/engines.py:325}}
May 09 09:06:14.308558 np0000173062 nova-scheduler[108821]: DEBUG nova.service [None req-51961659-7487-4f04-aeb3-a6f8453d014a None None] Creating RPC server for service: nova-scheduler on topic: scheduler {{(pid=108821) start /opt/stack/nova/nova/service.py:195}}
May 09 09:06:14.308586 np0000173062 nova-scheduler[108828]: DEBUG dbcounter [-] [108828] Writer thread running {{(pid=108828) stat_writer /opt/stack/data/venv/lib/python3.12/site-packages/dbcounter.py:102}}
May 09 09:06:14.308586 np0000173062 nova-scheduler[108828]: DEBUG nova.service [None req-b1e49171-9778-4002-b6f6-b5cd637b434a None None] Creating RPC server for service: nova-scheduler on topic: scheduler {{(pid=108828) start /opt/stack/nova/nova/service.py:195}}
May 09 09:06:14.309433 np0000173062 nova-scheduler[108838]: DEBUG oslo_db.sqlalchemy.engines [None req-5daa5a7e-1b82-4c50-9022-32a4a11e7d05 None None] MySQL server mode set to STRICT_TRANS_TABLES,STRICT_ALL_TABLES,NO_ZERO_IN_DATE,NO_ZERO_DATE,ERROR_FOR_DIVISION_BY_ZERO,TRADITIONAL,NO_ENGINE_SUBSTITUTION {{(pid=108838) _check_effective_sql_mode /opt/stack/data/venv/lib/python3.12/site-packages/oslo_db/sqlalchemy/engines.py:325}}
May 09 09:06:14.320035 np0000173062 nova-scheduler[108838]: DEBUG dbcounter [-] [108838] Writer thread running {{(pid=108838) stat_writer /opt/stack/data/venv/lib/python3.12/site-packages/dbcounter.py:102}}
May 09 09:06:14.321666 np0000173062 nova-scheduler[108838]: DEBUG nova.service [None req-5daa5a7e-1b82-4c50-9022-32a4a11e7d05 None None] Creating RPC server for service: nova-scheduler on topic: scheduler {{(pid=108838) start /opt/stack/nova/nova/service.py:195}}
May 09 09:06:14.322184 np0000173062 nova-scheduler[108821]: DEBUG nova.service [None req-51961659-7487-4f04-aeb3-a6f8453d014a None None] Join ServiceGroup membership for this service scheduler {{(pid=108821) start /opt/stack/nova/nova/service.py:221}}
May 09 09:06:14.322346 np0000173062 nova-scheduler[108815]: DEBUG nova.service [None req-e1feaa7c-18e1-4e52-b730-cb56602c72b8 None None] Join ServiceGroup membership for this service scheduler {{(pid=108815) start /opt/stack/nova/nova/service.py:221}}
May 09 09:06:14.322388 np0000173062 nova-scheduler[108821]: DEBUG nova.servicegroup.drivers.db [None req-51961659-7487-4f04-aeb3-a6f8453d014a None None] DB_Driver: join new ServiceGroup member np0000173062 to the scheduler group, service = {{(pid=108821) join /opt/stack/nova/nova/servicegroup/drivers/db.py:44}}
May 09 09:06:14.322671 np0000173062 nova-scheduler[108815]: DEBUG nova.servicegroup.drivers.db [None req-e1feaa7c-18e1-4e52-b730-cb56602c72b8 None None] DB_Driver: join new ServiceGroup member np0000173062 to the scheduler group, service = {{(pid=108815) join /opt/stack/nova/nova/servicegroup/drivers/db.py:44}}
May 09 09:06:14.329031 np0000173062 nova-scheduler[108828]: DEBUG nova.service [None req-b1e49171-9778-4002-b6f6-b5cd637b434a None None] Join ServiceGroup membership for this service scheduler {{(pid=108828) start /opt/stack/nova/nova/service.py:221}}
May 09 09:06:14.329102 np0000173062 nova-scheduler[108828]: DEBUG nova.servicegroup.drivers.db [None req-b1e49171-9778-4002-b6f6-b5cd637b434a None None] DB_Driver: join new ServiceGroup member np0000173062 to the scheduler group, service = {{(pid=108828) join /opt/stack/nova/nova/servicegroup/drivers/db.py:44}}
May 09 09:06:14.338478 np0000173062 nova-scheduler[108838]: DEBUG nova.service [None req-5daa5a7e-1b82-4c50-9022-32a4a11e7d05 None None] Join ServiceGroup membership for this service scheduler {{(pid=108838) start /opt/stack/nova/nova/service.py:221}}
May 09 09:06:14.338618 np0000173062 nova-scheduler[108838]: DEBUG nova.servicegroup.drivers.db [None req-5daa5a7e-1b82-4c50-9022-32a4a11e7d05 None None] DB_Driver: join new ServiceGroup member np0000173062 to the scheduler group, service = {{(pid=108838) join /opt/stack/nova/nova/servicegroup/drivers/db.py:44}}
May 09 09:06:19.352098 np0000173062 nova-scheduler[108815]: DEBUG oslo.service.backend._threading.loopingcall [-] Fixed interval looping call 'nova.servicegroup.drivers.db.DbDriver._report_state' sleeping for 119.97 seconds {{(pid=108815) _run_loop /opt/stack/data/venv/lib/python3.12/site-packages/oslo_service/backend/_threading/loopingcall.py:125}}
May 09 09:06:19.353139 np0000173062 nova-scheduler[108821]: DEBUG oslo.service.backend._threading.loopingcall [-] Fixed interval looping call 'nova.servicegroup.drivers.db.DbDriver._report_state' sleeping for 119.97 seconds {{(pid=108821) _run_loop /opt/stack/data/venv/lib/python3.12/site-packages/oslo_service/backend/_threading/loopingcall.py:125}}
May 09 09:06:19.353809 np0000173062 nova-scheduler[108828]: DEBUG oslo.service.backend._threading.loopingcall [-] Fixed interval looping call 'nova.servicegroup.drivers.db.DbDriver._report_state' sleeping for 119.98 seconds {{(pid=108828) _run_loop /opt/stack/data/venv/lib/python3.12/site-packages/oslo_service/backend/_threading/loopingcall.py:125}}
May 09 09:06:19.356074 np0000173062 nova-scheduler[108838]: DEBUG oslo.service.backend._threading.loopingcall [-] Fixed interval looping call 'nova.servicegroup.drivers.db.DbDriver._report_state' sleeping for 119.98 seconds {{(pid=108838) _run_loop /opt/stack/data/venv/lib/python3.12/site-packages/oslo_service/backend/_threading/loopingcall.py:125}}
May 09 09:06:22.946162 np0000173062 nova-scheduler[108060]: DEBUG dbcounter [-] [108060] Writing DB stats nova_api:SELECT=3 {{(pid=108060) stat_writer /opt/stack/data/venv/lib/python3.12/site-packages/dbcounter.py:115}}
May 09 09:06:23.047060 np0000173062 nova-scheduler[108060]: DEBUG dbcounter [-] [108060] Writing DB stats nova_cell0:SELECT=1 {{(pid=108060) stat_writer /opt/stack/data/venv/lib/python3.12/site-packages/dbcounter.py:115}}
May 09 09:06:23.051628 np0000173062 nova-scheduler[108060]: DEBUG dbcounter [-] [108060] Writing DB stats nova_cell1:SELECT=1 {{(pid=108060) stat_writer /opt/stack/data/venv/lib/python3.12/site-packages/dbcounter.py:115}}
May 09 09:06:29.342803 np0000173062 nova-scheduler[108815]: DEBUG dbcounter [-] [108815] Writing DB stats nova_cell0:SELECT=4,nova_cell0:INSERT=1,nova_cell0:UPDATE=1 {{(pid=108815) stat_writer /opt/stack/data/venv/lib/python3.12/site-packages/dbcounter.py:115}}
May 09 09:06:29.344428 np0000173062 nova-scheduler[108821]: DEBUG dbcounter [-] [108821] Writing DB stats nova_cell0:SELECT=3,nova_cell0:UPDATE=1 {{(pid=108821) stat_writer /opt/stack/data/venv/lib/python3.12/site-packages/dbcounter.py:115}}
May 09 09:06:29.346189 np0000173062 nova-scheduler[108828]: DEBUG dbcounter [-] [108828] Writing DB stats nova_cell0:SELECT=3,nova_cell0:UPDATE=1 {{(pid=108828) stat_writer /opt/stack/data/venv/lib/python3.12/site-packages/dbcounter.py:115}}
May 09 09:06:29.355222 np0000173062 nova-scheduler[108838]: DEBUG dbcounter [-] [108838] Writing DB stats nova_cell0:SELECT=3,nova_cell0:UPDATE=1 {{(pid=108838) stat_writer /opt/stack/data/venv/lib/python3.12/site-packages/dbcounter.py:115}}
May 09 09:06:37.331813 np0000173062 nova-scheduler[108828]: DEBUG oslo.service.backend._threading.loopingcall [None req-62a896b1-3fd3-48b3-9570-fd2ec0c67a8a None None] Dynamic interval looping call 'nova.service.Service.periodic_tasks' sleeping for 60.00 seconds {{(pid=108828) _run_loop /opt/stack/data/venv/lib/python3.12/site-packages/oslo_service/backend/_threading/loopingcall.py:125}}
May 09 09:06:47.325705 np0000173062 nova-scheduler[108815]: DEBUG oslo.service.backend._threading.loopingcall [None req-03f8ae0d-53bc-494b-b5ae-a632994f61da None None] Dynamic interval looping call 'nova.service.Service.periodic_tasks' sleeping for 60.00 seconds {{(pid=108815) _run_loop /opt/stack/data/venv/lib/python3.12/site-packages/oslo_service/backend/_threading/loopingcall.py:125}}
May 09 09:06:52.325693 np0000173062 nova-scheduler[108821]: DEBUG oslo.service.backend._threading.loopingcall [None req-66a31b2c-91f0-45e1-ba5e-848383f1f8c0 None None] Dynamic interval looping call 'nova.service.Service.periodic_tasks' sleeping for 60.00 seconds {{(pid=108821) _run_loop /opt/stack/data/venv/lib/python3.12/site-packages/oslo_service/backend/_threading/loopingcall.py:125}}
May 09 09:06:59.341116 np0000173062 nova-scheduler[108838]: DEBUG oslo.service.backend._threading.loopingcall [None req-11177a52-b4bb-48e8-b240-8c60a2ad70e9 None None] Dynamic interval looping call 'nova.service.Service.periodic_tasks' sleeping for 60.00 seconds {{(pid=108838) _run_loop /opt/stack/data/venv/lib/python3.12/site-packages/oslo_service/backend/_threading/loopingcall.py:125}}
May 09 09:07:37.332446 np0000173062 nova-scheduler[108828]: DEBUG oslo.service.backend._threading.loopingcall [None req-62a896b1-3fd3-48b3-9570-fd2ec0c67a8a None None] Dynamic interval looping call 'nova.service.Service.periodic_tasks' sleeping for 60.00 seconds {{(pid=108828) _run_loop /opt/stack/data/venv/lib/python3.12/site-packages/oslo_service/backend/_threading/loopingcall.py:125}}
May 09 09:07:47.326583 np0000173062 nova-scheduler[108815]: DEBUG oslo.service.backend._threading.loopingcall [None req-03f8ae0d-53bc-494b-b5ae-a632994f61da None None] Dynamic interval looping call 'nova.service.Service.periodic_tasks' sleeping for 60.00 seconds {{(pid=108815) _run_loop /opt/stack/data/venv/lib/python3.12/site-packages/oslo_service/backend/_threading/loopingcall.py:125}}
May 09 09:07:52.326628 np0000173062 nova-scheduler[108821]: DEBUG oslo.service.backend._threading.loopingcall [None req-66a31b2c-91f0-45e1-ba5e-848383f1f8c0 None None] Dynamic interval looping call 'nova.service.Service.periodic_tasks' sleeping for 60.00 seconds {{(pid=108821) _run_loop /opt/stack/data/venv/lib/python3.12/site-packages/oslo_service/backend/_threading/loopingcall.py:125}}
May 09 09:07:59.342001 np0000173062 nova-scheduler[108838]: DEBUG oslo.service.backend._threading.loopingcall [None req-11177a52-b4bb-48e8-b240-8c60a2ad70e9 None None] Dynamic interval looping call 'nova.service.Service.periodic_tasks' sleeping for 60.00 seconds {{(pid=108838) _run_loop /opt/stack/data/venv/lib/python3.12/site-packages/oslo_service/backend/_threading/loopingcall.py:125}}
May 09 09:08:19.333428 np0000173062 nova-scheduler[108815]: DEBUG oslo.service.backend._threading.loopingcall [-] Fixed interval looping call 'nova.servicegroup.drivers.db.DbDriver._report_state' sleeping for 119.99 seconds {{(pid=108815) _run_loop /opt/stack/data/venv/lib/python3.12/site-packages/oslo_service/backend/_threading/loopingcall.py:125}}
May 09 09:08:19.334103 np0000173062 nova-scheduler[108821]: DEBUG oslo.service.backend._threading.loopingcall [-] Fixed interval looping call 'nova.servicegroup.drivers.db.DbDriver._report_state' sleeping for 119.99 seconds {{(pid=108821) _run_loop /opt/stack/data/venv/lib/python3.12/site-packages/oslo_service/backend/_threading/loopingcall.py:125}}
May 09 09:08:19.339263 np0000173062 nova-scheduler[108828]: DEBUG oslo.service.backend._threading.loopingcall [-] Fixed interval looping call 'nova.servicegroup.drivers.db.DbDriver._report_state' sleeping for 119.99 seconds {{(pid=108828) _run_loop /opt/stack/data/venv/lib/python3.12/site-packages/oslo_service/backend/_threading/loopingcall.py:125}}
May 09 09:08:19.340672 np0000173062 nova-scheduler[108838]: DEBUG oslo.service.backend._threading.loopingcall [-] Fixed interval looping call 'nova.servicegroup.drivers.db.DbDriver._report_state' sleeping for 120.00 seconds {{(pid=108838) _run_loop /opt/stack/data/venv/lib/python3.12/site-packages/oslo_service/backend/_threading/loopingcall.py:125}}
May 09 09:08:29.328223 np0000173062 nova-scheduler[108815]: DEBUG dbcounter [-] [108815] Writing DB stats nova_cell0:SELECT=1,nova_cell0:UPDATE=1 {{(pid=108815) stat_writer /opt/stack/data/venv/lib/python3.12/site-packages/dbcounter.py:115}}
May 09 09:08:29.329757 np0000173062 nova-scheduler[108821]: DEBUG dbcounter [-] [108821] Writing DB stats nova_cell0:SELECT=1,nova_cell0:UPDATE=1 {{(pid=108821) stat_writer /opt/stack/data/venv/lib/python3.12/site-packages/dbcounter.py:115}}
May 09 09:08:29.336826 np0000173062 nova-scheduler[108828]: DEBUG dbcounter [-] [108828] Writing DB stats nova_cell0:SELECT=1 {{(pid=108828) stat_writer /opt/stack/data/venv/lib/python3.12/site-packages/dbcounter.py:115}}
May 09 09:08:29.338449 np0000173062 nova-scheduler[108838]: DEBUG dbcounter [-] [108838] Writing DB stats nova_cell0:SELECT=1 {{(pid=108838) stat_writer /opt/stack/data/venv/lib/python3.12/site-packages/dbcounter.py:115}}
May 09 09:08:37.333494 np0000173062 nova-scheduler[108828]: DEBUG oslo.service.backend._threading.loopingcall [None req-62a896b1-3fd3-48b3-9570-fd2ec0c67a8a None None] Dynamic interval looping call 'nova.service.Service.periodic_tasks' sleeping for 60.00 seconds {{(pid=108828) _run_loop /opt/stack/data/venv/lib/python3.12/site-packages/oslo_service/backend/_threading/loopingcall.py:125}}
May 09 09:08:47.327886 np0000173062 nova-scheduler[108815]: DEBUG oslo.service.backend._threading.loopingcall [None req-03f8ae0d-53bc-494b-b5ae-a632994f61da None None] Dynamic interval looping call 'nova.service.Service.periodic_tasks' sleeping for 60.00 seconds {{(pid=108815) _run_loop /opt/stack/data/venv/lib/python3.12/site-packages/oslo_service/backend/_threading/loopingcall.py:125}}
May 09 09:08:52.327667 np0000173062 nova-scheduler[108821]: DEBUG oslo.service.backend._threading.loopingcall [None req-66a31b2c-91f0-45e1-ba5e-848383f1f8c0 None None] Dynamic interval looping call 'nova.service.Service.periodic_tasks' sleeping for 60.00 seconds {{(pid=108821) _run_loop /opt/stack/data/venv/lib/python3.12/site-packages/oslo_service/backend/_threading/loopingcall.py:125}}
May 09 09:08:59.342738 np0000173062 nova-scheduler[108838]: DEBUG oslo.service.backend._threading.loopingcall [None req-11177a52-b4bb-48e8-b240-8c60a2ad70e9 None None] Dynamic interval looping call 'nova.service.Service.periodic_tasks' sleeping for 60.00 seconds {{(pid=108838) _run_loop /opt/stack/data/venv/lib/python3.12/site-packages/oslo_service/backend/_threading/loopingcall.py:125}}
May 09 09:09:37.334246 np0000173062 nova-scheduler[108828]: DEBUG oslo.service.backend._threading.loopingcall [None req-62a896b1-3fd3-48b3-9570-fd2ec0c67a8a None None] Dynamic interval looping call 'nova.service.Service.periodic_tasks' sleeping for 60.00 seconds {{(pid=108828) _run_loop /opt/stack/data/venv/lib/python3.12/site-packages/oslo_service/backend/_threading/loopingcall.py:125}}
May 09 09:09:47.329074 np0000173062 nova-scheduler[108815]: DEBUG oslo.service.backend._threading.loopingcall [None req-03f8ae0d-53bc-494b-b5ae-a632994f61da None None] Dynamic interval looping call 'nova.service.Service.periodic_tasks' sleeping for 60.00 seconds {{(pid=108815) _run_loop /opt/stack/data/venv/lib/python3.12/site-packages/oslo_service/backend/_threading/loopingcall.py:125}}
May 09 09:09:52.328516 np0000173062 nova-scheduler[108821]: DEBUG oslo.service.backend._threading.loopingcall [None req-66a31b2c-91f0-45e1-ba5e-848383f1f8c0 None None] Dynamic interval looping call 'nova.service.Service.periodic_tasks' sleeping for 60.00 seconds {{(pid=108821) _run_loop /opt/stack/data/venv/lib/python3.12/site-packages/oslo_service/backend/_threading/loopingcall.py:125}}
May 09 09:09:59.343519 np0000173062 nova-scheduler[108838]: DEBUG oslo.service.backend._threading.loopingcall [None req-11177a52-b4bb-48e8-b240-8c60a2ad70e9 None None] Dynamic interval looping call 'nova.service.Service.periodic_tasks' sleeping for 60.00 seconds {{(pid=108838) _run_loop /opt/stack/data/venv/lib/python3.12/site-packages/oslo_service/backend/_threading/loopingcall.py:125}}
May 09 09:10:19.334542 np0000173062 nova-scheduler[108815]: DEBUG oslo.service.backend._threading.loopingcall [-] Fixed interval looping call 'nova.servicegroup.drivers.db.DbDriver._report_state' sleeping for 119.99 seconds {{(pid=108815) _run_loop /opt/stack/data/venv/lib/python3.12/site-packages/oslo_service/backend/_threading/loopingcall.py:125}}
May 09 09:10:19.335199 np0000173062 nova-scheduler[108821]: DEBUG oslo.service.backend._threading.loopingcall [-] Fixed interval looping call 'nova.servicegroup.drivers.db.DbDriver._report_state' sleeping for 119.99 seconds {{(pid=108821) _run_loop /opt/stack/data/venv/lib/python3.12/site-packages/oslo_service/backend/_threading/loopingcall.py:125}}
May 09 09:10:19.335702 np0000173062 nova-scheduler[108828]: DEBUG oslo.service.backend._threading.loopingcall [-] Fixed interval looping call 'nova.servicegroup.drivers.db.DbDriver._report_state' sleeping for 119.99 seconds {{(pid=108828) _run_loop /opt/stack/data/venv/lib/python3.12/site-packages/oslo_service/backend/_threading/loopingcall.py:125}}
May 09 09:10:19.346085 np0000173062 nova-scheduler[108838]: DEBUG oslo.service.backend._threading.loopingcall [-] Fixed interval looping call 'nova.servicegroup.drivers.db.DbDriver._report_state' sleeping for 120.00 seconds {{(pid=108838) _run_loop /opt/stack/data/venv/lib/python3.12/site-packages/oslo_service/backend/_threading/loopingcall.py:125}}
May 09 09:10:29.328342 np0000173062 nova-scheduler[108815]: DEBUG dbcounter [-] [108815] Writing DB stats nova_cell0:SELECT=1,nova_cell0:UPDATE=1 {{(pid=108815) stat_writer /opt/stack/data/venv/lib/python3.12/site-packages/dbcounter.py:115}}
May 09 09:10:29.329128 np0000173062 nova-scheduler[108821]: DEBUG dbcounter [-] [108821] Writing DB stats nova_cell0:SELECT=1,nova_cell0:UPDATE=1 {{(pid=108821) stat_writer /opt/stack/data/venv/lib/python3.12/site-packages/dbcounter.py:115}}
May 09 09:10:29.334424 np0000173062 nova-scheduler[108828]: DEBUG dbcounter [-] [108828] Writing DB stats nova_cell0:SELECT=1,nova_cell0:UPDATE=1 {{(pid=108828) stat_writer /opt/stack/data/venv/lib/python3.12/site-packages/dbcounter.py:115}}
May 09 09:10:29.343639 np0000173062 nova-scheduler[108838]: DEBUG dbcounter [-] [108838] Writing DB stats nova_cell0:SELECT=1 {{(pid=108838) stat_writer /opt/stack/data/venv/lib/python3.12/site-packages/dbcounter.py:115}}
