May 19 20:58:44.801443 np0000175086 devstack@neutron-api.service[103517]: DEBUG neutron.api.v2.base [None req-f0567e5e-bae6-45dd-a3de-516ae7af406a admin admin] Request body: {'quota': {'security_group': 100}} {{(pid=103517) prepare_request_body /opt/stack/neutron/neutron/api/v2/base.py:727}}
May 19 20:58:44.909524 np0000175086 devstack@neutron-api.service[103518]: DEBUG futurist.periodics [-] Submitting periodic callback 'neutron.plugins.ml2.drivers.ovn.mech_driver.ovsdb.maintenance.HashRingHealthCheckPeriodics.touch_hash_ring_node' {{(pid=103518) _process_scheduled /opt/stack/data/venv/lib/python3.12/site-packages/futurist/periodics.py:784}}
May 19 20:58:44.910691 np0000175086 devstack@neutron-api.service[103518]: DEBUG neutron.plugins.ml2.drivers.ovn.mech_driver.ovsdb.maintenance [-] Touching Hash Ring node "b2661b1565c15612baa3c4e7be3c9b10" from periodic health check thread {{(pid=103518) touch_hash_ring_node /opt/stack/neutron/neutron/plugins/ml2/drivers/ovn/mech_driver/ovsdb/maintenance.py:1466}}
May 19 20:58:44.946420 np0000175086 devstack@neutron-api.service[103517]: DEBUG futurist.periodics [-] Submitting periodic callback 'neutron.plugins.ml2.drivers.ovn.mech_driver.ovsdb.maintenance.HashRingHealthCheckPeriodics.touch_hash_ring_node' {{(pid=103517) _process_scheduled /opt/stack/data/venv/lib/python3.12/site-packages/futurist/periodics.py:784}}
May 19 20:58:44.946995 np0000175086 devstack@neutron-api.service[103517]: DEBUG neutron.plugins.ml2.drivers.ovn.mech_driver.ovsdb.maintenance [-] Touching Hash Ring node "a78adbc80ad4593c84ad1fa8b709bea9" from periodic health check thread {{(pid=103517) touch_hash_ring_node /opt/stack/neutron/neutron/plugins/ml2/drivers/ovn/mech_driver/ovsdb/maintenance.py:1466}}
May 19 20:58:45.088599 np0000175086 devstack@neutron-api.service[103517]: [pid: 103517|app: 0|req: 22/88] 199.204.45.38 () {68 vars in 1442 bytes} [Tue May 19 20:58:44 2026] PUT /networking/v2.0/quotas/370949c106d346b0868cbda899b09c25 => generated 175 bytes in 293 msecs (HTTP/1.1 200) 4 headers in 157 bytes (1 switches on core 0)
May 19 20:58:45.386961 np0000175086 devstack@neutron-api.service[103519]: /opt/stack/neutron/neutron/extensions/quotasv2.py:134: UserWarning: "--check-limit" parameter is no longer needed since Epoxy (2025.1) release. By default, Neutron quota engine checks the resource usage before updating the limits
May 19 20:58:45.386961 np0000175086 devstack@neutron-api.service[103519]: warnings.warn('"--check-limit" parameter is no longer needed '
May 19 20:58:45.387452 np0000175086 devstack@neutron-api.service[103519]: DEBUG neutron.api.v2.base [None req-9f9a96d1-7ec0-482f-9240-165d50f15379 admin admin] Request body: {'quota': {'security_group_rule': 1000}} {{(pid=103519) prepare_request_body /opt/stack/neutron/neutron/api/v2/base.py:727}}
May 19 20:58:45.544060 np0000175086 devstack@neutron-api.service[103519]: [pid: 103519|app: 0|req: 22/89] 199.204.45.38 () {68 vars in 1442 bytes} [Tue May 19 20:58:45 2026] PUT /networking/v2.0/quotas/370949c106d346b0868cbda899b09c25 => generated 176 bytes in 163 msecs (HTTP/1.1 200) 4 headers in 157 bytes (1 switches on core 0)
May 19 20:58:45.645994 np0000175086 devstack@neutron-api.service[103519]: DEBUG futurist.periodics [-] Submitting periodic callback 'neutron.plugins.ml2.drivers.ovn.mech_driver.ovsdb.maintenance.HashRingHealthCheckPeriodics.touch_hash_ring_node' {{(pid=103519) _process_scheduled /opt/stack/data/venv/lib/python3.12/site-packages/futurist/periodics.py:784}}
May 19 20:58:45.646508 np0000175086 devstack@neutron-api.service[103519]: DEBUG neutron.plugins.ml2.drivers.ovn.mech_driver.ovsdb.maintenance [-] Touching Hash Ring node "a10d4f56abba58f0a833a1ea862407a0" from periodic health check thread {{(pid=103519) touch_hash_ring_node /opt/stack/neutron/neutron/plugins/ml2/drivers/ovn/mech_driver/ovsdb/maintenance.py:1466}}
May 19 20:58:54.275624 np0000175086 devstack@neutron-api.service[103516]: DEBUG dbcounter [-] [103516] Writing DB stats neutron:UPDATE=1,neutron:SELECT=1 {{(pid=103516) stat_writer /opt/stack/data/venv/lib/python3.12/site-packages/dbcounter.py:115}}
May 19 20:58:55.121393 np0000175086 devstack@neutron-api.service[103518]: DEBUG dbcounter [-] [103518] Writing DB stats neutron:UPDATE=1,neutron:SELECT=1 {{(pid=103518) stat_writer /opt/stack/data/venv/lib/python3.12/site-packages/dbcounter.py:115}}
May 19 20:58:55.151896 np0000175086 devstack@neutron-api.service[103517]: DEBUG dbcounter [-] [103517] Writing DB stats neutron:SELECT=5,neutron:INSERT=1,neutron:UPDATE=1 {{(pid=103517) stat_writer /opt/stack/data/venv/lib/python3.12/site-packages/dbcounter.py:115}}
May 19 20:58:55.799471 np0000175086 devstack@neutron-api.service[103519]: DEBUG dbcounter [-] [103519] Writing DB stats neutron:SELECT=5,neutron:INSERT=1,neutron:UPDATE=1 {{(pid=103519) stat_writer /opt/stack/data/venv/lib/python3.12/site-packages/dbcounter.py:115}}
May 19 20:58:58.960904 np0000175086 devstack@neutron-api.service[103516]: DEBUG futurist.periodics [-] Submitting periodic callback 'neutron.plugins.ml2.drivers.ovn.mech_driver.ovsdb.maintenance.HashRingHealthCheckPeriodics.touch_hash_ring_node' {{(pid=103516) _process_scheduled /opt/stack/data/venv/lib/python3.12/site-packages/futurist/periodics.py:784}}
May 19 20:58:58.963733 np0000175086 devstack@neutron-api.service[103516]: DEBUG neutron.plugins.ml2.drivers.ovn.mech_driver.ovsdb.maintenance [-] Touching Hash Ring node "c2402e71949e5a64b6d181e787c062bf" from periodic health check thread {{(pid=103516) touch_hash_ring_node /opt/stack/neutron/neutron/plugins/ml2/drivers/ovn/mech_driver/ovsdb/maintenance.py:1466}}
May 19 20:58:59.911007 np0000175086 devstack@neutron-api.service[103518]: DEBUG futurist.periodics [-] Submitting periodic callback 'neutron.plugins.ml2.drivers.ovn.mech_driver.ovsdb.maintenance.HashRingHealthCheckPeriodics.touch_hash_ring_node' {{(pid=103518) _process_scheduled /opt/stack/data/venv/lib/python3.12/site-packages/futurist/periodics.py:784}}
May 19 20:58:59.911650 np0000175086 devstack@neutron-api.service[103518]: DEBUG neutron.plugins.ml2.drivers.ovn.mech_driver.ovsdb.maintenance [-] Touching Hash Ring node "b2661b1565c15612baa3c4e7be3c9b10" from periodic health check thread {{(pid=103518) touch_hash_ring_node /opt/stack/neutron/neutron/plugins/ml2/drivers/ovn/mech_driver/ovsdb/maintenance.py:1466}}
May 19 20:58:59.947267 np0000175086 devstack@neutron-api.service[103517]: DEBUG futurist.periodics [-] Submitting periodic callback 'neutron.plugins.ml2.drivers.ovn.mech_driver.ovsdb.maintenance.HashRingHealthCheckPeriodics.touch_hash_ring_node' {{(pid=103517) _process_scheduled /opt/stack/data/venv/lib/python3.12/site-packages/futurist/periodics.py:784}}
May 19 20:58:59.948085 np0000175086 devstack@neutron-api.service[103517]: DEBUG neutron.plugins.ml2.drivers.ovn.mech_driver.ovsdb.maintenance [-] Touching Hash Ring node "a78adbc80ad4593c84ad1fa8b709bea9" from periodic health check thread {{(pid=103517) touch_hash_ring_node /opt/stack/neutron/neutron/plugins/ml2/drivers/ovn/mech_driver/ovsdb/maintenance.py:1466}}
May 19 20:59:00.047475 np0000175086 devstack@neutron-api.service[103519]: DEBUG neutron.common.ovn.hash_ring_manager [None req-e0cde40a-3ea9-45d9-9850-264c89c05c1c None None] Hash Ring loaded. 4 active nodes. 0 offline nodes {{(pid=103519) _load_hash_ring /opt/stack/neutron/neutron/common/ovn/hash_ring_manager.py:102}}
May 19 20:59:00.047821 np0000175086 devstack@neutron-api.service[103519]: DEBUG neutron.plugins.ml2.drivers.ovn.mech_driver.ovsdb.ovsdb_monitor [None req-e0cde40a-3ea9-45d9-9850-264c89c05c1c None None] Hash Ring: Node a10d4f56abba58f0a833a1ea862407a0 (host: np0000175086) handling event "update" for row 96d2c742-62d6-4cd6-9700-01eaebf265fa (table: Connection) {{(pid=103519) notify /opt/stack/neutron/neutron/plugins/ml2/drivers/ovn/mech_driver/ovsdb/ovsdb_monitor.py:942}}
May 19 20:59:00.048334 np0000175086 devstack@neutron-api.service[103518]: DEBUG neutron.common.ovn.hash_ring_manager [None req-bd8b11f2-8cc5-40f7-91bf-f65ee82a1e99 None None] Hash Ring loaded. 4 active nodes. 0 offline nodes {{(pid=103518) _load_hash_ring /opt/stack/neutron/neutron/common/ovn/hash_ring_manager.py:102}}
May 19 20:59:00.049550 np0000175086 devstack@neutron-api.service[103516]: DEBUG neutron.common.ovn.hash_ring_manager [None req-eaa710d4-ec71-461b-9d49-6c549b6407f7 None None] Hash Ring loaded. 4 active nodes. 0 offline nodes {{(pid=103516) _load_hash_ring /opt/stack/neutron/neutron/common/ovn/hash_ring_manager.py:102}}
May 19 20:59:00.049902 np0000175086 devstack@neutron-api.service[103517]: DEBUG neutron.common.ovn.hash_ring_manager [None req-d681da52-1047-4d03-acc8-bdaaff475c3d None None] Hash Ring loaded. 4 active nodes. 0 offline nodes {{(pid=103517) _load_hash_ring /opt/stack/neutron/neutron/common/ovn/hash_ring_manager.py:102}}
May 19 20:59:00.187967 np0000175086 devstack@neutron-api.service[103516]: DEBUG neutron.pecan_wsgi.hooks.policy_enforcement [None req-2f763574-cbce-4ecc-b10e-ead976d929b9 admin admin] Attributes excluded by policy engine: ['standard_attr_id'] {{(pid=103516) _exclude_attributes_by_policy /opt/stack/neutron/neutron/pecan_wsgi/hooks/policy_enforcement.py:256}}
May 19 20:59:00.191867 np0000175086 devstack@neutron-api.service[103516]: DEBUG neutron.pecan_wsgi.hooks.policy_enforcement [None req-2f763574-cbce-4ecc-b10e-ead976d929b9 admin admin] Attributes excluded by policy engine: ['standard_attr_id'] {{(pid=103516) _exclude_attributes_by_policy /opt/stack/neutron/neutron/pecan_wsgi/hooks/policy_enforcement.py:256}}
May 19 20:59:00.192746 np0000175086 devstack@neutron-api.service[103516]: [pid: 103516|app: 0|req: 24/90] 199.204.45.38 () {64 vars in 1371 bytes} [Tue May 19 20:59:00 2026] GET /networking/v2.0/ports?device_owner=network%3Adistributed => generated 1650 bytes in 111 msecs (HTTP/1.1 200) 4 headers in 158 bytes (1 switches on core 0)
May 19 20:59:00.646872 np0000175086 devstack@neutron-api.service[103519]: DEBUG futurist.periodics [-] Submitting periodic callback 'neutron.plugins.ml2.drivers.ovn.mech_driver.ovsdb.maintenance.HashRingHealthCheckPeriodics.touch_hash_ring_node' {{(pid=103519) _process_scheduled /opt/stack/data/venv/lib/python3.12/site-packages/futurist/periodics.py:784}}
May 19 20:59:00.647369 np0000175086 devstack@neutron-api.service[103519]: DEBUG neutron.plugins.ml2.drivers.ovn.mech_driver.ovsdb.maintenance [-] Touching Hash Ring node "a10d4f56abba58f0a833a1ea862407a0" from periodic health check thread {{(pid=103519) touch_hash_ring_node /opt/stack/neutron/neutron/plugins/ml2/drivers/ovn/mech_driver/ovsdb/maintenance.py:1466}}
May 19 20:59:02.543598 np0000175086 devstack@neutron-api.service[103519]: DEBUG neutron.plugins.ml2.drivers.ovn.mech_driver.ovsdb.ovsdb_monitor [None req-e0cde40a-3ea9-45d9-9850-264c89c05c1c None None] Touching Hash Ring node "a10d4f56abba58f0a833a1ea862407a0" from IDL notify handler {{(pid=103519) notify /opt/stack/neutron/neutron/plugins/ml2/drivers/ovn/mech_driver/ovsdb/ovsdb_monitor.py:934}}
May 19 20:59:02.722779 np0000175086 devstack@neutron-api.service[103519]: DEBUG neutron.plugins.ml2.drivers.ovn.mech_driver.ovsdb.ovsdb_monitor [None req-e0cde40a-3ea9-45d9-9850-264c89c05c1c None None] Hash Ring: Node a10d4f56abba58f0a833a1ea862407a0 (host: np0000175086) handling event "update" for row 96d2c742-62d6-4cd6-9700-01eaebf265fa (table: Connection) {{(pid=103519) notify /opt/stack/neutron/neutron/plugins/ml2/drivers/ovn/mech_driver/ovsdb/ovsdb_monitor.py:942}}
May 19 20:59:10.046581 np0000175086 devstack@neutron-api.service[103518]: DEBUG dbcounter [-] [103518] Writing DB stats neutron:UPDATE=1,neutron:SELECT=3 {{(pid=103518) stat_writer /opt/stack/data/venv/lib/python3.12/site-packages/dbcounter.py:115}}
May 19 20:59:10.048775 np0000175086 devstack@neutron-api.service[103517]: DEBUG dbcounter [-] [103517] Writing DB stats neutron:UPDATE=1,neutron:SELECT=3 {{(pid=103517) stat_writer /opt/stack/data/venv/lib/python3.12/site-packages/dbcounter.py:115}}
May 19 20:59:10.182438 np0000175086 devstack@neutron-api.service[103516]: DEBUG dbcounter [-] [103516] Writing DB stats neutron:UPDATE=1,neutron:SELECT=12 {{(pid=103516) stat_writer /opt/stack/data/venv/lib/python3.12/site-packages/dbcounter.py:115}}
May 19 20:59:12.249545 np0000175086 devstack@neutron-api.service[103518]: INFO neutron.pecan_wsgi.hooks.translation [None req-1840fd49-fb6c-4a82-8f68-0217b8b79170 admin admin] GET failed (client error): The resource could not be found.
May 19 20:59:12.250306 np0000175086 devstack@neutron-api.service[103518]: [pid: 103518|app: 0|req: 23/91] 199.204.45.38 () {64 vars in 1327 bytes} [Tue May 19 20:59:12 2026] GET /networking/v2.0/networks/admin_net => generated 111 bytes in 102 msecs (HTTP/1.1 404) 4 headers in 164 bytes (1 switches on core 0)
May 19 20:59:12.280383 np0000175086 devstack@neutron-api.service[103517]: [pid: 103517|app: 0|req: 23/92] 199.204.45.38 () {64 vars in 1339 bytes} [Tue May 19 20:59:12 2026] GET /networking/v2.0/networks?name=admin_net => generated 15 bytes in 18 msecs (HTTP/1.1 200) 4 headers in 156 bytes (1 switches on core 0)
May 19 20:59:12.513770 np0000175086 devstack@neutron-api.service[103519]: DEBUG neutron.api.v2.base [None req-e1fbdf33-b553-4ca5-b371-41a57d205025 admin admin] Request body: {'network': {'admin_state_up': True, 'project_id': '46041b5067244b7c88c8fc745fb55aa7', 'name': 'admin_net'}} {{(pid=103519) prepare_request_body /opt/stack/neutron/neutron/api/v2/base.py:727}}
May 19 20:59:12.530741 np0000175086 devstack@neutron-api.service[103519]: DEBUG neutron.pecan_wsgi.hooks.quota_enforcement [None req-e1fbdf33-b553-4ca5-b371-41a57d205025 admin admin] Made reservation on behalf of 46041b5067244b7c88c8fc745fb55aa7 for: {'network': 1} {{(pid=103519) before /opt/stack/neutron/neutron/pecan_wsgi/hooks/quota_enforcement.py:66}}
May 19 20:59:12.533985 np0000175086 devstack@neutron-api.service[103519]: DEBUG neutron_lib.callbacks.manager [None req-e1fbdf33-b553-4ca5-b371-41a57d205025 admin admin] Publish callbacks ['neutron.plugins.ml2.plugin.SecurityGroupDbMixin._ensure_default_security_group_handler-1808525'] for network (None), before_create {{(pid=103519) _notify_loop /opt/stack/data/venv/lib/python3.12/site-packages/neutron_lib/callbacks/manager.py:184}}
May 19 20:59:12.540054 np0000175086 devstack@neutron-api.service[103519]: DEBUG neutron_lib.callbacks.manager [None req-e1fbdf33-b553-4ca5-b371-41a57d205025 admin admin] Publish callbacks [] for security_group (None), before_create {{(pid=103519) _notify_loop /opt/stack/data/venv/lib/python3.12/site-packages/neutron_lib/callbacks/manager.py:184}}
May 19 20:59:12.597379 np0000175086 devstack@neutron-api.service[103519]: DEBUG neutron_lib.callbacks.manager [None req-e1fbdf33-b553-4ca5-b371-41a57d205025 admin admin] Publish callbacks ['neutron.plugins.ml2.drivers.ovn.mech_driver.mech_driver.OVNMechanismDriver._create_security_group_precommit-334371'] for security_group (3438fd5a-01e6-4e7c-b4c0-7ba9f5414068), precommit_create {{(pid=103519) _notify_loop /opt/stack/data/venv/lib/python3.12/site-packages/neutron_lib/callbacks/manager.py:184}}
May 19 20:59:12.597542 np0000175086 devstack@neutron-api.service[103519]: DEBUG neutron.db.ovn_revision_numbers_db [None req-e1fbdf33-b553-4ca5-b371-41a57d205025 admin admin] create_initial_revision uuid=3438fd5a-01e6-4e7c-b4c0-7ba9f5414068, type=security_groups, rev=-1 {{(pid=103519) create_initial_revision /opt/stack/neutron/neutron/db/ovn_revision_numbers_db.py:98}}
May 19 20:59:12.598774 np0000175086 devstack@neutron-api.service[103519]: DEBUG neutron.db.ovn_revision_numbers_db [None req-e1fbdf33-b553-4ca5-b371-41a57d205025 admin admin] create_initial_revision uuid=1c670b42-90e1-41d6-84fb-e84047f57522, type=security_group_rules, rev=-1 {{(pid=103519) create_initial_revision /opt/stack/neutron/neutron/db/ovn_revision_numbers_db.py:98}}
May 19 20:59:12.599913 np0000175086 devstack@neutron-api.service[103519]: DEBUG neutron.db.ovn_revision_numbers_db [None req-e1fbdf33-b553-4ca5-b371-41a57d205025 admin admin] create_initial_revision uuid=1fd13703-e996-41bd-9c83-12d2dd8fa5f8, type=security_group_rules, rev=-1 {{(pid=103519) create_initial_revision /opt/stack/neutron/neutron/db/ovn_revision_numbers_db.py:98}}
May 19 20:59:12.601007 np0000175086 devstack@neutron-api.service[103519]: DEBUG neutron.db.ovn_revision_numbers_db [None req-e1fbdf33-b553-4ca5-b371-41a57d205025 admin admin] create_initial_revision uuid=276952ca-696a-4fa7-9b44-d4d9e2328fd4, type=security_group_rules, rev=-1 {{(pid=103519) create_initial_revision /opt/stack/neutron/neutron/db/ovn_revision_numbers_db.py:98}}
May 19 20:59:12.627322 np0000175086 devstack@neutron-api.service[103519]: DEBUG neutron.db.ovn_revision_numbers_db [None req-e1fbdf33-b553-4ca5-b371-41a57d205025 admin admin] create_initial_revision uuid=c93d1bfa-fa56-4c04-81b0-b0be1fb0a897, type=security_group_rules, rev=-1 {{(pid=103519) create_initial_revision /opt/stack/neutron/neutron/db/ovn_revision_numbers_db.py:98}}
May 19 20:59:12.641177 np0000175086 devstack@neutron-api.service[103519]: DEBUG neutron_lib.callbacks.manager [None req-e1fbdf33-b553-4ca5-b371-41a57d205025 admin admin] Publish callbacks ['neutron.plugins.ml2.drivers.ovn.mech_driver.mech_driver.OVNMechanismDriver._create_security_group-334389', 'neutron.plugins.ml2.ovo_rpc._ObjectChangeHandler.handle_event-6670258'] for security_group (3438fd5a-01e6-4e7c-b4c0-7ba9f5414068), after_create {{(pid=103519) _notify_loop /opt/stack/data/venv/lib/python3.12/site-packages/neutron_lib/callbacks/manager.py:184}}
May 19 20:59:12.642201 np0000175086 devstack@neutron-api.service[103519]: DEBUG ovsdbapp.backend.ovs_idl.transaction [None req-e0cde40a-3ea9-45d9-9850-264c89c05c1c None None] Running txn n=1 command(idx=0): PgAddCommand(_result=None, name=pg_3438fd5a_01e6_4e7c_b4c0_7ba9f5414068, may_exist=False, columns={'acls': [], 'external_ids': {'neutron:security_group_id': '3438fd5a-01e6-4e7c-b4c0-7ba9f5414068'}}) {{(pid=103519) do_commit /opt/stack/data/venv/lib/python3.12/site-packages/ovsdbapp/backend/ovs_idl/transaction.py:89}}
May 19 20:59:12.642770 np0000175086 devstack@neutron-api.service[103519]: DEBUG ovsdbapp.backend.ovs_idl.transaction [None req-e0cde40a-3ea9-45d9-9850-264c89c05c1c None None] Running txn n=1 command(idx=1): PgAclAddCommand(_result=None, entity=pg_3438fd5a_01e6_4e7c_b4c0_7ba9f5414068, direction=to-lport, priority=1002, match=outport == @pg_3438fd5a_01e6_4e7c_b4c0_7ba9f5414068 && ip6 && ip6.src == $pg_3438fd5a_01e6_4e7c_b4c0_7ba9f5414068_ip6, action=allow-related, log=False, may_exist=True, severity=[], name=[], meter=[], external_ids={'neutron:security_group_rule_id': '1c670b42-90e1-41d6-84fb-e84047f57522'}) {{(pid=103519) do_commit /opt/stack/data/venv/lib/python3.12/site-packages/ovsdbapp/backend/ovs_idl/transaction.py:89}}
May 19 20:59:12.643350 np0000175086 devstack@neutron-api.service[103519]: DEBUG ovsdbapp.backend.ovs_idl.transaction [None req-e0cde40a-3ea9-45d9-9850-264c89c05c1c None None] Running txn n=1 command(idx=2): PgAclAddCommand(_result=None, entity=pg_3438fd5a_01e6_4e7c_b4c0_7ba9f5414068, direction=from-lport, priority=1002, match=inport == @pg_3438fd5a_01e6_4e7c_b4c0_7ba9f5414068 && ip4, action=allow-related, log=False, may_exist=True, severity=[], name=[], meter=[], external_ids={'neutron:security_group_rule_id': '1fd13703-e996-41bd-9c83-12d2dd8fa5f8'}) {{(pid=103519) do_commit /opt/stack/data/venv/lib/python3.12/site-packages/ovsdbapp/backend/ovs_idl/transaction.py:89}}
May 19 20:59:12.643906 np0000175086 devstack@neutron-api.service[103519]: DEBUG ovsdbapp.backend.ovs_idl.transaction [None req-e0cde40a-3ea9-45d9-9850-264c89c05c1c None None] Running txn n=1 command(idx=3): PgAclAddCommand(_result=None, entity=pg_3438fd5a_01e6_4e7c_b4c0_7ba9f5414068, direction=to-lport, priority=1002, match=outport == @pg_3438fd5a_01e6_4e7c_b4c0_7ba9f5414068 && ip4 && ip4.src == $pg_3438fd5a_01e6_4e7c_b4c0_7ba9f5414068_ip4, action=allow-related, log=False, may_exist=True, severity=[], name=[], meter=[], external_ids={'neutron:security_group_rule_id': '276952ca-696a-4fa7-9b44-d4d9e2328fd4'}) {{(pid=103519) do_commit /opt/stack/data/venv/lib/python3.12/site-packages/ovsdbapp/backend/ovs_idl/transaction.py:89}}
May 19 20:59:12.644404 np0000175086 devstack@neutron-api.service[103519]: DEBUG ovsdbapp.backend.ovs_idl.transaction [None req-e0cde40a-3ea9-45d9-9850-264c89c05c1c None None] Running txn n=1 command(idx=4): PgAclAddCommand(_result=None, entity=pg_3438fd5a_01e6_4e7c_b4c0_7ba9f5414068, direction=from-lport, priority=1002, match=inport == @pg_3438fd5a_01e6_4e7c_b4c0_7ba9f5414068 && ip6, action=allow-related, log=False, may_exist=True, severity=[], name=[], meter=[], external_ids={'neutron:security_group_rule_id': 'c93d1bfa-fa56-4c04-81b0-b0be1fb0a897'}) {{(pid=103519) do_commit /opt/stack/data/venv/lib/python3.12/site-packages/ovsdbapp/backend/ovs_idl/transaction.py:89}}
May 19 20:59:12.650717 np0000175086 devstack@neutron-api.service[103519]: DEBUG neutron.plugins.ml2.drivers.ovn.mech_driver.ovsdb.ovsdb_monitor [None req-e0cde40a-3ea9-45d9-9850-264c89c05c1c None None] Touching Hash Ring node "a10d4f56abba58f0a833a1ea862407a0" from IDL notify handler {{(pid=103519) notify /opt/stack/neutron/neutron/plugins/ml2/drivers/ovn/mech_driver/ovsdb/ovsdb_monitor.py:934}}
May 19 20:59:12.652752 np0000175086 devstack@neutron-api.service[103518]: DEBUG neutron.plugins.ml2.drivers.ovn.mech_driver.ovsdb.ovsdb_monitor [None req-bd8b11f2-8cc5-40f7-91bf-f65ee82a1e99 None None] Hash Ring: Node b2661b1565c15612baa3c4e7be3c9b10 (host: np0000175086) handling event "create" for row 1cd0ad9f-13c3-499e-99b5-46f1f4acb3de (table: ACL) {{(pid=103518) notify /opt/stack/neutron/neutron/plugins/ml2/drivers/ovn/mech_driver/ovsdb/ovsdb_monitor.py:942}}
May 19 20:59:12.652972 np0000175086 devstack@neutron-api.service[103516]: DEBUG neutron.plugins.ml2.drivers.ovn.mech_driver.ovsdb.ovsdb_monitor [None req-eaa710d4-ec71-461b-9d49-6c549b6407f7 None None] Hash Ring: Node c2402e71949e5a64b6d181e787c062bf (host: np0000175086) handling event "create" for row 20acf28f-c662-4c54-a076-2c0e557625b9 (table: ACL) {{(pid=103516) notify /opt/stack/neutron/neutron/plugins/ml2/drivers/ovn/mech_driver/ovsdb/ovsdb_monitor.py:942}}
May 19 20:59:12.658066 np0000175086 devstack@neutron-api.service[103519]: DEBUG neutron.plugins.ml2.drivers.ovn.mech_driver.ovsdb.ovsdb_monitor [None req-e0cde40a-3ea9-45d9-9850-264c89c05c1c None None] Hash Ring: Node a10d4f56abba58f0a833a1ea862407a0 (host: np0000175086) handling event "create" for row 2e55b7e7-d6b3-4487-99db-e2948a3727f4 (table: ACL) {{(pid=103519) notify /opt/stack/neutron/neutron/plugins/ml2/drivers/ovn/mech_driver/ovsdb/ovsdb_monitor.py:942}}
May 19 20:59:12.659043 np0000175086 devstack@neutron-api.service[103519]: DEBUG neutron.plugins.ml2.drivers.ovn.mech_driver.ovsdb.ovsdb_monitor [None req-e0cde40a-3ea9-45d9-9850-264c89c05c1c None None] Touching Hash Ring node "a10d4f56abba58f0a833a1ea862407a0" from IDL notify handler {{(pid=103519) notify /opt/stack/neutron/neutron/plugins/ml2/drivers/ovn/mech_driver/ovsdb/ovsdb_monitor.py:934}}
May 19 20:59:12.661290 np0000175086 devstack@neutron-api.service[103519]: DEBUG neutron.plugins.ml2.drivers.ovn.mech_driver.ovsdb.ovsdb_monitor [None req-e0cde40a-3ea9-45d9-9850-264c89c05c1c None None] Hash Ring: Node a10d4f56abba58f0a833a1ea862407a0 (host: np0000175086) handling event "create" for row f796221c-8136-4e0b-a1f2-9f2ee6b606a7 (table: ACL) {{(pid=103519) notify /opt/stack/neutron/neutron/plugins/ml2/drivers/ovn/mech_driver/ovsdb/ovsdb_monitor.py:942}}
May 19 20:59:12.662294 np0000175086 devstack@neutron-api.service[103519]: DEBUG neutron.plugins.ml2.drivers.ovn.mech_driver.ovsdb.ovsdb_monitor [None req-e0cde40a-3ea9-45d9-9850-264c89c05c1c None None] Touching Hash Ring node "a10d4f56abba58f0a833a1ea862407a0" from IDL notify handler {{(pid=103519) notify /opt/stack/neutron/neutron/plugins/ml2/drivers/ovn/mech_driver/ovsdb/ovsdb_monitor.py:934}}
May 19 20:59:12.664897 np0000175086 devstack@neutron-api.service[103519]: DEBUG neutron.plugins.ml2.drivers.ovn.mech_driver.ovsdb.ovsdb_monitor [None req-e0cde40a-3ea9-45d9-9850-264c89c05c1c None None] Hash Ring: Node a10d4f56abba58f0a833a1ea862407a0 (host: np0000175086) handling event "create" for row 6a0625a3-14b6-403a-b9d3-9f4f019bc402 (table: Port_Group) {{(pid=103519) notify /opt/stack/neutron/neutron/plugins/ml2/drivers/ovn/mech_driver/ovsdb/ovsdb_monitor.py:942}}
May 19 20:59:12.681903 np0000175086 devstack@neutron-api.service[103519]: INFO neutron.db.ovn_revision_numbers_db [None req-e1fbdf33-b553-4ca5-b371-41a57d205025 admin admin] Successfully bumped revision number for resource 3438fd5a-01e6-4e7c-b4c0-7ba9f5414068 (type: security_groups) to 1
May 19 20:59:12.694804 np0000175086 devstack@neutron-api.service[103519]: INFO neutron.db.ovn_revision_numbers_db [None req-e1fbdf33-b553-4ca5-b371-41a57d205025 admin admin] Successfully bumped revision number for resource 1c670b42-90e1-41d6-84fb-e84047f57522 (type: security_group_rules) to 0
May 19 20:59:12.709470 np0000175086 devstack@neutron-api.service[103519]: INFO neutron.db.ovn_revision_numbers_db [None req-e1fbdf33-b553-4ca5-b371-41a57d205025 admin admin] Successfully bumped revision number for resource 1fd13703-e996-41bd-9c83-12d2dd8fa5f8 (type: security_group_rules) to 0
May 19 20:59:12.724817 np0000175086 devstack@neutron-api.service[103519]: INFO neutron.db.ovn_revision_numbers_db [None req-e1fbdf33-b553-4ca5-b371-41a57d205025 admin admin] Successfully bumped revision number for resource 276952ca-696a-4fa7-9b44-d4d9e2328fd4 (type: security_group_rules) to 0
May 19 20:59:12.737756 np0000175086 devstack@neutron-api.service[103519]: INFO neutron.db.ovn_revision_numbers_db [None req-e1fbdf33-b553-4ca5-b371-41a57d205025 admin admin] Successfully bumped revision number for resource c93d1bfa-fa56-4c04-81b0-b0be1fb0a897 (type: security_group_rules) to 0
May 19 20:59:12.760325 np0000175086 devstack@neutron-api.service[103519]: DEBUG neutron.api.rpc.handlers.resources_rpc [None req-e1fbdf33-b553-4ca5-b371-41a57d205025 admin admin] Pushing event updated for resources: {'SecurityGroup': ['ID=3438fd5a-01e6-4e7c-b4c0-7ba9f5414068,revision_number=1']} {{(pid=103519) push /opt/stack/neutron/neutron/api/rpc/handlers/resources_rpc.py:237}}
May 19 20:59:12.766249 np0000175086 devstack@neutron-api.service[103519]: DEBUG ovsdbapp.backend.ovs_idl.transaction [None req-e0cde40a-3ea9-45d9-9850-264c89c05c1c None None] Running txn n=1 command(idx=0): CheckLivenessCommand(_result=None) {{(pid=103519) do_commit /opt/stack/data/venv/lib/python3.12/site-packages/ovsdbapp/backend/ovs_idl/transaction.py:89}}
May 19 20:59:12.770028 np0000175086 devstack@neutron-api.service[103519]: DEBUG neutron.plugins.ml2.drivers.ovn.mech_driver.ovsdb.ovsdb_monitor [None req-e0cde40a-3ea9-45d9-9850-264c89c05c1c None None] Touching Hash Ring node "a10d4f56abba58f0a833a1ea862407a0" from IDL notify handler {{(pid=103519) notify /opt/stack/neutron/neutron/plugins/ml2/drivers/ovn/mech_driver/ovsdb/ovsdb_monitor.py:934}}
May 19 20:59:12.772812 np0000175086 devstack@neutron-api.service[103516]: DEBUG neutron.plugins.ml2.drivers.ovn.mech_driver.ovsdb.ovsdb_monitor [None req-7b6d0ba7-a3b9-4421-8ae9-f02c46389a76 None None] ChassisAgentWriteEvent : Matched Chassis_Private, update, None None {{(pid=103516) matches /opt/stack/neutron/neutron/plugins/ml2/drivers/ovn/mech_driver/ovsdb/ovsdb_monitor.py:64}}
May 19 20:59:12.773220 np0000175086 devstack@neutron-api.service[103519]: DEBUG neutron.plugins.ml2.drivers.ovn.mech_driver.ovsdb.ovsdb_monitor [None req-8d4dfee0-32fd-407b-b85b-4a4562691096 None None] ChassisAgentWriteEvent : Matched Chassis_Private, update, None None {{(pid=103519) matches /opt/stack/neutron/neutron/plugins/ml2/drivers/ovn/mech_driver/ovsdb/ovsdb_monitor.py:64}}
May 19 20:59:12.773773 np0000175086 devstack@neutron-api.service[103517]: DEBUG neutron.plugins.ml2.drivers.ovn.mech_driver.ovsdb.ovsdb_monitor [None req-f9d7d16e-dacd-4028-a757-f9cba6f07119 None None] ChassisAgentWriteEvent : Matched Chassis_Private, update, None None {{(pid=103517) matches /opt/stack/neutron/neutron/plugins/ml2/drivers/ovn/mech_driver/ovsdb/ovsdb_monitor.py:64}}
May 19 20:59:12.774469 np0000175086 devstack@neutron-api.service[103518]: DEBUG neutron.plugins.ml2.drivers.ovn.mech_driver.ovsdb.ovsdb_monitor [None req-a7753bac-c3b7-4856-86db-fa62c911552d None None] ChassisAgentWriteEvent : Matched Chassis_Private, update, None None {{(pid=103518) matches /opt/stack/neutron/neutron/plugins/ml2/drivers/ovn/mech_driver/ovsdb/ovsdb_monitor.py:64}}
May 19 20:59:12.779055 np0000175086 devstack@neutron-api.service[103519]: DEBUG neutron.plugins.ml2.drivers.ovn.mech_driver.ovsdb.ovsdb_monitor [None req-e0cde40a-3ea9-45d9-9850-264c89c05c1c None None] Hash Ring: Node a10d4f56abba58f0a833a1ea862407a0 (host: np0000175086) handling event "update" for row 461b9002-365e-4d1b-bbf3-7f76c17b9523 (table: NB_Global) {{(pid=103519) notify /opt/stack/neutron/neutron/plugins/ml2/drivers/ovn/mech_driver/ovsdb/ovsdb_monitor.py:942}}
May 19 20:59:12.780903 np0000175086 devstack@neutron-api.service[103519]: DEBUG neutron.common.ovn.hash_ring_manager [None req-8d4dfee0-32fd-407b-b85b-4a4562691096 None None] Hash Ring loaded. 4 active nodes. 0 offline nodes {{(pid=103519) _load_hash_ring /opt/stack/neutron/neutron/common/ovn/hash_ring_manager.py:102}}
May 19 20:59:12.781309 np0000175086 devstack@neutron-api.service[103516]: DEBUG neutron.common.ovn.hash_ring_manager [None req-7b6d0ba7-a3b9-4421-8ae9-f02c46389a76 None None] Hash Ring loaded. 4 active nodes. 0 offline nodes {{(pid=103516) _load_hash_ring /opt/stack/neutron/neutron/common/ovn/hash_ring_manager.py:102}}
May 19 20:59:12.782269 np0000175086 devstack@neutron-api.service[103519]: DEBUG neutron.plugins.ml2.drivers.ovn.mech_driver.ovsdb.ovsdb_monitor [None req-e0cde40a-3ea9-45d9-9850-264c89c05c1c None None] Touching Hash Ring node "a10d4f56abba58f0a833a1ea862407a0" from IDL notify handler {{(pid=103519) notify /opt/stack/neutron/neutron/plugins/ml2/drivers/ovn/mech_driver/ovsdb/ovsdb_monitor.py:934}}
May 19 20:59:12.782311 np0000175086 devstack@neutron-api.service[103518]: DEBUG neutron.common.ovn.hash_ring_manager [None req-a7753bac-c3b7-4856-86db-fa62c911552d None None] Hash Ring loaded. 4 active nodes. 0 offline nodes {{(pid=103518) _load_hash_ring /opt/stack/neutron/neutron/common/ovn/hash_ring_manager.py:102}}
May 19 20:59:12.782575 np0000175086 devstack@neutron-api.service[103518]: DEBUG neutron.plugins.ml2.drivers.ovn.mech_driver.ovsdb.ovsdb_monitor [None req-a7753bac-c3b7-4856-86db-fa62c911552d None None] Hash Ring: Node b2661b1565c15612baa3c4e7be3c9b10 (host: np0000175086) handling event "update" for row a45dd52b-65a1-4ae6-b2a3-24b92a7d491a (table: Chassis_Private) {{(pid=103518) notify /opt/stack/neutron/neutron/plugins/ml2/drivers/ovn/mech_driver/ovsdb/ovsdb_monitor.py:942}}
May 19 20:59:12.783711 np0000175086 devstack@neutron-api.service[103517]: DEBUG neutron.common.ovn.hash_ring_manager [None req-f9d7d16e-dacd-4028-a757-f9cba6f07119 None None] Hash Ring loaded. 4 active nodes. 0 offline nodes {{(pid=103517) _load_hash_ring /opt/stack/neutron/neutron/common/ovn/hash_ring_manager.py:102}}
May 19 20:59:12.785748 np0000175086 devstack@neutron-api.service[103519]: DEBUG neutron.plugins.ml2.drivers.ovn.mech_driver.ovsdb.ovsdb_monitor [None req-e0cde40a-3ea9-45d9-9850-264c89c05c1c None None] Hash Ring: Node a10d4f56abba58f0a833a1ea862407a0 (host: np0000175086) handling event "update" for row 461b9002-365e-4d1b-bbf3-7f76c17b9523 (table: NB_Global) {{(pid=103519) notify /opt/stack/neutron/neutron/plugins/ml2/drivers/ovn/mech_driver/ovsdb/ovsdb_monitor.py:942}}
May 19 20:59:12.787860 np0000175086 devstack@neutron-api.service[103519]: DEBUG neutron.plugins.ml2.drivers.ovn.mech_driver.ovsdb.ovsdb_monitor [None req-e0cde40a-3ea9-45d9-9850-264c89c05c1c None None] Touching Hash Ring node "a10d4f56abba58f0a833a1ea862407a0" from IDL notify handler {{(pid=103519) notify /opt/stack/neutron/neutron/plugins/ml2/drivers/ovn/mech_driver/ovsdb/ovsdb_monitor.py:934}}
May 19 20:59:12.790776 np0000175086 devstack@neutron-api.service[103519]: DEBUG neutron.plugins.ml2.drivers.ovn.mech_driver.ovsdb.ovsdb_monitor [None req-e0cde40a-3ea9-45d9-9850-264c89c05c1c None None] Hash Ring: Node a10d4f56abba58f0a833a1ea862407a0 (host: np0000175086) handling event "update" for row 461b9002-365e-4d1b-bbf3-7f76c17b9523 (table: NB_Global) {{(pid=103519) notify /opt/stack/neutron/neutron/plugins/ml2/drivers/ovn/mech_driver/ovsdb/ovsdb_monitor.py:942}}
May 19 20:59:12.791819 np0000175086 devstack@neutron-api.service[103519]: DEBUG neutron.plugins.ml2.drivers.ovn.mech_driver.ovsdb.ovsdb_monitor [None req-e0cde40a-3ea9-45d9-9850-264c89c05c1c None None] Touching Hash Ring node "a10d4f56abba58f0a833a1ea862407a0" from IDL notify handler {{(pid=103519) notify /opt/stack/neutron/neutron/plugins/ml2/drivers/ovn/mech_driver/ovsdb/ovsdb_monitor.py:934}}
May 19 20:59:12.793947 np0000175086 devstack@neutron-api.service[103519]: DEBUG neutron.plugins.ml2.drivers.ovn.mech_driver.ovsdb.ovsdb_monitor [None req-e0cde40a-3ea9-45d9-9850-264c89c05c1c None None] Hash Ring: Node a10d4f56abba58f0a833a1ea862407a0 (host: np0000175086) handling event "update" for row 461b9002-365e-4d1b-bbf3-7f76c17b9523 (table: NB_Global) {{(pid=103519) notify /opt/stack/neutron/neutron/plugins/ml2/drivers/ovn/mech_driver/ovsdb/ovsdb_monitor.py:942}}
May 19 20:59:12.798081 np0000175086 devstack@neutron-api.service[103519]: DEBUG neutron.api.rpc.callbacks.version_manager [None req-e1fbdf33-b553-4ca5-b371-41a57d205025 admin admin] Tracked resource versions report:
May 19 20:59:12.798081 np0000175086 devstack@neutron-api.service[103519]: pushed versions:
May 19 20:59:12.798081 np0000175086 devstack@neutron-api.service[103519]: { 'AddressGroup': {'1.2'},
May 19 20:59:12.798081 np0000175086 devstack@neutron-api.service[103519]: 'Agent': {'1.1'},
May 19 20:59:12.798081 np0000175086 devstack@neutron-api.service[103519]: 'ConntrackHelper': {'1.0'},
May 19 20:59:12.798081 np0000175086 devstack@neutron-api.service[103519]: 'LocalIPAssociation': {'1.0'},
May 19 20:59:12.798081 np0000175086 devstack@neutron-api.service[103519]: 'Log': {'1.0'},
May 19 20:59:12.798081 np0000175086 devstack@neutron-api.service[103519]: 'NDPProxy': {'1.0'},
May 19 20:59:12.798081 np0000175086 devstack@neutron-api.service[103519]: 'Network': {'1.2'},
May 19 20:59:12.798081 np0000175086 devstack@neutron-api.service[103519]: 'Port': {'1.10'},
May 19 20:59:12.798081 np0000175086 devstack@neutron-api.service[103519]: 'PortForwarding': {'1.3'},
May 19 20:59:12.798081 np0000175086 devstack@neutron-api.service[103519]: 'QosPolicy': {'1.10'},
May 19 20:59:12.798081 np0000175086 devstack@neutron-api.service[103519]: 'SecurityGroup': {'1.6'},
May 19 20:59:12.798081 np0000175086 devstack@neutron-api.service[103519]: 'SecurityGroupRule': {'1.3'},
May 19 20:59:12.798081 np0000175086 devstack@neutron-api.service[103519]: 'SubPort': {'1.0'},
May 19 20:59:12.798081 np0000175086 devstack@neutron-api.service[103519]: 'Subnet': {'1.2'},
May 19 20:59:12.798081 np0000175086 devstack@neutron-api.service[103519]: 'Trunk': {'1.1'}}
May 19 20:59:12.798081 np0000175086 devstack@neutron-api.service[103519]: consumer versions:
May 19 20:59:12.798081 np0000175086 devstack@neutron-api.service[103519]: { OVN Neutron agent@np0000175086: {},
May 19 20:59:12.798081 np0000175086 devstack@neutron-api.service[103519]: OVN Controller Gateway agent@np0000175086: {}}
May 19 20:59:12.798081 np0000175086 devstack@neutron-api.service[103519]: {{(pid=103519) report /opt/stack/neutron/neutron/api/rpc/callbacks/version_manager.py:183}}
May 19 20:59:12.843379 np0000175086 devstack@neutron-api.service[103519]: DEBUG neutron.plugins.ml2.drivers.helpers [None req-e1fbdf33-b553-4ca5-b371-41a57d205025 admin admin] geneve segment allocate from pool success with {'geneve_vni': 40671} {{(pid=103519) allocate_partially_specified_segment /opt/stack/neutron/neutron/plugins/ml2/drivers/helpers.py:142}}
May 19 20:59:12.850657 np0000175086 devstack@neutron-api.service[103519]: DEBUG neutron_lib.callbacks.manager [None req-e1fbdf33-b553-4ca5-b371-41a57d205025 admin admin] Publish callbacks ['neutron.services.segments.db._add_segment_host_mapping_for_segment-8328944039276', 'neutron.plugins.ml2.plugin.Ml2Plugin._handle_segment_change-6790063'] for segment (ba784bc7-c831-4d00-a0f6-182d7a0e04e6), precommit_create {{(pid=103519) _notify_loop /opt/stack/data/venv/lib/python3.12/site-packages/neutron_lib/callbacks/manager.py:184}}
May 19 20:59:12.850790 np0000175086 devstack@neutron-api.service[103519]: INFO neutron.db.segments_db [None req-e1fbdf33-b553-4ca5-b371-41a57d205025 admin admin] Added segment ba784bc7-c831-4d00-a0f6-182d7a0e04e6 of type geneve for network 13ef17f0-5816-4d3d-a7d1-16c09c35ab33
May 19 20:59:12.865241 np0000175086 devstack@neutron-api.service[103519]: DEBUG neutron_lib.callbacks.manager [None req-e1fbdf33-b553-4ca5-b371-41a57d205025 admin admin] Publish callbacks ['neutron.services.auto_allocate.db._ensure_external_network_default_value_callback-8328942282906'] for network (13ef17f0-5816-4d3d-a7d1-16c09c35ab33), precommit_create {{(pid=103519) _notify_loop /opt/stack/data/venv/lib/python3.12/site-packages/neutron_lib/callbacks/manager.py:184}}
May 19 20:59:12.876644 np0000175086 devstack@neutron-api.service[103519]: DEBUG neutron.plugins.ml2.drivers.ovn.mech_driver.mech_driver [None req-e1fbdf33-b553-4ca5-b371-41a57d205025 admin admin] Validating network segment with type geneve, segmentation ID 40671, physical network None {{(pid=103519) _validate_network_segments /opt/stack/neutron/neutron/plugins/ml2/drivers/ovn/mech_driver/mech_driver.py:641}}
May 19 20:59:12.876817 np0000175086 devstack@neutron-api.service[103519]: DEBUG neutron.db.ovn_revision_numbers_db [None req-e1fbdf33-b553-4ca5-b371-41a57d205025 admin admin] create_initial_revision uuid=13ef17f0-5816-4d3d-a7d1-16c09c35ab33, type=networks, rev=-1 {{(pid=103519) create_initial_revision /opt/stack/neutron/neutron/db/ovn_revision_numbers_db.py:98}}
May 19 20:59:12.885297 np0000175086 devstack@neutron-api.service[103519]: DEBUG neutron_lib.callbacks.manager [None req-e1fbdf33-b553-4ca5-b371-41a57d205025 admin admin] Publish callbacks ['neutron.plugins.ml2.ovo_rpc._ObjectChangeHandler.handle_event-6669894'] for network (13ef17f0-5816-4d3d-a7d1-16c09c35ab33), after_create {{(pid=103519) _notify_loop /opt/stack/data/venv/lib/python3.12/site-packages/neutron_lib/callbacks/manager.py:184}}
May 19 20:59:12.902605 np0000175086 devstack@neutron-api.service[103519]: DEBUG neutron.api.rpc.handlers.resources_rpc [None req-e1fbdf33-b553-4ca5-b371-41a57d205025 admin admin] Pushing event updated for resources: {'Network': ['ID=13ef17f0-5816-4d3d-a7d1-16c09c35ab33,revision_number=1']} {{(pid=103519) push /opt/stack/neutron/neutron/api/rpc/handlers/resources_rpc.py:237}}
May 19 20:59:12.910197 np0000175086 devstack@neutron-api.service[103519]: DEBUG ovsdbapp.backend.ovs_idl.transaction [None req-e0cde40a-3ea9-45d9-9850-264c89c05c1c None None] Running txn n=1 command(idx=0): AddNetworkCommand(_result=None, network_uuid=13ef17f0-5816-4d3d-a7d1-16c09c35ab33, may_exist=True, columns={'external_ids': {'neutron:network_name': 'admin_net', 'neutron:mtu': '1372', 'neutron:revision_number': '1', 'neutron:availability_zone_hints': '', 'neutron:provnet-network-type': 'geneve'}, 'other_config': {'mcast_snoop': 'false', 'mcast_flood_unregistered': 'false', 'vlan-passthru': 'false'}}) {{(pid=103519) do_commit /opt/stack/data/venv/lib/python3.12/site-packages/ovsdbapp/backend/ovs_idl/transaction.py:89}}
May 19 20:59:12.915758 np0000175086 devstack@neutron-api.service[103516]: DEBUG neutron.plugins.ml2.drivers.ovn.mech_driver.ovsdb.ovsdb_monitor [None req-eaa710d4-ec71-461b-9d49-6c549b6407f7 None None] Hash Ring: Node c2402e71949e5a64b6d181e787c062bf (host: np0000175086) handling event "create" for row 13ef17f0-5816-4d3d-a7d1-16c09c35ab33 (table: Logical_Switch) {{(pid=103516) notify /opt/stack/neutron/neutron/plugins/ml2/drivers/ovn/mech_driver/ovsdb/ovsdb_monitor.py:942}}
May 19 20:59:12.920663 np0000175086 devstack@neutron-api.service[103518]: DEBUG neutron.plugins.ml2.drivers.ovn.mech_driver.ovsdb.ovsdb_monitor [None req-a7753bac-c3b7-4856-86db-fa62c911552d None None] Hash Ring: Node b2661b1565c15612baa3c4e7be3c9b10 (host: np0000175086) handling event "create" for row 6f5f53a0-4126-4777-b318-4f327b06ef50 (table: Datapath_Binding) {{(pid=103518) notify /opt/stack/neutron/neutron/plugins/ml2/drivers/ovn/mech_driver/ovsdb/ovsdb_monitor.py:942}}
May 19 20:59:12.938571 np0000175086 devstack@neutron-api.service[103519]: INFO neutron.db.ovn_revision_numbers_db [None req-e1fbdf33-b553-4ca5-b371-41a57d205025 admin admin] Successfully bumped revision number for resource 13ef17f0-5816-4d3d-a7d1-16c09c35ab33 (type: networks) to 1
May 19 20:59:12.950288 np0000175086 devstack@neutron-api.service[103519]: DEBUG neutron_lib.callbacks.manager [None req-e1fbdf33-b553-4ca5-b371-41a57d205025 admin admin] Publish callbacks ['neutron.plugins.ml2.plugin.SecurityGroupDbMixin._ensure_default_security_group_handler-1808525'] for port (None), before_create {{(pid=103519) _notify_loop /opt/stack/data/venv/lib/python3.12/site-packages/neutron_lib/callbacks/manager.py:184}}
May 19 20:59:13.011676 np0000175086 devstack@neutron-api.service[103519]: DEBUG neutron_lib.callbacks.manager [None req-e1fbdf33-b553-4ca5-b371-41a57d205025 admin admin] Publish callbacks ['neutron.plugins.ml2.drivers.ovn.mech_driver.mech_driver.OVNMechanismDriver._validate_allowed_address_pairs-334427'] for allowed_address_pair (bd4f27bc-09df-4627-a0f2-c96c785631b9), before_create {{(pid=103519) _notify_loop /opt/stack/data/venv/lib/python3.12/site-packages/neutron_lib/callbacks/manager.py:184}}
May 19 20:59:13.012183 np0000175086 devstack@neutron-api.service[103519]: DEBUG neutron_lib.callbacks.manager [None req-e1fbdf33-b553-4ca5-b371-41a57d205025 admin admin] Publish callbacks [] for port (bd4f27bc-09df-4627-a0f2-c96c785631b9), precommit_create {{(pid=103519) _notify_loop /opt/stack/data/venv/lib/python3.12/site-packages/neutron_lib/callbacks/manager.py:184}}
May 19 20:59:13.012344 np0000175086 devstack@neutron-api.service[103519]: DEBUG neutron.plugins.ml2.drivers.ovn.mech_driver.mech_driver [None req-e1fbdf33-b553-4ca5-b371-41a57d205025 admin admin] No provisioning block for port bd4f27bc-09df-4627-a0f2-c96c785631b9 since it does not have a host {{(pid=103519) _is_port_provisioning_required /opt/stack/neutron/neutron/plugins/ml2/drivers/ovn/mech_driver/mech_driver.py:894}}
May 19 20:59:13.012455 np0000175086 devstack@neutron-api.service[103519]: DEBUG neutron.db.ovn_revision_numbers_db [None req-e1fbdf33-b553-4ca5-b371-41a57d205025 admin admin] create_initial_revision uuid=bd4f27bc-09df-4627-a0f2-c96c785631b9, type=ports, rev=-1 {{(pid=103519) create_initial_revision /opt/stack/neutron/neutron/db/ovn_revision_numbers_db.py:98}}
May 19 20:59:13.051881 np0000175086 devstack@neutron-api.service[103519]: DEBUG neutron_lib.callbacks.manager [None req-e1fbdf33-b553-4ca5-b371-41a57d205025 admin admin] Publish callbacks ['neutron.plugins.ml2.ovo_rpc._ObjectChangeHandler.handle_event-89243'] for port (bd4f27bc-09df-4627-a0f2-c96c785631b9), after_create {{(pid=103519) _notify_loop /opt/stack/data/venv/lib/python3.12/site-packages/neutron_lib/callbacks/manager.py:184}}
May 19 20:59:13.079297 np0000175086 devstack@neutron-api.service[103519]: DEBUG neutron.api.rpc.handlers.resources_rpc [None req-e1fbdf33-b553-4ca5-b371-41a57d205025 admin admin] Pushing event updated for resources: {'Port': ['ID=bd4f27bc-09df-4627-a0f2-c96c785631b9,revision_number=1']} {{(pid=103519) push /opt/stack/neutron/neutron/api/rpc/handlers/resources_rpc.py:237}}
May 19 20:59:13.085193 np0000175086 devstack@neutron-api.service[103519]: DEBUG ovsdbapp.backend.ovs_idl.transaction [None req-e0cde40a-3ea9-45d9-9850-264c89c05c1c None None] Running txn n=1 command(idx=0): AddLSwitchPortCommand(_result=None, lport=bd4f27bc-09df-4627-a0f2-c96c785631b9, lswitch=neutron-13ef17f0-5816-4d3d-a7d1-16c09c35ab33, may_exist=True, network_uuid=13ef17f0-5816-4d3d-a7d1-16c09c35ab33, columns={'addresses': ['fa:16:3e:5d:4d:d8'], 'external_ids': {'neutron:port_name': '', 'neutron:device_id': 'ovnmeta-13ef17f0-5816-4d3d-a7d1-16c09c35ab33', 'neutron:project_id': '46041b5067244b7c88c8fc745fb55aa7', 'neutron:cidrs': '', 'neutron:device_owner': 'network:distributed', 'neutron:subnet_pool_addr_scope4': '', 'neutron:subnet_pool_addr_scope6': '', 'neutron:network_name': 'neutron-13ef17f0-5816-4d3d-a7d1-16c09c35ab33', 'neutron:security_group_ids': '', 'neutron:revision_number': '1', 'neutron:vnic_type': 'normal', 'neutron:port_capabilities': '', 'neutron:mtu': ''}, 'parent_name': [], 'tag': [], 'enabled': True, 'options': {}, 'type': 'localport', 'port_security': [], 'dhcpv4_options': [], 'dhcpv6_options': []}) {{(pid=103519) do_commit /opt/stack/data/venv/lib/python3.12/site-packages/ovsdbapp/backend/ovs_idl/transaction.py:89}}
May 19 20:59:13.085469 np0000175086 devstack@neutron-api.service[103519]: DEBUG ovsdbapp.backend.ovs_idl.transaction [None req-e0cde40a-3ea9-45d9-9850-264c89c05c1c None None] Running txn n=1 command(idx=1): QoSDelCommand(_result=None, switch=neutron-13ef17f0-5816-4d3d-a7d1-16c09c35ab33, conditions=[('direction', '=', 'to-lport'), ('priority', '=', 2002), ('match', '=', 'outport == "bd4f27bc-09df-4627-a0f2-c96c785631b9"')], if_exists=True) {{(pid=103519) do_commit /opt/stack/data/venv/lib/python3.12/site-packages/ovsdbapp/backend/ovs_idl/transaction.py:89}}
May 19 20:59:13.085739 np0000175086 devstack@neutron-api.service[103519]: DEBUG ovsdbapp.backend.ovs_idl.transaction [None req-e0cde40a-3ea9-45d9-9850-264c89c05c1c None None] Running txn n=1 command(idx=2): QoSDelCommand(_result=None, switch=neutron-13ef17f0-5816-4d3d-a7d1-16c09c35ab33, conditions=[('direction', '=', 'from-lport'), ('priority', '=', 2002), ('match', '=', 'inport == "bd4f27bc-09df-4627-a0f2-c96c785631b9"')], if_exists=True) {{(pid=103519) do_commit /opt/stack/data/venv/lib/python3.12/site-packages/ovsdbapp/backend/ovs_idl/transaction.py:89}}
May 19 20:59:13.090908 np0000175086 devstack@neutron-api.service[103516]: DEBUG neutron.plugins.ml2.drivers.ovn.mech_driver.ovsdb.ovsdb_monitor [None req-eaa710d4-ec71-461b-9d49-6c549b6407f7 None None] Hash Ring: Node c2402e71949e5a64b6d181e787c062bf (host: np0000175086) handling event "update" for row 13ef17f0-5816-4d3d-a7d1-16c09c35ab33 (table: Logical_Switch) {{(pid=103516) notify /opt/stack/neutron/neutron/plugins/ml2/drivers/ovn/mech_driver/ovsdb/ovsdb_monitor.py:942}}
May 19 20:59:13.091072 np0000175086 devstack@neutron-api.service[103516]: DEBUG neutron.plugins.ml2.drivers.ovn.mech_driver.ovsdb.ovsdb_monitor [None req-eaa710d4-ec71-461b-9d49-6c549b6407f7 None None] Hash Ring: Node c2402e71949e5a64b6d181e787c062bf (host: np0000175086) handling event "create" for row 3393bc3b-ea51-42d4-a459-7742b00022e9 (table: Logical_Switch_Port) {{(pid=103516) notify /opt/stack/neutron/neutron/plugins/ml2/drivers/ovn/mech_driver/ovsdb/ovsdb_monitor.py:942}}
May 19 20:59:13.092330 np0000175086 devstack@neutron-api.service[103516]: DEBUG ovsdbapp.backend.ovs_idl.event [None req-eaa710d4-ec71-461b-9d49-6c549b6407f7 None None] Matched CREATE: LogicalSwitchPortCreateEvent(events=('create',), table='Logical_Switch_Port', conditions=[], old_conditions=None), priority=20 to row=Logical_Switch_Port(uuid=3393bc3b-ea51-42d4-a459-7742b00022e9, addresses=['fa:16:3e:5d:4d:d8'], dhcpv4_options=[], dhcpv6_options=[], dynamic_addresses=[], enabled=True, external_ids={'neutron:cidrs': '', 'neutron:device_id': 'ovnmeta-13ef17f0-5816-4d3d-a7d1-16c09c35ab33', 'neutron:device_owner': 'network:distributed', 'neutron:mtu': '', 'neutron:network_name': 'neutron-13ef17f0-5816-4d3d-a7d1-16c09c35ab33', 'neutron:port_capabilities': '', 'neutron:port_name': '', 'neutron:project_id': '46041b5067244b7c88c8fc745fb55aa7', 'neutron:revision_number': '1', 'neutron:security_group_ids': '', 'neutron:subnet_pool_addr_scope4': '', 'neutron:subnet_pool_addr_scope6': '', 'neutron:vnic_type': 'normal'}, ha_chassis_group=[], mirror_rules=[], name='bd4f27bc-09df-4627-a0f2-c96c785631b9', options={}, parent_name=[], port_security=[], tag=[], tag_request=[], type='localport', up=[]) old= {{(pid=103516) matches /opt/stack/data/venv/lib/python3.12/site-packages/ovsdbapp/backend/ovs_idl/event.py:55}}
May 19 20:59:13.093313 np0000175086 devstack@neutron-api.service[103516]: INFO neutron.plugins.ml2.drivers.ovn.mech_driver.mech_driver [None req-9ef4a4ac-3798-4e2d-94d8-977b2d256d4a None None] OVN reports status down for port: bd4f27bc-09df-4627-a0f2-c96c785631b9
May 19 20:59:13.095569 np0000175086 devstack@neutron-api.service[103516]: DEBUG neutron.plugins.ml2.drivers.ovn.mech_driver.ovsdb.ovsdb_monitor [None req-eaa710d4-ec71-461b-9d49-6c549b6407f7 None None] Hash Ring: Node c2402e71949e5a64b6d181e787c062bf (host: np0000175086) handling event "update" for row 3393bc3b-ea51-42d4-a459-7742b00022e9 (table: Logical_Switch_Port) {{(pid=103516) notify /opt/stack/neutron/neutron/plugins/ml2/drivers/ovn/mech_driver/ovsdb/ovsdb_monitor.py:942}}
May 19 20:59:13.096586 np0000175086 devstack@neutron-api.service[103518]: DEBUG neutron.plugins.ml2.drivers.ovn.mech_driver.ovsdb.ovsdb_monitor [None req-a7753bac-c3b7-4856-86db-fa62c911552d None None] Hash Ring: Node b2661b1565c15612baa3c4e7be3c9b10 (host: np0000175086) handling event "create" for row 589ff58b-f0c3-45f9-a632-dce8a6ed23eb (table: Port_Binding) {{(pid=103518) notify /opt/stack/neutron/neutron/plugins/ml2/drivers/ovn/mech_driver/ovsdb/ovsdb_monitor.py:942}}
