2026-04-27 02:44:02.177 7 INFO placement.requestlog [None req-6c57c499-029e-421f-87c7-9072ac77e8a3 efbac9b9983340e8a310b6119a050777 954dc0e0a4af40789b2c5160be89f0dd - - 6e8d85aea8224fc19c5202e4306d779c 6e8d85aea8224fc19c5202e4306d779c] 10.0.0.159 "DELETE /resource_providers/a8e8a69f-32c8-4aea-8f7a-96b18755598c" status: 404 len: 246 microversion: 1.1 [pid: 7|app: 0|req: 557/1116] 10.0.0.159 () {34 vars in 816 bytes} [Mon Apr 27 02:44:02 2026] DELETE /resource_providers/a8e8a69f-32c8-4aea-8f7a-96b18755598c => generated 246 bytes in 19 msecs (HTTP/1.1 404) 6 headers in 231 bytes (1 switches on core 0)
2026-04-27 02:44:02.916 8 INFO placement.requestlog [req-85a5c56f-d02e-458d-a9cb-cb999ecf92f1 req-7114577f-b541-4dff-a071-2313f71910f1 69b7e705fc4540709d50b300dda5ba88 954dc0e0a4af40789b2c5160be89f0dd - - 6e8d85aea8224fc19c5202e4306d779c 6e8d85aea8224fc19c5202e4306d779c] 10.0.0.31 "GET /allocation_candidates?limit=1000&resources=MEMORY_MB%3A2048%2CVCPU%3A2&root_required=%21COMPUTE_STATUS_DISABLED" status: 200 len: 2137 microversion: 1.36 [pid: 8|app: 0|req: 560/1117] 10.0.0.31 () {34 vars in 985 bytes} [Mon Apr 27 02:44:02 2026] GET /allocation_candidates?limit=1000&resources=MEMORY_MB%3A2048%2CVCPU%3A2&root_required=%21COMPUTE_STATUS_DISABLED => generated 2137 bytes in 78 msecs (HTTP/1.1 200) 8 headers in 297 bytes (1 switches on core 0)
2026-04-27 02:44:02.949 7 INFO placement.requestlog [req-85a5c56f-d02e-458d-a9cb-cb999ecf92f1 req-eff13994-32a9-4a52-a18b-5e0b80f51b88 69b7e705fc4540709d50b300dda5ba88 954dc0e0a4af40789b2c5160be89f0dd - - 6e8d85aea8224fc19c5202e4306d779c 6e8d85aea8224fc19c5202e4306d779c] 10.0.0.31 "GET /allocations/c8563f0a-a16d-4432-bb9e-65e81c290018" status: 200 len: 19 microversion: 1.28 [pid: 7|app: 0|req: 558/1118] 10.0.0.31 () {34 vars in 860 bytes} [Mon Apr 27 02:44:02 2026] GET /allocations/c8563f0a-a16d-4432-bb9e-65e81c290018 => generated 19 bytes in 13 msecs (HTTP/1.1 200) 8 headers in 295 bytes (1 switches on core 0)
2026-04-27 02:44:03.062 8 INFO placement.requestlog [req-85a5c56f-d02e-458d-a9cb-cb999ecf92f1 req-38458f48-ee0c-453a-9995-e4438a0aa17d 69b7e705fc4540709d50b300dda5ba88 954dc0e0a4af40789b2c5160be89f0dd - - 6e8d85aea8224fc19c5202e4306d779c 6e8d85aea8224fc19c5202e4306d779c] 10.0.0.31 "PUT /allocations/c8563f0a-a16d-4432-bb9e-65e81c290018" status: 204 len: 0 microversion: 1.36 [pid: 8|app: 0|req: 561/1119] 10.0.0.31 () {38 vars in 913 bytes} [Mon Apr 27 02:44:02 2026] PUT /allocations/c8563f0a-a16d-4432-bb9e-65e81c290018 => generated 0 bytes in 104 msecs (HTTP/1.1 204) 5 headers in 199 bytes (1 switches on core 0)
2026-04-27 02:44:03.356 7 INFO placement.requestlog [req-85a5c56f-d02e-458d-a9cb-cb999ecf92f1 req-8ae534f9-eb6e-4918-ba27-1cd1c20f7e28 69b7e705fc4540709d50b300dda5ba88 954dc0e0a4af40789b2c5160be89f0dd - - 6e8d85aea8224fc19c5202e4306d779c 6e8d85aea8224fc19c5202e4306d779c] 199.19.213.104 "GET /allocations/c8563f0a-a16d-4432-bb9e-65e81c290018" status: 200 len: 245 microversion: 1.28 [pid: 7|app: 0|req: 559/1120] 199.19.213.104 () {34 vars in 863 bytes} [Mon Apr 27 02:44:03 2026] GET /allocations/c8563f0a-a16d-4432-bb9e-65e81c290018 => generated 245 bytes in 19 msecs (HTTP/1.1 200) 8 headers in 296 bytes (1 switches on core 0)
2026-04-27 02:44:03.507 8 INFO placement.requestlog [req-85a5c56f-d02e-458d-a9cb-cb999ecf92f1 req-ce3a729a-2bea-424b-a897-9a617b0bb3a2 69b7e705fc4540709d50b300dda5ba88 954dc0e0a4af40789b2c5160be89f0dd - - 6e8d85aea8224fc19c5202e4306d779c 6e8d85aea8224fc19c5202e4306d779c] 199.19.213.104 "GET /resource_providers/b644f03b-44d6-4bfc-9316-0d2fa551df67/allocations" status: 200 len: 440 microversion: 1.0 [pid: 8|app: 0|req: 562/1121] 199.19.213.104 () {32 vars in 857 bytes} [Mon Apr 27 02:44:03 2026] GET /resource_providers/b644f03b-44d6-4bfc-9316-0d2fa551df67/allocations => generated 440 bytes in 22 msecs (HTTP/1.1 200) 6 headers in 224 bytes (1 switches on core 0)
2026-04-27 02:44:03.541 7 INFO placement.requestlog [req-85a5c56f-d02e-458d-a9cb-cb999ecf92f1 req-71a0ce1d-d952-405f-92d2-eface23b84eb 69b7e705fc4540709d50b300dda5ba88 954dc0e0a4af40789b2c5160be89f0dd - - 6e8d85aea8224fc19c5202e4306d779c 6e8d85aea8224fc19c5202e4306d779c] 199.19.213.104 "GET /allocations/d7d1a44a-7343-4c04-856c-9c8a7dfef81f" status: 200 len: 258 microversion: 1.28 [pid: 7|app: 0|req: 560/1122] 199.19.213.104 () {34 vars in 863 bytes} [Mon Apr 27 02:44:03 2026] GET /allocations/d7d1a44a-7343-4c04-856c-9c8a7dfef81f => generated 258 bytes in 27 msecs (HTTP/1.1 200) 8 headers in 296 bytes (1 switches on core 0)
2026-04-27 02:44:03.572 8 INFO placement.requestlog [req-85a5c56f-d02e-458d-a9cb-cb999ecf92f1 req-3410f50f-83a7-4344-802e-980735369332 69b7e705fc4540709d50b300dda5ba88 954dc0e0a4af40789b2c5160be89f0dd - - 6e8d85aea8224fc19c5202e4306d779c 6e8d85aea8224fc19c5202e4306d779c] 199.19.213.104 "GET /allocations/060ad231-8060-4022-9318-796fc27877c5" status: 200 len: 258 microversion: 1.28 [pid: 8|app: 0|req: 563/1123] 199.19.213.104 () {34 vars in 863 bytes} [Mon Apr 27 02:44:03 2026] GET /allocations/060ad231-8060-4022-9318-796fc27877c5 => generated 258 bytes in 22 msecs (HTTP/1.1 200) 8 headers in 296 bytes (1 switches on core 0)
2026-04-27 02:44:03.602 7 INFO placement.requestlog [req-85a5c56f-d02e-458d-a9cb-cb999ecf92f1 req-ef2c4f89-1574-4cf5-b0a5-7ff08008554e 69b7e705fc4540709d50b300dda5ba88 954dc0e0a4af40789b2c5160be89f0dd - - 6e8d85aea8224fc19c5202e4306d779c 6e8d85aea8224fc19c5202e4306d779c] 199.19.213.104 "GET /allocations/6e8a069b-9ea8-4c7c-a441-a1bb6c39d16a" status: 200 len: 258 microversion: 1.28 [pid: 7|app: 0|req: 561/1124] 199.19.213.104 () {34 vars in 863 bytes} [Mon Apr 27 02:44:03 2026] GET /allocations/6e8a069b-9ea8-4c7c-a441-a1bb6c39d16a => generated 258 bytes in 23 msecs (HTTP/1.1 200) 8 headers in 296 bytes (1 switches on core 0)
2026-04-27 02:44:03.632 8 INFO placement.requestlog [req-85a5c56f-d02e-458d-a9cb-cb999ecf92f1 req-f806ebaa-b0d0-4118-a985-014eadbfaea3 69b7e705fc4540709d50b300dda5ba88 954dc0e0a4af40789b2c5160be89f0dd - - 6e8d85aea8224fc19c5202e4306d779c 6e8d85aea8224fc19c5202e4306d779c] 199.19.213.104 "GET /allocations/c8563f0a-a16d-4432-bb9e-65e81c290018" status: 200 len: 245 microversion: 1.28 [pid: 8|app: 0|req: 564/1125] 199.19.213.104 () {34 vars in 863 bytes} [Mon Apr 27 02:44:03 2026] GET /allocations/c8563f0a-a16d-4432-bb9e-65e81c290018 => generated 245 bytes in 19 msecs (HTTP/1.1 200) 8 headers in 296 bytes (1 switches on core 0)
2026-04-27 02:44:05.833 7 INFO placement.requestlog [None req-f4c16569-7550-4dac-be6a-e3c859110881 - - - - - -] 10.0.0.78 "GET /" status: 200 len: 136 microversion: 1.0
2026-04-27 02:44:05.833 8 INFO placement.requestlog [None req-ee31f556-a548-4f23-8cb4-149ca415d37e - - - - - -] 10.0.0.78 "GET /" status: 200 len: 136 microversion: 1.0
2026-04-27 02:44:09.331 7 INFO placement.requestlog [req-ab64cf24-5f70-4c26-8201-88d2ee3b537a req-b1df007a-8257-4dc1-95ba-6dae44d55098 69b7e705fc4540709d50b300dda5ba88 954dc0e0a4af40789b2c5160be89f0dd - - 6e8d85aea8224fc19c5202e4306d779c 6e8d85aea8224fc19c5202e4306d779c] 199.19.213.104 "GET /resource_providers/b644f03b-44d6-4bfc-9316-0d2fa551df67/allocations" status: 200 len: 440 microversion: 1.0 [pid: 7|app: 0|req: 563/1128] 199.19.213.104 () {32 vars in 857 bytes} [Mon Apr 27 02:44:09 2026] GET /resource_providers/b644f03b-44d6-4bfc-9316-0d2fa551df67/allocations => generated 440 bytes in 15 msecs (HTTP/1.1 200) 6 headers in 224 bytes (1 switches on core 0)
2026-04-27 02:44:09.373 8 INFO placement.requestlog [req-ab64cf24-5f70-4c26-8201-88d2ee3b537a req-7450683b-28ed-45cc-9e9c-5653e9120c87 69b7e705fc4540709d50b300dda5ba88 954dc0e0a4af40789b2c5160be89f0dd - - 6e8d85aea8224fc19c5202e4306d779c 6e8d85aea8224fc19c5202e4306d779c] 199.19.213.104 "GET /allocations/d7d1a44a-7343-4c04-856c-9c8a7dfef81f" status: 200 len: 258 microversion: 1.28 [pid: 8|app: 0|req: 566/1129] 199.19.213.104 () {34 vars in 863 bytes} [Mon Apr 27 02:44:09 2026] GET /allocations/d7d1a44a-7343-4c04-856c-9c8a7dfef81f => generated 258 bytes in 33 msecs (HTTP/1.1 200) 8 headers in 296 bytes (1 switches on core 0)
2026-04-27 02:44:09.404 7 INFO placement.requestlog [req-ab64cf24-5f70-4c26-8201-88d2ee3b537a req-1d656432-02c1-45af-ac9e-8437ddddd620 69b7e705fc4540709d50b300dda5ba88 954dc0e0a4af40789b2c5160be89f0dd - - 6e8d85aea8224fc19c5202e4306d779c 6e8d85aea8224fc19c5202e4306d779c] 199.19.213.104 "GET /allocations/060ad231-8060-4022-9318-796fc27877c5" status: 200 len: 258 microversion: 1.28 [pid: 7|app: 0|req: 564/1130] 199.19.213.104 () {34 vars in 863 bytes} [Mon Apr 27 02:44:09 2026] GET /allocations/060ad231-8060-4022-9318-796fc27877c5 => generated 258 bytes in 22 msecs (HTTP/1.1 200) 8 headers in 296 bytes (1 switches on core 0)
2026-04-27 02:44:09.440 8 INFO placement.requestlog [req-ab64cf24-5f70-4c26-8201-88d2ee3b537a req-5e12642d-d3ed-43f2-95b4-6f6894645906 69b7e705fc4540709d50b300dda5ba88 954dc0e0a4af40789b2c5160be89f0dd - - 6e8d85aea8224fc19c5202e4306d779c 6e8d85aea8224fc19c5202e4306d779c] 199.19.213.104 "GET /allocations/6e8a069b-9ea8-4c7c-a441-a1bb6c39d16a" status: 200 len: 258 microversion: 1.28 [pid: 8|app: 0|req: 567/1131] 199.19.213.104 () {34 vars in 863 bytes} [Mon Apr 27 02:44:09 2026] GET /allocations/6e8a069b-9ea8-4c7c-a441-a1bb6c39d16a => generated 258 bytes in 30 msecs (HTTP/1.1 200) 8 headers in 296 bytes (1 switches on core 0)
2026-04-27 02:44:09.466 7 INFO placement.requestlog [req-ab64cf24-5f70-4c26-8201-88d2ee3b537a req-0c847bd8-b871-4419-a8d1-76561460844b 69b7e705fc4540709d50b300dda5ba88 954dc0e0a4af40789b2c5160be89f0dd - - 6e8d85aea8224fc19c5202e4306d779c 6e8d85aea8224fc19c5202e4306d779c] 199.19.213.104 "GET /allocations/c8563f0a-a16d-4432-bb9e-65e81c290018" status: 200 len: 245 microversion: 1.28 [pid: 7|app: 0|req: 565/1132] 199.19.213.104 () {34 vars in 863 bytes} [Mon Apr 27 02:44:09 2026] GET /allocations/c8563f0a-a16d-4432-bb9e-65e81c290018 => generated 245 bytes in 17 msecs (HTTP/1.1 200) 8 headers in 296 bytes (1 switches on core 0)
2026-04-27 02:44:09.539 8 INFO placement.requestlog [req-ab64cf24-5f70-4c26-8201-88d2ee3b537a req-301716c9-5139-4a4b-b87b-eb0119d7bff5 69b7e705fc4540709d50b300dda5ba88 954dc0e0a4af40789b2c5160be89f0dd - - 6e8d85aea8224fc19c5202e4306d779c 6e8d85aea8224fc19c5202e4306d779c] 199.19.213.104 "DELETE /allocations/060ad231-8060-4022-9318-796fc27877c5" status: 204 len: 0 microversion: 1.0 [pid: 8|app: 0|req: 568/1133] 199.19.213.104 () {34 vars in 841 bytes} [Mon Apr 27 02:44:09 2026] DELETE /allocations/060ad231-8060-4022-9318-796fc27877c5 => generated 0 bytes in 38 msecs (HTTP/1.1 204) 5 headers in 198 bytes (1 switches on core 0)
2026-04-27 02:44:13.266 7 INFO placement.requestlog [req-2cbdba37-532e-4db7-9c94-5c4e7727fb4e req-58344ff7-745a-4580-88f5-64faad51650d 69b7e705fc4540709d50b300dda5ba88 954dc0e0a4af40789b2c5160be89f0dd - - 6e8d85aea8224fc19c5202e4306d779c 6e8d85aea8224fc19c5202e4306d779c] 10.0.0.31 "GET /allocation_candidates?limit=1000&resources=DISK_GB%3A1%2CMEMORY_MB%3A512%2CVCPU%3A1&root_required=%21COMPUTE_STATUS_DISABLED" status: 200 len: 2150 microversion: 1.36 [pid: 7|app: 0|req: 566/1134] 10.0.0.31 () {34 vars in 1011 bytes} [Mon Apr 27 02:44:13 2026] GET /allocation_candidates?limit=1000&resources=DISK_GB%3A1%2CMEMORY_MB%3A512%2CVCPU%3A1&root_required=%21COMPUTE_STATUS_DISABLED => generated 2150 bytes in 58 msecs (HTTP/1.1 200) 8 headers in 297 bytes (1 switches on core 0)
2026-04-27 02:44:13.324 8 INFO placement.requestlog [req-2cbdba37-532e-4db7-9c94-5c4e7727fb4e req-6aebd75a-5efd-416a-a625-f81b6c699f40 69b7e705fc4540709d50b300dda5ba88 954dc0e0a4af40789b2c5160be89f0dd - - 6e8d85aea8224fc19c5202e4306d779c 6e8d85aea8224fc19c5202e4306d779c] 10.0.0.31 "GET /allocations/7dffc86f-8071-4daf-b56c-7f0d8325a87d" status: 200 len: 19 microversion: 1.28 [pid: 8|app: 0|req: 569/1135] 10.0.0.31 () {34 vars in 860 bytes} [Mon Apr 27 02:44:13 2026] GET /allocations/7dffc86f-8071-4daf-b56c-7f0d8325a87d => generated 19 bytes in 18 msecs (HTTP/1.1 200) 8 headers in 295 bytes (1 switches on core 0)
2026-04-27 02:44:13.440 7 INFO placement.requestlog [req-2cbdba37-532e-4db7-9c94-5c4e7727fb4e req-b8ca3857-582d-4727-9d42-6ff88f43bf30 69b7e705fc4540709d50b300dda5ba88 954dc0e0a4af40789b2c5160be89f0dd - - 6e8d85aea8224fc19c5202e4306d779c 6e8d85aea8224fc19c5202e4306d779c] 10.0.0.31 "PUT /allocations/7dffc86f-8071-4daf-b56c-7f0d8325a87d" status: 204 len: 0 microversion: 1.36 [pid: 7|app: 0|req: 567/1136] 10.0.0.31 () {38 vars in 913 bytes} [Mon Apr 27 02:44:13 2026] PUT /allocations/7dffc86f-8071-4daf-b56c-7f0d8325a87d => generated 0 bytes in 96 msecs (HTTP/1.1 204) 5 headers in 199 bytes (1 switches on core 0)
2026-04-27 02:44:13.680 8 INFO placement.requestlog [req-2cbdba37-532e-4db7-9c94-5c4e7727fb4e req-2f6502d3-054d-48e3-ad96-ed9003b65bd2 69b7e705fc4540709d50b300dda5ba88 954dc0e0a4af40789b2c5160be89f0dd - - 6e8d85aea8224fc19c5202e4306d779c 6e8d85aea8224fc19c5202e4306d779c] 199.19.213.104 "GET /allocations/7dffc86f-8071-4daf-b56c-7f0d8325a87d" status: 200 len: 258 microversion: 1.28 [pid: 8|app: 0|req: 570/1137] 199.19.213.104 () {34 vars in 863 bytes} [Mon Apr 27 02:44:13 2026] GET /allocations/7dffc86f-8071-4daf-b56c-7f0d8325a87d => generated 258 bytes in 16 msecs (HTTP/1.1 200) 8 headers in 296 bytes (1 switches on core 0)
2026-04-27 02:44:13.857 7 INFO placement.requestlog [req-2cbdba37-532e-4db7-9c94-5c4e7727fb4e req-c5b0bf10-b659-465f-babe-51877f31e5da 69b7e705fc4540709d50b300dda5ba88 954dc0e0a4af40789b2c5160be89f0dd - - 6e8d85aea8224fc19c5202e4306d779c 6e8d85aea8224fc19c5202e4306d779c] 199.19.213.104 "GET /resource_providers/b644f03b-44d6-4bfc-9316-0d2fa551df67/allocations" status: 200 len: 440 microversion: 1.0 [pid: 7|app: 0|req: 568/1138] 199.19.213.104 () {32 vars in 857 bytes} [Mon Apr 27 02:44:13 2026] GET /resource_providers/b644f03b-44d6-4bfc-9316-0d2fa551df67/allocations => generated 440 bytes in 23 msecs (HTTP/1.1 200) 6 headers in 224 bytes (1 switches on core 0)
2026-04-27 02:44:13.880 8 INFO placement.requestlog [req-2cbdba37-532e-4db7-9c94-5c4e7727fb4e req-3296ded1-7bfc-4bf2-9f45-d37ff11ef335 69b7e705fc4540709d50b300dda5ba88 954dc0e0a4af40789b2c5160be89f0dd - - 6e8d85aea8224fc19c5202e4306d779c 6e8d85aea8224fc19c5202e4306d779c] 199.19.213.104 "GET /allocations/d7d1a44a-7343-4c04-856c-9c8a7dfef81f" status: 200 len: 258 microversion: 1.28 [pid: 8|app: 0|req: 571/1139] 199.19.213.104 () {34 vars in 863 bytes} [Mon Apr 27 02:44:13 2026] GET /allocations/d7d1a44a-7343-4c04-856c-9c8a7dfef81f => generated 258 bytes in 16 msecs (HTTP/1.1 200) 8 headers in 296 bytes (1 switches on core 0)
2026-04-27 02:44:13.908 7 INFO placement.requestlog [req-2cbdba37-532e-4db7-9c94-5c4e7727fb4e req-c784fbc8-4a9e-417a-8212-c50737db7555 69b7e705fc4540709d50b300dda5ba88 954dc0e0a4af40789b2c5160be89f0dd - - 6e8d85aea8224fc19c5202e4306d779c 6e8d85aea8224fc19c5202e4306d779c] 199.19.213.104 "GET /allocations/7dffc86f-8071-4daf-b56c-7f0d8325a87d" status: 200 len: 258 microversion: 1.28 [pid: 7|app: 0|req: 569/1140] 199.19.213.104 () {34 vars in 863 bytes} [Mon Apr 27 02:44:13 2026] GET /allocations/7dffc86f-8071-4daf-b56c-7f0d8325a87d => generated 258 bytes in 16 msecs (HTTP/1.1 200) 8 headers in 296 bytes (1 switches on core 0)
2026-04-27 02:44:13.935 8 INFO placement.requestlog [req-2cbdba37-532e-4db7-9c94-5c4e7727fb4e req-5ca47ae5-e419-44b8-9346-51044842e535 69b7e705fc4540709d50b300dda5ba88 954dc0e0a4af40789b2c5160be89f0dd - - 6e8d85aea8224fc19c5202e4306d779c 6e8d85aea8224fc19c5202e4306d779c] 199.19.213.104 "GET /allocations/6e8a069b-9ea8-4c7c-a441-a1bb6c39d16a" status: 200 len: 258 microversion: 1.28 [pid: 8|app: 0|req: 572/1141] 199.19.213.104 () {34 vars in 863 bytes} [Mon Apr 27 02:44:13 2026] GET /allocations/6e8a069b-9ea8-4c7c-a441-a1bb6c39d16a => generated 258 bytes in 18 msecs (HTTP/1.1 200) 8 headers in 296 bytes (1 switches on core 0)
2026-04-27 02:44:13.954 7 INFO placement.requestlog [req-2cbdba37-532e-4db7-9c94-5c4e7727fb4e req-2d580304-a7d7-4d45-becd-1a45ffe02439 69b7e705fc4540709d50b300dda5ba88 954dc0e0a4af40789b2c5160be89f0dd - - 6e8d85aea8224fc19c5202e4306d779c 6e8d85aea8224fc19c5202e4306d779c] 199.19.213.104 "GET /allocations/c8563f0a-a16d-4432-bb9e-65e81c290018" status: 200 len: 245 microversion: 1.28 [pid: 7|app: 0|req: 570/1142] 199.19.213.104 () {34 vars in 863 bytes} [Mon Apr 27 02:44:13 2026] GET /allocations/c8563f0a-a16d-4432-bb9e-65e81c290018 => generated 245 bytes in 13 msecs (HTTP/1.1 200) 8 headers in 296 bytes (1 switches on core 0)
2026-04-27 02:44:14.178 8 INFO placement.requestlog [None req-5a5dffdc-6ea8-4101-b329-534b74fccbec efbac9b9983340e8a310b6119a050777 954dc0e0a4af40789b2c5160be89f0dd - - 6e8d85aea8224fc19c5202e4306d779c 6e8d85aea8224fc19c5202e4306d779c] 10.0.0.159 "GET /resource_providers/2c34e6c0-4cb5-4764-ad44-be8353f26ae2/aggregates" status: 404 len: 235 microversion: 1.1 [pid: 8|app: 0|req: 573/1143] 10.0.0.159 () {32 vars in 816 bytes} [Mon Apr 27 02:44:14 2026] GET /resource_providers/2c34e6c0-4cb5-4764-ad44-be8353f26ae2/aggregates => generated 235 bytes in 11 msecs (HTTP/1.1 404) 5 headers in 202 bytes (1 switches on core 0)
2026-04-27 02:44:14.181 7 INFO placement.requestlog [None req-a25f4434-38c8-4aa0-a914-290a6159309c efbac9b9983340e8a310b6119a050777 954dc0e0a4af40789b2c5160be89f0dd - - 6e8d85aea8224fc19c5202e4306d779c 6e8d85aea8224fc19c5202e4306d779c] 10.0.0.159 "GET /resource_providers/2c34e6c0-4cb5-4764-ad44-be8353f26ae2/aggregates" status: 404 len: 235 microversion: 1.1 [pid: 7|app: 0|req: 571/1144] 10.0.0.159 () {32 vars in 816 bytes} [Mon Apr 27 02:44:14 2026] GET /resource_providers/2c34e6c0-4cb5-4764-ad44-be8353f26ae2/aggregates => generated 235 bytes in 14 msecs (HTTP/1.1 404) 5 headers in 202 bytes (1 switches on core 0)
2026-04-27 02:44:14.197 8 INFO placement.requestlog [None req-6b235734-cdc4-4c20-ab92-35546fc93d36 efbac9b9983340e8a310b6119a050777 954dc0e0a4af40789b2c5160be89f0dd - - 6e8d85aea8224fc19c5202e4306d779c 6e8d85aea8224fc19c5202e4306d779c] 10.0.0.159 "DELETE /resource_providers/2c34e6c0-4cb5-4764-ad44-be8353f26ae2" status: 404 len: 246 microversion: 1.1 [pid: 8|app: 0|req: 574/1145] 10.0.0.159 () {34 vars in 816 bytes} [Mon Apr 27 02:44:14 2026] DELETE /resource_providers/2c34e6c0-4cb5-4764-ad44-be8353f26ae2 => generated 246 bytes in 12 msecs (HTTP/1.1 404) 6 headers in 231 bytes (1 switches on core 0)
2026-04-27 02:44:14.208 7 INFO placement.requestlog [None req-0b82e7de-2b6f-4852-ab64-149dcbbe3113 efbac9b9983340e8a310b6119a050777 954dc0e0a4af40789b2c5160be89f0dd - - 6e8d85aea8224fc19c5202e4306d779c 6e8d85aea8224fc19c5202e4306d779c] 10.0.0.159 "DELETE /resource_providers/2c34e6c0-4cb5-4764-ad44-be8353f26ae2" status: 404 len: 246 microversion: 1.1 [pid: 7|app: 0|req: 572/1146] 10.0.0.159 () {34 vars in 816 bytes} [Mon Apr 27 02:44:14 2026] DELETE /resource_providers/2c34e6c0-4cb5-4764-ad44-be8353f26ae2 => generated 246 bytes in 15 msecs (HTTP/1.1 404) 6 headers in 231 bytes (1 switches on core 0)
2026-04-27 02:44:15.311 7 INFO placement.requestlog [None req-43b953ac-f0e5-478d-849e-2d86e110e353 efbac9b9983340e8a310b6119a050777 954dc0e0a4af40789b2c5160be89f0dd - - 6e8d85aea8224fc19c5202e4306d779c 6e8d85aea8224fc19c5202e4306d779c] 10.0.0.159 "GET /resource_providers/3d8477f3-c509-4c6d-8de6-d7a397367844/aggregates" status: 404 len: 235 microversion: 1.1 [pid: 7|app: 0|req: 573/1147] 10.0.0.159 () {32 vars in 816 bytes} [Mon Apr 27 02:44:15 2026] GET /resource_providers/3d8477f3-c509-4c6d-8de6-d7a397367844/aggregates => generated 235 bytes in 12 msecs (HTTP/1.1 404) 5 headers in 202 bytes (1 switches on core 0)
2026-04-27 02:44:15.321 8 INFO placement.requestlog [None req-0f438b21-bbcc-45a1-be42-b4fb7e0c0fc6 efbac9b9983340e8a310b6119a050777 954dc0e0a4af40789b2c5160be89f0dd - - 6e8d85aea8224fc19c5202e4306d779c 6e8d85aea8224fc19c5202e4306d779c] 10.0.0.159 "GET /resource_providers/3d8477f3-c509-4c6d-8de6-d7a397367844/aggregates" status: 404 len: 235 microversion: 1.1 [pid: 8|app: 0|req: 575/1148] 10.0.0.159 () {32 vars in 816 bytes} [Mon Apr 27 02:44:15 2026] GET /resource_providers/3d8477f3-c509-4c6d-8de6-d7a397367844/aggregates => generated 235 bytes in 22 msecs (HTTP/1.1 404) 5 headers in 202 bytes (1 switches on core 0)
2026-04-27 02:44:15.345 7 INFO placement.requestlog [None req-6c600dd1-dfe2-4bc8-b051-831b56e90447 efbac9b9983340e8a310b6119a050777 954dc0e0a4af40789b2c5160be89f0dd - - 6e8d85aea8224fc19c5202e4306d779c 6e8d85aea8224fc19c5202e4306d779c] 10.0.0.159 "DELETE /resource_providers/3d8477f3-c509-4c6d-8de6-d7a397367844" status: 404 len: 246 microversion: 1.1
2026-04-27 02:44:15.345 8 INFO placement.requestlog [None req-9be7526a-54f6-4738-9cce-192f2aeef2b7 efbac9b9983340e8a310b6119a050777 954dc0e0a4af40789b2c5160be89f0dd - - 6e8d85aea8224fc19c5202e4306d779c 6e8d85aea8224fc19c5202e4306d779c] 10.0.0.159 "DELETE /resource_providers/3d8477f3-c509-4c6d-8de6-d7a397367844" status: 404 len: 246 microversion: 1.1 [pid: 7|app: 0|req: 574/1149] 10.0.0.159 () {34 vars in 816 bytes} [Mon Apr 27 02:44:15 2026] DELETE /resource_providers/3d8477f3-c509-4c6d-8de6-d7a397367844 => generated 246 bytes in 13 msecs (HTTP/1.1 404) 6 headers in 231 bytes (1 switches on core 0) [pid: 8|app: 0|req: 576/1150] 10.0.0.159 () {34 vars in 816 bytes} [Mon Apr 27 02:44:15 2026] DELETE /resource_providers/3d8477f3-c509-4c6d-8de6-d7a397367844 => generated 246 bytes in 12 msecs (HTTP/1.1 404) 6 headers in 231 bytes (1 switches on core 0)
2026-04-27 02:44:15.830 8 INFO placement.requestlog [None req-41c42b08-0710-4019-b8ef-87db23979eb5 - - - - - -] 10.0.0.78 "GET /" status: 200 len: 136 microversion: 1.0
2026-04-27 02:44:15.831 7 INFO placement.requestlog [None req-5d3298a4-d1fb-4a20-ad90-a6eaf4c7b8ec - - - - - -] 10.0.0.78 "GET /" status: 200 len: 136 microversion: 1.0
2026-04-27 02:44:18.562 7 INFO placement.requestlog [None req-8b695d5b-7b84-4b71-9df9-f6919ac4c106 efbac9b9983340e8a310b6119a050777 954dc0e0a4af40789b2c5160be89f0dd - - 6e8d85aea8224fc19c5202e4306d779c 6e8d85aea8224fc19c5202e4306d779c] 10.0.0.159 "GET /resource_providers/eec3ff4b-800d-42c0-aa25-4d379428f770/aggregates" status: 404 len: 235 microversion: 1.1 [pid: 7|app: 0|req: 576/1153] 10.0.0.159 () {32 vars in 816 bytes} [Mon Apr 27 02:44:18 2026] GET /resource_providers/eec3ff4b-800d-42c0-aa25-4d379428f770/aggregates => generated 235 bytes in 17 msecs (HTTP/1.1 404) 5 headers in 202 bytes (1 switches on core 0)
2026-04-27 02:44:18.564 8 INFO placement.requestlog [None req-db775eef-6d7c-4e00-89dd-f374bac6e637 efbac9b9983340e8a310b6119a050777 954dc0e0a4af40789b2c5160be89f0dd - - 6e8d85aea8224fc19c5202e4306d779c 6e8d85aea8224fc19c5202e4306d779c] 10.0.0.159 "GET /resource_providers/eec3ff4b-800d-42c0-aa25-4d379428f770/aggregates" status: 404 len: 235 microversion: 1.1 [pid: 8|app: 0|req: 578/1154] 10.0.0.159 () {32 vars in 816 bytes} [Mon Apr 27 02:44:18 2026] GET /resource_providers/eec3ff4b-800d-42c0-aa25-4d379428f770/aggregates => generated 235 bytes in 19 msecs (HTTP/1.1 404) 5 headers in 202 bytes (1 switches on core 0)
2026-04-27 02:44:18.586 7 INFO placement.requestlog [None req-a7b0d5c3-1c97-45e5-abe5-b05927d250ee efbac9b9983340e8a310b6119a050777 954dc0e0a4af40789b2c5160be89f0dd - - 6e8d85aea8224fc19c5202e4306d779c 6e8d85aea8224fc19c5202e4306d779c] 10.0.0.159 "DELETE /resource_providers/eec3ff4b-800d-42c0-aa25-4d379428f770" status: 404 len: 246 microversion: 1.1 [pid: 7|app: 0|req: 577/1155] 10.0.0.159 () {34 vars in 816 bytes} [Mon Apr 27 02:44:18 2026] DELETE /resource_providers/eec3ff4b-800d-42c0-aa25-4d379428f770 => generated 246 bytes in 12 msecs (HTTP/1.1 404) 6 headers in 231 bytes (1 switches on core 0)
2026-04-27 02:44:18.594 8 INFO placement.requestlog [None req-d2f115ac-3bbc-49fb-866b-ce67ddfab4bc efbac9b9983340e8a310b6119a050777 954dc0e0a4af40789b2c5160be89f0dd - - 6e8d85aea8224fc19c5202e4306d779c 6e8d85aea8224fc19c5202e4306d779c] 10.0.0.159 "DELETE /resource_providers/eec3ff4b-800d-42c0-aa25-4d379428f770" status: 404 len: 246 microversion: 1.1 [pid: 8|app: 0|req: 579/1156] 10.0.0.159 () {34 vars in 816 bytes} [Mon Apr 27 02:44:18 2026] DELETE /resource_providers/eec3ff4b-800d-42c0-aa25-4d379428f770 => generated 246 bytes in 15 msecs (HTTP/1.1 404) 6 headers in 231 bytes (1 switches on core 0)
2026-04-27 02:44:20.617 7 INFO placement.requestlog [None req-af975ff3-8b6d-4bff-a160-454bea989e52 efbac9b9983340e8a310b6119a050777 954dc0e0a4af40789b2c5160be89f0dd - - 6e8d85aea8224fc19c5202e4306d779c 6e8d85aea8224fc19c5202e4306d779c] 10.0.0.159 "GET /resource_providers/f488587a-5637-48cd-9dba-bedb558c2ad6/aggregates" status: 404 len: 235 microversion: 1.1 [pid: 7|app: 0|req: 578/1157] 10.0.0.159 () {32 vars in 816 bytes} [Mon Apr 27 02:44:20 2026] GET /resource_providers/f488587a-5637-48cd-9dba-bedb558c2ad6/aggregates => generated 235 bytes in 18 msecs (HTTP/1.1 404) 5 headers in 202 bytes (1 switches on core 0)
2026-04-27 02:44:20.635 8 INFO placement.requestlog [None req-b04a0b8a-169f-40e8-9607-db5a8f74ff43 efbac9b9983340e8a310b6119a050777 954dc0e0a4af40789b2c5160be89f0dd - - 6e8d85aea8224fc19c5202e4306d779c 6e8d85aea8224fc19c5202e4306d779c] 10.0.0.159 "GET /resource_providers/f488587a-5637-48cd-9dba-bedb558c2ad6/aggregates" status: 404 len: 235 microversion: 1.1 [pid: 8|app: 0|req: 580/1158] 10.0.0.159 () {32 vars in 816 bytes} [Mon Apr 27 02:44:20 2026] GET /resource_providers/f488587a-5637-48cd-9dba-bedb558c2ad6/aggregates => generated 235 bytes in 29 msecs (HTTP/1.1 404) 5 headers in 202 bytes (1 switches on core 0)
2026-04-27 02:44:20.646 7 INFO placement.requestlog [None req-95a9fcea-8b10-4536-b935-74233fe7cdf6 efbac9b9983340e8a310b6119a050777 954dc0e0a4af40789b2c5160be89f0dd - - 6e8d85aea8224fc19c5202e4306d779c 6e8d85aea8224fc19c5202e4306d779c] 10.0.0.159 "DELETE /resource_providers/f488587a-5637-48cd-9dba-bedb558c2ad6" status: 404 len: 246 microversion: 1.1 [pid: 7|app: 0|req: 579/1159] 10.0.0.159 () {34 vars in 816 bytes} [Mon Apr 27 02:44:20 2026] DELETE /resource_providers/f488587a-5637-48cd-9dba-bedb558c2ad6 => generated 246 bytes in 13 msecs (HTTP/1.1 404) 6 headers in 231 bytes (1 switches on core 0)
2026-04-27 02:44:20.665 8 INFO placement.requestlog [None req-82a5669c-8a3d-4e99-92f0-0e9dedf0f0aa efbac9b9983340e8a310b6119a050777 954dc0e0a4af40789b2c5160be89f0dd - - 6e8d85aea8224fc19c5202e4306d779c 6e8d85aea8224fc19c5202e4306d779c] 10.0.0.159 "DELETE /resource_providers/f488587a-5637-48cd-9dba-bedb558c2ad6" status: 404 len: 246 microversion: 1.1 [pid: 8|app: 0|req: 581/1160] 10.0.0.159 () {34 vars in 816 bytes} [Mon Apr 27 02:44:20 2026] DELETE /resource_providers/f488587a-5637-48cd-9dba-bedb558c2ad6 => generated 246 bytes in 22 msecs (HTTP/1.1 404) 6 headers in 231 bytes (1 switches on core 0)
2026-04-27 02:44:25.830 7 INFO placement.requestlog [None req-9686759b-8c9e-456d-b674-8de36861f428 - - - - - -] 10.0.0.78 "GET /" status: 200 len: 136 microversion: 1.0
2026-04-27 02:44:25.832 8 INFO placement.requestlog [None req-25348a5f-0de6-411a-9b38-74c7fbb5b134 - - - - - -] 10.0.0.78 "GET /" status: 200 len: 136 microversion: 1.0
2026-04-27 02:44:35.831 8 INFO placement.requestlog [None req-0cff8d7b-27c4-412c-bdb3-aa239cecec73 - - - - - -] 10.0.0.78 "GET /" status: 200 len: 136 microversion: 1.0
2026-04-27 02:44:35.831 7 INFO placement.requestlog [None req-69fb4547-f2a1-4370-9289-7a8566cde824 - - - - - -] 10.0.0.78 "GET /" status: 200 len: 136 microversion: 1.0
2026-04-27 02:44:41.394 8 INFO placement.requestlog [req-024ff8cb-93e2-4b91-9115-b349b651ccfa req-4c76c5de-e5da-4ad4-9608-0b4f12112302 69b7e705fc4540709d50b300dda5ba88 954dc0e0a4af40789b2c5160be89f0dd - - 6e8d85aea8224fc19c5202e4306d779c 6e8d85aea8224fc19c5202e4306d779c] 10.0.0.31 "GET /allocation_candidates?limit=1000&resources=DISK_GB%3A1%2CMEMORY_MB%3A512%2CVCPU%3A1&root_required=%21COMPUTE_STATUS_DISABLED" status: 200 len: 2150 microversion: 1.36 [pid: 8|app: 0|req: 584/1165] 10.0.0.31 () {34 vars in 1011 bytes} [Mon Apr 27 02:44:41 2026] GET /allocation_candidates?limit=1000&resources=DISK_GB%3A1%2CMEMORY_MB%3A512%2CVCPU%3A1&root_required=%21COMPUTE_STATUS_DISABLED => generated 2150 bytes in 50 msecs (HTTP/1.1 200) 8 headers in 297 bytes (1 switches on core 0)
2026-04-27 02:44:41.432 7 INFO placement.requestlog [req-024ff8cb-93e2-4b91-9115-b349b651ccfa req-9e55cdac-4544-47ed-8317-dfc0dcfe5455 69b7e705fc4540709d50b300dda5ba88 954dc0e0a4af40789b2c5160be89f0dd - - 6e8d85aea8224fc19c5202e4306d779c 6e8d85aea8224fc19c5202e4306d779c] 10.0.0.31 "GET /allocations/d109af64-1a17-424a-b746-2a4a05658932" status: 200 len: 19 microversion: 1.28 [pid: 7|app: 0|req: 582/1166] 10.0.0.31 () {34 vars in 860 bytes} [Mon Apr 27 02:44:41 2026] GET /allocations/d109af64-1a17-424a-b746-2a4a05658932 => generated 19 bytes in 15 msecs (HTTP/1.1 200) 8 headers in 295 bytes (1 switches on core 0)
2026-04-27 02:44:41.500 8 INFO placement.requestlog [req-024ff8cb-93e2-4b91-9115-b349b651ccfa req-0a4d4eae-fed5-4b75-9831-98c087e1ee31 69b7e705fc4540709d50b300dda5ba88 954dc0e0a4af40789b2c5160be89f0dd - - 6e8d85aea8224fc19c5202e4306d779c 6e8d85aea8224fc19c5202e4306d779c] 10.0.0.31 "PUT /allocations/d109af64-1a17-424a-b746-2a4a05658932" status: 204 len: 0 microversion: 1.36 [pid: 8|app: 0|req: 585/1167] 10.0.0.31 () {38 vars in 913 bytes} [Mon Apr 27 02:44:41 2026] PUT /allocations/d109af64-1a17-424a-b746-2a4a05658932 => generated 0 bytes in 61 msecs (HTTP/1.1 204) 5 headers in 199 bytes (1 switches on core 0)
2026-04-27 02:44:41.800 7 INFO placement.requestlog [req-024ff8cb-93e2-4b91-9115-b349b651ccfa req-65654495-1e21-4fa5-b56d-a5a25fc4f470 69b7e705fc4540709d50b300dda5ba88 954dc0e0a4af40789b2c5160be89f0dd - - 6e8d85aea8224fc19c5202e4306d779c 6e8d85aea8224fc19c5202e4306d779c] 199.19.213.104 "GET /allocations/d109af64-1a17-424a-b746-2a4a05658932" status: 200 len: 258 microversion: 1.28 [pid: 7|app: 0|req: 583/1168] 199.19.213.104 () {34 vars in 863 bytes} [Mon Apr 27 02:44:41 2026] GET /allocations/d109af64-1a17-424a-b746-2a4a05658932 => generated 258 bytes in 14 msecs (HTTP/1.1 200) 8 headers in 296 bytes (1 switches on core 0)
2026-04-27 02:44:41.944 8 INFO placement.requestlog [req-024ff8cb-93e2-4b91-9115-b349b651ccfa req-77db44d1-69dd-4550-9076-640d24ff9b01 69b7e705fc4540709d50b300dda5ba88 954dc0e0a4af40789b2c5160be89f0dd - - 6e8d85aea8224fc19c5202e4306d779c 6e8d85aea8224fc19c5202e4306d779c] 199.19.213.104 "GET /resource_providers/b644f03b-44d6-4bfc-9316-0d2fa551df67/allocations" status: 200 len: 540 microversion: 1.0 [pid: 8|app: 0|req: 586/1169] 199.19.213.104 () {32 vars in 857 bytes} [Mon Apr 27 02:44:41 2026] GET /resource_providers/b644f03b-44d6-4bfc-9316-0d2fa551df67/allocations => generated 540 bytes in 19 msecs (HTTP/1.1 200) 6 headers in 224 bytes (1 switches on core 0)
2026-04-27 02:44:41.968 7 INFO placement.requestlog [req-024ff8cb-93e2-4b91-9115-b349b651ccfa req-ed9f8b7a-88c2-4c58-bf0f-b43077c6ecd5 69b7e705fc4540709d50b300dda5ba88 954dc0e0a4af40789b2c5160be89f0dd - - 6e8d85aea8224fc19c5202e4306d779c 6e8d85aea8224fc19c5202e4306d779c] 199.19.213.104 "GET /allocations/6e8a069b-9ea8-4c7c-a441-a1bb6c39d16a" status: 200 len: 258 microversion: 1.28 [pid: 7|app: 0|req: 584/1170] 199.19.213.104 () {34 vars in 863 bytes} [Mon Apr 27 02:44:41 2026] GET /allocations/6e8a069b-9ea8-4c7c-a441-a1bb6c39d16a => generated 258 bytes in 18 msecs (HTTP/1.1 200) 8 headers in 296 bytes (1 switches on core 0)
2026-04-27 02:44:41.992 8 INFO placement.requestlog [req-024ff8cb-93e2-4b91-9115-b349b651ccfa req-febbfa42-9049-4976-8142-940fd4524ec2 69b7e705fc4540709d50b300dda5ba88 954dc0e0a4af40789b2c5160be89f0dd - - 6e8d85aea8224fc19c5202e4306d779c 6e8d85aea8224fc19c5202e4306d779c] 199.19.213.104 "GET /allocations/7dffc86f-8071-4daf-b56c-7f0d8325a87d" status: 200 len: 258 microversion: 1.28 [pid: 8|app: 0|req: 587/1171] 199.19.213.104 () {34 vars in 863 bytes} [Mon Apr 27 02:44:41 2026] GET /allocations/7dffc86f-8071-4daf-b56c-7f0d8325a87d => generated 258 bytes in 15 msecs (HTTP/1.1 200) 8 headers in 296 bytes (1 switches on core 0)
2026-04-27 02:44:42.013 7 INFO placement.requestlog [req-024ff8cb-93e2-4b91-9115-b349b651ccfa req-5c7c35b6-1553-4301-97ab-e48863b798e1 69b7e705fc4540709d50b300dda5ba88 954dc0e0a4af40789b2c5160be89f0dd - - 6e8d85aea8224fc19c5202e4306d779c 6e8d85aea8224fc19c5202e4306d779c] 199.19.213.104 "GET /allocations/d7d1a44a-7343-4c04-856c-9c8a7dfef81f" status: 200 len: 258 microversion: 1.28 [pid: 7|app: 0|req: 585/1172] 199.19.213.104 () {34 vars in 863 bytes} [Mon Apr 27 02:44:41 2026] GET /allocations/d7d1a44a-7343-4c04-856c-9c8a7dfef81f => generated 258 bytes in 15 msecs (HTTP/1.1 200) 8 headers in 296 bytes (1 switches on core 0)
2026-04-27 02:44:42.037 8 INFO placement.requestlog [req-024ff8cb-93e2-4b91-9115-b349b651ccfa req-fc7d2871-8b01-46e5-8877-72cc2e292e52 69b7e705fc4540709d50b300dda5ba88 954dc0e0a4af40789b2c5160be89f0dd - - 6e8d85aea8224fc19c5202e4306d779c 6e8d85aea8224fc19c5202e4306d779c] 199.19.213.104 "GET /allocations/d109af64-1a17-424a-b746-2a4a05658932" status: 200 len: 258 microversion: 1.28 [pid: 8|app: 0|req: 588/1173] 199.19.213.104 () {34 vars in 863 bytes} [Mon Apr 27 02:44:42 2026] GET /allocations/d109af64-1a17-424a-b746-2a4a05658932 => generated 258 bytes in 15 msecs (HTTP/1.1 200) 8 headers in 296 bytes (1 switches on core 0)
2026-04-27 02:44:42.062 7 INFO placement.requestlog [req-024ff8cb-93e2-4b91-9115-b349b651ccfa req-bea75bfa-3d83-49cf-acdf-a5ba721dab36 69b7e705fc4540709d50b300dda5ba88 954dc0e0a4af40789b2c5160be89f0dd - - 6e8d85aea8224fc19c5202e4306d779c 6e8d85aea8224fc19c5202e4306d779c] 199.19.213.104 "GET /allocations/c8563f0a-a16d-4432-bb9e-65e81c290018" status: 200 len: 245 microversion: 1.28 [pid: 7|app: 0|req: 586/1174] 199.19.213.104 () {34 vars in 863 bytes} [Mon Apr 27 02:44:42 2026] GET /allocations/c8563f0a-a16d-4432-bb9e-65e81c290018 => generated 245 bytes in 12 msecs (HTTP/1.1 200) 8 headers in 296 bytes (1 switches on core 0)
2026-04-27 02:44:44.976 8 INFO placement.requestlog [None req-51c0e397-73d0-41e6-8c8e-ebf08b3922cb efbac9b9983340e8a310b6119a050777 954dc0e0a4af40789b2c5160be89f0dd - - 6e8d85aea8224fc19c5202e4306d779c 6e8d85aea8224fc19c5202e4306d779c] 10.0.0.159 "GET /resource_providers/cba45deb-f03a-48ad-b383-eff4086f8b2a/aggregates" status: 404 len: 235 microversion: 1.1 [pid: 8|app: 0|req: 589/1175] 10.0.0.159 () {32 vars in 816 bytes} [Mon Apr 27 02:44:44 2026] GET /resource_providers/cba45deb-f03a-48ad-b383-eff4086f8b2a/aggregates => generated 235 bytes in 10 msecs (HTTP/1.1 404) 5 headers in 202 bytes (1 switches on core 0)
2026-04-27 02:44:44.979 7 INFO placement.requestlog [None req-3bf79cfa-8949-481e-bece-ee461f17cabc efbac9b9983340e8a310b6119a050777 954dc0e0a4af40789b2c5160be89f0dd - - 6e8d85aea8224fc19c5202e4306d779c 6e8d85aea8224fc19c5202e4306d779c] 10.0.0.159 "GET /resource_providers/cba45deb-f03a-48ad-b383-eff4086f8b2a/aggregates" status: 404 len: 235 microversion: 1.1 [pid: 7|app: 0|req: 587/1176] 10.0.0.159 () {32 vars in 816 bytes} [Mon Apr 27 02:44:44 2026] GET /resource_providers/cba45deb-f03a-48ad-b383-eff4086f8b2a/aggregates => generated 235 bytes in 12 msecs (HTTP/1.1 404) 5 headers in 202 bytes (1 switches on core 0)
2026-04-27 02:44:45.023 7 INFO placement.requestlog [None req-7995761d-54d9-4210-a633-bdacbe7a2793 efbac9b9983340e8a310b6119a050777 954dc0e0a4af40789b2c5160be89f0dd - - 6e8d85aea8224fc19c5202e4306d779c 6e8d85aea8224fc19c5202e4306d779c] 10.0.0.159 "DELETE /resource_providers/cba45deb-f03a-48ad-b383-eff4086f8b2a" status: 404 len: 246 microversion: 1.1
2026-04-27 02:44:45.023 8 INFO placement.requestlog [None req-2e9a4204-c907-4c84-9fe9-cad1e1a6ae15 efbac9b9983340e8a310b6119a050777 954dc0e0a4af40789b2c5160be89f0dd - - 6e8d85aea8224fc19c5202e4306d779c 6e8d85aea8224fc19c5202e4306d779c] 10.0.0.159 "DELETE /resource_providers/cba45deb-f03a-48ad-b383-eff4086f8b2a" status: 404 len: 246 microversion: 1.1 [pid: 7|app: 0|req: 588/1177] 10.0.0.159 () {34 vars in 816 bytes} [Mon Apr 27 02:44:45 2026] DELETE /resource_providers/cba45deb-f03a-48ad-b383-eff4086f8b2a => generated 246 bytes in 18 msecs (HTTP/1.1 404) 6 headers in 231 bytes (1 switches on core 0) [pid: 8|app: 0|req: 590/1178] 10.0.0.159 () {34 vars in 816 bytes} [Mon Apr 27 02:44:45 2026] DELETE /resource_providers/cba45deb-f03a-48ad-b383-eff4086f8b2a => generated 246 bytes in 20 msecs (HTTP/1.1 404) 6 headers in 231 bytes (1 switches on core 0)
2026-04-27 02:44:45.500 7 INFO placement.requestlog [None req-133df68a-4f85-48b3-906e-8884f3a922ce efbac9b9983340e8a310b6119a050777 954dc0e0a4af40789b2c5160be89f0dd - - 6e8d85aea8224fc19c5202e4306d779c 6e8d85aea8224fc19c5202e4306d779c] 10.0.0.159 "GET /resource_providers/a1c67e1a-0b4d-4534-892b-8977d5fb5f14/aggregates" status: 404 len: 235 microversion: 1.1 [pid: 7|app: 0|req: 589/1179] 10.0.0.159 () {32 vars in 816 bytes} [Mon Apr 27 02:44:45 2026] GET /resource_providers/a1c67e1a-0b4d-4534-892b-8977d5fb5f14/aggregates => generated 235 bytes in 15 msecs (HTTP/1.1 404) 5 headers in 202 bytes (1 switches on core 0)
2026-04-27 02:44:45.514 8 INFO placement.requestlog [None req-adce80cd-d67c-4e66-abe1-d95096e80497 efbac9b9983340e8a310b6119a050777 954dc0e0a4af40789b2c5160be89f0dd - - 6e8d85aea8224fc19c5202e4306d779c 6e8d85aea8224fc19c5202e4306d779c] 10.0.0.159 "GET /resource_providers/a1c67e1a-0b4d-4534-892b-8977d5fb5f14/aggregates" status: 404 len: 235 microversion: 1.1 [pid: 8|app: 0|req: 591/1180] 10.0.0.159 () {32 vars in 816 bytes} [Mon Apr 27 02:44:45 2026] GET /resource_providers/a1c67e1a-0b4d-4534-892b-8977d5fb5f14/aggregates => generated 235 bytes in 23 msecs (HTTP/1.1 404) 5 headers in 202 bytes (1 switches on core 0)
2026-04-27 02:44:45.526 7 INFO placement.requestlog [None req-cf3c3651-08cb-4d0e-8574-21faa4718a68 efbac9b9983340e8a310b6119a050777 954dc0e0a4af40789b2c5160be89f0dd - - 6e8d85aea8224fc19c5202e4306d779c 6e8d85aea8224fc19c5202e4306d779c] 10.0.0.159 "DELETE /resource_providers/a1c67e1a-0b4d-4534-892b-8977d5fb5f14" status: 404 len: 246 microversion: 1.1 [pid: 7|app: 0|req: 590/1181] 10.0.0.159 () {34 vars in 816 bytes} [Mon Apr 27 02:44:45 2026] DELETE /resource_providers/a1c67e1a-0b4d-4534-892b-8977d5fb5f14 => generated 246 bytes in 13 msecs (HTTP/1.1 404) 6 headers in 231 bytes (1 switches on core 0)
2026-04-27 02:44:45.536 8 INFO placement.requestlog [None req-8c82dd4c-76ee-47fc-b32e-0568cc852b0b efbac9b9983340e8a310b6119a050777 954dc0e0a4af40789b2c5160be89f0dd - - 6e8d85aea8224fc19c5202e4306d779c 6e8d85aea8224fc19c5202e4306d779c] 10.0.0.159 "DELETE /resource_providers/a1c67e1a-0b4d-4534-892b-8977d5fb5f14" status: 404 len: 246 microversion: 1.1 [pid: 8|app: 0|req: 592/1182] 10.0.0.159 () {34 vars in 816 bytes} [Mon Apr 27 02:44:45 2026] DELETE /resource_providers/a1c67e1a-0b4d-4534-892b-8977d5fb5f14 => generated 246 bytes in 15 msecs (HTTP/1.1 404) 6 headers in 231 bytes (1 switches on core 0)
2026-04-27 02:44:45.831 7 INFO placement.requestlog [None req-b6831260-e9b8-48c2-9d6c-6a57de829990 - - - - - -] 10.0.0.78 "GET /" status: 200 len: 136 microversion: 1.0
2026-04-27 02:44:45.832 8 INFO placement.requestlog [None req-cfc0eee6-1f40-4d49-90b9-de82d09076c5 - - - - - -] 10.0.0.78 "GET /" status: 200 len: 136 microversion: 1.0
2026-04-27 02:44:46.985 7 INFO placement.requestlog [req-e020a46f-3d5b-4428-bcb4-ea31a3e85c15 req-6d22cd42-acce-4d1b-8a9a-7902eb0bf297 69b7e705fc4540709d50b300dda5ba88 954dc0e0a4af40789b2c5160be89f0dd - - 6e8d85aea8224fc19c5202e4306d779c 6e8d85aea8224fc19c5202e4306d779c] 199.19.213.104 "GET /resource_providers/b644f03b-44d6-4bfc-9316-0d2fa551df67/allocations" status: 200 len: 540 microversion: 1.0 [pid: 7|app: 0|req: 592/1185] 199.19.213.104 () {32 vars in 857 bytes} [Mon Apr 27 02:44:46 2026] GET /resource_providers/b644f03b-44d6-4bfc-9316-0d2fa551df67/allocations => generated 540 bytes in 23 msecs (HTTP/1.1 200) 6 headers in 224 bytes (1 switches on core 0)
2026-04-27 02:44:47.044 8 INFO placement.requestlog [req-e020a46f-3d5b-4428-bcb4-ea31a3e85c15 req-78013b40-f659-4b34-b3f2-b2451c3b0035 69b7e705fc4540709d50b300dda5ba88 954dc0e0a4af40789b2c5160be89f0dd - - 6e8d85aea8224fc19c5202e4306d779c 6e8d85aea8224fc19c5202e4306d779c] 199.19.213.104 "GET /resource_providers/b644f03b-44d6-4bfc-9316-0d2fa551df67/allocations" status: 200 len: 540 microversion: 1.0 [pid: 8|app: 0|req: 594/1186] 199.19.213.104 () {32 vars in 857 bytes} [Mon Apr 27 02:44:47 2026] GET /resource_providers/b644f03b-44d6-4bfc-9316-0d2fa551df67/allocations => generated 540 bytes in 20 msecs (HTTP/1.1 200) 6 headers in 224 bytes (1 switches on core 0)
2026-04-27 02:44:47.070 7 INFO placement.requestlog [req-e020a46f-3d5b-4428-bcb4-ea31a3e85c15 req-88d94c59-b881-4654-ba45-8103c5cda5a1 69b7e705fc4540709d50b300dda5ba88 954dc0e0a4af40789b2c5160be89f0dd - - 6e8d85aea8224fc19c5202e4306d779c 6e8d85aea8224fc19c5202e4306d779c] 199.19.213.104 "GET /allocations/6e8a069b-9ea8-4c7c-a441-a1bb6c39d16a" status: 200 len: 258 microversion: 1.28 [pid: 7|app: 0|req: 593/1187] 199.19.213.104 () {34 vars in 863 bytes} [Mon Apr 27 02:44:47 2026] GET /allocations/6e8a069b-9ea8-4c7c-a441-a1bb6c39d16a => generated 258 bytes in 18 msecs (HTTP/1.1 200) 8 headers in 296 bytes (1 switches on core 0)
2026-04-27 02:44:47.092 8 INFO placement.requestlog [req-e020a46f-3d5b-4428-bcb4-ea31a3e85c15 req-6fb3df18-f201-43c0-a898-b6968ab9f85f 69b7e705fc4540709d50b300dda5ba88 954dc0e0a4af40789b2c5160be89f0dd - - 6e8d85aea8224fc19c5202e4306d779c 6e8d85aea8224fc19c5202e4306d779c] 199.19.213.104 "GET /allocations/7dffc86f-8071-4daf-b56c-7f0d8325a87d" status: 200 len: 258 microversion: 1.28 [pid: 8|app: 0|req: 595/1188] 199.19.213.104 () {34 vars in 863 bytes} [Mon Apr 27 02:44:47 2026] GET /allocations/7dffc86f-8071-4daf-b56c-7f0d8325a87d => generated 258 bytes in 14 msecs (HTTP/1.1 200) 8 headers in 296 bytes (1 switches on core 0)
2026-04-27 02:44:47.116 7 INFO placement.requestlog [req-e020a46f-3d5b-4428-bcb4-ea31a3e85c15 req-61b4ab8d-bbe5-4c33-ac68-95e7fdf85b77 69b7e705fc4540709d50b300dda5ba88 954dc0e0a4af40789b2c5160be89f0dd - - 6e8d85aea8224fc19c5202e4306d779c 6e8d85aea8224fc19c5202e4306d779c] 199.19.213.104 "GET /allocations/d7d1a44a-7343-4c04-856c-9c8a7dfef81f" status: 200 len: 258 microversion: 1.28 [pid: 7|app: 0|req: 594/1189] 199.19.213.104 () {34 vars in 863 bytes} [Mon Apr 27 02:44:47 2026] GET /allocations/d7d1a44a-7343-4c04-856c-9c8a7dfef81f => generated 258 bytes in 16 msecs (HTTP/1.1 200) 8 headers in 296 bytes (1 switches on core 0)
2026-04-27 02:44:47.143 8 INFO placement.requestlog [req-e020a46f-3d5b-4428-bcb4-ea31a3e85c15 req-1088b753-c23b-4311-854b-49ff1fbeb454 69b7e705fc4540709d50b300dda5ba88 954dc0e0a4af40789b2c5160be89f0dd - - 6e8d85aea8224fc19c5202e4306d779c 6e8d85aea8224fc19c5202e4306d779c] 199.19.213.104 "GET /allocations/d109af64-1a17-424a-b746-2a4a05658932" status: 200 len: 258 microversion: 1.28 [pid: 8|app: 0|req: 596/1190] 199.19.213.104 () {34 vars in 863 bytes} [Mon Apr 27 02:44:47 2026] GET /allocations/d109af64-1a17-424a-b746-2a4a05658932 => generated 258 bytes in 20 msecs (HTTP/1.1 200) 8 headers in 296 bytes (1 switches on core 0)
2026-04-27 02:44:47.167 7 INFO placement.requestlog [req-e020a46f-3d5b-4428-bcb4-ea31a3e85c15 req-aa8a0354-0d0b-4b64-a51e-f9e66b4a99b7 69b7e705fc4540709d50b300dda5ba88 954dc0e0a4af40789b2c5160be89f0dd - - 6e8d85aea8224fc19c5202e4306d779c 6e8d85aea8224fc19c5202e4306d779c] 199.19.213.104 "GET /allocations/c8563f0a-a16d-4432-bb9e-65e81c290018" status: 200 len: 245 microversion: 1.28 [pid: 7|app: 0|req: 595/1191] 199.19.213.104 () {34 vars in 863 bytes} [Mon Apr 27 02:44:47 2026] GET /allocations/c8563f0a-a16d-4432-bb9e-65e81c290018 => generated 245 bytes in 15 msecs (HTTP/1.1 200) 8 headers in 296 bytes (1 switches on core 0)
2026-04-27 02:44:47.276 7 INFO placement.requestlog [None req-70ec5b29-0a27-4dcb-9dbf-e5b76233c8fd efbac9b9983340e8a310b6119a050777 954dc0e0a4af40789b2c5160be89f0dd - - 6e8d85aea8224fc19c5202e4306d779c 6e8d85aea8224fc19c5202e4306d779c] 10.0.0.159 "GET /resource_providers/7a1b229f-eab7-45e4-b192-5da4c9878ab8/aggregates" status: 404 len: 235 microversion: 1.1 [pid: 7|app: 0|req: 596/1192] 10.0.0.159 () {32 vars in 816 bytes} [Mon Apr 27 02:44:47 2026] GET /resource_providers/7a1b229f-eab7-45e4-b192-5da4c9878ab8/aggregates => generated 235 bytes in 15 msecs (HTTP/1.1 404) 5 headers in 202 bytes (1 switches on core 0)
2026-04-27 02:44:47.278 8 INFO placement.requestlog [None req-1cc89ee1-cd1b-4c6f-acbf-32096c17d634 efbac9b9983340e8a310b6119a050777 954dc0e0a4af40789b2c5160be89f0dd - - 6e8d85aea8224fc19c5202e4306d779c 6e8d85aea8224fc19c5202e4306d779c] 10.0.0.159 "GET /resource_providers/7a1b229f-eab7-45e4-b192-5da4c9878ab8/aggregates" status: 404 len: 235 microversion: 1.1 [pid: 8|app: 0|req: 597/1193] 10.0.0.159 () {32 vars in 816 bytes} [Mon Apr 27 02:44:47 2026] GET /resource_providers/7a1b229f-eab7-45e4-b192-5da4c9878ab8/aggregates => generated 235 bytes in 17 msecs (HTTP/1.1 404) 5 headers in 202 bytes (1 switches on core 0)
2026-04-27 02:44:47.301 8 INFO placement.requestlog [None req-929cbd66-3060-42b0-b0d0-1a5b650e669c efbac9b9983340e8a310b6119a050777 954dc0e0a4af40789b2c5160be89f0dd - - 6e8d85aea8224fc19c5202e4306d779c 6e8d85aea8224fc19c5202e4306d779c] 10.0.0.159 "DELETE /resource_providers/7a1b229f-eab7-45e4-b192-5da4c9878ab8" status: 404 len: 246 microversion: 1.1 [pid: 8|app: 0|req: 598/1194] 10.0.0.159 () {34 vars in 816 bytes} [Mon Apr 27 02:44:47 2026] DELETE /resource_providers/7a1b229f-eab7-45e4-b192-5da4c9878ab8 => generated 246 bytes in 15 msecs (HTTP/1.1 404) 6 headers in 231 bytes (1 switches on core 0)
2026-04-27 02:44:47.303 7 INFO placement.requestlog [None req-3c2c3626-8640-4aa9-81b8-0cdf8bd5acd7 efbac9b9983340e8a310b6119a050777 954dc0e0a4af40789b2c5160be89f0dd - - 6e8d85aea8224fc19c5202e4306d779c 6e8d85aea8224fc19c5202e4306d779c] 10.0.0.159 "DELETE /resource_providers/7a1b229f-eab7-45e4-b192-5da4c9878ab8" status: 404 len: 246 microversion: 1.1 [pid: 7|app: 0|req: 597/1195] 10.0.0.159 () {34 vars in 816 bytes} [Mon Apr 27 02:44:47 2026] DELETE /resource_providers/7a1b229f-eab7-45e4-b192-5da4c9878ab8 => generated 246 bytes in 16 msecs (HTTP/1.1 404) 6 headers in 231 bytes (1 switches on core 0)
2026-04-27 02:44:47.331 7 INFO placement.requestlog [None req-0791db17-bb7a-4957-9c3e-32a0c203dbba efbac9b9983340e8a310b6119a050777 954dc0e0a4af40789b2c5160be89f0dd - - 6e8d85aea8224fc19c5202e4306d779c 6e8d85aea8224fc19c5202e4306d779c] 10.0.0.159 "GET /resource_providers/a1a60df9-7224-4697-91aa-1f0f49a561bc/aggregates" status: 404 len: 235 microversion: 1.1 [pid: 7|app: 0|req: 598/1196] 10.0.0.159 () {32 vars in 816 bytes} [Mon Apr 27 02:44:47 2026] GET /resource_providers/a1a60df9-7224-4697-91aa-1f0f49a561bc/aggregates => generated 235 bytes in 12 msecs (HTTP/1.1 404) 5 headers in 202 bytes (1 switches on core 0)
2026-04-27 02:44:47.334 8 INFO placement.requestlog [None req-3f352127-7281-4ea1-8f87-2b0f36d9e630 efbac9b9983340e8a310b6119a050777 954dc0e0a4af40789b2c5160be89f0dd - - 6e8d85aea8224fc19c5202e4306d779c 6e8d85aea8224fc19c5202e4306d779c] 10.0.0.159 "GET /resource_providers/a1a60df9-7224-4697-91aa-1f0f49a561bc/aggregates" status: 404 len: 235 microversion: 1.1 [pid: 8|app: 0|req: 599/1197] 10.0.0.159 () {32 vars in 816 bytes} [Mon Apr 27 02:44:47 2026] GET /resource_providers/a1a60df9-7224-4697-91aa-1f0f49a561bc/aggregates => generated 235 bytes in 15 msecs (HTTP/1.1 404) 5 headers in 202 bytes (1 switches on core 0)
2026-04-27 02:44:47.352 7 INFO placement.requestlog [None req-6ac646f6-d0f4-4b11-b51b-0ccde7f25e77 efbac9b9983340e8a310b6119a050777 954dc0e0a4af40789b2c5160be89f0dd - - 6e8d85aea8224fc19c5202e4306d779c 6e8d85aea8224fc19c5202e4306d779c] 10.0.0.159 "DELETE /resource_providers/a1a60df9-7224-4697-91aa-1f0f49a561bc" status: 404 len: 246 microversion: 1.1 [pid: 7|app: 0|req: 599/1198] 10.0.0.159 () {34 vars in 816 bytes} [Mon Apr 27 02:44:47 2026] DELETE /resource_providers/a1a60df9-7224-4697-91aa-1f0f49a561bc => generated 246 bytes in 15 msecs (HTTP/1.1 404) 6 headers in 231 bytes (1 switches on core 0)
2026-04-27 02:44:47.354 8 INFO placement.requestlog [None req-8ffbdaed-be92-4e21-9226-8d17aab2fa70 efbac9b9983340e8a310b6119a050777 954dc0e0a4af40789b2c5160be89f0dd - - 6e8d85aea8224fc19c5202e4306d779c 6e8d85aea8224fc19c5202e4306d779c] 10.0.0.159 "DELETE /resource_providers/a1a60df9-7224-4697-91aa-1f0f49a561bc" status: 404 len: 246 microversion: 1.1 [pid: 8|app: 0|req: 600/1199] 10.0.0.159 () {34 vars in 816 bytes} [Mon Apr 27 02:44:47 2026] DELETE /resource_providers/a1a60df9-7224-4697-91aa-1f0f49a561bc => generated 246 bytes in 12 msecs (HTTP/1.1 404) 6 headers in 231 bytes (1 switches on core 0)
2026-04-27 02:44:47.769 7 INFO placement.requestlog [None req-9b9bd3b1-94be-427e-af7a-f77e41c50488 efbac9b9983340e8a310b6119a050777 954dc0e0a4af40789b2c5160be89f0dd - - 6e8d85aea8224fc19c5202e4306d779c 6e8d85aea8224fc19c5202e4306d779c] 10.0.0.159 "GET /resource_providers/65d0c4e9-dcad-4216-944e-b06efde2018d/aggregates" status: 404 len: 235 microversion: 1.1 [pid: 7|app: 0|req: 600/1200] 10.0.0.159 () {32 vars in 816 bytes} [Mon Apr 27 02:44:47 2026] GET /resource_providers/65d0c4e9-dcad-4216-944e-b06efde2018d/aggregates => generated 235 bytes in 236 msecs (HTTP/1.1 404) 5 headers in 202 bytes (1 switches on core 0)
2026-04-27 02:44:47.792 7 INFO placement.requestlog [None req-f2577368-6990-486e-ba14-b4eea1b1522b efbac9b9983340e8a310b6119a050777 954dc0e0a4af40789b2c5160be89f0dd - - 6e8d85aea8224fc19c5202e4306d779c 6e8d85aea8224fc19c5202e4306d779c] 10.0.0.159 "DELETE /resource_providers/65d0c4e9-dcad-4216-944e-b06efde2018d" status: 404 len: 246 microversion: 1.1 [pid: 7|app: 0|req: 601/1201] 10.0.0.159 () {34 vars in 816 bytes} [Mon Apr 27 02:44:47 2026] DELETE /resource_providers/65d0c4e9-dcad-4216-944e-b06efde2018d => generated 246 bytes in 12 msecs (HTTP/1.1 404) 6 headers in 231 bytes (1 switches on core 0)
