May 18 17:35:25.640068 np0000174472 systemd[1]: Starting devstack@n-api.service - Devstack devstack@n-api.service...
May 18 17:35:25.647261 np0000174472 devstack@n-api.service[99832]: [uWSGI] getting INI configuration from /etc/nova/nova-api-uwsgi.ini
May 18 17:35:25.650457 np0000174472 devstack@n-api.service[99832]: *** Starting uWSGI 2.0.24-debian (64bit) on [Mon May 18 17:35:25 2026] ***
May 18 17:35:25.650457 np0000174472 devstack@n-api.service[99832]: compiled with version: 13.2.0 on 17 April 2024 16:23:48
May 18 17:35:25.650457 np0000174472 devstack@n-api.service[99832]: os: Linux-6.8.0-111-generic #111-Ubuntu SMP PREEMPT_DYNAMIC Sat Apr 11 23:16:02 UTC 2026
May 18 17:35:25.650457 np0000174472 devstack@n-api.service[99832]: nodename: np0000174472
May 18 17:35:25.650457 np0000174472 devstack@n-api.service[99832]: machine: x86_64
May 18 17:35:25.650457 np0000174472 devstack@n-api.service[99832]: clock source: unix
May 18 17:35:25.650457 np0000174472 devstack@n-api.service[99832]: pcre jit disabled
May 18 17:35:25.650457 np0000174472 devstack@n-api.service[99832]: detected number of CPU cores: 16
May 18 17:35:25.650457 np0000174472 devstack@n-api.service[99832]: current working directory: /
May 18 17:35:25.650457 np0000174472 devstack@n-api.service[99832]: detected binary path: /usr/bin/uwsgi-core
May 18 17:35:25.650457 np0000174472 devstack@n-api.service[99832]: your processes number limit is 256917
May 18 17:35:25.650457 np0000174472 devstack@n-api.service[99832]: your memory page size is 4096 bytes
May 18 17:35:25.650457 np0000174472 devstack@n-api.service[99832]: detected max file descriptor number: 2048
May 18 17:35:25.650457 np0000174472 devstack@n-api.service[99832]: lock engine: pthread robust mutexes
May 18 17:35:25.651385 np0000174472 devstack@n-api.service[99832]: thunder lock: enabled
May 18 17:35:25.651385 np0000174472 devstack@n-api.service[99832]: uwsgi socket 0 bound to UNIX address /var/run/uwsgi/nova-api.socket fd 4
May 18 17:35:25.651385 np0000174472 devstack@n-api.service[99832]: Python version: 3.12.3 (main, Mar 23 2026, 19:04:32) [GCC 13.3.0]
May 18 17:35:25.651385 np0000174472 devstack@n-api.service[99832]: PEP 405 virtualenv detected: /opt/stack/data/venv
May 18 17:35:25.651385 np0000174472 devstack@n-api.service[99832]: Set PythonHome to /opt/stack/data/venv
May 18 17:35:25.688798 np0000174472 devstack@n-api.service[99832]: Python main interpreter initialized at 0x7b0ada2a3668
May 18 17:35:25.688798 np0000174472 devstack@n-api.service[99832]: python threads support enabled
May 18 17:35:25.688798 np0000174472 devstack@n-api.service[99832]: your server socket listen backlog is limited to 100 connections
May 18 17:35:25.688798 np0000174472 devstack@n-api.service[99832]: your mercy for graceful operations on workers is 80 seconds
May 18 17:35:25.689373 np0000174472 devstack@n-api.service[99832]: mapped 671795 bytes (656 KB) for 4 cores
May 18 17:35:25.689502 np0000174472 devstack@n-api.service[99832]: *** Operational MODE: preforking ***
May 18 17:35:25.689695 np0000174472 devstack@n-api.service[99832]: *** uWSGI is running in multiple interpreter mode ***
May 18 17:35:25.689695 np0000174472 devstack@n-api.service[99832]: spawned uWSGI master process (pid: 99832)
May 18 17:35:25.689923 np0000174472 systemd[1]: Started devstack@n-api.service - Devstack devstack@n-api.service.
May 18 17:35:25.690523 np0000174472 devstack@n-api.service[99832]: spawned uWSGI worker 1 (pid: 99833, cores: 1)
May 18 17:35:25.691003 np0000174472 devstack@n-api.service[99832]: spawned uWSGI worker 2 (pid: 99834, cores: 1)
May 18 17:35:25.691471 np0000174472 devstack@n-api.service[99832]: spawned uWSGI worker 3 (pid: 99835, cores: 1)
May 18 17:35:25.691954 np0000174472 devstack@n-api.service[99832]: spawned uWSGI worker 4 (pid: 99836, cores: 1)
May 18 17:35:25.692032 np0000174472 devstack@n-api.service[99832]: running "unix_signal:15 gracefully_kill_them_all" (master-start)...
May 18 17:35:26.011917 np0000174472 devstack@n-api.service[99834]: /opt/stack/data/venv/lib/python3.12/site-packages/oslo_concurrency/lockutils.py:41: EventletDeprecationWarning:
May 18 17:35:26.011917 np0000174472 devstack@n-api.service[99834]: Eventlet is deprecated. It is currently being maintained in bugfix mode, and
May 18 17:35:26.011917 np0000174472 devstack@n-api.service[99834]: we strongly recommend against using it for new projects.
May 18 17:35:26.011917 np0000174472 devstack@n-api.service[99834]: If you are already using Eventlet, we recommend migrating to a different
May 18 17:35:26.011917 np0000174472 devstack@n-api.service[99834]: framework. For more detail see
May 18 17:35:26.011917 np0000174472 devstack@n-api.service[99834]: https://eventlet.readthedocs.io/en/latest/asyncio/migration.html
May 18 17:35:26.011917 np0000174472 devstack@n-api.service[99834]: import eventlet
May 18 17:35:26.012493 np0000174472 devstack@n-api.service[99833]: /opt/stack/data/venv/lib/python3.12/site-packages/oslo_concurrency/lockutils.py:41: EventletDeprecationWarning:
May 18 17:35:26.012493 np0000174472 devstack@n-api.service[99833]: Eventlet is deprecated. It is currently being maintained in bugfix mode, and
May 18 17:35:26.012493 np0000174472 devstack@n-api.service[99833]: we strongly recommend against using it for new projects.
May 18 17:35:26.012493 np0000174472 devstack@n-api.service[99833]: If you are already using Eventlet, we recommend migrating to a different
May 18 17:35:26.012493 np0000174472 devstack@n-api.service[99833]: framework. For more detail see
May 18 17:35:26.012493 np0000174472 devstack@n-api.service[99833]: https://eventlet.readthedocs.io/en/latest/asyncio/migration.html
May 18 17:35:26.012493 np0000174472 devstack@n-api.service[99833]: import eventlet
May 18 17:35:26.022213 np0000174472 devstack@n-api.service[99835]: /opt/stack/data/venv/lib/python3.12/site-packages/oslo_concurrency/lockutils.py:41: EventletDeprecationWarning:
May 18 17:35:26.022213 np0000174472 devstack@n-api.service[99835]: Eventlet is deprecated. It is currently being maintained in bugfix mode, and
May 18 17:35:26.022213 np0000174472 devstack@n-api.service[99835]: we strongly recommend against using it for new projects.
May 18 17:35:26.022213 np0000174472 devstack@n-api.service[99835]: If you are already using Eventlet, we recommend migrating to a different
May 18 17:35:26.022213 np0000174472 devstack@n-api.service[99835]: framework. For more detail see
May 18 17:35:26.022213 np0000174472 devstack@n-api.service[99835]: https://eventlet.readthedocs.io/en/latest/asyncio/migration.html
May 18 17:35:26.022213 np0000174472 devstack@n-api.service[99835]: import eventlet
May 18 17:35:26.035287 np0000174472 devstack@n-api.service[99836]: /opt/stack/data/venv/lib/python3.12/site-packages/oslo_concurrency/lockutils.py:41: EventletDeprecationWarning:
May 18 17:35:26.035287 np0000174472 devstack@n-api.service[99836]: Eventlet is deprecated. It is currently being maintained in bugfix mode, and
May 18 17:35:26.035287 np0000174472 devstack@n-api.service[99836]: we strongly recommend against using it for new projects.
May 18 17:35:26.035287 np0000174472 devstack@n-api.service[99836]: If you are already using Eventlet, we recommend migrating to a different
May 18 17:35:26.035287 np0000174472 devstack@n-api.service[99836]: framework. For more detail see
May 18 17:35:26.035287 np0000174472 devstack@n-api.service[99836]: https://eventlet.readthedocs.io/en/latest/asyncio/migration.html
May 18 17:35:26.035287 np0000174472 devstack@n-api.service[99836]: import eventlet
May 18 17:35:27.509856 np0000174472 devstack@n-api.service[99836]: INFO dbcounter [None req-b0a74f4f-f272-428d-b212-c77ae8459e69 None None] Registered counter for database nova_api
May 18 17:35:27.513432 np0000174472 devstack@n-api.service[99835]: INFO dbcounter [None req-c753ad7e-5d91-4214-837c-9e40368d483e None None] Registered counter for database nova_api
May 18 17:35:27.519100 np0000174472 devstack@n-api.service[99833]: INFO dbcounter [None req-0ffde67d-5222-4811-8acf-4e64b9e7e87d None None] Registered counter for database nova_api
May 18 17:35:27.522521 np0000174472 devstack@n-api.service[99836]: DEBUG oslo_db.sqlalchemy.engines [None req-b0a74f4f-f272-428d-b212-c77ae8459e69 None None] MySQL server mode set to STRICT_TRANS_TABLES,STRICT_ALL_TABLES,NO_ZERO_IN_DATE,NO_ZERO_DATE,ERROR_FOR_DIVISION_BY_ZERO,TRADITIONAL,NO_ENGINE_SUBSTITUTION {{(pid=99836) _check_effective_sql_mode /opt/stack/data/venv/lib/python3.12/site-packages/oslo_db/sqlalchemy/engines.py:325}}
May 18 17:35:27.525254 np0000174472 devstack@n-api.service[99835]: DEBUG oslo_db.sqlalchemy.engines [None req-c753ad7e-5d91-4214-837c-9e40368d483e None None] MySQL server mode set to STRICT_TRANS_TABLES,STRICT_ALL_TABLES,NO_ZERO_IN_DATE,NO_ZERO_DATE,ERROR_FOR_DIVISION_BY_ZERO,TRADITIONAL,NO_ENGINE_SUBSTITUTION {{(pid=99835) _check_effective_sql_mode /opt/stack/data/venv/lib/python3.12/site-packages/oslo_db/sqlalchemy/engines.py:325}}
May 18 17:35:27.530747 np0000174472 devstack@n-api.service[99833]: DEBUG oslo_db.sqlalchemy.engines [None req-0ffde67d-5222-4811-8acf-4e64b9e7e87d None None] MySQL server mode set to STRICT_TRANS_TABLES,STRICT_ALL_TABLES,NO_ZERO_IN_DATE,NO_ZERO_DATE,ERROR_FOR_DIVISION_BY_ZERO,TRADITIONAL,NO_ENGINE_SUBSTITUTION {{(pid=99833) _check_effective_sql_mode /opt/stack/data/venv/lib/python3.12/site-packages/oslo_db/sqlalchemy/engines.py:325}}
May 18 17:35:27.538987 np0000174472 devstack@n-api.service[99834]: INFO dbcounter [None req-0f360494-3ce6-41c5-87e4-334f73cd36b9 None None] Registered counter for database nova_api
May 18 17:35:27.551087 np0000174472 devstack@n-api.service[99836]: DEBUG dbcounter [-] [99836] Writer thread running {{(pid=99836) stat_writer /opt/stack/data/venv/lib/python3.12/site-packages/dbcounter.py:102}}
May 18 17:35:27.553140 np0000174472 devstack@n-api.service[99836]: DEBUG nova.context [None req-b0a74f4f-f272-428d-b212-c77ae8459e69 None None] Found 2 cells: 00000000-0000-0000-0000-000000000000(cell0),785a8ea9-4193-477e-9e12-bcf30619906c(cell1) {{(pid=99836) load_cells /opt/stack/nova/nova/context.py:509}}
May 18 17:35:27.553364 np0000174472 devstack@n-api.service[99836]: INFO nova.utils [None req-b0a74f4f-f272-428d-b212-c77ae8459e69 None None] The cell worker thread pool MainProcess.cell_worker is initialized
May 18 17:35:27.555075 np0000174472 devstack@n-api.service[99836]: DEBUG oslo_concurrency.lockutils [None req-b0a74f4f-f272-428d-b212-c77ae8459e69 None None] Acquiring lock "00000000-0000-0000-0000-000000000000" by "nova.context.set_target_cell..get_or_set_cached_cell_and_set_connections" {{(pid=99836) inner /opt/stack/data/venv/lib/python3.12/site-packages/oslo_concurrency/lockutils.py:506}}
May 18 17:35:27.555240 np0000174472 devstack@n-api.service[99836]: DEBUG oslo_concurrency.lockutils [None req-b0a74f4f-f272-428d-b212-c77ae8459e69 None None] Lock "00000000-0000-0000-0000-000000000000" acquired by "nova.context.set_target_cell..get_or_set_cached_cell_and_set_connections" :: waited 0.000s {{(pid=99836) inner /opt/stack/data/venv/lib/python3.12/site-packages/oslo_concurrency/lockutils.py:519}}
May 18 17:35:27.555580 np0000174472 devstack@n-api.service[99836]: DEBUG oslo_concurrency.lockutils [None req-b0a74f4f-f272-428d-b212-c77ae8459e69 None None] Lock "00000000-0000-0000-0000-000000000000" "released" by "nova.context.set_target_cell..get_or_set_cached_cell_and_set_connections" :: held 0.000s {{(pid=99836) inner /opt/stack/data/venv/lib/python3.12/site-packages/oslo_concurrency/lockutils.py:538}}
May 18 17:35:27.556374 np0000174472 devstack@n-api.service[99834]: DEBUG oslo_db.sqlalchemy.engines [None req-0f360494-3ce6-41c5-87e4-334f73cd36b9 None None] MySQL server mode set to STRICT_TRANS_TABLES,STRICT_ALL_TABLES,NO_ZERO_IN_DATE,NO_ZERO_DATE,ERROR_FOR_DIVISION_BY_ZERO,TRADITIONAL,NO_ENGINE_SUBSTITUTION {{(pid=99834) _check_effective_sql_mode /opt/stack/data/venv/lib/python3.12/site-packages/oslo_db/sqlalchemy/engines.py:325}}
May 18 17:35:27.556436 np0000174472 devstack@n-api.service[99836]: DEBUG oslo_concurrency.lockutils [None req-b0a74f4f-f272-428d-b212-c77ae8459e69 None None] Acquiring lock "785a8ea9-4193-477e-9e12-bcf30619906c" by "nova.context.set_target_cell..get_or_set_cached_cell_and_set_connections" {{(pid=99836) inner /opt/stack/data/venv/lib/python3.12/site-packages/oslo_concurrency/lockutils.py:506}}
May 18 17:35:27.556524 np0000174472 devstack@n-api.service[99836]: DEBUG oslo_concurrency.lockutils [None req-b0a74f4f-f272-428d-b212-c77ae8459e69 None None] Lock "785a8ea9-4193-477e-9e12-bcf30619906c" acquired by "nova.context.set_target_cell..get_or_set_cached_cell_and_set_connections" :: waited 0.000s {{(pid=99836) inner /opt/stack/data/venv/lib/python3.12/site-packages/oslo_concurrency/lockutils.py:519}}
May 18 17:35:27.557392 np0000174472 devstack@n-api.service[99836]: DEBUG oslo_concurrency.lockutils [None req-b0a74f4f-f272-428d-b212-c77ae8459e69 None None] Lock "785a8ea9-4193-477e-9e12-bcf30619906c" "released" by "nova.context.set_target_cell..get_or_set_cached_cell_and_set_connections" :: held 0.001s {{(pid=99836) inner /opt/stack/data/venv/lib/python3.12/site-packages/oslo_concurrency/lockutils.py:538}}
May 18 17:35:27.557917 np0000174472 devstack@n-api.service[99835]: DEBUG dbcounter [-] [99835] Writer thread running {{(pid=99835) stat_writer /opt/stack/data/venv/lib/python3.12/site-packages/dbcounter.py:102}}
May 18 17:35:27.560057 np0000174472 devstack@n-api.service[99835]: DEBUG nova.context [None req-c753ad7e-5d91-4214-837c-9e40368d483e None None] Found 2 cells: 00000000-0000-0000-0000-000000000000(cell0),785a8ea9-4193-477e-9e12-bcf30619906c(cell1) {{(pid=99835) load_cells /opt/stack/nova/nova/context.py:509}}
May 18 17:35:27.560167 np0000174472 devstack@n-api.service[99836]: INFO dbcounter [None req-b0a74f4f-f272-428d-b212-c77ae8459e69 None None] Registered counter for database nova_cell0
May 18 17:35:27.560283 np0000174472 devstack@n-api.service[99835]: INFO nova.utils [None req-c753ad7e-5d91-4214-837c-9e40368d483e None None] The cell worker thread pool MainProcess.cell_worker is initialized
May 18 17:35:27.562104 np0000174472 devstack@n-api.service[99835]: DEBUG oslo_concurrency.lockutils [None req-c753ad7e-5d91-4214-837c-9e40368d483e None None] Acquiring lock "00000000-0000-0000-0000-000000000000" by "nova.context.set_target_cell..get_or_set_cached_cell_and_set_connections" {{(pid=99835) inner /opt/stack/data/venv/lib/python3.12/site-packages/oslo_concurrency/lockutils.py:506}}
May 18 17:35:27.562173 np0000174472 devstack@n-api.service[99833]: DEBUG dbcounter [-] [99833] Writer thread running {{(pid=99833) stat_writer /opt/stack/data/venv/lib/python3.12/site-packages/dbcounter.py:102}}
May 18 17:35:27.562303 np0000174472 devstack@n-api.service[99835]: DEBUG oslo_concurrency.lockutils [None req-c753ad7e-5d91-4214-837c-9e40368d483e None None] Lock "00000000-0000-0000-0000-000000000000" acquired by "nova.context.set_target_cell..get_or_set_cached_cell_and_set_connections" :: waited 0.000s {{(pid=99835) inner /opt/stack/data/venv/lib/python3.12/site-packages/oslo_concurrency/lockutils.py:519}}
May 18 17:35:27.562609 np0000174472 devstack@n-api.service[99835]: DEBUG oslo_concurrency.lockutils [None req-c753ad7e-5d91-4214-837c-9e40368d483e None None] Lock "00000000-0000-0000-0000-000000000000" "released" by "nova.context.set_target_cell..get_or_set_cached_cell_and_set_connections" :: held 0.000s {{(pid=99835) inner /opt/stack/data/venv/lib/python3.12/site-packages/oslo_concurrency/lockutils.py:538}}
May 18 17:35:27.563557 np0000174472 devstack@n-api.service[99835]: DEBUG oslo_concurrency.lockutils [None req-c753ad7e-5d91-4214-837c-9e40368d483e None None] Acquiring lock "785a8ea9-4193-477e-9e12-bcf30619906c" by "nova.context.set_target_cell..get_or_set_cached_cell_and_set_connections" {{(pid=99835) inner /opt/stack/data/venv/lib/python3.12/site-packages/oslo_concurrency/lockutils.py:506}}
May 18 17:35:27.563847 np0000174472 devstack@n-api.service[99835]: DEBUG oslo_concurrency.lockutils [None req-c753ad7e-5d91-4214-837c-9e40368d483e None None] Lock "785a8ea9-4193-477e-9e12-bcf30619906c" acquired by "nova.context.set_target_cell..get_or_set_cached_cell_and_set_connections" :: waited 0.000s {{(pid=99835) inner /opt/stack/data/venv/lib/python3.12/site-packages/oslo_concurrency/lockutils.py:519}}
May 18 17:35:27.564377 np0000174472 devstack@n-api.service[99833]: DEBUG nova.context [None req-0ffde67d-5222-4811-8acf-4e64b9e7e87d None None] Found 2 cells: 00000000-0000-0000-0000-000000000000(cell0),785a8ea9-4193-477e-9e12-bcf30619906c(cell1) {{(pid=99833) load_cells /opt/stack/nova/nova/context.py:509}}
May 18 17:35:27.564544 np0000174472 devstack@n-api.service[99835]: DEBUG oslo_concurrency.lockutils [None req-c753ad7e-5d91-4214-837c-9e40368d483e None None] Lock "785a8ea9-4193-477e-9e12-bcf30619906c" "released" by "nova.context.set_target_cell..get_or_set_cached_cell_and_set_connections" :: held 0.001s {{(pid=99835) inner /opt/stack/data/venv/lib/python3.12/site-packages/oslo_concurrency/lockutils.py:538}}
May 18 17:35:27.564601 np0000174472 devstack@n-api.service[99833]: INFO nova.utils [None req-0ffde67d-5222-4811-8acf-4e64b9e7e87d None None] The cell worker thread pool MainProcess.cell_worker is initialized
May 18 17:35:27.566267 np0000174472 devstack@n-api.service[99833]: DEBUG oslo_concurrency.lockutils [None req-0ffde67d-5222-4811-8acf-4e64b9e7e87d None None] Acquiring lock "00000000-0000-0000-0000-000000000000" by "nova.context.set_target_cell..get_or_set_cached_cell_and_set_connections" {{(pid=99833) inner /opt/stack/data/venv/lib/python3.12/site-packages/oslo_concurrency/lockutils.py:506}}
May 18 17:35:27.566325 np0000174472 devstack@n-api.service[99836]: INFO dbcounter [None req-b0a74f4f-f272-428d-b212-c77ae8459e69 None None] Registered counter for database nova_cell1
May 18 17:35:27.566431 np0000174472 devstack@n-api.service[99833]: DEBUG oslo_concurrency.lockutils [None req-0ffde67d-5222-4811-8acf-4e64b9e7e87d None None] Lock "00000000-0000-0000-0000-000000000000" acquired by "nova.context.set_target_cell..get_or_set_cached_cell_and_set_connections" :: waited 0.000s {{(pid=99833) inner /opt/stack/data/venv/lib/python3.12/site-packages/oslo_concurrency/lockutils.py:519}}
May 18 17:35:27.566757 np0000174472 devstack@n-api.service[99833]: DEBUG oslo_concurrency.lockutils [None req-0ffde67d-5222-4811-8acf-4e64b9e7e87d None None] Lock "00000000-0000-0000-0000-000000000000" "released" by "nova.context.set_target_cell..get_or_set_cached_cell_and_set_connections" :: held 0.000s {{(pid=99833) inner /opt/stack/data/venv/lib/python3.12/site-packages/oslo_concurrency/lockutils.py:538}}
May 18 17:35:27.567395 np0000174472 devstack@n-api.service[99833]: DEBUG oslo_concurrency.lockutils [None req-0ffde67d-5222-4811-8acf-4e64b9e7e87d None None] Acquiring lock "785a8ea9-4193-477e-9e12-bcf30619906c" by "nova.context.set_target_cell..get_or_set_cached_cell_and_set_connections" {{(pid=99833) inner /opt/stack/data/venv/lib/python3.12/site-packages/oslo_concurrency/lockutils.py:506}}
May 18 17:35:27.567534 np0000174472 devstack@n-api.service[99833]: DEBUG oslo_concurrency.lockutils [None req-0ffde67d-5222-4811-8acf-4e64b9e7e87d None None] Lock "785a8ea9-4193-477e-9e12-bcf30619906c" acquired by "nova.context.set_target_cell..get_or_set_cached_cell_and_set_connections" :: waited 0.000s {{(pid=99833) inner /opt/stack/data/venv/lib/python3.12/site-packages/oslo_concurrency/lockutils.py:519}}
May 18 17:35:27.568289 np0000174472 devstack@n-api.service[99835]: INFO dbcounter [None req-c753ad7e-5d91-4214-837c-9e40368d483e None None] Registered counter for database nova_cell0
May 18 17:35:27.568348 np0000174472 devstack@n-api.service[99833]: DEBUG oslo_concurrency.lockutils [None req-0ffde67d-5222-4811-8acf-4e64b9e7e87d None None] Lock "785a8ea9-4193-477e-9e12-bcf30619906c" "released" by "nova.context.set_target_cell..get_or_set_cached_cell_and_set_connections" :: held 0.001s {{(pid=99833) inner /opt/stack/data/venv/lib/python3.12/site-packages/oslo_concurrency/lockutils.py:538}}
May 18 17:35:27.570524 np0000174472 devstack@n-api.service[99833]: INFO dbcounter [None req-0ffde67d-5222-4811-8acf-4e64b9e7e87d None None] Registered counter for database nova_cell0
May 18 17:35:27.576890 np0000174472 devstack@n-api.service[99836]: DEBUG oslo_db.sqlalchemy.engines [None req-b0a74f4f-f272-428d-b212-c77ae8459e69 None None] MySQL server mode set to STRICT_TRANS_TABLES,STRICT_ALL_TABLES,NO_ZERO_IN_DATE,NO_ZERO_DATE,ERROR_FOR_DIVISION_BY_ZERO,TRADITIONAL,NO_ENGINE_SUBSTITUTION {{(pid=99836) _check_effective_sql_mode /opt/stack/data/venv/lib/python3.12/site-packages/oslo_db/sqlalchemy/engines.py:325}}
May 18 17:35:27.577111 np0000174472 devstack@n-api.service[99833]: INFO dbcounter [None req-0ffde67d-5222-4811-8acf-4e64b9e7e87d None None] Registered counter for database nova_cell1
May 18 17:35:27.577214 np0000174472 devstack@n-api.service[99835]: INFO dbcounter [None req-c753ad7e-5d91-4214-837c-9e40368d483e None None] Registered counter for database nova_cell1
May 18 17:35:27.577485 np0000174472 devstack@n-api.service[99836]: DEBUG oslo_db.sqlalchemy.engines [None req-b0a74f4f-f272-428d-b212-c77ae8459e69 None None] MySQL server mode set to STRICT_TRANS_TABLES,STRICT_ALL_TABLES,NO_ZERO_IN_DATE,NO_ZERO_DATE,ERROR_FOR_DIVISION_BY_ZERO,TRADITIONAL,NO_ENGINE_SUBSTITUTION {{(pid=99836) _check_effective_sql_mode /opt/stack/data/venv/lib/python3.12/site-packages/oslo_db/sqlalchemy/engines.py:325}}
May 18 17:35:27.587221 np0000174472 devstack@n-api.service[99835]: DEBUG oslo_db.sqlalchemy.engines [None req-c753ad7e-5d91-4214-837c-9e40368d483e None None] MySQL server mode set to STRICT_TRANS_TABLES,STRICT_ALL_TABLES,NO_ZERO_IN_DATE,NO_ZERO_DATE,ERROR_FOR_DIVISION_BY_ZERO,TRADITIONAL,NO_ENGINE_SUBSTITUTION {{(pid=99835) _check_effective_sql_mode /opt/stack/data/venv/lib/python3.12/site-packages/oslo_db/sqlalchemy/engines.py:325}}
May 18 17:35:27.589957 np0000174472 devstack@n-api.service[99833]: DEBUG oslo_db.sqlalchemy.engines [None req-0ffde67d-5222-4811-8acf-4e64b9e7e87d None None] MySQL server mode set to STRICT_TRANS_TABLES,STRICT_ALL_TABLES,NO_ZERO_IN_DATE,NO_ZERO_DATE,ERROR_FOR_DIVISION_BY_ZERO,TRADITIONAL,NO_ENGINE_SUBSTITUTION {{(pid=99833) _check_effective_sql_mode /opt/stack/data/venv/lib/python3.12/site-packages/oslo_db/sqlalchemy/engines.py:325}}
May 18 17:35:27.591709 np0000174472 devstack@n-api.service[99834]: DEBUG dbcounter [-] [99834] Writer thread running {{(pid=99834) stat_writer /opt/stack/data/venv/lib/python3.12/site-packages/dbcounter.py:102}}
May 18 17:35:27.594069 np0000174472 devstack@n-api.service[99834]: DEBUG nova.context [None req-0f360494-3ce6-41c5-87e4-334f73cd36b9 None None] Found 2 cells: 00000000-0000-0000-0000-000000000000(cell0),785a8ea9-4193-477e-9e12-bcf30619906c(cell1) {{(pid=99834) load_cells /opt/stack/nova/nova/context.py:509}}
May 18 17:35:27.594296 np0000174472 devstack@n-api.service[99834]: INFO nova.utils [None req-0f360494-3ce6-41c5-87e4-334f73cd36b9 None None] The cell worker thread pool MainProcess.cell_worker is initialized
May 18 17:35:27.595339 np0000174472 devstack@n-api.service[99833]: DEBUG oslo_db.sqlalchemy.engines [None req-0ffde67d-5222-4811-8acf-4e64b9e7e87d None None] MySQL server mode set to STRICT_TRANS_TABLES,STRICT_ALL_TABLES,NO_ZERO_IN_DATE,NO_ZERO_DATE,ERROR_FOR_DIVISION_BY_ZERO,TRADITIONAL,NO_ENGINE_SUBSTITUTION {{(pid=99833) _check_effective_sql_mode /opt/stack/data/venv/lib/python3.12/site-packages/oslo_db/sqlalchemy/engines.py:325}}
May 18 17:35:27.596090 np0000174472 devstack@n-api.service[99834]: DEBUG oslo_concurrency.lockutils [None req-0f360494-3ce6-41c5-87e4-334f73cd36b9 None None] Acquiring lock "00000000-0000-0000-0000-000000000000" by "nova.context.set_target_cell..get_or_set_cached_cell_and_set_connections" {{(pid=99834) inner /opt/stack/data/venv/lib/python3.12/site-packages/oslo_concurrency/lockutils.py:506}}
May 18 17:35:27.596320 np0000174472 devstack@n-api.service[99834]: DEBUG oslo_concurrency.lockutils [None req-0f360494-3ce6-41c5-87e4-334f73cd36b9 None None] Lock "00000000-0000-0000-0000-000000000000" acquired by "nova.context.set_target_cell..get_or_set_cached_cell_and_set_connections" :: waited 0.000s {{(pid=99834) inner /opt/stack/data/venv/lib/python3.12/site-packages/oslo_concurrency/lockutils.py:519}}
May 18 17:35:27.596842 np0000174472 devstack@n-api.service[99834]: DEBUG oslo_concurrency.lockutils [None req-0f360494-3ce6-41c5-87e4-334f73cd36b9 None None] Lock "00000000-0000-0000-0000-000000000000" "released" by "nova.context.set_target_cell..get_or_set_cached_cell_and_set_connections" :: held 0.000s {{(pid=99834) inner /opt/stack/data/venv/lib/python3.12/site-packages/oslo_concurrency/lockutils.py:538}}
May 18 17:35:27.597709 np0000174472 devstack@n-api.service[99834]: DEBUG oslo_concurrency.lockutils [None req-0f360494-3ce6-41c5-87e4-334f73cd36b9 None None] Acquiring lock "785a8ea9-4193-477e-9e12-bcf30619906c" by "nova.context.set_target_cell..get_or_set_cached_cell_and_set_connections" {{(pid=99834) inner /opt/stack/data/venv/lib/python3.12/site-packages/oslo_concurrency/lockutils.py:506}}
May 18 17:35:27.597955 np0000174472 devstack@n-api.service[99834]: DEBUG oslo_concurrency.lockutils [None req-0f360494-3ce6-41c5-87e4-334f73cd36b9 None None] Lock "785a8ea9-4193-477e-9e12-bcf30619906c" acquired by "nova.context.set_target_cell..get_or_set_cached_cell_and_set_connections" :: waited 0.000s {{(pid=99834) inner /opt/stack/data/venv/lib/python3.12/site-packages/oslo_concurrency/lockutils.py:519}}
May 18 17:35:27.598999 np0000174472 devstack@n-api.service[99834]: DEBUG oslo_concurrency.lockutils [None req-0f360494-3ce6-41c5-87e4-334f73cd36b9 None None] Lock "785a8ea9-4193-477e-9e12-bcf30619906c" "released" by "nova.context.set_target_cell..get_or_set_cached_cell_and_set_connections" :: held 0.001s {{(pid=99834) inner /opt/stack/data/venv/lib/python3.12/site-packages/oslo_concurrency/lockutils.py:538}}
May 18 17:35:27.602154 np0000174472 devstack@n-api.service[99834]: INFO dbcounter [None req-0f360494-3ce6-41c5-87e4-334f73cd36b9 None None] Registered counter for database nova_cell0
May 18 17:35:27.605594 np0000174472 devstack@n-api.service[99835]: DEBUG oslo_db.sqlalchemy.engines [None req-c753ad7e-5d91-4214-837c-9e40368d483e None None] MySQL server mode set to STRICT_TRANS_TABLES,STRICT_ALL_TABLES,NO_ZERO_IN_DATE,NO_ZERO_DATE,ERROR_FOR_DIVISION_BY_ZERO,TRADITIONAL,NO_ENGINE_SUBSTITUTION {{(pid=99835) _check_effective_sql_mode /opt/stack/data/venv/lib/python3.12/site-packages/oslo_db/sqlalchemy/engines.py:325}}
May 18 17:35:27.608361 np0000174472 devstack@n-api.service[99834]: INFO dbcounter [None req-0f360494-3ce6-41c5-87e4-334f73cd36b9 None None] Registered counter for database nova_cell1
May 18 17:35:27.618348 np0000174472 devstack@n-api.service[99834]: DEBUG oslo_db.sqlalchemy.engines [None req-0f360494-3ce6-41c5-87e4-334f73cd36b9 None None] MySQL server mode set to STRICT_TRANS_TABLES,STRICT_ALL_TABLES,NO_ZERO_IN_DATE,NO_ZERO_DATE,ERROR_FOR_DIVISION_BY_ZERO,TRADITIONAL,NO_ENGINE_SUBSTITUTION {{(pid=99834) _check_effective_sql_mode /opt/stack/data/venv/lib/python3.12/site-packages/oslo_db/sqlalchemy/engines.py:325}}
May 18 17:35:27.621058 np0000174472 devstack@n-api.service[99834]: DEBUG oslo_db.sqlalchemy.engines [None req-0f360494-3ce6-41c5-87e4-334f73cd36b9 None None] MySQL server mode set to STRICT_TRANS_TABLES,STRICT_ALL_TABLES,NO_ZERO_IN_DATE,NO_ZERO_DATE,ERROR_FOR_DIVISION_BY_ZERO,TRADITIONAL,NO_ENGINE_SUBSTITUTION {{(pid=99834) _check_effective_sql_mode /opt/stack/data/venv/lib/python3.12/site-packages/oslo_db/sqlalchemy/engines.py:325}}
May 18 17:35:27.685527 np0000174472 devstack@n-api.service[99833]: DEBUG dbcounter [-] [99833] Writer thread running {{(pid=99833) stat_writer /opt/stack/data/venv/lib/python3.12/site-packages/dbcounter.py:102}}
May 18 17:35:27.685682 np0000174472 devstack@n-api.service[99836]: DEBUG dbcounter [-] [99836] Writer thread running {{(pid=99836) stat_writer /opt/stack/data/venv/lib/python3.12/site-packages/dbcounter.py:102}}
May 18 17:35:27.686098 np0000174472 devstack@n-api.service[99836]: DEBUG dbcounter [-] [99836] Writer thread running {{(pid=99836) stat_writer /opt/stack/data/venv/lib/python3.12/site-packages/dbcounter.py:102}}
May 18 17:35:27.688932 np0000174472 devstack@n-api.service[99833]: DEBUG dbcounter [-] [99833] Writer thread running {{(pid=99833) stat_writer /opt/stack/data/venv/lib/python3.12/site-packages/dbcounter.py:102}}
May 18 17:35:27.690865 np0000174472 devstack@n-api.service[99836]: INFO dbcounter [None req-b0a74f4f-f272-428d-b212-c77ae8459e69 None None] Registered counter for database nova_cell0
May 18 17:35:27.693926 np0000174472 devstack@n-api.service[99833]: INFO dbcounter [None req-0ffde67d-5222-4811-8acf-4e64b9e7e87d None None] Registered counter for database nova_cell0
May 18 17:35:27.698232 np0000174472 devstack@n-api.service[99836]: DEBUG oslo_db.sqlalchemy.engines [None req-b0a74f4f-f272-428d-b212-c77ae8459e69 None None] MySQL server mode set to STRICT_TRANS_TABLES,STRICT_ALL_TABLES,NO_ZERO_IN_DATE,NO_ZERO_DATE,ERROR_FOR_DIVISION_BY_ZERO,TRADITIONAL,NO_ENGINE_SUBSTITUTION {{(pid=99836) _check_effective_sql_mode /opt/stack/data/venv/lib/python3.12/site-packages/oslo_db/sqlalchemy/engines.py:325}}
May 18 17:35:27.703234 np0000174472 devstack@n-api.service[99835]: DEBUG dbcounter [-] [99835] Writer thread running {{(pid=99835) stat_writer /opt/stack/data/venv/lib/python3.12/site-packages/dbcounter.py:102}}
May 18 17:35:27.703517 np0000174472 devstack@n-api.service[99833]: DEBUG oslo_db.sqlalchemy.engines [None req-0ffde67d-5222-4811-8acf-4e64b9e7e87d None None] MySQL server mode set to STRICT_TRANS_TABLES,STRICT_ALL_TABLES,NO_ZERO_IN_DATE,NO_ZERO_DATE,ERROR_FOR_DIVISION_BY_ZERO,TRADITIONAL,NO_ENGINE_SUBSTITUTION {{(pid=99833) _check_effective_sql_mode /opt/stack/data/venv/lib/python3.12/site-packages/oslo_db/sqlalchemy/engines.py:325}}
May 18 17:35:27.705120 np0000174472 devstack@n-api.service[99836]: DEBUG dbcounter [-] [99836] Writer thread running {{(pid=99836) stat_writer /opt/stack/data/venv/lib/python3.12/site-packages/dbcounter.py:102}}
May 18 17:35:27.705631 np0000174472 devstack@n-api.service[99835]: DEBUG dbcounter [-] [99835] Writer thread running {{(pid=99835) stat_writer /opt/stack/data/venv/lib/python3.12/site-packages/dbcounter.py:102}}
May 18 17:35:27.711084 np0000174472 devstack@n-api.service[99833]: DEBUG dbcounter [-] [99833] Writer thread running {{(pid=99833) stat_writer /opt/stack/data/venv/lib/python3.12/site-packages/dbcounter.py:102}}
May 18 17:35:27.716246 np0000174472 devstack@n-api.service[99834]: DEBUG dbcounter [-] [99834] Writer thread running {{(pid=99834) stat_writer /opt/stack/data/venv/lib/python3.12/site-packages/dbcounter.py:102}}
May 18 17:35:27.716955 np0000174472 devstack@n-api.service[99834]: DEBUG dbcounter [-] [99834] Writer thread running {{(pid=99834) stat_writer /opt/stack/data/venv/lib/python3.12/site-packages/dbcounter.py:102}}
May 18 17:35:27.763116 np0000174472 devstack@n-api.service[99835]: INFO dbcounter [None req-c753ad7e-5d91-4214-837c-9e40368d483e None None] Registered counter for database nova_cell0
May 18 17:35:27.763497 np0000174472 devstack@n-api.service[99834]: INFO dbcounter [None req-0f360494-3ce6-41c5-87e4-334f73cd36b9 None None] Registered counter for database nova_cell0
May 18 17:35:27.772535 np0000174472 devstack@n-api.service[99835]: DEBUG oslo_db.sqlalchemy.engines [None req-c753ad7e-5d91-4214-837c-9e40368d483e None None] MySQL server mode set to STRICT_TRANS_TABLES,STRICT_ALL_TABLES,NO_ZERO_IN_DATE,NO_ZERO_DATE,ERROR_FOR_DIVISION_BY_ZERO,TRADITIONAL,NO_ENGINE_SUBSTITUTION {{(pid=99835) _check_effective_sql_mode /opt/stack/data/venv/lib/python3.12/site-packages/oslo_db/sqlalchemy/engines.py:325}}
May 18 17:35:27.775357 np0000174472 devstack@n-api.service[99834]: DEBUG oslo_db.sqlalchemy.engines [None req-0f360494-3ce6-41c5-87e4-334f73cd36b9 None None] MySQL server mode set to STRICT_TRANS_TABLES,STRICT_ALL_TABLES,NO_ZERO_IN_DATE,NO_ZERO_DATE,ERROR_FOR_DIVISION_BY_ZERO,TRADITIONAL,NO_ENGINE_SUBSTITUTION {{(pid=99834) _check_effective_sql_mode /opt/stack/data/venv/lib/python3.12/site-packages/oslo_db/sqlalchemy/engines.py:325}}
May 18 17:35:27.781047 np0000174472 devstack@n-api.service[99835]: DEBUG dbcounter [-] [99835] Writer thread running {{(pid=99835) stat_writer /opt/stack/data/venv/lib/python3.12/site-packages/dbcounter.py:102}}
May 18 17:35:27.786279 np0000174472 devstack@n-api.service[99834]: DEBUG dbcounter [-] [99834] Writer thread running {{(pid=99834) stat_writer /opt/stack/data/venv/lib/python3.12/site-packages/dbcounter.py:102}}
May 18 17:35:28.226429 np0000174472 devstack@n-api.service[99836]: DEBUG oslo_concurrency.processutils [None req-b0a74f4f-f272-428d-b212-c77ae8459e69 None None] Running cmd (subprocess): grep -F node.session.scan /sbin/iscsiadm {{(pid=99836) execute /opt/stack/data/venv/lib/python3.12/site-packages/oslo_concurrency/processutils.py:440}}
May 18 17:35:28.227097 np0000174472 devstack@n-api.service[99833]: DEBUG oslo_concurrency.processutils [None req-0ffde67d-5222-4811-8acf-4e64b9e7e87d None None] Running cmd (subprocess): grep -F node.session.scan /sbin/iscsiadm {{(pid=99833) execute /opt/stack/data/venv/lib/python3.12/site-packages/oslo_concurrency/processutils.py:440}}
May 18 17:35:28.235727 np0000174472 devstack@n-api.service[99834]: DEBUG oslo_concurrency.processutils [None req-0f360494-3ce6-41c5-87e4-334f73cd36b9 None None] Running cmd (subprocess): grep -F node.session.scan /sbin/iscsiadm {{(pid=99834) execute /opt/stack/data/venv/lib/python3.12/site-packages/oslo_concurrency/processutils.py:440}}
May 18 17:35:28.244296 np0000174472 devstack@n-api.service[99833]: DEBUG oslo_concurrency.processutils [None req-0ffde67d-5222-4811-8acf-4e64b9e7e87d None None] CMD "grep -F node.session.scan /sbin/iscsiadm" returned: 0 in 0.017s {{(pid=99833) execute /opt/stack/data/venv/lib/python3.12/site-packages/oslo_concurrency/processutils.py:468}}
May 18 17:35:28.246610 np0000174472 devstack@n-api.service[99835]: DEBUG oslo_concurrency.processutils [None req-c753ad7e-5d91-4214-837c-9e40368d483e None None] Running cmd (subprocess): grep -F node.session.scan /sbin/iscsiadm {{(pid=99835) execute /opt/stack/data/venv/lib/python3.12/site-packages/oslo_concurrency/processutils.py:440}}
May 18 17:35:28.248494 np0000174472 devstack@n-api.service[99836]: DEBUG oslo_concurrency.processutils [None req-b0a74f4f-f272-428d-b212-c77ae8459e69 None None] CMD "grep -F node.session.scan /sbin/iscsiadm" returned: 0 in 0.022s {{(pid=99836) execute /opt/stack/data/venv/lib/python3.12/site-packages/oslo_concurrency/processutils.py:468}}
May 18 17:35:28.255565 np0000174472 devstack@n-api.service[99834]: DEBUG oslo_concurrency.processutils [None req-0f360494-3ce6-41c5-87e4-334f73cd36b9 None None] CMD "grep -F node.session.scan /sbin/iscsiadm" returned: 0 in 0.019s {{(pid=99834) execute /opt/stack/data/venv/lib/python3.12/site-packages/oslo_concurrency/processutils.py:468}}
May 18 17:35:28.264666 np0000174472 devstack@n-api.service[99835]: DEBUG oslo_concurrency.processutils [None req-c753ad7e-5d91-4214-837c-9e40368d483e None None] CMD "grep -F node.session.scan /sbin/iscsiadm" returned: 0 in 0.018s {{(pid=99835) execute /opt/stack/data/venv/lib/python3.12/site-packages/oslo_concurrency/processutils.py:468}}
May 18 17:35:28.651431 np0000174472 devstack@n-api.service[99834]: WARNING keystonemiddleware.auth_token [None req-0f360494-3ce6-41c5-87e4-334f73cd36b9 None None] AuthToken middleware is set with keystone_authtoken.service_token_roles_required set to False. This is backwards compatible but deprecated behaviour. Please set this to True.
May 18 17:35:28.652386 np0000174472 devstack@n-api.service[99835]: WARNING keystonemiddleware.auth_token [None req-c753ad7e-5d91-4214-837c-9e40368d483e None None] AuthToken middleware is set with keystone_authtoken.service_token_roles_required set to False. This is backwards compatible but deprecated behaviour. Please set this to True.
May 18 17:35:28.652844 np0000174472 devstack@n-api.service[99836]: WARNING keystonemiddleware.auth_token [None req-b0a74f4f-f272-428d-b212-c77ae8459e69 None None] AuthToken middleware is set with keystone_authtoken.service_token_roles_required set to False. This is backwards compatible but deprecated behaviour. Please set this to True.
May 18 17:35:28.663365 np0000174472 devstack@n-api.service[99833]: WARNING keystonemiddleware.auth_token [None req-0ffde67d-5222-4811-8acf-4e64b9e7e87d None None] AuthToken middleware is set with keystone_authtoken.service_token_roles_required set to False. This is backwards compatible but deprecated behaviour. Please set this to True.
May 18 17:35:28.839576 np0000174472 devstack@n-api.service[99836]: WARNING keystonemiddleware.auth_token [None req-b0a74f4f-f272-428d-b212-c77ae8459e69 None None] AuthToken middleware is set with keystone_authtoken.service_token_roles_required set to False. This is backwards compatible but deprecated behaviour. Please set this to True.
May 18 17:35:28.844910 np0000174472 devstack@n-api.service[99836]: DEBUG nova.api.openstack.wsgi_app [None req-b0a74f4f-f272-428d-b212-c77ae8459e69 None None] ******************************************************************************** {{(pid=99836) log_opt_values /opt/stack/data/venv/lib/python3.12/site-packages/oslo_config/cfg.py:2979}}
May 18 17:35:28.845045 np0000174472 devstack@n-api.service[99836]: DEBUG nova.api.openstack.wsgi_app [None req-b0a74f4f-f272-428d-b212-c77ae8459e69 None None] Configuration options gathered from: {{(pid=99836) log_opt_values /opt/stack/data/venv/lib/python3.12/site-packages/oslo_config/cfg.py:2980}}
May 18 17:35:28.845357 np0000174472 devstack@n-api.service[99836]: DEBUG nova.api.openstack.wsgi_app [None req-b0a74f4f-f272-428d-b212-c77ae8459e69 None None] command line args: [] {{(pid=99836) log_opt_values /opt/stack/data/venv/lib/python3.12/site-packages/oslo_config/cfg.py:2981}}
May 18 17:35:28.845525 np0000174472 devstack@n-api.service[99836]: DEBUG nova.api.openstack.wsgi_app [None req-b0a74f4f-f272-428d-b212-c77ae8459e69 None None] config files: ['/etc/nova/api-paste.ini', '/etc/nova/nova.conf'] {{(pid=99836) log_opt_values /opt/stack/data/venv/lib/python3.12/site-packages/oslo_config/cfg.py:2982}}
May 18 17:35:28.845658 np0000174472 devstack@n-api.service[99836]: DEBUG nova.api.openstack.wsgi_app [None req-b0a74f4f-f272-428d-b212-c77ae8459e69 None None] ================================================================================ {{(pid=99836) log_opt_values /opt/stack/data/venv/lib/python3.12/site-packages/oslo_config/cfg.py:2987}}
May 18 17:35:28.845845 np0000174472 devstack@n-api.service[99836]: DEBUG nova.api.openstack.wsgi_app [None req-b0a74f4f-f272-428d-b212-c77ae8459e69 None None] allow_resize_to_same_host = True {{(pid=99836) log_opt_values /opt/stack/data/venv/lib/python3.12/site-packages/oslo_config/cfg.py:2995}}
May 18 17:35:28.846115 np0000174472 devstack@n-api.service[99836]: DEBUG nova.api.openstack.wsgi_app [None req-b0a74f4f-f272-428d-b212-c77ae8459e69 None None] arq_binding_timeout = 300 {{(pid=99836) log_opt_values /opt/stack/data/venv/lib/python3.12/site-packages/oslo_config/cfg.py:2995}}
May 18 17:35:28.846115 np0000174472 devstack@n-api.service[99836]: DEBUG nova.api.openstack.wsgi_app [None req-b0a74f4f-f272-428d-b212-c77ae8459e69 None None] block_device_allocate_retries = 60 {{(pid=99836) log_opt_values /opt/stack/data/venv/lib/python3.12/site-packages/oslo_config/cfg.py:2995}}
May 18 17:35:28.846231 np0000174472 devstack@n-api.service[99836]: DEBUG nova.api.openstack.wsgi_app [None req-b0a74f4f-f272-428d-b212-c77ae8459e69 None None] block_device_allocate_retries_interval = 3 {{(pid=99836) log_opt_values /opt/stack/data/venv/lib/python3.12/site-packages/oslo_config/cfg.py:2995}}
May 18 17:35:28.846381 np0000174472 devstack@n-api.service[99836]: DEBUG nova.api.openstack.wsgi_app [None req-b0a74f4f-f272-428d-b212-c77ae8459e69 None None] cell_worker_thread_pool_size = 5 {{(pid=99836) log_opt_values /opt/stack/data/venv/lib/python3.12/site-packages/oslo_config/cfg.py:2995}}
May 18 17:35:28.846512 np0000174472 devstack@n-api.service[99836]: DEBUG nova.api.openstack.wsgi_app [None req-b0a74f4f-f272-428d-b212-c77ae8459e69 None None] cert = self.pem {{(pid=99836) log_opt_values /opt/stack/data/venv/lib/python3.12/site-packages/oslo_config/cfg.py:2995}}
May 18 17:35:28.846613 np0000174472 devstack@n-api.service[99836]: DEBUG nova.api.openstack.wsgi_app [None req-b0a74f4f-f272-428d-b212-c77ae8459e69 None None] compute_driver = libvirt.LibvirtDriver {{(pid=99836) log_opt_values /opt/stack/data/venv/lib/python3.12/site-packages/oslo_config/cfg.py:2995}}
May 18 17:35:28.846753 np0000174472 devstack@n-api.service[99836]: DEBUG nova.api.openstack.wsgi_app [None req-b0a74f4f-f272-428d-b212-c77ae8459e69 None None] compute_monitors = [] {{(pid=99836) log_opt_values /opt/stack/data/venv/lib/python3.12/site-packages/oslo_config/cfg.py:2995}}
May 18 17:35:28.846910 np0000174472 devstack@n-api.service[99836]: DEBUG nova.api.openstack.wsgi_app [None req-b0a74f4f-f272-428d-b212-c77ae8459e69 None None] config_dir = [] {{(pid=99836) log_opt_values /opt/stack/data/venv/lib/python3.12/site-packages/oslo_config/cfg.py:2995}}
May 18 17:35:28.847041 np0000174472 devstack@n-api.service[99836]: DEBUG nova.api.openstack.wsgi_app [None req-b0a74f4f-f272-428d-b212-c77ae8459e69 None None] config_drive_format = iso9660 {{(pid=99836) log_opt_values /opt/stack/data/venv/lib/python3.12/site-packages/oslo_config/cfg.py:2995}}
May 18 17:35:28.847223 np0000174472 devstack@n-api.service[99836]: DEBUG nova.api.openstack.wsgi_app [None req-b0a74f4f-f272-428d-b212-c77ae8459e69 None None] config_file = ['/etc/nova/api-paste.ini', '/etc/nova/nova.conf'] {{(pid=99836) log_opt_values /opt/stack/data/venv/lib/python3.12/site-packages/oslo_config/cfg.py:2995}}
May 18 17:35:28.847223 np0000174472 devstack@n-api.service[99836]: DEBUG nova.api.openstack.wsgi_app [None req-b0a74f4f-f272-428d-b212-c77ae8459e69 None None] config_source = [] {{(pid=99836) log_opt_values /opt/stack/data/venv/lib/python3.12/site-packages/oslo_config/cfg.py:2995}}
May 18 17:35:28.847486 np0000174472 devstack@n-api.service[99836]: DEBUG nova.api.openstack.wsgi_app [None req-b0a74f4f-f272-428d-b212-c77ae8459e69 None None] console_host = np0000174472 {{(pid=99836) log_opt_values /opt/stack/data/venv/lib/python3.12/site-packages/oslo_config/cfg.py:2995}}
May 18 17:35:28.847628 np0000174472 devstack@n-api.service[99836]: DEBUG nova.api.openstack.wsgi_app [None req-b0a74f4f-f272-428d-b212-c77ae8459e69 None None] control_exchange = nova {{(pid=99836) log_opt_values /opt/stack/data/venv/lib/python3.12/site-packages/oslo_config/cfg.py:2995}}
May 18 17:35:28.847628 np0000174472 devstack@n-api.service[99836]: DEBUG nova.api.openstack.wsgi_app [None req-b0a74f4f-f272-428d-b212-c77ae8459e69 None None] cpu_allocation_ratio = None {{(pid=99836) log_opt_values /opt/stack/data/venv/lib/python3.12/site-packages/oslo_config/cfg.py:2995}}
May 18 17:35:28.847833 np0000174472 devstack@n-api.service[99836]: DEBUG nova.api.openstack.wsgi_app [None req-b0a74f4f-f272-428d-b212-c77ae8459e69 None None] daemon = False {{(pid=99836) log_opt_values /opt/stack/data/venv/lib/python3.12/site-packages/oslo_config/cfg.py:2995}}
May 18 17:35:28.847948 np0000174472 devstack@n-api.service[99836]: DEBUG nova.api.openstack.wsgi_app [None req-b0a74f4f-f272-428d-b212-c77ae8459e69 None None] debug = True {{(pid=99836) log_opt_values /opt/stack/data/venv/lib/python3.12/site-packages/oslo_config/cfg.py:2995}}
May 18 17:35:28.848100 np0000174472 devstack@n-api.service[99836]: DEBUG nova.api.openstack.wsgi_app [None req-b0a74f4f-f272-428d-b212-c77ae8459e69 None None] default_access_ip_network_name = None {{(pid=99836) log_opt_values /opt/stack/data/venv/lib/python3.12/site-packages/oslo_config/cfg.py:2995}}
May 18 17:35:28.848163 np0000174472 devstack@n-api.service[99836]: DEBUG nova.api.openstack.wsgi_app [None req-b0a74f4f-f272-428d-b212-c77ae8459e69 None None] default_availability_zone = nova {{(pid=99836) log_opt_values /opt/stack/data/venv/lib/python3.12/site-packages/oslo_config/cfg.py:2995}}
May 18 17:35:28.848294 np0000174472 devstack@n-api.service[99836]: DEBUG nova.api.openstack.wsgi_app [None req-b0a74f4f-f272-428d-b212-c77ae8459e69 None None] default_ephemeral_format = ext4 {{(pid=99836) log_opt_values /opt/stack/data/venv/lib/python3.12/site-packages/oslo_config/cfg.py:2995}}
May 18 17:35:28.848431 np0000174472 devstack@n-api.service[99836]: DEBUG nova.api.openstack.wsgi_app [None req-b0a74f4f-f272-428d-b212-c77ae8459e69 None None] default_green_pool_size = 1000 {{(pid=99836) log_opt_values /opt/stack/data/venv/lib/python3.12/site-packages/oslo_config/cfg.py:2995}}
May 18 17:35:28.848654 np0000174472 devstack@n-api.service[99836]: DEBUG nova.api.openstack.wsgi_app [None req-b0a74f4f-f272-428d-b212-c77ae8459e69 None None] default_log_levels = ['amqp=WARN', 'boto=WARN', 'sqlalchemy=WARN', 'suds=INFO', 'oslo.messaging=INFO', 'oslo_messaging=INFO', 'iso8601=WARN', 'requests.packages.urllib3.connectionpool=WARN', 'urllib3.connectionpool=WARN', 'websocket=WARN', 'requests.packages.urllib3.util.retry=WARN', 'urllib3.util.retry=WARN', 'keystonemiddleware=WARN', 'routes.middleware=WARN', 'stevedore=WARN', 'taskflow=WARN', 'keystoneauth=WARN', 'oslo.cache=INFO', 'oslo_policy=INFO', 'dogpile.core.dogpile=INFO', 'glanceclient=WARN', 'oslo.privsep.daemon=INFO'] {{(pid=99836) log_opt_values /opt/stack/data/venv/lib/python3.12/site-packages/oslo_config/cfg.py:2995}}
May 18 17:35:28.848853 np0000174472 devstack@n-api.service[99836]: DEBUG nova.api.openstack.wsgi_app [None req-b0a74f4f-f272-428d-b212-c77ae8459e69 None None] default_schedule_zone = None {{(pid=99836) log_opt_values /opt/stack/data/venv/lib/python3.12/site-packages/oslo_config/cfg.py:2995}}
May 18 17:35:28.848941 np0000174472 devstack@n-api.service[99835]: WARNING keystonemiddleware.auth_token [None req-c753ad7e-5d91-4214-837c-9e40368d483e None None] AuthToken middleware is set with keystone_authtoken.service_token_roles_required set to False. This is backwards compatible but deprecated behaviour. Please set this to True.
May 18 17:35:28.848999 np0000174472 devstack@n-api.service[99836]: DEBUG nova.api.openstack.wsgi_app [None req-b0a74f4f-f272-428d-b212-c77ae8459e69 None None] default_thread_pool_size = 10 {{(pid=99836) log_opt_values /opt/stack/data/venv/lib/python3.12/site-packages/oslo_config/cfg.py:2995}}
May 18 17:35:28.849057 np0000174472 devstack@n-api.service[99836]: DEBUG nova.api.openstack.wsgi_app [None req-b0a74f4f-f272-428d-b212-c77ae8459e69 None None] disk_allocation_ratio = None {{(pid=99836) log_opt_values /opt/stack/data/venv/lib/python3.12/site-packages/oslo_config/cfg.py:2995}}
May 18 17:35:28.849277 np0000174472 devstack@n-api.service[99836]: DEBUG nova.api.openstack.wsgi_app [None req-b0a74f4f-f272-428d-b212-c77ae8459e69 None None] enable_new_services = True {{(pid=99836) log_opt_values /opt/stack/data/venv/lib/python3.12/site-packages/oslo_config/cfg.py:2995}}
May 18 17:35:28.849277 np0000174472 devstack@n-api.service[99836]: DEBUG nova.api.openstack.wsgi_app [None req-b0a74f4f-f272-428d-b212-c77ae8459e69 None None] flat_injected = False {{(pid=99836) log_opt_values /opt/stack/data/venv/lib/python3.12/site-packages/oslo_config/cfg.py:2995}}
May 18 17:35:28.849518 np0000174472 devstack@n-api.service[99836]: DEBUG nova.api.openstack.wsgi_app [None req-b0a74f4f-f272-428d-b212-c77ae8459e69 None None] force_config_drive = False {{(pid=99836) log_opt_values /opt/stack/data/venv/lib/python3.12/site-packages/oslo_config/cfg.py:2995}}
May 18 17:35:28.849639 np0000174472 devstack@n-api.service[99836]: DEBUG nova.api.openstack.wsgi_app [None req-b0a74f4f-f272-428d-b212-c77ae8459e69 None None] force_raw_images = True {{(pid=99836) log_opt_values /opt/stack/data/venv/lib/python3.12/site-packages/oslo_config/cfg.py:2995}}
May 18 17:35:28.849754 np0000174472 devstack@n-api.service[99834]: WARNING keystonemiddleware.auth_token [None req-0f360494-3ce6-41c5-87e4-334f73cd36b9 None None] AuthToken middleware is set with keystone_authtoken.service_token_roles_required set to False. This is backwards compatible but deprecated behaviour. Please set this to True.
May 18 17:35:28.849886 np0000174472 devstack@n-api.service[99836]: DEBUG nova.api.openstack.wsgi_app [None req-b0a74f4f-f272-428d-b212-c77ae8459e69 None None] graceful_shutdown_timeout = 5 {{(pid=99836) log_opt_values /opt/stack/data/venv/lib/python3.12/site-packages/oslo_config/cfg.py:2995}}
May 18 17:35:28.849886 np0000174472 devstack@n-api.service[99836]: DEBUG nova.api.openstack.wsgi_app [None req-b0a74f4f-f272-428d-b212-c77ae8459e69 None None] heal_instance_info_cache_interval = -1 {{(pid=99836) log_opt_values /opt/stack/data/venv/lib/python3.12/site-packages/oslo_config/cfg.py:2995}}
May 18 17:35:28.850135 np0000174472 devstack@n-api.service[99836]: DEBUG nova.api.openstack.wsgi_app [None req-b0a74f4f-f272-428d-b212-c77ae8459e69 None None] host = np0000174472 {{(pid=99836) log_opt_values /opt/stack/data/venv/lib/python3.12/site-packages/oslo_config/cfg.py:2995}}
May 18 17:35:28.850135 np0000174472 devstack@n-api.service[99836]: DEBUG nova.api.openstack.wsgi_app [None req-b0a74f4f-f272-428d-b212-c77ae8459e69 None None] initial_cpu_allocation_ratio = 4.0 {{(pid=99836) log_opt_values /opt/stack/data/venv/lib/python3.12/site-packages/oslo_config/cfg.py:2995}}
May 18 17:35:28.850483 np0000174472 devstack@n-api.service[99836]: DEBUG nova.api.openstack.wsgi_app [None req-b0a74f4f-f272-428d-b212-c77ae8459e69 None None] initial_disk_allocation_ratio = 1.0 {{(pid=99836) log_opt_values /opt/stack/data/venv/lib/python3.12/site-packages/oslo_config/cfg.py:2995}}
