2026-09-02 13:50:24.163 8 INFO neutron.db.ovn_revision_numbers_db [None req-7d402001-d009-4ed1-84d0-57510dbc097f - - - - - -] Successfully bumped revision number for resource 1103f403-b184-4547-b007-b825fc6b30af (type: router_ports) to 1
2026-09-02 13:50:24.218 7 INFO neutron.plugins.ml2.drivers.ovn.mech_driver.mech_driver [None req-5e940149-c227-4edd-a79a-6a14fc342dc6 - - - - - -] OVN reports status down for port: 1103f403-b184-4547-b007-b825fc6b30af
2026-09-02 13:50:24.306 7 INFO neutron.plugins.ml2.drivers.ovn.mech_driver.mech_driver [None req-5e940149-c227-4edd-a79a-6a14fc342dc6 - - - - - -] OVN reports status up for port: 1103f403-b184-4547-b007-b825fc6b30af
2026-09-02 13:50:24.317 7 INFO neutron.plugins.ml2.plugin [None req-5e940149-c227-4edd-a79a-6a14fc342dc6 - - - - - -] Attempt 1 to provision port 1103f403-b184-4547-b007-b825fc6b30af
2026-09-02 13:50:24.377 8 WARNING neutron.scheduler.dhcp_agent_scheduler [None req-7d402001-d009-4ed1-84d0-57510dbc097f - - - - - -] No more DHCP agents
2026-09-02 13:50:24.379 8 WARNING neutron.api.rpc.agentnotifiers.dhcp_rpc_agent_api [None req-7d402001-d009-4ed1-84d0-57510dbc097f - - - - - -] Unable to schedule network 175aef1e-84d0-4a24-955f-63cf96f56055: no agents available; will retry on subsequent port and subnet creation events.
2026-09-02 13:50:24.539 8 INFO neutron.db.ovn_revision_numbers_db [None req-7d402001-d009-4ed1-84d0-57510dbc097f - - - - - -] Successfully bumped revision number for resource ddc08c0c-9a85-46d5-8bc5-1e89814a4c48 (type: ports) to 1
2026-09-02 13:50:24.725 7 INFO neutron.db.ovn_revision_numbers_db [None req-5e940149-c227-4edd-a79a-6a14fc342dc6 - - - - - -] Successfully bumped revision number for resource 1103f403-b184-4547-b007-b825fc6b30af (type: ports) to 2
2026-09-02 13:50:24.821 8 INFO neutron.db.ovn_revision_numbers_db [None req-7d402001-d009-4ed1-84d0-57510dbc097f - - - - - -] Successfully bumped revision number for resource ddc08c0c-9a85-46d5-8bc5-1e89814a4c48 (type: ports) to 3
2026-09-02 13:50:24.953 7 INFO neutron.db.ovn_revision_numbers_db [None req-51a5afb5-ea82-4c2d-a43a-21b12d489a1f - - - - - -] Successfully bumped revision number for resource 1103f403-b184-4547-b007-b825fc6b30af (type: router_ports) to 2
2026-09-02 13:50:24.954 7 INFO neutron.plugins.ml2.drivers.ovn.mech_driver.mech_driver [None req-51a5afb5-ea82-4c2d-a43a-21b12d489a1f - - - - - -] OVN reports status down for port: ddc08c0c-9a85-46d5-8bc5-1e89814a4c48 [pid: 8|app: 0|req: 1569/2771] 10.0.0.214 () {34 vars in 685 bytes} [Wed Sep 2 13:50:20 2026] POST /v2.0/vpn/vpnservices => generated 458 bytes in 4996 msecs (HTTP/1.1 201) 4 headers in 162 bytes (1 switches on core 0) [pid: 7|app: 0|req: 1203/2772] 10.0.0.214 () {32 vars in 663 bytes} [Wed Sep 2 13:50:25 2026] GET /v2.0/vpn/vpnservices => generated 1313 bytes in 11 msecs (HTTP/1.1 200) 4 headers in 158 bytes (1 switches on core 0)
2026-09-02 13:50:25.994 8 INFO neutron_taas.services.taas.taas_plugin [None req-3829c807-1b57-483e-83da-eacf98353950 9695633ccb3b4aa7bd3b7aa73494d8d5 695428cf63b846559815c78bcf727856 - - default default] TaaS: Handle Delete Port: 2be28747-528d-4767-bf6b-0000f36a36ed
2026-09-02 13:50:25.997 8 INFO neutron_taas.services.taas.tap_mirror_plugin [None req-3829c807-1b57-483e-83da-eacf98353950 9695633ccb3b4aa7bd3b7aa73494d8d5 695428cf63b846559815c78bcf727856 - - default default] Tap Mirror: Handle Delete Port: 2be28747-528d-4767-bf6b-0000f36a36ed
2026-09-02 13:50:26.346 8 INFO neutron_taas.services.taas.taas_plugin [None req-1af195dc-823b-4318-93c1-28ed0659ab7f - - - - - -] TaaS: Handle Delete Port: ddc08c0c-9a85-46d5-8bc5-1e89814a4c48
2026-09-02 13:50:26.349 8 INFO neutron_taas.services.taas.tap_mirror_plugin [None req-1af195dc-823b-4318-93c1-28ed0659ab7f - - - - - -] Tap Mirror: Handle Delete Port: ddc08c0c-9a85-46d5-8bc5-1e89814a4c48
2026-09-02 13:50:26.772 8 INFO neutron_taas.services.taas.taas_plugin [None req-4dfe460d-9422-4e60-9f32-441688287762 - - - - - -] TaaS: Handle Delete Port: 1103f403-b184-4547-b007-b825fc6b30af
2026-09-02 13:50:26.775 8 INFO neutron_taas.services.taas.tap_mirror_plugin [None req-4dfe460d-9422-4e60-9f32-441688287762 - - - - - -] Tap Mirror: Handle Delete Port: 1103f403-b184-4547-b007-b825fc6b30af
2026-09-02 13:50:27.613 8 INFO neutron_taas.services.taas.taas_plugin [None req-4dfe460d-9422-4e60-9f32-441688287762 - - - - - -] TaaS: Handle Delete Port: cceba313-5d9d-46a1-a188-bb2c38c666d3
2026-09-02 13:50:27.617 8 INFO neutron_taas.services.taas.tap_mirror_plugin [None req-4dfe460d-9422-4e60-9f32-441688287762 - - - - - -] Tap Mirror: Handle Delete Port: cceba313-5d9d-46a1-a188-bb2c38c666d3
2026-09-02 13:50:27.861 8 INFO neutron.services.segments.plugin [-] Segment 7a216e10-c66e-468a-b6ef-01ce8a988c25 resource provider aggregate not found
2026-09-02 13:50:27.865 8 INFO neutron.services.segments.plugin [-] Segment 7a216e10-c66e-468a-b6ef-01ce8a988c25 resource provider aggregate not found
2026-09-02 13:50:27.892 8 INFO neutron.services.segments.plugin [-] Client error retrieving segment 7a216e10-c66e-468a-b6ef-01ce8a988c25 resource provider; error: Placement Client Error (4xx): {"errors": [{"status": 404, "title": "Not Found", "detail": "The resource could not be found.\n\n No resource provider with uuid 7a216e10-c66e-468a-b6ef-01ce8a988c25 found for delete ", "request_id": "req-962db574-8703-43d1-8f4a-bbc232a4d92c"}]}
2026-09-02 13:50:27.903 8 INFO neutron.services.segments.plugin [-] Client error retrieving segment 7a216e10-c66e-468a-b6ef-01ce8a988c25 resource provider; error: Placement Client Error (4xx): {"errors": [{"status": 404, "title": "Not Found", "detail": "The resource could not be found.\n\n No resource provider with uuid 7a216e10-c66e-468a-b6ef-01ce8a988c25 found for delete ", "request_id": "req-68e2906a-0853-4379-9916-045fdec552ad"}]} [pid: 8|app: 0|req: 1570/2775] 10.0.0.214 () {32 vars in 740 bytes} [Wed Sep 2 13:50:25 2026] DELETE /v2.0/vpn/vpnservices/c22c4cd2-7aef-4992-a8fd-6a905ea3fd01 => generated 0 bytes in 2185 msecs (HTTP/1.1 204) 2 headers in 112 bytes (1 switches on core 0) [pid: 7|app: 0|req: 1206/2776] 10.0.0.214 () {32 vars in 663 bytes} [Wed Sep 2 13:50:27 2026] GET /v2.0/vpn/vpnservices => generated 869 bytes in 17 msecs (HTTP/1.1 200) 4 headers in 157 bytes (1 switches on core 0) /var/lib/openstack/lib/python3.12/site-packages/pycadf/identifier.py:70: UserWarning: Invalid uuid: neutron. To ensure interoperability, identifiers should be a valid uuid. warnings.warn(('Invalid uuid: %s. To ensure interoperability, '
2026-09-02 13:50:28.036 8 INFO neutron.api.v2.resource [None req-a9aed0de-60a1-4153-96f8-e4a2501cb428 9695633ccb3b4aa7bd3b7aa73494d8d5 695428cf63b846559815c78bcf727856 - - default default] create failed (client error): The server could not comply with the request since it is either malformed or otherwise incorrect. [pid: 8|app: 0|req: 1571/2777] 10.0.0.214 () {34 vars in 707 bytes} [Wed Sep 2 13:50:27 2026] POST /v2.0/vpn/ipsec-site-connections => generated 127 bytes in 66 msecs (HTTP/1.1 400) 4 headers in 166 bytes (1 switches on core 0)
2026-09-02 13:50:28.116 7 INFO neutron.api.v2.resource [None req-3089aedc-1e12-42f8-ac7d-ab876dce5d1d 9695633ccb3b4aa7bd3b7aa73494d8d5 695428cf63b846559815c78bcf727856 - - default default] create failed (client error): The server could not comply with the request since it is either malformed or otherwise incorrect. [pid: 7|app: 0|req: 1207/2778] 10.0.0.214 () {34 vars in 707 bytes} [Wed Sep 2 13:50:28 2026] POST /v2.0/vpn/ipsec-site-connections => generated 136 bytes in 72 msecs (HTTP/1.1 400) 4 headers in 166 bytes (1 switches on core 0)
2026-09-02 13:50:28.131 8 WARNING neutron.api.v2.base [None req-74d9ca0f-f81f-47fa-8ff1-298ce5aea243 9695633ccb3b4aa7bd3b7aa73494d8d5 695428cf63b846559815c78bcf727856 - - default default] An exception happened while processing the request body. The exception message is [Invalid input for dpd. Reason: '59' is not a dictionary.].: webob.exc.HTTPBadRequest: Invalid input for dpd. Reason: '59' is not a dictionary.
2026-09-02 13:50:28.131 8 INFO neutron.api.v2.resource [None req-74d9ca0f-f81f-47fa-8ff1-298ce5aea243 9695633ccb3b4aa7bd3b7aa73494d8d5 695428cf63b846559815c78bcf727856 - - default default] create failed (client error): Invalid input for dpd. Reason: '59' is not a dictionary. [pid: 8|app: 0|req: 1572/2779] 10.0.0.214 () {34 vars in 707 bytes} [Wed Sep 2 13:50:28 2026] POST /v2.0/vpn/ipsec-site-connections => generated 129 bytes in 11 msecs (HTTP/1.1 400) 4 headers in 166 bytes (1 switches on core 0) [pid: 7|app: 0|req: 1208/2780] 10.0.0.214 () {34 vars in 693 bytes} [Wed Sep 2 13:50:28 2026] POST /v2.0/vpn/endpoint-groups => generated 293 bytes in 56 msecs (HTTP/1.1 201) 4 headers in 162 bytes (1 switches on core 0)
2026-09-02 13:50:28.251 8 INFO neutron.api.v2.resource [None req-35756d0c-f650-4022-b493-b25f44289003 9695633ccb3b4aa7bd3b7aa73494d8d5 695428cf63b846559815c78bcf727856 - - default default] create failed (client error): The server could not comply with the request since it is either malformed or otherwise incorrect. [pid: 8|app: 0|req: 1573/2781] 10.0.0.214 () {34 vars in 707 bytes} [Wed Sep 2 13:50:28 2026] POST /v2.0/vpn/ipsec-site-connections => generated 149 bytes in 56 msecs (HTTP/1.1 400) 4 headers in 166 bytes (1 switches on core 0) [pid: 7|app: 0|req: 1209/2782] 10.0.0.214 () {32 vars in 671 bytes} [Wed Sep 2 13:50:28 2026] GET /v2.0/vpn/endpoint-groups => generated 908 bytes in 18 msecs (HTTP/1.1 200) 4 headers in 157 bytes (1 switches on core 0) [pid: 8|app: 0|req: 1574/2783] 10.0.0.214 () {32 vars in 748 bytes} [Wed Sep 2 13:50:28 2026] DELETE /v2.0/vpn/endpoint-groups/d5383105-8c63-46b1-b6a8-693834ea100e => generated 0 bytes in 24 msecs (HTTP/1.1 204) 2 headers in 112 bytes (1 switches on core 0) [pid: 7|app: 0|req: 1210/2784] 10.0.0.214 () {32 vars in 671 bytes} [Wed Sep 2 13:50:28 2026] GET /v2.0/vpn/endpoint-groups => generated 633 bytes in 24 msecs (HTTP/1.1 200) 4 headers in 157 bytes (1 switches on core 0) [pid: 8|app: 0|req: 1575/2785] 10.0.0.214 () {34 vars in 693 bytes} [Wed Sep 2 13:50:28 2026] POST /v2.0/vpn/endpoint-groups => generated 302 bytes in 66 msecs (HTTP/1.1 201) 4 headers in 162 bytes (1 switches on core 0)
2026-09-02 13:50:28.438 7 INFO neutron.api.v2.resource [None req-ddb64c93-84dc-4c17-8dcf-272525557f44 9695633ccb3b4aa7bd3b7aa73494d8d5 695428cf63b846559815c78bcf727856 - - default default] create failed (client error): The server could not comply with the request since it is either malformed or otherwise incorrect. [pid: 7|app: 0|req: 1211/2786] 10.0.0.214 () {34 vars in 707 bytes} [Wed Sep 2 13:50:28 2026] POST /v2.0/vpn/ipsec-site-connections => generated 148 bytes in 34 msecs (HTTP/1.1 400) 4 headers in 166 bytes (1 switches on core 0) [pid: 8|app: 0|req: 1576/2787] 10.0.0.214 () {32 vars in 671 bytes} [Wed Sep 2 13:50:28 2026] GET /v2.0/vpn/endpoint-groups => generated 917 bytes in 14 msecs (HTTP/1.1 200) 4 headers in 157 bytes (1 switches on core 0) [pid: 7|app: 0|req: 1212/2788] 10.0.0.214 () {32 vars in 748 bytes} [Wed Sep 2 13:50:28 2026] DELETE /v2.0/vpn/endpoint-groups/75591b13-2226-4a19-813a-7444b8b49718 => generated 0 bytes in 27 msecs (HTTP/1.1 204) 2 headers in 112 bytes (1 switches on core 0) [pid: 8|app: 0|req: 1577/2789] 10.0.0.214 () {32 vars in 671 bytes} [Wed Sep 2 13:50:28 2026] GET /v2.0/vpn/endpoint-groups => generated 633 bytes in 17 msecs (HTTP/1.1 200) 4 headers in 157 bytes (1 switches on core 0)
2026-09-02 13:50:28.522 7 WARNING neutron.api.v2.base [None req-7ef1acb9-05f1-44c3-9703-49f557b10019 9695633ccb3b4aa7bd3b7aa73494d8d5 695428cf63b846559815c78bcf727856 - - default default] An exception happened while processing the request body. The exception message is [Invalid input for peer_cidrs. Reason: '1.0.0.0/33' is not a valid IP subnet.].: webob.exc.HTTPBadRequest: Invalid input for peer_cidrs. Reason: '1.0.0.0/33' is not a valid IP subnet.
2026-09-02 13:50:28.522 7 INFO neutron.api.v2.resource [None req-7ef1acb9-05f1-44c3-9703-49f557b10019 9695633ccb3b4aa7bd3b7aa73494d8d5 695428cf63b846559815c78bcf727856 - - default default] create failed (client error): Invalid input for peer_cidrs. Reason: '1.0.0.0/33' is not a valid IP subnet. [pid: 7|app: 0|req: 1213/2790] 10.0.0.214 () {34 vars in 707 bytes} [Wed Sep 2 13:50:28 2026] POST /v2.0/vpn/ipsec-site-connections => generated 149 bytes in 10 msecs (HTTP/1.1 400) 4 headers in 166 bytes (1 switches on core 0)
2026-09-02 13:50:28.644 8 INFO neutron.db.segments_db [None req-88acff2d-a177-4b63-859f-b715ce7a02e8 9695633ccb3b4aa7bd3b7aa73494d8d5 695428cf63b846559815c78bcf727856 - - default default] Added segment f65e5c92-dec7-4e52-bbf9-749b24fea6f8 of type geneve for network 902985fe-4bb2-4dbc-87ba-606bf3da6520
2026-09-02 13:50:28.760 8 INFO neutron.db.ovn_revision_numbers_db [None req-88acff2d-a177-4b63-859f-b715ce7a02e8 9695633ccb3b4aa7bd3b7aa73494d8d5 695428cf63b846559815c78bcf727856 - - default default] Successfully bumped revision number for resource 902985fe-4bb2-4dbc-87ba-606bf3da6520 (type: networks) to 1
2026-09-02 13:50:28.960 8 WARNING neutron.scheduler.dhcp_agent_scheduler [None req-88acff2d-a177-4b63-859f-b715ce7a02e8 9695633ccb3b4aa7bd3b7aa73494d8d5 695428cf63b846559815c78bcf727856 - - default default] No more DHCP agents
2026-09-02 13:50:28.963 8 WARNING neutron.api.rpc.agentnotifiers.dhcp_rpc_agent_api [None req-88acff2d-a177-4b63-859f-b715ce7a02e8 9695633ccb3b4aa7bd3b7aa73494d8d5 695428cf63b846559815c78bcf727856 - - default default] Unable to schedule network 902985fe-4bb2-4dbc-87ba-606bf3da6520: no agents available; will retry on subsequent port and subnet creation events.
2026-09-02 13:50:29.063 7 INFO neutron.plugins.ml2.drivers.ovn.mech_driver.mech_driver [None req-51a5afb5-ea82-4c2d-a43a-21b12d489a1f - - - - - -] OVN reports status down for port: a48274cb-316f-4d1e-9c36-ae5ab6d22729
2026-09-02 13:50:29.100 8 INFO neutron.db.ovn_revision_numbers_db [None req-88acff2d-a177-4b63-859f-b715ce7a02e8 9695633ccb3b4aa7bd3b7aa73494d8d5 695428cf63b846559815c78bcf727856 - - default default] Successfully bumped revision number for resource a48274cb-316f-4d1e-9c36-ae5ab6d22729 (type: ports) to 1 [pid: 8|app: 0|req: 1578/2791] 10.0.0.214 () {34 vars in 670 bytes} [Wed Sep 2 13:50:28 2026] POST /v2.0/networks => generated 631 bytes in 598 msecs (HTTP/1.1 201) 4 headers in 162 bytes (1 switches on core 0)
2026-09-02 13:50:29.314 7 WARNING neutron.scheduler.dhcp_agent_scheduler [None req-0c0f64fd-d764-4385-8c47-7cc2d2f83500 9695633ccb3b4aa7bd3b7aa73494d8d5 695428cf63b846559815c78bcf727856 - - default default] No more DHCP agents
2026-09-02 13:50:29.316 7 WARNING neutron.api.rpc.agentnotifiers.dhcp_rpc_agent_api [None req-0c0f64fd-d764-4385-8c47-7cc2d2f83500 9695633ccb3b4aa7bd3b7aa73494d8d5 695428cf63b846559815c78bcf727856 - - default default] Unable to schedule network 902985fe-4bb2-4dbc-87ba-606bf3da6520: no agents available; will retry on subsequent port and subnet creation events.
2026-09-02 13:50:29.487 8 INFO neutron.db.ovn_revision_numbers_db [None req-272a9632-2457-4004-99c4-40ba87121bd2 177dd3ca973d4c588513687a70cda6cb 53fb22c2687c41c9a88d2a54e8b3b270 - - default default] Successfully bumped revision number for resource ce2b3c59-9d05-44cc-bda4-37eb3b428635 (type: security_groups) to 1
2026-09-02 13:50:29.499 8 INFO neutron.db.ovn_revision_numbers_db [None req-272a9632-2457-4004-99c4-40ba87121bd2 177dd3ca973d4c588513687a70cda6cb 53fb22c2687c41c9a88d2a54e8b3b270 - - default default] Successfully bumped revision number for resource 01c2f3f0-7205-4bf5-a579-7e0a97643bcd (type: security_group_rules) to 0
2026-09-02 13:50:29.511 8 INFO neutron.db.ovn_revision_numbers_db [None req-272a9632-2457-4004-99c4-40ba87121bd2 177dd3ca973d4c588513687a70cda6cb 53fb22c2687c41c9a88d2a54e8b3b270 - - default default] Successfully bumped revision number for resource 25bd322b-c287-44d6-818c-fa82ffe80e49 (type: security_group_rules) to 0
2026-09-02 13:50:29.523 8 INFO neutron.db.ovn_revision_numbers_db [None req-272a9632-2457-4004-99c4-40ba87121bd2 177dd3ca973d4c588513687a70cda6cb 53fb22c2687c41c9a88d2a54e8b3b270 - - default default] Successfully bumped revision number for resource bef21c75-6bb0-4e20-9816-6068c3ae83e6 (type: security_group_rules) to 0
2026-09-02 13:50:29.532 8 INFO neutron.db.ovn_revision_numbers_db [None req-272a9632-2457-4004-99c4-40ba87121bd2 177dd3ca973d4c588513687a70cda6cb 53fb22c2687c41c9a88d2a54e8b3b270 - - default default] Successfully bumped revision number for resource e1fac7a5-1214-4405-a2dc-964fc9748651 (type: security_group_rules) to 0
2026-09-02 13:50:29.605 8 INFO neutron.db.segments_db [None req-272a9632-2457-4004-99c4-40ba87121bd2 177dd3ca973d4c588513687a70cda6cb 53fb22c2687c41c9a88d2a54e8b3b270 - - default default] Added segment 31cf795a-df45-4b31-94c4-ebe8111d3fd5 of type geneve for network 243dda44-34bf-45d1-aa78-c4f70c48f338
2026-09-02 13:50:29.745 8 INFO neutron.db.ovn_revision_numbers_db [None req-272a9632-2457-4004-99c4-40ba87121bd2 177dd3ca973d4c588513687a70cda6cb 53fb22c2687c41c9a88d2a54e8b3b270 - - default default] Successfully bumped revision number for resource 243dda44-34bf-45d1-aa78-c4f70c48f338 (type: networks) to 1
2026-09-02 13:50:29.823 7 INFO neutron.db.ovn_revision_numbers_db [None req-7cedae0a-68d3-441c-bd08-76b89bda1ab2 - - - - - -] Successfully bumped revision number for resource a48274cb-316f-4d1e-9c36-ae5ab6d22729 (type: ports) to 2
2026-09-02 13:50:29.852 7 INFO neutron.db.ovn_revision_numbers_db [None req-7cedae0a-68d3-441c-bd08-76b89bda1ab2 - - - - - -] Successfully bumped revision number for resource 313041ea-b11a-438f-a2f5-c0512bdaeba4 (type: subnets) to 0 [pid: 7|app: 0|req: 1214/2792] 10.0.0.214 () {34 vars in 669 bytes} [Wed Sep 2 13:50:29 2026] POST /v2.0/subnets => generated 629 bytes in 733 msecs (HTTP/1.1 201) 4 headers in 162 bytes (1 switches on core 0)
2026-09-02 13:50:29.931 8 WARNING neutron.scheduler.dhcp_agent_scheduler [None req-272a9632-2457-4004-99c4-40ba87121bd2 177dd3ca973d4c588513687a70cda6cb 53fb22c2687c41c9a88d2a54e8b3b270 - - default default] No more DHCP agents
2026-09-02 13:50:29.932 8 WARNING neutron.api.rpc.agentnotifiers.dhcp_rpc_agent_api [None req-272a9632-2457-4004-99c4-40ba87121bd2 177dd3ca973d4c588513687a70cda6cb 53fb22c2687c41c9a88d2a54e8b3b270 - - default default] Unable to schedule network 243dda44-34bf-45d1-aa78-c4f70c48f338: no agents available; will retry on subsequent port and subnet creation events.
2026-09-02 13:50:29.999 7 INFO neutron.plugins.ml2.drivers.ovn.mech_driver.mech_driver [None req-51a5afb5-ea82-4c2d-a43a-21b12d489a1f - - - - - -] OVN reports status down for port: ebf52ffb-66eb-4dc4-84e5-948d931da5fc
2026-09-02 13:50:30.030 8 INFO neutron.db.ovn_revision_numbers_db [None req-272a9632-2457-4004-99c4-40ba87121bd2 177dd3ca973d4c588513687a70cda6cb 53fb22c2687c41c9a88d2a54e8b3b270 - - default default] Successfully bumped revision number for resource ebf52ffb-66eb-4dc4-84e5-948d931da5fc (type: ports) to 1 [pid: 8|app: 0|req: 1579/2793] 10.0.0.214 () {34 vars in 670 bytes} [Wed Sep 2 13:50:29 2026] POST /v2.0/networks => generated 639 bytes in 839 msecs (HTTP/1.1 201) 4 headers in 162 bytes (1 switches on core 0)
2026-09-02 13:50:30.269 8 WARNING neutron.scheduler.dhcp_agent_scheduler [None req-7d66132b-6578-4048-9987-3ec6262c257e 177dd3ca973d4c588513687a70cda6cb 53fb22c2687c41c9a88d2a54e8b3b270 - - default default] No more DHCP agents
2026-09-02 13:50:30.271 8 WARNING neutron.api.rpc.agentnotifiers.dhcp_rpc_agent_api [None req-7d66132b-6578-4048-9987-3ec6262c257e 177dd3ca973d4c588513687a70cda6cb 53fb22c2687c41c9a88d2a54e8b3b270 - - default default] Unable to schedule network 243dda44-34bf-45d1-aa78-c4f70c48f338: no agents available; will retry on subsequent port and subnet creation events.
2026-09-02 13:50:30.363 7 WARNING neutron.scheduler.dhcp_agent_scheduler [None req-d8a4d471-05e2-4e76-8038-5005469c98cc 9695633ccb3b4aa7bd3b7aa73494d8d5 695428cf63b846559815c78bcf727856 - - default default] No more DHCP agents
2026-09-02 13:50:30.364 7 WARNING neutron.api.rpc.agentnotifiers.dhcp_rpc_agent_api [None req-d8a4d471-05e2-4e76-8038-5005469c98cc 9695633ccb3b4aa7bd3b7aa73494d8d5 695428cf63b846559815c78bcf727856 - - default default] Unable to schedule network 6c519446-ec2c-4de6-bf91-bb1ec1eeafac: no agents available; will retry on subsequent port and subnet creation events.
2026-09-02 13:50:30.518 7 INFO neutron.plugins.ml2.drivers.ovn.mech_driver.mech_driver [None req-51a5afb5-ea82-4c2d-a43a-21b12d489a1f - - - - - -] OVN reports status down for port: df41ec19-a2a8-4a20-a7c6-22bd093394ce
2026-09-02 13:50:30.594 7 INFO neutron.db.ovn_revision_numbers_db [None req-d8a4d471-05e2-4e76-8038-5005469c98cc 9695633ccb3b4aa7bd3b7aa73494d8d5 695428cf63b846559815c78bcf727856 - - default default] Successfully bumped revision number for resource df41ec19-a2a8-4a20-a7c6-22bd093394ce (type: ports) to 1
2026-09-02 13:50:30.723 8 INFO neutron.db.ovn_revision_numbers_db [None req-1f0b55f1-d31b-4c7c-8d65-d4877b962726 - - - - - -] Successfully bumped revision number for resource ebf52ffb-66eb-4dc4-84e5-948d931da5fc (type: ports) to 2
2026-09-02 13:50:30.756 8 INFO neutron.db.ovn_revision_numbers_db [None req-1f0b55f1-d31b-4c7c-8d65-d4877b962726 - - - - - -] Successfully bumped revision number for resource eae34d30-fe94-401a-901f-771feca55a54 (type: subnets) to 0 [pid: 8|app: 0|req: 1580/2794] 10.0.0.214 () {34 vars in 669 bytes} [Wed Sep 2 13:50:30 2026] POST /v2.0/subnets => generated 658 bytes in 720 msecs (HTTP/1.1 201) 4 headers in 162 bytes (1 switches on core 0) [pid: 8|app: 0|req: 1581/2795] 10.0.0.214 () {32 vars in 722 bytes} [Wed Sep 2 13:50:30 2026] GET /v2.0/subnetpools?name=shared-default-subnetpool-v6 => generated 19 bytes in 33 msecs (HTTP/1.1 200) 4 headers in 156 bytes (1 switches on core 0)
2026-09-02 13:50:30.970 8 WARNING neutron.scheduler.dhcp_agent_scheduler [None req-f1942941-8ec1-4c05-b01b-d2c72665fece 177dd3ca973d4c588513687a70cda6cb 53fb22c2687c41c9a88d2a54e8b3b270 - - default default] No more DHCP agents
2026-09-02 13:50:30.971 8 WARNING neutron.api.rpc.agentnotifiers.dhcp_rpc_agent_api [None req-f1942941-8ec1-4c05-b01b-d2c72665fece 177dd3ca973d4c588513687a70cda6cb 53fb22c2687c41c9a88d2a54e8b3b270 - - default default] Unable to schedule network 243dda44-34bf-45d1-aa78-c4f70c48f338: no agents available; will retry on subsequent port and subnet creation events.
2026-09-02 13:50:31.004 8 INFO neutron.db.ovn_revision_numbers_db [None req-f1942941-8ec1-4c05-b01b-d2c72665fece 177dd3ca973d4c588513687a70cda6cb 53fb22c2687c41c9a88d2a54e8b3b270 - - default default] Successfully bumped revision number for resource 426d9879-bd5a-4739-bd50-46b8ab89f8ad (type: subnets) to 0 [pid: 8|app: 0|req: 1582/2796] 10.0.0.214 () {34 vars in 669 bytes} [Wed Sep 2 13:50:30 2026] POST /v2.0/subnets => generated 732 bytes in 203 msecs (HTTP/1.1 201) 4 headers in 162 bytes (1 switches on core 0)
2026-09-02 13:50:31.139 8 INFO neutron.db.segments_db [None req-099aaae1-8ed0-41dc-a84c-56f3573f47d2 177dd3ca973d4c588513687a70cda6cb 53fb22c2687c41c9a88d2a54e8b3b270 - - default default] Added segment 8b301758-f037-469a-83c4-1d7e2fdfc70a of type geneve for network c2751f22-cb19-459f-a91c-eefb30eed74e
2026-09-02 13:50:31.238 7 INFO neutron.plugins.ml2.drivers.ovn.mech_driver.ovsdb.commands [None req-a488bb7a-38b5-416f-898a-628f91942f20 - - - - - -] Schedule LRP lrp-df41ec19-a2a8-4a20-a7c6-22bd093394ce on gateway b6cf963e-0373-4b60-b698-285248b2051c with priority 1
2026-09-02 13:50:31.325 7 INFO neutron.plugins.ml2.drivers.ovn.mech_driver.mech_driver [None req-51a5afb5-ea82-4c2d-a43a-21b12d489a1f - - - - - -] OVN reports status up for port: df41ec19-a2a8-4a20-a7c6-22bd093394ce
2026-09-02 13:50:31.340 8 INFO neutron.db.ovn_revision_numbers_db [None req-099aaae1-8ed0-41dc-a84c-56f3573f47d2 177dd3ca973d4c588513687a70cda6cb 53fb22c2687c41c9a88d2a54e8b3b270 - - default default] Successfully bumped revision number for resource c2751f22-cb19-459f-a91c-eefb30eed74e (type: networks) to 1
2026-09-02 13:50:31.357 7 INFO neutron.plugins.ml2.plugin [None req-51a5afb5-ea82-4c2d-a43a-21b12d489a1f - - - - - -] Attempt 1 to provision port df41ec19-a2a8-4a20-a7c6-22bd093394ce
2026-09-02 13:50:31.385 7 INFO neutron.db.ovn_revision_numbers_db [None req-d8a4d471-05e2-4e76-8038-5005469c98cc 9695633ccb3b4aa7bd3b7aa73494d8d5 695428cf63b846559815c78bcf727856 - - default default] Successfully bumped revision number for resource df41ec19-a2a8-4a20-a7c6-22bd093394ce (type: router_ports) to 1
2026-09-02 13:50:31.499 8 WARNING neutron.scheduler.dhcp_agent_scheduler [None req-099aaae1-8ed0-41dc-a84c-56f3573f47d2 177dd3ca973d4c588513687a70cda6cb 53fb22c2687c41c9a88d2a54e8b3b270 - - default default] No more DHCP agents
2026-09-02 13:50:31.500 8 WARNING neutron.api.rpc.agentnotifiers.dhcp_rpc_agent_api [None req-099aaae1-8ed0-41dc-a84c-56f3573f47d2 177dd3ca973d4c588513687a70cda6cb 53fb22c2687c41c9a88d2a54e8b3b270 - - default default] Unable to schedule network c2751f22-cb19-459f-a91c-eefb30eed74e: no agents available; will retry on subsequent port and subnet creation events.
2026-09-02 13:50:31.506 7 INFO neutron.db.ovn_revision_numbers_db [None req-d8a4d471-05e2-4e76-8038-5005469c98cc 9695633ccb3b4aa7bd3b7aa73494d8d5 695428cf63b846559815c78bcf727856 - - default default] Successfully bumped revision number for resource 75d4b490-6295-4813-b175-a9400a827947 (type: routers) to 2 [pid: 7|app: 0|req: 1215/2797] 10.0.0.214 () {34 vars in 669 bytes} [Wed Sep 2 13:50:29 2026] POST /v2.0/routers => generated 936 bytes in 1653 msecs (HTTP/1.1 201) 4 headers in 162 bytes (1 switches on core 0)
2026-09-02 13:50:31.630 8 INFO neutron.db.ovn_revision_numbers_db [None req-099aaae1-8ed0-41dc-a84c-56f3573f47d2 177dd3ca973d4c588513687a70cda6cb 53fb22c2687c41c9a88d2a54e8b3b270 - - default default] Successfully bumped revision number for resource abb6de7a-6378-4be8-bc6d-42c2eaf37754 (type: ports) to 1
2026-09-02 13:50:31.643 7 INFO neutron.api.v2.resource [None req-d33038eb-7048-4d10-a82d-4e53e7d2d120 3a880ef480454c7685e0077826d46b41 e9db74c397e04831a0cd26a4ef4d6b25 - - default default] create failed (client error): The server could not comply with the request since it is either malformed or otherwise incorrect. [pid: 7|app: 0|req: 1216/2798] 10.0.0.214 () {34 vars in 685 bytes} [Wed Sep 2 13:50:31 2026] POST /v2.0/vpn/vpnservices => generated 194 bytes in 117 msecs (HTTP/1.1 400) 4 headers in 166 bytes (1 switches on core 0) [pid: 8|app: 0|req: 1583/2799] 10.0.0.214 () {34 vars in 670 bytes} [Wed Sep 2 13:50:31 2026] POST /v2.0/networks => generated 638 bytes in 639 msecs (HTTP/1.1 201) 4 headers in 162 bytes (1 switches on core 0)
2026-09-02 13:50:31.787 7 INFO neutron_taas.services.taas.taas_plugin [None req-ed5f9887-d3fc-45d2-b504-b1da6fc13504 3a880ef480454c7685e0077826d46b41 e9db74c397e04831a0cd26a4ef4d6b25 - - default default] TaaS: Handle Delete Port: a48274cb-316f-4d1e-9c36-ae5ab6d22729
2026-09-02 13:50:31.789 7 INFO neutron_taas.services.taas.tap_mirror_plugin [None req-ed5f9887-d3fc-45d2-b504-b1da6fc13504 3a880ef480454c7685e0077826d46b41 e9db74c397e04831a0cd26a4ef4d6b25 - - default default] Tap Mirror: Handle Delete Port: a48274cb-316f-4d1e-9c36-ae5ab6d22729
2026-09-02 13:50:31.853 8 WARNING neutron.scheduler.dhcp_agent_scheduler [None req-eac2c5b8-ef6c-4ada-bc89-b00644d8f5d7 177dd3ca973d4c588513687a70cda6cb 53fb22c2687c41c9a88d2a54e8b3b270 - - default default] No more DHCP agents
2026-09-02 13:50:31.854 8 WARNING neutron.api.rpc.agentnotifiers.dhcp_rpc_agent_api [None req-eac2c5b8-ef6c-4ada-bc89-b00644d8f5d7 177dd3ca973d4c588513687a70cda6cb 53fb22c2687c41c9a88d2a54e8b3b270 - - default default] Unable to schedule network c2751f22-cb19-459f-a91c-eefb30eed74e: no agents available; will retry on subsequent port and subnet creation events.
2026-09-02 13:50:32.115 7 INFO neutron.services.segments.plugin [-] Segment f65e5c92-dec7-4e52-bbf9-749b24fea6f8 resource provider aggregate not found
2026-09-02 13:50:32.118 7 INFO neutron.services.segments.plugin [-] Segment f65e5c92-dec7-4e52-bbf9-749b24fea6f8 resource provider aggregate not found
2026-09-02 13:50:32.135 7 INFO neutron.services.segments.plugin [-] Client error retrieving segment f65e5c92-dec7-4e52-bbf9-749b24fea6f8 resource provider; error: Placement Client Error (4xx): {"errors": [{"status": 404, "title": "Not Found", "detail": "The resource could not be found.\n\n No resource provider with uuid f65e5c92-dec7-4e52-bbf9-749b24fea6f8 found for delete ", "request_id": "req-d4d120de-6ae2-465c-84be-5dc0ae1bafdd"}]}
2026-09-02 13:50:32.137 7 INFO neutron.services.segments.plugin [-] Client error retrieving segment f65e5c92-dec7-4e52-bbf9-749b24fea6f8 resource provider; error: Placement Client Error (4xx): {"errors": [{"status": 404, "title": "Not Found", "detail": "The resource could not be found.\n\n No resource provider with uuid f65e5c92-dec7-4e52-bbf9-749b24fea6f8 found for delete ", "request_id": "req-d20ad0df-78a0-4598-bf4e-db9d3e518e0a"}]} [pid: 7|app: 0|req: 1217/2800] 10.0.0.214 () {32 vars in 726 bytes} [Wed Sep 2 13:50:31 2026] DELETE /v2.0/networks/902985fe-4bb2-4dbc-87ba-606bf3da6520 => generated 0 bytes in 531 msecs (HTTP/1.1 204) 3 headers in 131 bytes (1 switches on core 0)
2026-09-02 13:50:32.296 8 INFO neutron.db.ovn_revision_numbers_db [None req-00cd9796-5c36-4848-afa9-0ff5853be801 - - - - - -] Successfully bumped revision number for resource abb6de7a-6378-4be8-bc6d-42c2eaf37754 (type: ports) to 2
2026-09-02 13:50:32.322 8 INFO neutron.db.ovn_revision_numbers_db [None req-00cd9796-5c36-4848-afa9-0ff5853be801 - - - - - -] Successfully bumped revision number for resource d8fea0f0-a9bf-4b14-b1c1-495340815338 (type: subnets) to 0 [pid: 8|app: 0|req: 1584/2801] 10.0.0.214 () {34 vars in 669 bytes} [Wed Sep 2 13:50:31 2026] POST /v2.0/subnets => generated 654 bytes in 668 msecs (HTTP/1.1 201) 4 headers in 162 bytes (1 switches on core 0)
2026-09-02 13:50:32.515 8 WARNING neutron.scheduler.dhcp_agent_scheduler [None req-ce25f0db-1eb4-4b90-a196-ba1932c73824 177dd3ca973d4c588513687a70cda6cb 53fb22c2687c41c9a88d2a54e8b3b270 - - default default] No more DHCP agents
2026-09-02 13:50:32.516 8 WARNING neutron.api.rpc.agentnotifiers.dhcp_rpc_agent_api [None req-ce25f0db-1eb4-4b90-a196-ba1932c73824 177dd3ca973d4c588513687a70cda6cb 53fb22c2687c41c9a88d2a54e8b3b270 - - default default] Unable to schedule network c2751f22-cb19-459f-a91c-eefb30eed74e: no agents available; will retry on subsequent port and subnet creation events.
2026-09-02 13:50:32.551 8 INFO neutron.db.ovn_revision_numbers_db [None req-ce25f0db-1eb4-4b90-a196-ba1932c73824 177dd3ca973d4c588513687a70cda6cb 53fb22c2687c41c9a88d2a54e8b3b270 - - default default] Successfully bumped revision number for resource 831fef11-4dfa-46ba-98e7-adc96b233a22 (type: subnets) to 0
2026-09-02 13:50:32.568 7 INFO neutron_taas.services.taas.taas_plugin [None req-13cfa8df-7715-4d04-9ecc-5fd04226627d 3a880ef480454c7685e0077826d46b41 e9db74c397e04831a0cd26a4ef4d6b25 - - default default] TaaS: Handle Delete Port: df41ec19-a2a8-4a20-a7c6-22bd093394ce [pid: 8|app: 0|req: 1585/2802] 10.0.0.214 () {34 vars in 669 bytes} [Wed Sep 2 13:50:32 2026] POST /v2.0/subnets => generated 726 bytes in 226 msecs (HTTP/1.1 201) 4 headers in 162 bytes (1 switches on core 0)
2026-09-02 13:50:32.571 7 INFO neutron_taas.services.taas.tap_mirror_plugin [None req-13cfa8df-7715-4d04-9ecc-5fd04226627d 3a880ef480454c7685e0077826d46b41 e9db74c397e04831a0cd26a4ef4d6b25 - - default default] Tap Mirror: Handle Delete Port: df41ec19-a2a8-4a20-a7c6-22bd093394ce
2026-09-02 13:50:32.680 8 INFO neutron.db.segments_db [None req-5797d157-f52f-4675-9071-8ae7dfec4b8f 177dd3ca973d4c588513687a70cda6cb 53fb22c2687c41c9a88d2a54e8b3b270 - - default default] Added segment 82204de6-59d9-4962-b282-58ffa1f3d6f1 of type geneve for network bb852cd2-6953-46c9-ac64-ff0ecad62f7b
2026-09-02 13:50:32.862 8 INFO neutron.db.ovn_revision_numbers_db [None req-5797d157-f52f-4675-9071-8ae7dfec4b8f 177dd3ca973d4c588513687a70cda6cb 53fb22c2687c41c9a88d2a54e8b3b270 - - default default] Successfully bumped revision number for resource bb852cd2-6953-46c9-ac64-ff0ecad62f7b (type: networks) to 1
2026-09-02 13:50:33.069 8 WARNING neutron.scheduler.dhcp_agent_scheduler [None req-5797d157-f52f-4675-9071-8ae7dfec4b8f 177dd3ca973d4c588513687a70cda6cb 53fb22c2687c41c9a88d2a54e8b3b270 - - default default] No more DHCP agents
2026-09-02 13:50:33.072 8 WARNING neutron.api.rpc.agentnotifiers.dhcp_rpc_agent_api [None req-5797d157-f52f-4675-9071-8ae7dfec4b8f 177dd3ca973d4c588513687a70cda6cb 53fb22c2687c41c9a88d2a54e8b3b270 - - default default] Unable to schedule network bb852cd2-6953-46c9-ac64-ff0ecad62f7b: no agents available; will retry on subsequent port and subnet creation events.
2026-09-02 13:50:33.246 8 INFO neutron.db.ovn_revision_numbers_db [None req-5797d157-f52f-4675-9071-8ae7dfec4b8f 177dd3ca973d4c588513687a70cda6cb 53fb22c2687c41c9a88d2a54e8b3b270 - - default default] Successfully bumped revision number for resource f88a73c2-b8b4-4366-8c43-03bdd0b6ef4f (type: ports) to 1 [pid: 8|app: 0|req: 1586/2803] 10.0.0.214 () {34 vars in 670 bytes} [Wed Sep 2 13:50:32 2026] POST /v2.0/networks => generated 638 bytes in 693 msecs (HTTP/1.1 201) 4 headers in 162 bytes (1 switches on core 0)
2026-09-02 13:50:33.416 8 WARNING neutron.scheduler.dhcp_agent_scheduler [None req-306a2569-b435-4556-8e6a-ee6445d47896 177dd3ca973d4c588513687a70cda6cb 53fb22c2687c41c9a88d2a54e8b3b270 - - default default] No more DHCP agents
2026-09-02 13:50:33.418 8 WARNING neutron.api.rpc.agentnotifiers.dhcp_rpc_agent_api [None req-306a2569-b435-4556-8e6a-ee6445d47896 177dd3ca973d4c588513687a70cda6cb 53fb22c2687c41c9a88d2a54e8b3b270 - - default default] Unable to schedule network bb852cd2-6953-46c9-ac64-ff0ecad62f7b: no agents available; will retry on subsequent port and subnet creation events. [pid: 7|app: 0|req: 1218/2804] 10.0.0.214 () {32 vars in 724 bytes} [Wed Sep 2 13:50:32 2026] DELETE /v2.0/routers/75d4b490-6295-4813-b175-a9400a827947 => generated 0 bytes in 1391 msecs (HTTP/1.1 204) 2 headers in 112 bytes (1 switches on core 0)
2026-09-02 13:50:33.590 7 WARNING neutron.api.v2.base [None req-11296235-e5a0-4ffd-b291-4d488d506e61 9695633ccb3b4aa7bd3b7aa73494d8d5 695428cf63b846559815c78bcf727856 - - default default] An exception happened while processing the request body. The exception message is [Invalid input for description. Reason: 'yyyyyyyyyyyyyyyyyyyyyyyyyyyyyyyyyyyyyyyyyyyyyyyyyyyyyyyyyyyyyyyyyyyyyyyyyyyyyyyyyyyyyyyyyyyyyyyyyyyyyyyyyyyyyyyyyyyyyyyyyyyyyyyyyyyyyyyyyyyyyyyyyyyyyyyyyyyyyyyyyyyyyyyyyyyyyyyyyyyyyyyyyyyyyyyyyyyyyyyyyyyyyyyyyyyyyyyyyyyyyyyyyyyyyyyyyyyyyyyyyyyyyyyyyyyyyyyy' exceeds maximum length of 255.].: webob.exc.HTTPBadRequest: Invalid input for description. Reason: 'yyyyyyyyyyyyyyyyyyyyyyyyyyyyyyyyyyyyyyyyyyyyyyyyyyyyyyyyyyyyyyyyyyyyyyyyyyyyyyyyyyyyyyyyyyyyyyyyyyyyyyyyyyyyyyyyyyyyyyyyyyyyyyyyyyyyyyyyyyyyyyyyyyyyyyyyyyyyyyyyyyyyyyyyyyyyyyyyyyyyyyyyyyyyyyyyyyyyyyyyyyyyyyyyyyyyyyyyyyyyyyyyyyyyyyyyyyyyyyyyyyyyyyyyyyyyyyyy' exceeds maximum length of 255.
2026-09-02 13:50:33.590 7 INFO neutron.api.v2.resource [None req-11296235-e5a0-4ffd-b291-4d488d506e61 9695633ccb3b4aa7bd3b7aa73494d8d5 695428cf63b846559815c78bcf727856 - - default default] create failed (client error): Invalid input for description. Reason: 'yyyyyyyyyyyyyyyyyyyyyyyyyyyyyyyyyyyyyyyyyyyyyyyyyyyyyyyyyyyyyyyyyyyyyyyyyyyyyyyyyyyyyyyyyyyyyyyyyyyyyyyyyyyyyyyyyyyyyyyyyyyyyyyyyyyyyyyyyyyyyyyyyyyyyyyyyyyyyyyyyyyyyyyyyyyyyyyyyyyyyyyyyyyyyyyyyyyyyyyyyyyyyyyyyyyyyyyyyyyyyyyyyyyyyyyyyyyyyyyyyyyyyyyyyyyyyyyy' exceeds maximum length of 255. [pid: 7|app: 0|req: 1219/2805] 10.0.0.214 () {34 vars in 685 bytes} [Wed Sep 2 13:50:33 2026] POST /v2.0/vpn/vpnservices => generated 401 bytes in 9 msecs (HTTP/1.1 400) 4 headers in 166 bytes (1 switches on core 0)
2026-09-02 13:50:33.604 7 WARNING neutron.api.v2.base [None req-b195b5bc-e7c7-4ce3-9817-7b7615290cd2 9695633ccb3b4aa7bd3b7aa73494d8d5 695428cf63b846559815c78bcf727856 - - default default] An exception happened while processing the request body. The exception message is [Invalid input for name. Reason: 'xxxxxxxxxxxxxxxxxxxxxxxxxxxxxxxxxxxxxxxxxxxxxxxxxxxxxxxxxxxxxxxxxxxxxxxxxxxxxxxxxxxxxxxxxxxxxxxxxxxxxxxxxxxxxxxxxxxxxxxxxxxxxxxxxxxxxxxxxxxxxxxxxxxxxxxxxxxxxxxxxxxxxxxxxxxxxxxxxxxxxxxxxxxxxxxxxxxxxxxxxxxxxxxxxxxxxxxxxxxxxxxxxxxxxxxxxxxxxxxxxxxxxxxxxxxxxxxx' exceeds maximum length of 255.].: webob.exc.HTTPBadRequest: Invalid input for name. Reason: 'xxxxxxxxxxxxxxxxxxxxxxxxxxxxxxxxxxxxxxxxxxxxxxxxxxxxxxxxxxxxxxxxxxxxxxxxxxxxxxxxxxxxxxxxxxxxxxxxxxxxxxxxxxxxxxxxxxxxxxxxxxxxxxxxxxxxxxxxxxxxxxxxxxxxxxxxxxxxxxxxxxxxxxxxxxxxxxxxxxxxxxxxxxxxxxxxxxxxxxxxxxxxxxxxxxxxxxxxxxxxxxxxxxxxxxxxxxxxxxxxxxxxxxxxxxxxxxxx' exceeds maximum length of 255.
2026-09-02 13:50:33.605 7 INFO neutron.api.v2.resource [None req-b195b5bc-e7c7-4ce3-9817-7b7615290cd2 9695633ccb3b4aa7bd3b7aa73494d8d5 695428cf63b846559815c78bcf727856 - - default default] create failed (client error): Invalid input for name. Reason: 'xxxxxxxxxxxxxxxxxxxxxxxxxxxxxxxxxxxxxxxxxxxxxxxxxxxxxxxxxxxxxxxxxxxxxxxxxxxxxxxxxxxxxxxxxxxxxxxxxxxxxxxxxxxxxxxxxxxxxxxxxxxxxxxxxxxxxxxxxxxxxxxxxxxxxxxxxxxxxxxxxxxxxxxxxxxxxxxxxxxxxxxxxxxxxxxxxxxxxxxxxxxxxxxxxxxxxxxxxxxxxxxxxxxxxxxxxxxxxxxxxxxxxxxxxxxxxxxx' exceeds maximum length of 255. [pid: 7|app: 0|req: 1220/2806] 10.0.0.214 () {34 vars in 685 bytes} [Wed Sep 2 13:50:33 2026] POST /v2.0/vpn/vpnservices => generated 394 bytes in 9 msecs (HTTP/1.1 400) 4 headers in 166 bytes (1 switches on core 0)
2026-09-02 13:50:33.652 7 INFO neutron.api.v2.resource [None req-c3cb366b-a786-4b9f-8b64-6733b017a9ff 9695633ccb3b4aa7bd3b7aa73494d8d5 695428cf63b846559815c78bcf727856 - - default default] create failed (client error): The server could not comply with the request since it is either malformed or otherwise incorrect. [pid: 7|app: 0|req: 1221/2807] 10.0.0.214 () {34 vars in 693 bytes} [Wed Sep 2 13:50:33 2026] POST /v2.0/vpn/endpoint-groups => generated 183 bytes in 40 msecs (HTTP/1.1 400) 4 headers in 166 bytes (1 switches on core 0)
2026-09-02 13:50:33.686 7 INFO neutron.api.v2.resource [None req-257b546c-6ff4-40d0-879c-502b299a8582 9695633ccb3b4aa7bd3b7aa73494d8d5 695428cf63b846559815c78bcf727856 - - default default] create failed (client error): The server could not comply with the request since it is either malformed or otherwise incorrect. [pid: 7|app: 0|req: 1222/2808] 10.0.0.214 () {34 vars in 693 bytes} [Wed Sep 2 13:50:33 2026] POST /v2.0/vpn/endpoint-groups => generated 160 bytes in 28 msecs (HTTP/1.1 400) 4 headers in 166 bytes (1 switches on core 0)
2026-09-02 13:50:33.729 7 INFO neutron.api.v2.resource [None req-41b30bbf-7f11-4610-85a0-686240822447 9695633ccb3b4aa7bd3b7aa73494d8d5 695428cf63b846559815c78bcf727856 - - default default] create failed (client error): The server could not comply with the request since it is either malformed or otherwise incorrect. [pid: 7|app: 0|req: 1223/2809] 10.0.0.214 () {34 vars in 693 bytes} [Wed Sep 2 13:50:33 2026] POST /v2.0/vpn/endpoint-groups => generated 154 bytes in 36 msecs (HTTP/1.1 400) 4 headers in 166 bytes (1 switches on core 0) [pid: 7|app: 0|req: 1224/2810] 10.0.0.214 () {32 vars in 663 bytes} [Wed Sep 2 13:50:33 2026] GET /v2.0/vpn/ikepolicies => generated 407 bytes in 15 msecs (HTTP/1.1 200) 4 headers in 157 bytes (1 switches on core 0) [pid: 7|app: 0|req: 1225/2811] 10.0.0.214 () {32 vars in 667 bytes} [Wed Sep 2 13:50:33 2026] GET /v2.0/vpn/ipsecpolicies => generated 417 bytes in 13 msecs (HTTP/1.1 200) 4 headers in 157 bytes (1 switches on core 0) [pid: 7|app: 0|req: 1226/2812] 10.0.0.214 () {32 vars in 685 bytes} [Wed Sep 2 13:50:33 2026] GET /v2.0/vpn/ipsec-site-connections => generated 806 bytes in 20 msecs (HTTP/1.1 200) 4 headers in 157 bytes (1 switches on core 0) [pid: 7|app: 0|req: 1227/2813] 10.0.0.214 () {32 vars in 663 bytes} [Wed Sep 2 13:50:33 2026] GET /v2.0/vpn/vpnservices => generated 869 bytes in 7 msecs (HTTP/1.1 200) 4 headers in 157 bytes (1 switches on core 0) [pid: 7|app: 0|req: 1228/2814] 10.0.0.214 () {32 vars in 745 bytes} [Wed Sep 2 13:50:33 2026] GET /v2.0/vpn/endpoint-groups/9c24d3c1-4319-4f33-ac9d-79f4150169d9 => generated 329 bytes in 8 msecs (HTTP/1.1 200) 4 headers in 157 bytes (1 switches on core 0) [pid: 7|app: 0|req: 1229/2815] 10.0.0.214 () {32 vars in 745 bytes} [Wed Sep 2 13:50:33 2026] GET /v2.0/vpn/endpoint-groups/80c494c7-e56f-45e0-91ee-370fbcaab317 => generated 319 bytes in 19 msecs (HTTP/1.1 200) 4 headers in 157 bytes (1 switches on core 0) [pid: 7|app: 0|req: 1230/2816] 10.0.0.214 () {32 vars in 737 bytes} [Wed Sep 2 13:50:33 2026] GET /v2.0/vpn/ikepolicies/5b3bb579-9fca-4687-bd7c-222343a7ffd2 => generated 403 bytes in 8 msecs (HTTP/1.1 200) 4 headers in 157 bytes (1 switches on core 0) [pid: 7|app: 0|req: 1231/2817] 10.0.0.214 () {32 vars in 741 bytes} [Wed Sep 2 13:50:33 2026] GET /v2.0/vpn/ipsecpolicies/ec8c47e1-8bd6-42d2-b1ae-8d7572a309f4 => generated 413 bytes in 7 msecs (HTTP/1.1 200) 4 headers in 157 bytes (1 switches on core 0) [pid: 7|app: 0|req: 1232/2818] 10.0.0.214 () {32 vars in 737 bytes} [Wed Sep 2 13:50:33 2026] GET /v2.0/vpn/vpnservices/c19532a6-a94d-4773-8bc6-c2aacb25a218 => generated 457 bytes in 32 msecs (HTTP/1.1 200) 4 headers in 157 bytes (1 switches on core 0)
2026-09-02 13:50:33.955 8 INFO neutron.db.ovn_revision_numbers_db [None req-2e67044a-4793-42f0-8fd3-18c70e3cd765 - - - - - -] Successfully bumped revision number for resource f88a73c2-b8b4-4366-8c43-03bdd0b6ef4f (type: ports) to 2
2026-09-02 13:50:33.982 8 INFO neutron.db.ovn_revision_numbers_db [None req-2e67044a-4793-42f0-8fd3-18c70e3cd765 - - - - - -] Successfully bumped revision number for resource 45ebeea4-8f25-4f27-935c-a396edfc6183 (type: subnets) to 0 [pid: 8|app: 0|req: 1587/2819] 10.0.0.214 () {34 vars in 669 bytes} [Wed Sep 2 13:50:33 2026] POST /v2.0/subnets => generated 655 bytes in 726 msecs (HTTP/1.1 201) 4 headers in 162 bytes (1 switches on core 0)
2026-09-02 13:50:34.207 8 WARNING neutron.scheduler.dhcp_agent_scheduler [None req-5e92722e-0793-4103-8af0-0ccb58b5bd87 177dd3ca973d4c588513687a70cda6cb 53fb22c2687c41c9a88d2a54e8b3b270 - - default default] No more DHCP agents
2026-09-02 13:50:34.208 8 WARNING neutron.api.rpc.agentnotifiers.dhcp_rpc_agent_api [None req-5e92722e-0793-4103-8af0-0ccb58b5bd87 177dd3ca973d4c588513687a70cda6cb 53fb22c2687c41c9a88d2a54e8b3b270 - - default default] Unable to schedule network bb852cd2-6953-46c9-ac64-ff0ecad62f7b: no agents available; will retry on subsequent port and subnet creation events.
2026-09-02 13:50:34.254 8 INFO neutron.db.ovn_revision_numbers_db [None req-5e92722e-0793-4103-8af0-0ccb58b5bd87 177dd3ca973d4c588513687a70cda6cb 53fb22c2687c41c9a88d2a54e8b3b270 - - default default] Successfully bumped revision number for resource 611e465e-4705-4dfa-b6b7-52dd363d1616 (type: subnets) to 0 [pid: 8|app: 0|req: 1588/2820] 10.0.0.214 () {34 vars in 669 bytes} [Wed Sep 2 13:50:34 2026] POST /v2.0/subnets => generated 730 bytes in 276 msecs (HTTP/1.1 201) 4 headers in 162 bytes (1 switches on core 0)
2026-09-02 13:50:34.543 7 INFO neutron.db.ovn_revision_numbers_db [None req-195ea02f-1cb3-4bc8-a65d-8ec417b16bb1 9695633ccb3b4aa7bd3b7aa73494d8d5 695428cf63b846559815c78bcf727856 - - default default] Successfully bumped revision number for resource 6792dfa1-04da-46fb-8c6a-47cb85f04d0a (type: routers) to 10 [pid: 7|app: 0|req: 1233/2821] 10.0.0.214 () {32 vars in 762 bytes} [Wed Sep 2 13:50:33 2026] DELETE /v2.0/vpn/ipsec-site-connections/a6b46c18-7d6c-436f-8c8e-5be8e29bca5d => generated 0 bytes in 645 msecs (HTTP/1.1 204) 2 headers in 112 bytes (1 switches on core 0) [pid: 7|app: 0|req: 1234/2822] 10.0.0.214 () {32 vars in 748 bytes} [Wed Sep 2 13:50:34 2026] DELETE /v2.0/vpn/endpoint-groups/9c24d3c1-4319-4f33-ac9d-79f4150169d9 => generated 0 bytes in 22 msecs (HTTP/1.1 204) 2 headers in 112 bytes (1 switches on core 0) [pid: 7|app: 0|req: 1235/2823] 10.0.0.214 () {32 vars in 748 bytes} [Wed Sep 2 13:50:34 2026] DELETE /v2.0/vpn/endpoint-groups/80c494c7-e56f-45e0-91ee-370fbcaab317 => generated 0 bytes in 23 msecs (HTTP/1.1 204) 2 headers in 112 bytes (1 switches on core 0) [pid: 7|app: 0|req: 1236/2824] 10.0.0.214 () {32 vars in 744 bytes} [Wed Sep 2 13:50:34 2026] DELETE /v2.0/vpn/ipsecpolicies/ec8c47e1-8bd6-42d2-b1ae-8d7572a309f4 => generated 0 bytes in 30 msecs (HTTP/1.1 204) 2 headers in 112 bytes (1 switches on core 0) [pid: 7|app: 0|req: 1237/2825] 10.0.0.214 () {32 vars in 740 bytes} [Wed Sep 2 13:50:34 2026] DELETE /v2.0/vpn/ikepolicies/5b3bb579-9fca-4687-bd7c-222343a7ffd2 => generated 0 bytes in 23 msecs (HTTP/1.1 204) 2 headers in 112 bytes (1 switches on core 0)
2026-09-02 13:50:34.697 8 WARNING neutron.scheduler.dhcp_agent_scheduler [None req-e9ef1b65-3d61-47b1-9c12-ccea6c6de945 177dd3ca973d4c588513687a70cda6cb 53fb22c2687c41c9a88d2a54e8b3b270 - - default default] No more DHCP agents
2026-09-02 13:50:34.700 8 WARNING neutron.api.rpc.agentnotifiers.dhcp_rpc_agent_api [None req-e9ef1b65-3d61-47b1-9c12-ccea6c6de945 177dd3ca973d4c588513687a70cda6cb 53fb22c2687c41c9a88d2a54e8b3b270 - - default default] Unable to schedule network 6c519446-ec2c-4de6-bf91-bb1ec1eeafac: no agents available; will retry on subsequent port and subnet creation events. [pid: 7|app: 0|req: 1238/2826] 10.0.0.214 () {32 vars in 740 bytes} [Wed Sep 2 13:50:34 2026] DELETE /v2.0/vpn/vpnservices/c19532a6-a94d-4773-8bc6-c2aacb25a218 => generated 0 bytes in 45 msecs (HTTP/1.1 204) 2 headers in 112 bytes (1 switches on core 0)
2026-09-02 13:50:34.877 8 INFO neutron.db.ovn_revision_numbers_db [None req-e9ef1b65-3d61-47b1-9c12-ccea6c6de945 177dd3ca973d4c588513687a70cda6cb 53fb22c2687c41c9a88d2a54e8b3b270 - - default default] Successfully bumped revision number for resource 29f67c1b-9c81-46f5-952a-c7a6754bd460 (type: ports) to 1
2026-09-02 13:50:35.016 7 INFO neutron_taas.services.taas.taas_plugin [None req-d0f5db3a-d180-4520-aa2f-845184476f7f 9695633ccb3b4aa7bd3b7aa73494d8d5 695428cf63b846559815c78bcf727856 - - default default] TaaS: Handle Delete Port: 7818e9f3-2cdb-4357-9301-b42f364829d0
2026-09-02 13:50:35.019 7 INFO neutron_taas.services.taas.tap_mirror_plugin [None req-d0f5db3a-d180-4520-aa2f-845184476f7f 9695633ccb3b4aa7bd3b7aa73494d8d5 695428cf63b846559815c78bcf727856 - - default default] Tap Mirror: Handle Delete Port: 7818e9f3-2cdb-4357-9301-b42f364829d0
2026-09-02 13:50:35.340 7 INFO neutron_taas.services.taas.taas_plugin [None req-256640fb-8a8f-4789-b39b-f7e830a125a9 - - - - - -] TaaS: Handle Delete Port: 51cedd97-d8d7-4e29-a044-e0f56dd2cd7f
2026-09-02 13:50:35.343 7 INFO neutron_taas.services.taas.tap_mirror_plugin [None req-256640fb-8a8f-4789-b39b-f7e830a125a9 - - - - - -] Tap Mirror: Handle Delete Port: 51cedd97-d8d7-4e29-a044-e0f56dd2cd7f
2026-09-02 13:50:35.560 8 INFO neutron.plugins.ml2.drivers.ovn.mech_driver.ovsdb.commands [-] Schedule LRP lrp-29f67c1b-9c81-46f5-952a-c7a6754bd460 on gateway b6cf963e-0373-4b60-b698-285248b2051c with priority 1
2026-09-02 13:50:35.702 8 INFO neutron.db.ovn_revision_numbers_db [None req-e9ef1b65-3d61-47b1-9c12-ccea6c6de945 177dd3ca973d4c588513687a70cda6cb 53fb22c2687c41c9a88d2a54e8b3b270 - - default default] Successfully bumped revision number for resource 29f67c1b-9c81-46f5-952a-c7a6754bd460 (type: router_ports) to 1
2026-09-02 13:50:35.750 7 INFO neutron.plugins.ml2.drivers.ovn.mech_driver.ovsdb.ovsdb_monitor [None req-000e0e74-b426-4702-889f-f0f1824ce6ad - - - - - -] Router 6ddf94c9-a56d-4cf2-bfd2-aaad0977fb47 is bound to host instance
2026-09-02 13:50:35.763 8 INFO neutron.db.ovn_revision_numbers_db [None req-e9ef1b65-3d61-47b1-9c12-ccea6c6de945 177dd3ca973d4c588513687a70cda6cb 53fb22c2687c41c9a88d2a54e8b3b270 - - default default] Successfully bumped revision number for resource 6ddf94c9-a56d-4cf2-bfd2-aaad0977fb47 (type: routers) to 2 [pid: 8|app: 0|req: 1589/2827] 10.0.0.214 () {34 vars in 669 bytes} [Wed Sep 2 13:50:34 2026] POST /v2.0/routers => generated 943 bytes in 1497 msecs (HTTP/1.1 201) 4 headers in 162 bytes (1 switches on core 0)
2026-09-02 13:50:35.938 7 INFO neutron_taas.services.taas.taas_plugin [None req-c0738e16-2899-40a6-9707-7595da2e3e1b - - - - - -] TaaS: Handle Delete Port: b4ddccdb-2607-441c-b581-3376eab4a311
2026-09-02 13:50:35.945 7 INFO neutron_taas.services.taas.tap_mirror_plugin [None req-c0738e16-2899-40a6-9707-7595da2e3e1b - - - - - -] Tap Mirror: Handle Delete Port: b4ddccdb-2607-441c-b581-3376eab4a311
2026-09-02 13:50:36.236 8 WARNING neutron.scheduler.dhcp_agent_scheduler [None req-2e57ba97-efb9-4973-975f-0e27063897fa 177dd3ca973d4c588513687a70cda6cb 53fb22c2687c41c9a88d2a54e8b3b270 - - default default] No more DHCP agents
2026-09-02 13:50:36.238 8 WARNING neutron.api.rpc.agentnotifiers.dhcp_rpc_agent_api [None req-2e57ba97-efb9-4973-975f-0e27063897fa 177dd3ca973d4c588513687a70cda6cb 53fb22c2687c41c9a88d2a54e8b3b270 - - default default] Unable to schedule network 243dda44-34bf-45d1-aa78-c4f70c48f338: no agents available; will retry on subsequent port and subnet creation events.
2026-09-02 13:50:36.260 7 WARNING neutron.plugins.ml2.drivers.ovn.mech_driver.ovsdb.ovn_client [None req-51a5afb5-ea82-4c2d-a43a-21b12d489a1f - - - - - -] No port found with ID df41ec19-a2a8-4a20-a7c6-22bd093394ce: RuntimeError: No port found with ID df41ec19-a2a8-4a20-a7c6-22bd093394ce
2026-09-02 13:50:36.262 7 INFO neutron.plugins.ml2.drivers.ovn.mech_driver.mech_driver [None req-51a5afb5-ea82-4c2d-a43a-21b12d489a1f - - - - - -] OVN reports status down for port: abb6de7a-6378-4be8-bc6d-42c2eaf37754
2026-09-02 13:50:36.400 8 INFO neutron.db.ovn_revision_numbers_db [None req-2e57ba97-efb9-4973-975f-0e27063897fa 177dd3ca973d4c588513687a70cda6cb 53fb22c2687c41c9a88d2a54e8b3b270 - - default default] Successfully bumped revision number for resource d0fbb2fb-169a-4b42-92b9-6056757cc51b (type: ports) to 1
