2026-09-02 13:55:09.790 7 INFO neutron_taas.services.taas.taas_plugin [None req-6325ac97-74e8-467b-b6fd-01aa689b4dad 177dd3ca973d4c588513687a70cda6cb 53fb22c2687c41c9a88d2a54e8b3b270 - - default default] TaaS: Handle Delete Port: ebf52ffb-66eb-4dc4-84e5-948d931da5fc
2026-09-02 13:55:09.793 7 INFO neutron_taas.services.taas.tap_mirror_plugin [None req-6325ac97-74e8-467b-b6fd-01aa689b4dad 177dd3ca973d4c588513687a70cda6cb 53fb22c2687c41c9a88d2a54e8b3b270 - - default default] Tap Mirror: Handle Delete Port: ebf52ffb-66eb-4dc4-84e5-948d931da5fc [pid: 7|app: 0|req: 1638/3600] 10.0.0.214 () {32 vars in 726 bytes} [Wed Sep 2 13:55:09 2026] DELETE /v2.0/networks/243dda44-34bf-45d1-aa78-c4f70c48f338 => generated 0 bytes in 387 msecs (HTTP/1.1 204) 3 headers in 131 bytes (1 switches on core 0)
2026-09-02 13:55:10.089 8 INFO neutron.pecan_wsgi.hooks.translation [None req-9fe89753-3e41-4bbf-a35c-5a814b0900a3 177dd3ca973d4c588513687a70cda6cb 53fb22c2687c41c9a88d2a54e8b3b270 - - default default] GET failed (client error): The resource could not be found. [pid: 8|app: 0|req: 1963/3601] 10.0.0.214 () {32 vars in 723 bytes} [Wed Sep 2 13:55:10 2026] GET /v2.0/networks/243dda44-34bf-45d1-aa78-c4f70c48f338 => generated 138 bytes in 23 msecs (HTTP/1.1 404) 4 headers in 164 bytes (1 switches on core 0)
2026-09-02 13:55:10.382 7 INFO neutron.services.segments.plugin [-] Segment 8b301758-f037-469a-83c4-1d7e2fdfc70a resource provider aggregate not found
2026-09-02 13:55:10.383 7 INFO neutron.services.segments.plugin [-] Segment 8b301758-f037-469a-83c4-1d7e2fdfc70a resource provider aggregate not found
2026-09-02 13:55:10.404 7 INFO neutron.services.segments.plugin [-] Client error retrieving segment 8b301758-f037-469a-83c4-1d7e2fdfc70a resource provider; error: Placement Client Error (4xx): {"errors": [{"status": 404, "title": "Not Found", "detail": "The resource could not be found.\n\n No resource provider with uuid 8b301758-f037-469a-83c4-1d7e2fdfc70a found for delete ", "request_id": "req-46cb5dfd-9cfb-4912-9c70-5a7fd234f1c7"}]}
2026-09-02 13:55:10.406 7 INFO neutron.services.segments.plugin [-] Client error retrieving segment 8b301758-f037-469a-83c4-1d7e2fdfc70a resource provider; error: Placement Client Error (4xx): {"errors": [{"status": 404, "title": "Not Found", "detail": "The resource could not be found.\n\n No resource provider with uuid 8b301758-f037-469a-83c4-1d7e2fdfc70a found for delete ", "request_id": "req-fe91e5d9-008b-44ea-b957-8e566a24b4ce"}]}
2026-09-02 13:55:10.426 7 INFO neutron.services.segments.plugin [-] Segment 31cf795a-df45-4b31-94c4-ebe8111d3fd5 resource provider aggregate not found
2026-09-02 13:55:10.430 7 INFO neutron.services.segments.plugin [-] Segment 31cf795a-df45-4b31-94c4-ebe8111d3fd5 resource provider aggregate not found
2026-09-02 13:55:10.444 7 INFO neutron.services.segments.plugin [-] Client error retrieving segment 31cf795a-df45-4b31-94c4-ebe8111d3fd5 resource provider; error: Placement Client Error (4xx): {"errors": [{"status": 404, "title": "Not Found", "detail": "The resource could not be found.\n\n No resource provider with uuid 31cf795a-df45-4b31-94c4-ebe8111d3fd5 found for delete ", "request_id": "req-6fc4fa12-6c1a-4f9d-abcc-39dfc57d64ec"}]}
2026-09-02 13:55:10.452 7 INFO neutron.services.segments.plugin [-] Client error retrieving segment 31cf795a-df45-4b31-94c4-ebe8111d3fd5 resource provider; error: Placement Client Error (4xx): {"errors": [{"status": 404, "title": "Not Found", "detail": "The resource could not be found.\n\n No resource provider with uuid 31cf795a-df45-4b31-94c4-ebe8111d3fd5 found for delete ", "request_id": "req-2adaa100-606b-41fb-ae19-507348e1eec8"}]} [pid: 8|app: 0|req: 1965/3604] 10.0.0.214 () {32 vars in 774 bytes} [Wed Sep 2 13:55:12 2026] GET /v2.0/security-groups?tenant_id=53fb22c2687c41c9a88d2a54e8b3b270&name=default => generated 2929 bytes in 333 msecs (HTTP/1.1 200) 4 headers in 158 bytes (1 switches on core 0) [pid: 7|app: 0|req: 1640/3605] 10.0.0.214 () {32 vars in 740 bytes} [Wed Sep 2 13:55:12 2026] DELETE /v2.0/security-groups/ce2b3c59-9d05-44cc-bda4-37eb3b428635 => generated 0 bytes in 336 msecs (HTTP/1.1 204) 2 headers in 112 bytes (1 switches on core 0)
2026-09-02 13:55:13.435 8 INFO neutron.db.ovn_revision_numbers_db [None req-f5aba361-c0ca-4173-b0ce-3d0e8500e418 d28875ced2b94c49a65a6813cfe8a64d 11b600760c354f8bbd229feb9bb2a8fc - - default default] Successfully bumped revision number for resource 65562a36-bf02-4740-b3bd-57a5d5a4260d (type: security_groups) to 1
2026-09-02 13:55:13.449 8 INFO neutron.db.ovn_revision_numbers_db [None req-f5aba361-c0ca-4173-b0ce-3d0e8500e418 d28875ced2b94c49a65a6813cfe8a64d 11b600760c354f8bbd229feb9bb2a8fc - - default default] Successfully bumped revision number for resource 0feccfc2-8cca-4b8c-a596-4539a4350f6b (type: security_group_rules) to 0
2026-09-02 13:55:13.464 8 INFO neutron.db.ovn_revision_numbers_db [None req-f5aba361-c0ca-4173-b0ce-3d0e8500e418 d28875ced2b94c49a65a6813cfe8a64d 11b600760c354f8bbd229feb9bb2a8fc - - default default] Successfully bumped revision number for resource aa06d627-8437-40b0-89bb-c66fbcfa14e0 (type: security_group_rules) to 0
2026-09-02 13:55:13.479 8 INFO neutron.db.ovn_revision_numbers_db [None req-f5aba361-c0ca-4173-b0ce-3d0e8500e418 d28875ced2b94c49a65a6813cfe8a64d 11b600760c354f8bbd229feb9bb2a8fc - - default default] Successfully bumped revision number for resource c2acbb98-164a-4e3e-930d-4c59c899909e (type: security_group_rules) to 0
2026-09-02 13:55:13.495 8 INFO neutron.db.ovn_revision_numbers_db [None req-f5aba361-c0ca-4173-b0ce-3d0e8500e418 d28875ced2b94c49a65a6813cfe8a64d 11b600760c354f8bbd229feb9bb2a8fc - - default default] Successfully bumped revision number for resource e3ca4020-da24-4612-8e85-f8e5cb84f5f4 (type: security_group_rules) to 0 [pid: 8|app: 0|req: 1966/3606] 10.0.0.214 () {32 vars in 774 bytes} [Wed Sep 2 13:55:13 2026] GET /v2.0/security-groups?tenant_id=8ee6718851e2433cb06c988f22396143&name=default => generated 2929 bytes in 285 msecs (HTTP/1.1 200) 4 headers in 158 bytes (1 switches on core 0) [pid: 7|app: 0|req: 1641/3607] 10.0.0.214 () {32 vars in 740 bytes} [Wed Sep 2 13:55:13 2026] DELETE /v2.0/security-groups/65562a36-bf02-4740-b3bd-57a5d5a4260d => generated 0 bytes in 321 msecs (HTTP/1.1 204) 2 headers in 112 bytes (1 switches on core 0)
2026-09-02 13:55:14.283 8 INFO neutron.db.ovn_revision_numbers_db [None req-7226aeb7-3d77-428c-a6f1-7a9867339dce d28875ced2b94c49a65a6813cfe8a64d 11b600760c354f8bbd229feb9bb2a8fc - - default default] Successfully bumped revision number for resource d07a22bc-5cd7-4dae-9028-272622b25998 (type: security_groups) to 1
2026-09-02 13:55:14.294 8 INFO neutron.db.ovn_revision_numbers_db [None req-7226aeb7-3d77-428c-a6f1-7a9867339dce d28875ced2b94c49a65a6813cfe8a64d 11b600760c354f8bbd229feb9bb2a8fc - - default default] Successfully bumped revision number for resource 385f1b91-b2f8-4a22-91d3-7ed24bcb797f (type: security_group_rules) to 0
2026-09-02 13:55:14.305 8 INFO neutron.db.ovn_revision_numbers_db [None req-7226aeb7-3d77-428c-a6f1-7a9867339dce d28875ced2b94c49a65a6813cfe8a64d 11b600760c354f8bbd229feb9bb2a8fc - - default default] Successfully bumped revision number for resource 490caff3-5822-44b2-afd8-af6f49d020cb (type: security_group_rules) to 0
2026-09-02 13:55:14.315 8 INFO neutron.db.ovn_revision_numbers_db [None req-7226aeb7-3d77-428c-a6f1-7a9867339dce d28875ced2b94c49a65a6813cfe8a64d 11b600760c354f8bbd229feb9bb2a8fc - - default default] Successfully bumped revision number for resource 8afcd527-987f-414a-994b-490aa35be104 (type: security_group_rules) to 0
2026-09-02 13:55:14.325 8 INFO neutron.db.ovn_revision_numbers_db [None req-7226aeb7-3d77-428c-a6f1-7a9867339dce d28875ced2b94c49a65a6813cfe8a64d 11b600760c354f8bbd229feb9bb2a8fc - - default default] Successfully bumped revision number for resource e83d2c5b-768b-458e-861f-0d173299c6e6 (type: security_group_rules) to 0 [pid: 8|app: 0|req: 1967/3608] 10.0.0.214 () {32 vars in 774 bytes} [Wed Sep 2 13:55:14 2026] GET /v2.0/security-groups?tenant_id=402003dd79d94e7d805acbbebdb14913&name=default => generated 2929 bytes in 336 msecs (HTTP/1.1 200) 4 headers in 158 bytes (1 switches on core 0) [pid: 7|app: 0|req: 1642/3609] 10.0.0.214 () {32 vars in 740 bytes} [Wed Sep 2 13:55:14 2026] DELETE /v2.0/security-groups/d07a22bc-5cd7-4dae-9028-272622b25998 => generated 0 bytes in 344 msecs (HTTP/1.1 204) 2 headers in 112 bytes (1 switches on core 0)
2026-09-02 13:55:15.104 8 INFO neutron.db.ovn_revision_numbers_db [None req-b8814c0f-457e-4dbb-85ec-0a083af452a7 d28875ced2b94c49a65a6813cfe8a64d 11b600760c354f8bbd229feb9bb2a8fc - - default default] Successfully bumped revision number for resource 1a1dd19c-2787-4da5-bf6c-7e0be3b9a7c2 (type: security_groups) to 1
2026-09-02 13:55:15.126 8 INFO neutron.db.ovn_revision_numbers_db [None req-b8814c0f-457e-4dbb-85ec-0a083af452a7 d28875ced2b94c49a65a6813cfe8a64d 11b600760c354f8bbd229feb9bb2a8fc - - default default] Successfully bumped revision number for resource 9e3a2abf-a743-48a5-9ef9-60d1d6dd40b3 (type: security_group_rules) to 0
2026-09-02 13:55:15.151 8 INFO neutron.db.ovn_revision_numbers_db [None req-b8814c0f-457e-4dbb-85ec-0a083af452a7 d28875ced2b94c49a65a6813cfe8a64d 11b600760c354f8bbd229feb9bb2a8fc - - default default] Successfully bumped revision number for resource a1b9ce0e-b092-4d81-8aab-f222c93cb3f7 (type: security_group_rules) to 0
2026-09-02 13:55:15.171 8 INFO neutron.db.ovn_revision_numbers_db [None req-b8814c0f-457e-4dbb-85ec-0a083af452a7 d28875ced2b94c49a65a6813cfe8a64d 11b600760c354f8bbd229feb9bb2a8fc - - default default] Successfully bumped revision number for resource e7e3f22d-ed26-4832-a8b8-afc9744d9be5 (type: security_group_rules) to 0
2026-09-02 13:55:15.191 8 INFO neutron.db.ovn_revision_numbers_db [None req-b8814c0f-457e-4dbb-85ec-0a083af452a7 d28875ced2b94c49a65a6813cfe8a64d 11b600760c354f8bbd229feb9bb2a8fc - - default default] Successfully bumped revision number for resource f83cc73e-180d-4f57-9719-6d3aa9c2240c (type: security_group_rules) to 0 [pid: 8|app: 0|req: 1968/3610] 10.0.0.214 () {32 vars in 774 bytes} [Wed Sep 2 13:55:14 2026] GET /v2.0/security-groups?tenant_id=6298c20f9fe04924ab1d3b629479b454&name=default => generated 2929 bytes in 386 msecs (HTTP/1.1 200) 4 headers in 158 bytes (1 switches on core 0) [pid: 7|app: 0|req: 1643/3611] 10.0.0.214 () {32 vars in 740 bytes} [Wed Sep 2 13:55:15 2026] DELETE /v2.0/security-groups/1a1dd19c-2787-4da5-bf6c-7e0be3b9a7c2 => generated 0 bytes in 312 msecs (HTTP/1.1 204) 2 headers in 112 bytes (1 switches on core 0)
2026-09-02 13:55:15.885 8 INFO neutron.db.ovn_revision_numbers_db [None req-95297ef4-4b5c-40b3-a444-07230c435544 d28875ced2b94c49a65a6813cfe8a64d 11b600760c354f8bbd229feb9bb2a8fc - - default default] Successfully bumped revision number for resource 553d512b-df31-4dc7-a473-3dd1bdb8dd04 (type: security_groups) to 1
2026-09-02 13:55:15.897 8 INFO neutron.db.ovn_revision_numbers_db [None req-95297ef4-4b5c-40b3-a444-07230c435544 d28875ced2b94c49a65a6813cfe8a64d 11b600760c354f8bbd229feb9bb2a8fc - - default default] Successfully bumped revision number for resource 254c220b-d2ae-492a-820d-9348a95e6c2d (type: security_group_rules) to 0
2026-09-02 13:55:15.910 8 INFO neutron.db.ovn_revision_numbers_db [None req-95297ef4-4b5c-40b3-a444-07230c435544 d28875ced2b94c49a65a6813cfe8a64d 11b600760c354f8bbd229feb9bb2a8fc - - default default] Successfully bumped revision number for resource 3d61c06d-7478-42ea-8601-412b1ff1929d (type: security_group_rules) to 0
2026-09-02 13:55:15.923 8 INFO neutron.db.ovn_revision_numbers_db [None req-95297ef4-4b5c-40b3-a444-07230c435544 d28875ced2b94c49a65a6813cfe8a64d 11b600760c354f8bbd229feb9bb2a8fc - - default default] Successfully bumped revision number for resource 3faf7e0a-e454-4f38-bdec-6324d8186e44 (type: security_group_rules) to 0
2026-09-02 13:55:15.936 8 INFO neutron.db.ovn_revision_numbers_db [None req-95297ef4-4b5c-40b3-a444-07230c435544 d28875ced2b94c49a65a6813cfe8a64d 11b600760c354f8bbd229feb9bb2a8fc - - default default] Successfully bumped revision number for resource b9cf51ca-0d97-42da-ba4f-f20630d0df01 (type: security_group_rules) to 0 [pid: 8|app: 0|req: 1969/3612] 10.0.0.214 () {32 vars in 774 bytes} [Wed Sep 2 13:55:15 2026] GET /v2.0/security-groups?tenant_id=dd4895d38ea54c2dbbc74d5a681a7025&name=default => generated 2929 bytes in 272 msecs (HTTP/1.1 200) 4 headers in 158 bytes (1 switches on core 0) [pid: 7|app: 0|req: 1644/3613] 10.0.0.214 () {32 vars in 740 bytes} [Wed Sep 2 13:55:15 2026] DELETE /v2.0/security-groups/553d512b-df31-4dc7-a473-3dd1bdb8dd04 => generated 0 bytes in 339 msecs (HTTP/1.1 204) 2 headers in 112 bytes (1 switches on core 0)
2026-09-02 13:55:16.621 8 INFO neutron.db.ovn_revision_numbers_db [None req-7e97e24f-89ad-444e-bf9c-fc073a407729 d28875ced2b94c49a65a6813cfe8a64d 11b600760c354f8bbd229feb9bb2a8fc - - default default] Successfully bumped revision number for resource ab4d3b14-3e6e-441d-a291-684af3316e1a (type: security_groups) to 1
2026-09-02 13:55:16.644 8 INFO neutron.db.ovn_revision_numbers_db [None req-7e97e24f-89ad-444e-bf9c-fc073a407729 d28875ced2b94c49a65a6813cfe8a64d 11b600760c354f8bbd229feb9bb2a8fc - - default default] Successfully bumped revision number for resource 15057d87-1a60-48b0-bfbd-12f02e00c604 (type: security_group_rules) to 0
2026-09-02 13:55:16.658 8 INFO neutron.db.ovn_revision_numbers_db [None req-7e97e24f-89ad-444e-bf9c-fc073a407729 d28875ced2b94c49a65a6813cfe8a64d 11b600760c354f8bbd229feb9bb2a8fc - - default default] Successfully bumped revision number for resource 3bfe35ff-41cc-4591-80ff-33a79ee2766d (type: security_group_rules) to 0
2026-09-02 13:55:16.674 8 INFO neutron.db.ovn_revision_numbers_db [None req-7e97e24f-89ad-444e-bf9c-fc073a407729 d28875ced2b94c49a65a6813cfe8a64d 11b600760c354f8bbd229feb9bb2a8fc - - default default] Successfully bumped revision number for resource e94c3902-e258-49e9-9098-776f9b14eb73 (type: security_group_rules) to 0
2026-09-02 13:55:16.686 8 INFO neutron.db.ovn_revision_numbers_db [None req-7e97e24f-89ad-444e-bf9c-fc073a407729 d28875ced2b94c49a65a6813cfe8a64d 11b600760c354f8bbd229feb9bb2a8fc - - default default] Successfully bumped revision number for resource fe7bdfa0-b109-49b0-ba39-cd3ae3efb740 (type: security_group_rules) to 0 [pid: 8|app: 0|req: 1970/3614] 10.0.0.214 () {32 vars in 774 bytes} [Wed Sep 2 13:55:16 2026] GET /v2.0/security-groups?tenant_id=d12b6f63930d4123bc47203f0c949f3c&name=default => generated 2929 bytes in 312 msecs (HTTP/1.1 200) 4 headers in 158 bytes (1 switches on core 0) [pid: 7|app: 0|req: 1645/3615] 10.0.0.214 () {32 vars in 740 bytes} [Wed Sep 2 13:55:16 2026] DELETE /v2.0/security-groups/ab4d3b14-3e6e-441d-a291-684af3316e1a => generated 0 bytes in 333 msecs (HTTP/1.1 204) 2 headers in 112 bytes (1 switches on core 0)
2026-09-02 13:55:17.506 8 INFO neutron.db.ovn_revision_numbers_db [None req-b9280f6a-95f7-4201-8fa7-18d112ab7582 d28875ced2b94c49a65a6813cfe8a64d 11b600760c354f8bbd229feb9bb2a8fc - - default default] Successfully bumped revision number for resource d7da709f-0490-4b02-bc88-07894de74a8a (type: security_groups) to 1
2026-09-02 13:55:17.517 8 INFO neutron.db.ovn_revision_numbers_db [None req-b9280f6a-95f7-4201-8fa7-18d112ab7582 d28875ced2b94c49a65a6813cfe8a64d 11b600760c354f8bbd229feb9bb2a8fc - - default default] Successfully bumped revision number for resource 3fe9a5b9-ad9f-4b72-8096-c9521e572731 (type: security_group_rules) to 0
2026-09-02 13:55:17.531 8 INFO neutron.db.ovn_revision_numbers_db [None req-b9280f6a-95f7-4201-8fa7-18d112ab7582 d28875ced2b94c49a65a6813cfe8a64d 11b600760c354f8bbd229feb9bb2a8fc - - default default] Successfully bumped revision number for resource 4754b871-5f4c-4cf2-9637-49b1f2c4b4fb (type: security_group_rules) to 0
2026-09-02 13:55:17.545 8 INFO neutron.db.ovn_revision_numbers_db [None req-b9280f6a-95f7-4201-8fa7-18d112ab7582 d28875ced2b94c49a65a6813cfe8a64d 11b600760c354f8bbd229feb9bb2a8fc - - default default] Successfully bumped revision number for resource 660a58d7-d5c6-4c2a-9f77-5675b7056dd5 (type: security_group_rules) to 0
2026-09-02 13:55:17.559 8 INFO neutron.db.ovn_revision_numbers_db [None req-b9280f6a-95f7-4201-8fa7-18d112ab7582 d28875ced2b94c49a65a6813cfe8a64d 11b600760c354f8bbd229feb9bb2a8fc - - default default] Successfully bumped revision number for resource a4a7138e-f415-415c-a331-8a5d706e4463 (type: security_group_rules) to 0 [pid: 8|app: 0|req: 1971/3616] 10.0.0.214 () {32 vars in 774 bytes} [Wed Sep 2 13:55:17 2026] GET /v2.0/security-groups?tenant_id=9063104166484c51a870ea731a7704bf&name=default => generated 2929 bytes in 363 msecs (HTTP/1.1 200) 4 headers in 158 bytes (1 switches on core 0) [pid: 7|app: 0|req: 1646/3617] 10.0.0.214 () {32 vars in 740 bytes} [Wed Sep 2 13:55:17 2026] DELETE /v2.0/security-groups/d7da709f-0490-4b02-bc88-07894de74a8a => generated 0 bytes in 347 msecs (HTTP/1.1 204) 2 headers in 112 bytes (1 switches on core 0)
2026-09-02 13:55:22.974 8 INFO neutron.db.ovn_revision_numbers_db [None req-6cc9cfc0-0527-4f07-b768-4f1f78bf6064 d228072f8894452fa7e1487bdf98dd99 6081c0100a5c47bb8d75b5219452d716 - - default default] Successfully bumped revision number for resource ad18802b-f283-4aea-96f8-1b15c15d9cc9 (type: security_groups) to 1
2026-09-02 13:55:22.995 8 INFO neutron.db.ovn_revision_numbers_db [None req-6cc9cfc0-0527-4f07-b768-4f1f78bf6064 d228072f8894452fa7e1487bdf98dd99 6081c0100a5c47bb8d75b5219452d716 - - default default] Successfully bumped revision number for resource 0987afa3-15df-41af-b863-fb802c2ac87b (type: security_group_rules) to 0
2026-09-02 13:55:23.009 8 INFO neutron.db.ovn_revision_numbers_db [None req-6cc9cfc0-0527-4f07-b768-4f1f78bf6064 d228072f8894452fa7e1487bdf98dd99 6081c0100a5c47bb8d75b5219452d716 - - default default] Successfully bumped revision number for resource 6261d997-30f0-4a77-8a88-bc7041cfbcb3 (type: security_group_rules) to 0
2026-09-02 13:55:23.032 8 INFO neutron.db.ovn_revision_numbers_db [None req-6cc9cfc0-0527-4f07-b768-4f1f78bf6064 d228072f8894452fa7e1487bdf98dd99 6081c0100a5c47bb8d75b5219452d716 - - default default] Successfully bumped revision number for resource 7ac5096c-a7b0-45fc-92af-c1011d954cf5 (type: security_group_rules) to 0
2026-09-02 13:55:23.051 8 INFO neutron.db.ovn_revision_numbers_db [None req-6cc9cfc0-0527-4f07-b768-4f1f78bf6064 d228072f8894452fa7e1487bdf98dd99 6081c0100a5c47bb8d75b5219452d716 - - default default] Successfully bumped revision number for resource e76538f3-89e4-46f7-9c93-4b0136700cc7 (type: security_group_rules) to 0
2026-09-02 13:55:23.166 8 INFO neutron.db.segments_db [None req-6cc9cfc0-0527-4f07-b768-4f1f78bf6064 d228072f8894452fa7e1487bdf98dd99 6081c0100a5c47bb8d75b5219452d716 - - default default] Added segment ef2078fc-0319-4e24-9af6-7919bf53439a of type geneve for network c05dee66-ddf3-4a92-b2c7-3ca9e5f69378
2026-09-02 13:55:23.314 8 INFO neutron.db.ovn_revision_numbers_db [None req-6cc9cfc0-0527-4f07-b768-4f1f78bf6064 d228072f8894452fa7e1487bdf98dd99 6081c0100a5c47bb8d75b5219452d716 - - default default] Successfully bumped revision number for resource c05dee66-ddf3-4a92-b2c7-3ca9e5f69378 (type: networks) to 1
2026-09-02 13:55:23.528 8 WARNING neutron.scheduler.dhcp_agent_scheduler [None req-6cc9cfc0-0527-4f07-b768-4f1f78bf6064 d228072f8894452fa7e1487bdf98dd99 6081c0100a5c47bb8d75b5219452d716 - - default default] No more DHCP agents
2026-09-02 13:55:23.529 8 WARNING neutron.api.rpc.agentnotifiers.dhcp_rpc_agent_api [None req-6cc9cfc0-0527-4f07-b768-4f1f78bf6064 d228072f8894452fa7e1487bdf98dd99 6081c0100a5c47bb8d75b5219452d716 - - default default] Unable to schedule network c05dee66-ddf3-4a92-b2c7-3ca9e5f69378: no agents available; will retry on subsequent port and subnet creation events.
2026-09-02 13:55:23.610 7 INFO neutron.plugins.ml2.drivers.ovn.mech_driver.mech_driver [None req-9088f21b-eed1-49c9-9f22-e530656a4f2a - - - - - -] OVN reports status down for port: b20d73eb-0c83-4f25-89e2-507f143cc4b2
2026-09-02 13:55:23.658 8 INFO neutron.db.ovn_revision_numbers_db [None req-6cc9cfc0-0527-4f07-b768-4f1f78bf6064 d228072f8894452fa7e1487bdf98dd99 6081c0100a5c47bb8d75b5219452d716 - - default default] Successfully bumped revision number for resource b20d73eb-0c83-4f25-89e2-507f143cc4b2 (type: ports) to 1 [pid: 8|app: 0|req: 1972/3618] 10.0.0.214 () {34 vars in 670 bytes} [Wed Sep 2 13:55:22 2026] POST /v2.0/networks => generated 632 bytes in 1115 msecs (HTTP/1.1 201) 4 headers in 162 bytes (1 switches on core 0)
2026-09-02 13:55:23.831 7 INFO neutron.db.segments_db [None req-2a207018-30c6-48ed-b18e-443605ec87ec d228072f8894452fa7e1487bdf98dd99 6081c0100a5c47bb8d75b5219452d716 - - default default] Added segment abbeb0b0-2e59-42a0-b36c-c4ca6e2c370c of type geneve for network c3320859-0cf0-4ffc-8c23-8c065fe1f64a
2026-09-02 13:55:24.007 7 INFO neutron.db.ovn_revision_numbers_db [None req-2a207018-30c6-48ed-b18e-443605ec87ec d228072f8894452fa7e1487bdf98dd99 6081c0100a5c47bb8d75b5219452d716 - - default default] Successfully bumped revision number for resource c3320859-0cf0-4ffc-8c23-8c065fe1f64a (type: networks) to 1
2026-09-02 13:55:24.160 7 WARNING neutron.scheduler.dhcp_agent_scheduler [None req-2a207018-30c6-48ed-b18e-443605ec87ec d228072f8894452fa7e1487bdf98dd99 6081c0100a5c47bb8d75b5219452d716 - - default default] No more DHCP agents
2026-09-02 13:55:24.161 7 WARNING neutron.api.rpc.agentnotifiers.dhcp_rpc_agent_api [None req-2a207018-30c6-48ed-b18e-443605ec87ec d228072f8894452fa7e1487bdf98dd99 6081c0100a5c47bb8d75b5219452d716 - - default default] Unable to schedule network c3320859-0cf0-4ffc-8c23-8c065fe1f64a: no agents available; will retry on subsequent port and subnet creation events.
2026-09-02 13:55:24.237 7 INFO neutron.plugins.ml2.drivers.ovn.mech_driver.mech_driver [None req-9088f21b-eed1-49c9-9f22-e530656a4f2a - - - - - -] OVN reports status down for port: 3ddb7ce2-e6a6-474e-832c-0bbd6db5be7c
2026-09-02 13:55:24.295 7 INFO neutron.db.ovn_revision_numbers_db [None req-2a207018-30c6-48ed-b18e-443605ec87ec d228072f8894452fa7e1487bdf98dd99 6081c0100a5c47bb8d75b5219452d716 - - default default] Successfully bumped revision number for resource 3ddb7ce2-e6a6-474e-832c-0bbd6db5be7c (type: ports) to 1 [pid: 7|app: 0|req: 1647/3619] 10.0.0.214 () {34 vars in 670 bytes} [Wed Sep 2 13:55:23 2026] POST /v2.0/networks => generated 632 bytes in 637 msecs (HTTP/1.1 201) 4 headers in 162 bytes (1 switches on core 0)
2026-09-02 13:55:24.446 8 INFO neutron.db.segments_db [None req-1f15ffde-accf-4963-b163-ea8a9286a0dd d228072f8894452fa7e1487bdf98dd99 6081c0100a5c47bb8d75b5219452d716 - - default default] Added segment 4298a1a7-aec9-466e-8ef7-8cf863139ece of type geneve for network 29883381-9136-4ee9-9d21-5ed60e4db1aa
2026-09-02 13:55:24.588 8 INFO neutron.db.ovn_revision_numbers_db [None req-1f15ffde-accf-4963-b163-ea8a9286a0dd d228072f8894452fa7e1487bdf98dd99 6081c0100a5c47bb8d75b5219452d716 - - default default] Successfully bumped revision number for resource 29883381-9136-4ee9-9d21-5ed60e4db1aa (type: networks) to 1
2026-09-02 13:55:24.727 8 WARNING neutron.scheduler.dhcp_agent_scheduler [None req-1f15ffde-accf-4963-b163-ea8a9286a0dd d228072f8894452fa7e1487bdf98dd99 6081c0100a5c47bb8d75b5219452d716 - - default default] No more DHCP agents
2026-09-02 13:55:24.728 8 WARNING neutron.api.rpc.agentnotifiers.dhcp_rpc_agent_api [None req-1f15ffde-accf-4963-b163-ea8a9286a0dd d228072f8894452fa7e1487bdf98dd99 6081c0100a5c47bb8d75b5219452d716 - - default default] Unable to schedule network 29883381-9136-4ee9-9d21-5ed60e4db1aa: no agents available; will retry on subsequent port and subnet creation events.
2026-09-02 13:55:24.800 7 INFO neutron.plugins.ml2.drivers.ovn.mech_driver.mech_driver [None req-9088f21b-eed1-49c9-9f22-e530656a4f2a - - - - - -] OVN reports status down for port: 8052d322-d361-4b90-9c11-ca5c77ccd079
2026-09-02 13:55:24.831 8 INFO neutron.db.ovn_revision_numbers_db [None req-1f15ffde-accf-4963-b163-ea8a9286a0dd d228072f8894452fa7e1487bdf98dd99 6081c0100a5c47bb8d75b5219452d716 - - default default] Successfully bumped revision number for resource 8052d322-d361-4b90-9c11-ca5c77ccd079 (type: ports) to 1 [pid: 8|app: 0|req: 1973/3620] 10.0.0.214 () {34 vars in 670 bytes} [Wed Sep 2 13:55:24 2026] POST /v2.0/networks => generated 632 bytes in 521 msecs (HTTP/1.1 201) 4 headers in 162 bytes (1 switches on core 0)
2026-09-02 13:55:25.012 7 INFO neutron.db.segments_db [None req-9276cc8a-3e17-402e-ab41-fc2b87fc99ad d228072f8894452fa7e1487bdf98dd99 6081c0100a5c47bb8d75b5219452d716 - - default default] Added segment db01ad94-2fc5-4dee-a3b1-5fd5dacf8e9a of type geneve for network 4be3a4bb-69d2-4e11-9a61-7bc43630d82e
2026-09-02 13:55:25.190 7 INFO neutron.db.ovn_revision_numbers_db [None req-9276cc8a-3e17-402e-ab41-fc2b87fc99ad d228072f8894452fa7e1487bdf98dd99 6081c0100a5c47bb8d75b5219452d716 - - default default] Successfully bumped revision number for resource 4be3a4bb-69d2-4e11-9a61-7bc43630d82e (type: networks) to 1
2026-09-02 13:55:25.398 7 WARNING neutron.scheduler.dhcp_agent_scheduler [None req-9276cc8a-3e17-402e-ab41-fc2b87fc99ad d228072f8894452fa7e1487bdf98dd99 6081c0100a5c47bb8d75b5219452d716 - - default default] No more DHCP agents
2026-09-02 13:55:25.400 7 WARNING neutron.api.rpc.agentnotifiers.dhcp_rpc_agent_api [None req-9276cc8a-3e17-402e-ab41-fc2b87fc99ad d228072f8894452fa7e1487bdf98dd99 6081c0100a5c47bb8d75b5219452d716 - - default default] Unable to schedule network 4be3a4bb-69d2-4e11-9a61-7bc43630d82e: no agents available; will retry on subsequent port and subnet creation events.
2026-09-02 13:55:25.485 7 INFO neutron.plugins.ml2.drivers.ovn.mech_driver.mech_driver [None req-9088f21b-eed1-49c9-9f22-e530656a4f2a - - - - - -] OVN reports status down for port: 39c629ba-67ff-481d-a556-428374480bb0
2026-09-02 13:55:25.560 7 INFO neutron.db.ovn_revision_numbers_db [None req-9276cc8a-3e17-402e-ab41-fc2b87fc99ad d228072f8894452fa7e1487bdf98dd99 6081c0100a5c47bb8d75b5219452d716 - - default default] Successfully bumped revision number for resource 39c629ba-67ff-481d-a556-428374480bb0 (type: ports) to 1 [pid: 7|app: 0|req: 1648/3621] 10.0.0.214 () {34 vars in 670 bytes} [Wed Sep 2 13:55:24 2026] POST /v2.0/networks => generated 632 bytes in 763 msecs (HTTP/1.1 201) 4 headers in 162 bytes (1 switches on core 0)
2026-09-02 13:55:25.722 8 INFO neutron.db.segments_db [None req-95ccf38d-dcaf-437e-9e46-ef5bdcb33a41 d228072f8894452fa7e1487bdf98dd99 6081c0100a5c47bb8d75b5219452d716 - - default default] Added segment 46871ab6-0fca-4dee-a249-3a562532813e of type geneve for network 75421120-8863-4b18-90af-21f352568aab
2026-09-02 13:55:25.884 8 INFO neutron.db.ovn_revision_numbers_db [None req-95ccf38d-dcaf-437e-9e46-ef5bdcb33a41 d228072f8894452fa7e1487bdf98dd99 6081c0100a5c47bb8d75b5219452d716 - - default default] Successfully bumped revision number for resource 75421120-8863-4b18-90af-21f352568aab (type: networks) to 1
2026-09-02 13:55:26.104 8 WARNING neutron.scheduler.dhcp_agent_scheduler [None req-95ccf38d-dcaf-437e-9e46-ef5bdcb33a41 d228072f8894452fa7e1487bdf98dd99 6081c0100a5c47bb8d75b5219452d716 - - default default] No more DHCP agents
2026-09-02 13:55:26.107 8 WARNING neutron.api.rpc.agentnotifiers.dhcp_rpc_agent_api [None req-95ccf38d-dcaf-437e-9e46-ef5bdcb33a41 d228072f8894452fa7e1487bdf98dd99 6081c0100a5c47bb8d75b5219452d716 - - default default] Unable to schedule network 75421120-8863-4b18-90af-21f352568aab: no agents available; will retry on subsequent port and subnet creation events.
2026-09-02 13:55:26.211 7 INFO neutron.plugins.ml2.drivers.ovn.mech_driver.mech_driver [None req-9088f21b-eed1-49c9-9f22-e530656a4f2a - - - - - -] OVN reports status down for port: 64d04702-4ea4-48b3-ac8b-e1da02d21971
2026-09-02 13:55:26.247 8 INFO neutron.db.ovn_revision_numbers_db [None req-95ccf38d-dcaf-437e-9e46-ef5bdcb33a41 d228072f8894452fa7e1487bdf98dd99 6081c0100a5c47bb8d75b5219452d716 - - default default] Successfully bumped revision number for resource 64d04702-4ea4-48b3-ac8b-e1da02d21971 (type: ports) to 1 [pid: 8|app: 0|req: 1974/3624] 10.0.0.214 () {34 vars in 670 bytes} [Wed Sep 2 13:55:25 2026] POST /v2.0/networks => generated 631 bytes in 638 msecs (HTTP/1.1 201) 4 headers in 162 bytes (1 switches on core 0) [pid: 7|app: 0|req: 1651/3625] 10.0.0.214 () {34 vars in 753 bytes} [Wed Sep 2 13:55:26 2026] PUT /v2.0/networks/c05dee66-ddf3-4a92-b2c7-3ca9e5f69378/tags => generated 17 bytes in 84 msecs (HTTP/1.1 200) 4 headers in 156 bytes (1 switches on core 0) [pid: 8|app: 0|req: 1975/3626] 10.0.0.214 () {34 vars in 753 bytes} [Wed Sep 2 13:55:26 2026] PUT /v2.0/networks/c3320859-0cf0-4ffc-8c23-8c065fe1f64a/tags => generated 25 bytes in 81 msecs (HTTP/1.1 200) 4 headers in 156 bytes (1 switches on core 0) [pid: 7|app: 0|req: 1652/3627] 10.0.0.214 () {34 vars in 753 bytes} [Wed Sep 2 13:55:26 2026] PUT /v2.0/networks/29883381-9136-4ee9-9d21-5ed60e4db1aa/tags => generated 34 bytes in 61 msecs (HTTP/1.1 200) 4 headers in 156 bytes (1 switches on core 0) [pid: 8|app: 0|req: 1976/3628] 10.0.0.214 () {34 vars in 753 bytes} [Wed Sep 2 13:55:26 2026] PUT /v2.0/networks/4be3a4bb-69d2-4e11-9a61-7bc43630d82e/tags => generated 19 bytes in 73 msecs (HTTP/1.1 200) 4 headers in 156 bytes (1 switches on core 0) [pid: 7|app: 0|req: 1653/3629] 10.0.0.214 () {32 vars in 666 bytes} [Wed Sep 2 13:55:26 2026] GET /v2.0/networks?tags=red => generated 1875 bytes in 85 msecs (HTTP/1.1 200) 4 headers in 158 bytes (1 switches on core 0) [pid: 8|app: 0|req: 1977/3630] 10.0.0.214 () {32 vars in 680 bytes} [Wed Sep 2 13:55:26 2026] GET /v2.0/networks?tags=red%2Cblue => generated 1262 bytes in 79 msecs (HTTP/1.1 200) 4 headers in 158 bytes (1 switches on core 0) [pid: 7|app: 0|req: 1654/3631] 10.0.0.214 () {32 vars in 676 bytes} [Wed Sep 2 13:55:26 2026] GET /v2.0/networks?tags-any=blue => generated 1262 bytes in 58 msecs (HTTP/1.1 200) 4 headers in 158 bytes (1 switches on core 0) [pid: 8|app: 0|req: 1978/3632] 10.0.0.214 () {32 vars in 688 bytes} [Wed Sep 2 13:55:26 2026] GET /v2.0/networks?tags-any=red%2Cblue => generated 1875 bytes in 79 msecs (HTTP/1.1 200) 4 headers in 158 bytes (1 switches on core 0) [pid: 7|app: 0|req: 1655/3633] 10.0.0.214 () {32 vars in 674 bytes} [Wed Sep 2 13:55:26 2026] GET /v2.0/networks?not-tags=red => generated 1873 bytes in 105 msecs (HTTP/1.1 200) 4 headers in 158 bytes (1 switches on core 0) [pid: 8|app: 0|req: 1979/3634] 10.0.0.214 () {32 vars in 688 bytes} [Wed Sep 2 13:55:27 2026] GET /v2.0/networks?not-tags=red%2Cblue => generated 2486 bytes in 95 msecs (HTTP/1.1 200) 4 headers in 158 bytes (1 switches on core 0) [pid: 7|app: 0|req: 1656/3635] 10.0.0.214 () {32 vars in 684 bytes} [Wed Sep 2 13:55:27 2026] GET /v2.0/networks?not-tags-any=blue => generated 2486 bytes in 110 msecs (HTTP/1.1 200) 4 headers in 158 bytes (1 switches on core 0) [pid: 8|app: 0|req: 1980/3636] 10.0.0.214 () {32 vars in 696 bytes} [Wed Sep 2 13:55:27 2026] GET /v2.0/networks?not-tags-any=red%2Cblue => generated 1873 bytes in 102 msecs (HTTP/1.1 200) 4 headers in 158 bytes (1 switches on core 0)
2026-09-02 13:55:27.519 7 INFO neutron_taas.services.taas.taas_plugin [None req-36e1b640-a2b2-4dfb-87e9-a916eb6f8a7d d228072f8894452fa7e1487bdf98dd99 6081c0100a5c47bb8d75b5219452d716 - - default default] TaaS: Handle Delete Port: b20d73eb-0c83-4f25-89e2-507f143cc4b2
2026-09-02 13:55:27.522 7 INFO neutron_taas.services.taas.tap_mirror_plugin [None req-36e1b640-a2b2-4dfb-87e9-a916eb6f8a7d d228072f8894452fa7e1487bdf98dd99 6081c0100a5c47bb8d75b5219452d716 - - default default] Tap Mirror: Handle Delete Port: b20d73eb-0c83-4f25-89e2-507f143cc4b2
2026-09-02 13:55:27.706 7 INFO neutron.services.segments.plugin [-] Segment ef2078fc-0319-4e24-9af6-7919bf53439a resource provider aggregate not found
2026-09-02 13:55:27.710 7 INFO neutron.services.segments.plugin [-] Segment ef2078fc-0319-4e24-9af6-7919bf53439a resource provider aggregate not found
2026-09-02 13:55:27.726 7 INFO neutron.services.segments.plugin [-] Client error retrieving segment ef2078fc-0319-4e24-9af6-7919bf53439a resource provider; error: Placement Client Error (4xx): {"errors": [{"status": 404, "title": "Not Found", "detail": "The resource could not be found.\n\n No resource provider with uuid ef2078fc-0319-4e24-9af6-7919bf53439a found for delete ", "request_id": "req-6129af30-9fae-49f0-8f77-5ad3c4627f5b"}]}
2026-09-02 13:55:27.736 7 INFO neutron.services.segments.plugin [-] Client error retrieving segment ef2078fc-0319-4e24-9af6-7919bf53439a resource provider; error: Placement Client Error (4xx): {"errors": [{"status": 404, "title": "Not Found", "detail": "The resource could not be found.\n\n No resource provider with uuid ef2078fc-0319-4e24-9af6-7919bf53439a found for delete ", "request_id": "req-f7fc8482-17a3-4bbf-aa7a-a7ddd96b48eb"}]} [pid: 7|app: 0|req: 1657/3637] 10.0.0.214 () {32 vars in 726 bytes} [Wed Sep 2 13:55:27 2026] DELETE /v2.0/networks/c05dee66-ddf3-4a92-b2c7-3ca9e5f69378 => generated 0 bytes in 410 msecs (HTTP/1.1 204) 3 headers in 131 bytes (1 switches on core 0)
2026-09-02 13:55:27.919 8 INFO neutron_taas.services.taas.taas_plugin [None req-119e7c85-cc66-44af-a4ce-c25641398338 d228072f8894452fa7e1487bdf98dd99 6081c0100a5c47bb8d75b5219452d716 - - default default] TaaS: Handle Delete Port: 3ddb7ce2-e6a6-474e-832c-0bbd6db5be7c
2026-09-02 13:55:27.923 8 INFO neutron_taas.services.taas.tap_mirror_plugin [None req-119e7c85-cc66-44af-a4ce-c25641398338 d228072f8894452fa7e1487bdf98dd99 6081c0100a5c47bb8d75b5219452d716 - - default default] Tap Mirror: Handle Delete Port: 3ddb7ce2-e6a6-474e-832c-0bbd6db5be7c [pid: 8|app: 0|req: 1981/3638] 10.0.0.214 () {32 vars in 726 bytes} [Wed Sep 2 13:55:27 2026] DELETE /v2.0/networks/c3320859-0cf0-4ffc-8c23-8c065fe1f64a => generated 0 bytes in 476 msecs (HTTP/1.1 204) 3 headers in 131 bytes (1 switches on core 0)
2026-09-02 13:55:28.271 8 INFO neutron.services.segments.plugin [-] Segment abbeb0b0-2e59-42a0-b36c-c4ca6e2c370c resource provider aggregate not found
2026-09-02 13:55:28.284 8 INFO neutron.services.segments.plugin [-] Client error retrieving segment abbeb0b0-2e59-42a0-b36c-c4ca6e2c370c resource provider; error: Placement Client Error (4xx): {"errors": [{"status": 404, "title": "Not Found", "detail": "The resource could not be found.\n\n No resource provider with uuid abbeb0b0-2e59-42a0-b36c-c4ca6e2c370c found for delete ", "request_id": "req-2d9ec239-df19-4564-84fe-9fc860880d8b"}]}
2026-09-02 13:55:28.288 8 INFO neutron.services.segments.plugin [-] Segment abbeb0b0-2e59-42a0-b36c-c4ca6e2c370c resource provider aggregate not found
2026-09-02 13:55:28.303 8 INFO neutron.services.segments.plugin [-] Client error retrieving segment abbeb0b0-2e59-42a0-b36c-c4ca6e2c370c resource provider; error: Placement Client Error (4xx): {"errors": [{"status": 404, "title": "Not Found", "detail": "The resource could not be found.\n\n No resource provider with uuid abbeb0b0-2e59-42a0-b36c-c4ca6e2c370c found for delete ", "request_id": "req-baa5b8a0-e92e-48c8-aa7e-16f56992d244"}]}
2026-09-02 13:55:28.353 7 INFO neutron_taas.services.taas.taas_plugin [None req-9cf42a2b-6f2b-4e74-b1c4-2bdcd06044d2 d228072f8894452fa7e1487bdf98dd99 6081c0100a5c47bb8d75b5219452d716 - - default default] TaaS: Handle Delete Port: 8052d322-d361-4b90-9c11-ca5c77ccd079
2026-09-02 13:55:28.356 7 INFO neutron_taas.services.taas.tap_mirror_plugin [None req-9cf42a2b-6f2b-4e74-b1c4-2bdcd06044d2 d228072f8894452fa7e1487bdf98dd99 6081c0100a5c47bb8d75b5219452d716 - - default default] Tap Mirror: Handle Delete Port: 8052d322-d361-4b90-9c11-ca5c77ccd079 [pid: 7|app: 0|req: 1658/3639] 10.0.0.214 () {32 vars in 726 bytes} [Wed Sep 2 13:55:28 2026] DELETE /v2.0/networks/29883381-9136-4ee9-9d21-5ed60e4db1aa => generated 0 bytes in 873 msecs (HTTP/1.1 204) 3 headers in 131 bytes (1 switches on core 0)
2026-09-02 13:55:29.255 8 INFO neutron_taas.services.taas.taas_plugin [None req-91e50bc0-1032-44c7-a7e6-547d74786e59 d228072f8894452fa7e1487bdf98dd99 6081c0100a5c47bb8d75b5219452d716 - - default default] TaaS: Handle Delete Port: 39c629ba-67ff-481d-a556-428374480bb0
2026-09-02 13:55:29.258 8 INFO neutron_taas.services.taas.tap_mirror_plugin [None req-91e50bc0-1032-44c7-a7e6-547d74786e59 d228072f8894452fa7e1487bdf98dd99 6081c0100a5c47bb8d75b5219452d716 - - default default] Tap Mirror: Handle Delete Port: 39c629ba-67ff-481d-a556-428374480bb0 [pid: 8|app: 0|req: 1982/3640] 10.0.0.214 () {32 vars in 726 bytes} [Wed Sep 2 13:55:29 2026] DELETE /v2.0/networks/4be3a4bb-69d2-4e11-9a61-7bc43630d82e => generated 0 bytes in 357 msecs (HTTP/1.1 204) 3 headers in 131 bytes (1 switches on core 0)
2026-09-02 13:55:29.584 7 INFO neutron_taas.services.taas.taas_plugin [None req-34d8c34f-7466-4fd0-8960-675f44ea333e d228072f8894452fa7e1487bdf98dd99 6081c0100a5c47bb8d75b5219452d716 - - default default] TaaS: Handle Delete Port: 64d04702-4ea4-48b3-ac8b-e1da02d21971
2026-09-02 13:55:29.588 7 INFO neutron_taas.services.taas.tap_mirror_plugin [None req-34d8c34f-7466-4fd0-8960-675f44ea333e d228072f8894452fa7e1487bdf98dd99 6081c0100a5c47bb8d75b5219452d716 - - default default] Tap Mirror: Handle Delete Port: 64d04702-4ea4-48b3-ac8b-e1da02d21971
2026-09-02 13:55:29.745 7 INFO neutron.services.segments.plugin [-] Segment 4298a1a7-aec9-466e-8ef7-8cf863139ece resource provider aggregate not found
2026-09-02 13:55:29.753 7 INFO neutron.services.segments.plugin [-] Segment 4298a1a7-aec9-466e-8ef7-8cf863139ece resource provider aggregate not found
2026-09-02 13:55:29.761 7 INFO neutron.services.segments.plugin [-] Client error retrieving segment 4298a1a7-aec9-466e-8ef7-8cf863139ece resource provider; error: Placement Client Error (4xx): {"errors": [{"status": 404, "title": "Not Found", "detail": "The resource could not be found.\n\n No resource provider with uuid 4298a1a7-aec9-466e-8ef7-8cf863139ece found for delete ", "request_id": "req-b97d7a52-3ad0-4d41-8caf-5fe4e5a1e303"}]}
2026-09-02 13:55:29.771 7 INFO neutron.services.segments.plugin [-] Client error retrieving segment 4298a1a7-aec9-466e-8ef7-8cf863139ece resource provider; error: Placement Client Error (4xx): {"errors": [{"status": 404, "title": "Not Found", "detail": "The resource could not be found.\n\n No resource provider with uuid 4298a1a7-aec9-466e-8ef7-8cf863139ece found for delete ", "request_id": "req-279ce0ee-d07e-473e-a8bd-8b106847db32"}]} [pid: 7|app: 0|req: 1659/3641] 10.0.0.214 () {32 vars in 726 bytes} [Wed Sep 2 13:55:29 2026] DELETE /v2.0/networks/75421120-8863-4b18-90af-21f352568aab => generated 0 bytes in 396 msecs (HTTP/1.1 204) 3 headers in 131 bytes (1 switches on core 0)
2026-09-02 13:55:30.298 8 INFO neutron.services.segments.plugin [-] Segment db01ad94-2fc5-4dee-a3b1-5fd5dacf8e9a resource provider aggregate not found
2026-09-02 13:55:30.319 8 INFO neutron.services.segments.plugin [-] Client error retrieving segment db01ad94-2fc5-4dee-a3b1-5fd5dacf8e9a resource provider; error: Placement Client Error (4xx): {"errors": [{"status": 404, "title": "Not Found", "detail": "The resource could not be found.\n\n No resource provider with uuid db01ad94-2fc5-4dee-a3b1-5fd5dacf8e9a found for delete ", "request_id": "req-ae510a2d-75c3-4751-a8a7-ed17d4db9578"}]}
2026-09-02 13:55:30.320 8 INFO neutron.services.segments.plugin [-] Segment db01ad94-2fc5-4dee-a3b1-5fd5dacf8e9a resource provider aggregate not found
2026-09-02 13:55:30.334 8 INFO neutron.services.segments.plugin [-] Client error retrieving segment db01ad94-2fc5-4dee-a3b1-5fd5dacf8e9a resource provider; error: Placement Client Error (4xx): {"errors": [{"status": 404, "title": "Not Found", "detail": "The resource could not be found.\n\n No resource provider with uuid db01ad94-2fc5-4dee-a3b1-5fd5dacf8e9a found for delete ", "request_id": "req-5dfc7a2e-10d0-4187-8a81-15af9a5c1773"}]}
2026-09-02 13:55:31.139 8 INFO neutron.db.ovn_revision_numbers_db [None req-72898b0a-744f-483d-95ee-419fc87888cd d28875ced2b94c49a65a6813cfe8a64d 11b600760c354f8bbd229feb9bb2a8fc - - default default] Successfully bumped revision number for resource 47ce06be-d933-423f-9bc6-07cb542142e6 (type: security_groups) to 1
2026-09-02 13:55:31.160 8 INFO neutron.db.ovn_revision_numbers_db [None req-72898b0a-744f-483d-95ee-419fc87888cd d28875ced2b94c49a65a6813cfe8a64d 11b600760c354f8bbd229feb9bb2a8fc - - default default] Successfully bumped revision number for resource 05968fe0-bda7-4015-ba5e-da852bd33513 (type: security_group_rules) to 0
2026-09-02 13:55:31.182 8 INFO neutron.db.ovn_revision_numbers_db [None req-72898b0a-744f-483d-95ee-419fc87888cd d28875ced2b94c49a65a6813cfe8a64d 11b600760c354f8bbd229feb9bb2a8fc - - default default] Successfully bumped revision number for resource 4abe018b-c4e3-4cba-9c0d-7cd3b3ec170e (type: security_group_rules) to 0
2026-09-02 13:55:31.200 8 INFO neutron.db.ovn_revision_numbers_db [None req-72898b0a-744f-483d-95ee-419fc87888cd d28875ced2b94c49a65a6813cfe8a64d 11b600760c354f8bbd229feb9bb2a8fc - - default default] Successfully bumped revision number for resource 826a4c02-06c1-4f5e-9056-7117b8bf4e5b (type: security_group_rules) to 0
2026-09-02 13:55:31.215 8 INFO neutron.db.ovn_revision_numbers_db [None req-72898b0a-744f-483d-95ee-419fc87888cd d28875ced2b94c49a65a6813cfe8a64d 11b600760c354f8bbd229feb9bb2a8fc - - default default] Successfully bumped revision number for resource d11798bb-e5ab-4847-8354-8b1ea8b6224c (type: security_group_rules) to 0 [pid: 8|app: 0|req: 1983/3642] 10.0.0.214 () {32 vars in 774 bytes} [Wed Sep 2 13:55:30 2026] GET /v2.0/security-groups?tenant_id=5b67cc9ec64c4eb5adecc4197db81f00&name=default => generated 2929 bytes in 519 msecs (HTTP/1.1 200) 4 headers in 158 bytes (1 switches on core 0) [pid: 7|app: 0|req: 1660/3643] 10.0.0.214 () {32 vars in 740 bytes} [Wed Sep 2 13:55:31 2026] DELETE /v2.0/security-groups/47ce06be-d933-423f-9bc6-07cb542142e6 => generated 0 bytes in 332 msecs (HTTP/1.1 204) 2 headers in 112 bytes (1 switches on core 0) [pid: 8|app: 0|req: 1984/3644] 10.0.0.214 () {32 vars in 774 bytes} [Wed Sep 2 13:55:31 2026] GET /v2.0/security-groups?tenant_id=6081c0100a5c47bb8d75b5219452d716&name=default => generated 2929 bytes in 42 msecs (HTTP/1.1 200) 4 headers in 158 bytes (1 switches on core 0)
2026-09-02 13:55:31.786 7 INFO neutron.services.segments.plugin [-] Segment 46871ab6-0fca-4dee-a249-3a562532813e resource provider aggregate not found
2026-09-02 13:55:31.793 7 INFO neutron.services.segments.plugin [-] Segment 46871ab6-0fca-4dee-a249-3a562532813e resource provider aggregate not found
2026-09-02 13:55:31.820 7 INFO neutron.services.segments.plugin [-] Client error retrieving segment 46871ab6-0fca-4dee-a249-3a562532813e resource provider; error: Placement Client Error (4xx): {"errors": [{"status": 404, "title": "Not Found", "detail": "The resource could not be found.\n\n No resource provider with uuid 46871ab6-0fca-4dee-a249-3a562532813e found for delete ", "request_id": "req-d1d6a40f-b842-4cee-a529-97cee3a2e6fa"}]}
2026-09-02 13:55:31.825 7 INFO neutron.services.segments.plugin [-] Client error retrieving segment 46871ab6-0fca-4dee-a249-3a562532813e resource provider; error: Placement Client Error (4xx): {"errors": [{"status": 404, "title": "Not Found", "detail": "The resource could not be found.\n\n No resource provider with uuid 46871ab6-0fca-4dee-a249-3a562532813e found for delete ", "request_id": "req-99dca826-783d-49e7-85ca-08aacf45f8b2"}]} [pid: 7|app: 0|req: 1661/3645] 10.0.0.214 () {32 vars in 740 bytes} [Wed Sep 2 13:55:31 2026] DELETE /v2.0/security-groups/ad18802b-f283-4aea-96f8-1b15c15d9cc9 => generated 0 bytes in 336 msecs (HTTP/1.1 204) 2 headers in 112 bytes (1 switches on core 0)
2026-09-02 13:55:32.536 8 INFO neutron.db.ovn_revision_numbers_db [None req-b91a00a4-dc1c-4fb4-a369-af4097e4b61f d28875ced2b94c49a65a6813cfe8a64d 11b600760c354f8bbd229feb9bb2a8fc - - default default] Successfully bumped revision number for resource d9abeb2a-f1ea-439f-a830-3fa3f44233f6 (type: security_groups) to 1
2026-09-02 13:55:32.554 8 INFO neutron.db.ovn_revision_numbers_db [None req-b91a00a4-dc1c-4fb4-a369-af4097e4b61f d28875ced2b94c49a65a6813cfe8a64d 11b600760c354f8bbd229feb9bb2a8fc - - default default] Successfully bumped revision number for resource 7793f6cf-1ccd-4745-aac3-d6d9a4d4f750 (type: security_group_rules) to 0
2026-09-02 13:55:32.573 8 INFO neutron.db.ovn_revision_numbers_db [None req-b91a00a4-dc1c-4fb4-a369-af4097e4b61f d28875ced2b94c49a65a6813cfe8a64d 11b600760c354f8bbd229feb9bb2a8fc - - default default] Successfully bumped revision number for resource a282b28b-ca62-405f-be20-9978db6b82bc (type: security_group_rules) to 0
2026-09-02 13:55:32.590 8 INFO neutron.db.ovn_revision_numbers_db [None req-b91a00a4-dc1c-4fb4-a369-af4097e4b61f d28875ced2b94c49a65a6813cfe8a64d 11b600760c354f8bbd229feb9bb2a8fc - - default default] Successfully bumped revision number for resource ceebf8a3-717b-46a2-b602-d9a6c2001c70 (type: security_group_rules) to 0
2026-09-02 13:55:32.605 8 INFO neutron.db.ovn_revision_numbers_db [None req-b91a00a4-dc1c-4fb4-a369-af4097e4b61f d28875ced2b94c49a65a6813cfe8a64d 11b600760c354f8bbd229feb9bb2a8fc - - default default] Successfully bumped revision number for resource fb5fe586-e2cd-4acc-9c13-0af51b923083 (type: security_group_rules) to 0 [pid: 8|app: 0|req: 1985/3646] 10.0.0.214 () {32 vars in 774 bytes} [Wed Sep 2 13:55:32 2026] GET /v2.0/security-groups?tenant_id=183e56db41ef4e359e45c66a69c03c0e&name=default => generated 2929 bytes in 350 msecs (HTTP/1.1 200) 4 headers in 158 bytes (1 switches on core 0) [pid: 7|app: 0|req: 1662/3647] 10.0.0.214 () {32 vars in 740 bytes} [Wed Sep 2 13:55:32 2026] DELETE /v2.0/security-groups/d9abeb2a-f1ea-439f-a830-3fa3f44233f6 => generated 0 bytes in 286 msecs (HTTP/1.1 204) 2 headers in 112 bytes (1 switches on core 0)
2026-09-02 13:55:37.571 8 INFO neutron.db.ovn_revision_numbers_db [None req-9d03f667-e52e-4811-810a-bbff85c84e68 4b9356d2943f47dfbe0d9526e6e7e2da b8000d8854bc4ce29895686a9a8d8991 - - default default] Successfully bumped revision number for resource 4414cef1-91a3-4714-be1a-b3b04ca60c37 (type: security_groups) to 1
2026-09-02 13:55:37.585 8 INFO neutron.db.ovn_revision_numbers_db [None req-9d03f667-e52e-4811-810a-bbff85c84e68 4b9356d2943f47dfbe0d9526e6e7e2da b8000d8854bc4ce29895686a9a8d8991 - - default default] Successfully bumped revision number for resource 38b62ecd-f74e-4d69-a27f-766d5f1dcbe4 (type: security_group_rules) to 0
2026-09-02 13:55:37.595 8 INFO neutron.db.ovn_revision_numbers_db [None req-9d03f667-e52e-4811-810a-bbff85c84e68 4b9356d2943f47dfbe0d9526e6e7e2da b8000d8854bc4ce29895686a9a8d8991 - - default default] Successfully bumped revision number for resource 706594ad-f312-4ca9-921b-b5896a2f7330 (type: security_group_rules) to 0
2026-09-02 13:55:37.607 8 INFO neutron.db.ovn_revision_numbers_db [None req-9d03f667-e52e-4811-810a-bbff85c84e68 4b9356d2943f47dfbe0d9526e6e7e2da b8000d8854bc4ce29895686a9a8d8991 - - default default] Successfully bumped revision number for resource 82138ad1-d639-4982-89ae-047952c2fe15 (type: security_group_rules) to 0
2026-09-02 13:55:37.618 8 INFO neutron.db.ovn_revision_numbers_db [None req-9d03f667-e52e-4811-810a-bbff85c84e68 4b9356d2943f47dfbe0d9526e6e7e2da b8000d8854bc4ce29895686a9a8d8991 - - default default] Successfully bumped revision number for resource a3fa6d33-16ee-46b1-87d3-bebdf9df0575 (type: security_group_rules) to 0
2026-09-02 13:55:37.707 8 INFO neutron.db.segments_db [None req-9d03f667-e52e-4811-810a-bbff85c84e68 4b9356d2943f47dfbe0d9526e6e7e2da b8000d8854bc4ce29895686a9a8d8991 - - default default] Added segment c2f43f10-511b-471a-a178-564c0dcd7826 of type geneve for network b40eb731-81de-497a-8fa9-eb9734b64d43
2026-09-02 13:55:37.882 8 INFO neutron.db.ovn_revision_numbers_db [None req-9d03f667-e52e-4811-810a-bbff85c84e68 4b9356d2943f47dfbe0d9526e6e7e2da b8000d8854bc4ce29895686a9a8d8991 - - default default] Successfully bumped revision number for resource b40eb731-81de-497a-8fa9-eb9734b64d43 (type: networks) to 1
2026-09-02 13:55:38.045 8 WARNING neutron.scheduler.dhcp_agent_scheduler [None req-9d03f667-e52e-4811-810a-bbff85c84e68 4b9356d2943f47dfbe0d9526e6e7e2da b8000d8854bc4ce29895686a9a8d8991 - - default default] No more DHCP agents
2026-09-02 13:55:38.046 8 WARNING neutron.api.rpc.agentnotifiers.dhcp_rpc_agent_api [None req-9d03f667-e52e-4811-810a-bbff85c84e68 4b9356d2943f47dfbe0d9526e6e7e2da b8000d8854bc4ce29895686a9a8d8991 - - default default] Unable to schedule network b40eb731-81de-497a-8fa9-eb9734b64d43: no agents available; will retry on subsequent port and subnet creation events.
2026-09-02 13:55:38.125 7 INFO neutron.plugins.ml2.drivers.ovn.mech_driver.mech_driver [None req-9088f21b-eed1-49c9-9f22-e530656a4f2a - - - - - -] OVN reports status down for port: 85c3b0cf-467c-43da-b258-4215c5565018
2026-09-02 13:55:38.142 8 INFO neutron.db.ovn_revision_numbers_db [None req-9d03f667-e52e-4811-810a-bbff85c84e68 4b9356d2943f47dfbe0d9526e6e7e2da b8000d8854bc4ce29895686a9a8d8991 - - default default] Successfully bumped revision number for resource 85c3b0cf-467c-43da-b258-4215c5565018 (type: ports) to 1 [pid: 8|app: 0|req: 1986/3648] 10.0.0.214 () {34 vars in 670 bytes} [Wed Sep 2 13:55:37 2026] POST /v2.0/networks => generated 631 bytes in 930 msecs (HTTP/1.1 201) 4 headers in 162 bytes (1 switches on core 0)
2026-09-02 13:55:38.398 7 WARNING neutron.scheduler.dhcp_agent_scheduler [None req-c23989d9-c8d1-4d57-9106-daca1b7f9310 4b9356d2943f47dfbe0d9526e6e7e2da b8000d8854bc4ce29895686a9a8d8991 - - default default] No more DHCP agents
2026-09-02 13:55:38.399 7 WARNING neutron.api.rpc.agentnotifiers.dhcp_rpc_agent_api [None req-c23989d9-c8d1-4d57-9106-daca1b7f9310 4b9356d2943f47dfbe0d9526e6e7e2da b8000d8854bc4ce29895686a9a8d8991 - - default default] Unable to schedule network b40eb731-81de-497a-8fa9-eb9734b64d43: no agents available; will retry on subsequent port and subnet creation events. [pid: 8|app: 0|req: 1987/3649] 10.0.0.201 () {28 vars in 585 bytes} [Wed Sep 2 13:55:38 2026] GET /v2.0/networks => generated 2918 bytes in 167 msecs (HTTP/1.1 200) 4 headers in 158 bytes (1 switches on core 0)
