2026-09-02 13:47:12.293 8 INFO neutron.services.segments.plugin [-] Client error retrieving segment 82181de4-4bb4-494c-80d2-badc8030a69e resource provider; error: Placement Client Error (4xx): {"errors": [{"status": 404, "title": "Not Found", "detail": "The resource could not be found.\n\n No resource provider with uuid 82181de4-4bb4-494c-80d2-badc8030a69e found for delete ", "request_id": "req-e85032eb-deac-4e2d-b71c-5999d6d154fa"}]} [pid: 8|app: 0|req: 826/1528] 10.0.0.214 () {32 vars in 774 bytes} [Wed Sep 2 13:47:12 2026] GET /v2.0/security-groups?tenant_id=f87d62730c2d41758323e4c3082b1900&name=default => generated 2925 bytes in 367 msecs (HTTP/1.1 200) 4 headers in 158 bytes (1 switches on core 0) [pid: 8|app: 0|req: 827/1529] 10.0.0.214 () {32 vars in 774 bytes} [Wed Sep 2 13:47:12 2026] GET /v2.0/security-groups?tenant_id=ef32a49b494e48079118becc6f2da3af&name=default => generated 2925 bytes in 171 msecs (HTTP/1.1 200) 4 headers in 158 bytes (1 switches on core 0) [pid: 7|app: 0|req: 703/1530] 10.0.0.214 () {32 vars in 740 bytes} [Wed Sep 2 13:47:12 2026] DELETE /v2.0/security-groups/a1139a3f-67af-4b9a-a49f-94474eb8a0bc => generated 0 bytes in 376 msecs (HTTP/1.1 204) 2 headers in 112 bytes (1 switches on core 0) [pid: 8|app: 0|req: 828/1531] 10.0.0.214 () {32 vars in 740 bytes} [Wed Sep 2 13:47:12 2026] DELETE /v2.0/security-groups/c1edbc7a-7fb6-419f-a60e-e5e9bf78c18f => generated 0 bytes in 453 msecs (HTTP/1.1 204) 2 headers in 112 bytes (1 switches on core 0)
2026-09-02 13:47:15.671 7 INFO neutron.db.ovn_revision_numbers_db [None req-84ad3b16-e238-4ba3-b1c5-4ab182c0f047 d28875ced2b94c49a65a6813cfe8a64d 11b600760c354f8bbd229feb9bb2a8fc - - default default] Successfully bumped revision number for resource 63d08271-5ea2-4d65-9020-e42acce44023 (type: security_groups) to 1
2026-09-02 13:47:15.708 7 INFO neutron.db.ovn_revision_numbers_db [None req-84ad3b16-e238-4ba3-b1c5-4ab182c0f047 d28875ced2b94c49a65a6813cfe8a64d 11b600760c354f8bbd229feb9bb2a8fc - - default default] Successfully bumped revision number for resource 2a660c4c-7b5c-4bcb-9bbf-a5567053234a (type: security_group_rules) to 0
2026-09-02 13:47:15.727 7 INFO neutron.db.ovn_revision_numbers_db [None req-84ad3b16-e238-4ba3-b1c5-4ab182c0f047 d28875ced2b94c49a65a6813cfe8a64d 11b600760c354f8bbd229feb9bb2a8fc - - default default] Successfully bumped revision number for resource cc0f6788-d65b-46c3-b69a-01b7328b0e1d (type: security_group_rules) to 0
2026-09-02 13:47:15.745 7 INFO neutron.db.ovn_revision_numbers_db [None req-84ad3b16-e238-4ba3-b1c5-4ab182c0f047 d28875ced2b94c49a65a6813cfe8a64d 11b600760c354f8bbd229feb9bb2a8fc - - default default] Successfully bumped revision number for resource e3449196-61cd-42b6-bcca-c4b4db475daa (type: security_group_rules) to 0
2026-09-02 13:47:15.759 7 INFO neutron.db.ovn_revision_numbers_db [None req-84ad3b16-e238-4ba3-b1c5-4ab182c0f047 d28875ced2b94c49a65a6813cfe8a64d 11b600760c354f8bbd229feb9bb2a8fc - - default default] Successfully bumped revision number for resource e863344d-5724-4939-a922-bbe6b8788677 (type: security_group_rules) to 0 [pid: 7|app: 0|req: 704/1532] 10.0.0.214 () {32 vars in 774 bytes} [Wed Sep 2 13:47:15 2026] GET /v2.0/security-groups?tenant_id=79f64c4562c546ef93e24da47e108dc6&name=default => generated 2925 bytes in 738 msecs (HTTP/1.1 200) 4 headers in 158 bytes (1 switches on core 0)
2026-09-02 13:47:15.987 8 INFO neutron.db.ovn_revision_numbers_db [None req-6fad57e7-04fb-45b2-a9d7-56f33d56bfd0 bdd4a03974b94d568de6f8dd5490b38c 8483f50904cf4437bf850e270aae53b7 - - default default] Successfully bumped revision number for resource 4992071c-ef4d-4b9d-a063-cc19f65d33e3 (type: security_groups) to 1
2026-09-02 13:47:16.017 8 INFO neutron.db.ovn_revision_numbers_db [None req-6fad57e7-04fb-45b2-a9d7-56f33d56bfd0 bdd4a03974b94d568de6f8dd5490b38c 8483f50904cf4437bf850e270aae53b7 - - default default] Successfully bumped revision number for resource 09219c2e-271f-4e9c-a40c-66a8ae0a9096 (type: security_group_rules) to 0
2026-09-02 13:47:16.040 8 INFO neutron.db.ovn_revision_numbers_db [None req-6fad57e7-04fb-45b2-a9d7-56f33d56bfd0 bdd4a03974b94d568de6f8dd5490b38c 8483f50904cf4437bf850e270aae53b7 - - default default] Successfully bumped revision number for resource a3b3ce42-fb03-4eab-b613-c37667cffb7d (type: security_group_rules) to 0
2026-09-02 13:47:16.066 8 INFO neutron.db.ovn_revision_numbers_db [None req-6fad57e7-04fb-45b2-a9d7-56f33d56bfd0 bdd4a03974b94d568de6f8dd5490b38c 8483f50904cf4437bf850e270aae53b7 - - default default] Successfully bumped revision number for resource f24d1355-a63b-4a9f-be67-5a223135163f (type: security_group_rules) to 0
2026-09-02 13:47:16.096 8 INFO neutron.db.ovn_revision_numbers_db [None req-6fad57e7-04fb-45b2-a9d7-56f33d56bfd0 bdd4a03974b94d568de6f8dd5490b38c 8483f50904cf4437bf850e270aae53b7 - - default default] Successfully bumped revision number for resource f727a65e-b599-4c7d-9117-6190678f0dce (type: security_group_rules) to 0
2026-09-02 13:47:16.244 8 INFO neutron.db.segments_db [None req-6fad57e7-04fb-45b2-a9d7-56f33d56bfd0 bdd4a03974b94d568de6f8dd5490b38c 8483f50904cf4437bf850e270aae53b7 - - default default] Added segment 1733b7a2-d1fd-42c1-81d3-cfdc0d4af1a0 of type geneve for network fadf0175-27a8-41cc-b316-35a277f28a51 [pid: 7|app: 0|req: 705/1533] 10.0.0.214 () {32 vars in 740 bytes} [Wed Sep 2 13:47:15 2026] DELETE /v2.0/security-groups/63d08271-5ea2-4d65-9020-e42acce44023 => generated 0 bytes in 490 msecs (HTTP/1.1 204) 2 headers in 112 bytes (1 switches on core 0)
2026-09-02 13:47:16.444 8 INFO neutron.db.ovn_revision_numbers_db [None req-6fad57e7-04fb-45b2-a9d7-56f33d56bfd0 bdd4a03974b94d568de6f8dd5490b38c 8483f50904cf4437bf850e270aae53b7 - - default default] Successfully bumped revision number for resource fadf0175-27a8-41cc-b316-35a277f28a51 (type: networks) to 1
2026-09-02 13:47:16.771 8 WARNING neutron.scheduler.dhcp_agent_scheduler [None req-6fad57e7-04fb-45b2-a9d7-56f33d56bfd0 bdd4a03974b94d568de6f8dd5490b38c 8483f50904cf4437bf850e270aae53b7 - - default default] No more DHCP agents
2026-09-02 13:47:16.773 8 WARNING neutron.api.rpc.agentnotifiers.dhcp_rpc_agent_api [None req-6fad57e7-04fb-45b2-a9d7-56f33d56bfd0 bdd4a03974b94d568de6f8dd5490b38c 8483f50904cf4437bf850e270aae53b7 - - default default] Unable to schedule network fadf0175-27a8-41cc-b316-35a277f28a51: no agents available; will retry on subsequent port and subnet creation events.
2026-09-02 13:47:16.777 7 INFO neutron.db.ovn_revision_numbers_db [None req-2b43e8e5-8750-44d8-851a-899501a36814 7dfeb65b14e14b6bb20d267b21b83214 69bac09f4a3146dcbef4a442c67a3eaa - - default default] Successfully bumped revision number for resource 6e6a5982-7b64-4ab9-9353-9daee38c9438 (type: security_groups) to 1
2026-09-02 13:47:16.801 7 INFO neutron.db.ovn_revision_numbers_db [None req-2b43e8e5-8750-44d8-851a-899501a36814 7dfeb65b14e14b6bb20d267b21b83214 69bac09f4a3146dcbef4a442c67a3eaa - - default default] Successfully bumped revision number for resource 08c97f84-6d41-4060-81e3-7d6a6b45f550 (type: security_group_rules) to 0
2026-09-02 13:47:16.816 7 INFO neutron.db.ovn_revision_numbers_db [None req-2b43e8e5-8750-44d8-851a-899501a36814 7dfeb65b14e14b6bb20d267b21b83214 69bac09f4a3146dcbef4a442c67a3eaa - - default default] Successfully bumped revision number for resource 97048fb6-41ad-4271-8343-54238efce7b0 (type: security_group_rules) to 0
2026-09-02 13:47:16.833 7 INFO neutron.db.ovn_revision_numbers_db [None req-2b43e8e5-8750-44d8-851a-899501a36814 7dfeb65b14e14b6bb20d267b21b83214 69bac09f4a3146dcbef4a442c67a3eaa - - default default] Successfully bumped revision number for resource b2b0ef19-feac-43a3-a3e3-5d02adc95ea4 (type: security_group_rules) to 0
2026-09-02 13:47:16.895 7 INFO neutron.db.ovn_revision_numbers_db [None req-2b43e8e5-8750-44d8-851a-899501a36814 7dfeb65b14e14b6bb20d267b21b83214 69bac09f4a3146dcbef4a442c67a3eaa - - default default] Successfully bumped revision number for resource f51db6c4-719b-4c2d-80b9-628b118cefc4 (type: security_group_rules) to 0
2026-09-02 13:47:16.940 7 INFO neutron.plugins.ml2.drivers.ovn.mech_driver.mech_driver [None req-604dc312-04ed-4d46-83eb-6f4587a37d79 - - - - - -] OVN reports status down for port: e1b8ce97-ba14-4b47-a5fd-004ff568484a
2026-09-02 13:47:16.947 8 INFO neutron.db.ovn_revision_numbers_db [None req-6fad57e7-04fb-45b2-a9d7-56f33d56bfd0 bdd4a03974b94d568de6f8dd5490b38c 8483f50904cf4437bf850e270aae53b7 - - default default] Successfully bumped revision number for resource e1b8ce97-ba14-4b47-a5fd-004ff568484a (type: ports) to 1 [pid: 8|app: 0|req: 829/1534] 10.0.0.214 () {34 vars in 670 bytes} [Wed Sep 2 13:47:15 2026] POST /v2.0/networks => generated 633 bytes in 1652 msecs (HTTP/1.1 201) 4 headers in 162 bytes (1 switches on core 0)
2026-09-02 13:47:17.008 7 INFO neutron.db.segments_db [None req-2b43e8e5-8750-44d8-851a-899501a36814 7dfeb65b14e14b6bb20d267b21b83214 69bac09f4a3146dcbef4a442c67a3eaa - - default default] Added segment e8788542-fbba-4c99-8d6b-eb24ad015696 of type geneve for network 8f01d34a-7368-4f4c-979d-6ff3477890f0
2026-09-02 13:47:17.080 8 INFO neutron.db.segments_db [None req-61f3ae88-de6b-4b61-ad3a-f8ae9b95289a bdd4a03974b94d568de6f8dd5490b38c 8483f50904cf4437bf850e270aae53b7 - - default default] Added segment 75728153-dea8-45e0-a552-cb9d379a4389 of type geneve for network d16c1c98-737c-4af7-8bd5-9f3b5ead55cb
2026-09-02 13:47:17.336 8 INFO neutron.db.ovn_revision_numbers_db [None req-61f3ae88-de6b-4b61-ad3a-f8ae9b95289a bdd4a03974b94d568de6f8dd5490b38c 8483f50904cf4437bf850e270aae53b7 - - default default] Successfully bumped revision number for resource d16c1c98-737c-4af7-8bd5-9f3b5ead55cb (type: networks) to 1
2026-09-02 13:47:17.585 8 WARNING neutron.scheduler.dhcp_agent_scheduler [None req-61f3ae88-de6b-4b61-ad3a-f8ae9b95289a bdd4a03974b94d568de6f8dd5490b38c 8483f50904cf4437bf850e270aae53b7 - - default default] No more DHCP agents
2026-09-02 13:47:17.587 8 WARNING neutron.api.rpc.agentnotifiers.dhcp_rpc_agent_api [None req-61f3ae88-de6b-4b61-ad3a-f8ae9b95289a bdd4a03974b94d568de6f8dd5490b38c 8483f50904cf4437bf850e270aae53b7 - - default default] Unable to schedule network d16c1c98-737c-4af7-8bd5-9f3b5ead55cb: no agents available; will retry on subsequent port and subnet creation events.
2026-09-02 13:47:17.744 8 INFO neutron.db.ovn_revision_numbers_db [None req-61f3ae88-de6b-4b61-ad3a-f8ae9b95289a bdd4a03974b94d568de6f8dd5490b38c 8483f50904cf4437bf850e270aae53b7 - - default default] Successfully bumped revision number for resource d86cbbfd-a6df-4dea-bf05-39ce928c5359 (type: ports) to 1 [pid: 8|app: 0|req: 830/1535] 10.0.0.214 () {34 vars in 670 bytes} [Wed Sep 2 13:47:16 2026] POST /v2.0/networks => generated 634 bytes in 798 msecs (HTTP/1.1 201) 4 headers in 162 bytes (1 switches on core 0)
2026-09-02 13:47:17.880 7 INFO neutron.db.ovn_revision_numbers_db [None req-2b43e8e5-8750-44d8-851a-899501a36814 7dfeb65b14e14b6bb20d267b21b83214 69bac09f4a3146dcbef4a442c67a3eaa - - default default] Successfully bumped revision number for resource 8f01d34a-7368-4f4c-979d-6ff3477890f0 (type: networks) to 1
2026-09-02 13:47:17.994 7 INFO neutron.plugins.ml2.drivers.ovn.mech_driver.mech_driver [None req-604dc312-04ed-4d46-83eb-6f4587a37d79 - - - - - -] OVN reports status down for port: d86cbbfd-a6df-4dea-bf05-39ce928c5359
2026-09-02 13:47:18.272 8 INFO neutron.db.ovn_revision_numbers_db [None req-83122819-5e65-430b-bcdb-00749af3fa08 d28875ced2b94c49a65a6813cfe8a64d 11b600760c354f8bbd229feb9bb2a8fc - - default default] Successfully bumped revision number for resource 30b5bdbf-b7b2-4736-b06d-e16cca6a2dd0 (type: security_groups) to 1
2026-09-02 13:47:18.296 8 INFO neutron.db.ovn_revision_numbers_db [None req-83122819-5e65-430b-bcdb-00749af3fa08 d28875ced2b94c49a65a6813cfe8a64d 11b600760c354f8bbd229feb9bb2a8fc - - default default] Successfully bumped revision number for resource 3c6e6a99-7af3-4e20-88b2-0144e9261898 (type: security_group_rules) to 0
2026-09-02 13:47:18.310 8 INFO neutron.db.ovn_revision_numbers_db [None req-83122819-5e65-430b-bcdb-00749af3fa08 d28875ced2b94c49a65a6813cfe8a64d 11b600760c354f8bbd229feb9bb2a8fc - - default default] Successfully bumped revision number for resource 62b1572b-e78a-4142-bef0-4a01b0882179 (type: security_group_rules) to 0
2026-09-02 13:47:18.319 7 WARNING neutron.scheduler.dhcp_agent_scheduler [None req-2b43e8e5-8750-44d8-851a-899501a36814 7dfeb65b14e14b6bb20d267b21b83214 69bac09f4a3146dcbef4a442c67a3eaa - - default default] No more DHCP agents
2026-09-02 13:47:18.322 7 WARNING neutron.api.rpc.agentnotifiers.dhcp_rpc_agent_api [None req-2b43e8e5-8750-44d8-851a-899501a36814 7dfeb65b14e14b6bb20d267b21b83214 69bac09f4a3146dcbef4a442c67a3eaa - - default default] Unable to schedule network 8f01d34a-7368-4f4c-979d-6ff3477890f0: no agents available; will retry on subsequent port and subnet creation events.
2026-09-02 13:47:18.325 8 INFO neutron.db.ovn_revision_numbers_db [None req-83122819-5e65-430b-bcdb-00749af3fa08 d28875ced2b94c49a65a6813cfe8a64d 11b600760c354f8bbd229feb9bb2a8fc - - default default] Successfully bumped revision number for resource 73246f2d-3e3a-424e-a2f9-5078d1982408 (type: security_group_rules) to 0
2026-09-02 13:47:18.339 8 INFO neutron.db.ovn_revision_numbers_db [None req-83122819-5e65-430b-bcdb-00749af3fa08 d28875ced2b94c49a65a6813cfe8a64d 11b600760c354f8bbd229feb9bb2a8fc - - default default] Successfully bumped revision number for resource f8da28b6-ac3f-477c-aad7-af590c64dfd6 (type: security_group_rules) to 0
2026-09-02 13:47:18.402 7 INFO neutron.plugins.ml2.drivers.ovn.mech_driver.mech_driver [None req-604dc312-04ed-4d46-83eb-6f4587a37d79 - - - - - -] OVN reports status down for port: c8799793-23c9-40ec-8ef7-53498bda7def [pid: 8|app: 0|req: 831/1536] 10.0.0.214 () {32 vars in 774 bytes} [Wed Sep 2 13:47:17 2026] GET /v2.0/security-groups?tenant_id=c46d2e1cd2b7411597a1842004d6f614&name=default => generated 2925 bytes in 629 msecs (HTTP/1.1 200) 4 headers in 158 bytes (1 switches on core 0)
2026-09-02 13:47:18.483 7 INFO neutron.db.ovn_revision_numbers_db [None req-2b43e8e5-8750-44d8-851a-899501a36814 7dfeb65b14e14b6bb20d267b21b83214 69bac09f4a3146dcbef4a442c67a3eaa - - default default] Successfully bumped revision number for resource c8799793-23c9-40ec-8ef7-53498bda7def (type: ports) to 1 [pid: 7|app: 0|req: 706/1537] 10.0.0.214 () {34 vars in 670 bytes} [Wed Sep 2 13:47:16 2026] POST /v2.0/networks => generated 643 bytes in 2209 msecs (HTTP/1.1 201) 4 headers in 162 bytes (1 switches on core 0)
2026-09-02 13:47:18.667 8 WARNING neutron.scheduler.dhcp_agent_scheduler [None req-9108bebc-023d-47c3-922d-52a5f9faa0e8 bdd4a03974b94d568de6f8dd5490b38c 8483f50904cf4437bf850e270aae53b7 - - default default] No more DHCP agents
2026-09-02 13:47:18.669 8 WARNING neutron.api.rpc.agentnotifiers.dhcp_rpc_agent_api [None req-9108bebc-023d-47c3-922d-52a5f9faa0e8 bdd4a03974b94d568de6f8dd5490b38c 8483f50904cf4437bf850e270aae53b7 - - default default] Unable to schedule network fadf0175-27a8-41cc-b316-35a277f28a51: no agents available; will retry on subsequent port and subnet creation events.
2026-09-02 13:47:18.732 8 INFO neutron.db.ovn_revision_numbers_db [None req-9108bebc-023d-47c3-922d-52a5f9faa0e8 bdd4a03974b94d568de6f8dd5490b38c 8483f50904cf4437bf850e270aae53b7 - - default default] Successfully bumped revision number for resource 5cb76dea-08d6-4441-8da0-37d71727cc02 (type: subnets) to 0 [pid: 8|app: 0|req: 832/1538] 10.0.0.214 () {34 vars in 669 bytes} [Wed Sep 2 13:47:18 2026] POST /v2.0/subnets => generated 646 bytes in 340 msecs (HTTP/1.1 201) 4 headers in 162 bytes (1 switches on core 0) [pid: 7|app: 0|req: 707/1539] 10.0.0.214 () {32 vars in 740 bytes} [Wed Sep 2 13:47:18 2026] DELETE /v2.0/security-groups/30b5bdbf-b7b2-4736-b06d-e16cca6a2dd0 => generated 0 bytes in 484 msecs (HTTP/1.1 204) 2 headers in 112 bytes (1 switches on core 0)
2026-09-02 13:47:19.116 8 WARNING neutron.scheduler.dhcp_agent_scheduler [None req-2d6e128d-16fd-40e8-87f4-5fb9ab9217cc 7dfeb65b14e14b6bb20d267b21b83214 69bac09f4a3146dcbef4a442c67a3eaa - - default default] No more DHCP agents
2026-09-02 13:47:19.124 8 WARNING neutron.api.rpc.agentnotifiers.dhcp_rpc_agent_api [None req-2d6e128d-16fd-40e8-87f4-5fb9ab9217cc 7dfeb65b14e14b6bb20d267b21b83214 69bac09f4a3146dcbef4a442c67a3eaa - - default default] Unable to schedule network 8f01d34a-7368-4f4c-979d-6ff3477890f0: no agents available; will retry on subsequent port and subnet creation events.
2026-09-02 13:47:19.370 7 WARNING neutron.scheduler.dhcp_agent_scheduler [None req-ca0f1d84-b46b-4af1-a260-0a9ad20104ae bdd4a03974b94d568de6f8dd5490b38c 8483f50904cf4437bf850e270aae53b7 - - default default] No more DHCP agents
2026-09-02 13:47:19.373 7 WARNING neutron.api.rpc.agentnotifiers.dhcp_rpc_agent_api [None req-ca0f1d84-b46b-4af1-a260-0a9ad20104ae bdd4a03974b94d568de6f8dd5490b38c 8483f50904cf4437bf850e270aae53b7 - - default default] Unable to schedule network d16c1c98-737c-4af7-8bd5-9f3b5ead55cb: no agents available; will retry on subsequent port and subnet creation events.
2026-09-02 13:47:19.434 7 INFO neutron.db.ovn_revision_numbers_db [None req-ca0f1d84-b46b-4af1-a260-0a9ad20104ae bdd4a03974b94d568de6f8dd5490b38c 8483f50904cf4437bf850e270aae53b7 - - default default] Successfully bumped revision number for resource c2d53e65-ac7c-403f-b6f7-dd96445cde76 (type: subnets) to 0 [pid: 7|app: 0|req: 708/1540] 10.0.0.214 () {34 vars in 669 bytes} [Wed Sep 2 13:47:19 2026] POST /v2.0/subnets => generated 655 bytes in 451 msecs (HTTP/1.1 201) 4 headers in 162 bytes (1 switches on core 0)
2026-09-02 13:47:19.762 7 INFO neutron.db.ovn_revision_numbers_db [None req-06f31ac1-a289-4666-876c-2143aad9b6c1 d28875ced2b94c49a65a6813cfe8a64d 11b600760c354f8bbd229feb9bb2a8fc - - default default] Successfully bumped revision number for resource 6f07dc71-0810-44b3-8b64-a7fcfb7da1ca (type: security_groups) to 1
2026-09-02 13:47:19.777 7 INFO neutron.db.ovn_revision_numbers_db [None req-06f31ac1-a289-4666-876c-2143aad9b6c1 d28875ced2b94c49a65a6813cfe8a64d 11b600760c354f8bbd229feb9bb2a8fc - - default default] Successfully bumped revision number for resource 0a57e46b-8a6b-4fdc-9236-eb289398ec62 (type: security_group_rules) to 0
2026-09-02 13:47:19.789 7 INFO neutron.db.ovn_revision_numbers_db [None req-06f31ac1-a289-4666-876c-2143aad9b6c1 d28875ced2b94c49a65a6813cfe8a64d 11b600760c354f8bbd229feb9bb2a8fc - - default default] Successfully bumped revision number for resource 664f14f7-a846-4783-bcaf-dd0f3d681f9d (type: security_group_rules) to 0
2026-09-02 13:47:19.805 7 INFO neutron.db.ovn_revision_numbers_db [None req-06f31ac1-a289-4666-876c-2143aad9b6c1 d28875ced2b94c49a65a6813cfe8a64d 11b600760c354f8bbd229feb9bb2a8fc - - default default] Successfully bumped revision number for resource 7ac45f92-6b0a-4c3f-87ef-d4dd59aa9cb2 (type: security_group_rules) to 0
2026-09-02 13:47:19.827 7 INFO neutron.db.ovn_revision_numbers_db [None req-06f31ac1-a289-4666-876c-2143aad9b6c1 d28875ced2b94c49a65a6813cfe8a64d 11b600760c354f8bbd229feb9bb2a8fc - - default default] Successfully bumped revision number for resource c2573baa-8737-4f63-b56f-dc6ccf4315a0 (type: security_group_rules) to 0 [pid: 7|app: 0|req: 709/1541] 10.0.0.214 () {32 vars in 774 bytes} [Wed Sep 2 13:47:19 2026] GET /v2.0/security-groups?tenant_id=a5110b67da854249b65099bfd84e3a03&name=default => generated 2925 bytes in 411 msecs (HTTP/1.1 200) 4 headers in 158 bytes (1 switches on core 0)
2026-09-02 13:47:19.975 8 INFO neutron.db.ovn_revision_numbers_db [None req-0bded003-6475-43dc-87f0-9540fa09a14e - - - - - -] Successfully bumped revision number for resource c8799793-23c9-40ec-8ef7-53498bda7def (type: ports) to 2
2026-09-02 13:47:20.034 8 INFO neutron.db.ovn_revision_numbers_db [None req-0bded003-6475-43dc-87f0-9540fa09a14e - - - - - -] Successfully bumped revision number for resource 4f10b67c-e9ce-4855-a785-34ae9b097e04 (type: subnets) to 0 [pid: 8|app: 0|req: 833/1542] 10.0.0.214 () {34 vars in 669 bytes} [Wed Sep 2 13:47:18 2026] POST /v2.0/subnets => generated 641 bytes in 1301 msecs (HTTP/1.1 201) 4 headers in 162 bytes (1 switches on core 0)
2026-09-02 13:47:20.078 7 INFO neutron.db.ovn_revision_numbers_db [None req-0259371a-0c8b-47fb-a0ec-17944c799628 bdd4a03974b94d568de6f8dd5490b38c 8483f50904cf4437bf850e270aae53b7 - - default default] Successfully bumped revision number for resource 4e9742a3-0b6f-4199-ba8b-bd081c1b7275 (type: routers) to 1 [pid: 7|app: 0|req: 710/1543] 10.0.0.214 () {34 vars in 669 bytes} [Wed Sep 2 13:47:19 2026] POST /v2.0/routers => generated 606 bytes in 230 msecs (HTTP/1.1 201) 4 headers in 162 bytes (1 switches on core 0) [pid: 7|app: 0|req: 711/1544] 10.0.0.214 () {32 vars in 740 bytes} [Wed Sep 2 13:47:20 2026] DELETE /v2.0/security-groups/6f07dc71-0810-44b3-8b64-a7fcfb7da1ca => generated 0 bytes in 471 msecs (HTTP/1.1 204) 2 headers in 112 bytes (1 switches on core 0)
2026-09-02 13:47:20.703 7 INFO neutron.db.segments_db [None req-9a070765-b854-4c9d-9780-dfeda8be660a 7dfeb65b14e14b6bb20d267b21b83214 69bac09f4a3146dcbef4a442c67a3eaa - - default default] Added segment 653bc279-e5a2-4a1c-99b0-2179bb4bb1d3 of type geneve for network aca0c430-b2ea-44bc-b683-ccc49d451132
2026-09-02 13:47:20.721 8 INFO neutron.db.ovn_revision_numbers_db [None req-93f3b173-8237-4be5-8b89-6635bf22ec9f 6bfc34e48357483e9a2d3e6c434a98f8 1577fe99e84d4acdbd43b98d02a43c3c - - default default] Successfully bumped revision number for resource 1273d708-5aaa-419d-bd27-d5d68789112d (type: security_groups) to 1
2026-09-02 13:47:20.741 8 INFO neutron.db.ovn_revision_numbers_db [None req-93f3b173-8237-4be5-8b89-6635bf22ec9f 6bfc34e48357483e9a2d3e6c434a98f8 1577fe99e84d4acdbd43b98d02a43c3c - - default default] Successfully bumped revision number for resource 0dd1d181-16b5-43ab-90e0-e23e5d1cb585 (type: security_group_rules) to 0
2026-09-02 13:47:20.769 8 INFO neutron.db.ovn_revision_numbers_db [None req-93f3b173-8237-4be5-8b89-6635bf22ec9f 6bfc34e48357483e9a2d3e6c434a98f8 1577fe99e84d4acdbd43b98d02a43c3c - - default default] Successfully bumped revision number for resource 27260c34-34f3-4b02-ba10-1ad2ffb9ea46 (type: security_group_rules) to 0
2026-09-02 13:47:20.792 8 INFO neutron.db.ovn_revision_numbers_db [None req-93f3b173-8237-4be5-8b89-6635bf22ec9f 6bfc34e48357483e9a2d3e6c434a98f8 1577fe99e84d4acdbd43b98d02a43c3c - - default default] Successfully bumped revision number for resource 54e66c6e-7df1-4fbf-9125-be25cbba4b78 (type: security_group_rules) to 0
2026-09-02 13:47:20.815 8 INFO neutron.db.ovn_revision_numbers_db [None req-93f3b173-8237-4be5-8b89-6635bf22ec9f 6bfc34e48357483e9a2d3e6c434a98f8 1577fe99e84d4acdbd43b98d02a43c3c - - default default] Successfully bumped revision number for resource c7227a32-711c-4c93-80ad-1136306d1019 (type: security_group_rules) to 0
2026-09-02 13:47:20.866 7 INFO neutron.db.ovn_revision_numbers_db [None req-9a070765-b854-4c9d-9780-dfeda8be660a 7dfeb65b14e14b6bb20d267b21b83214 69bac09f4a3146dcbef4a442c67a3eaa - - default default] Successfully bumped revision number for resource aca0c430-b2ea-44bc-b683-ccc49d451132 (type: networks) to 1
2026-09-02 13:47:20.911 8 INFO neutron.db.segments_db [None req-93f3b173-8237-4be5-8b89-6635bf22ec9f 6bfc34e48357483e9a2d3e6c434a98f8 1577fe99e84d4acdbd43b98d02a43c3c - - default default] Added segment 328e8365-acf8-479d-b8b2-c8b3d226892b of type geneve for network 946c247e-aea4-46b1-9016-ad7252e9aa27
2026-09-02 13:47:21.054 8 INFO neutron.db.ovn_revision_numbers_db [None req-93f3b173-8237-4be5-8b89-6635bf22ec9f 6bfc34e48357483e9a2d3e6c434a98f8 1577fe99e84d4acdbd43b98d02a43c3c - - default default] Successfully bumped revision number for resource 946c247e-aea4-46b1-9016-ad7252e9aa27 (type: networks) to 1
2026-09-02 13:47:21.078 7 WARNING neutron.scheduler.dhcp_agent_scheduler [None req-9a070765-b854-4c9d-9780-dfeda8be660a 7dfeb65b14e14b6bb20d267b21b83214 69bac09f4a3146dcbef4a442c67a3eaa - - default default] No more DHCP agents
2026-09-02 13:47:21.080 7 WARNING neutron.api.rpc.agentnotifiers.dhcp_rpc_agent_api [None req-9a070765-b854-4c9d-9780-dfeda8be660a 7dfeb65b14e14b6bb20d267b21b83214 69bac09f4a3146dcbef4a442c67a3eaa - - default default] Unable to schedule network aca0c430-b2ea-44bc-b683-ccc49d451132: no agents available; will retry on subsequent port and subnet creation events.
2026-09-02 13:47:21.213 7 INFO neutron.plugins.ml2.drivers.ovn.mech_driver.mech_driver [None req-604dc312-04ed-4d46-83eb-6f4587a37d79 - - - - - -] OVN reports status down for port: 08705325-6804-4901-8134-defabcadf9d2
2026-09-02 13:47:21.323 7 INFO neutron.db.ovn_revision_numbers_db [None req-9a070765-b854-4c9d-9780-dfeda8be660a 7dfeb65b14e14b6bb20d267b21b83214 69bac09f4a3146dcbef4a442c67a3eaa - - default default] Successfully bumped revision number for resource 08705325-6804-4901-8134-defabcadf9d2 (type: ports) to 1 [pid: 7|app: 0|req: 712/1545] 10.0.0.214 () {34 vars in 670 bytes} [Wed Sep 2 13:47:20 2026] POST /v2.0/networks => generated 643 bytes in 804 msecs (HTTP/1.1 201) 4 headers in 162 bytes (1 switches on core 0)
2026-09-02 13:47:21.393 8 WARNING neutron.scheduler.dhcp_agent_scheduler [None req-93f3b173-8237-4be5-8b89-6635bf22ec9f 6bfc34e48357483e9a2d3e6c434a98f8 1577fe99e84d4acdbd43b98d02a43c3c - - default default] No more DHCP agents
2026-09-02 13:47:21.394 8 WARNING neutron.api.rpc.agentnotifiers.dhcp_rpc_agent_api [None req-93f3b173-8237-4be5-8b89-6635bf22ec9f 6bfc34e48357483e9a2d3e6c434a98f8 1577fe99e84d4acdbd43b98d02a43c3c - - default default] Unable to schedule network 946c247e-aea4-46b1-9016-ad7252e9aa27: no agents available; will retry on subsequent port and subnet creation events.
2026-09-02 13:47:21.506 7 INFO neutron.plugins.ml2.drivers.ovn.mech_driver.mech_driver [None req-604dc312-04ed-4d46-83eb-6f4587a37d79 - - - - - -] OVN reports status down for port: a2fa39f5-03f7-42e9-9c64-caed21b55647
2026-09-02 13:47:21.538 8 INFO neutron.db.ovn_revision_numbers_db [None req-93f3b173-8237-4be5-8b89-6635bf22ec9f 6bfc34e48357483e9a2d3e6c434a98f8 1577fe99e84d4acdbd43b98d02a43c3c - - default default] Successfully bumped revision number for resource a2fa39f5-03f7-42e9-9c64-caed21b55647 (type: ports) to 1 [pid: 8|app: 0|req: 834/1546] 10.0.0.214 () {34 vars in 671 bytes} [Wed Sep 2 13:47:20 2026] POST /v2.0/networks => generated 632 bytes in 1510 msecs (HTTP/1.1 201) 4 headers in 162 bytes (1 switches on core 0)
2026-09-02 13:47:21.815 8 INFO neutron.db.ovn_revision_numbers_db [None req-55d31b3b-4082-4962-b273-f46cfc355267 7dfeb65b14e14b6bb20d267b21b83214 69bac09f4a3146dcbef4a442c67a3eaa - - default default] Successfully bumped revision number for resource aca0c430-b2ea-44bc-b683-ccc49d451132 (type: networks) to 2 [pid: 8|app: 0|req: 835/1547] 10.0.0.214 () {34 vars in 743 bytes} [Wed Sep 2 13:47:21 2026] PUT /v2.0/networks/aca0c430-b2ea-44bc-b683-ccc49d451132 => generated 598 bytes in 253 msecs (HTTP/1.1 200) 4 headers in 157 bytes (1 switches on core 0)
2026-09-02 13:47:22.151 7 WARNING neutron.scheduler.dhcp_agent_scheduler [None req-ffbf8451-d98e-4a54-8efa-1e1994bac21f bdd4a03974b94d568de6f8dd5490b38c 8483f50904cf4437bf850e270aae53b7 - - default default] No more DHCP agents
2026-09-02 13:47:22.156 7 WARNING neutron.api.rpc.agentnotifiers.dhcp_rpc_agent_api [None req-ffbf8451-d98e-4a54-8efa-1e1994bac21f bdd4a03974b94d568de6f8dd5490b38c 8483f50904cf4437bf850e270aae53b7 - - default default] Unable to schedule network fadf0175-27a8-41cc-b316-35a277f28a51: no agents available; will retry on subsequent port and subnet creation events.
2026-09-02 13:47:22.312 7 INFO neutron.plugins.ml2.drivers.ovn.mech_driver.mech_driver [None req-604dc312-04ed-4d46-83eb-6f4587a37d79 - - - - - -] OVN reports status down for port: e010344b-dd17-4b0f-94cd-b7dcd5419dac
2026-09-02 13:47:22.394 7 INFO neutron.db.ovn_revision_numbers_db [None req-ffbf8451-d98e-4a54-8efa-1e1994bac21f bdd4a03974b94d568de6f8dd5490b38c 8483f50904cf4437bf850e270aae53b7 - - default default] Successfully bumped revision number for resource e010344b-dd17-4b0f-94cd-b7dcd5419dac (type: ports) to 1
2026-09-02 13:47:22.497 8 WARNING neutron.scheduler.dhcp_agent_scheduler [None req-3ccdd1eb-83a6-49f4-acfc-9f1fd49fbe57 6bfc34e48357483e9a2d3e6c434a98f8 1577fe99e84d4acdbd43b98d02a43c3c - - default default] No more DHCP agents
2026-09-02 13:47:22.500 8 WARNING neutron.api.rpc.agentnotifiers.dhcp_rpc_agent_api [None req-3ccdd1eb-83a6-49f4-acfc-9f1fd49fbe57 6bfc34e48357483e9a2d3e6c434a98f8 1577fe99e84d4acdbd43b98d02a43c3c - - default default] Unable to schedule network 6c519446-ec2c-4de6-bf91-bb1ec1eeafac: no agents available; will retry on subsequent port and subnet creation events.
2026-09-02 13:47:22.702 7 INFO neutron.plugins.ml2.drivers.ovn.mech_driver.mech_driver [None req-604dc312-04ed-4d46-83eb-6f4587a37d79 - - - - - -] OVN reports status down for port: a01c7d5c-d750-4c91-bdbd-5c4775574f8c
2026-09-02 13:47:22.720 8 INFO neutron.db.ovn_revision_numbers_db [None req-3ccdd1eb-83a6-49f4-acfc-9f1fd49fbe57 6bfc34e48357483e9a2d3e6c434a98f8 1577fe99e84d4acdbd43b98d02a43c3c - - default default] Successfully bumped revision number for resource a01c7d5c-d750-4c91-bdbd-5c4775574f8c (type: ports) to 1
2026-09-02 13:47:23.091 7 INFO neutron.plugins.ml2.drivers.ovn.mech_driver.mech_driver [None req-604dc312-04ed-4d46-83eb-6f4587a37d79 - - - - - -] OVN reports status up for port: e010344b-dd17-4b0f-94cd-b7dcd5419dac
2026-09-02 13:47:23.121 7 INFO neutron.plugins.ml2.plugin [None req-604dc312-04ed-4d46-83eb-6f4587a37d79 - - - - - -] Attempt 1 to provision port e010344b-dd17-4b0f-94cd-b7dcd5419dac
2026-09-02 13:47:23.283 7 WARNING neutron.scheduler.dhcp_agent_scheduler [None req-ffbf8451-d98e-4a54-8efa-1e1994bac21f bdd4a03974b94d568de6f8dd5490b38c 8483f50904cf4437bf850e270aae53b7 - - default default] No more DHCP agents
2026-09-02 13:47:23.287 7 WARNING neutron.api.rpc.agentnotifiers.dhcp_rpc_agent_api [None req-ffbf8451-d98e-4a54-8efa-1e1994bac21f bdd4a03974b94d568de6f8dd5490b38c 8483f50904cf4437bf850e270aae53b7 - - default default] Unable to schedule network fadf0175-27a8-41cc-b316-35a277f28a51: no agents available; will retry on subsequent port and subnet creation events.
2026-09-02 13:47:23.528 8 INFO neutron.plugins.ml2.drivers.ovn.mech_driver.ovsdb.commands [-] Schedule LRP lrp-a01c7d5c-d750-4c91-bdbd-5c4775574f8c on gateway b6cf963e-0373-4b60-b698-285248b2051c with priority 1
2026-09-02 13:47:23.704 7 INFO neutron.plugins.ml2.drivers.ovn.mech_driver.ovsdb.ovsdb_monitor [None req-a54b3c91-95ca-4fad-a7c9-3637ef05daf0 - - - - - -] Router ed0b1422-66d8-444d-90a0-185d2a5c5562 is bound to host instance
2026-09-02 13:47:23.716 8 INFO neutron.db.ovn_revision_numbers_db [None req-3ccdd1eb-83a6-49f4-acfc-9f1fd49fbe57 6bfc34e48357483e9a2d3e6c434a98f8 1577fe99e84d4acdbd43b98d02a43c3c - - default default] Successfully bumped revision number for resource a01c7d5c-d750-4c91-bdbd-5c4775574f8c (type: router_ports) to 1
2026-09-02 13:47:23.801 8 INFO neutron.db.ovn_revision_numbers_db [None req-3ccdd1eb-83a6-49f4-acfc-9f1fd49fbe57 6bfc34e48357483e9a2d3e6c434a98f8 1577fe99e84d4acdbd43b98d02a43c3c - - default default] Successfully bumped revision number for resource ed0b1422-66d8-444d-90a0-185d2a5c5562 (type: routers) to 2 [pid: 8|app: 0|req: 836/1548] 10.0.0.214 () {34 vars in 669 bytes} [Wed Sep 2 13:47:21 2026] POST /v2.0/routers => generated 955 bytes in 2005 msecs (HTTP/1.1 201) 4 headers in 162 bytes (1 switches on core 0)
2026-09-02 13:47:24.094 8 WARNING neutron.scheduler.dhcp_agent_scheduler [None req-bf057a1e-18e6-4bfc-970d-6b12928a3258 7dfeb65b14e14b6bb20d267b21b83214 69bac09f4a3146dcbef4a442c67a3eaa - - default default] No more DHCP agents
2026-09-02 13:47:24.096 8 WARNING neutron.api.rpc.agentnotifiers.dhcp_rpc_agent_api [None req-bf057a1e-18e6-4bfc-970d-6b12928a3258 7dfeb65b14e14b6bb20d267b21b83214 69bac09f4a3146dcbef4a442c67a3eaa - - default default] Unable to schedule network aca0c430-b2ea-44bc-b683-ccc49d451132: no agents available; will retry on subsequent port and subnet creation events.
2026-09-02 13:47:24.099 7 INFO neutron.db.ovn_revision_numbers_db [None req-ffbf8451-d98e-4a54-8efa-1e1994bac21f bdd4a03974b94d568de6f8dd5490b38c 8483f50904cf4437bf850e270aae53b7 - - default default] Successfully bumped revision number for resource e010344b-dd17-4b0f-94cd-b7dcd5419dac (type: router_ports) to 1 [pid: 7|app: 0|req: 713/1549] 10.0.0.214 () {34 vars in 783 bytes} [Wed Sep 2 13:47:21 2026] PUT /v2.0/routers/4e9742a3-0b6f-4199-ba8b-bd081c1b7275/add_router_interface => generated 309 bytes in 2727 msecs (HTTP/1.1 200) 4 headers in 157 bytes (1 switches on core 0)
2026-09-02 13:47:24.405 7 INFO neutron.db.ovn_revision_numbers_db [None req-604dc312-04ed-4d46-83eb-6f4587a37d79 - - - - - -] Successfully bumped revision number for resource e010344b-dd17-4b0f-94cd-b7dcd5419dac (type: ports) to 2 [pid: 7|app: 0|req: 714/1550] 10.0.0.214 () {32 vars in 776 bytes} [Wed Sep 2 13:47:24 2026] GET /v2.0/subnets?project_id=1577fe99e84d4acdbd43b98d02a43c3c&cidr=10.100.0.0%2F28 => generated 14 bytes in 369 msecs (HTTP/1.1 200) 4 headers in 156 bytes (1 switches on core 0)
2026-09-02 13:47:24.523 7 INFO neutron.plugins.ml2.drivers.ovn.mech_driver.mech_driver [None req-e469f9d3-c222-4394-9e0e-a2d9e378d2d6 - - - - - -] OVN reports status up for port: a01c7d5c-d750-4c91-bdbd-5c4775574f8c
2026-09-02 13:47:24.565 7 INFO neutron.plugins.ml2.plugin [None req-e469f9d3-c222-4394-9e0e-a2d9e378d2d6 - - - - - -] Attempt 1 to provision port a01c7d5c-d750-4c91-bdbd-5c4775574f8c
2026-09-02 13:47:24.704 8 INFO neutron.db.ovn_revision_numbers_db [None req-788a7689-9320-470d-ba6f-638b57a63195 - - - - - -] Successfully bumped revision number for resource 08705325-6804-4901-8134-defabcadf9d2 (type: ports) to 2
2026-09-02 13:47:24.745 8 INFO neutron.db.ovn_revision_numbers_db [None req-788a7689-9320-470d-ba6f-638b57a63195 - - - - - -] Successfully bumped revision number for resource f678289e-a84c-4fa8-a864-a350085c494e (type: subnets) to 0 [pid: 8|app: 0|req: 837/1551] 10.0.0.214 () {34 vars in 669 bytes} [Wed Sep 2 13:47:23 2026] POST /v2.0/subnets => generated 626 bytes in 940 msecs (HTTP/1.1 201) 4 headers in 162 bytes (1 switches on core 0) [pid: 7|app: 0|req: 715/1552] 10.0.0.214 () {32 vars in 717 bytes} [Wed Sep 2 13:47:24 2026] GET /v2.0/ports/e010344b-dd17-4b0f-94cd-b7dcd5419dac => generated 947 bytes in 324 msecs (HTTP/1.1 200) 4 headers in 157 bytes (1 switches on core 0) [pid: 8|app: 0|req: 838/1553] 10.0.0.214 () {32 vars in 694 bytes} [Wed Sep 2 13:47:24 2026] GET /v2.0/networks?router%3Aexternal=True => generated 753 bytes in 88 msecs (HTTP/1.1 200) 4 headers in 157 bytes (1 switches on core 0)
2026-09-02 13:47:25.116 7 INFO neutron.db.ovn_revision_numbers_db [None req-e469f9d3-c222-4394-9e0e-a2d9e378d2d6 - - - - - -] Successfully bumped revision number for resource e010344b-dd17-4b0f-94cd-b7dcd5419dac (type: router_ports) to 2
2026-09-02 13:47:25.492 8 WARNING neutron.scheduler.dhcp_agent_scheduler [None req-a5a28ee7-586e-49b8-9163-4e4d7d822894 bdd4a03974b94d568de6f8dd5490b38c 8483f50904cf4437bf850e270aae53b7 - - default default] No more DHCP agents
2026-09-02 13:47:25.495 8 WARNING neutron.api.rpc.agentnotifiers.dhcp_rpc_agent_api [None req-a5a28ee7-586e-49b8-9163-4e4d7d822894 bdd4a03974b94d568de6f8dd5490b38c 8483f50904cf4437bf850e270aae53b7 - - default default] Unable to schedule network d16c1c98-737c-4af7-8bd5-9f3b5ead55cb: no agents available; will retry on subsequent port and subnet creation events.
2026-09-02 13:47:25.631 7 INFO neutron.db.ovn_revision_numbers_db [None req-2a744cf1-4158-4e8a-a08f-994363d48b6f 7dfeb65b14e14b6bb20d267b21b83214 69bac09f4a3146dcbef4a442c67a3eaa - - default default] Successfully bumped revision number for resource f678289e-a84c-4fa8-a864-a350085c494e (type: subnets) to 1 [pid: 7|app: 0|req: 716/1554] 10.0.0.214 () {34 vars in 741 bytes} [Wed Sep 2 13:47:24 2026] PUT /v2.0/subnets/f678289e-a84c-4fa8-a864-a350085c494e => generated 636 bytes in 852 msecs (HTTP/1.1 200) 4 headers in 157 bytes (1 switches on core 0) [pid: 7|app: 0|req: 717/1555] 10.0.0.214 () {32 vars in 784 bytes} [Wed Sep 2 13:47:25 2026] GET /v2.0/subnets?network_id=6c519446-ec2c-4de6-bf91-bb1ec1eeafac&cidr=10.100.0.0%2F28 => generated 14 bytes in 40 msecs (HTTP/1.1 200) 4 headers in 156 bytes (1 switches on core 0)
2026-09-02 13:47:26.018 7 INFO neutron.db.ovn_revision_numbers_db [None req-19b47350-e619-4781-b1aa-df38d84cff65 - - - - - -] Successfully bumped revision number for resource a01c7d5c-d750-4c91-bdbd-5c4775574f8c (type: ports) to 4
2026-09-02 13:47:26.113 7 INFO neutron.db.ovn_revision_numbers_db [None req-b2cc4399-416d-427d-ade2-ab7a1b23ac27 d28875ced2b94c49a65a6813cfe8a64d 11b600760c354f8bbd229feb9bb2a8fc - - default default] Successfully bumped revision number for resource 648cb173-f7bb-4d04-bde9-f42c93ed42ec (type: security_groups) to 1
2026-09-02 13:47:26.155 7 INFO neutron.db.ovn_revision_numbers_db [None req-b2cc4399-416d-427d-ade2-ab7a1b23ac27 d28875ced2b94c49a65a6813cfe8a64d 11b600760c354f8bbd229feb9bb2a8fc - - default default] Successfully bumped revision number for resource 076075af-a570-479b-93d8-49790b1155dc (type: security_group_rules) to 0
2026-09-02 13:47:26.212 7 INFO neutron.db.ovn_revision_numbers_db [None req-b2cc4399-416d-427d-ade2-ab7a1b23ac27 d28875ced2b94c49a65a6813cfe8a64d 11b600760c354f8bbd229feb9bb2a8fc - - default default] Successfully bumped revision number for resource 5e7a5779-8a62-4e0d-9eda-c5e3ea5eebd6 (type: security_group_rules) to 0
2026-09-02 13:47:26.258 7 INFO neutron.db.ovn_revision_numbers_db [None req-b2cc4399-416d-427d-ade2-ab7a1b23ac27 d28875ced2b94c49a65a6813cfe8a64d 11b600760c354f8bbd229feb9bb2a8fc - - default default] Successfully bumped revision number for resource 69d78109-c685-42a4-9f6c-b7f5309ff6df (type: security_group_rules) to 0
2026-09-02 13:47:26.302 7 INFO neutron.db.ovn_revision_numbers_db [None req-b2cc4399-416d-427d-ade2-ab7a1b23ac27 d28875ced2b94c49a65a6813cfe8a64d 11b600760c354f8bbd229feb9bb2a8fc - - default default] Successfully bumped revision number for resource 8b0ed3a1-14fb-4145-8dd0-f8e07725ad35 (type: security_group_rules) to 0 [pid: 7|app: 0|req: 718/1556] 10.0.0.214 () {32 vars in 774 bytes} [Wed Sep 2 13:47:25 2026] GET /v2.0/security-groups?tenant_id=f4cea9792e1a4d52a87df1db7fe326fe&name=default => generated 2925 bytes in 704 msecs (HTTP/1.1 200) 4 headers in 158 bytes (1 switches on core 0)
2026-09-02 13:47:26.480 8 INFO neutron.db.ovn_revision_numbers_db [None req-a5a28ee7-586e-49b8-9163-4e4d7d822894 bdd4a03974b94d568de6f8dd5490b38c 8483f50904cf4437bf850e270aae53b7 - - default default] Successfully bumped revision number for resource 0abd5d51-f8de-4b9e-9ed0-b5fa34c7fad5 (type: ports) to 1
2026-09-02 13:47:26.494 7 INFO neutron.plugins.ml2.drivers.ovn.mech_driver.mech_driver [None req-e469f9d3-c222-4394-9e0e-a2d9e378d2d6 - - - - - -] OVN reports status down for port: 0abd5d51-f8de-4b9e-9ed0-b5fa34c7fad5
2026-09-02 13:47:26.888 7 INFO neutron.db.ovn_revision_numbers_db [None req-19b47350-e619-4781-b1aa-df38d84cff65 - - - - - -] Successfully bumped revision number for resource a01c7d5c-d750-4c91-bdbd-5c4775574f8c (type: ports) to 5
2026-09-02 13:47:26.895 7 INFO neutron_taas.services.taas.taas_plugin [None req-22f146d5-3af1-44e7-a2a6-f891464d1455 7dfeb65b14e14b6bb20d267b21b83214 69bac09f4a3146dcbef4a442c67a3eaa - - default default] TaaS: Handle Delete Port: 08705325-6804-4901-8134-defabcadf9d2
2026-09-02 13:47:26.899 7 INFO neutron_taas.services.taas.tap_mirror_plugin [None req-22f146d5-3af1-44e7-a2a6-f891464d1455 7dfeb65b14e14b6bb20d267b21b83214 69bac09f4a3146dcbef4a442c67a3eaa - - default default] Tap Mirror: Handle Delete Port: 08705325-6804-4901-8134-defabcadf9d2
2026-09-02 13:47:27.337 7 INFO neutron.plugins.ml2.drivers.ovn.mech_driver.mech_driver [None req-e469f9d3-c222-4394-9e0e-a2d9e378d2d6 - - - - - -] OVN reports status up for port: 0abd5d51-f8de-4b9e-9ed0-b5fa34c7fad5
2026-09-02 13:47:27.373 7 INFO neutron.plugins.ml2.plugin [None req-e469f9d3-c222-4394-9e0e-a2d9e378d2d6 - - - - - -] Attempt 1 to provision port 0abd5d51-f8de-4b9e-9ed0-b5fa34c7fad5
2026-09-02 13:47:27.433 8 WARNING neutron.scheduler.dhcp_agent_scheduler [None req-a5a28ee7-586e-49b8-9163-4e4d7d822894 bdd4a03974b94d568de6f8dd5490b38c 8483f50904cf4437bf850e270aae53b7 - - default default] No more DHCP agents
2026-09-02 13:47:27.435 8 WARNING neutron.api.rpc.agentnotifiers.dhcp_rpc_agent_api [None req-a5a28ee7-586e-49b8-9163-4e4d7d822894 bdd4a03974b94d568de6f8dd5490b38c 8483f50904cf4437bf850e270aae53b7 - - default default] Unable to schedule network d16c1c98-737c-4af7-8bd5-9f3b5ead55cb: no agents available; will retry on subsequent port and subnet creation events.
2026-09-02 13:47:27.527 7 INFO neutron.services.segments.plugin [-] Segment 653bc279-e5a2-4a1c-99b0-2179bb4bb1d3 resource provider aggregate not found
2026-09-02 13:47:27.531 7 INFO neutron.services.segments.plugin [-] Segment 653bc279-e5a2-4a1c-99b0-2179bb4bb1d3 resource provider aggregate not found
2026-09-02 13:47:27.556 7 INFO neutron.services.segments.plugin [-] Client error retrieving segment 653bc279-e5a2-4a1c-99b0-2179bb4bb1d3 resource provider; error: Placement Client Error (4xx): {"errors": [{"status": 404, "title": "Not Found", "detail": "The resource could not be found.\n\n No resource provider with uuid 653bc279-e5a2-4a1c-99b0-2179bb4bb1d3 found for delete ", "request_id": "req-e3e1da5b-aa8d-4600-8318-c87e307f425f"}]}
2026-09-02 13:47:27.561 7 INFO neutron.services.segments.plugin [-] Client error retrieving segment 653bc279-e5a2-4a1c-99b0-2179bb4bb1d3 resource provider; error: Placement Client Error (4xx): {"errors": [{"status": 404, "title": "Not Found", "detail": "The resource could not be found.\n\n No resource provider with uuid 653bc279-e5a2-4a1c-99b0-2179bb4bb1d3 found for delete ", "request_id": "req-fa2feba9-ece8-4c8d-95a3-d26cce8227ed"}]} [pid: 7|app: 0|req: 719/1557] 10.0.0.214 () {32 vars in 726 bytes} [Wed Sep 2 13:47:26 2026] DELETE /v2.0/networks/aca0c430-b2ea-44bc-b683-ccc49d451132 => generated 0 bytes in 1326 msecs (HTTP/1.1 204) 3 headers in 131 bytes (1 switches on core 0)
2026-09-02 13:47:27.739 8 INFO neutron.db.ovn_revision_numbers_db [None req-a5a28ee7-586e-49b8-9163-4e4d7d822894 bdd4a03974b94d568de6f8dd5490b38c 8483f50904cf4437bf850e270aae53b7 - - default default] Successfully bumped revision number for resource 0abd5d51-f8de-4b9e-9ed0-b5fa34c7fad5 (type: router_ports) to 1 [pid: 8|app: 0|req: 839/1558] 10.0.0.214 () {34 vars in 783 bytes} [Wed Sep 2 13:47:24 2026] PUT /v2.0/routers/4e9742a3-0b6f-4199-ba8b-bd081c1b7275/add_router_interface => generated 309 bytes in 2893 msecs (HTTP/1.1 200) 4 headers in 157 bytes (1 switches on core 0) [pid: 8|app: 0|req: 842/1561] 10.0.0.214 () {32 vars in 740 bytes} [Wed Sep 2 13:47:27 2026] DELETE /v2.0/security-groups/648cb173-f7bb-4d04-bde9-f42c93ed42ec => generated 0 bytes in 470 msecs (HTTP/1.1 204) 2 headers in 112 bytes (1 switches on core 0)
2026-09-02 13:47:28.241 8 INFO neutron.pecan_wsgi.hooks.translation [None req-1eb87096-8a2b-4a39-bcbb-ebc67c82b7cf 7dfeb65b14e14b6bb20d267b21b83214 69bac09f4a3146dcbef4a442c67a3eaa - - default default] DELETE failed (client error): The resource could not be found. [pid: 8|app: 0|req: 843/1562] 10.0.0.214 () {32 vars in 726 bytes} [Wed Sep 2 13:47:28 2026] DELETE /v2.0/networks/aca0c430-b2ea-44bc-b683-ccc49d451132 => generated 138 bytes in 34 msecs (HTTP/1.1 404) 4 headers in 164 bytes (1 switches on core 0)
2026-09-02 13:47:28.391 7 WARNING neutron.scheduler.dhcp_agent_scheduler [None req-3f1353ce-c874-4717-8fa9-19c320176436 6bfc34e48357483e9a2d3e6c434a98f8 1577fe99e84d4acdbd43b98d02a43c3c - - default default] No more DHCP agents
2026-09-02 13:47:28.397 7 WARNING neutron.api.rpc.agentnotifiers.dhcp_rpc_agent_api [None req-3f1353ce-c874-4717-8fa9-19c320176436 6bfc34e48357483e9a2d3e6c434a98f8 1577fe99e84d4acdbd43b98d02a43c3c - - default default] Unable to schedule network 946c247e-aea4-46b1-9016-ad7252e9aa27: no agents available; will retry on subsequent port and subnet creation events. [pid: 8|app: 0|req: 844/1563] 10.0.0.214 () {32 vars in 717 bytes} [Wed Sep 2 13:47:28 2026] GET /v2.0/ports/0abd5d51-f8de-4b9e-9ed0-b5fa34c7fad5 => generated 955 bytes in 170 msecs (HTTP/1.1 200) 4 headers in 157 bytes (1 switches on core 0) [pid: 8|app: 0|req: 845/1564] 10.0.0.214 () {32 vars in 694 bytes} [Wed Sep 2 13:47:28 2026] GET /v2.0/networks?router%3Aexternal=True => generated 651 bytes in 89 msecs (HTTP/1.1 200) 4 headers in 157 bytes (1 switches on core 0) [pid: 8|app: 0|req: 846/1565] 10.0.0.214 () {32 vars in 717 bytes} [Wed Sep 2 13:47:28 2026] GET /v2.0/ports/0abd5d51-f8de-4b9e-9ed0-b5fa34c7fad5 => generated 955 bytes in 44 msecs (HTTP/1.1 200) 4 headers in 157 bytes (1 switches on core 0)
2026-09-02 13:47:28.620 7 INFO neutron.db.ovn_revision_numbers_db [None req-e469f9d3-c222-4394-9e0e-a2d9e378d2d6 - - - - - -] Successfully bumped revision number for resource 0abd5d51-f8de-4b9e-9ed0-b5fa34c7fad5 (type: ports) to 2
2026-09-02 13:47:28.858 8 INFO neutron.db.ovn_revision_numbers_db [None req-8cbe16c2-01e5-4ecc-af48-1c92c1464f52 d28875ced2b94c49a65a6813cfe8a64d 11b600760c354f8bbd229feb9bb2a8fc - - default default] Successfully bumped revision number for resource 7e96b8fb-4998-4b38-815a-cd0777727f9a (type: security_groups) to 1
2026-09-02 13:47:28.872 8 INFO neutron.db.ovn_revision_numbers_db [None req-8cbe16c2-01e5-4ecc-af48-1c92c1464f52 d28875ced2b94c49a65a6813cfe8a64d 11b600760c354f8bbd229feb9bb2a8fc - - default default] Successfully bumped revision number for resource 1080559e-0e6b-42d2-90da-5917a0175e0d (type: security_group_rules) to 0
2026-09-02 13:47:28.893 8 INFO neutron.db.ovn_revision_numbers_db [None req-8cbe16c2-01e5-4ecc-af48-1c92c1464f52 d28875ced2b94c49a65a6813cfe8a64d 11b600760c354f8bbd229feb9bb2a8fc - - default default] Successfully bumped revision number for resource 283f17eb-e396-419a-ab4d-8dec60251b5f (type: security_group_rules) to 0
2026-09-02 13:47:28.908 8 INFO neutron.db.ovn_revision_numbers_db [None req-8cbe16c2-01e5-4ecc-af48-1c92c1464f52 d28875ced2b94c49a65a6813cfe8a64d 11b600760c354f8bbd229feb9bb2a8fc - - default default] Successfully bumped revision number for resource ebd61dd4-6090-4d0e-90d0-4cc772ff3c0c (type: security_group_rules) to 0
2026-09-02 13:47:28.932 8 INFO neutron.db.ovn_revision_numbers_db [None req-8cbe16c2-01e5-4ecc-af48-1c92c1464f52 d28875ced2b94c49a65a6813cfe8a64d 11b600760c354f8bbd229feb9bb2a8fc - - default default] Successfully bumped revision number for resource fe546b50-2d2e-4df6-aa52-fc03e85c11c7 (type: security_group_rules) to 0 [pid: 8|app: 0|req: 847/1566] 10.0.0.214 () {32 vars in 774 bytes} [Wed Sep 2 13:47:28 2026] GET /v2.0/security-groups?tenant_id=603d2a1f99394d0dbff29b93b6b0ff99&name=default => generated 2925 bytes in 417 msecs (HTTP/1.1 200) 4 headers in 158 bytes (1 switches on core 0) [pid: 8|app: 0|req: 848/1567] 10.0.0.214 () {32 vars in 742 bytes} [Wed Sep 2 13:47:28 2026] GET /v2.0/subnets?network_id=6c519446-ec2c-4de6-bf91-bb1ec1eeafac => generated 649 bytes in 29 msecs (HTTP/1.1 200) 4 headers in 157 bytes (1 switches on core 0)
2026-09-02 13:47:29.031 7 INFO neutron.db.ovn_revision_numbers_db [None req-d7f78732-2162-42be-afd2-fb3f949eb789 - - - - - -] Successfully bumped revision number for resource 0abd5d51-f8de-4b9e-9ed0-b5fa34c7fad5 (type: router_ports) to 2
2026-09-02 13:47:29.425 7 INFO neutron.db.ovn_revision_numbers_db [None req-1ef2dca6-42c6-477d-9525-12366850da0f - - - - - -] Successfully bumped revision number for resource a2fa39f5-03f7-42e9-9c64-caed21b55647 (type: ports) to 2
2026-09-02 13:47:29.468 7 INFO neutron.db.ovn_revision_numbers_db [None req-1ef2dca6-42c6-477d-9525-12366850da0f - - - - - -] Successfully bumped revision number for resource 78a6d815-1516-4c64-95d3-d237f9ed281e (type: subnets) to 0
2026-09-02 13:47:29.473 8 INFO neutron_taas.services.taas.taas_plugin [None req-738c8f34-9a34-4b1f-b870-51e34def586c bdd4a03974b94d568de6f8dd5490b38c 8483f50904cf4437bf850e270aae53b7 - - default default] TaaS: Handle Delete Port: 0abd5d51-f8de-4b9e-9ed0-b5fa34c7fad5
