2026-09-02 13:46:58.954 7 INFO neutron.notifiers.nova [-] Nova event matching ['req-a6d700ad-75cc-4676-afe9-ddcab1d9afdb'] response: {'server_uuid': '398ec358-5875-4862-9f54-542238411e4d', 'name': 'network-vif-unplugged', 'status': 'completed', 'tag': '5231b160-1584-4ce9-8fc3-47fe72989816', 'code': 200}
2026-09-02 13:46:58.996 8 INFO neutron_taas.services.taas.taas_plugin [None req-f5cf5d4e-40a7-4961-bddb-7b40eea2fa47 d657ac61243c480a86b7d376c8b78547 f87d62730c2d41758323e4c3082b1900 - - default default] TaaS: Handle Delete Port: bfac6204-479e-4c34-8543-943809b05bb9
2026-09-02 13:46:59.004 8 INFO neutron_taas.services.taas.tap_mirror_plugin [None req-f5cf5d4e-40a7-4961-bddb-7b40eea2fa47 d657ac61243c480a86b7d376c8b78547 f87d62730c2d41758323e4c3082b1900 - - default default] Tap Mirror: Handle Delete Port: bfac6204-479e-4c34-8543-943809b05bb9 [pid: 8|app: 0|req: 802/1467] 10.0.0.214 () {32 vars in 720 bytes} [Wed Sep 2 13:46:58 2026] DELETE /v2.0/ports/bfac6204-479e-4c34-8543-943809b05bb9 => generated 0 bytes in 852 msecs (HTTP/1.1 204) 3 headers in 131 bytes (1 switches on core 0) [pid: 8|app: 0|req: 803/1468] 10.0.0.38 () {34 vars in 989 bytes} [Wed Sep 2 13:46:59 2026] GET /v2.0/ports?device_id=398ec358-5875-4862-9f54-542238411e4d => generated 12 bytes in 41 msecs (HTTP/1.1 200) 4 headers in 156 bytes (1 switches on core 0)
2026-09-02 13:46:59.454 8 INFO neutron.pecan_wsgi.hooks.translation [None req-1dc5bba2-2bd1-48ef-984c-2f8b21b8e2c9 d657ac61243c480a86b7d376c8b78547 f87d62730c2d41758323e4c3082b1900 - - default default] DELETE failed (client error): The resource could not be found. [pid: 8|app: 0|req: 804/1469] 10.0.0.214 () {32 vars in 720 bytes} [Wed Sep 2 13:46:59 2026] DELETE /v2.0/ports/bfac6204-479e-4c34-8543-943809b05bb9 => generated 132 bytes in 24 msecs (HTTP/1.1 404) 4 headers in 164 bytes (1 switches on core 0)
2026-09-02 13:46:59.497 8 INFO neutron.pecan_wsgi.hooks.translation [None req-3d3f0ab4-3195-4764-b288-6d6b42a0bbb5 d657ac61243c480a86b7d376c8b78547 f87d62730c2d41758323e4c3082b1900 - - default default] GET failed (client error): The resource could not be found. [pid: 8|app: 0|req: 805/1470] 10.0.0.214 () {32 vars in 717 bytes} [Wed Sep 2 13:46:59 2026] GET /v2.0/ports/bfac6204-479e-4c34-8543-943809b05bb9 => generated 132 bytes in 31 msecs (HTTP/1.1 404) 4 headers in 164 bytes (1 switches on core 0) [pid: 7|app: 0|req: 666/1471] 10.0.0.214 () {32 vars in 740 bytes} [Wed Sep 2 13:46:58 2026] DELETE /v2.0/security-groups/7d8a458e-a098-46f3-8f6b-4dc43bd564eb => generated 0 bytes in 852 msecs (HTTP/1.1 204) 2 headers in 112 bytes (1 switches on core 0) [pid: 8|app: 0|req: 806/1472] 10.0.0.214 () {32 vars in 724 bytes} [Wed Sep 2 13:46:59 2026] DELETE /v2.0/subnets/92bdbb06-8041-4f15-929d-93a1c293b77c => generated 0 bytes in 293 msecs (HTTP/1.1 204) 3 headers in 131 bytes (1 switches on core 0)
2026-09-02 13:46:59.953 7 INFO neutron_taas.services.taas.taas_plugin [None req-d83299d1-eb00-423e-b14f-1cfcf841348b d657ac61243c480a86b7d376c8b78547 f87d62730c2d41758323e4c3082b1900 - - default default] TaaS: Handle Delete Port: 8189dc3f-c21d-4d0f-8e10-57b769eea212
2026-09-02 13:46:59.956 7 INFO neutron_taas.services.taas.tap_mirror_plugin [None req-d83299d1-eb00-423e-b14f-1cfcf841348b d657ac61243c480a86b7d376c8b78547 f87d62730c2d41758323e4c3082b1900 - - default default] Tap Mirror: Handle Delete Port: 8189dc3f-c21d-4d0f-8e10-57b769eea212
2026-09-02 13:47:00.349 7 INFO neutron.services.segments.plugin [-] Segment c62feb5d-9abf-4433-97c9-f5e8fb26dc14 resource provider aggregate not found
2026-09-02 13:47:00.355 7 INFO neutron.services.segments.plugin [-] Segment c62feb5d-9abf-4433-97c9-f5e8fb26dc14 resource provider aggregate not found
2026-09-02 13:47:00.375 7 INFO neutron.services.segments.plugin [-] Client error retrieving segment c62feb5d-9abf-4433-97c9-f5e8fb26dc14 resource provider; error: Placement Client Error (4xx): {"errors": [{"status": 404, "title": "Not Found", "detail": "The resource could not be found.\n\n No resource provider with uuid c62feb5d-9abf-4433-97c9-f5e8fb26dc14 found for delete ", "request_id": "req-bda4ba4d-a954-4664-bef0-876a8341785a"}]}
2026-09-02 13:47:00.378 7 INFO neutron.services.segments.plugin [-] Client error retrieving segment c62feb5d-9abf-4433-97c9-f5e8fb26dc14 resource provider; error: Placement Client Error (4xx): {"errors": [{"status": 404, "title": "Not Found", "detail": "The resource could not be found.\n\n No resource provider with uuid c62feb5d-9abf-4433-97c9-f5e8fb26dc14 found for delete ", "request_id": "req-e1774309-7040-4ab5-938f-3677cf218531"}]} [pid: 7|app: 0|req: 667/1473] 10.0.0.214 () {32 vars in 726 bytes} [Wed Sep 2 13:46:59 2026] DELETE /v2.0/networks/1619df00-0631-451d-b5e0-87354d7227bb => generated 0 bytes in 650 msecs (HTTP/1.1 204) 3 headers in 131 bytes (1 switches on core 0) [pid: 7|app: 0|req: 668/1474] 10.0.0.38 () {34 vars in 989 bytes} [Wed Sep 2 13:47:00 2026] GET /v2.0/ports?device_id=398ec358-5875-4862-9f54-542238411e4d => generated 12 bytes in 45 msecs (HTTP/1.1 200) 4 headers in 156 bytes (1 switches on core 0)
2026-09-02 13:47:00.623 8 INFO neutron.db.segments_db [None req-ab419935-31b9-4304-95a4-395726cd1b13 d657ac61243c480a86b7d376c8b78547 f87d62730c2d41758323e4c3082b1900 - - default default] Added segment 3c29d480-ea3d-485e-b6bf-838e58dac361 of type geneve for network 472dac56-0230-43cf-8a3c-408764b3f10e
2026-09-02 13:47:00.824 8 INFO neutron.db.ovn_revision_numbers_db [None req-ab419935-31b9-4304-95a4-395726cd1b13 d657ac61243c480a86b7d376c8b78547 f87d62730c2d41758323e4c3082b1900 - - default default] Successfully bumped revision number for resource 472dac56-0230-43cf-8a3c-408764b3f10e (type: networks) to 1
2026-09-02 13:47:01.121 8 WARNING neutron.scheduler.dhcp_agent_scheduler [None req-ab419935-31b9-4304-95a4-395726cd1b13 d657ac61243c480a86b7d376c8b78547 f87d62730c2d41758323e4c3082b1900 - - default default] No more DHCP agents
2026-09-02 13:47:01.123 8 WARNING neutron.api.rpc.agentnotifiers.dhcp_rpc_agent_api [None req-ab419935-31b9-4304-95a4-395726cd1b13 d657ac61243c480a86b7d376c8b78547 f87d62730c2d41758323e4c3082b1900 - - default default] Unable to schedule network 472dac56-0230-43cf-8a3c-408764b3f10e: no agents available; will retry on subsequent port and subnet creation events.
2026-09-02 13:47:01.295 7 INFO neutron.plugins.ml2.drivers.ovn.mech_driver.mech_driver [None req-604dc312-04ed-4d46-83eb-6f4587a37d79 - - - - - -] OVN reports status down for port: 67e88ff8-bf80-43a5-a23c-ec4958b81e4a
2026-09-02 13:47:01.380 8 INFO neutron.db.ovn_revision_numbers_db [None req-ab419935-31b9-4304-95a4-395726cd1b13 d657ac61243c480a86b7d376c8b78547 f87d62730c2d41758323e4c3082b1900 - - default default] Successfully bumped revision number for resource 67e88ff8-bf80-43a5-a23c-ec4958b81e4a (type: ports) to 1 [pid: 8|app: 0|req: 807/1475] 10.0.0.214 () {34 vars in 670 bytes} [Wed Sep 2 13:47:00 2026] POST /v2.0/networks => generated 635 bytes in 957 msecs (HTTP/1.1 201) 4 headers in 162 bytes (1 switches on core 0)
2026-09-02 13:47:01.666 8 WARNING neutron.scheduler.dhcp_agent_scheduler [None req-a6d9f4be-ba8e-4bcc-8372-696f861ea710 d657ac61243c480a86b7d376c8b78547 f87d62730c2d41758323e4c3082b1900 - - default default] No more DHCP agents
2026-09-02 13:47:01.670 8 WARNING neutron.api.rpc.agentnotifiers.dhcp_rpc_agent_api [None req-a6d9f4be-ba8e-4bcc-8372-696f861ea710 d657ac61243c480a86b7d376c8b78547 f87d62730c2d41758323e4c3082b1900 - - default default] Unable to schedule network 472dac56-0230-43cf-8a3c-408764b3f10e: no agents available; will retry on subsequent port and subnet creation events.
2026-09-02 13:47:01.748 8 INFO neutron.db.ovn_revision_numbers_db [None req-a6d9f4be-ba8e-4bcc-8372-696f861ea710 d657ac61243c480a86b7d376c8b78547 f87d62730c2d41758323e4c3082b1900 - - default default] Successfully bumped revision number for resource 46325e1b-9be1-4ce0-a73e-3286e7ee86e7 (type: subnets) to 0 [pid: 8|app: 0|req: 808/1476] 10.0.0.214 () {34 vars in 669 bytes} [Wed Sep 2 13:47:01 2026] POST /v2.0/subnets => generated 646 bytes in 337 msecs (HTTP/1.1 201) 4 headers in 162 bytes (1 switches on core 0) [pid: 8|app: 0|req: 809/1477] 10.0.0.38 () {34 vars in 989 bytes} [Wed Sep 2 13:47:01 2026] GET /v2.0/ports?device_id=398ec358-5875-4862-9f54-542238411e4d => generated 12 bytes in 26 msecs (HTTP/1.1 200) 4 headers in 156 bytes (1 switches on core 0)
2026-09-02 13:47:01.906 7 INFO neutron.db.ovn_revision_numbers_db [None req-0f635075-8f4d-4081-852c-be348bb76b77 d28875ced2b94c49a65a6813cfe8a64d 11b600760c354f8bbd229feb9bb2a8fc - - default default] Successfully bumped revision number for resource ab561904-377e-4eb7-a3ee-5af20f30ca4f (type: security_groups) to 1
2026-09-02 13:47:01.921 7 INFO neutron.db.ovn_revision_numbers_db [None req-0f635075-8f4d-4081-852c-be348bb76b77 d28875ced2b94c49a65a6813cfe8a64d 11b600760c354f8bbd229feb9bb2a8fc - - default default] Successfully bumped revision number for resource 9bac8ea1-bb25-40e3-840a-d5416aa78622 (type: security_group_rules) to 0
2026-09-02 13:47:01.937 7 INFO neutron.db.ovn_revision_numbers_db [None req-0f635075-8f4d-4081-852c-be348bb76b77 d28875ced2b94c49a65a6813cfe8a64d 11b600760c354f8bbd229feb9bb2a8fc - - default default] Successfully bumped revision number for resource a114bd6b-e649-47ca-9595-9246fc107494 (type: security_group_rules) to 0
2026-09-02 13:47:01.953 7 INFO neutron.db.ovn_revision_numbers_db [None req-0f635075-8f4d-4081-852c-be348bb76b77 d28875ced2b94c49a65a6813cfe8a64d 11b600760c354f8bbd229feb9bb2a8fc - - default default] Successfully bumped revision number for resource c28d3842-d1f0-428c-a750-314a54cca638 (type: security_group_rules) to 0
2026-09-02 13:47:01.971 7 INFO neutron.db.ovn_revision_numbers_db [None req-0f635075-8f4d-4081-852c-be348bb76b77 d28875ced2b94c49a65a6813cfe8a64d 11b600760c354f8bbd229feb9bb2a8fc - - default default] Successfully bumped revision number for resource d765ec99-b5a0-433f-ba65-940d11d30345 (type: security_group_rules) to 0 [pid: 7|app: 0|req: 669/1478] 10.0.0.214 () {32 vars in 774 bytes} [Wed Sep 2 13:47:01 2026] GET /v2.0/security-groups?tenant_id=09e1668ddeb64428b8cb6d0c928d7674&name=default => generated 2925 bytes in 616 msecs (HTTP/1.1 200) 4 headers in 158 bytes (1 switches on core 0)
2026-09-02 13:47:02.288 8 WARNING neutron.scheduler.dhcp_agent_scheduler [None req-3dcacf20-0696-43cd-8834-1a2612e1f157 d657ac61243c480a86b7d376c8b78547 f87d62730c2d41758323e4c3082b1900 - - default default] No more DHCP agents
2026-09-02 13:47:02.291 8 WARNING neutron.api.rpc.agentnotifiers.dhcp_rpc_agent_api [None req-3dcacf20-0696-43cd-8834-1a2612e1f157 d657ac61243c480a86b7d376c8b78547 f87d62730c2d41758323e4c3082b1900 - - default default] Unable to schedule network 472dac56-0230-43cf-8a3c-408764b3f10e: no agents available; will retry on subsequent port and subnet creation events.
2026-09-02 13:47:02.417 7 INFO neutron.plugins.ml2.drivers.ovn.mech_driver.mech_driver [None req-604dc312-04ed-4d46-83eb-6f4587a37d79 - - - - - -] OVN reports status down for port: 076aa6bf-c378-4c47-8d49-f675039cfbde
2026-09-02 13:47:02.467 8 INFO neutron.db.ovn_revision_numbers_db [None req-3dcacf20-0696-43cd-8834-1a2612e1f157 d657ac61243c480a86b7d376c8b78547 f87d62730c2d41758323e4c3082b1900 - - default default] Successfully bumped revision number for resource 076aa6bf-c378-4c47-8d49-f675039cfbde (type: ports) to 1 [pid: 8|app: 0|req: 810/1479] 10.0.0.214 () {34 vars in 665 bytes} [Wed Sep 2 13:47:01 2026] POST /v2.0/ports => generated 928 bytes in 714 msecs (HTTP/1.1 201) 4 headers in 162 bytes (1 switches on core 0) [pid: 7|app: 0|req: 670/1480] 10.0.0.214 () {32 vars in 740 bytes} [Wed Sep 2 13:47:02 2026] DELETE /v2.0/security-groups/ab561904-377e-4eb7-a3ee-5af20f30ca4f => generated 0 bytes in 548 msecs (HTTP/1.1 204) 2 headers in 112 bytes (1 switches on core 0)
2026-09-02 13:47:02.762 7 INFO neutron_taas.services.taas.taas_plugin [None req-2c611d56-1186-42c3-b135-e95a47dbf801 d657ac61243c480a86b7d376c8b78547 f87d62730c2d41758323e4c3082b1900 - - default default] TaaS: Handle Delete Port: 076aa6bf-c378-4c47-8d49-f675039cfbde
2026-09-02 13:47:02.771 7 INFO neutron_taas.services.taas.tap_mirror_plugin [None req-2c611d56-1186-42c3-b135-e95a47dbf801 d657ac61243c480a86b7d376c8b78547 f87d62730c2d41758323e4c3082b1900 - - default default] Tap Mirror: Handle Delete Port: 076aa6bf-c378-4c47-8d49-f675039cfbde
2026-09-02 13:47:02.875 8 INFO neutron.db.ovn_revision_numbers_db [None req-1a311cc6-d443-4147-8b74-243b2b9d1d0c 116c03c8c50f4fb594f6c80f1398e5bb ef32a49b494e48079118becc6f2da3af - - default default] Successfully bumped revision number for resource c1edbc7a-7fb6-419f-a60e-e5e9bf78c18f (type: security_groups) to 1
2026-09-02 13:47:02.895 8 INFO neutron.db.ovn_revision_numbers_db [None req-1a311cc6-d443-4147-8b74-243b2b9d1d0c 116c03c8c50f4fb594f6c80f1398e5bb ef32a49b494e48079118becc6f2da3af - - default default] Successfully bumped revision number for resource 54d33e03-4f7d-4abb-89dc-90ba2539c558 (type: security_group_rules) to 0
2026-09-02 13:47:02.915 8 INFO neutron.db.ovn_revision_numbers_db [None req-1a311cc6-d443-4147-8b74-243b2b9d1d0c 116c03c8c50f4fb594f6c80f1398e5bb ef32a49b494e48079118becc6f2da3af - - default default] Successfully bumped revision number for resource 731610ed-a5a5-40d6-9e38-70687d714730 (type: security_group_rules) to 0
2026-09-02 13:47:02.932 8 INFO neutron.db.ovn_revision_numbers_db [None req-1a311cc6-d443-4147-8b74-243b2b9d1d0c 116c03c8c50f4fb594f6c80f1398e5bb ef32a49b494e48079118becc6f2da3af - - default default] Successfully bumped revision number for resource 9d15ab2f-87aa-4eae-9a20-a6f626ac759d (type: security_group_rules) to 0
2026-09-02 13:47:02.949 8 INFO neutron.db.ovn_revision_numbers_db [None req-1a311cc6-d443-4147-8b74-243b2b9d1d0c 116c03c8c50f4fb594f6c80f1398e5bb ef32a49b494e48079118becc6f2da3af - - default default] Successfully bumped revision number for resource f5d8f0d8-a4d3-498c-89a9-ca69cc64ec6f (type: security_group_rules) to 0 [pid: 7|app: 0|req: 671/1481] 10.0.0.214 () {32 vars in 720 bytes} [Wed Sep 2 13:47:02 2026] DELETE /v2.0/ports/076aa6bf-c378-4c47-8d49-f675039cfbde => generated 0 bytes in 454 msecs (HTTP/1.1 204) 3 headers in 131 bytes (1 switches on core 0)
2026-09-02 13:47:03.083 8 INFO neutron.db.segments_db [None req-1a311cc6-d443-4147-8b74-243b2b9d1d0c 116c03c8c50f4fb594f6c80f1398e5bb ef32a49b494e48079118becc6f2da3af - - default default] Added segment a9705514-3d0b-4486-bb97-bbe57506b8f9 of type geneve for network 9b16af16-1a54-4f05-acd5-b24f2cfea281
2026-09-02 13:47:03.362 7 INFO neutron.db.ovn_revision_numbers_db [None req-db9c6f6a-548d-4822-8330-05bd9e870ff3 d28875ced2b94c49a65a6813cfe8a64d 11b600760c354f8bbd229feb9bb2a8fc - - default default] Successfully bumped revision number for resource 790715f2-346a-4055-8ea3-5fdb77d6850c (type: security_groups) to 1
2026-09-02 13:47:03.368 8 INFO neutron.db.ovn_revision_numbers_db [None req-1a311cc6-d443-4147-8b74-243b2b9d1d0c 116c03c8c50f4fb594f6c80f1398e5bb ef32a49b494e48079118becc6f2da3af - - default default] Successfully bumped revision number for resource 9b16af16-1a54-4f05-acd5-b24f2cfea281 (type: networks) to 1
2026-09-02 13:47:03.380 7 INFO neutron.db.ovn_revision_numbers_db [None req-db9c6f6a-548d-4822-8330-05bd9e870ff3 d28875ced2b94c49a65a6813cfe8a64d 11b600760c354f8bbd229feb9bb2a8fc - - default default] Successfully bumped revision number for resource 342ed657-0db3-4308-b652-847fb605a8dc (type: security_group_rules) to 0
2026-09-02 13:47:03.395 7 INFO neutron.db.ovn_revision_numbers_db [None req-db9c6f6a-548d-4822-8330-05bd9e870ff3 d28875ced2b94c49a65a6813cfe8a64d 11b600760c354f8bbd229feb9bb2a8fc - - default default] Successfully bumped revision number for resource 4360896f-92fe-4623-9b84-53c8e2edd111 (type: security_group_rules) to 0
2026-09-02 13:47:03.420 7 INFO neutron.db.ovn_revision_numbers_db [None req-db9c6f6a-548d-4822-8330-05bd9e870ff3 d28875ced2b94c49a65a6813cfe8a64d 11b600760c354f8bbd229feb9bb2a8fc - - default default] Successfully bumped revision number for resource c16b091f-9b47-4c0a-821b-cc639e2202d4 (type: security_group_rules) to 0
2026-09-02 13:47:03.436 7 INFO neutron.db.ovn_revision_numbers_db [None req-db9c6f6a-548d-4822-8330-05bd9e870ff3 d28875ced2b94c49a65a6813cfe8a64d 11b600760c354f8bbd229feb9bb2a8fc - - default default] Successfully bumped revision number for resource db0f95b3-bd7f-4335-abc7-3ac7f19709cd (type: security_group_rules) to 0 [pid: 7|app: 0|req: 672/1482] 10.0.0.214 () {32 vars in 774 bytes} [Wed Sep 2 13:47:03 2026] GET /v2.0/security-groups?tenant_id=9df89a110cd24b0795f96e3ab8c919cf&name=default => generated 2925 bytes in 459 msecs (HTTP/1.1 200) 4 headers in 158 bytes (1 switches on core 0)
2026-09-02 13:47:03.601 8 WARNING neutron.scheduler.dhcp_agent_scheduler [None req-1a311cc6-d443-4147-8b74-243b2b9d1d0c 116c03c8c50f4fb594f6c80f1398e5bb ef32a49b494e48079118becc6f2da3af - - default default] No more DHCP agents
2026-09-02 13:47:03.602 8 WARNING neutron.api.rpc.agentnotifiers.dhcp_rpc_agent_api [None req-1a311cc6-d443-4147-8b74-243b2b9d1d0c 116c03c8c50f4fb594f6c80f1398e5bb ef32a49b494e48079118becc6f2da3af - - default default] Unable to schedule network 9b16af16-1a54-4f05-acd5-b24f2cfea281: no agents available; will retry on subsequent port and subnet creation events.
2026-09-02 13:47:03.715 7 INFO neutron.plugins.ml2.drivers.ovn.mech_driver.mech_driver [None req-604dc312-04ed-4d46-83eb-6f4587a37d79 - - - - - -] OVN reports status down for port: 70cb5b60-149f-4580-a4f7-74509768fc75
2026-09-02 13:47:03.722 8 INFO neutron.db.ovn_revision_numbers_db [None req-1a311cc6-d443-4147-8b74-243b2b9d1d0c 116c03c8c50f4fb594f6c80f1398e5bb ef32a49b494e48079118becc6f2da3af - - default default] Successfully bumped revision number for resource 70cb5b60-149f-4580-a4f7-74509768fc75 (type: ports) to 1 [pid: 8|app: 0|req: 811/1483] 10.0.0.214 () {34 vars in 670 bytes} [Wed Sep 2 13:47:02 2026] POST /v2.0/networks => generated 648 bytes in 1242 msecs (HTTP/1.1 201) 4 headers in 162 bytes (1 switches on core 0)
2026-09-02 13:47:03.770 8 INFO neutron.pecan_wsgi.hooks.translation [None req-32f00e14-5ac8-4e43-98bd-d85deb21783c d657ac61243c480a86b7d376c8b78547 f87d62730c2d41758323e4c3082b1900 - - default default] GET failed (client error): The resource could not be found. [pid: 8|app: 0|req: 812/1484] 10.0.0.214 () {32 vars in 717 bytes} [Wed Sep 2 13:47:03 2026] GET /v2.0/ports/076aa6bf-c378-4c47-8d49-f675039cfbde => generated 132 bytes in 18 msecs (HTTP/1.1 404) 4 headers in 164 bytes (1 switches on core 0)
2026-09-02 13:47:03.898 7 INFO neutron_taas.services.taas.taas_plugin [None req-636b87bd-2eca-46a5-95b0-da96da7d5c2b d28875ced2b94c49a65a6813cfe8a64d 11b600760c354f8bbd229feb9bb2a8fc - - default default] TaaS: Handle Delete Port: 9e21a0ec-16ff-4c72-a05d-45a8a8aa0d6b
2026-09-02 13:47:03.907 7 INFO neutron_taas.services.taas.tap_mirror_plugin [None req-636b87bd-2eca-46a5-95b0-da96da7d5c2b d28875ced2b94c49a65a6813cfe8a64d 11b600760c354f8bbd229feb9bb2a8fc - - default default] Tap Mirror: Handle Delete Port: 9e21a0ec-16ff-4c72-a05d-45a8a8aa0d6b [pid: 8|app: 0|req: 813/1485] 10.0.0.214 () {32 vars in 740 bytes} [Wed Sep 2 13:47:03 2026] DELETE /v2.0/security-groups/790715f2-346a-4055-8ea3-5fdb77d6850c => generated 0 bytes in 473 msecs (HTTP/1.1 204) 2 headers in 112 bytes (1 switches on core 0) [pid: 8|app: 0|req: 814/1486] 10.0.0.214 () {32 vars in 724 bytes} [Wed Sep 2 13:47:04 2026] DELETE /v2.0/subnets/46325e1b-9be1-4ce0-a73e-3286e7ee86e7 => generated 0 bytes in 296 msecs (HTTP/1.1 204) 3 headers in 131 bytes (1 switches on core 0)
2026-09-02 13:47:04.863 8 WARNING neutron.scheduler.dhcp_agent_scheduler [None req-55c15bef-912a-4f5c-a8d3-57006a859927 116c03c8c50f4fb594f6c80f1398e5bb ef32a49b494e48079118becc6f2da3af - - default default] No more DHCP agents
2026-09-02 13:47:04.869 8 WARNING neutron.api.rpc.agentnotifiers.dhcp_rpc_agent_api [None req-55c15bef-912a-4f5c-a8d3-57006a859927 116c03c8c50f4fb594f6c80f1398e5bb ef32a49b494e48079118becc6f2da3af - - default default] Unable to schedule network 9b16af16-1a54-4f05-acd5-b24f2cfea281: no agents available; will retry on subsequent port and subnet creation events.
2026-09-02 13:47:04.934 8 INFO neutron.db.ovn_revision_numbers_db [None req-55c15bef-912a-4f5c-a8d3-57006a859927 116c03c8c50f4fb594f6c80f1398e5bb ef32a49b494e48079118becc6f2da3af - - default default] Successfully bumped revision number for resource 7efcfab5-d59d-432c-86c7-5e3e958a5ca6 (type: subnets) to 0 [pid: 8|app: 0|req: 815/1487] 10.0.0.214 () {34 vars in 669 bytes} [Wed Sep 2 13:47:04 2026] POST /v2.0/subnets => generated 673 bytes in 421 msecs (HTTP/1.1 201) 4 headers in 162 bytes (1 switches on core 0) [pid: 7|app: 0|req: 673/1488] 10.0.0.214 () {34 vars in 789 bytes} [Wed Sep 2 13:47:03 2026] PUT /v2.0/routers/f36ebf18-e037-4500-a309-9e363386b7fc/remove_router_interface => generated 309 bytes in 1670 msecs (HTTP/1.1 200) 4 headers in 157 bytes (1 switches on core 0) /var/lib/openstack/lib/python3.12/site-packages/pycadf/identifier.py:70: UserWarning: Invalid uuid: neutron. To ensure interoperability, identifiers should be a valid uuid. warnings.warn(('Invalid uuid: %s. To ensure interoperability, '
2026-09-02 13:47:05.219 8 INFO neutron_taas.services.taas.taas_plugin [None req-78a6dcc2-269b-47d3-86a5-5717209de2ab d657ac61243c480a86b7d376c8b78547 f87d62730c2d41758323e4c3082b1900 - - default default] TaaS: Handle Delete Port: 67e88ff8-bf80-43a5-a23c-ec4958b81e4a
2026-09-02 13:47:05.227 8 INFO neutron_taas.services.taas.tap_mirror_plugin [None req-78a6dcc2-269b-47d3-86a5-5717209de2ab d657ac61243c480a86b7d376c8b78547 f87d62730c2d41758323e4c3082b1900 - - default default] Tap Mirror: Handle Delete Port: 67e88ff8-bf80-43a5-a23c-ec4958b81e4a
2026-09-02 13:47:05.369 7 INFO neutron.db.segments_db [None req-1b1b85b7-e28b-486f-9f2a-f7ca601cc878 116c03c8c50f4fb594f6c80f1398e5bb ef32a49b494e48079118becc6f2da3af - - default default] Added segment 149b1f51-f170-4912-96ca-e20180df780a of type geneve for network 94e7c366-9863-4a46-8a63-d20454bca8a6
2026-09-02 13:47:05.563 8 INFO neutron.services.segments.plugin [-] Segment 3c29d480-ea3d-485e-b6bf-838e58dac361 resource provider aggregate not found
2026-09-02 13:47:05.585 8 INFO neutron.services.segments.plugin [-] Segment 3c29d480-ea3d-485e-b6bf-838e58dac361 resource provider aggregate not found
2026-09-02 13:47:05.590 8 INFO neutron.services.segments.plugin [-] Client error retrieving segment 3c29d480-ea3d-485e-b6bf-838e58dac361 resource provider; error: Placement Client Error (4xx): {"errors": [{"status": 404, "title": "Not Found", "detail": "The resource could not be found.\n\n No resource provider with uuid 3c29d480-ea3d-485e-b6bf-838e58dac361 found for delete ", "request_id": "req-dcf200e0-c179-48e3-970a-c1efa38ea5d4"}]}
2026-09-02 13:47:05.599 7 INFO neutron.db.ovn_revision_numbers_db [None req-1b1b85b7-e28b-486f-9f2a-f7ca601cc878 116c03c8c50f4fb594f6c80f1398e5bb ef32a49b494e48079118becc6f2da3af - - default default] Successfully bumped revision number for resource 94e7c366-9863-4a46-8a63-d20454bca8a6 (type: networks) to 1
2026-09-02 13:47:05.613 8 INFO neutron.services.segments.plugin [-] Client error retrieving segment 3c29d480-ea3d-485e-b6bf-838e58dac361 resource provider; error: Placement Client Error (4xx): {"errors": [{"status": 404, "title": "Not Found", "detail": "The resource could not be found.\n\n No resource provider with uuid 3c29d480-ea3d-485e-b6bf-838e58dac361 found for delete ", "request_id": "req-74450fc9-1817-4253-9037-a015a027126c"}]} [pid: 8|app: 0|req: 816/1489] 10.0.0.214 () {32 vars in 726 bytes} [Wed Sep 2 13:47:04 2026] DELETE /v2.0/networks/472dac56-0230-43cf-8a3c-408764b3f10e => generated 0 bytes in 741 msecs (HTTP/1.1 204) 3 headers in 131 bytes (1 switches on core 0)
2026-09-02 13:47:05.883 7 WARNING neutron.scheduler.dhcp_agent_scheduler [None req-1b1b85b7-e28b-486f-9f2a-f7ca601cc878 116c03c8c50f4fb594f6c80f1398e5bb ef32a49b494e48079118becc6f2da3af - - default default] No more DHCP agents
2026-09-02 13:47:05.890 7 WARNING neutron.api.rpc.agentnotifiers.dhcp_rpc_agent_api [None req-1b1b85b7-e28b-486f-9f2a-f7ca601cc878 116c03c8c50f4fb594f6c80f1398e5bb ef32a49b494e48079118becc6f2da3af - - default default] Unable to schedule network 94e7c366-9863-4a46-8a63-d20454bca8a6: no agents available; will retry on subsequent port and subnet creation events.
2026-09-02 13:47:06.042 7 INFO neutron.plugins.ml2.drivers.ovn.mech_driver.mech_driver [None req-604dc312-04ed-4d46-83eb-6f4587a37d79 - - - - - -] OVN reports status down for port: fb1d0c4d-0340-4ca3-ba2c-dd04e18a0506
2026-09-02 13:47:06.188 7 INFO neutron.db.ovn_revision_numbers_db [None req-1b1b85b7-e28b-486f-9f2a-f7ca601cc878 116c03c8c50f4fb594f6c80f1398e5bb ef32a49b494e48079118becc6f2da3af - - default default] Successfully bumped revision number for resource fb1d0c4d-0340-4ca3-ba2c-dd04e18a0506 (type: ports) to 1 [pid: 7|app: 0|req: 674/1490] 10.0.0.214 () {34 vars in 670 bytes} [Wed Sep 2 13:47:05 2026] POST /v2.0/networks => generated 648 bytes in 1097 msecs (HTTP/1.1 201) 4 headers in 162 bytes (1 switches on core 0)
2026-09-02 13:47:06.451 8 INFO neutron_taas.services.taas.taas_plugin [None req-9d31de6f-252b-4300-a625-47757e8edfc5 d28875ced2b94c49a65a6813cfe8a64d 11b600760c354f8bbd229feb9bb2a8fc - - default default] TaaS: Handle Delete Port: 1054f71c-8b00-430b-964f-e4e47587ba79
2026-09-02 13:47:06.457 8 INFO neutron_taas.services.taas.tap_mirror_plugin [None req-9d31de6f-252b-4300-a625-47757e8edfc5 d28875ced2b94c49a65a6813cfe8a64d 11b600760c354f8bbd229feb9bb2a8fc - - default default] Tap Mirror: Handle Delete Port: 1054f71c-8b00-430b-964f-e4e47587ba79
2026-09-02 13:47:06.599 7 WARNING neutron.scheduler.dhcp_agent_scheduler [None req-e7f8952f-f24a-4121-9b2f-5376872196a5 d657ac61243c480a86b7d376c8b78547 f87d62730c2d41758323e4c3082b1900 - - default default] No more DHCP agents
2026-09-02 13:47:06.603 7 WARNING neutron.api.rpc.agentnotifiers.dhcp_rpc_agent_api [None req-e7f8952f-f24a-4121-9b2f-5376872196a5 d657ac61243c480a86b7d376c8b78547 f87d62730c2d41758323e4c3082b1900 - - default default] Unable to schedule network a56a8e7f-c286-47b5-a382-8e3ffdb4ad37: no agents available; will retry on subsequent port and subnet creation events.
2026-09-02 13:47:06.718 7 INFO neutron.plugins.ml2.drivers.ovn.mech_driver.mech_driver [None req-604dc312-04ed-4d46-83eb-6f4587a37d79 - - - - - -] OVN reports status down for port: f4e58879-122a-48e4-8b44-ad7bf7724797
2026-09-02 13:47:06.945 7 INFO neutron.db.ovn_revision_numbers_db [None req-e7f8952f-f24a-4121-9b2f-5376872196a5 d657ac61243c480a86b7d376c8b78547 f87d62730c2d41758323e4c3082b1900 - - default default] Successfully bumped revision number for resource f4e58879-122a-48e4-8b44-ad7bf7724797 (type: ports) to 1 [pid: 7|app: 0|req: 675/1491] 10.0.0.214 () {34 vars in 665 bytes} [Wed Sep 2 13:47:06 2026] POST /v2.0/ports => generated 778 bytes in 823 msecs (HTTP/1.1 201) 4 headers in 162 bytes (1 switches on core 0) /var/lib/openstack/lib/python3.12/site-packages/pycadf/identifier.py:70: UserWarning: Invalid uuid: neutron. To ensure interoperability, identifiers should be a valid uuid. warnings.warn(('Invalid uuid: %s. To ensure interoperability, '
2026-09-02 13:47:07.363 7 INFO neutron.db.ovn_revision_numbers_db [None req-84ff4e34-d0cb-44c6-8889-c5a7c32ff859 116c03c8c50f4fb594f6c80f1398e5bb ef32a49b494e48079118becc6f2da3af - - default default] Successfully bumped revision number for resource 94e7c366-9863-4a46-8a63-d20454bca8a6 (type: networks) to 2 [pid: 7|app: 0|req: 676/1492] 10.0.0.214 () {34 vars in 743 bytes} [Wed Sep 2 13:47:07 2026] PUT /v2.0/networks/94e7c366-9863-4a46-8a63-d20454bca8a6 => generated 598 bytes in 295 msecs (HTTP/1.1 200) 4 headers in 157 bytes (1 switches on core 0)
2026-09-02 13:47:07.665 7 INFO neutron.plugins.ml2.drivers.ovn.mech_driver.mech_driver [None req-604dc312-04ed-4d46-83eb-6f4587a37d79 - - - - - -] OVN reports status down for port: f4e58879-122a-48e4-8b44-ad7bf7724797
2026-09-02 13:47:07.716 7 INFO neutron.db.ovn_revision_numbers_db [None req-908b15f0-a994-45c5-9424-6a2681ea46c0 d657ac61243c480a86b7d376c8b78547 f87d62730c2d41758323e4c3082b1900 - - default default] Successfully bumped revision number for resource f4e58879-122a-48e4-8b44-ad7bf7724797 (type: ports) to 2 [pid: 7|app: 0|req: 677/1493] 10.0.0.214 () {34 vars in 737 bytes} [Wed Sep 2 13:47:07 2026] PUT /v2.0/ports/f4e58879-122a-48e4-8b44-ad7bf7724797 => generated 752 bytes in 388 msecs (HTTP/1.1 200) 4 headers in 157 bytes (1 switches on core 0) /var/lib/openstack/lib/python3.12/site-packages/pycadf/identifier.py:70: UserWarning: Invalid uuid: neutron. To ensure interoperability, identifiers should be a valid uuid. warnings.warn(('Invalid uuid: %s. To ensure interoperability, ' [pid: 8|app: 0|req: 817/1494] 10.0.0.214 () {32 vars in 724 bytes} [Wed Sep 2 13:47:05 2026] DELETE /v2.0/routers/f36ebf18-e037-4500-a309-9e363386b7fc => generated 0 bytes in 2164 msecs (HTTP/1.1 204) 2 headers in 112 bytes (1 switches on core 0)
2026-09-02 13:47:08.067 8 INFO neutron_taas.services.taas.taas_plugin [None req-1669ad98-9de9-4f61-b404-3509d551dd1c d657ac61243c480a86b7d376c8b78547 f87d62730c2d41758323e4c3082b1900 - - default default] TaaS: Handle Delete Port: f4e58879-122a-48e4-8b44-ad7bf7724797
2026-09-02 13:47:08.069 8 INFO neutron_taas.services.taas.tap_mirror_plugin [None req-1669ad98-9de9-4f61-b404-3509d551dd1c d657ac61243c480a86b7d376c8b78547 f87d62730c2d41758323e4c3082b1900 - - default default] Tap Mirror: Handle Delete Port: f4e58879-122a-48e4-8b44-ad7bf7724797
2026-09-02 13:47:08.178 7 WARNING neutron.scheduler.dhcp_agent_scheduler [None req-f647b6b4-1c25-45b0-a921-dce4d9f7a829 116c03c8c50f4fb594f6c80f1398e5bb ef32a49b494e48079118becc6f2da3af - - default default] No more DHCP agents
2026-09-02 13:47:08.180 7 WARNING neutron.api.rpc.agentnotifiers.dhcp_rpc_agent_api [None req-f647b6b4-1c25-45b0-a921-dce4d9f7a829 116c03c8c50f4fb594f6c80f1398e5bb ef32a49b494e48079118becc6f2da3af - - default default] Unable to schedule network 94e7c366-9863-4a46-8a63-d20454bca8a6: no agents available; will retry on subsequent port and subnet creation events.
2026-09-02 13:47:08.312 7 INFO neutron.db.ovn_revision_numbers_db [None req-f647b6b4-1c25-45b0-a921-dce4d9f7a829 116c03c8c50f4fb594f6c80f1398e5bb ef32a49b494e48079118becc6f2da3af - - default default] Successfully bumped revision number for resource c77f6ee6-40b8-4a8e-9b46-cab25e7885c4 (type: subnets) to 0 [pid: 7|app: 0|req: 678/1495] 10.0.0.214 () {34 vars in 669 bytes} [Wed Sep 2 13:47:07 2026] POST /v2.0/subnets => generated 646 bytes in 598 msecs (HTTP/1.1 201) 4 headers in 162 bytes (1 switches on core 0) [pid: 8|app: 0|req: 818/1496] 10.0.0.214 () {32 vars in 720 bytes} [Wed Sep 2 13:47:07 2026] DELETE /v2.0/ports/f4e58879-122a-48e4-8b44-ad7bf7724797 => generated 0 bytes in 486 msecs (HTTP/1.1 204) 3 headers in 131 bytes (1 switches on core 0) [pid: 7|app: 0|req: 679/1497] 10.0.0.214 () {32 vars in 724 bytes} [Wed Sep 2 13:47:08 2026] DELETE /v2.0/subnets/decae573-544c-444b-8bd6-8862dbeab753 => generated 0 bytes in 264 msecs (HTTP/1.1 204) 3 headers in 131 bytes (1 switches on core 0) [pid: 7|app: 0|req: 680/1498] 10.0.0.214 () {32 vars in 643 bytes} [Wed Sep 2 13:47:08 2026] GET /v2.0/ports => generated 1538 bytes in 37 msecs (HTTP/1.1 200) 4 headers in 158 bytes (1 switches on core 0)
2026-09-02 13:47:08.858 7 INFO neutron_taas.services.taas.taas_plugin [None req-4cbf1766-9de3-44f2-8d62-192473b37668 d28875ced2b94c49a65a6813cfe8a64d 11b600760c354f8bbd229feb9bb2a8fc - - default default] TaaS: Handle Delete Port: ebf301f3-6347-4652-8387-2b3fefccc875
2026-09-02 13:47:08.867 7 INFO neutron_taas.services.taas.tap_mirror_plugin [None req-4cbf1766-9de3-44f2-8d62-192473b37668 d28875ced2b94c49a65a6813cfe8a64d 11b600760c354f8bbd229feb9bb2a8fc - - default default] Tap Mirror: Handle Delete Port: ebf301f3-6347-4652-8387-2b3fefccc875
2026-09-02 13:47:09.147 7 INFO neutron.services.segments.plugin [-] Segment 04f93041-2c96-4966-a4ad-91666813f1dd resource provider aggregate not found
2026-09-02 13:47:09.159 7 INFO neutron.services.segments.plugin [-] Segment 04f93041-2c96-4966-a4ad-91666813f1dd resource provider aggregate not found
2026-09-02 13:47:09.174 7 INFO neutron.services.segments.plugin [-] Client error retrieving segment 04f93041-2c96-4966-a4ad-91666813f1dd resource provider; error: Placement Client Error (4xx): {"errors": [{"status": 404, "title": "Not Found", "detail": "The resource could not be found.\n\n No resource provider with uuid 04f93041-2c96-4966-a4ad-91666813f1dd found for delete ", "request_id": "req-86ab3943-69fb-4853-9421-1367ee3dfe56"}]}
2026-09-02 13:47:09.189 7 INFO neutron.services.segments.plugin [-] Client error retrieving segment 04f93041-2c96-4966-a4ad-91666813f1dd resource provider; error: Placement Client Error (4xx): {"errors": [{"status": 404, "title": "Not Found", "detail": "The resource could not be found.\n\n No resource provider with uuid 04f93041-2c96-4966-a4ad-91666813f1dd found for delete ", "request_id": "req-4c717721-37c5-4df6-9222-a874d842329c"}]} [pid: 7|app: 0|req: 681/1499] 10.0.0.214 () {32 vars in 726 bytes} [Wed Sep 2 13:47:08 2026] DELETE /v2.0/networks/07a1e538-e2d8-4ca6-be54-a2e2a969d71d => generated 0 bytes in 589 msecs (HTTP/1.1 204) 3 headers in 131 bytes (1 switches on core 0)
2026-09-02 13:47:09.303 7 INFO neutron.pecan_wsgi.hooks.translation [None req-28d58b95-4452-40be-b3b9-1a488480b7dd d657ac61243c480a86b7d376c8b78547 f87d62730c2d41758323e4c3082b1900 - - default default] GET failed (client error): The resource could not be found. [pid: 7|app: 0|req: 682/1500] 10.0.0.214 () {32 vars in 717 bytes} [Wed Sep 2 13:47:09 2026] GET /v2.0/ports/f4e58879-122a-48e4-8b44-ad7bf7724797 => generated 132 bytes in 60 msecs (HTTP/1.1 404) 4 headers in 164 bytes (1 switches on core 0)
2026-09-02 13:47:09.340 8 INFO neutron.db.ovn_revision_numbers_db [None req-27fcc670-b004-40f3-8fa4-078698972e52 - - - - - -] Successfully bumped revision number for resource fb1d0c4d-0340-4ca3-ba2c-dd04e18a0506 (type: ports) to 2
2026-09-02 13:47:09.411 8 INFO neutron.db.ovn_revision_numbers_db [None req-27fcc670-b004-40f3-8fa4-078698972e52 - - - - - -] Successfully bumped revision number for resource c77f6ee6-40b8-4a8e-9b46-cab25e7885c4 (type: subnets) to 1 [pid: 8|app: 0|req: 819/1501] 10.0.0.214 () {34 vars in 741 bytes} [Wed Sep 2 13:47:08 2026] PUT /v2.0/subnets/c77f6ee6-40b8-4a8e-9b46-cab25e7885c4 => generated 656 bytes in 1054 msecs (HTTP/1.1 200) 4 headers in 157 bytes (1 switches on core 0) [pid: 8|app: 0|req: 820/1502] 10.0.0.214 () {32 vars in 643 bytes} [Wed Sep 2 13:47:09 2026] GET /v2.0/ports => generated 1538 bytes in 82 msecs (HTTP/1.1 200) 4 headers in 158 bytes (1 switches on core 0)
2026-09-02 13:47:09.713 8 INFO neutron_taas.services.taas.taas_plugin [None req-e2fcc894-9dff-4986-9e3a-1355e6f7d9fc 116c03c8c50f4fb594f6c80f1398e5bb ef32a49b494e48079118becc6f2da3af - - default default] TaaS: Handle Delete Port: fb1d0c4d-0340-4ca3-ba2c-dd04e18a0506
2026-09-02 13:47:09.718 8 INFO neutron_taas.services.taas.tap_mirror_plugin [None req-e2fcc894-9dff-4986-9e3a-1355e6f7d9fc 116c03c8c50f4fb594f6c80f1398e5bb ef32a49b494e48079118becc6f2da3af - - default default] Tap Mirror: Handle Delete Port: fb1d0c4d-0340-4ca3-ba2c-dd04e18a0506
2026-09-02 13:47:09.967 7 INFO neutron.db.ovn_revision_numbers_db [None req-8c28b67c-f17d-413f-a395-193a22013bdd d28875ced2b94c49a65a6813cfe8a64d 11b600760c354f8bbd229feb9bb2a8fc - - default default] Successfully bumped revision number for resource f53eb82b-df0a-4707-ab32-c914a7d2a7ff (type: security_groups) to 1
2026-09-02 13:47:09.995 7 INFO neutron.db.ovn_revision_numbers_db [None req-8c28b67c-f17d-413f-a395-193a22013bdd d28875ced2b94c49a65a6813cfe8a64d 11b600760c354f8bbd229feb9bb2a8fc - - default default] Successfully bumped revision number for resource 57a2e47e-cd73-4b07-8eca-dbf86bb4f503 (type: security_group_rules) to 0
2026-09-02 13:47:10.016 7 INFO neutron.db.ovn_revision_numbers_db [None req-8c28b67c-f17d-413f-a395-193a22013bdd d28875ced2b94c49a65a6813cfe8a64d 11b600760c354f8bbd229feb9bb2a8fc - - default default] Successfully bumped revision number for resource 8a3263cc-c620-4ae9-9484-f70420aa9a28 (type: security_group_rules) to 0
2026-09-02 13:47:10.028 7 INFO neutron.db.ovn_revision_numbers_db [None req-8c28b67c-f17d-413f-a395-193a22013bdd d28875ced2b94c49a65a6813cfe8a64d 11b600760c354f8bbd229feb9bb2a8fc - - default default] Successfully bumped revision number for resource a3c45edd-add3-4c43-9436-5ec6c3d1bf5b (type: security_group_rules) to 0
2026-09-02 13:47:10.048 7 INFO neutron.db.ovn_revision_numbers_db [None req-8c28b67c-f17d-413f-a395-193a22013bdd d28875ced2b94c49a65a6813cfe8a64d 11b600760c354f8bbd229feb9bb2a8fc - - default default] Successfully bumped revision number for resource f165f20e-2428-4859-9900-c4a890d3135d (type: security_group_rules) to 0 [pid: 7|app: 0|req: 683/1503] 10.0.0.214 () {32 vars in 774 bytes} [Wed Sep 2 13:47:09 2026] GET /v2.0/security-groups?tenant_id=441590af390040d1837e8e13cf26a4d1&name=default => generated 2925 bytes in 786 msecs (HTTP/1.1 200) 4 headers in 158 bytes (1 switches on core 0) [pid: 7|app: 0|req: 684/1504] 10.0.0.214 () {32 vars in 774 bytes} [Wed Sep 2 13:47:10 2026] GET /v2.0/security-groups?tenant_id=b10b7bbeb5d045dba03968cf4e1830dc&name=default => generated 2925 bytes in 42 msecs (HTTP/1.1 200) 4 headers in 158 bytes (1 switches on core 0) [pid: 7|app: 0|req: 685/1505] 10.0.0.214 () {32 vars in 717 bytes} [Wed Sep 2 13:47:10 2026] GET /v2.0/ports/81bc3425-3192-4d04-be48-1b704c65a5b5 => generated 779 bytes in 42 msecs (HTTP/1.1 200) 4 headers in 157 bytes (1 switches on core 0)
2026-09-02 13:47:10.195 8 INFO neutron.services.segments.plugin [-] Segment 149b1f51-f170-4912-96ca-e20180df780a resource provider aggregate not found
2026-09-02 13:47:10.206 8 INFO neutron.services.segments.plugin [-] Segment 149b1f51-f170-4912-96ca-e20180df780a resource provider aggregate not found
2026-09-02 13:47:10.237 8 INFO neutron.services.segments.plugin [-] Client error retrieving segment 149b1f51-f170-4912-96ca-e20180df780a resource provider; error: Placement Client Error (4xx): {"errors": [{"status": 404, "title": "Not Found", "detail": "The resource could not be found.\n\n No resource provider with uuid 149b1f51-f170-4912-96ca-e20180df780a found for delete ", "request_id": "req-9289782e-b29e-4eae-a365-b1807abe4373"}]}
2026-09-02 13:47:10.239 8 INFO neutron.services.segments.plugin [-] Client error retrieving segment 149b1f51-f170-4912-96ca-e20180df780a resource provider; error: Placement Client Error (4xx): {"errors": [{"status": 404, "title": "Not Found", "detail": "The resource could not be found.\n\n No resource provider with uuid 149b1f51-f170-4912-96ca-e20180df780a found for delete ", "request_id": "req-6d593dc5-7b61-4e75-988d-c67ad0f90948"}]} [pid: 8|app: 0|req: 821/1506] 10.0.0.214 () {32 vars in 726 bytes} [Wed Sep 2 13:47:09 2026] DELETE /v2.0/networks/94e7c366-9863-4a46-8a63-d20454bca8a6 => generated 0 bytes in 790 msecs (HTTP/1.1 204) 3 headers in 131 bytes (1 switches on core 0) [pid: 7|app: 0|req: 686/1507] 10.0.0.214 () {32 vars in 740 bytes} [Wed Sep 2 13:47:10 2026] DELETE /v2.0/security-groups/f53eb82b-df0a-4707-ab32-c914a7d2a7ff => generated 0 bytes in 395 msecs (HTTP/1.1 204) 2 headers in 112 bytes (1 switches on core 0)
2026-09-02 13:47:10.592 7 INFO neutron.pecan_wsgi.hooks.translation [None req-bb6ee097-7fdf-47f5-b361-e3f028498664 d657ac61243c480a86b7d376c8b78547 f87d62730c2d41758323e4c3082b1900 - - default default] DELETE failed (client error): The resource could not be found. [pid: 7|app: 0|req: 687/1508] 10.0.0.214 () {32 vars in 720 bytes} [Wed Sep 2 13:47:10 2026] DELETE /v2.0/ports/076aa6bf-c378-4c47-8d49-f675039cfbde => generated 132 bytes in 19 msecs (HTTP/1.1 404) 4 headers in 164 bytes (1 switches on core 0)
2026-09-02 13:47:10.608 7 INFO neutron.pecan_wsgi.hooks.translation [None req-9e22c26d-1eac-4cbe-8ca0-71c1e45d1053 116c03c8c50f4fb594f6c80f1398e5bb ef32a49b494e48079118becc6f2da3af - - default default] DELETE failed (client error): The resource could not be found. [pid: 7|app: 0|req: 688/1509] 10.0.0.214 () {32 vars in 726 bytes} [Wed Sep 2 13:47:10 2026] DELETE /v2.0/networks/94e7c366-9863-4a46-8a63-d20454bca8a6 => generated 138 bytes in 15 msecs (HTTP/1.1 404) 4 headers in 164 bytes (1 switches on core 0)
2026-09-02 13:47:10.626 7 INFO neutron.pecan_wsgi.hooks.translation [None req-6f84717f-5d48-4f2e-842b-7e686f61bf33 d657ac61243c480a86b7d376c8b78547 f87d62730c2d41758323e4c3082b1900 - - default default] DELETE failed (client error): The resource could not be found. [pid: 7|app: 0|req: 689/1510] 10.0.0.214 () {32 vars in 724 bytes} [Wed Sep 2 13:47:10 2026] DELETE /v2.0/subnets/46325e1b-9be1-4ce0-a73e-3286e7ee86e7 => generated 136 bytes in 19 msecs (HTTP/1.1 404) 4 headers in 164 bytes (1 switches on core 0) [pid: 8|app: 0|req: 822/1511] 10.0.0.214 () {32 vars in 740 bytes} [Wed Sep 2 13:47:10 2026] DELETE /v2.0/security-groups/1937621d-af04-43a6-894e-a36df3be40bc => generated 0 bytes in 417 msecs (HTTP/1.1 204) 2 headers in 112 bytes (1 switches on core 0)
2026-09-02 13:47:10.724 8 INFO neutron.pecan_wsgi.hooks.translation [None req-580793fa-9bc4-4fbf-8c27-37dbe0dd4477 d657ac61243c480a86b7d376c8b78547 f87d62730c2d41758323e4c3082b1900 - - default default] DELETE failed (client error): The resource could not be found. [pid: 8|app: 0|req: 823/1512] 10.0.0.214 () {32 vars in 724 bytes} [Wed Sep 2 13:47:10 2026] DELETE /v2.0/subnets/92bdbb06-8041-4f15-929d-93a1c293b77c => generated 136 bytes in 21 msecs (HTTP/1.1 404) 4 headers in 164 bytes (1 switches on core 0) [pid: 7|app: 0|req: 690/1513] 10.0.0.214 () {32 vars in 694 bytes} [Wed Sep 2 13:47:10 2026] GET /v2.0/networks?router%3Aexternal=True => generated 651 bytes in 105 msecs (HTTP/1.1 200) 4 headers in 157 bytes (1 switches on core 0) [pid: 7|app: 0|req: 691/1514] 10.0.0.214 () {32 vars in 742 bytes} [Wed Sep 2 13:47:10 2026] GET /v2.0/subnets?network_id=6c519446-ec2c-4de6-bf91-bb1ec1eeafac => generated 649 bytes in 49 msecs (HTTP/1.1 200) 4 headers in 157 bytes (1 switches on core 0) [pid: 7|app: 0|req: 692/1515] 10.0.0.214 () {32 vars in 653 bytes} [Wed Sep 2 13:47:10 2026] GET /v2.0/extensions => generated 20118 bytes in 9 msecs (HTTP/1.1 200) 4 headers in 159 bytes (1 switches on core 0)
2026-09-02 13:47:10.871 8 INFO neutron_taas.services.taas.taas_plugin [None req-e0e046ec-7bce-45bd-b4db-dfbcbb1d2a9e d657ac61243c480a86b7d376c8b78547 f87d62730c2d41758323e4c3082b1900 - - default default] TaaS: Handle Delete Port: 81bc3425-3192-4d04-be48-1b704c65a5b5
2026-09-02 13:47:10.880 8 INFO neutron_taas.services.taas.tap_mirror_plugin [None req-e0e046ec-7bce-45bd-b4db-dfbcbb1d2a9e d657ac61243c480a86b7d376c8b78547 f87d62730c2d41758323e4c3082b1900 - - default default] Tap Mirror: Handle Delete Port: 81bc3425-3192-4d04-be48-1b704c65a5b5 [pid: 7|app: 0|req: 693/1516] 10.0.0.214 () {32 vars in 649 bytes} [Wed Sep 2 13:47:10 2026] GET /v2.0/networks => generated 1313 bytes in 89 msecs (HTTP/1.1 200) 4 headers in 158 bytes (1 switches on core 0) [pid: 7|app: 0|req: 694/1517] 10.0.0.214 () {32 vars in 647 bytes} [Wed Sep 2 13:47:10 2026] GET /v2.0/subnets => generated 1312 bytes in 60 msecs (HTTP/1.1 200) 4 headers in 158 bytes (1 switches on core 0) [pid: 7|app: 0|req: 695/1518] 10.0.0.214 () {32 vars in 723 bytes} [Wed Sep 2 13:47:10 2026] GET /v2.0/networks/9b16af16-1a54-4f05-acd5-b24f2cfea281 => generated 673 bytes in 163 msecs (HTTP/1.1 200) 4 headers in 157 bytes (1 switches on core 0) [pid: 8|app: 0|req: 824/1521] 10.0.0.214 () {32 vars in 720 bytes} [Wed Sep 2 13:47:10 2026] DELETE /v2.0/ports/81bc3425-3192-4d04-be48-1b704c65a5b5 => generated 0 bytes in 437 msecs (HTTP/1.1 204) 3 headers in 131 bytes (1 switches on core 0) [pid: 7|app: 0|req: 698/1522] 10.0.0.214 () {32 vars in 721 bytes} [Wed Sep 2 13:47:11 2026] GET /v2.0/subnets/7efcfab5-d59d-432c-86c7-5e3e958a5ca6 => generated 673 bytes in 54 msecs (HTTP/1.1 200) 4 headers in 157 bytes (1 switches on core 0)
2026-09-02 13:47:11.235 7 INFO neutron.pecan_wsgi.hooks.translation [None req-c78dafa4-c564-45ca-b4de-d92c22754bfd 116c03c8c50f4fb594f6c80f1398e5bb ef32a49b494e48079118becc6f2da3af - - default default] DELETE failed (client error): The resource could not be found. [pid: 7|app: 0|req: 699/1523] 10.0.0.214 () {32 vars in 724 bytes} [Wed Sep 2 13:47:11 2026] DELETE /v2.0/subnets/c77f6ee6-40b8-4a8e-9b46-cab25e7885c4 => generated 136 bytes in 30 msecs (HTTP/1.1 404) 4 headers in 164 bytes (1 switches on core 0)
2026-09-02 13:47:11.259 7 INFO neutron.pecan_wsgi.hooks.translation [None req-3322f10c-1f0d-496c-8d22-e3974fe07126 116c03c8c50f4fb594f6c80f1398e5bb ef32a49b494e48079118becc6f2da3af - - default default] DELETE failed (client error): The resource could not be found. [pid: 7|app: 0|req: 700/1524] 10.0.0.214 () {32 vars in 726 bytes} [Wed Sep 2 13:47:11 2026] DELETE /v2.0/networks/94e7c366-9863-4a46-8a63-d20454bca8a6 => generated 138 bytes in 18 msecs (HTTP/1.1 404) 4 headers in 164 bytes (1 switches on core 0)
2026-09-02 13:47:11.399 8 INFO neutron_taas.services.taas.taas_plugin [None req-3881f505-c1db-4a83-aa56-b3292691076c d657ac61243c480a86b7d376c8b78547 f87d62730c2d41758323e4c3082b1900 - - default default] TaaS: Handle Delete Port: fa0b5cab-0694-4e5c-bb91-072cbb062ae6
2026-09-02 13:47:11.408 8 INFO neutron_taas.services.taas.tap_mirror_plugin [None req-3881f505-c1db-4a83-aa56-b3292691076c d657ac61243c480a86b7d376c8b78547 f87d62730c2d41758323e4c3082b1900 - - default default] Tap Mirror: Handle Delete Port: fa0b5cab-0694-4e5c-bb91-072cbb062ae6 [pid: 7|app: 0|req: 701/1525] 10.0.0.214 () {32 vars in 724 bytes} [Wed Sep 2 13:47:11 2026] DELETE /v2.0/subnets/7efcfab5-d59d-432c-86c7-5e3e958a5ca6 => generated 0 bytes in 293 msecs (HTTP/1.1 204) 3 headers in 131 bytes (1 switches on core 0) [pid: 8|app: 0|req: 825/1526] 10.0.0.214 () {32 vars in 726 bytes} [Wed Sep 2 13:47:11 2026] DELETE /v2.0/networks/a56a8e7f-c286-47b5-a382-8e3ffdb4ad37 => generated 0 bytes in 623 msecs (HTTP/1.1 204) 3 headers in 131 bytes (1 switches on core 0)
2026-09-02 13:47:11.822 7 INFO neutron_taas.services.taas.taas_plugin [None req-460c4269-2f16-4a5e-9a2c-bf3f70e07c6d 116c03c8c50f4fb594f6c80f1398e5bb ef32a49b494e48079118becc6f2da3af - - default default] TaaS: Handle Delete Port: 70cb5b60-149f-4580-a4f7-74509768fc75
2026-09-02 13:47:11.825 7 INFO neutron_taas.services.taas.tap_mirror_plugin [None req-460c4269-2f16-4a5e-9a2c-bf3f70e07c6d 116c03c8c50f4fb594f6c80f1398e5bb ef32a49b494e48079118becc6f2da3af - - default default] Tap Mirror: Handle Delete Port: 70cb5b60-149f-4580-a4f7-74509768fc75
2026-09-02 13:47:12.043 7 INFO neutron.services.segments.plugin [-] Segment a9705514-3d0b-4486-bb97-bbe57506b8f9 resource provider aggregate not found
2026-09-02 13:47:12.050 7 INFO neutron.services.segments.plugin [-] Segment a9705514-3d0b-4486-bb97-bbe57506b8f9 resource provider aggregate not found
2026-09-02 13:47:12.071 7 INFO neutron.services.segments.plugin [-] Client error retrieving segment a9705514-3d0b-4486-bb97-bbe57506b8f9 resource provider; error: Placement Client Error (4xx): {"errors": [{"status": 404, "title": "Not Found", "detail": "The resource could not be found.\n\n No resource provider with uuid a9705514-3d0b-4486-bb97-bbe57506b8f9 found for delete ", "request_id": "req-764d925f-7e12-461c-b056-1c58c87052fe"}]}
2026-09-02 13:47:12.075 7 INFO neutron.services.segments.plugin [-] Client error retrieving segment a9705514-3d0b-4486-bb97-bbe57506b8f9 resource provider; error: Placement Client Error (4xx): {"errors": [{"status": 404, "title": "Not Found", "detail": "The resource could not be found.\n\n No resource provider with uuid a9705514-3d0b-4486-bb97-bbe57506b8f9 found for delete ", "request_id": "req-cd06bff1-03ef-4c9a-a19d-464dc99d0124"}]} [pid: 7|app: 0|req: 702/1527] 10.0.0.214 () {32 vars in 726 bytes} [Wed Sep 2 13:47:11 2026] DELETE /v2.0/networks/9b16af16-1a54-4f05-acd5-b24f2cfea281 => generated 0 bytes in 547 msecs (HTTP/1.1 204) 3 headers in 131 bytes (1 switches on core 0)
2026-09-02 13:47:12.261 8 INFO neutron.services.segments.plugin [-] Segment 82181de4-4bb4-494c-80d2-badc8030a69e resource provider aggregate not found
2026-09-02 13:47:12.265 8 INFO neutron.services.segments.plugin [-] Segment 82181de4-4bb4-494c-80d2-badc8030a69e resource provider aggregate not found
2026-09-02 13:47:12.282 8 INFO neutron.services.segments.plugin [-] Client error retrieving segment 82181de4-4bb4-494c-80d2-badc8030a69e resource provider; error: Placement Client Error (4xx): {"errors": [{"status": 404, "title": "Not Found", "detail": "The resource could not be found.\n\n No resource provider with uuid 82181de4-4bb4-494c-80d2-badc8030a69e found for delete ", "request_id": "req-1ce3c615-dc23-4899-a8bc-dbcad8f63158"}]}
