2026-08-20 07:25:15.820 8 INFO placement.requestlog [req-70dda6e5-c646-4c12-be71-c74fb87feffd req-2c524ac8-d623-4828-bf44-5e7159c180d3 d5f16e8f2b9947439d37c84b03140668 7462493e31484ab3969885a4269f05f0 - - 99cc16ab424048d88be6b28f59181a2b 99cc16ab424048d88be6b28f59181a2b] 199.204.45.162 "GET /resource_providers?in_tree=1ef15443-5381-467b-a3a9-39734a681ffb" status: 200 len: 797 microversion: 1.14 [pid: 8|app: 0|req: 290/577] 199.204.45.162 () {34 vars in 892 bytes} [Thu Aug 20 07:25:15 2026] GET /resource_providers?in_tree=1ef15443-5381-467b-a3a9-39734a681ffb => generated 797 bytes in 25 msecs (HTTP/1.1 200) 6 headers in 225 bytes (1 switches on core 0)
2026-08-20 07:25:15.845 7 INFO placement.requestlog [req-70dda6e5-c646-4c12-be71-c74fb87feffd req-1a06aee3-384b-418a-9c4f-f135b509be3f d5f16e8f2b9947439d37c84b03140668 7462493e31484ab3969885a4269f05f0 - - 99cc16ab424048d88be6b28f59181a2b 99cc16ab424048d88be6b28f59181a2b] 199.204.45.162 "GET /resource_providers/1ef15443-5381-467b-a3a9-39734a681ffb/inventories" status: 200 len: 400 microversion: 1.0 [pid: 7|app: 0|req: 288/578] 199.204.45.162 () {32 vars in 857 bytes} [Thu Aug 20 07:25:15 2026] GET /resource_providers/1ef15443-5381-467b-a3a9-39734a681ffb/inventories => generated 400 bytes in 18 msecs (HTTP/1.1 200) 6 headers in 224 bytes (1 switches on core 0)
2026-08-20 07:25:15.867 8 INFO placement.requestlog [req-70dda6e5-c646-4c12-be71-c74fb87feffd req-b85fd38b-172c-4779-bd17-47eaa33c8b2b d5f16e8f2b9947439d37c84b03140668 7462493e31484ab3969885a4269f05f0 - - 99cc16ab424048d88be6b28f59181a2b 99cc16ab424048d88be6b28f59181a2b] 199.204.45.162 "GET /resource_providers/1ef15443-5381-467b-a3a9-39734a681ffb/aggregates" status: 200 len: 53 microversion: 1.19 [pid: 8|app: 0|req: 291/579] 199.204.45.162 () {34 vars in 899 bytes} [Thu Aug 20 07:25:15 2026] GET /resource_providers/1ef15443-5381-467b-a3a9-39734a681ffb/aggregates => generated 53 bytes in 15 msecs (HTTP/1.1 200) 8 headers in 295 bytes (1 switches on core 0)
2026-08-20 07:25:15.893 7 INFO placement.requestlog [req-70dda6e5-c646-4c12-be71-c74fb87feffd req-53dc8fd2-b972-48f9-917d-2e95cf3b296f d5f16e8f2b9947439d37c84b03140668 7462493e31484ab3969885a4269f05f0 - - 99cc16ab424048d88be6b28f59181a2b 99cc16ab424048d88be6b28f59181a2b] 199.204.45.162 "GET /resource_providers/1ef15443-5381-467b-a3a9-39734a681ffb/traits" status: 200 len: 1977 microversion: 1.6 [pid: 7|app: 0|req: 289/580] 199.204.45.162 () {34 vars in 890 bytes} [Thu Aug 20 07:25:15 2026] GET /resource_providers/1ef15443-5381-467b-a3a9-39734a681ffb/traits => generated 1977 bytes in 18 msecs (HTTP/1.1 200) 6 headers in 225 bytes (1 switches on core 0)
2026-08-20 07:25:15.914 8 INFO placement.requestlog [req-70dda6e5-c646-4c12-be71-c74fb87feffd req-b6fef530-23de-46fe-8532-884e9741fdf6 d5f16e8f2b9947439d37c84b03140668 7462493e31484ab3969885a4269f05f0 - - 99cc16ab424048d88be6b28f59181a2b 99cc16ab424048d88be6b28f59181a2b] 199.204.45.162 "GET /resource_providers/1ef15443-5381-467b-a3a9-39734a681ffb/allocations" status: 200 len: 54 microversion: 1.0 [pid: 8|app: 0|req: 292/581] 199.204.45.162 () {32 vars in 857 bytes} [Thu Aug 20 07:25:15 2026] GET /resource_providers/1ef15443-5381-467b-a3a9-39734a681ffb/allocations => generated 54 bytes in 14 msecs (HTTP/1.1 200) 6 headers in 223 bytes (1 switches on core 0)
2026-08-20 07:25:17.688 7 INFO placement.requestlog [None req-5d77e48a-bdfa-4eb3-9d4c-9a7ec49fac38 - - - - - -] 10.0.0.169 "GET /" status: 200 len: 136 microversion: 1.0
2026-08-20 07:25:17.688 8 INFO placement.requestlog [None req-2f5123f5-2e77-4bdd-b9d9-85f0ee0e2f4a - - - - - -] 10.0.0.169 "GET /" status: 200 len: 136 microversion: 1.0
2026-08-20 07:25:27.689 8 INFO placement.requestlog [None req-11d847eb-b239-4e7b-b589-7f38c82546fd - - - - - -] 10.0.0.169 "GET /" status: 200 len: 136 microversion: 1.0
2026-08-20 07:25:27.689 7 INFO placement.requestlog [None req-e978287b-147e-4259-968c-200b08b7bfc0 - - - - - -] 10.0.0.169 "GET /" status: 200 len: 136 microversion: 1.0
2026-08-20 07:25:37.689 7 INFO placement.requestlog [None req-e7615919-4108-4fe4-a498-8c59dcaa3f74 - - - - - -] 10.0.0.169 "GET /" status: 200 len: 136 microversion: 1.0
2026-08-20 07:25:37.689 8 INFO placement.requestlog [None req-18e0b5c1-d675-48d7-b5e7-053492491994 - - - - - -] 10.0.0.169 "GET /" status: 200 len: 136 microversion: 1.0
2026-08-20 07:25:47.688 7 INFO placement.requestlog [None req-f2b392c7-1be2-42fc-8245-465bee99cc17 - - - - - -] 10.0.0.169 "GET /" status: 200 len: 136 microversion: 1.0
2026-08-20 07:25:47.688 8 INFO placement.requestlog [None req-49aa8877-99a5-47f4-8079-c32302bb5086 - - - - - -] 10.0.0.169 "GET /" status: 200 len: 136 microversion: 1.0
2026-08-20 07:25:57.688 7 INFO placement.requestlog [None req-47ed2967-983a-4661-b7d0-d28d01f8dc3f - - - - - -] 10.0.0.169 "GET /" status: 200 len: 136 microversion: 1.0
2026-08-20 07:25:57.689 8 INFO placement.requestlog [None req-8bccbc24-8224-47c4-b48a-3634fb8d91b3 - - - - - -] 10.0.0.169 "GET /" status: 200 len: 136 microversion: 1.0
2026-08-20 07:26:07.688 8 INFO placement.requestlog [None req-b13cd200-e4a6-49ae-8dd9-794d619db723 - - - - - -] 10.0.0.169 "GET /" status: 200 len: 136 microversion: 1.0
2026-08-20 07:26:07.688 7 INFO placement.requestlog [None req-392fa5e0-d0cd-45e1-8eb6-3fb3315ec08f - - - - - -] 10.0.0.169 "GET /" status: 200 len: 136 microversion: 1.0
2026-08-20 07:26:09.218 8 INFO placement.requestlog [None req-d37fa072-3800-41ef-9e89-df502b150e3e 8feb6ebaf2bf4ccaaec2259f2c85877d 7462493e31484ab3969885a4269f05f0 - - 99cc16ab424048d88be6b28f59181a2b 99cc16ab424048d88be6b28f59181a2b] 10.0.0.245 "GET /resource_providers/ad5b037f-7ceb-4454-9e7a-ee30aea4ef3f/aggregates" status: 404 len: 235 microversion: 1.1 [pid: 8|app: 0|req: 299/594] 10.0.0.245 () {32 vars in 816 bytes} [Thu Aug 20 07:26:09 2026] GET /resource_providers/ad5b037f-7ceb-4454-9e7a-ee30aea4ef3f/aggregates => generated 235 bytes in 133 msecs (HTTP/1.1 404) 5 headers in 202 bytes (1 switches on core 0)
2026-08-20 07:26:09.240 7 INFO placement.requestlog [None req-05a7c3d2-f557-4476-ace8-b9b91919437c 8feb6ebaf2bf4ccaaec2259f2c85877d 7462493e31484ab3969885a4269f05f0 - - 99cc16ab424048d88be6b28f59181a2b 99cc16ab424048d88be6b28f59181a2b] 10.0.0.245 "GET /resource_providers/ad5b037f-7ceb-4454-9e7a-ee30aea4ef3f/aggregates" status: 404 len: 235 microversion: 1.1 [pid: 7|app: 0|req: 296/595] 10.0.0.245 () {32 vars in 816 bytes} [Thu Aug 20 07:26:09 2026] GET /resource_providers/ad5b037f-7ceb-4454-9e7a-ee30aea4ef3f/aggregates => generated 235 bytes in 145 msecs (HTTP/1.1 404) 5 headers in 202 bytes (1 switches on core 0)
2026-08-20 07:26:09.252 8 INFO placement.requestlog [None req-3ea1e27c-c003-4ae2-8722-da219b5b8d14 8feb6ebaf2bf4ccaaec2259f2c85877d 7462493e31484ab3969885a4269f05f0 - - 99cc16ab424048d88be6b28f59181a2b 99cc16ab424048d88be6b28f59181a2b] 10.0.0.245 "DELETE /resource_providers/ad5b037f-7ceb-4454-9e7a-ee30aea4ef3f" status: 404 len: 246 microversion: 1.1 [pid: 8|app: 0|req: 300/596] 10.0.0.245 () {34 vars in 816 bytes} [Thu Aug 20 07:26:09 2026] DELETE /resource_providers/ad5b037f-7ceb-4454-9e7a-ee30aea4ef3f => generated 246 bytes in 26 msecs (HTTP/1.1 404) 6 headers in 231 bytes (1 switches on core 0)
2026-08-20 07:26:09.268 7 INFO placement.requestlog [None req-40e06e69-d0f3-484f-b968-a44ce1adce69 8feb6ebaf2bf4ccaaec2259f2c85877d 7462493e31484ab3969885a4269f05f0 - - 99cc16ab424048d88be6b28f59181a2b 99cc16ab424048d88be6b28f59181a2b] 10.0.0.245 "DELETE /resource_providers/ad5b037f-7ceb-4454-9e7a-ee30aea4ef3f" status: 404 len: 246 microversion: 1.1 [pid: 7|app: 0|req: 297/597] 10.0.0.245 () {34 vars in 816 bytes} [Thu Aug 20 07:26:09 2026] DELETE /resource_providers/ad5b037f-7ceb-4454-9e7a-ee30aea4ef3f => generated 246 bytes in 17 msecs (HTTP/1.1 404) 6 headers in 231 bytes (1 switches on core 0)
2026-08-20 07:26:09.552 7 INFO placement.requestlog [None req-9c4eb2c3-9e88-4610-8613-1de6c51d3022 8feb6ebaf2bf4ccaaec2259f2c85877d 7462493e31484ab3969885a4269f05f0 - - 99cc16ab424048d88be6b28f59181a2b 99cc16ab424048d88be6b28f59181a2b] 10.0.0.245 "GET /resource_providers/68d03234-2712-46de-920c-1afd2b268f6a/aggregates" status: 404 len: 235 microversion: 1.1
2026-08-20 07:26:09.552 8 INFO placement.requestlog [None req-a19cd732-ce27-4a0d-9444-68d9d216ad81 8feb6ebaf2bf4ccaaec2259f2c85877d 7462493e31484ab3969885a4269f05f0 - - 99cc16ab424048d88be6b28f59181a2b 99cc16ab424048d88be6b28f59181a2b] 10.0.0.245 "GET /resource_providers/68d03234-2712-46de-920c-1afd2b268f6a/aggregates" status: 404 len: 235 microversion: 1.1 [pid: 7|app: 0|req: 298/598] 10.0.0.245 () {32 vars in 816 bytes} [Thu Aug 20 07:26:09 2026] GET /resource_providers/68d03234-2712-46de-920c-1afd2b268f6a/aggregates => generated 235 bytes in 51 msecs (HTTP/1.1 404) 5 headers in 202 bytes (1 switches on core 0) [pid: 8|app: 0|req: 301/599] 10.0.0.245 () {32 vars in 816 bytes} [Thu Aug 20 07:26:09 2026] GET /resource_providers/68d03234-2712-46de-920c-1afd2b268f6a/aggregates => generated 235 bytes in 52 msecs (HTTP/1.1 404) 5 headers in 202 bytes (1 switches on core 0)
2026-08-20 07:26:09.576 7 INFO placement.requestlog [None req-7fade2a1-4bf8-42a6-9efa-364b6862c6f3 8feb6ebaf2bf4ccaaec2259f2c85877d 7462493e31484ab3969885a4269f05f0 - - 99cc16ab424048d88be6b28f59181a2b 99cc16ab424048d88be6b28f59181a2b] 10.0.0.245 "DELETE /resource_providers/68d03234-2712-46de-920c-1afd2b268f6a" status: 404 len: 246 microversion: 1.1 [pid: 7|app: 0|req: 299/600] 10.0.0.245 () {34 vars in 816 bytes} [Thu Aug 20 07:26:09 2026] DELETE /resource_providers/68d03234-2712-46de-920c-1afd2b268f6a => generated 246 bytes in 10 msecs (HTTP/1.1 404) 6 headers in 231 bytes (1 switches on core 0)
2026-08-20 07:26:09.578 8 INFO placement.requestlog [None req-87fcff06-2e0a-40bc-abab-ee4bce697f90 8feb6ebaf2bf4ccaaec2259f2c85877d 7462493e31484ab3969885a4269f05f0 - - 99cc16ab424048d88be6b28f59181a2b 99cc16ab424048d88be6b28f59181a2b] 10.0.0.245 "DELETE /resource_providers/68d03234-2712-46de-920c-1afd2b268f6a" status: 404 len: 246 microversion: 1.1 [pid: 8|app: 0|req: 302/601] 10.0.0.245 () {34 vars in 816 bytes} [Thu Aug 20 07:26:09 2026] DELETE /resource_providers/68d03234-2712-46de-920c-1afd2b268f6a => generated 246 bytes in 9 msecs (HTTP/1.1 404) 6 headers in 231 bytes (1 switches on core 0)
2026-08-20 07:26:14.368 8 INFO placement.requestlog [None req-ff34a558-a36d-41b5-96a2-b6135789c8ff 8feb6ebaf2bf4ccaaec2259f2c85877d 7462493e31484ab3969885a4269f05f0 - - 99cc16ab424048d88be6b28f59181a2b 99cc16ab424048d88be6b28f59181a2b] 10.0.0.245 "GET /resource_providers/4c62363a-5dfc-4f7b-8efe-0a9149676ad0/aggregates" status: 404 len: 235 microversion: 1.1 [pid: 8|app: 0|req: 303/602] 10.0.0.245 () {32 vars in 816 bytes} [Thu Aug 20 07:26:14 2026] GET /resource_providers/4c62363a-5dfc-4f7b-8efe-0a9149676ad0/aggregates => generated 235 bytes in 11 msecs (HTTP/1.1 404) 5 headers in 202 bytes (1 switches on core 0)
2026-08-20 07:26:14.369 7 INFO placement.requestlog [None req-d146f0ab-caf3-42c8-b304-fe9547616079 8feb6ebaf2bf4ccaaec2259f2c85877d 7462493e31484ab3969885a4269f05f0 - - 99cc16ab424048d88be6b28f59181a2b 99cc16ab424048d88be6b28f59181a2b] 10.0.0.245 "GET /resource_providers/4c62363a-5dfc-4f7b-8efe-0a9149676ad0/aggregates" status: 404 len: 235 microversion: 1.1 [pid: 7|app: 0|req: 300/603] 10.0.0.245 () {32 vars in 816 bytes} [Thu Aug 20 07:26:14 2026] GET /resource_providers/4c62363a-5dfc-4f7b-8efe-0a9149676ad0/aggregates => generated 235 bytes in 12 msecs (HTTP/1.1 404) 5 headers in 202 bytes (1 switches on core 0)
2026-08-20 07:26:14.390 8 INFO placement.requestlog [None req-c0e940d4-cacd-48f5-92ab-ef058e7c4563 8feb6ebaf2bf4ccaaec2259f2c85877d 7462493e31484ab3969885a4269f05f0 - - 99cc16ab424048d88be6b28f59181a2b 99cc16ab424048d88be6b28f59181a2b] 10.0.0.245 "DELETE /resource_providers/4c62363a-5dfc-4f7b-8efe-0a9149676ad0" status: 404 len: 246 microversion: 1.1
2026-08-20 07:26:14.390 7 INFO placement.requestlog [None req-a28e99d6-00cb-4c41-b48c-9f6761693ea5 8feb6ebaf2bf4ccaaec2259f2c85877d 7462493e31484ab3969885a4269f05f0 - - 99cc16ab424048d88be6b28f59181a2b 99cc16ab424048d88be6b28f59181a2b] 10.0.0.245 "DELETE /resource_providers/4c62363a-5dfc-4f7b-8efe-0a9149676ad0" status: 404 len: 246 microversion: 1.1 [pid: 8|app: 0|req: 304/604] 10.0.0.245 () {34 vars in 816 bytes} [Thu Aug 20 07:26:14 2026] DELETE /resource_providers/4c62363a-5dfc-4f7b-8efe-0a9149676ad0 => generated 246 bytes in 9 msecs (HTTP/1.1 404) 6 headers in 231 bytes (1 switches on core 0) [pid: 7|app: 0|req: 301/605] 10.0.0.245 () {34 vars in 816 bytes} [Thu Aug 20 07:26:14 2026] DELETE /resource_providers/4c62363a-5dfc-4f7b-8efe-0a9149676ad0 => generated 246 bytes in 8 msecs (HTTP/1.1 404) 6 headers in 231 bytes (1 switches on core 0)
2026-08-20 07:26:14.753 7 INFO placement.requestlog [None req-51719bfe-34af-4aae-b3ef-b9df69599eca 8feb6ebaf2bf4ccaaec2259f2c85877d 7462493e31484ab3969885a4269f05f0 - - 99cc16ab424048d88be6b28f59181a2b 99cc16ab424048d88be6b28f59181a2b] 10.0.0.245 "GET /resource_providers/1e650189-1998-4a2e-a6ce-14da62304543/aggregates" status: 404 len: 235 microversion: 1.1 [pid: 7|app: 0|req: 302/606] 10.0.0.245 () {32 vars in 816 bytes} [Thu Aug 20 07:26:14 2026] GET /resource_providers/1e650189-1998-4a2e-a6ce-14da62304543/aggregates => generated 235 bytes in 7 msecs (HTTP/1.1 404) 5 headers in 202 bytes (1 switches on core 0)
2026-08-20 07:26:14.757 8 INFO placement.requestlog [None req-bdfda225-1531-4ed2-b5c4-b7ec98c8c565 8feb6ebaf2bf4ccaaec2259f2c85877d 7462493e31484ab3969885a4269f05f0 - - 99cc16ab424048d88be6b28f59181a2b 99cc16ab424048d88be6b28f59181a2b] 10.0.0.245 "GET /resource_providers/1e650189-1998-4a2e-a6ce-14da62304543/aggregates" status: 404 len: 235 microversion: 1.1 [pid: 8|app: 0|req: 305/607] 10.0.0.245 () {32 vars in 816 bytes} [Thu Aug 20 07:26:14 2026] GET /resource_providers/1e650189-1998-4a2e-a6ce-14da62304543/aggregates => generated 235 bytes in 13 msecs (HTTP/1.1 404) 5 headers in 202 bytes (1 switches on core 0)
2026-08-20 07:26:14.775 7 INFO placement.requestlog [None req-762dc806-3d3d-4d09-9874-a5e072e8a676 8feb6ebaf2bf4ccaaec2259f2c85877d 7462493e31484ab3969885a4269f05f0 - - 99cc16ab424048d88be6b28f59181a2b 99cc16ab424048d88be6b28f59181a2b] 10.0.0.245 "DELETE /resource_providers/1e650189-1998-4a2e-a6ce-14da62304543" status: 404 len: 246 microversion: 1.1 [pid: 7|app: 0|req: 303/608] 10.0.0.245 () {34 vars in 816 bytes} [Thu Aug 20 07:26:14 2026] DELETE /resource_providers/1e650189-1998-4a2e-a6ce-14da62304543 => generated 246 bytes in 8 msecs (HTTP/1.1 404) 6 headers in 231 bytes (1 switches on core 0)
2026-08-20 07:26:14.780 8 INFO placement.requestlog [None req-6782427d-3318-4068-98d2-484d044dafb3 8feb6ebaf2bf4ccaaec2259f2c85877d 7462493e31484ab3969885a4269f05f0 - - 99cc16ab424048d88be6b28f59181a2b 99cc16ab424048d88be6b28f59181a2b] 10.0.0.245 "DELETE /resource_providers/1e650189-1998-4a2e-a6ce-14da62304543" status: 404 len: 246 microversion: 1.1 [pid: 8|app: 0|req: 306/609] 10.0.0.245 () {34 vars in 816 bytes} [Thu Aug 20 07:26:14 2026] DELETE /resource_providers/1e650189-1998-4a2e-a6ce-14da62304543 => generated 246 bytes in 9 msecs (HTTP/1.1 404) 6 headers in 231 bytes (1 switches on core 0)
2026-08-20 07:26:16.027 7 INFO placement.requestlog [req-592b22aa-4e32-4751-b7ff-d3f612e589b0 req-6e5b1b79-75a7-4d1b-bd8f-116733393609 d5f16e8f2b9947439d37c84b03140668 7462493e31484ab3969885a4269f05f0 - - 99cc16ab424048d88be6b28f59181a2b 99cc16ab424048d88be6b28f59181a2b] 199.204.45.162 "GET /resource_providers/1ef15443-5381-467b-a3a9-39734a681ffb/allocations" status: 200 len: 54 microversion: 1.0 [pid: 7|app: 0|req: 304/610] 199.204.45.162 () {32 vars in 857 bytes} [Thu Aug 20 07:26:16 2026] GET /resource_providers/1ef15443-5381-467b-a3a9-39734a681ffb/allocations => generated 54 bytes in 14 msecs (HTTP/1.1 200) 6 headers in 223 bytes (1 switches on core 0)
2026-08-20 07:26:16.061 8 INFO placement.requestlog [req-592b22aa-4e32-4751-b7ff-d3f612e589b0 req-606dd702-2d0c-45b7-b5b4-6ddb8850be45 d5f16e8f2b9947439d37c84b03140668 7462493e31484ab3969885a4269f05f0 - - 99cc16ab424048d88be6b28f59181a2b 99cc16ab424048d88be6b28f59181a2b] 199.204.45.162 "GET /resource_providers/1ef15443-5381-467b-a3a9-39734a681ffb/allocations" status: 200 len: 54 microversion: 1.0 [pid: 8|app: 0|req: 307/611] 199.204.45.162 () {32 vars in 857 bytes} [Thu Aug 20 07:26:16 2026] GET /resource_providers/1ef15443-5381-467b-a3a9-39734a681ffb/allocations => generated 54 bytes in 29 msecs (HTTP/1.1 200) 6 headers in 223 bytes (1 switches on core 0)
2026-08-20 07:26:16.430 7 INFO placement.requestlog [None req-ff7d527d-636f-4083-89b9-990192bff77c 8feb6ebaf2bf4ccaaec2259f2c85877d 7462493e31484ab3969885a4269f05f0 - - 99cc16ab424048d88be6b28f59181a2b 99cc16ab424048d88be6b28f59181a2b] 10.0.0.245 "GET /resource_providers/e65212fd-463e-4b28-aa9e-c13868dc4c2a/aggregates" status: 404 len: 235 microversion: 1.1 [pid: 7|app: 0|req: 305/612] 10.0.0.245 () {32 vars in 816 bytes} [Thu Aug 20 07:26:16 2026] GET /resource_providers/e65212fd-463e-4b28-aa9e-c13868dc4c2a/aggregates => generated 235 bytes in 17 msecs (HTTP/1.1 404) 5 headers in 202 bytes (1 switches on core 0)
2026-08-20 07:26:16.445 8 INFO placement.requestlog [None req-6ae68a45-7693-4efd-b9f8-7f582b069baf 8feb6ebaf2bf4ccaaec2259f2c85877d 7462493e31484ab3969885a4269f05f0 - - 99cc16ab424048d88be6b28f59181a2b 99cc16ab424048d88be6b28f59181a2b] 10.0.0.245 "GET /resource_providers/e65212fd-463e-4b28-aa9e-c13868dc4c2a/aggregates" status: 404 len: 235 microversion: 1.1 [pid: 8|app: 0|req: 308/613] 10.0.0.245 () {32 vars in 816 bytes} [Thu Aug 20 07:26:16 2026] GET /resource_providers/e65212fd-463e-4b28-aa9e-c13868dc4c2a/aggregates => generated 235 bytes in 17 msecs (HTTP/1.1 404) 5 headers in 202 bytes (1 switches on core 0)
2026-08-20 07:26:16.454 7 INFO placement.requestlog [None req-fe7b512c-f47e-4903-9e88-e76f7a2acdfc 8feb6ebaf2bf4ccaaec2259f2c85877d 7462493e31484ab3969885a4269f05f0 - - 99cc16ab424048d88be6b28f59181a2b 99cc16ab424048d88be6b28f59181a2b] 10.0.0.245 "DELETE /resource_providers/e65212fd-463e-4b28-aa9e-c13868dc4c2a" status: 404 len: 246 microversion: 1.1 [pid: 7|app: 0|req: 306/614] 10.0.0.245 () {34 vars in 816 bytes} [Thu Aug 20 07:26:16 2026] DELETE /resource_providers/e65212fd-463e-4b28-aa9e-c13868dc4c2a => generated 246 bytes in 9 msecs (HTTP/1.1 404) 6 headers in 231 bytes (1 switches on core 0)
2026-08-20 07:26:16.472 7 INFO placement.requestlog [None req-f3fdb5d6-5c65-4d07-845e-e027a7b0e507 8feb6ebaf2bf4ccaaec2259f2c85877d 7462493e31484ab3969885a4269f05f0 - - 99cc16ab424048d88be6b28f59181a2b 99cc16ab424048d88be6b28f59181a2b] 10.0.0.245 "GET /resource_providers/91dd6c90-22b1-467b-bd70-5a13f7d276ea/aggregates" status: 404 len: 235 microversion: 1.1 [pid: 7|app: 0|req: 307/615] 10.0.0.245 () {32 vars in 816 bytes} [Thu Aug 20 07:26:16 2026] GET /resource_providers/91dd6c90-22b1-467b-bd70-5a13f7d276ea/aggregates => generated 235 bytes in 9 msecs (HTTP/1.1 404) 5 headers in 202 bytes (1 switches on core 0)
2026-08-20 07:26:16.473 8 INFO placement.requestlog [None req-383a740d-7442-47e5-89f1-4e76984b6a25 8feb6ebaf2bf4ccaaec2259f2c85877d 7462493e31484ab3969885a4269f05f0 - - 99cc16ab424048d88be6b28f59181a2b 99cc16ab424048d88be6b28f59181a2b] 10.0.0.245 "DELETE /resource_providers/e65212fd-463e-4b28-aa9e-c13868dc4c2a" status: 404 len: 246 microversion: 1.1 [pid: 8|app: 0|req: 309/616] 10.0.0.245 () {34 vars in 816 bytes} [Thu Aug 20 07:26:16 2026] DELETE /resource_providers/e65212fd-463e-4b28-aa9e-c13868dc4c2a => generated 246 bytes in 14 msecs (HTTP/1.1 404) 6 headers in 231 bytes (1 switches on core 0)
2026-08-20 07:26:16.495 7 INFO placement.requestlog [None req-5ce34b43-ee50-4237-82ac-4b68b7a5e917 8feb6ebaf2bf4ccaaec2259f2c85877d 7462493e31484ab3969885a4269f05f0 - - 99cc16ab424048d88be6b28f59181a2b 99cc16ab424048d88be6b28f59181a2b] 10.0.0.245 "DELETE /resource_providers/91dd6c90-22b1-467b-bd70-5a13f7d276ea" status: 404 len: 246 microversion: 1.1 [pid: 7|app: 0|req: 308/617] 10.0.0.245 () {34 vars in 816 bytes} [Thu Aug 20 07:26:16 2026] DELETE /resource_providers/91dd6c90-22b1-467b-bd70-5a13f7d276ea => generated 246 bytes in 7 msecs (HTTP/1.1 404) 6 headers in 231 bytes (1 switches on core 0)
2026-08-20 07:26:16.497 8 INFO placement.requestlog [None req-255b98fe-461b-45dc-9bba-ca0cbfa9eeed 8feb6ebaf2bf4ccaaec2259f2c85877d 7462493e31484ab3969885a4269f05f0 - - 99cc16ab424048d88be6b28f59181a2b 99cc16ab424048d88be6b28f59181a2b] 10.0.0.245 "GET /resource_providers/91dd6c90-22b1-467b-bd70-5a13f7d276ea/aggregates" status: 404 len: 235 microversion: 1.1 [pid: 8|app: 0|req: 310/618] 10.0.0.245 () {32 vars in 816 bytes} [Thu Aug 20 07:26:16 2026] GET /resource_providers/91dd6c90-22b1-467b-bd70-5a13f7d276ea/aggregates => generated 235 bytes in 9 msecs (HTTP/1.1 404) 5 headers in 202 bytes (1 switches on core 0)
2026-08-20 07:26:16.509 7 INFO placement.requestlog [None req-f62832ea-d0c0-4429-a15e-41d08e535a5a 8feb6ebaf2bf4ccaaec2259f2c85877d 7462493e31484ab3969885a4269f05f0 - - 99cc16ab424048d88be6b28f59181a2b 99cc16ab424048d88be6b28f59181a2b] 10.0.0.245 "GET /resource_providers/b19de5b2-ed83-45bc-883f-6981c0401b35/aggregates" status: 404 len: 235 microversion: 1.1 [pid: 7|app: 0|req: 309/619] 10.0.0.245 () {32 vars in 816 bytes} [Thu Aug 20 07:26:16 2026] GET /resource_providers/b19de5b2-ed83-45bc-883f-6981c0401b35/aggregates => generated 235 bytes in 7 msecs (HTTP/1.1 404) 5 headers in 202 bytes (1 switches on core 0)
2026-08-20 07:26:16.514 8 INFO placement.requestlog [None req-0d5905e7-1fa1-46ad-8ac6-49ad168927b3 8feb6ebaf2bf4ccaaec2259f2c85877d 7462493e31484ab3969885a4269f05f0 - - 99cc16ab424048d88be6b28f59181a2b 99cc16ab424048d88be6b28f59181a2b] 10.0.0.245 "DELETE /resource_providers/91dd6c90-22b1-467b-bd70-5a13f7d276ea" status: 404 len: 246 microversion: 1.1 [pid: 8|app: 0|req: 311/620] 10.0.0.245 () {34 vars in 816 bytes} [Thu Aug 20 07:26:16 2026] DELETE /resource_providers/91dd6c90-22b1-467b-bd70-5a13f7d276ea => generated 246 bytes in 8 msecs (HTTP/1.1 404) 6 headers in 231 bytes (1 switches on core 0)
2026-08-20 07:26:16.533 7 INFO placement.requestlog [None req-026e74ec-eb05-4f85-b6ba-5a004b235fbc 8feb6ebaf2bf4ccaaec2259f2c85877d 7462493e31484ab3969885a4269f05f0 - - 99cc16ab424048d88be6b28f59181a2b 99cc16ab424048d88be6b28f59181a2b] 10.0.0.245 "DELETE /resource_providers/b19de5b2-ed83-45bc-883f-6981c0401b35" status: 404 len: 246 microversion: 1.1 [pid: 7|app: 0|req: 310/621] 10.0.0.245 () {34 vars in 816 bytes} [Thu Aug 20 07:26:16 2026] DELETE /resource_providers/b19de5b2-ed83-45bc-883f-6981c0401b35 => generated 246 bytes in 15 msecs (HTTP/1.1 404) 6 headers in 231 bytes (1 switches on core 0)
2026-08-20 07:26:16.542 8 INFO placement.requestlog [None req-8dc6bde8-c7a2-40c5-a295-5e5f84265c24 8feb6ebaf2bf4ccaaec2259f2c85877d 7462493e31484ab3969885a4269f05f0 - - 99cc16ab424048d88be6b28f59181a2b 99cc16ab424048d88be6b28f59181a2b] 10.0.0.245 "GET /resource_providers/b19de5b2-ed83-45bc-883f-6981c0401b35/aggregates" status: 404 len: 235 microversion: 1.1 [pid: 8|app: 0|req: 312/622] 10.0.0.245 () {32 vars in 816 bytes} [Thu Aug 20 07:26:16 2026] GET /resource_providers/b19de5b2-ed83-45bc-883f-6981c0401b35/aggregates => generated 235 bytes in 20 msecs (HTTP/1.1 404) 5 headers in 202 bytes (1 switches on core 0)
2026-08-20 07:26:16.559 7 INFO placement.requestlog [None req-7ae58dfd-9235-4041-bcac-c782a66e0b1b 8feb6ebaf2bf4ccaaec2259f2c85877d 7462493e31484ab3969885a4269f05f0 - - 99cc16ab424048d88be6b28f59181a2b 99cc16ab424048d88be6b28f59181a2b] 10.0.0.245 "GET /resource_providers/8d969263-aedd-4eee-b191-3599b85c7991/aggregates" status: 404 len: 235 microversion: 1.1 [pid: 7|app: 0|req: 311/623] 10.0.0.245 () {32 vars in 816 bytes} [Thu Aug 20 07:26:16 2026] GET /resource_providers/8d969263-aedd-4eee-b191-3599b85c7991/aggregates => generated 235 bytes in 11 msecs (HTTP/1.1 404) 5 headers in 202 bytes (1 switches on core 0)
2026-08-20 07:26:16.560 8 INFO placement.requestlog [None req-31b774ea-c2e9-4e03-87ff-1e6175cc54cf 8feb6ebaf2bf4ccaaec2259f2c85877d 7462493e31484ab3969885a4269f05f0 - - 99cc16ab424048d88be6b28f59181a2b 99cc16ab424048d88be6b28f59181a2b] 10.0.0.245 "DELETE /resource_providers/b19de5b2-ed83-45bc-883f-6981c0401b35" status: 404 len: 246 microversion: 1.1 [pid: 8|app: 0|req: 313/624] 10.0.0.245 () {34 vars in 816 bytes} [Thu Aug 20 07:26:16 2026] DELETE /resource_providers/b19de5b2-ed83-45bc-883f-6981c0401b35 => generated 246 bytes in 12 msecs (HTTP/1.1 404) 6 headers in 231 bytes (1 switches on core 0)
2026-08-20 07:26:16.579 7 INFO placement.requestlog [None req-7b4075d4-af0e-4935-a5e1-634c74bb1e78 8feb6ebaf2bf4ccaaec2259f2c85877d 7462493e31484ab3969885a4269f05f0 - - 99cc16ab424048d88be6b28f59181a2b 99cc16ab424048d88be6b28f59181a2b] 10.0.0.245 "GET /resource_providers/8d969263-aedd-4eee-b191-3599b85c7991/aggregates" status: 404 len: 235 microversion: 1.1 [pid: 7|app: 0|req: 312/625] 10.0.0.245 () {32 vars in 816 bytes} [Thu Aug 20 07:26:16 2026] GET /resource_providers/8d969263-aedd-4eee-b191-3599b85c7991/aggregates => generated 235 bytes in 11 msecs (HTTP/1.1 404) 5 headers in 202 bytes (1 switches on core 0)
2026-08-20 07:26:16.583 8 INFO placement.requestlog [None req-f73b0ea1-9e3f-49fe-9fb8-adf8afdce966 8feb6ebaf2bf4ccaaec2259f2c85877d 7462493e31484ab3969885a4269f05f0 - - 99cc16ab424048d88be6b28f59181a2b 99cc16ab424048d88be6b28f59181a2b] 10.0.0.245 "DELETE /resource_providers/8d969263-aedd-4eee-b191-3599b85c7991" status: 404 len: 246 microversion: 1.1 [pid: 8|app: 0|req: 314/626] 10.0.0.245 () {34 vars in 816 bytes} [Thu Aug 20 07:26:16 2026] DELETE /resource_providers/8d969263-aedd-4eee-b191-3599b85c7991 => generated 246 bytes in 14 msecs (HTTP/1.1 404) 6 headers in 231 bytes (1 switches on core 0)
2026-08-20 07:26:16.595 7 INFO placement.requestlog [None req-8b25ccf0-9290-4eb4-8359-822cabe823e1 8feb6ebaf2bf4ccaaec2259f2c85877d 7462493e31484ab3969885a4269f05f0 - - 99cc16ab424048d88be6b28f59181a2b 99cc16ab424048d88be6b28f59181a2b] 10.0.0.245 "DELETE /resource_providers/8d969263-aedd-4eee-b191-3599b85c7991" status: 404 len: 246 microversion: 1.1 [pid: 7|app: 0|req: 313/627] 10.0.0.245 () {34 vars in 816 bytes} [Thu Aug 20 07:26:16 2026] DELETE /resource_providers/8d969263-aedd-4eee-b191-3599b85c7991 => generated 246 bytes in 9 msecs (HTTP/1.1 404) 6 headers in 231 bytes (1 switches on core 0)
2026-08-20 07:26:16.800 7 INFO placement.requestlog [None req-61e9fc37-9218-44b5-b4f0-698d6b8b4d18 8feb6ebaf2bf4ccaaec2259f2c85877d 7462493e31484ab3969885a4269f05f0 - - 99cc16ab424048d88be6b28f59181a2b 99cc16ab424048d88be6b28f59181a2b] 10.0.0.245 "GET /resource_providers/8712b207-8703-4c49-af49-d643d6f64643/aggregates" status: 404 len: 235 microversion: 1.1 [pid: 7|app: 0|req: 314/628] 10.0.0.245 () {32 vars in 816 bytes} [Thu Aug 20 07:26:16 2026] GET /resource_providers/8712b207-8703-4c49-af49-d643d6f64643/aggregates => generated 235 bytes in 11 msecs (HTTP/1.1 404) 5 headers in 202 bytes (1 switches on core 0)
2026-08-20 07:26:16.802 8 INFO placement.requestlog [None req-d9295077-a8d8-419f-a5e9-15e87e096b14 8feb6ebaf2bf4ccaaec2259f2c85877d 7462493e31484ab3969885a4269f05f0 - - 99cc16ab424048d88be6b28f59181a2b 99cc16ab424048d88be6b28f59181a2b] 10.0.0.245 "GET /resource_providers/8712b207-8703-4c49-af49-d643d6f64643/aggregates" status: 404 len: 235 microversion: 1.1 [pid: 8|app: 0|req: 315/629] 10.0.0.245 () {32 vars in 816 bytes} [Thu Aug 20 07:26:16 2026] GET /resource_providers/8712b207-8703-4c49-af49-d643d6f64643/aggregates => generated 235 bytes in 13 msecs (HTTP/1.1 404) 5 headers in 202 bytes (1 switches on core 0)
2026-08-20 07:26:16.823 7 INFO placement.requestlog [None req-8a7402b1-f646-414f-8fe4-d310002ecc1c 8feb6ebaf2bf4ccaaec2259f2c85877d 7462493e31484ab3969885a4269f05f0 - - 99cc16ab424048d88be6b28f59181a2b 99cc16ab424048d88be6b28f59181a2b] 10.0.0.245 "DELETE /resource_providers/8712b207-8703-4c49-af49-d643d6f64643" status: 404 len: 246 microversion: 1.1 [pid: 7|app: 0|req: 315/630] 10.0.0.245 () {34 vars in 816 bytes} [Thu Aug 20 07:26:16 2026] DELETE /resource_providers/8712b207-8703-4c49-af49-d643d6f64643 => generated 246 bytes in 13 msecs (HTTP/1.1 404) 6 headers in 231 bytes (1 switches on core 0)
2026-08-20 07:26:16.829 8 INFO placement.requestlog [None req-eeb26a98-485d-43d7-b1bb-541615217cc3 8feb6ebaf2bf4ccaaec2259f2c85877d 7462493e31484ab3969885a4269f05f0 - - 99cc16ab424048d88be6b28f59181a2b 99cc16ab424048d88be6b28f59181a2b] 10.0.0.245 "DELETE /resource_providers/8712b207-8703-4c49-af49-d643d6f64643" status: 404 len: 246 microversion: 1.1 [pid: 8|app: 0|req: 316/631] 10.0.0.245 () {34 vars in 816 bytes} [Thu Aug 20 07:26:16 2026] DELETE /resource_providers/8712b207-8703-4c49-af49-d643d6f64643 => generated 246 bytes in 10 msecs (HTTP/1.1 404) 6 headers in 231 bytes (1 switches on core 0)
2026-08-20 07:26:16.851 7 INFO placement.requestlog [None req-71a8d56f-cdc5-4a12-a7c0-236b02e13758 8feb6ebaf2bf4ccaaec2259f2c85877d 7462493e31484ab3969885a4269f05f0 - - 99cc16ab424048d88be6b28f59181a2b 99cc16ab424048d88be6b28f59181a2b] 10.0.0.245 "GET /resource_providers/13e778e3-840e-4a80-b0bf-e174ccd9a00b/aggregates" status: 404 len: 235 microversion: 1.1 [pid: 7|app: 0|req: 316/632] 10.0.0.245 () {32 vars in 816 bytes} [Thu Aug 20 07:26:16 2026] GET /resource_providers/13e778e3-840e-4a80-b0bf-e174ccd9a00b/aggregates => generated 235 bytes in 16 msecs (HTTP/1.1 404) 5 headers in 202 bytes (1 switches on core 0)
2026-08-20 07:26:16.854 8 INFO placement.requestlog [None req-b77955c7-1742-4dc3-a7b4-86454648780e 8feb6ebaf2bf4ccaaec2259f2c85877d 7462493e31484ab3969885a4269f05f0 - - 99cc16ab424048d88be6b28f59181a2b 99cc16ab424048d88be6b28f59181a2b] 10.0.0.245 "GET /resource_providers/13e778e3-840e-4a80-b0bf-e174ccd9a00b/aggregates" status: 404 len: 235 microversion: 1.1 [pid: 8|app: 0|req: 317/633] 10.0.0.245 () {32 vars in 816 bytes} [Thu Aug 20 07:26:16 2026] GET /resource_providers/13e778e3-840e-4a80-b0bf-e174ccd9a00b/aggregates => generated 235 bytes in 12 msecs (HTTP/1.1 404) 5 headers in 202 bytes (1 switches on core 0)
2026-08-20 07:26:16.876 7 INFO placement.requestlog [None req-79bbacf8-5dd0-402b-8a3f-73cf023a72a4 8feb6ebaf2bf4ccaaec2259f2c85877d 7462493e31484ab3969885a4269f05f0 - - 99cc16ab424048d88be6b28f59181a2b 99cc16ab424048d88be6b28f59181a2b] 10.0.0.245 "DELETE /resource_providers/13e778e3-840e-4a80-b0bf-e174ccd9a00b" status: 404 len: 246 microversion: 1.1 [pid: 7|app: 0|req: 317/634] 10.0.0.245 () {34 vars in 816 bytes} [Thu Aug 20 07:26:16 2026] DELETE /resource_providers/13e778e3-840e-4a80-b0bf-e174ccd9a00b => generated 246 bytes in 9 msecs (HTTP/1.1 404) 6 headers in 231 bytes (1 switches on core 0)
2026-08-20 07:26:16.893 8 INFO placement.requestlog [None req-8883f74a-dca5-44e7-8d1c-b2dfa65fde29 8feb6ebaf2bf4ccaaec2259f2c85877d 7462493e31484ab3969885a4269f05f0 - - 99cc16ab424048d88be6b28f59181a2b 99cc16ab424048d88be6b28f59181a2b] 10.0.0.245 "DELETE /resource_providers/13e778e3-840e-4a80-b0bf-e174ccd9a00b" status: 404 len: 246 microversion: 1.1 [pid: 8|app: 0|req: 318/635] 10.0.0.245 () {34 vars in 816 bytes} [Thu Aug 20 07:26:16 2026] DELETE /resource_providers/13e778e3-840e-4a80-b0bf-e174ccd9a00b => generated 246 bytes in 10 msecs (HTTP/1.1 404) 6 headers in 231 bytes (1 switches on core 0)
2026-08-20 07:26:17.481 7 INFO placement.requestlog [req-0b335c86-2f70-49c8-8c4e-663c12e7fe29 req-400b1642-f6cd-4c1d-ba29-22f2a32a970d d5f16e8f2b9947439d37c84b03140668 7462493e31484ab3969885a4269f05f0 - - 99cc16ab424048d88be6b28f59181a2b 99cc16ab424048d88be6b28f59181a2b] 10.0.0.54 "GET /allocation_candidates?limit=1000&resources=DISK_GB%3A1%2CMEMORY_MB%3A512%2CVCPU%3A1&root_required=%21COMPUTE_STATUS_DISABLED" status: 200 len: 2442 microversion: 1.36 [pid: 7|app: 0|req: 318/636] 10.0.0.54 () {34 vars in 1011 bytes} [Thu Aug 20 07:26:17 2026] GET /allocation_candidates?limit=1000&resources=DISK_GB%3A1%2CMEMORY_MB%3A512%2CVCPU%3A1&root_required=%21COMPUTE_STATUS_DISABLED => generated 2442 bytes in 203 msecs (HTTP/1.1 200) 8 headers in 297 bytes (1 switches on core 0)
2026-08-20 07:26:17.516 8 INFO placement.requestlog [req-0b335c86-2f70-49c8-8c4e-663c12e7fe29 req-02b4ac71-1898-4011-9119-5bce64da8b8c d5f16e8f2b9947439d37c84b03140668 7462493e31484ab3969885a4269f05f0 - - 99cc16ab424048d88be6b28f59181a2b 99cc16ab424048d88be6b28f59181a2b] 10.0.0.54 "GET /allocations/ad6780c1-df63-41d9-91ff-c7bdf4429c04" status: 200 len: 19 microversion: 1.28 [pid: 8|app: 0|req: 319/637] 10.0.0.54 () {34 vars in 860 bytes} [Thu Aug 20 07:26:17 2026] GET /allocations/ad6780c1-df63-41d9-91ff-c7bdf4429c04 => generated 19 bytes in 16 msecs (HTTP/1.1 200) 8 headers in 295 bytes (1 switches on core 0)
2026-08-20 07:26:17.632 7 INFO placement.requestlog [req-0b335c86-2f70-49c8-8c4e-663c12e7fe29 req-54ba24f4-aabb-4481-bf97-de4f0bd459d2 d5f16e8f2b9947439d37c84b03140668 7462493e31484ab3969885a4269f05f0 - - 99cc16ab424048d88be6b28f59181a2b 99cc16ab424048d88be6b28f59181a2b] 10.0.0.54 "PUT /allocations/ad6780c1-df63-41d9-91ff-c7bdf4429c04" status: 204 len: 0 microversion: 1.36 [pid: 7|app: 0|req: 319/638] 10.0.0.54 () {38 vars in 913 bytes} [Thu Aug 20 07:26:17 2026] PUT /allocations/ad6780c1-df63-41d9-91ff-c7bdf4429c04 => generated 0 bytes in 109 msecs (HTTP/1.1 204) 5 headers in 199 bytes (1 switches on core 0)
2026-08-20 07:26:17.690 7 INFO placement.requestlog [None req-ba8db20d-37a0-4a43-84d6-953f5a75d825 - - - - - -] 10.0.0.169 "GET /" status: 200 len: 136 microversion: 1.0
2026-08-20 07:26:17.690 8 INFO placement.requestlog [None req-cbe7570b-010f-4830-84ae-f3418f2b9691 - - - - - -] 10.0.0.169 "GET /" status: 200 len: 136 microversion: 1.0
2026-08-20 07:26:19.112 7 INFO placement.requestlog [req-0b335c86-2f70-49c8-8c4e-663c12e7fe29 req-e5dc5eb6-7f0c-4f42-8fe1-b64e4b3d59bf d5f16e8f2b9947439d37c84b03140668 7462493e31484ab3969885a4269f05f0 - - 99cc16ab424048d88be6b28f59181a2b 99cc16ab424048d88be6b28f59181a2b] 199.204.45.162 "GET /allocations/ad6780c1-df63-41d9-91ff-c7bdf4429c04" status: 200 len: 257 microversion: 1.28 [pid: 7|app: 0|req: 321/641] 199.204.45.162 () {34 vars in 863 bytes} [Thu Aug 20 07:26:19 2026] GET /allocations/ad6780c1-df63-41d9-91ff-c7bdf4429c04 => generated 257 bytes in 16 msecs (HTTP/1.1 200) 8 headers in 296 bytes (1 switches on core 0)
2026-08-20 07:26:20.156 8 INFO placement.requestlog [req-0b335c86-2f70-49c8-8c4e-663c12e7fe29 req-71f8fc1d-190e-4b75-b213-2895db203505 d5f16e8f2b9947439d37c84b03140668 7462493e31484ab3969885a4269f05f0 - - 99cc16ab424048d88be6b28f59181a2b 99cc16ab424048d88be6b28f59181a2b] 199.204.45.162 "GET /resource_providers/1ef15443-5381-467b-a3a9-39734a681ffb/allocations" status: 200 len: 152 microversion: 1.0 [pid: 8|app: 0|req: 321/642] 199.204.45.162 () {32 vars in 857 bytes} [Thu Aug 20 07:26:20 2026] GET /resource_providers/1ef15443-5381-467b-a3a9-39734a681ffb/allocations => generated 152 bytes in 17 msecs (HTTP/1.1 200) 6 headers in 224 bytes (1 switches on core 0)
2026-08-20 07:26:20.176 7 INFO placement.requestlog [req-0b335c86-2f70-49c8-8c4e-663c12e7fe29 req-40caa1b4-a845-4c15-bda8-8fe1fc957c4f d5f16e8f2b9947439d37c84b03140668 7462493e31484ab3969885a4269f05f0 - - 99cc16ab424048d88be6b28f59181a2b 99cc16ab424048d88be6b28f59181a2b] 199.204.45.162 "GET /allocations/ad6780c1-df63-41d9-91ff-c7bdf4429c04" status: 200 len: 257 microversion: 1.28 [pid: 7|app: 0|req: 322/643] 199.204.45.162 () {34 vars in 863 bytes} [Thu Aug 20 07:26:20 2026] GET /allocations/ad6780c1-df63-41d9-91ff-c7bdf4429c04 => generated 257 bytes in 15 msecs (HTTP/1.1 200) 8 headers in 296 bytes (1 switches on core 0)
2026-08-20 07:26:23.842 8 INFO placement.requestlog [None req-361344d5-41f9-4e25-a827-4145a602a259 8feb6ebaf2bf4ccaaec2259f2c85877d 7462493e31484ab3969885a4269f05f0 - - 99cc16ab424048d88be6b28f59181a2b 99cc16ab424048d88be6b28f59181a2b] 10.0.0.245 "GET /resource_providers/f1c989fa-c502-42f3-b04a-fb80e14aa51c/aggregates" status: 404 len: 235 microversion: 1.1 [pid: 8|app: 0|req: 322/644] 10.0.0.245 () {32 vars in 816 bytes} [Thu Aug 20 07:26:23 2026] GET /resource_providers/f1c989fa-c502-42f3-b04a-fb80e14aa51c/aggregates => generated 235 bytes in 14 msecs (HTTP/1.1 404) 5 headers in 202 bytes (1 switches on core 0)
2026-08-20 07:26:23.849 7 INFO placement.requestlog [None req-706df6ad-cf20-45e0-84d7-0a7dfb68e1d1 8feb6ebaf2bf4ccaaec2259f2c85877d 7462493e31484ab3969885a4269f05f0 - - 99cc16ab424048d88be6b28f59181a2b 99cc16ab424048d88be6b28f59181a2b] 10.0.0.245 "GET /resource_providers/f1c989fa-c502-42f3-b04a-fb80e14aa51c/aggregates" status: 404 len: 235 microversion: 1.1 [pid: 7|app: 0|req: 323/645] 10.0.0.245 () {32 vars in 816 bytes} [Thu Aug 20 07:26:23 2026] GET /resource_providers/f1c989fa-c502-42f3-b04a-fb80e14aa51c/aggregates => generated 235 bytes in 15 msecs (HTTP/1.1 404) 5 headers in 202 bytes (1 switches on core 0)
2026-08-20 07:26:23.872 8 INFO placement.requestlog [None req-658c4220-a143-45c6-af78-ad5db7ff8206 8feb6ebaf2bf4ccaaec2259f2c85877d 7462493e31484ab3969885a4269f05f0 - - 99cc16ab424048d88be6b28f59181a2b 99cc16ab424048d88be6b28f59181a2b] 10.0.0.245 "DELETE /resource_providers/f1c989fa-c502-42f3-b04a-fb80e14aa51c" status: 404 len: 246 microversion: 1.1 [pid: 8|app: 0|req: 323/646] 10.0.0.245 () {34 vars in 816 bytes} [Thu Aug 20 07:26:23 2026] DELETE /resource_providers/f1c989fa-c502-42f3-b04a-fb80e14aa51c => generated 246 bytes in 12 msecs (HTTP/1.1 404) 6 headers in 231 bytes (1 switches on core 0)
2026-08-20 07:26:23.875 7 INFO placement.requestlog [None req-dda8630a-decf-4f60-8d70-177bdd3b0b99 8feb6ebaf2bf4ccaaec2259f2c85877d 7462493e31484ab3969885a4269f05f0 - - 99cc16ab424048d88be6b28f59181a2b 99cc16ab424048d88be6b28f59181a2b] 10.0.0.245 "DELETE /resource_providers/f1c989fa-c502-42f3-b04a-fb80e14aa51c" status: 404 len: 246 microversion: 1.1 [pid: 7|app: 0|req: 324/647] 10.0.0.245 () {34 vars in 816 bytes} [Thu Aug 20 07:26:23 2026] DELETE /resource_providers/f1c989fa-c502-42f3-b04a-fb80e14aa51c => generated 246 bytes in 9 msecs (HTTP/1.1 404) 6 headers in 231 bytes (1 switches on core 0)
2026-08-20 07:26:24.720 8 INFO placement.requestlog [req-bdbf5697-8468-45f5-8c5f-73a11c6e8405 req-5be4d8ee-bd10-4708-a0be-24359c9da4df d5f16e8f2b9947439d37c84b03140668 7462493e31484ab3969885a4269f05f0 - - 99cc16ab424048d88be6b28f59181a2b 99cc16ab424048d88be6b28f59181a2b] 10.0.0.54 "GET /allocation_candidates?limit=1000&resources=DISK_GB%3A1%2CMEMORY_MB%3A512%2CVCPU%3A1&root_required=%21COMPUTE_STATUS_DISABLED" status: 200 len: 2444 microversion: 1.36 [pid: 8|app: 0|req: 324/648] 10.0.0.54 () {34 vars in 1011 bytes} [Thu Aug 20 07:26:24 2026] GET /allocation_candidates?limit=1000&resources=DISK_GB%3A1%2CMEMORY_MB%3A512%2CVCPU%3A1&root_required=%21COMPUTE_STATUS_DISABLED => generated 2444 bytes in 42 msecs (HTTP/1.1 200) 8 headers in 297 bytes (1 switches on core 0)
2026-08-20 07:26:24.780 7 INFO placement.requestlog [req-bdbf5697-8468-45f5-8c5f-73a11c6e8405 req-68a6f509-1239-403e-a8e0-d3f2e11efb98 d5f16e8f2b9947439d37c84b03140668 7462493e31484ab3969885a4269f05f0 - - 99cc16ab424048d88be6b28f59181a2b 99cc16ab424048d88be6b28f59181a2b] 10.0.0.54 "GET /allocations/3073c629-e4bd-49ae-bd15-53a5094e321e" status: 200 len: 19 microversion: 1.28 [pid: 7|app: 0|req: 325/649] 10.0.0.54 () {34 vars in 860 bytes} [Thu Aug 20 07:26:24 2026] GET /allocations/3073c629-e4bd-49ae-bd15-53a5094e321e => generated 19 bytes in 23 msecs (HTTP/1.1 200) 8 headers in 295 bytes (1 switches on core 0)
2026-08-20 07:26:24.901 8 INFO placement.requestlog [req-bdbf5697-8468-45f5-8c5f-73a11c6e8405 req-76d891d7-ff7e-4d31-b7e7-81cbd012cab3 d5f16e8f2b9947439d37c84b03140668 7462493e31484ab3969885a4269f05f0 - - 99cc16ab424048d88be6b28f59181a2b 99cc16ab424048d88be6b28f59181a2b] 10.0.0.54 "PUT /allocations/3073c629-e4bd-49ae-bd15-53a5094e321e" status: 204 len: 0 microversion: 1.36 [pid: 8|app: 0|req: 325/650] 10.0.0.54 () {38 vars in 913 bytes} [Thu Aug 20 07:26:24 2026] PUT /allocations/3073c629-e4bd-49ae-bd15-53a5094e321e => generated 0 bytes in 113 msecs (HTTP/1.1 204) 5 headers in 199 bytes (1 switches on core 0)
2026-08-20 07:26:25.527 7 INFO placement.requestlog [None req-c1ca8a93-7a2f-47e4-afd9-71ac496deaac 8feb6ebaf2bf4ccaaec2259f2c85877d 7462493e31484ab3969885a4269f05f0 - - 99cc16ab424048d88be6b28f59181a2b 99cc16ab424048d88be6b28f59181a2b] 10.0.0.245 "GET /resource_providers/e1235ab9-fc1f-4768-aee1-7e53bb4a7f96/aggregates" status: 404 len: 235 microversion: 1.1
2026-08-20 07:26:25.527 8 INFO placement.requestlog [None req-9cfc59ae-3b62-463e-b2fc-79c1d6a0de31 8feb6ebaf2bf4ccaaec2259f2c85877d 7462493e31484ab3969885a4269f05f0 - - 99cc16ab424048d88be6b28f59181a2b 99cc16ab424048d88be6b28f59181a2b] 10.0.0.245 "GET /resource_providers/e1235ab9-fc1f-4768-aee1-7e53bb4a7f96/aggregates" status: 404 len: 235 microversion: 1.1 [pid: 7|app: 0|req: 326/651] 10.0.0.245 () {32 vars in 816 bytes} [Thu Aug 20 07:26:25 2026] GET /resource_providers/e1235ab9-fc1f-4768-aee1-7e53bb4a7f96/aggregates => generated 235 bytes in 12 msecs (HTTP/1.1 404) 5 headers in 202 bytes (1 switches on core 0) [pid: 8|app: 0|req: 326/652] 10.0.0.245 () {32 vars in 816 bytes} [Thu Aug 20 07:26:25 2026] GET /resource_providers/e1235ab9-fc1f-4768-aee1-7e53bb4a7f96/aggregates => generated 235 bytes in 12 msecs (HTTP/1.1 404) 5 headers in 202 bytes (1 switches on core 0)
2026-08-20 07:26:25.544 7 INFO placement.requestlog [None req-3b7cae23-3211-4831-bca7-866580c07f20 8feb6ebaf2bf4ccaaec2259f2c85877d 7462493e31484ab3969885a4269f05f0 - - 99cc16ab424048d88be6b28f59181a2b 99cc16ab424048d88be6b28f59181a2b] 10.0.0.245 "DELETE /resource_providers/e1235ab9-fc1f-4768-aee1-7e53bb4a7f96" status: 404 len: 246 microversion: 1.1 [pid: 7|app: 0|req: 327/653] 10.0.0.245 () {34 vars in 816 bytes} [Thu Aug 20 07:26:25 2026] DELETE /resource_providers/e1235ab9-fc1f-4768-aee1-7e53bb4a7f96 => generated 246 bytes in 6 msecs (HTTP/1.1 404) 6 headers in 231 bytes (1 switches on core 0)
2026-08-20 07:26:25.548 8 INFO placement.requestlog [None req-b331070e-0aa9-41d0-a72d-a1f52d252728 8feb6ebaf2bf4ccaaec2259f2c85877d 7462493e31484ab3969885a4269f05f0 - - 99cc16ab424048d88be6b28f59181a2b 99cc16ab424048d88be6b28f59181a2b] 10.0.0.245 "DELETE /resource_providers/e1235ab9-fc1f-4768-aee1-7e53bb4a7f96" status: 404 len: 246 microversion: 1.1 [pid: 8|app: 0|req: 327/654] 10.0.0.245 () {34 vars in 816 bytes} [Thu Aug 20 07:26:25 2026] DELETE /resource_providers/e1235ab9-fc1f-4768-aee1-7e53bb4a7f96 => generated 246 bytes in 10 msecs (HTTP/1.1 404) 6 headers in 231 bytes (1 switches on core 0)
2026-08-20 07:26:26.516 7 INFO placement.requestlog [req-bdbf5697-8468-45f5-8c5f-73a11c6e8405 req-eb5133d9-b37b-450c-bd52-28b69659a43c d5f16e8f2b9947439d37c84b03140668 7462493e31484ab3969885a4269f05f0 - - 99cc16ab424048d88be6b28f59181a2b 99cc16ab424048d88be6b28f59181a2b] 199.204.45.162 "GET /allocations/3073c629-e4bd-49ae-bd15-53a5094e321e" status: 200 len: 257 microversion: 1.28 [pid: 7|app: 0|req: 328/655] 199.204.45.162 () {34 vars in 863 bytes} [Thu Aug 20 07:26:26 2026] GET /allocations/3073c629-e4bd-49ae-bd15-53a5094e321e => generated 257 bytes in 20 msecs (HTTP/1.1 200) 8 headers in 296 bytes (1 switches on core 0)
2026-08-20 07:26:26.873 7 INFO placement.requestlog [None req-a443d353-50a4-4819-9951-ce5a16c146cb 8feb6ebaf2bf4ccaaec2259f2c85877d 7462493e31484ab3969885a4269f05f0 - - 99cc16ab424048d88be6b28f59181a2b 99cc16ab424048d88be6b28f59181a2b] 10.0.0.245 "GET /resource_providers/934c5249-97e2-4651-afaf-5242711a4ab2/aggregates" status: 404 len: 235 microversion: 1.1 [pid: 7|app: 0|req: 329/656] 10.0.0.245 () {32 vars in 816 bytes} [Thu Aug 20 07:26:26 2026] GET /resource_providers/934c5249-97e2-4651-afaf-5242711a4ab2/aggregates => generated 235 bytes in 8 msecs (HTTP/1.1 404) 5 headers in 202 bytes (1 switches on core 0)
2026-08-20 07:26:26.878 8 INFO placement.requestlog [None req-320bdb0c-a80f-4104-a347-018ea0238ce6 8feb6ebaf2bf4ccaaec2259f2c85877d 7462493e31484ab3969885a4269f05f0 - - 99cc16ab424048d88be6b28f59181a2b 99cc16ab424048d88be6b28f59181a2b] 10.0.0.245 "GET /resource_providers/934c5249-97e2-4651-afaf-5242711a4ab2/aggregates" status: 404 len: 235 microversion: 1.1 [pid: 8|app: 0|req: 328/657] 10.0.0.245 () {32 vars in 816 bytes} [Thu Aug 20 07:26:26 2026] GET /resource_providers/934c5249-97e2-4651-afaf-5242711a4ab2/aggregates => generated 235 bytes in 15 msecs (HTTP/1.1 404) 5 headers in 202 bytes (1 switches on core 0)
2026-08-20 07:26:26.895 7 INFO placement.requestlog [None req-cffdd036-1968-4b5f-85c8-64a2155852fb 8feb6ebaf2bf4ccaaec2259f2c85877d 7462493e31484ab3969885a4269f05f0 - - 99cc16ab424048d88be6b28f59181a2b 99cc16ab424048d88be6b28f59181a2b] 10.0.0.245 "DELETE /resource_providers/934c5249-97e2-4651-afaf-5242711a4ab2" status: 404 len: 246 microversion: 1.1 [pid: 7|app: 0|req: 330/658] 10.0.0.245 () {34 vars in 816 bytes} [Thu Aug 20 07:26:26 2026] DELETE /resource_providers/934c5249-97e2-4651-afaf-5242711a4ab2 => generated 246 bytes in 9 msecs (HTTP/1.1 404) 6 headers in 231 bytes (1 switches on core 0)
2026-08-20 07:26:26.902 8 INFO placement.requestlog [None req-04a2c8be-5834-4550-a3a1-8d29dd9ea143 8feb6ebaf2bf4ccaaec2259f2c85877d 7462493e31484ab3969885a4269f05f0 - - 99cc16ab424048d88be6b28f59181a2b 99cc16ab424048d88be6b28f59181a2b] 10.0.0.245 "DELETE /resource_providers/934c5249-97e2-4651-afaf-5242711a4ab2" status: 404 len: 246 microversion: 1.1 [pid: 8|app: 0|req: 329/659] 10.0.0.245 () {34 vars in 816 bytes} [Thu Aug 20 07:26:26 2026] DELETE /resource_providers/934c5249-97e2-4651-afaf-5242711a4ab2 => generated 246 bytes in 14 msecs (HTTP/1.1 404) 6 headers in 231 bytes (1 switches on core 0)
2026-08-20 07:26:27.557 7 INFO placement.requestlog [req-bdbf5697-8468-45f5-8c5f-73a11c6e8405 req-98fd329c-c3d9-4992-8302-240b3dd688cc d5f16e8f2b9947439d37c84b03140668 7462493e31484ab3969885a4269f05f0 - - 99cc16ab424048d88be6b28f59181a2b 99cc16ab424048d88be6b28f59181a2b] 199.204.45.162 "GET /resource_providers/1ef15443-5381-467b-a3a9-39734a681ffb/allocations" status: 200 len: 252 microversion: 1.0 [pid: 7|app: 0|req: 331/660] 199.204.45.162 () {32 vars in 857 bytes} [Thu Aug 20 07:26:27 2026] GET /resource_providers/1ef15443-5381-467b-a3a9-39734a681ffb/allocations => generated 252 bytes in 17 msecs (HTTP/1.1 200) 6 headers in 224 bytes (1 switches on core 0)
2026-08-20 07:26:27.575 8 INFO placement.requestlog [req-bdbf5697-8468-45f5-8c5f-73a11c6e8405 req-05c64670-6f09-493b-adc0-53e7664fa49d d5f16e8f2b9947439d37c84b03140668 7462493e31484ab3969885a4269f05f0 - - 99cc16ab424048d88be6b28f59181a2b 99cc16ab424048d88be6b28f59181a2b] 199.204.45.162 "GET /allocations/ad6780c1-df63-41d9-91ff-c7bdf4429c04" status: 200 len: 257 microversion: 1.28 [pid: 8|app: 0|req: 330/661] 199.204.45.162 () {34 vars in 863 bytes} [Thu Aug 20 07:26:27 2026] GET /allocations/ad6780c1-df63-41d9-91ff-c7bdf4429c04 => generated 257 bytes in 11 msecs (HTTP/1.1 200) 8 headers in 296 bytes (1 switches on core 0)
2026-08-20 07:26:27.591 7 INFO placement.requestlog [req-bdbf5697-8468-45f5-8c5f-73a11c6e8405 req-2b9df007-84d0-4b97-abeb-b929517664e4 d5f16e8f2b9947439d37c84b03140668 7462493e31484ab3969885a4269f05f0 - - 99cc16ab424048d88be6b28f59181a2b 99cc16ab424048d88be6b28f59181a2b] 199.204.45.162 "GET /allocations/3073c629-e4bd-49ae-bd15-53a5094e321e" status: 200 len: 257 microversion: 1.28 [pid: 7|app: 0|req: 332/662] 199.204.45.162 () {34 vars in 863 bytes} [Thu Aug 20 07:26:27 2026] GET /allocations/3073c629-e4bd-49ae-bd15-53a5094e321e => generated 257 bytes in 12 msecs (HTTP/1.1 200) 8 headers in 296 bytes (1 switches on core 0)
2026-08-20 07:26:27.688 8 INFO placement.requestlog [None req-6c5b1bc6-270f-4555-8210-3fa2b26e8434 - - - - - -] 10.0.0.169 "GET /" status: 200 len: 136 microversion: 1.0
2026-08-20 07:26:27.689 7 INFO placement.requestlog [None req-726b8da6-4cb6-48ca-831f-b1ac0b365794 - - - - - -] 10.0.0.169 "GET /" status: 200 len: 136 microversion: 1.0
2026-08-20 07:26:30.530 8 INFO placement.requestlog [req-52a0ca70-82b2-41bb-9c27-c067e6d10e0c req-118d22a8-3e01-4f89-b5b6-51c25016d181 d5f16e8f2b9947439d37c84b03140668 7462493e31484ab3969885a4269f05f0 - - 99cc16ab424048d88be6b28f59181a2b 99cc16ab424048d88be6b28f59181a2b] 10.0.0.54 "GET /allocation_candidates?limit=1000&resources=MEMORY_MB%3A512%2CVCPU%3A1&root_required=%21COMPUTE_STATUS_DISABLED" status: 200 len: 2431 microversion: 1.36 [pid: 8|app: 0|req: 332/665] 10.0.0.54 () {34 vars in 983 bytes} [Thu Aug 20 07:26:30 2026] GET /allocation_candidates?limit=1000&resources=MEMORY_MB%3A512%2CVCPU%3A1&root_required=%21COMPUTE_STATUS_DISABLED => generated 2431 bytes in 59 msecs (HTTP/1.1 200) 8 headers in 297 bytes (1 switches on core 0)
2026-08-20 07:26:30.586 7 INFO placement.requestlog [req-52a0ca70-82b2-41bb-9c27-c067e6d10e0c req-7a55783b-081a-4a21-9da1-da2c325fa412 d5f16e8f2b9947439d37c84b03140668 7462493e31484ab3969885a4269f05f0 - - 99cc16ab424048d88be6b28f59181a2b 99cc16ab424048d88be6b28f59181a2b] 10.0.0.54 "GET /allocations/10e5413b-464c-4abc-8bc3-5434f39702ce" status: 200 len: 19 microversion: 1.28 [pid: 7|app: 0|req: 334/666] 10.0.0.54 () {34 vars in 860 bytes} [Thu Aug 20 07:26:30 2026] GET /allocations/10e5413b-464c-4abc-8bc3-5434f39702ce => generated 19 bytes in 15 msecs (HTTP/1.1 200) 8 headers in 295 bytes (1 switches on core 0)
2026-08-20 07:26:30.669 8 INFO placement.requestlog [req-52a0ca70-82b2-41bb-9c27-c067e6d10e0c req-c2d677c9-5451-4ea3-ae90-0fd324643bd4 d5f16e8f2b9947439d37c84b03140668 7462493e31484ab3969885a4269f05f0 - - 99cc16ab424048d88be6b28f59181a2b 99cc16ab424048d88be6b28f59181a2b] 10.0.0.54 "PUT /allocations/10e5413b-464c-4abc-8bc3-5434f39702ce" status: 204 len: 0 microversion: 1.36 [pid: 8|app: 0|req: 333/667] 10.0.0.54 () {38 vars in 913 bytes} [Thu Aug 20 07:26:30 2026] PUT /allocations/10e5413b-464c-4abc-8bc3-5434f39702ce => generated 0 bytes in 76 msecs (HTTP/1.1 204) 5 headers in 199 bytes (1 switches on core 0)
