Mar 30 21:40:23.765745 np0000161673 systemd[1]: Starting devstack@n-api-meta.service - Devstack devstack@n-api-meta.service...
Mar 30 21:40:23.773310 np0000161673 devstack@n-api-meta.service[107491]: [uWSGI] getting INI configuration from /etc/nova/nova-metadata-uwsgi.ini
Mar 30 21:40:23.773825 np0000161673 devstack@n-api-meta.service[107491]: open("./http_plugin.so"): No such file or directory [core/utils.c line 3709]
Mar 30 21:40:23.773825 np0000161673 devstack@n-api-meta.service[107491]: !!! UNABLE to load uWSGI plugin: ./http_plugin.so: cannot open shared object file: No such file or directory !!!
Mar 30 21:40:23.773825 np0000161673 devstack@n-api-meta.service[107491]: open("./python3_plugin.so"): No such file or directory [core/utils.c line 3709]
Mar 30 21:40:23.773825 np0000161673 devstack@n-api-meta.service[107491]: !!! UNABLE to load uWSGI plugin: ./python3_plugin.so: cannot open shared object file: No such file or directory !!!
Mar 30 21:40:23.773825 np0000161673 devstack@n-api-meta.service[107491]: *** Starting uWSGI 2.0.31 (64bit) on [Mon Mar 30 21:40:23 2026] ***
Mar 30 21:40:23.773825 np0000161673 devstack@n-api-meta.service[107491]: compiled with version: 13.3.0 on 30 March 2026 21:29:39
Mar 30 21:40:23.773825 np0000161673 devstack@n-api-meta.service[107491]: os: Linux-6.8.0-106-generic #106-Ubuntu SMP PREEMPT_DYNAMIC Fri Mar 6 07:58:08 UTC 2026
Mar 30 21:40:23.773825 np0000161673 devstack@n-api-meta.service[107491]: nodename: np0000161673
Mar 30 21:40:23.773825 np0000161673 devstack@n-api-meta.service[107491]: machine: x86_64
Mar 30 21:40:23.773825 np0000161673 devstack@n-api-meta.service[107491]: clock source: unix
Mar 30 21:40:23.773825 np0000161673 devstack@n-api-meta.service[107491]: pcre jit disabled
Mar 30 21:40:23.773825 np0000161673 devstack@n-api-meta.service[107491]: detected number of CPU cores: 16
Mar 30 21:40:23.773825 np0000161673 devstack@n-api-meta.service[107491]: current working directory: /
Mar 30 21:40:23.773825 np0000161673 devstack@n-api-meta.service[107491]: detected binary path: /opt/stack/data/venv/bin/uwsgi
Mar 30 21:40:23.773825 np0000161673 devstack@n-api-meta.service[107491]: your processes number limit is 256917
Mar 30 21:40:23.773825 np0000161673 devstack@n-api-meta.service[107491]: your memory page size is 4096 bytes
Mar 30 21:40:23.773825 np0000161673 devstack@n-api-meta.service[107491]: detected max file descriptor number: 2048
Mar 30 21:40:23.773825 np0000161673 devstack@n-api-meta.service[107491]: lock engine: pthread robust mutexes
Mar 30 21:40:23.773825 np0000161673 devstack@n-api-meta.service[107491]: thunder lock: enabled
Mar 30 21:40:23.774800 np0000161673 devstack@n-api-meta.service[107491]: uWSGI http bound on 0.0.0.0:8775 fd 5
Mar 30 21:40:23.774800 np0000161673 devstack@n-api-meta.service[107491]: uwsgi socket 0 bound to TCP address 127.0.0.1:34627 (port auto-assigned) fd 4
Mar 30 21:40:23.774800 np0000161673 devstack@n-api-meta.service[107491]: Python version: 3.12.3 (main, Mar 3 2026, 12:15:18) [GCC 13.3.0]
Mar 30 21:40:23.774800 np0000161673 devstack@n-api-meta.service[107491]: PEP 405 virtualenv detected: /opt/stack/data/venv
Mar 30 21:40:23.774800 np0000161673 devstack@n-api-meta.service[107491]: Set PythonHome to /opt/stack/data/venv
Mar 30 21:40:23.812390 np0000161673 devstack@n-api-meta.service[107491]: Python main interpreter initialized at 0x73f142aa3668
Mar 30 21:40:23.812390 np0000161673 devstack@n-api-meta.service[107491]: python threads support enabled
Mar 30 21:40:23.812390 np0000161673 devstack@n-api-meta.service[107491]: your server socket listen backlog is limited to 100 connections
Mar 30 21:40:23.812390 np0000161673 devstack@n-api-meta.service[107491]: your mercy for graceful operations on workers is 80 seconds
Mar 30 21:40:23.812941 np0000161673 devstack@n-api-meta.service[107491]: mapped 671795 bytes (656 KB) for 4 cores
Mar 30 21:40:23.813067 np0000161673 devstack@n-api-meta.service[107491]: *** Operational MODE: preforking ***
Mar 30 21:40:23.813360 np0000161673 devstack@n-api-meta.service[107491]: *** uWSGI is running in multiple interpreter mode ***
Mar 30 21:40:23.813360 np0000161673 devstack@n-api-meta.service[107491]: spawned uWSGI master process (pid: 107491)
Mar 30 21:40:23.813523 np0000161673 systemd[1]: Started devstack@n-api-meta.service - Devstack devstack@n-api-meta.service.
Mar 30 21:40:23.813998 np0000161673 devstack@n-api-meta.service[107491]: spawned uWSGI worker 1 (pid: 107492, cores: 1)
Mar 30 21:40:23.814466 np0000161673 devstack@n-api-meta.service[107491]: spawned uWSGI worker 2 (pid: 107493, cores: 1)
Mar 30 21:40:23.814918 np0000161673 devstack@n-api-meta.service[107491]: spawned uWSGI worker 3 (pid: 107494, cores: 1)
Mar 30 21:40:23.815512 np0000161673 devstack@n-api-meta.service[107491]: spawned uWSGI worker 4 (pid: 107495, cores: 1)
Mar 30 21:40:23.815967 np0000161673 devstack@n-api-meta.service[107491]: spawned uWSGI http 1 (pid: 107496)
Mar 30 21:40:23.815967 np0000161673 devstack@n-api-meta.service[107491]: running "unix_signal:15 gracefully_kill_them_all" (master-start)...
Mar 30 21:40:24.218961 np0000161673 devstack@n-api-meta.service[107493]: Service is starting with native threading. This is currently experimental. Do not use it in production without first testing it in pre-production.
Mar 30 21:40:24.249020 np0000161673 devstack@n-api-meta.service[107495]: Service is starting with native threading. This is currently experimental. Do not use it in production without first testing it in pre-production.
Mar 30 21:40:24.251790 np0000161673 devstack@n-api-meta.service[107492]: Service is starting with native threading. This is currently experimental. Do not use it in production without first testing it in pre-production.
Mar 30 21:40:24.266588 np0000161673 devstack@n-api-meta.service[107494]: Service is starting with native threading. This is currently experimental. Do not use it in production without first testing it in pre-production.
Mar 30 21:40:26.016097 np0000161673 devstack@n-api-meta.service[107492]: INFO dbcounter [None req-72fd4d62-ba09-4214-aae4-4b6cb986e4e0 None None] Registered counter for database nova_api
Mar 30 21:40:26.039094 np0000161673 devstack@n-api-meta.service[107492]: DEBUG oslo_db.sqlalchemy.engines [None req-72fd4d62-ba09-4214-aae4-4b6cb986e4e0 None None] MySQL server mode set to STRICT_TRANS_TABLES,STRICT_ALL_TABLES,NO_ZERO_IN_DATE,NO_ZERO_DATE,ERROR_FOR_DIVISION_BY_ZERO,TRADITIONAL,NO_ENGINE_SUBSTITUTION {{(pid=107492) _check_effective_sql_mode /opt/stack/data/venv/lib/python3.12/site-packages/oslo_db/sqlalchemy/engines.py:325}}
Mar 30 21:40:26.052979 np0000161673 devstack@n-api-meta.service[107493]: INFO dbcounter [None req-f6b4854d-ab6f-4748-81df-4516a270fd34 None None] Registered counter for database nova_api
Mar 30 21:40:26.075042 np0000161673 devstack@n-api-meta.service[107492]: DEBUG dbcounter [-] [107492] Writer thread running {{(pid=107492) stat_writer /opt/stack/data/venv/lib/python3.12/site-packages/dbcounter.py:102}}
Mar 30 21:40:26.078157 np0000161673 devstack@n-api-meta.service[107492]: DEBUG nova.context [None req-72fd4d62-ba09-4214-aae4-4b6cb986e4e0 None None] Found 2 cells: 00000000-0000-0000-0000-000000000000(cell0),4c6ac179-7d51-4122-b310-29ef002dac85(cell1) {{(pid=107492) load_cells /opt/stack/nova/nova/context.py:509}}
Mar 30 21:40:26.078408 np0000161673 devstack@n-api-meta.service[107492]: INFO nova.utils [None req-72fd4d62-ba09-4214-aae4-4b6cb986e4e0 None None] The cell worker thread pool MainProcess.cell_worker is initialized
Mar 30 21:40:26.080362 np0000161673 devstack@n-api-meta.service[107492]: DEBUG oslo_concurrency.lockutils [None req-72fd4d62-ba09-4214-aae4-4b6cb986e4e0 None None] Acquiring lock "00000000-0000-0000-0000-000000000000" by "nova.context.set_target_cell..get_or_set_cached_cell_and_set_connections" {{(pid=107492) inner /opt/stack/data/venv/lib/python3.12/site-packages/oslo_concurrency/lockutils.py:506}}
Mar 30 21:40:26.080532 np0000161673 devstack@n-api-meta.service[107492]: DEBUG oslo_concurrency.lockutils [None req-72fd4d62-ba09-4214-aae4-4b6cb986e4e0 None None] Lock "00000000-0000-0000-0000-000000000000" acquired by "nova.context.set_target_cell..get_or_set_cached_cell_and_set_connections" :: waited 0.000s {{(pid=107492) inner /opt/stack/data/venv/lib/python3.12/site-packages/oslo_concurrency/lockutils.py:519}}
Mar 30 21:40:26.080914 np0000161673 devstack@n-api-meta.service[107492]: DEBUG oslo_concurrency.lockutils [None req-72fd4d62-ba09-4214-aae4-4b6cb986e4e0 None None] Lock "00000000-0000-0000-0000-000000000000" "released" by "nova.context.set_target_cell..get_or_set_cached_cell_and_set_connections" :: held 0.000s {{(pid=107492) inner /opt/stack/data/venv/lib/python3.12/site-packages/oslo_concurrency/lockutils.py:538}}
Mar 30 21:40:26.081704 np0000161673 devstack@n-api-meta.service[107492]: DEBUG oslo_concurrency.lockutils [None req-72fd4d62-ba09-4214-aae4-4b6cb986e4e0 None None] Acquiring lock "4c6ac179-7d51-4122-b310-29ef002dac85" by "nova.context.set_target_cell..get_or_set_cached_cell_and_set_connections" {{(pid=107492) inner /opt/stack/data/venv/lib/python3.12/site-packages/oslo_concurrency/lockutils.py:506}}
Mar 30 21:40:26.081855 np0000161673 devstack@n-api-meta.service[107492]: DEBUG oslo_concurrency.lockutils [None req-72fd4d62-ba09-4214-aae4-4b6cb986e4e0 None None] Lock "4c6ac179-7d51-4122-b310-29ef002dac85" acquired by "nova.context.set_target_cell..get_or_set_cached_cell_and_set_connections" :: waited 0.000s {{(pid=107492) inner /opt/stack/data/venv/lib/python3.12/site-packages/oslo_concurrency/lockutils.py:519}}
Mar 30 21:40:26.081943 np0000161673 devstack@n-api-meta.service[107495]: INFO dbcounter [None req-4ec98662-68d8-4f38-9283-7f66342eb577 None None] Registered counter for database nova_api
Mar 30 21:40:26.082854 np0000161673 devstack@n-api-meta.service[107492]: DEBUG oslo_concurrency.lockutils [None req-72fd4d62-ba09-4214-aae4-4b6cb986e4e0 None None] Lock "4c6ac179-7d51-4122-b310-29ef002dac85" "released" by "nova.context.set_target_cell..get_or_set_cached_cell_and_set_connections" :: held 0.001s {{(pid=107492) inner /opt/stack/data/venv/lib/python3.12/site-packages/oslo_concurrency/lockutils.py:538}}
Mar 30 21:40:26.083035 np0000161673 devstack@n-api-meta.service[107493]: DEBUG oslo_db.sqlalchemy.engines [None req-f6b4854d-ab6f-4748-81df-4516a270fd34 None None] MySQL server mode set to STRICT_TRANS_TABLES,STRICT_ALL_TABLES,NO_ZERO_IN_DATE,NO_ZERO_DATE,ERROR_FOR_DIVISION_BY_ZERO,TRADITIONAL,NO_ENGINE_SUBSTITUTION {{(pid=107493) _check_effective_sql_mode /opt/stack/data/venv/lib/python3.12/site-packages/oslo_db/sqlalchemy/engines.py:325}}
Mar 30 21:40:26.085778 np0000161673 devstack@n-api-meta.service[107492]: INFO dbcounter [None req-72fd4d62-ba09-4214-aae4-4b6cb986e4e0 None None] Registered counter for database nova_cell0
Mar 30 21:40:26.090542 np0000161673 devstack@n-api-meta.service[107492]: INFO dbcounter [None req-72fd4d62-ba09-4214-aae4-4b6cb986e4e0 None None] Registered counter for database nova_cell1
Mar 30 21:40:26.094362 np0000161673 devstack@n-api-meta.service[107494]: INFO dbcounter [None req-eef9ffde-341f-4488-ac84-5ff51f3f822e None None] Registered counter for database nova_api
Mar 30 21:40:26.104121 np0000161673 devstack@n-api-meta.service[107492]: DEBUG oslo_db.sqlalchemy.engines [None req-72fd4d62-ba09-4214-aae4-4b6cb986e4e0 None None] MySQL server mode set to STRICT_TRANS_TABLES,STRICT_ALL_TABLES,NO_ZERO_IN_DATE,NO_ZERO_DATE,ERROR_FOR_DIVISION_BY_ZERO,TRADITIONAL,NO_ENGINE_SUBSTITUTION {{(pid=107492) _check_effective_sql_mode /opt/stack/data/venv/lib/python3.12/site-packages/oslo_db/sqlalchemy/engines.py:325}}
Mar 30 21:40:26.114953 np0000161673 devstack@n-api-meta.service[107495]: DEBUG oslo_db.sqlalchemy.engines [None req-4ec98662-68d8-4f38-9283-7f66342eb577 None None] MySQL server mode set to STRICT_TRANS_TABLES,STRICT_ALL_TABLES,NO_ZERO_IN_DATE,NO_ZERO_DATE,ERROR_FOR_DIVISION_BY_ZERO,TRADITIONAL,NO_ENGINE_SUBSTITUTION {{(pid=107495) _check_effective_sql_mode /opt/stack/data/venv/lib/python3.12/site-packages/oslo_db/sqlalchemy/engines.py:325}}
Mar 30 21:40:26.125675 np0000161673 devstack@n-api-meta.service[107493]: DEBUG dbcounter [-] [107493] Writer thread running {{(pid=107493) stat_writer /opt/stack/data/venv/lib/python3.12/site-packages/dbcounter.py:102}}
Mar 30 21:40:26.129305 np0000161673 devstack@n-api-meta.service[107493]: DEBUG nova.context [None req-f6b4854d-ab6f-4748-81df-4516a270fd34 None None] Found 2 cells: 00000000-0000-0000-0000-000000000000(cell0),4c6ac179-7d51-4122-b310-29ef002dac85(cell1) {{(pid=107493) load_cells /opt/stack/nova/nova/context.py:509}}
Mar 30 21:40:26.129449 np0000161673 devstack@n-api-meta.service[107492]: DEBUG oslo_db.sqlalchemy.engines [None req-72fd4d62-ba09-4214-aae4-4b6cb986e4e0 None None] MySQL server mode set to STRICT_TRANS_TABLES,STRICT_ALL_TABLES,NO_ZERO_IN_DATE,NO_ZERO_DATE,ERROR_FOR_DIVISION_BY_ZERO,TRADITIONAL,NO_ENGINE_SUBSTITUTION {{(pid=107492) _check_effective_sql_mode /opt/stack/data/venv/lib/python3.12/site-packages/oslo_db/sqlalchemy/engines.py:325}}
Mar 30 21:40:26.129655 np0000161673 devstack@n-api-meta.service[107493]: INFO nova.utils [None req-f6b4854d-ab6f-4748-81df-4516a270fd34 None None] The cell worker thread pool MainProcess.cell_worker is initialized
Mar 30 21:40:26.131063 np0000161673 devstack@n-api-meta.service[107494]: DEBUG oslo_db.sqlalchemy.engines [None req-eef9ffde-341f-4488-ac84-5ff51f3f822e None None] MySQL server mode set to STRICT_TRANS_TABLES,STRICT_ALL_TABLES,NO_ZERO_IN_DATE,NO_ZERO_DATE,ERROR_FOR_DIVISION_BY_ZERO,TRADITIONAL,NO_ENGINE_SUBSTITUTION {{(pid=107494) _check_effective_sql_mode /opt/stack/data/venv/lib/python3.12/site-packages/oslo_db/sqlalchemy/engines.py:325}}
Mar 30 21:40:26.131908 np0000161673 devstack@n-api-meta.service[107493]: DEBUG oslo_concurrency.lockutils [None req-f6b4854d-ab6f-4748-81df-4516a270fd34 None None] Acquiring lock "00000000-0000-0000-0000-000000000000" by "nova.context.set_target_cell..get_or_set_cached_cell_and_set_connections" {{(pid=107493) inner /opt/stack/data/venv/lib/python3.12/site-packages/oslo_concurrency/lockutils.py:506}}
Mar 30 21:40:26.132136 np0000161673 devstack@n-api-meta.service[107493]: DEBUG oslo_concurrency.lockutils [None req-f6b4854d-ab6f-4748-81df-4516a270fd34 None None] Lock "00000000-0000-0000-0000-000000000000" acquired by "nova.context.set_target_cell..get_or_set_cached_cell_and_set_connections" :: waited 0.000s {{(pid=107493) inner /opt/stack/data/venv/lib/python3.12/site-packages/oslo_concurrency/lockutils.py:519}}
Mar 30 21:40:26.132576 np0000161673 devstack@n-api-meta.service[107493]: DEBUG oslo_concurrency.lockutils [None req-f6b4854d-ab6f-4748-81df-4516a270fd34 None None] Lock "00000000-0000-0000-0000-000000000000" "released" by "nova.context.set_target_cell..get_or_set_cached_cell_and_set_connections" :: held 0.000s {{(pid=107493) inner /opt/stack/data/venv/lib/python3.12/site-packages/oslo_concurrency/lockutils.py:538}}
Mar 30 21:40:26.133473 np0000161673 devstack@n-api-meta.service[107493]: DEBUG oslo_concurrency.lockutils [None req-f6b4854d-ab6f-4748-81df-4516a270fd34 None None] Acquiring lock "4c6ac179-7d51-4122-b310-29ef002dac85" by "nova.context.set_target_cell..get_or_set_cached_cell_and_set_connections" {{(pid=107493) inner /opt/stack/data/venv/lib/python3.12/site-packages/oslo_concurrency/lockutils.py:506}}
Mar 30 21:40:26.133598 np0000161673 devstack@n-api-meta.service[107493]: DEBUG oslo_concurrency.lockutils [None req-f6b4854d-ab6f-4748-81df-4516a270fd34 None None] Lock "4c6ac179-7d51-4122-b310-29ef002dac85" acquired by "nova.context.set_target_cell..get_or_set_cached_cell_and_set_connections" :: waited 0.000s {{(pid=107493) inner /opt/stack/data/venv/lib/python3.12/site-packages/oslo_concurrency/lockutils.py:519}}
Mar 30 21:40:26.134665 np0000161673 devstack@n-api-meta.service[107493]: DEBUG oslo_concurrency.lockutils [None req-f6b4854d-ab6f-4748-81df-4516a270fd34 None None] Lock "4c6ac179-7d51-4122-b310-29ef002dac85" "released" by "nova.context.set_target_cell..get_or_set_cached_cell_and_set_connections" :: held 0.001s {{(pid=107493) inner /opt/stack/data/venv/lib/python3.12/site-packages/oslo_concurrency/lockutils.py:538}}
Mar 30 21:40:26.138775 np0000161673 devstack@n-api-meta.service[107493]: INFO dbcounter [None req-f6b4854d-ab6f-4748-81df-4516a270fd34 None None] Registered counter for database nova_cell0
Mar 30 21:40:26.151500 np0000161673 devstack@n-api-meta.service[107493]: INFO dbcounter [None req-f6b4854d-ab6f-4748-81df-4516a270fd34 None None] Registered counter for database nova_cell1
Mar 30 21:40:26.157817 np0000161673 devstack@n-api-meta.service[107493]: DEBUG oslo_db.sqlalchemy.engines [None req-f6b4854d-ab6f-4748-81df-4516a270fd34 None None] MySQL server mode set to STRICT_TRANS_TABLES,STRICT_ALL_TABLES,NO_ZERO_IN_DATE,NO_ZERO_DATE,ERROR_FOR_DIVISION_BY_ZERO,TRADITIONAL,NO_ENGINE_SUBSTITUTION {{(pid=107493) _check_effective_sql_mode /opt/stack/data/venv/lib/python3.12/site-packages/oslo_db/sqlalchemy/engines.py:325}}
Mar 30 21:40:26.165607 np0000161673 devstack@n-api-meta.service[107495]: DEBUG dbcounter [-] [107495] Writer thread running {{(pid=107495) stat_writer /opt/stack/data/venv/lib/python3.12/site-packages/dbcounter.py:102}}
Mar 30 21:40:26.169781 np0000161673 devstack@n-api-meta.service[107495]: DEBUG nova.context [None req-4ec98662-68d8-4f38-9283-7f66342eb577 None None] Found 2 cells: 00000000-0000-0000-0000-000000000000(cell0),4c6ac179-7d51-4122-b310-29ef002dac85(cell1) {{(pid=107495) load_cells /opt/stack/nova/nova/context.py:509}}
Mar 30 21:40:26.170252 np0000161673 devstack@n-api-meta.service[107495]: INFO nova.utils [None req-4ec98662-68d8-4f38-9283-7f66342eb577 None None] The cell worker thread pool MainProcess.cell_worker is initialized
Mar 30 21:40:26.172840 np0000161673 devstack@n-api-meta.service[107494]: DEBUG dbcounter [-] [107494] Writer thread running {{(pid=107494) stat_writer /opt/stack/data/venv/lib/python3.12/site-packages/dbcounter.py:102}}
Mar 30 21:40:26.173734 np0000161673 devstack@n-api-meta.service[107495]: DEBUG oslo_concurrency.lockutils [None req-4ec98662-68d8-4f38-9283-7f66342eb577 None None] Acquiring lock "00000000-0000-0000-0000-000000000000" by "nova.context.set_target_cell..get_or_set_cached_cell_and_set_connections" {{(pid=107495) inner /opt/stack/data/venv/lib/python3.12/site-packages/oslo_concurrency/lockutils.py:506}}
Mar 30 21:40:26.174068 np0000161673 devstack@n-api-meta.service[107495]: DEBUG oslo_concurrency.lockutils [None req-4ec98662-68d8-4f38-9283-7f66342eb577 None None] Lock "00000000-0000-0000-0000-000000000000" acquired by "nova.context.set_target_cell..get_or_set_cached_cell_and_set_connections" :: waited 0.000s {{(pid=107495) inner /opt/stack/data/venv/lib/python3.12/site-packages/oslo_concurrency/lockutils.py:519}}
Mar 30 21:40:26.174845 np0000161673 devstack@n-api-meta.service[107495]: DEBUG oslo_concurrency.lockutils [None req-4ec98662-68d8-4f38-9283-7f66342eb577 None None] Lock "00000000-0000-0000-0000-000000000000" "released" by "nova.context.set_target_cell..get_or_set_cached_cell_and_set_connections" :: held 0.001s {{(pid=107495) inner /opt/stack/data/venv/lib/python3.12/site-packages/oslo_concurrency/lockutils.py:538}}
Mar 30 21:40:26.176221 np0000161673 devstack@n-api-meta.service[107495]: DEBUG oslo_concurrency.lockutils [None req-4ec98662-68d8-4f38-9283-7f66342eb577 None None] Acquiring lock "4c6ac179-7d51-4122-b310-29ef002dac85" by "nova.context.set_target_cell..get_or_set_cached_cell_and_set_connections" {{(pid=107495) inner /opt/stack/data/venv/lib/python3.12/site-packages/oslo_concurrency/lockutils.py:506}}
Mar 30 21:40:26.176489 np0000161673 devstack@n-api-meta.service[107495]: DEBUG oslo_concurrency.lockutils [None req-4ec98662-68d8-4f38-9283-7f66342eb577 None None] Lock "4c6ac179-7d51-4122-b310-29ef002dac85" acquired by "nova.context.set_target_cell..get_or_set_cached_cell_and_set_connections" :: waited 0.000s {{(pid=107495) inner /opt/stack/data/venv/lib/python3.12/site-packages/oslo_concurrency/lockutils.py:519}}
Mar 30 21:40:26.176570 np0000161673 devstack@n-api-meta.service[107494]: DEBUG nova.context [None req-eef9ffde-341f-4488-ac84-5ff51f3f822e None None] Found 2 cells: 00000000-0000-0000-0000-000000000000(cell0),4c6ac179-7d51-4122-b310-29ef002dac85(cell1) {{(pid=107494) load_cells /opt/stack/nova/nova/context.py:509}}
Mar 30 21:40:26.176997 np0000161673 devstack@n-api-meta.service[107494]: INFO nova.utils [None req-eef9ffde-341f-4488-ac84-5ff51f3f822e None None] The cell worker thread pool MainProcess.cell_worker is initialized
Mar 30 21:40:26.178082 np0000161673 devstack@n-api-meta.service[107495]: DEBUG oslo_concurrency.lockutils [None req-4ec98662-68d8-4f38-9283-7f66342eb577 None None] Lock "4c6ac179-7d51-4122-b310-29ef002dac85" "released" by "nova.context.set_target_cell..get_or_set_cached_cell_and_set_connections" :: held 0.001s {{(pid=107495) inner /opt/stack/data/venv/lib/python3.12/site-packages/oslo_concurrency/lockutils.py:538}}
Mar 30 21:40:26.180179 np0000161673 devstack@n-api-meta.service[107494]: DEBUG oslo_concurrency.lockutils [None req-eef9ffde-341f-4488-ac84-5ff51f3f822e None None] Acquiring lock "00000000-0000-0000-0000-000000000000" by "nova.context.set_target_cell..get_or_set_cached_cell_and_set_connections" {{(pid=107494) inner /opt/stack/data/venv/lib/python3.12/site-packages/oslo_concurrency/lockutils.py:506}}
Mar 30 21:40:26.180444 np0000161673 devstack@n-api-meta.service[107494]: DEBUG oslo_concurrency.lockutils [None req-eef9ffde-341f-4488-ac84-5ff51f3f822e None None] Lock "00000000-0000-0000-0000-000000000000" acquired by "nova.context.set_target_cell..get_or_set_cached_cell_and_set_connections" :: waited 0.000s {{(pid=107494) inner /opt/stack/data/venv/lib/python3.12/site-packages/oslo_concurrency/lockutils.py:519}}
Mar 30 21:40:26.181043 np0000161673 devstack@n-api-meta.service[107494]: DEBUG oslo_concurrency.lockutils [None req-eef9ffde-341f-4488-ac84-5ff51f3f822e None None] Lock "00000000-0000-0000-0000-000000000000" "released" by "nova.context.set_target_cell..get_or_set_cached_cell_and_set_connections" :: held 0.001s {{(pid=107494) inner /opt/stack/data/venv/lib/python3.12/site-packages/oslo_concurrency/lockutils.py:538}}
Mar 30 21:40:26.181409 np0000161673 devstack@n-api-meta.service[107495]: INFO dbcounter [None req-4ec98662-68d8-4f38-9283-7f66342eb577 None None] Registered counter for database nova_cell0
Mar 30 21:40:26.182111 np0000161673 devstack@n-api-meta.service[107494]: DEBUG oslo_concurrency.lockutils [None req-eef9ffde-341f-4488-ac84-5ff51f3f822e None None] Acquiring lock "4c6ac179-7d51-4122-b310-29ef002dac85" by "nova.context.set_target_cell..get_or_set_cached_cell_and_set_connections" {{(pid=107494) inner /opt/stack/data/venv/lib/python3.12/site-packages/oslo_concurrency/lockutils.py:506}}
Mar 30 21:40:26.182394 np0000161673 devstack@n-api-meta.service[107494]: DEBUG oslo_concurrency.lockutils [None req-eef9ffde-341f-4488-ac84-5ff51f3f822e None None] Lock "4c6ac179-7d51-4122-b310-29ef002dac85" acquired by "nova.context.set_target_cell..get_or_set_cached_cell_and_set_connections" :: waited 0.000s {{(pid=107494) inner /opt/stack/data/venv/lib/python3.12/site-packages/oslo_concurrency/lockutils.py:519}}
Mar 30 21:40:26.183729 np0000161673 devstack@n-api-meta.service[107494]: DEBUG oslo_concurrency.lockutils [None req-eef9ffde-341f-4488-ac84-5ff51f3f822e None None] Lock "4c6ac179-7d51-4122-b310-29ef002dac85" "released" by "nova.context.set_target_cell..get_or_set_cached_cell_and_set_connections" :: held 0.001s {{(pid=107494) inner /opt/stack/data/venv/lib/python3.12/site-packages/oslo_concurrency/lockutils.py:538}}
Mar 30 21:40:26.185730 np0000161673 devstack@n-api-meta.service[107495]: INFO dbcounter [None req-4ec98662-68d8-4f38-9283-7f66342eb577 None None] Registered counter for database nova_cell1
Mar 30 21:40:26.186602 np0000161673 devstack@n-api-meta.service[107494]: INFO dbcounter [None req-eef9ffde-341f-4488-ac84-5ff51f3f822e None None] Registered counter for database nova_cell0
Mar 30 21:40:26.187811 np0000161673 devstack@n-api-meta.service[107493]: DEBUG oslo_db.sqlalchemy.engines [None req-f6b4854d-ab6f-4748-81df-4516a270fd34 None None] MySQL server mode set to STRICT_TRANS_TABLES,STRICT_ALL_TABLES,NO_ZERO_IN_DATE,NO_ZERO_DATE,ERROR_FOR_DIVISION_BY_ZERO,TRADITIONAL,NO_ENGINE_SUBSTITUTION {{(pid=107493) _check_effective_sql_mode /opt/stack/data/venv/lib/python3.12/site-packages/oslo_db/sqlalchemy/engines.py:325}}
Mar 30 21:40:26.192842 np0000161673 devstack@n-api-meta.service[107494]: INFO dbcounter [None req-eef9ffde-341f-4488-ac84-5ff51f3f822e None None] Registered counter for database nova_cell1
Mar 30 21:40:26.201011 np0000161673 devstack@n-api-meta.service[107495]: DEBUG oslo_db.sqlalchemy.engines [None req-4ec98662-68d8-4f38-9283-7f66342eb577 None None] MySQL server mode set to STRICT_TRANS_TABLES,STRICT_ALL_TABLES,NO_ZERO_IN_DATE,NO_ZERO_DATE,ERROR_FOR_DIVISION_BY_ZERO,TRADITIONAL,NO_ENGINE_SUBSTITUTION {{(pid=107495) _check_effective_sql_mode /opt/stack/data/venv/lib/python3.12/site-packages/oslo_db/sqlalchemy/engines.py:325}}
Mar 30 21:40:26.210189 np0000161673 devstack@n-api-meta.service[107494]: DEBUG oslo_db.sqlalchemy.engines [None req-eef9ffde-341f-4488-ac84-5ff51f3f822e None None] MySQL server mode set to STRICT_TRANS_TABLES,STRICT_ALL_TABLES,NO_ZERO_IN_DATE,NO_ZERO_DATE,ERROR_FOR_DIVISION_BY_ZERO,TRADITIONAL,NO_ENGINE_SUBSTITUTION {{(pid=107494) _check_effective_sql_mode /opt/stack/data/venv/lib/python3.12/site-packages/oslo_db/sqlalchemy/engines.py:325}}
Mar 30 21:40:26.212816 np0000161673 devstack@n-api-meta.service[107495]: DEBUG oslo_db.sqlalchemy.engines [None req-4ec98662-68d8-4f38-9283-7f66342eb577 None None] MySQL server mode set to STRICT_TRANS_TABLES,STRICT_ALL_TABLES,NO_ZERO_IN_DATE,NO_ZERO_DATE,ERROR_FOR_DIVISION_BY_ZERO,TRADITIONAL,NO_ENGINE_SUBSTITUTION {{(pid=107495) _check_effective_sql_mode /opt/stack/data/venv/lib/python3.12/site-packages/oslo_db/sqlalchemy/engines.py:325}}
Mar 30 21:40:26.230206 np0000161673 devstack@n-api-meta.service[107494]: DEBUG oslo_db.sqlalchemy.engines [None req-eef9ffde-341f-4488-ac84-5ff51f3f822e None None] MySQL server mode set to STRICT_TRANS_TABLES,STRICT_ALL_TABLES,NO_ZERO_IN_DATE,NO_ZERO_DATE,ERROR_FOR_DIVISION_BY_ZERO,TRADITIONAL,NO_ENGINE_SUBSTITUTION {{(pid=107494) _check_effective_sql_mode /opt/stack/data/venv/lib/python3.12/site-packages/oslo_db/sqlalchemy/engines.py:325}}
Mar 30 21:40:26.259079 np0000161673 devstack@n-api-meta.service[107492]: DEBUG dbcounter [-] [107492] Writer thread running {{(pid=107492) stat_writer /opt/stack/data/venv/lib/python3.12/site-packages/dbcounter.py:102}}
Mar 30 21:40:26.259708 np0000161673 devstack@n-api-meta.service[107492]: DEBUG dbcounter [-] [107492] Writer thread running {{(pid=107492) stat_writer /opt/stack/data/venv/lib/python3.12/site-packages/dbcounter.py:102}}
Mar 30 21:40:26.265631 np0000161673 devstack@n-api-meta.service[107492]: INFO dbcounter [None req-72fd4d62-ba09-4214-aae4-4b6cb986e4e0 None None] Registered counter for database nova_cell0
Mar 30 21:40:26.282863 np0000161673 devstack@n-api-meta.service[107492]: DEBUG oslo_db.sqlalchemy.engines [None req-72fd4d62-ba09-4214-aae4-4b6cb986e4e0 None None] MySQL server mode set to STRICT_TRANS_TABLES,STRICT_ALL_TABLES,NO_ZERO_IN_DATE,NO_ZERO_DATE,ERROR_FOR_DIVISION_BY_ZERO,TRADITIONAL,NO_ENGINE_SUBSTITUTION {{(pid=107492) _check_effective_sql_mode /opt/stack/data/venv/lib/python3.12/site-packages/oslo_db/sqlalchemy/engines.py:325}}
Mar 30 21:40:26.290438 np0000161673 devstack@n-api-meta.service[107492]: DEBUG dbcounter [-] [107492] Writer thread running {{(pid=107492) stat_writer /opt/stack/data/venv/lib/python3.12/site-packages/dbcounter.py:102}}
Mar 30 21:40:26.292019 np0000161673 devstack@n-api-meta.service[107493]: DEBUG dbcounter [-] [107493] Writer thread running {{(pid=107493) stat_writer /opt/stack/data/venv/lib/python3.12/site-packages/dbcounter.py:102}}
Mar 30 21:40:26.293921 np0000161673 devstack@n-api-meta.service[107493]: DEBUG dbcounter [-] [107493] Writer thread running {{(pid=107493) stat_writer /opt/stack/data/venv/lib/python3.12/site-packages/dbcounter.py:102}}
Mar 30 21:40:26.301421 np0000161673 devstack@n-api-meta.service[107493]: INFO dbcounter [None req-f6b4854d-ab6f-4748-81df-4516a270fd34 None None] Registered counter for database nova_cell0
Mar 30 21:40:26.311229 np0000161673 devstack@n-api-meta.service[107495]: DEBUG dbcounter [-] [107495] Writer thread running {{(pid=107495) stat_writer /opt/stack/data/venv/lib/python3.12/site-packages/dbcounter.py:102}}
Mar 30 21:40:26.311519 np0000161673 devstack@n-api-meta.service[107493]: DEBUG oslo_db.sqlalchemy.engines [None req-f6b4854d-ab6f-4748-81df-4516a270fd34 None None] MySQL server mode set to STRICT_TRANS_TABLES,STRICT_ALL_TABLES,NO_ZERO_IN_DATE,NO_ZERO_DATE,ERROR_FOR_DIVISION_BY_ZERO,TRADITIONAL,NO_ENGINE_SUBSTITUTION {{(pid=107493) _check_effective_sql_mode /opt/stack/data/venv/lib/python3.12/site-packages/oslo_db/sqlalchemy/engines.py:325}}
Mar 30 21:40:26.314901 np0000161673 devstack@n-api-meta.service[107495]: DEBUG dbcounter [-] [107495] Writer thread running {{(pid=107495) stat_writer /opt/stack/data/venv/lib/python3.12/site-packages/dbcounter.py:102}}
Mar 30 21:40:26.319563 np0000161673 devstack@n-api-meta.service[107495]: INFO dbcounter [None req-4ec98662-68d8-4f38-9283-7f66342eb577 None None] Registered counter for database nova_cell0
Mar 30 21:40:26.320664 np0000161673 devstack@n-api-meta.service[107493]: DEBUG dbcounter [-] [107493] Writer thread running {{(pid=107493) stat_writer /opt/stack/data/venv/lib/python3.12/site-packages/dbcounter.py:102}}
Mar 30 21:40:26.334925 np0000161673 devstack@n-api-meta.service[107495]: DEBUG oslo_db.sqlalchemy.engines [None req-4ec98662-68d8-4f38-9283-7f66342eb577 None None] MySQL server mode set to STRICT_TRANS_TABLES,STRICT_ALL_TABLES,NO_ZERO_IN_DATE,NO_ZERO_DATE,ERROR_FOR_DIVISION_BY_ZERO,TRADITIONAL,NO_ENGINE_SUBSTITUTION {{(pid=107495) _check_effective_sql_mode /opt/stack/data/venv/lib/python3.12/site-packages/oslo_db/sqlalchemy/engines.py:325}}
Mar 30 21:40:26.336057 np0000161673 devstack@n-api-meta.service[107494]: DEBUG dbcounter [-] [107494] Writer thread running {{(pid=107494) stat_writer /opt/stack/data/venv/lib/python3.12/site-packages/dbcounter.py:102}}
Mar 30 21:40:26.336805 np0000161673 devstack@n-api-meta.service[107494]: DEBUG dbcounter [-] [107494] Writer thread running {{(pid=107494) stat_writer /opt/stack/data/venv/lib/python3.12/site-packages/dbcounter.py:102}}
Mar 30 21:40:26.343161 np0000161673 devstack@n-api-meta.service[107494]: INFO dbcounter [None req-eef9ffde-341f-4488-ac84-5ff51f3f822e None None] Registered counter for database nova_cell0
Mar 30 21:40:26.345557 np0000161673 devstack@n-api-meta.service[107495]: DEBUG dbcounter [-] [107495] Writer thread running {{(pid=107495) stat_writer /opt/stack/data/venv/lib/python3.12/site-packages/dbcounter.py:102}}
Mar 30 21:40:26.346766 np0000161673 devstack@n-api-meta.service[107492]: WARNING nova.api.metadata.handler [None req-72fd4d62-ba09-4214-aae4-4b6cb986e4e0 None None] metadata_proxy_shared_secret is not configured, the metadata information returned by the proxy cannot be trusted
Mar 30 21:40:26.349636 np0000161673 devstack@n-api-meta.service[107492]: DEBUG nova.api.openstack.wsgi_app [None req-72fd4d62-ba09-4214-aae4-4b6cb986e4e0 None None] ******************************************************************************** {{(pid=107492) log_opt_values /opt/stack/data/venv/lib/python3.12/site-packages/oslo_config/cfg.py:2979}}
Mar 30 21:40:26.349758 np0000161673 devstack@n-api-meta.service[107492]: DEBUG nova.api.openstack.wsgi_app [None req-72fd4d62-ba09-4214-aae4-4b6cb986e4e0 None None] Configuration options gathered from: {{(pid=107492) log_opt_values /opt/stack/data/venv/lib/python3.12/site-packages/oslo_config/cfg.py:2980}}
Mar 30 21:40:26.349872 np0000161673 devstack@n-api-meta.service[107492]: DEBUG nova.api.openstack.wsgi_app [None req-72fd4d62-ba09-4214-aae4-4b6cb986e4e0 None None] command line args: [] {{(pid=107492) log_opt_values /opt/stack/data/venv/lib/python3.12/site-packages/oslo_config/cfg.py:2981}}
Mar 30 21:40:26.350034 np0000161673 devstack@n-api-meta.service[107492]: DEBUG nova.api.openstack.wsgi_app [None req-72fd4d62-ba09-4214-aae4-4b6cb986e4e0 None None] config files: ['/etc/nova/api-paste.ini', '/etc/nova/nova.conf'] {{(pid=107492) log_opt_values /opt/stack/data/venv/lib/python3.12/site-packages/oslo_config/cfg.py:2982}}
Mar 30 21:40:26.350142 np0000161673 devstack@n-api-meta.service[107492]: DEBUG nova.api.openstack.wsgi_app [None req-72fd4d62-ba09-4214-aae4-4b6cb986e4e0 None None] ================================================================================ {{(pid=107492) log_opt_values /opt/stack/data/venv/lib/python3.12/site-packages/oslo_config/cfg.py:2987}}
Mar 30 21:40:26.350384 np0000161673 devstack@n-api-meta.service[107492]: DEBUG nova.api.openstack.wsgi_app [None req-72fd4d62-ba09-4214-aae4-4b6cb986e4e0 None None] allow_resize_to_same_host = True {{(pid=107492) log_opt_values /opt/stack/data/venv/lib/python3.12/site-packages/oslo_config/cfg.py:2995}}
Mar 30 21:40:26.350545 np0000161673 devstack@n-api-meta.service[107492]: DEBUG nova.api.openstack.wsgi_app [None req-72fd4d62-ba09-4214-aae4-4b6cb986e4e0 None None] arq_binding_timeout = 300 {{(pid=107492) log_opt_values /opt/stack/data/venv/lib/python3.12/site-packages/oslo_config/cfg.py:2995}}
Mar 30 21:40:26.350678 np0000161673 devstack@n-api-meta.service[107492]: DEBUG nova.api.openstack.wsgi_app [None req-72fd4d62-ba09-4214-aae4-4b6cb986e4e0 None None] block_device_allocate_retries = 60 {{(pid=107492) log_opt_values /opt/stack/data/venv/lib/python3.12/site-packages/oslo_config/cfg.py:2995}}
Mar 30 21:40:26.350812 np0000161673 devstack@n-api-meta.service[107492]: DEBUG nova.api.openstack.wsgi_app [None req-72fd4d62-ba09-4214-aae4-4b6cb986e4e0 None None] block_device_allocate_retries_interval = 3 {{(pid=107492) log_opt_values /opt/stack/data/venv/lib/python3.12/site-packages/oslo_config/cfg.py:2995}}
Mar 30 21:40:26.350945 np0000161673 devstack@n-api-meta.service[107492]: DEBUG nova.api.openstack.wsgi_app [None req-72fd4d62-ba09-4214-aae4-4b6cb986e4e0 None None] cell_worker_thread_pool_size = 5 {{(pid=107492) log_opt_values /opt/stack/data/venv/lib/python3.12/site-packages/oslo_config/cfg.py:2995}}
Mar 30 21:40:26.351085 np0000161673 devstack@n-api-meta.service[107492]: DEBUG nova.api.openstack.wsgi_app [None req-72fd4d62-ba09-4214-aae4-4b6cb986e4e0 None None] cert = self.pem {{(pid=107492) log_opt_values /opt/stack/data/venv/lib/python3.12/site-packages/oslo_config/cfg.py:2995}}
Mar 30 21:40:26.351222 np0000161673 devstack@n-api-meta.service[107492]: DEBUG nova.api.openstack.wsgi_app [None req-72fd4d62-ba09-4214-aae4-4b6cb986e4e0 None None] compute_driver = libvirt.LibvirtDriver {{(pid=107492) log_opt_values /opt/stack/data/venv/lib/python3.12/site-packages/oslo_config/cfg.py:2995}}
Mar 30 21:40:26.351381 np0000161673 devstack@n-api-meta.service[107492]: DEBUG nova.api.openstack.wsgi_app [None req-72fd4d62-ba09-4214-aae4-4b6cb986e4e0 None None] compute_monitors = [] {{(pid=107492) log_opt_values /opt/stack/data/venv/lib/python3.12/site-packages/oslo_config/cfg.py:2995}}
Mar 30 21:40:26.351535 np0000161673 devstack@n-api-meta.service[107492]: DEBUG nova.api.openstack.wsgi_app [None req-72fd4d62-ba09-4214-aae4-4b6cb986e4e0 None None] config_dir = [] {{(pid=107492) log_opt_values /opt/stack/data/venv/lib/python3.12/site-packages/oslo_config/cfg.py:2995}}
Mar 30 21:40:26.351674 np0000161673 devstack@n-api-meta.service[107492]: DEBUG nova.api.openstack.wsgi_app [None req-72fd4d62-ba09-4214-aae4-4b6cb986e4e0 None None] config_drive_format = iso9660 {{(pid=107492) log_opt_values /opt/stack/data/venv/lib/python3.12/site-packages/oslo_config/cfg.py:2995}}
Mar 30 21:40:26.351783 np0000161673 devstack@n-api-meta.service[107492]: DEBUG nova.api.openstack.wsgi_app [None req-72fd4d62-ba09-4214-aae4-4b6cb986e4e0 None None] config_file = ['/etc/nova/api-paste.ini', '/etc/nova/nova.conf'] {{(pid=107492) log_opt_values /opt/stack/data/venv/lib/python3.12/site-packages/oslo_config/cfg.py:2995}}
Mar 30 21:40:26.351916 np0000161673 devstack@n-api-meta.service[107492]: DEBUG nova.api.openstack.wsgi_app [None req-72fd4d62-ba09-4214-aae4-4b6cb986e4e0 None None] config_source = [] {{(pid=107492) log_opt_values /opt/stack/data/venv/lib/python3.12/site-packages/oslo_config/cfg.py:2995}}
Mar 30 21:40:26.352068 np0000161673 devstack@n-api-meta.service[107492]: DEBUG nova.api.openstack.wsgi_app [None req-72fd4d62-ba09-4214-aae4-4b6cb986e4e0 None None] console_host = np0000161673 {{(pid=107492) log_opt_values /opt/stack/data/venv/lib/python3.12/site-packages/oslo_config/cfg.py:2995}}
Mar 30 21:40:26.352301 np0000161673 devstack@n-api-meta.service[107492]: DEBUG nova.api.openstack.wsgi_app [None req-72fd4d62-ba09-4214-aae4-4b6cb986e4e0 None None] control_exchange = nova {{(pid=107492) log_opt_values /opt/stack/data/venv/lib/python3.12/site-packages/oslo_config/cfg.py:2995}}
Mar 30 21:40:26.352475 np0000161673 devstack@n-api-meta.service[107492]: DEBUG nova.api.openstack.wsgi_app [None req-72fd4d62-ba09-4214-aae4-4b6cb986e4e0 None None] cpu_allocation_ratio = None {{(pid=107492) log_opt_values /opt/stack/data/venv/lib/python3.12/site-packages/oslo_config/cfg.py:2995}}
Mar 30 21:40:26.352617 np0000161673 devstack@n-api-meta.service[107492]: DEBUG nova.api.openstack.wsgi_app [None req-72fd4d62-ba09-4214-aae4-4b6cb986e4e0 None None] daemon = False {{(pid=107492) log_opt_values /opt/stack/data/venv/lib/python3.12/site-packages/oslo_config/cfg.py:2995}}
Mar 30 21:40:26.352956 np0000161673 devstack@n-api-meta.service[107492]: DEBUG nova.api.openstack.wsgi_app [None req-72fd4d62-ba09-4214-aae4-4b6cb986e4e0 None None] debug = True {{(pid=107492) log_opt_values /opt/stack/data/venv/lib/python3.12/site-packages/oslo_config/cfg.py:2995}}
Mar 30 21:40:26.353100 np0000161673 devstack@n-api-meta.service[107492]: DEBUG nova.api.openstack.wsgi_app [None req-72fd4d62-ba09-4214-aae4-4b6cb986e4e0 None None] default_access_ip_network_name = None {{(pid=107492) log_opt_values /opt/stack/data/venv/lib/python3.12/site-packages/oslo_config/cfg.py:2995}}
Mar 30 21:40:26.353359 np0000161673 devstack@n-api-meta.service[107492]: DEBUG nova.api.openstack.wsgi_app [None req-72fd4d62-ba09-4214-aae4-4b6cb986e4e0 None None] default_availability_zone = nova {{(pid=107492) log_opt_values /opt/stack/data/venv/lib/python3.12/site-packages/oslo_config/cfg.py:2995}}
Mar 30 21:40:26.353446 np0000161673 devstack@n-api-meta.service[107492]: DEBUG nova.api.openstack.wsgi_app [None req-72fd4d62-ba09-4214-aae4-4b6cb986e4e0 None None] default_ephemeral_format = ext4 {{(pid=107492) log_opt_values /opt/stack/data/venv/lib/python3.12/site-packages/oslo_config/cfg.py:2995}}
Mar 30 21:40:26.353537 np0000161673 devstack@n-api-meta.service[107492]: DEBUG nova.api.openstack.wsgi_app [None req-72fd4d62-ba09-4214-aae4-4b6cb986e4e0 None None] default_green_pool_size = 1000 {{(pid=107492) log_opt_values /opt/stack/data/venv/lib/python3.12/site-packages/oslo_config/cfg.py:2995}}
Mar 30 21:40:26.353797 np0000161673 devstack@n-api-meta.service[107492]: DEBUG nova.api.openstack.wsgi_app [None req-72fd4d62-ba09-4214-aae4-4b6cb986e4e0 None None] default_log_levels = ['amqp=WARN', 'boto=WARN', 'sqlalchemy=WARN', 'suds=INFO', 'oslo.messaging=INFO', 'oslo_messaging=INFO', 'iso8601=WARN', 'requests.packages.urllib3.connectionpool=WARN', 'urllib3.connectionpool=WARN', 'websocket=WARN', 'requests.packages.urllib3.util.retry=WARN', 'urllib3.util.retry=WARN', 'keystonemiddleware=WARN', 'routes.middleware=WARN', 'stevedore=WARN', 'taskflow=WARN', 'keystoneauth=WARN', 'oslo.cache=INFO', 'oslo_policy=INFO', 'dogpile.core.dogpile=INFO', 'glanceclient=WARN', 'oslo.privsep.daemon=INFO'] {{(pid=107492) log_opt_values /opt/stack/data/venv/lib/python3.12/site-packages/oslo_config/cfg.py:2995}}
Mar 30 21:40:26.353928 np0000161673 devstack@n-api-meta.service[107492]: DEBUG nova.api.openstack.wsgi_app [None req-72fd4d62-ba09-4214-aae4-4b6cb986e4e0 None None] default_schedule_zone = None {{(pid=107492) log_opt_values /opt/stack/data/venv/lib/python3.12/site-packages/oslo_config/cfg.py:2995}}
Mar 30 21:40:26.354084 np0000161673 devstack@n-api-meta.service[107492]: DEBUG nova.api.openstack.wsgi_app [None req-72fd4d62-ba09-4214-aae4-4b6cb986e4e0 None None] default_thread_pool_size = 10 {{(pid=107492) log_opt_values /opt/stack/data/venv/lib/python3.12/site-packages/oslo_config/cfg.py:2995}}
Mar 30 21:40:26.354217 np0000161673 devstack@n-api-meta.service[107492]: DEBUG nova.api.openstack.wsgi_app [None req-72fd4d62-ba09-4214-aae4-4b6cb986e4e0 None None] disk_allocation_ratio = None {{(pid=107492) log_opt_values /opt/stack/data/venv/lib/python3.12/site-packages/oslo_config/cfg.py:2995}}
Mar 30 21:40:26.354372 np0000161673 devstack@n-api-meta.service[107492]: DEBUG nova.api.openstack.wsgi_app [None req-72fd4d62-ba09-4214-aae4-4b6cb986e4e0 None None] enable_new_services = True {{(pid=107492) log_opt_values /opt/stack/data/venv/lib/python3.12/site-packages/oslo_config/cfg.py:2995}}
Mar 30 21:40:26.354548 np0000161673 devstack@n-api-meta.service[107492]: DEBUG nova.api.openstack.wsgi_app [None req-72fd4d62-ba09-4214-aae4-4b6cb986e4e0 None None] flat_injected = False {{(pid=107492) log_opt_values /opt/stack/data/venv/lib/python3.12/site-packages/oslo_config/cfg.py:2995}}
Mar 30 21:40:26.354679 np0000161673 devstack@n-api-meta.service[107492]: DEBUG nova.api.openstack.wsgi_app [None req-72fd4d62-ba09-4214-aae4-4b6cb986e4e0 None None] force_config_drive = False {{(pid=107492) log_opt_values /opt/stack/data/venv/lib/python3.12/site-packages/oslo_config/cfg.py:2995}}
Mar 30 21:40:26.354809 np0000161673 devstack@n-api-meta.service[107492]: DEBUG nova.api.openstack.wsgi_app [None req-72fd4d62-ba09-4214-aae4-4b6cb986e4e0 None None] force_raw_images = True {{(pid=107492) log_opt_values /opt/stack/data/venv/lib/python3.12/site-packages/oslo_config/cfg.py:2995}}
Mar 30 21:40:26.354971 np0000161673 devstack@n-api-meta.service[107492]: DEBUG nova.api.openstack.wsgi_app [None req-72fd4d62-ba09-4214-aae4-4b6cb986e4e0 None None] graceful_shutdown_timeout = 5 {{(pid=107492) log_opt_values /opt/stack/data/venv/lib/python3.12/site-packages/oslo_config/cfg.py:2995}}
Mar 30 21:40:26.355120 np0000161673 devstack@n-api-meta.service[107492]: DEBUG nova.api.openstack.wsgi_app [None req-72fd4d62-ba09-4214-aae4-4b6cb986e4e0 None None] heal_instance_info_cache_interval = -1 {{(pid=107492) log_opt_values /opt/stack/data/venv/lib/python3.12/site-packages/oslo_config/cfg.py:2995}}
Mar 30 21:40:26.355342 np0000161673 devstack@n-api-meta.service[107492]: DEBUG nova.api.openstack.wsgi_app [None req-72fd4d62-ba09-4214-aae4-4b6cb986e4e0 None None] host = np0000161673 {{(pid=107492) log_opt_values /opt/stack/data/venv/lib/python3.12/site-packages/oslo_config/cfg.py:2995}}
Mar 30 21:40:26.355385 np0000161673 devstack@n-api-meta.service[107493]: WARNING nova.api.metadata.handler [None req-f6b4854d-ab6f-4748-81df-4516a270fd34 None None] metadata_proxy_shared_secret is not configured, the metadata information returned by the proxy cannot be trusted
Mar 30 21:40:26.355483 np0000161673 devstack@n-api-meta.service[107492]: DEBUG nova.api.openstack.wsgi_app [None req-72fd4d62-ba09-4214-aae4-4b6cb986e4e0 None None] initial_cpu_allocation_ratio = 4.0 {{(pid=107492) log_opt_values /opt/stack/data/venv/lib/python3.12/site-packages/oslo_config/cfg.py:2995}}
Mar 30 21:40:26.355612 np0000161673 devstack@n-api-meta.service[107492]: DEBUG nova.api.openstack.wsgi_app [None req-72fd4d62-ba09-4214-aae4-4b6cb986e4e0 None None] initial_disk_allocation_ratio = 1.0 {{(pid=107492) log_opt_values /opt/stack/data/venv/lib/python3.12/site-packages/oslo_config/cfg.py:2995}}
Mar 30 21:40:26.355742 np0000161673 devstack@n-api-meta.service[107492]: DEBUG nova.api.openstack.wsgi_app [None req-72fd4d62-ba09-4214-aae4-4b6cb986e4e0 None None] initial_ram_allocation_ratio = 1.0 {{(pid=107492) log_opt_values /opt/stack/data/venv/lib/python3.12/site-packages/oslo_config/cfg.py:2995}}
Mar 30 21:40:26.355966 np0000161673 devstack@n-api-meta.service[107492]: DEBUG nova.api.openstack.wsgi_app [None req-72fd4d62-ba09-4214-aae4-4b6cb986e4e0 None None] injected_network_template = /opt/stack/nova/nova/virt/interfaces.template {{(pid=107492) log_opt_values /opt/stack/data/venv/lib/python3.12/site-packages/oslo_config/cfg.py:2995}}
Mar 30 21:40:26.356130 np0000161673 devstack@n-api-meta.service[107492]: DEBUG nova.api.openstack.wsgi_app [None req-72fd4d62-ba09-4214-aae4-4b6cb986e4e0 None None] instance_build_timeout = 0 {{(pid=107492) log_opt_values /opt/stack/data/venv/lib/python3.12/site-packages/oslo_config/cfg.py:2995}}
Mar 30 21:40:26.356280 np0000161673 devstack@n-api-meta.service[107492]: DEBUG nova.api.openstack.wsgi_app [None req-72fd4d62-ba09-4214-aae4-4b6cb986e4e0 None None] instance_delete_interval = 300 {{(pid=107492) log_opt_values /opt/stack/data/venv/lib/python3.12/site-packages/oslo_config/cfg.py:2995}}
Mar 30 21:40:26.356467 np0000161673 devstack@n-api-meta.service[107492]: DEBUG nova.api.openstack.wsgi_app [None req-72fd4d62-ba09-4214-aae4-4b6cb986e4e0 None None] instance_format = [instance: %(uuid)s] {{(pid=107492) log_opt_values /opt/stack/data/venv/lib/python3.12/site-packages/oslo_config/cfg.py:2995}}
Mar 30 21:40:26.356610 np0000161673 devstack@n-api-meta.service[107492]: DEBUG nova.api.openstack.wsgi_app [None req-72fd4d62-ba09-4214-aae4-4b6cb986e4e0 None None] instance_name_template = instance-%08x {{(pid=107492) log_opt_values /opt/stack/data/venv/lib/python3.12/site-packages/oslo_config/cfg.py:2995}}
Mar 30 21:40:26.356740 np0000161673 devstack@n-api-meta.service[107492]: DEBUG nova.api.openstack.wsgi_app [None req-72fd4d62-ba09-4214-aae4-4b6cb986e4e0 None None] instance_usage_audit = False {{(pid=107492) log_opt_values /opt/stack/data/venv/lib/python3.12/site-packages/oslo_config/cfg.py:2995}}
Mar 30 21:40:26.356878 np0000161673 devstack@n-api-meta.service[107492]: DEBUG nova.api.openstack.wsgi_app [None req-72fd4d62-ba09-4214-aae4-4b6cb986e4e0 None None] instance_usage_audit_period = month {{(pid=107492) log_opt_values /opt/stack/data/venv/lib/python3.12/site-packages/oslo_config/cfg.py:2995}}
Mar 30 21:40:26.357072 np0000161673 devstack@n-api-meta.service[107492]: DEBUG nova.api.openstack.wsgi_app [None req-72fd4d62-ba09-4214-aae4-4b6cb986e4e0 None None] instance_uuid_format = [instance: %(uuid)s] {{(pid=107492) log_opt_values /opt/stack/data/venv/lib/python3.12/site-packages/oslo_config/cfg.py:2995}}
Mar 30 21:40:26.357295 np0000161673 devstack@n-api-meta.service[107492]: DEBUG nova.api.openstack.wsgi_app [None req-72fd4d62-ba09-4214-aae4-4b6cb986e4e0 None None] instances_path = /opt/stack/data/nova/instances {{(pid=107492) log_opt_values /opt/stack/data/venv/lib/python3.12/site-packages/oslo_config/cfg.py:2995}}
Mar 30 21:40:26.357441 np0000161673 devstack@n-api-meta.service[107492]: DEBUG nova.api.openstack.wsgi_app [None req-72fd4d62-ba09-4214-aae4-4b6cb986e4e0 None None] internal_service_availability_zone = internal {{(pid=107492) log_opt_values /opt/stack/data/venv/lib/python3.12/site-packages/oslo_config/cfg.py:2995}}
Mar 30 21:40:26.357759 np0000161673 devstack@n-api-meta.service[107492]: DEBUG nova.api.openstack.wsgi_app [None req-72fd4d62-ba09-4214-aae4-4b6cb986e4e0 None None] key = None {{(pid=107492) log_opt_values /opt/stack/data/venv/lib/python3.12/site-packages/oslo_config/cfg.py:2995}}
Mar 30 21:40:26.357890 np0000161673 devstack@n-api-meta.service[107492]: DEBUG nova.api.openstack.wsgi_app [None req-72fd4d62-ba09-4214-aae4-4b6cb986e4e0 None None] live_migration_retry_count = 30 {{(pid=107492) log_opt_values /opt/stack/data/venv/lib/python3.12/site-packages/oslo_config/cfg.py:2995}}
Mar 30 21:40:26.358030 np0000161673 devstack@n-api-meta.service[107492]: DEBUG nova.api.openstack.wsgi_app [None req-72fd4d62-ba09-4214-aae4-4b6cb986e4e0 None None] log_color = False {{(pid=107492) log_opt_values /opt/stack/data/venv/lib/python3.12/site-packages/oslo_config/cfg.py:2995}}
Mar 30 21:40:26.358187 np0000161673 devstack@n-api-meta.service[107492]: DEBUG nova.api.openstack.wsgi_app [None req-72fd4d62-ba09-4214-aae4-4b6cb986e4e0 None None] log_config_append = None {{(pid=107492) log_opt_values /opt/stack/data/venv/lib/python3.12/site-packages/oslo_config/cfg.py:2995}}
Mar 30 21:40:26.358467 np0000161673 devstack@n-api-meta.service[107492]: DEBUG nova.api.openstack.wsgi_app [None req-72fd4d62-ba09-4214-aae4-4b6cb986e4e0 None None] log_date_format = %Y-%m-%d %H:%M:%S {{(pid=107492) log_opt_values /opt/stack/data/venv/lib/python3.12/site-packages/oslo_config/cfg.py:2995}}
Mar 30 21:40:26.359811 np0000161673 devstack@n-api-meta.service[107492]: DEBUG nova.api.openstack.wsgi_app [None req-72fd4d62-ba09-4214-aae4-4b6cb986e4e0 None None] log_dir = None {{(pid=107492) log_opt_values /opt/stack/data/venv/lib/python3.12/site-packages/oslo_config/cfg.py:2995}}
Mar 30 21:40:26.359811 np0000161673 devstack@n-api-meta.service[107492]: DEBUG nova.api.openstack.wsgi_app [None req-72fd4d62-ba09-4214-aae4-4b6cb986e4e0 None None] log_file = None {{(pid=107492) log_opt_values /opt/stack/data/venv/lib/python3.12/site-packages/oslo_config/cfg.py:2995}}
Mar 30 21:40:26.359811 np0000161673 devstack@n-api-meta.service[107492]: DEBUG nova.api.openstack.wsgi_app [None req-72fd4d62-ba09-4214-aae4-4b6cb986e4e0 None None] log_options = True {{(pid=107492) log_opt_values /opt/stack/data/venv/lib/python3.12/site-packages/oslo_config/cfg.py:2995}}
Mar 30 21:40:26.359811 np0000161673 devstack@n-api-meta.service[107492]: DEBUG nova.api.openstack.wsgi_app [None req-72fd4d62-ba09-4214-aae4-4b6cb986e4e0 None None] log_rotate_interval = 1 {{(pid=107492) log_opt_values /opt/stack/data/venv/lib/python3.12/site-packages/oslo_config/cfg.py:2995}}
