2026-06-12 02:33:49.959 7 INFO neutron_taas.services.taas.taas_plugin [None req-39f43fb7-3dcc-43af-b044-82624959c0d7 88bbe71817784476b79c4a3c15fb4645 a3ddc471060e4378b3da2a1281b156ee - - default default] TaaS: Handle Delete Port: ff5ef517-ab1c-4284-b853-e93b75e7347d
2026-06-12 02:33:49.962 7 INFO neutron_taas.services.taas.tap_mirror_plugin [None req-39f43fb7-3dcc-43af-b044-82624959c0d7 88bbe71817784476b79c4a3c15fb4645 a3ddc471060e4378b3da2a1281b156ee - - default default] Tap Mirror: Handle Delete Port: ff5ef517-ab1c-4284-b853-e93b75e7347d [pid: 7|app: 0|req: 1433/2625] 10.0.0.85 () {32 vars in 725 bytes} [Fri Jun 12 02:33:49 2026] DELETE /v2.0/networks/cd25c684-78ae-424d-b155-a441954b76aa => generated 0 bytes in 341 msecs (HTTP/1.1 204) 3 headers in 131 bytes (1 switches on core 0)
2026-06-12 02:33:50.328 8 INFO neutron.db.ovn_revision_numbers_db [None req-acebe5fc-becd-4c6e-8e53-0ec6d0d7f725 991b08ff5f8346f9ae38ac7c46ea0651 f3becb8fc6034dce93cbd47501460413 - - default default] Successfully bumped revision number for resource 67b3d8e9-55c3-4b5f-b69d-c479ce4c15e1 (type: router_ports) to 1 [pid: 8|app: 0|req: 1193/2626] 10.0.0.85 () {34 vars in 782 bytes} [Fri Jun 12 02:33:47 2026] PUT /v2.0/routers/70c190df-9d4e-4974-b162-0baf6a5e9f6e/add_router_interface => generated 309 bytes in 2389 msecs (HTTP/1.1 200) 4 headers in 157 bytes (1 switches on core 0)
2026-06-12 02:33:50.636 8 WARNING neutron.scheduler.dhcp_agent_scheduler [None req-ed0a9eb6-654b-4b95-9bcb-4777993d469f 991b08ff5f8346f9ae38ac7c46ea0651 f3becb8fc6034dce93cbd47501460413 - - default default] No more DHCP agents
2026-06-12 02:33:50.637 8 WARNING neutron.api.rpc.agentnotifiers.dhcp_rpc_agent_api [None req-ed0a9eb6-654b-4b95-9bcb-4777993d469f 991b08ff5f8346f9ae38ac7c46ea0651 f3becb8fc6034dce93cbd47501460413 - - default default] Unable to schedule network 758fd712-4975-4f06-99fe-ed0ddff57707: no agents available; will retry on subsequent port and subnet creation events.
2026-06-12 02:33:50.827 8 INFO neutron.db.ovn_revision_numbers_db [None req-ed0a9eb6-654b-4b95-9bcb-4777993d469f 991b08ff5f8346f9ae38ac7c46ea0651 f3becb8fc6034dce93cbd47501460413 - - default default] Successfully bumped revision number for resource e54939a0-cdd4-4d51-a5ab-05840badf7da (type: ports) to 1 [pid: 8|app: 0|req: 1194/2627] 10.0.0.85 () {34 vars in 664 bytes} [Fri Jun 12 02:33:50 2026] POST /v2.0/ports => generated 958 bytes in 515 msecs (HTTP/1.1 201) 4 headers in 162 bytes (1 switches on core 0)
2026-06-12 02:33:50.896 7 INFO neutron.db.ovn_revision_numbers_db [None req-db52381b-9ec2-43d4-b881-869c6efa11bf e665740a7c634c83b7a85afe14ebcee1 c1d921a5d8944b49ab742ca70fe50d4a - - default default] Successfully bumped revision number for resource a8b4de03-b728-4eb9-99fe-d0c6043fa172 (type: routers) to 5 [pid: 7|app: 0|req: 1434/2628] 10.0.0.85 () {34 vars in 706 bytes} [Fri Jun 12 02:33:50 2026] POST /v2.0/vpn/ipsec-site-connections => generated 803 bytes in 741 msecs (HTTP/1.1 201) 4 headers in 162 bytes (1 switches on core 0) /var/lib/openstack/lib/python3.12/site-packages/pycadf/identifier.py:70: UserWarning: Invalid uuid: neutron. To ensure interoperability, identifiers should be a valid uuid. warnings.warn(('Invalid uuid: %s. To ensure interoperability, '
2026-06-12 02:33:51.096 8 INFO neutron.db.ovn_revision_numbers_db [None req-37154202-af29-4fbe-9dca-69a60de6d4a7 60cf560dec5449808038f0d81a7436f2 bec6e2282fa34726860b02d4739ee641 - - default default] Successfully bumped revision number for resource d4fa788c-cf3d-4162-ad39-55b8383338f9 (type: security_groups) to 1
2026-06-12 02:33:51.105 8 INFO neutron.db.ovn_revision_numbers_db [None req-37154202-af29-4fbe-9dca-69a60de6d4a7 60cf560dec5449808038f0d81a7436f2 bec6e2282fa34726860b02d4739ee641 - - default default] Successfully bumped revision number for resource 5326a95d-bd6e-4c93-83f5-18655ad0e343 (type: security_group_rules) to 0
2026-06-12 02:33:51.115 8 INFO neutron.db.ovn_revision_numbers_db [None req-37154202-af29-4fbe-9dca-69a60de6d4a7 60cf560dec5449808038f0d81a7436f2 bec6e2282fa34726860b02d4739ee641 - - default default] Successfully bumped revision number for resource 5e57406f-041d-423e-990d-0640de3dcb12 (type: security_group_rules) to 0
2026-06-12 02:33:51.126 8 INFO neutron.db.ovn_revision_numbers_db [None req-37154202-af29-4fbe-9dca-69a60de6d4a7 60cf560dec5449808038f0d81a7436f2 bec6e2282fa34726860b02d4739ee641 - - default default] Successfully bumped revision number for resource 77ef35a5-79bc-4d97-aba1-24ff47145294 (type: security_group_rules) to 0
2026-06-12 02:33:51.137 8 INFO neutron.db.ovn_revision_numbers_db [None req-37154202-af29-4fbe-9dca-69a60de6d4a7 60cf560dec5449808038f0d81a7436f2 bec6e2282fa34726860b02d4739ee641 - - default default] Successfully bumped revision number for resource e85d6154-7090-4513-9e3d-7bd40fa4dfc9 (type: security_group_rules) to 0 [pid: 8|app: 0|req: 1195/2629] 10.0.0.85 () {32 vars in 773 bytes} [Fri Jun 12 02:33:50 2026] GET /v2.0/security-groups?tenant_id=e8dd64e2fb384ab0a87ef44251ecfdc3&name=default => generated 2929 bytes in 313 msecs (HTTP/1.1 200) 4 headers in 158 bytes (1 switches on core 0) [pid: 8|app: 0|req: 1196/2630] 10.0.0.85 () {34 vars in 692 bytes} [Fri Jun 12 02:33:51 2026] POST /v2.0/vpn/endpoint-groups => generated 290 bytes in 35 msecs (HTTP/1.1 201) 4 headers in 162 bytes (1 switches on core 0)
2026-06-12 02:33:51.224 7 WARNING neutron.scheduler.dhcp_agent_scheduler [None req-9d1c8d12-3ce9-4b85-98fd-c26920222107 991b08ff5f8346f9ae38ac7c46ea0651 f3becb8fc6034dce93cbd47501460413 - - default default] No more DHCP agents
2026-06-12 02:33:51.225 7 WARNING neutron.api.rpc.agentnotifiers.dhcp_rpc_agent_api [None req-9d1c8d12-3ce9-4b85-98fd-c26920222107 991b08ff5f8346f9ae38ac7c46ea0651 f3becb8fc6034dce93cbd47501460413 - - default default] Unable to schedule network 758fd712-4975-4f06-99fe-ed0ddff57707: no agents available; will retry on subsequent port and subnet creation events.
2026-06-12 02:33:51.417 7 INFO neutron.db.ovn_revision_numbers_db [None req-9d1c8d12-3ce9-4b85-98fd-c26920222107 991b08ff5f8346f9ae38ac7c46ea0651 f3becb8fc6034dce93cbd47501460413 - - default default] Successfully bumped revision number for resource c4ae0025-c382-4989-a883-479d3ac2df8c (type: ports) to 1 [pid: 7|app: 0|req: 1435/2631] 10.0.0.85 () {34 vars in 664 bytes} [Fri Jun 12 02:33:50 2026] POST /v2.0/ports => generated 954 bytes in 558 msecs (HTTP/1.1 201) 4 headers in 162 bytes (1 switches on core 0) /var/lib/openstack/lib/python3.12/site-packages/pycadf/identifier.py:70: UserWarning: Invalid uuid: neutron. To ensure interoperability, identifiers should be a valid uuid. warnings.warn(('Invalid uuid: %s. To ensure interoperability, ' [pid: 7|app: 0|req: 1436/2632] 10.0.0.85 () {32 vars in 747 bytes} [Fri Jun 12 02:33:51 2026] DELETE /v2.0/vpn/endpoint-groups/d1bd4c97-b519-4513-ada2-50a4c7a5ab98 => generated 0 bytes in 34 msecs (HTTP/1.1 204) 2 headers in 112 bytes (1 switches on core 0) [pid: 8|app: 0|req: 1197/2633] 10.0.0.85 () {32 vars in 739 bytes} [Fri Jun 12 02:33:51 2026] DELETE /v2.0/security-groups/d4fa788c-cf3d-4162-ad39-55b8383338f9 => generated 0 bytes in 357 msecs (HTTP/1.1 204) 2 headers in 112 bytes (1 switches on core 0) [pid: 8|app: 0|req: 1198/2634] 10.0.0.85 () {32 vars in 670 bytes} [Fri Jun 12 02:33:51 2026] GET /v2.0/vpn/endpoint-groups => generated 633 bytes in 13 msecs (HTTP/1.1 200) 4 headers in 157 bytes (1 switches on core 0) [pid: 8|app: 0|req: 1199/2635] 10.0.0.85 () {32 vars in 670 bytes} [Fri Jun 12 02:33:51 2026] GET /v2.0/vpn/endpoint-groups => generated 633 bytes in 9 msecs (HTTP/1.1 200) 4 headers in 157 bytes (1 switches on core 0) [pid: 8|app: 0|req: 1200/2636] 10.0.0.85 () {32 vars in 773 bytes} [Fri Jun 12 02:33:51 2026] GET /v2.0/security-groups?tenant_id=a3ddc471060e4378b3da2a1281b156ee&name=default => generated 2925 bytes in 40 msecs (HTTP/1.1 200) 4 headers in 158 bytes (1 switches on core 0)
2026-06-12 02:33:51.762 7 INFO neutron.services.segments.plugin [-] Segment 7079f04a-4e18-4701-9b52-d3430a968466 resource provider aggregate not found
2026-06-12 02:33:51.767 7 INFO neutron.services.segments.plugin [-] Segment 7079f04a-4e18-4701-9b52-d3430a968466 resource provider aggregate not found
2026-06-12 02:33:51.780 7 INFO neutron.services.segments.plugin [-] Segment 7079f04a-4e18-4701-9b52-d3430a968466 resource provider not found; error: Placement Client Error (4xx): {"errors": [{"status": 404, "title": "Not Found", "detail": "The resource could not be found.\n\n No resource provider with uuid 7079f04a-4e18-4701-9b52-d3430a968466 found for delete ", "request_id": "req-068f3be5-3e55-402a-ab02-4b9923023996"}]}
2026-06-12 02:33:51.783 7 INFO neutron.services.segments.plugin [-] Segment 7079f04a-4e18-4701-9b52-d3430a968466 resource provider not found; error: Placement Client Error (4xx): {"errors": [{"status": 404, "title": "Not Found", "detail": "The resource could not be found.\n\n No resource provider with uuid 7079f04a-4e18-4701-9b52-d3430a968466 found for delete ", "request_id": "req-35f43b4c-b0e8-49cf-9d83-f88fa6f4b8e6"}]}
2026-06-12 02:33:51.785 7 WARNING neutron.scheduler.dhcp_agent_scheduler [None req-02eb142d-926c-45bb-83ab-387a9be3bf7d 991b08ff5f8346f9ae38ac7c46ea0651 f3becb8fc6034dce93cbd47501460413 - - default default] No more DHCP agents
2026-06-12 02:33:51.786 7 WARNING neutron.api.rpc.agentnotifiers.dhcp_rpc_agent_api [None req-02eb142d-926c-45bb-83ab-387a9be3bf7d 991b08ff5f8346f9ae38ac7c46ea0651 f3becb8fc6034dce93cbd47501460413 - - default default] Unable to schedule network e697eeb5-26c6-4d4a-98bb-11f717b9d0a0: no agents available; will retry on subsequent port and subnet creation events. [pid: 8|app: 0|req: 1201/2637] 10.0.0.85 () {32 vars in 739 bytes} [Fri Jun 12 02:33:51 2026] DELETE /v2.0/security-groups/a033ae64-10a8-4831-84b8-4c55791dba6c => generated 0 bytes in 319 msecs (HTTP/1.1 204) 2 headers in 112 bytes (1 switches on core 0) [pid: 8|app: 0|req: 1202/2638] 10.0.0.85 () {34 vars in 684 bytes} [Fri Jun 12 02:33:52 2026] POST /v2.0/vpn/ikepolicies => generated 402 bytes in 117 msecs (HTTP/1.1 201) 4 headers in 162 bytes (1 switches on core 0) [pid: 8|app: 0|req: 1203/2639] 10.0.0.85 () {32 vars in 662 bytes} [Fri Jun 12 02:33:52 2026] GET /v2.0/vpn/ikepolicies => generated 797 bytes in 14 msecs (HTTP/1.1 200) 4 headers in 157 bytes (1 switches on core 0) [pid: 8|app: 0|req: 1204/2640] 10.0.0.85 () {32 vars in 739 bytes} [Fri Jun 12 02:33:52 2026] DELETE /v2.0/vpn/ikepolicies/3fad3ea4-4dfc-4dfb-8cc2-0994912ac9b9 => generated 0 bytes in 29 msecs (HTTP/1.1 204) 2 headers in 112 bytes (1 switches on core 0) [pid: 8|app: 0|req: 1205/2641] 10.0.0.85 () {34 vars in 688 bytes} [Fri Jun 12 02:33:52 2026] POST /v2.0/vpn/ipsecpolicies => generated 410 bytes in 39 msecs (HTTP/1.1 201) 4 headers in 162 bytes (1 switches on core 0) [pid: 8|app: 0|req: 1206/2642] 10.0.0.85 () {32 vars in 666 bytes} [Fri Jun 12 02:33:52 2026] GET /v2.0/vpn/ipsecpolicies => generated 812 bytes in 12 msecs (HTTP/1.1 200) 4 headers in 157 bytes (1 switches on core 0) [pid: 8|app: 0|req: 1207/2643] 10.0.0.85 () {32 vars in 743 bytes} [Fri Jun 12 02:33:52 2026] DELETE /v2.0/vpn/ipsecpolicies/0331c5dd-9cdc-4533-95ac-47840d776a8b => generated 0 bytes in 35 msecs (HTTP/1.1 204) 2 headers in 112 bytes (1 switches on core 0)
2026-06-12 02:33:52.407 8 INFO neutron.db.segments_db [None req-697a5916-dd1b-43f8-9d62-0d6a945f538d e665740a7c634c83b7a85afe14ebcee1 c1d921a5d8944b49ab742ca70fe50d4a - - default default] Added segment 18f7f13d-92d9-4001-9c3d-d747bb264b70 of type geneve for network 8a5495e2-6655-4884-a295-b7e5119c08ba
2026-06-12 02:33:52.520 8 INFO neutron.db.ovn_revision_numbers_db [None req-697a5916-dd1b-43f8-9d62-0d6a945f538d e665740a7c634c83b7a85afe14ebcee1 c1d921a5d8944b49ab742ca70fe50d4a - - default default] Successfully bumped revision number for resource 8a5495e2-6655-4884-a295-b7e5119c08ba (type: networks) to 1
2026-06-12 02:33:52.733 8 WARNING neutron.scheduler.dhcp_agent_scheduler [None req-697a5916-dd1b-43f8-9d62-0d6a945f538d e665740a7c634c83b7a85afe14ebcee1 c1d921a5d8944b49ab742ca70fe50d4a - - default default] No more DHCP agents
2026-06-12 02:33:52.735 8 WARNING neutron.api.rpc.agentnotifiers.dhcp_rpc_agent_api [None req-697a5916-dd1b-43f8-9d62-0d6a945f538d e665740a7c634c83b7a85afe14ebcee1 c1d921a5d8944b49ab742ca70fe50d4a - - default default] Unable to schedule network 8a5495e2-6655-4884-a295-b7e5119c08ba: no agents available; will retry on subsequent port and subnet creation events.
2026-06-12 02:33:52.805 7 INFO neutron.db.ovn_revision_numbers_db [None req-02eb142d-926c-45bb-83ab-387a9be3bf7d 991b08ff5f8346f9ae38ac7c46ea0651 f3becb8fc6034dce93cbd47501460413 - - default default] Successfully bumped revision number for resource 82628689-46be-46fd-8973-27b61c108845 (type: floatingips) to 1
2026-06-12 02:33:52.806 7 INFO neutron.db.l3_db [None req-02eb142d-926c-45bb-83ab-387a9be3bf7d 991b08ff5f8346f9ae38ac7c46ea0651 f3becb8fc6034dce93cbd47501460413 - - default default] Floating IP 82628689-46be-46fd-8973-27b61c108845 associated. External IP: 10.96.250.207, port: c4ae0025-c382-4989-a883-479d3ac2df8c. [pid: 7|app: 0|req: 1437/2644] 10.0.0.85 () {34 vars in 676 bytes} [Fri Jun 12 02:33:51 2026] POST /v2.0/floatingips => generated 841 bytes in 1344 msecs (HTTP/1.1 201) 4 headers in 162 bytes (1 switches on core 0)
2026-06-12 02:33:52.870 8 INFO neutron.db.ovn_revision_numbers_db [None req-697a5916-dd1b-43f8-9d62-0d6a945f538d e665740a7c634c83b7a85afe14ebcee1 c1d921a5d8944b49ab742ca70fe50d4a - - default default] Successfully bumped revision number for resource e458b8ae-319f-421a-9c15-d848a7db6ad4 (type: ports) to 1 [pid: 8|app: 0|req: 1208/2645] 10.0.0.85 () {34 vars in 669 bytes} [Fri Jun 12 02:33:52 2026] POST /v2.0/networks => generated 631 bytes in 612 msecs (HTTP/1.1 201) 4 headers in 162 bytes (1 switches on core 0)
2026-06-12 02:33:53.092 7 INFO neutron.db.ovn_revision_numbers_db [None req-f8e60a89-abd4-4234-8557-32f30c1684ed 991b08ff5f8346f9ae38ac7c46ea0651 f3becb8fc6034dce93cbd47501460413 - - default default] Successfully bumped revision number for resource 82628689-46be-46fd-8973-27b61c108845 (type: floatingips) to 2
2026-06-12 02:33:53.130 7 INFO neutron.db.l3_db [None req-f8e60a89-abd4-4234-8557-32f30c1684ed 991b08ff5f8346f9ae38ac7c46ea0651 f3becb8fc6034dce93cbd47501460413 - - default default] Floating IP 82628689-46be-46fd-8973-27b61c108845 disassociated. External IP: 10.96.250.207, port: c4ae0025-c382-4989-a883-479d3ac2df8c.
2026-06-12 02:33:53.142 8 WARNING neutron.scheduler.dhcp_agent_scheduler [None req-36ed67ca-b5c6-4852-90a9-96088d5a2fdd e665740a7c634c83b7a85afe14ebcee1 c1d921a5d8944b49ab742ca70fe50d4a - - default default] No more DHCP agents
2026-06-12 02:33:53.143 8 WARNING neutron.api.rpc.agentnotifiers.dhcp_rpc_agent_api [None req-36ed67ca-b5c6-4852-90a9-96088d5a2fdd e665740a7c634c83b7a85afe14ebcee1 c1d921a5d8944b49ab742ca70fe50d4a - - default default] Unable to schedule network 8a5495e2-6655-4884-a295-b7e5119c08ba: no agents available; will retry on subsequent port and subnet creation events. [pid: 7|app: 0|req: 1438/2646] 10.0.0.85 () {34 vars in 748 bytes} [Fri Jun 12 02:33:52 2026] PUT /v2.0/floatingips/82628689-46be-46fd-8973-27b61c108845 => generated 554 bytes in 280 msecs (HTTP/1.1 200) 4 headers in 157 bytes (1 switches on core 0)
2026-06-12 02:33:53.301 7 INFO neutron_taas.services.taas.taas_plugin [None req-93afd6b6-5698-4bab-9a38-d6173636477f 991b08ff5f8346f9ae38ac7c46ea0651 f3becb8fc6034dce93cbd47501460413 - - default default] TaaS: Handle Delete Port: c0e2310b-f024-4b6b-ab35-bf1dc081f3db
2026-06-12 02:33:53.304 7 INFO neutron_taas.services.taas.tap_mirror_plugin [None req-93afd6b6-5698-4bab-9a38-d6173636477f 991b08ff5f8346f9ae38ac7c46ea0651 f3becb8fc6034dce93cbd47501460413 - - default default] Tap Mirror: Handle Delete Port: c0e2310b-f024-4b6b-ab35-bf1dc081f3db [pid: 7|app: 0|req: 1439/2647] 10.0.0.85 () {32 vars in 731 bytes} [Fri Jun 12 02:33:53 2026] DELETE /v2.0/floatingips/82628689-46be-46fd-8973-27b61c108845 => generated 0 bytes in 289 msecs (HTTP/1.1 204) 2 headers in 112 bytes (1 switches on core 0)
2026-06-12 02:33:53.572 8 INFO neutron.db.ovn_revision_numbers_db [None req-e4f9aadc-d1bc-4f84-87b9-9d7421267374 - - - - - -] Successfully bumped revision number for resource e458b8ae-319f-421a-9c15-d848a7db6ad4 (type: ports) to 2
2026-06-12 02:33:53.596 8 INFO neutron.db.ovn_revision_numbers_db [None req-e4f9aadc-d1bc-4f84-87b9-9d7421267374 - - - - - -] Successfully bumped revision number for resource e2623781-22f8-4cb8-afb5-93f335aa8dda (type: subnets) to 0 [pid: 8|app: 0|req: 1209/2648] 10.0.0.85 () {34 vars in 668 bytes} [Fri Jun 12 02:33:52 2026] POST /v2.0/subnets => generated 629 bytes in 699 msecs (HTTP/1.1 201) 4 headers in 162 bytes (1 switches on core 0)
2026-06-12 02:33:53.709 7 WARNING neutron.scheduler.dhcp_agent_scheduler [None req-272de622-bbc0-4f31-ad24-35fb0eb38785 991b08ff5f8346f9ae38ac7c46ea0651 f3becb8fc6034dce93cbd47501460413 - - default default] No more DHCP agents
2026-06-12 02:33:53.710 7 WARNING neutron.api.rpc.agentnotifiers.dhcp_rpc_agent_api [None req-272de622-bbc0-4f31-ad24-35fb0eb38785 991b08ff5f8346f9ae38ac7c46ea0651 f3becb8fc6034dce93cbd47501460413 - - default default] Unable to schedule network e697eeb5-26c6-4d4a-98bb-11f717b9d0a0: no agents available; will retry on subsequent port and subnet creation events.
2026-06-12 02:33:53.997 8 WARNING neutron.plugins.ml2.drivers.ovn.mech_driver.ovsdb.ovn_client [None req-b9271267-1e11-4db3-b8e7-519a229e716e - - - - - -] No hosting information found for port 9cba8a0d-8c51-4b89-80df-da5d722e7eec: RuntimeError: No hosting information found for port 9cba8a0d-8c51-4b89-80df-da5d722e7eec
2026-06-12 02:33:53.997 8 INFO neutron.plugins.ml2.drivers.ovn.mech_driver.mech_driver [None req-b9271267-1e11-4db3-b8e7-519a229e716e - - - - - -] OVN reports status down for port: ac3db76b-381c-4fbc-883e-0c1646224d3a
2026-06-12 02:33:54.075 8 WARNING neutron.scheduler.dhcp_agent_scheduler [None req-203f7ee3-247d-4190-b5e3-c409dd0fd153 e665740a7c634c83b7a85afe14ebcee1 c1d921a5d8944b49ab742ca70fe50d4a - - default default] No more DHCP agents
2026-06-12 02:33:54.078 8 WARNING neutron.api.rpc.agentnotifiers.dhcp_rpc_agent_api [None req-203f7ee3-247d-4190-b5e3-c409dd0fd153 e665740a7c634c83b7a85afe14ebcee1 c1d921a5d8944b49ab742ca70fe50d4a - - default default] Unable to schedule network e697eeb5-26c6-4d4a-98bb-11f717b9d0a0: no agents available; will retry on subsequent port and subnet creation events.
2026-06-12 02:33:54.149 8 INFO neutron.db.ovn_revision_numbers_db [None req-b9271267-1e11-4db3-b8e7-519a229e716e - - - - - -] Successfully bumped revision number for resource 9cba8a0d-8c51-4b89-80df-da5d722e7eec (type: router_ports) to 2
2026-06-12 02:33:54.150 8 INFO neutron.plugins.ml2.drivers.ovn.mech_driver.mech_driver [None req-b9271267-1e11-4db3-b8e7-519a229e716e - - - - - -] OVN reports status down for port: ff5ef517-ab1c-4284-b853-e93b75e7347d
2026-06-12 02:33:54.166 8 INFO neutron.plugins.ml2.drivers.ovn.mech_driver.mech_driver [None req-b9271267-1e11-4db3-b8e7-519a229e716e - - - - - -] OVN reports status down for port: 3b7dc9cb-2ef7-42ca-a6e4-75deddf2971f
2026-06-12 02:33:54.288 8 INFO neutron.plugins.ml2.drivers.ovn.mech_driver.mech_driver [None req-b9271267-1e11-4db3-b8e7-519a229e716e - - - - - -] OVN reports status down for port: 06f066d0-3b69-4776-8e36-72cb1d5ba307
2026-06-12 02:33:54.328 8 INFO neutron.db.ovn_revision_numbers_db [None req-203f7ee3-247d-4190-b5e3-c409dd0fd153 e665740a7c634c83b7a85afe14ebcee1 c1d921a5d8944b49ab742ca70fe50d4a - - default default] Successfully bumped revision number for resource 4e75fc33-5490-4b96-a398-0f9b4c0abeaf (type: ports) to 1
2026-06-12 02:33:54.515 8 INFO neutron.plugins.ml2.drivers.ovn.mech_driver.mech_driver [None req-b9271267-1e11-4db3-b8e7-519a229e716e - - - - - -] OVN reports status down for port: 72d2b473-5e97-436d-92d2-0b1fd181a5d9
2026-06-12 02:33:54.523 7 INFO neutron.db.ovn_revision_numbers_db [None req-272de622-bbc0-4f31-ad24-35fb0eb38785 991b08ff5f8346f9ae38ac7c46ea0651 f3becb8fc6034dce93cbd47501460413 - - default default] Successfully bumped revision number for resource 80c1198f-cb7f-431e-af4c-122f92bc7354 (type: floatingips) to 1
2026-06-12 02:33:54.523 7 INFO neutron.db.l3_db [None req-272de622-bbc0-4f31-ad24-35fb0eb38785 991b08ff5f8346f9ae38ac7c46ea0651 f3becb8fc6034dce93cbd47501460413 - - default default] Floating IP 80c1198f-cb7f-431e-af4c-122f92bc7354 associated. External IP: 10.96.250.212, port: e54939a0-cdd4-4d51-a5ab-05840badf7da. [pid: 7|app: 0|req: 1440/2649] 10.0.0.85 () {34 vars in 676 bytes} [Fri Jun 12 02:33:53 2026] POST /v2.0/floatingips => generated 842 bytes in 1111 msecs (HTTP/1.1 201) 4 headers in 162 bytes (1 switches on core 0) [pid: 7|app: 0|req: 1441/2650] 10.0.0.85 () {32 vars in 728 bytes} [Fri Jun 12 02:33:54 2026] GET /v2.0/floatingips/80c1198f-cb7f-431e-af4c-122f92bc7354 => generated 844 bytes in 31 msecs (HTTP/1.1 200) 4 headers in 157 bytes (1 switches on core 0)
2026-06-12 02:33:54.653 8 INFO neutron.plugins.ml2.drivers.ovn.mech_driver.mech_driver [None req-b9271267-1e11-4db3-b8e7-519a229e716e - - - - - -] OVN reports status down for port: 34b12f3c-5c03-45ef-8bfe-fab5f251481f [pid: 7|app: 0|req: 1442/2651] 10.0.0.85 () {32 vars in 654 bytes} [Fri Jun 12 02:33:54 2026] GET /v2.0/floatingips => generated 847 bytes in 59 msecs (HTTP/1.1 200) 4 headers in 157 bytes (1 switches on core 0)
2026-06-12 02:33:54.770 8 WARNING neutron.plugins.ml2.drivers.ovn.mech_driver.ovsdb.ovn_client [None req-b9271267-1e11-4db3-b8e7-519a229e716e - - - - - -] Logical_Switch_Port 34b12f3c-5c03-45ef-8bfe-fab5f251481f host information not removed, the port state is up
2026-06-12 02:33:54.771 8 INFO neutron.plugins.ml2.drivers.ovn.mech_driver.mech_driver [None req-b9271267-1e11-4db3-b8e7-519a229e716e - - - - - -] OVN reports status down for port: b53487bc-0c6c-4a67-afb5-81cca73b1985
2026-06-12 02:33:54.884 8 WARNING neutron.plugins.ml2.drivers.ovn.mech_driver.ovsdb.ovn_client [None req-b9271267-1e11-4db3-b8e7-519a229e716e - - - - - -] Logical_Switch_Port b53487bc-0c6c-4a67-afb5-81cca73b1985 host information not removed, the port state is up
2026-06-12 02:33:54.884 8 INFO neutron.plugins.ml2.drivers.ovn.mech_driver.mech_driver [None req-b9271267-1e11-4db3-b8e7-519a229e716e - - - - - -] OVN reports status up for port: 34b12f3c-5c03-45ef-8bfe-fab5f251481f
2026-06-12 02:33:54.899 8 INFO neutron.plugins.ml2.plugin [None req-b9271267-1e11-4db3-b8e7-519a229e716e - - - - - -] Attempt 1 to provision port 34b12f3c-5c03-45ef-8bfe-fab5f251481f
2026-06-12 02:33:55.196 7 INFO neutron.db.ovn_revision_numbers_db [None req-3f50a7c4-474b-4348-94f2-7e296b28f907 991b08ff5f8346f9ae38ac7c46ea0651 f3becb8fc6034dce93cbd47501460413 - - default default] Successfully bumped revision number for resource 80c1198f-cb7f-431e-af4c-122f92bc7354 (type: floatingips) to 2
2026-06-12 02:33:55.286 7 INFO neutron.db.l3_db [None req-3f50a7c4-474b-4348-94f2-7e296b28f907 991b08ff5f8346f9ae38ac7c46ea0651 f3becb8fc6034dce93cbd47501460413 - - default default] Floating IP 80c1198f-cb7f-431e-af4c-122f92bc7354 associated. External IP: 10.96.250.212, port: e54939a0-cdd4-4d51-a5ab-05840badf7da. [pid: 7|app: 0|req: 1443/2652] 10.0.0.85 () {34 vars in 748 bytes} [Fri Jun 12 02:33:54 2026] PUT /v2.0/floatingips/80c1198f-cb7f-431e-af4c-122f92bc7354 => generated 843 bytes in 654 msecs (HTTP/1.1 200) 4 headers in 157 bytes (1 switches on core 0)
2026-06-12 02:33:55.376 8 INFO neutron.plugins.ml2.drivers.ovn.mech_driver.ovsdb.commands [-] Schedule LRP lrp-4e75fc33-5490-4b96-a398-0f9b4c0abeaf on gateway 345a02b9-0840-493a-ae12-91e7575a8d53 with priority 1
2026-06-12 02:33:55.552 8 INFO neutron.db.ovn_revision_numbers_db [None req-203f7ee3-247d-4190-b5e3-c409dd0fd153 e665740a7c634c83b7a85afe14ebcee1 c1d921a5d8944b49ab742ca70fe50d4a - - default default] Successfully bumped revision number for resource 4e75fc33-5490-4b96-a398-0f9b4c0abeaf (type: router_ports) to 1
2026-06-12 02:33:55.580 7 INFO neutron.db.ovn_revision_numbers_db [None req-e0e8ac7c-d0db-4e9a-b7ef-090c0d0aeda3 991b08ff5f8346f9ae38ac7c46ea0651 f3becb8fc6034dce93cbd47501460413 - - default default] Successfully bumped revision number for resource 80c1198f-cb7f-431e-af4c-122f92bc7354 (type: floatingips) to 3
2026-06-12 02:33:55.644 7 INFO neutron.db.l3_db [None req-e0e8ac7c-d0db-4e9a-b7ef-090c0d0aeda3 991b08ff5f8346f9ae38ac7c46ea0651 f3becb8fc6034dce93cbd47501460413 - - default default] Floating IP 80c1198f-cb7f-431e-af4c-122f92bc7354 disassociated. External IP: 10.96.250.212, port: c4ae0025-c382-4989-a883-479d3ac2df8c.
2026-06-12 02:33:55.664 8 INFO neutron.db.ovn_revision_numbers_db [None req-203f7ee3-247d-4190-b5e3-c409dd0fd153 e665740a7c634c83b7a85afe14ebcee1 c1d921a5d8944b49ab742ca70fe50d4a - - default default] Successfully bumped revision number for resource bef85f4b-fbc2-46aa-9795-8fc2208b6b31 (type: routers) to 2 [pid: 8|app: 0|req: 1210/2653] 10.0.0.85 () {34 vars in 668 bytes} [Fri Jun 12 02:33:53 2026] POST /v2.0/routers => generated 936 bytes in 2092 msecs (HTTP/1.1 201) 4 headers in 162 bytes (1 switches on core 0)
2026-06-12 02:33:55.940 8 INFO neutron.db.ovn_revision_numbers_db [None req-b9271267-1e11-4db3-b8e7-519a229e716e - - - - - -] Successfully bumped revision number for resource 34b12f3c-5c03-45ef-8bfe-fab5f251481f (type: ports) to 2 [pid: 7|app: 0|req: 1444/2654] 10.0.0.85 () {34 vars in 748 bytes} [Fri Jun 12 02:33:55 2026] PUT /v2.0/floatingips/80c1198f-cb7f-431e-af4c-122f92bc7354 => generated 554 bytes in 978 msecs (HTTP/1.1 200) 4 headers in 157 bytes (1 switches on core 0)
2026-06-12 02:33:56.333 8 WARNING neutron.scheduler.dhcp_agent_scheduler [None req-83a63f4d-c52d-49a7-9849-915c04950273 e665740a7c634c83b7a85afe14ebcee1 c1d921a5d8944b49ab742ca70fe50d4a - - default default] No more DHCP agents
2026-06-12 02:33:56.335 8 WARNING neutron.api.rpc.agentnotifiers.dhcp_rpc_agent_api [None req-83a63f4d-c52d-49a7-9849-915c04950273 e665740a7c634c83b7a85afe14ebcee1 c1d921a5d8944b49ab742ca70fe50d4a - - default default] Unable to schedule network 8a5495e2-6655-4884-a295-b7e5119c08ba: no agents available; will retry on subsequent port and subnet creation events.
2026-06-12 02:33:56.486 8 INFO neutron.db.ovn_revision_numbers_db [None req-83a63f4d-c52d-49a7-9849-915c04950273 e665740a7c634c83b7a85afe14ebcee1 c1d921a5d8944b49ab742ca70fe50d4a - - default default] Successfully bumped revision number for resource afe1b233-116d-465f-9795-a3afa69be9f1 (type: ports) to 1
2026-06-12 02:33:56.492 7 INFO neutron_taas.services.taas.taas_plugin [None req-b2c28d2f-3672-4131-b724-c811837f699b 991b08ff5f8346f9ae38ac7c46ea0651 f3becb8fc6034dce93cbd47501460413 - - default default] TaaS: Handle Delete Port: 85f88887-f9fa-47da-a39f-6fb9715a65d1
2026-06-12 02:33:56.496 7 INFO neutron_taas.services.taas.tap_mirror_plugin [None req-b2c28d2f-3672-4131-b724-c811837f699b 991b08ff5f8346f9ae38ac7c46ea0651 f3becb8fc6034dce93cbd47501460413 - - default default] Tap Mirror: Handle Delete Port: 85f88887-f9fa-47da-a39f-6fb9715a65d1 [pid: 7|app: 0|req: 1445/2655] 10.0.0.85 () {32 vars in 731 bytes} [Fri Jun 12 02:33:56 2026] DELETE /v2.0/floatingips/80c1198f-cb7f-431e-af4c-122f92bc7354 => generated 0 bytes in 318 msecs (HTTP/1.1 204) 2 headers in 112 bytes (1 switches on core 0)
2026-06-12 02:33:56.645 7 INFO neutron.api.v2.resource [None req-f73454f4-2ae3-49da-b0f1-1dee4a2170aa 991b08ff5f8346f9ae38ac7c46ea0651 f3becb8fc6034dce93cbd47501460413 - - default default] delete failed (client error): The resource could not be found. [pid: 7|app: 0|req: 1446/2656] 10.0.0.85 () {32 vars in 731 bytes} [Fri Jun 12 02:33:56 2026] DELETE /v2.0/floatingips/80c1198f-cb7f-431e-af4c-122f92bc7354 => generated 144 bytes in 15 msecs (HTTP/1.1 404) 4 headers in 164 bytes (1 switches on core 0)
2026-06-12 02:33:56.824 7 INFO neutron_taas.services.taas.taas_plugin [None req-c76279f5-5bcc-42f2-bd3b-c2fc01b24d3e 991b08ff5f8346f9ae38ac7c46ea0651 f3becb8fc6034dce93cbd47501460413 - - default default] TaaS: Handle Delete Port: c4ae0025-c382-4989-a883-479d3ac2df8c
2026-06-12 02:33:56.830 7 INFO neutron_taas.services.taas.tap_mirror_plugin [None req-c76279f5-5bcc-42f2-bd3b-c2fc01b24d3e 991b08ff5f8346f9ae38ac7c46ea0651 f3becb8fc6034dce93cbd47501460413 - - default default] Tap Mirror: Handle Delete Port: c4ae0025-c382-4989-a883-479d3ac2df8c [pid: 7|app: 0|req: 1447/2657] 10.0.0.85 () {32 vars in 719 bytes} [Fri Jun 12 02:33:56 2026] DELETE /v2.0/ports/c4ae0025-c382-4989-a883-479d3ac2df8c => generated 0 bytes in 380 msecs (HTTP/1.1 204) 3 headers in 131 bytes (1 switches on core 0)
2026-06-12 02:33:57.169 7 INFO neutron_taas.services.taas.taas_plugin [None req-481319db-607d-4ee6-99b2-fe5d8e7e5a96 991b08ff5f8346f9ae38ac7c46ea0651 f3becb8fc6034dce93cbd47501460413 - - default default] TaaS: Handle Delete Port: e54939a0-cdd4-4d51-a5ab-05840badf7da
2026-06-12 02:33:57.171 7 INFO neutron_taas.services.taas.tap_mirror_plugin [None req-481319db-607d-4ee6-99b2-fe5d8e7e5a96 991b08ff5f8346f9ae38ac7c46ea0651 f3becb8fc6034dce93cbd47501460413 - - default default] Tap Mirror: Handle Delete Port: e54939a0-cdd4-4d51-a5ab-05840badf7da
2026-06-12 02:33:57.211 8 WARNING neutron.scheduler.dhcp_agent_scheduler [None req-83a63f4d-c52d-49a7-9849-915c04950273 e665740a7c634c83b7a85afe14ebcee1 c1d921a5d8944b49ab742ca70fe50d4a - - default default] No more DHCP agents
2026-06-12 02:33:57.212 8 WARNING neutron.api.rpc.agentnotifiers.dhcp_rpc_agent_api [None req-83a63f4d-c52d-49a7-9849-915c04950273 e665740a7c634c83b7a85afe14ebcee1 c1d921a5d8944b49ab742ca70fe50d4a - - default default] Unable to schedule network 8a5495e2-6655-4884-a295-b7e5119c08ba: no agents available; will retry on subsequent port and subnet creation events. [pid: 7|app: 0|req: 1448/2658] 10.0.0.85 () {32 vars in 719 bytes} [Fri Jun 12 02:33:57 2026] DELETE /v2.0/ports/e54939a0-cdd4-4d51-a5ab-05840badf7da => generated 0 bytes in 304 msecs (HTTP/1.1 204) 3 headers in 131 bytes (1 switches on core 0) [pid: 7|app: 0|req: 1449/2659] 10.0.0.85 () {32 vars in 735 bytes} [Fri Jun 12 02:33:57 2026] GET /v2.0/ports?device_id=70c190df-9d4e-4974-b162-0baf6a5e9f6e => generated 944 bytes in 39 msecs (HTTP/1.1 200) 4 headers in 157 bytes (1 switches on core 0)
2026-06-12 02:33:57.673 7 INFO neutron_taas.services.taas.taas_plugin [None req-5aaaada6-bf82-4a9a-aa47-6f4864aa331e 991b08ff5f8346f9ae38ac7c46ea0651 f3becb8fc6034dce93cbd47501460413 - - default default] TaaS: Handle Delete Port: 67b3d8e9-55c3-4b5f-b69d-c479ce4c15e1
2026-06-12 02:33:57.673 8 INFO neutron.db.ovn_revision_numbers_db [None req-83a63f4d-c52d-49a7-9849-915c04950273 e665740a7c634c83b7a85afe14ebcee1 c1d921a5d8944b49ab742ca70fe50d4a - - default default] Successfully bumped revision number for resource afe1b233-116d-465f-9795-a3afa69be9f1 (type: router_ports) to 1
2026-06-12 02:33:57.677 7 INFO neutron_taas.services.taas.tap_mirror_plugin [None req-5aaaada6-bf82-4a9a-aa47-6f4864aa331e 991b08ff5f8346f9ae38ac7c46ea0651 f3becb8fc6034dce93cbd47501460413 - - default default] Tap Mirror: Handle Delete Port: 67b3d8e9-55c3-4b5f-b69d-c479ce4c15e1 [pid: 8|app: 0|req: 1211/2660] 10.0.0.85 () {34 vars in 782 bytes} [Fri Jun 12 02:33:55 2026] PUT /v2.0/routers/bef85f4b-fbc2-46aa-9795-8fc2208b6b31/add_router_interface => generated 309 bytes in 1964 msecs (HTTP/1.1 200) 4 headers in 157 bytes (1 switches on core 0) [pid: 7|app: 0|req: 1450/2661] 10.0.0.85 () {34 vars in 788 bytes} [Fri Jun 12 02:33:57 2026] PUT /v2.0/routers/70c190df-9d4e-4974-b162-0baf6a5e9f6e/remove_router_interface => generated 309 bytes in 863 msecs (HTTP/1.1 200) 4 headers in 157 bytes (1 switches on core 0) /var/lib/openstack/lib/python3.12/site-packages/pycadf/identifier.py:70: UserWarning: Invalid uuid: neutron. To ensure interoperability, identifiers should be a valid uuid. warnings.warn(('Invalid uuid: %s. To ensure interoperability, '
2026-06-12 02:33:58.423 8 WARNING neutron.scheduler.dhcp_agent_scheduler [None req-4f975dfd-5d26-4447-9fc6-456e2a690f28 - - - - - -] No more DHCP agents
2026-06-12 02:33:58.425 8 WARNING neutron.api.rpc.agentnotifiers.dhcp_rpc_agent_api [None req-4f975dfd-5d26-4447-9fc6-456e2a690f28 - - - - - -] Unable to schedule network e697eeb5-26c6-4d4a-98bb-11f717b9d0a0: no agents available; will retry on subsequent port and subnet creation events.
2026-06-12 02:33:58.535 7 INFO neutron_taas.services.taas.taas_plugin [None req-5feabf3f-70df-44a8-bdc1-a9d12bb153d9 991b08ff5f8346f9ae38ac7c46ea0651 f3becb8fc6034dce93cbd47501460413 - - default default] TaaS: Handle Delete Port: b53487bc-0c6c-4a67-afb5-81cca73b1985
2026-06-12 02:33:58.543 7 INFO neutron_taas.services.taas.tap_mirror_plugin [None req-5feabf3f-70df-44a8-bdc1-a9d12bb153d9 991b08ff5f8346f9ae38ac7c46ea0651 f3becb8fc6034dce93cbd47501460413 - - default default] Tap Mirror: Handle Delete Port: b53487bc-0c6c-4a67-afb5-81cca73b1985
2026-06-12 02:33:58.614 8 INFO neutron.db.ovn_revision_numbers_db [None req-4f975dfd-5d26-4447-9fc6-456e2a690f28 - - - - - -] Successfully bumped revision number for resource ed03f093-2492-47c8-9414-9a2b8a23e26a (type: ports) to 1
2026-06-12 02:33:58.902 8 INFO neutron.db.ovn_revision_numbers_db [None req-4f975dfd-5d26-4447-9fc6-456e2a690f28 - - - - - -] Successfully bumped revision number for resource ed03f093-2492-47c8-9414-9a2b8a23e26a (type: ports) to 3
2026-06-12 02:33:58.973 8 INFO neutron.db.segments_db [None req-4f975dfd-5d26-4447-9fc6-456e2a690f28 - - - - - -] Added segment 3d121bd8-f2a6-49d9-8b36-080191fbffc1 of type geneve for network 4c5bd66f-4863-41af-bd09-ce105668416d [pid: 7|app: 0|req: 1453/2664] 10.0.0.85 () {32 vars in 723 bytes} [Fri Jun 12 02:33:58 2026] DELETE /v2.0/routers/70c190df-9d4e-4974-b162-0baf6a5e9f6e => generated 0 bytes in 772 msecs (HTTP/1.1 204) 2 headers in 112 bytes (1 switches on core 0)
2026-06-12 02:33:59.145 8 INFO neutron.db.ovn_revision_numbers_db [None req-b82c13e4-d827-428e-a1b3-61e73076c125 - - - - - -] Successfully bumped revision number for resource 4c5bd66f-4863-41af-bd09-ce105668416d (type: networks) to 1 [pid: 7|app: 0|req: 1454/2665] 10.0.0.85 () {32 vars in 723 bytes} [Fri Jun 12 02:33:59 2026] DELETE /v2.0/subnets/83ea6e33-2287-4504-b153-2cf5e6017e6d => generated 0 bytes in 184 msecs (HTTP/1.1 204) 3 headers in 131 bytes (1 switches on core 0)
2026-06-12 02:33:59.290 8 WARNING neutron.scheduler.dhcp_agent_scheduler [None req-b82c13e4-d827-428e-a1b3-61e73076c125 - - - - - -] No more DHCP agents
2026-06-12 02:33:59.291 8 WARNING neutron.api.rpc.agentnotifiers.dhcp_rpc_agent_api [None req-b82c13e4-d827-428e-a1b3-61e73076c125 - - - - - -] Unable to schedule network 4c5bd66f-4863-41af-bd09-ce105668416d: no agents available; will retry on subsequent port and subnet creation events.
2026-06-12 02:33:59.384 8 INFO neutron.db.ovn_revision_numbers_db [None req-b82c13e4-d827-428e-a1b3-61e73076c125 - - - - - -] Successfully bumped revision number for resource 75393425-d5b0-42ee-8fc6-21e106967b46 (type: ports) to 1
2026-06-12 02:33:59.402 7 INFO neutron_taas.services.taas.taas_plugin [None req-7fb7d470-6ab9-41e0-b731-f72057dbc2c1 991b08ff5f8346f9ae38ac7c46ea0651 f3becb8fc6034dce93cbd47501460413 - - default default] TaaS: Handle Delete Port: 72d2b473-5e97-436d-92d2-0b1fd181a5d9
2026-06-12 02:33:59.406 7 INFO neutron_taas.services.taas.tap_mirror_plugin [None req-7fb7d470-6ab9-41e0-b731-f72057dbc2c1 991b08ff5f8346f9ae38ac7c46ea0651 f3becb8fc6034dce93cbd47501460413 - - default default] Tap Mirror: Handle Delete Port: 72d2b473-5e97-436d-92d2-0b1fd181a5d9
2026-06-12 02:33:59.536 8 WARNING neutron.scheduler.dhcp_agent_scheduler [None req-b82c13e4-d827-428e-a1b3-61e73076c125 - - - - - -] No more DHCP agents
2026-06-12 02:33:59.540 8 WARNING neutron.api.rpc.agentnotifiers.dhcp_rpc_agent_api [None req-b82c13e4-d827-428e-a1b3-61e73076c125 - - - - - -] Unable to schedule network 4c5bd66f-4863-41af-bd09-ce105668416d: no agents available; will retry on subsequent port and subnet creation events.
2026-06-12 02:33:59.569 8 INFO neutron.db.ovn_revision_numbers_db [None req-b82c13e4-d827-428e-a1b3-61e73076c125 - - - - - -] Successfully bumped revision number for resource 9a8de755-0090-45a0-be19-a9416bac62c3 (type: subnets) to 0
2026-06-12 02:33:59.644 7 INFO neutron.services.segments.plugin [-] Segment d4496c04-d858-425a-808c-614ca3447510 resource provider aggregate not found
2026-06-12 02:33:59.650 7 INFO neutron.services.segments.plugin [-] Segment d4496c04-d858-425a-808c-614ca3447510 resource provider aggregate not found
2026-06-12 02:33:59.664 7 INFO neutron.services.segments.plugin [-] Segment d4496c04-d858-425a-808c-614ca3447510 resource provider not found; error: Placement Client Error (4xx): {"errors": [{"status": 404, "title": "Not Found", "detail": "The resource could not be found.\n\n No resource provider with uuid d4496c04-d858-425a-808c-614ca3447510 found for delete ", "request_id": "req-abd60d5d-5525-4702-a5db-fbdd397ddc81"}]}
2026-06-12 02:33:59.665 7 INFO neutron.services.segments.plugin [-] Segment d4496c04-d858-425a-808c-614ca3447510 resource provider not found; error: Placement Client Error (4xx): {"errors": [{"status": 404, "title": "Not Found", "detail": "The resource could not be found.\n\n No resource provider with uuid d4496c04-d858-425a-808c-614ca3447510 found for delete ", "request_id": "req-5844ff7b-448e-4c1b-b6d1-ee633676f275"}]} [pid: 7|app: 0|req: 1455/2666] 10.0.0.85 () {32 vars in 725 bytes} [Fri Jun 12 02:33:59 2026] DELETE /v2.0/networks/758fd712-4975-4f06-99fe-ed0ddff57707 => generated 0 bytes in 493 msecs (HTTP/1.1 204) 3 headers in 131 bytes (1 switches on core 0)
2026-06-12 02:33:59.996 8 WARNING neutron.scheduler.dhcp_agent_scheduler [None req-b82c13e4-d827-428e-a1b3-61e73076c125 - - - - - -] No more DHCP agents
2026-06-12 02:33:59.998 8 WARNING neutron.api.rpc.agentnotifiers.dhcp_rpc_agent_api [None req-b82c13e4-d827-428e-a1b3-61e73076c125 - - - - - -] Unable to schedule network 4c5bd66f-4863-41af-bd09-ce105668416d: no agents available; will retry on subsequent port and subnet creation events.
2026-06-12 02:34:00.158 8 INFO neutron.db.ovn_revision_numbers_db [None req-b82c13e4-d827-428e-a1b3-61e73076c125 - - - - - -] Successfully bumped revision number for resource 468a1818-bcf8-41d7-956c-028b298abc07 (type: ports) to 1 [pid: 7|app: 0|req: 1456/2667] 10.0.0.85 () {32 vars in 773 bytes} [Fri Jun 12 02:34:00 2026] GET /v2.0/security-groups?tenant_id=f3becb8fc6034dce93cbd47501460413&name=default => generated 2929 bytes in 110 msecs (HTTP/1.1 200) 4 headers in 158 bytes (1 switches on core 0) [pid: 7|app: 0|req: 1457/2668] 10.0.0.85 () {32 vars in 739 bytes} [Fri Jun 12 02:34:00 2026] DELETE /v2.0/security-groups/fd99078e-b26e-4e60-ac6d-0af6792b818a => generated 0 bytes in 248 msecs (HTTP/1.1 204) 2 headers in 112 bytes (1 switches on core 0)
2026-06-12 02:34:00.816 8 WARNING neutron.scheduler.dhcp_agent_scheduler [None req-b82c13e4-d827-428e-a1b3-61e73076c125 - - - - - -] No more DHCP agents
2026-06-12 02:34:00.817 8 WARNING neutron.api.rpc.agentnotifiers.dhcp_rpc_agent_api [None req-b82c13e4-d827-428e-a1b3-61e73076c125 - - - - - -] Unable to schedule network 4c5bd66f-4863-41af-bd09-ce105668416d: no agents available; will retry on subsequent port and subnet creation events.
2026-06-12 02:34:00.941 7 INFO neutron.db.ovn_revision_numbers_db [None req-0c78add9-a09b-4a78-8540-d0539d14fa64 a308b59f5ae84e1499c5c8218eb36185 3b1ac6f088cf4043bee28ed5b6f8498e - - default default] Successfully bumped revision number for resource 6ec231e6-8d01-4fae-aab4-362866eedfbb (type: security_groups) to 1
2026-06-12 02:34:00.954 7 INFO neutron.db.ovn_revision_numbers_db [None req-0c78add9-a09b-4a78-8540-d0539d14fa64 a308b59f5ae84e1499c5c8218eb36185 3b1ac6f088cf4043bee28ed5b6f8498e - - default default] Successfully bumped revision number for resource 09cf1cbf-b53f-4f59-9ab0-eeee3b9667b7 (type: security_group_rules) to 0
2026-06-12 02:34:00.964 7 INFO neutron.db.ovn_revision_numbers_db [None req-0c78add9-a09b-4a78-8540-d0539d14fa64 a308b59f5ae84e1499c5c8218eb36185 3b1ac6f088cf4043bee28ed5b6f8498e - - default default] Successfully bumped revision number for resource 17fc6e84-76e6-4841-835a-f3b33492a0fb (type: security_group_rules) to 0
2026-06-12 02:34:00.976 7 INFO neutron.db.ovn_revision_numbers_db [None req-0c78add9-a09b-4a78-8540-d0539d14fa64 a308b59f5ae84e1499c5c8218eb36185 3b1ac6f088cf4043bee28ed5b6f8498e - - default default] Successfully bumped revision number for resource 6e3441c4-367a-420b-8781-b6beb1f3b5aa (type: security_group_rules) to 0
2026-06-12 02:34:00.987 7 INFO neutron.db.ovn_revision_numbers_db [None req-0c78add9-a09b-4a78-8540-d0539d14fa64 a308b59f5ae84e1499c5c8218eb36185 3b1ac6f088cf4043bee28ed5b6f8498e - - default default] Successfully bumped revision number for resource 9c4c3e2d-35df-40eb-9991-cd5c4f9197ea (type: security_group_rules) to 0
2026-06-12 02:34:01.070 7 INFO neutron.db.segments_db [None req-0c78add9-a09b-4a78-8540-d0539d14fa64 a308b59f5ae84e1499c5c8218eb36185 3b1ac6f088cf4043bee28ed5b6f8498e - - default default] Added segment 05209cf1-c015-49ac-978a-5fa59d9647f4 of type geneve for network b0efa299-4d1c-4e5a-a464-d29de018ed97
2026-06-12 02:34:01.196 7 INFO neutron.db.ovn_revision_numbers_db [None req-0c78add9-a09b-4a78-8540-d0539d14fa64 a308b59f5ae84e1499c5c8218eb36185 3b1ac6f088cf4043bee28ed5b6f8498e - - default default] Successfully bumped revision number for resource b0efa299-4d1c-4e5a-a464-d29de018ed97 (type: networks) to 1
2026-06-12 02:34:01.227 8 WARNING neutron.plugins.ml2.drivers.ovn.mech_driver.ovsdb.ovn_client [None req-5efe3546-206a-44b4-a4d6-d3460b48a432 - - - - - -] No hosting information found for port 34b12f3c-5c03-45ef-8bfe-fab5f251481f: RuntimeError: No hosting information found for port 34b12f3c-5c03-45ef-8bfe-fab5f251481f
2026-06-12 02:34:01.228 8 INFO neutron.plugins.ml2.drivers.ovn.mech_driver.mech_driver [None req-5efe3546-206a-44b4-a4d6-d3460b48a432 - - - - - -] OVN reports status up for port: b53487bc-0c6c-4a67-afb5-81cca73b1985
2026-06-12 02:34:01.385 8 INFO neutron.db.ovn_revision_numbers_db [None req-b82c13e4-d827-428e-a1b3-61e73076c125 - - - - - -] Successfully bumped revision number for resource 468a1818-bcf8-41d7-956c-028b298abc07 (type: router_ports) to 1
2026-06-12 02:34:01.401 7 WARNING neutron.scheduler.dhcp_agent_scheduler [None req-0c78add9-a09b-4a78-8540-d0539d14fa64 a308b59f5ae84e1499c5c8218eb36185 3b1ac6f088cf4043bee28ed5b6f8498e - - default default] No more DHCP agents
2026-06-12 02:34:01.402 7 WARNING neutron.api.rpc.agentnotifiers.dhcp_rpc_agent_api [None req-0c78add9-a09b-4a78-8540-d0539d14fa64 a308b59f5ae84e1499c5c8218eb36185 3b1ac6f088cf4043bee28ed5b6f8498e - - default default] Unable to schedule network b0efa299-4d1c-4e5a-a464-d29de018ed97: no agents available; will retry on subsequent port and subnet creation events.
2026-06-12 02:34:01.510 7 INFO neutron.db.ovn_revision_numbers_db [None req-0c78add9-a09b-4a78-8540-d0539d14fa64 a308b59f5ae84e1499c5c8218eb36185 3b1ac6f088cf4043bee28ed5b6f8498e - - default default] Successfully bumped revision number for resource 52dc7c46-c167-4dd0-9345-5bfc42c6abab (type: ports) to 1 [pid: 7|app: 0|req: 1458/2669] 10.0.0.85 () {34 vars in 669 bytes} [Fri Jun 12 02:34:00 2026] POST /v2.0/networks => generated 640 bytes in 896 msecs (HTTP/1.1 201) 4 headers in 162 bytes (1 switches on core 0)
2026-06-12 02:34:01.586 8 INFO neutron.db.ovn_revision_numbers_db [None req-5efe3546-206a-44b4-a4d6-d3460b48a432 - - - - - -] Successfully bumped revision number for resource 34b12f3c-5c03-45ef-8bfe-fab5f251481f (type: router_ports) to 2
2026-06-12 02:34:01.588 8 INFO neutron.plugins.ml2.drivers.ovn.mech_driver.mech_driver [None req-5efe3546-206a-44b4-a4d6-d3460b48a432 - - - - - -] OVN reports status down for port: 5eaf6d1a-2d1f-4137-bc1e-971025df96a5
2026-06-12 02:34:01.709 7 WARNING neutron.scheduler.dhcp_agent_scheduler [None req-d2a1fd1b-f3ac-43df-a43c-d2abf4c1c258 a308b59f5ae84e1499c5c8218eb36185 3b1ac6f088cf4043bee28ed5b6f8498e - - default default] No more DHCP agents
2026-06-12 02:34:01.710 7 WARNING neutron.api.rpc.agentnotifiers.dhcp_rpc_agent_api [None req-d2a1fd1b-f3ac-43df-a43c-d2abf4c1c258 a308b59f5ae84e1499c5c8218eb36185 3b1ac6f088cf4043bee28ed5b6f8498e - - default default] Unable to schedule network b0efa299-4d1c-4e5a-a464-d29de018ed97: no agents available; will retry on subsequent port and subnet creation events.
2026-06-12 02:34:01.720 8 WARNING neutron.scheduler.dhcp_agent_scheduler [None req-b82c13e4-d827-428e-a1b3-61e73076c125 - - - - - -] No more DHCP agents
2026-06-12 02:34:01.724 8 WARNING neutron.api.rpc.agentnotifiers.dhcp_rpc_agent_api [None req-b82c13e4-d827-428e-a1b3-61e73076c125 - - - - - -] Unable to schedule network 4c5bd66f-4863-41af-bd09-ce105668416d: no agents available; will retry on subsequent port and subnet creation events.
2026-06-12 02:34:01.745 8 INFO neutron.plugins.ml2.drivers.ovn.mech_driver.mech_driver [None req-5efe3546-206a-44b4-a4d6-d3460b48a432 - - - - - -] OVN reports status down for port: 67b3d8e9-55c3-4b5f-b69d-c479ce4c15e1
2026-06-12 02:34:01.762 8 INFO neutron.plugins.ml2.drivers.ovn.mech_driver.mech_driver [None req-5efe3546-206a-44b4-a4d6-d3460b48a432 - - - - - -] OVN reports status up for port: 67b3d8e9-55c3-4b5f-b69d-c479ce4c15e1
2026-06-12 02:34:01.794 8 INFO neutron.plugins.ml2.drivers.ovn.mech_driver.mech_driver [None req-5efe3546-206a-44b4-a4d6-d3460b48a432 - - - - - -] OVN reports status down for port: e54939a0-cdd4-4d51-a5ab-05840badf7da
2026-06-12 02:34:01.808 8 INFO neutron.plugins.ml2.drivers.ovn.mech_driver.mech_driver [None req-5efe3546-206a-44b4-a4d6-d3460b48a432 - - - - - -] OVN reports status down for port: c4ae0025-c382-4989-a883-479d3ac2df8c
2026-06-12 02:34:01.851 8 INFO neutron.plugins.ml2.drivers.ovn.mech_driver.mech_driver [None req-5efe3546-206a-44b4-a4d6-d3460b48a432 - - - - - -] OVN reports status down for port: e458b8ae-319f-421a-9c15-d848a7db6ad4
2026-06-12 02:34:02.022 8 INFO neutron.plugins.ml2.drivers.ovn.mech_driver.mech_driver [None req-5efe3546-206a-44b4-a4d6-d3460b48a432 - - - - - -] OVN reports status down for port: 4e75fc33-5490-4b96-a398-0f9b4c0abeaf
2026-06-12 02:34:02.050 8 INFO neutron.db.ovn_revision_numbers_db [None req-b82c13e4-d827-428e-a1b3-61e73076c125 - - - - - -] Successfully bumped revision number for resource 0b5231c0-c35d-4a11-8c0b-2a62821dc249 (type: ports) to 1
2026-06-12 02:34:02.118 8 WARNING neutron.plugins.ml2.drivers.ovn.mech_driver.ovsdb.ovn_client [None req-5efe3546-206a-44b4-a4d6-d3460b48a432 - - - - - -] Logical_Switch_Port 4e75fc33-5490-4b96-a398-0f9b4c0abeaf host information not removed, the port state is up
2026-06-12 02:34:02.208 8 INFO neutron.plugins.ml2.drivers.ovn.mech_driver.mech_driver [None req-5efe3546-206a-44b4-a4d6-d3460b48a432 - - - - - -] OVN reports status up for port: 4e75fc33-5490-4b96-a398-0f9b4c0abeaf
2026-06-12 02:34:02.221 7 INFO neutron.db.ovn_revision_numbers_db [None req-e144dce1-aa2d-452b-bf08-6b37556b1fa3 - - - - - -] Successfully bumped revision number for resource 52dc7c46-c167-4dd0-9345-5bfc42c6abab (type: ports) to 2
2026-06-12 02:34:02.246 7 INFO neutron.db.ovn_revision_numbers_db [None req-e144dce1-aa2d-452b-bf08-6b37556b1fa3 - - - - - -] Successfully bumped revision number for resource 368042ce-791b-4505-8202-a2ad9cead678 (type: subnets) to 0 [pid: 7|app: 0|req: 1459/2670] 10.0.0.85 () {34 vars in 668 bytes} [Fri Jun 12 02:34:01 2026] POST /v2.0/subnets => generated 657 bytes in 722 msecs (HTTP/1.1 201) 4 headers in 162 bytes (1 switches on core 0)
2026-06-12 02:34:02.277 8 INFO neutron.plugins.ml2.plugin [None req-5efe3546-206a-44b4-a4d6-d3460b48a432 - - - - - -] Attempt 1 to provision port 4e75fc33-5490-4b96-a398-0f9b4c0abeaf
2026-06-12 02:34:02.435 8 INFO neutron.db.ovn_revision_numbers_db [None req-b82c13e4-d827-428e-a1b3-61e73076c125 - - - - - -] Successfully bumped revision number for resource 0b5231c0-c35d-4a11-8c0b-2a62821dc249 (type: ports) to 3 [pid: 7|app: 0|req: 1460/2671] 10.0.0.85 () {32 vars in 721 bytes} [Fri Jun 12 02:34:02 2026] GET /v2.0/subnetpools?name=shared-default-subnetpool-v6 => generated 19 bytes in 172 msecs (HTTP/1.1 200) 4 headers in 156 bytes (1 switches on core 0)
2026-06-12 02:34:02.625 7 WARNING neutron.scheduler.dhcp_agent_scheduler [None req-2c66fb6b-7342-413e-ac7e-c75c489fa1db a308b59f5ae84e1499c5c8218eb36185 3b1ac6f088cf4043bee28ed5b6f8498e - - default default] No more DHCP agents
2026-06-12 02:34:02.627 7 WARNING neutron.api.rpc.agentnotifiers.dhcp_rpc_agent_api [None req-2c66fb6b-7342-413e-ac7e-c75c489fa1db a308b59f5ae84e1499c5c8218eb36185 3b1ac6f088cf4043bee28ed5b6f8498e - - default default] Unable to schedule network b0efa299-4d1c-4e5a-a464-d29de018ed97: no agents available; will retry on subsequent port and subnet creation events. [pid: 8|app: 0|req: 1212/2672] 10.0.0.85 () {34 vars in 684 bytes} [Fri Jun 12 02:33:57 2026] POST /v2.0/vpn/vpnservices => generated 457 bytes in 4953 msecs (HTTP/1.1 201) 4 headers in 162 bytes (1 switches on core 0) /var/lib/openstack/lib/python3.12/site-packages/pycadf/identifier.py:70: UserWarning: Invalid uuid: neutron. To ensure interoperability, identifiers should be a valid uuid. warnings.warn(('Invalid uuid: %s. To ensure interoperability, ' [pid: 8|app: 0|req: 1213/2673] 10.0.0.85 () {32 vars in 662 bytes} [Fri Jun 12 02:34:02 2026] GET /v2.0/vpn/vpnservices => generated 1313 bytes in 12 msecs (HTTP/1.1 200) 4 headers in 158 bytes (1 switches on core 0)
2026-06-12 02:34:02.661 7 INFO neutron.db.ovn_revision_numbers_db [None req-2c66fb6b-7342-413e-ac7e-c75c489fa1db a308b59f5ae84e1499c5c8218eb36185 3b1ac6f088cf4043bee28ed5b6f8498e - - default default] Successfully bumped revision number for resource d8b6ada9-8dcb-4432-8d43-f647e9f8d235 (type: subnets) to 0 [pid: 7|app: 0|req: 1461/2674] 10.0.0.85 () {34 vars in 668 bytes} [Fri Jun 12 02:34:02 2026] POST /v2.0/subnets => generated 732 bytes in 231 msecs (HTTP/1.1 201) 4 headers in 162 bytes (1 switches on core 0)
