2026-06-12 02:34:13.734 7 INFO neutron.db.ovn_revision_numbers_db [None req-984e603e-556c-4b9f-91b1-2add3c7541ff a308b59f5ae84e1499c5c8218eb36185 3b1ac6f088cf4043bee28ed5b6f8498e - - default default] Successfully bumped revision number for resource ecf7186d-c1c5-44ca-93f2-81ac7cd71ea6 (type: security_group_rules) to 0 [pid: 7|app: 0|req: 1481/2761] 10.0.0.85 () {34 vars in 694 bytes} [Fri Jun 12 02:34:13 2026] POST /v2.0/security-group-rules => generated 601 bytes in 205 msecs (HTTP/1.1 201) 4 headers in 162 bytes (1 switches on core 0)
2026-06-12 02:34:13.933 7 INFO neutron.db.ovn_revision_numbers_db [None req-358e6e03-1ccf-4fe2-874c-aa2e8487e476 a308b59f5ae84e1499c5c8218eb36185 3b1ac6f088cf4043bee28ed5b6f8498e - - default default] Successfully bumped revision number for resource dcda19a9-9e4b-44d8-9450-e9d5790949e5 (type: security_group_rules) to 0 [pid: 7|app: 0|req: 1482/2762] 10.0.0.85 () {34 vars in 694 bytes} [Fri Jun 12 02:34:13 2026] POST /v2.0/security-group-rules => generated 601 bytes in 187 msecs (HTTP/1.1 201) 4 headers in 162 bytes (1 switches on core 0)
2026-06-12 02:34:14.070 8 WARNING neutron.scheduler.dhcp_agent_scheduler [None req-94fc84cb-1dbd-4783-a027-a22afe5b4932 e665740a7c634c83b7a85afe14ebcee1 c1d921a5d8944b49ab742ca70fe50d4a - - default default] No more DHCP agents
2026-06-12 02:34:14.071 8 WARNING neutron.api.rpc.agentnotifiers.dhcp_rpc_agent_api [None req-94fc84cb-1dbd-4783-a027-a22afe5b4932 e665740a7c634c83b7a85afe14ebcee1 c1d921a5d8944b49ab742ca70fe50d4a - - default default] Unable to schedule network e697eeb5-26c6-4d4a-98bb-11f717b9d0a0: no agents available; will retry on subsequent port and subnet creation events.
2026-06-12 02:34:14.099 7 INFO neutron.db.ovn_revision_numbers_db [None req-0a0d8140-b7b5-4672-8761-14516bc404a7 a308b59f5ae84e1499c5c8218eb36185 3b1ac6f088cf4043bee28ed5b6f8498e - - default default] Successfully bumped revision number for resource 2d97b47e-dde5-4b1f-a0d0-a79bd5be2355 (type: security_group_rules) to 0 [pid: 7|app: 0|req: 1483/2763] 10.0.0.85 () {34 vars in 694 bytes} [Fri Jun 12 02:34:13 2026] POST /v2.0/security-group-rules => generated 597 bytes in 161 msecs (HTTP/1.1 201) 4 headers in 162 bytes (1 switches on core 0)
2026-06-12 02:34:14.245 8 INFO neutron.db.ovn_revision_numbers_db [None req-94fc84cb-1dbd-4783-a027-a22afe5b4932 e665740a7c634c83b7a85afe14ebcee1 c1d921a5d8944b49ab742ca70fe50d4a - - default default] Successfully bumped revision number for resource 928a50b7-3cc3-4128-bdc5-3eb27eda73f2 (type: ports) to 1
2026-06-12 02:34:14.333 7 INFO neutron.db.ovn_revision_numbers_db [None req-f1ffa486-c165-4b37-99ca-980f8a51ed28 a308b59f5ae84e1499c5c8218eb36185 3b1ac6f088cf4043bee28ed5b6f8498e - - default default] Successfully bumped revision number for resource d54e1ebc-addc-4f59-9ddb-e69c4b27c8c5 (type: security_group_rules) to 0 [pid: 7|app: 0|req: 1484/2764] 10.0.0.85 () {34 vars in 694 bytes} [Fri Jun 12 02:34:14 2026] POST /v2.0/security-group-rules => generated 597 bytes in 228 msecs (HTTP/1.1 201) 4 headers in 162 bytes (1 switches on core 0)
2026-06-12 02:34:14.715 7 INFO neutron.db.ovn_revision_numbers_db [None req-05c76851-debd-411b-a91b-9544f2e23fd0 e4d3108604c1425f8f7a7ef4f3ab3577 3808226740f34ba0a9115e28f2d378c0 - - default default] Successfully bumped revision number for resource 2b4ec9a6-39b0-4fa2-b86f-9a0c9a5c2885 (type: security_groups) to 1
2026-06-12 02:34:14.731 7 INFO neutron.db.ovn_revision_numbers_db [None req-05c76851-debd-411b-a91b-9544f2e23fd0 e4d3108604c1425f8f7a7ef4f3ab3577 3808226740f34ba0a9115e28f2d378c0 - - default default] Successfully bumped revision number for resource 3c298a21-816c-429f-a711-c0ac249b4897 (type: security_group_rules) to 0
2026-06-12 02:34:14.756 7 INFO neutron.db.ovn_revision_numbers_db [None req-05c76851-debd-411b-a91b-9544f2e23fd0 e4d3108604c1425f8f7a7ef4f3ab3577 3808226740f34ba0a9115e28f2d378c0 - - default default] Successfully bumped revision number for resource 4d5ccb87-4221-41ec-8dd9-4254045bce83 (type: security_group_rules) to 0
2026-06-12 02:34:14.772 7 INFO neutron.db.ovn_revision_numbers_db [None req-05c76851-debd-411b-a91b-9544f2e23fd0 e4d3108604c1425f8f7a7ef4f3ab3577 3808226740f34ba0a9115e28f2d378c0 - - default default] Successfully bumped revision number for resource ddc50dea-b77b-4b90-a674-41c5bc7e4a62 (type: security_group_rules) to 0
2026-06-12 02:34:14.775 8 WARNING neutron.plugins.ml2.drivers.ovn.mech_driver.ovsdb.ovn_client [None req-4b942137-169f-41ac-8484-29a84f9b042d - - - - - -] No hosting information found for port afe1b233-116d-465f-9795-a3afa69be9f1: RuntimeError: No hosting information found for port afe1b233-116d-465f-9795-a3afa69be9f1
2026-06-12 02:34:14.790 7 INFO neutron.db.ovn_revision_numbers_db [None req-05c76851-debd-411b-a91b-9544f2e23fd0 e4d3108604c1425f8f7a7ef4f3ab3577 3808226740f34ba0a9115e28f2d378c0 - - default default] Successfully bumped revision number for resource e6ba399c-692b-44e1-bfac-2edbb944f354 (type: security_group_rules) to 0
2026-06-12 02:34:14.875 7 INFO neutron.db.segments_db [None req-05c76851-debd-411b-a91b-9544f2e23fd0 e4d3108604c1425f8f7a7ef4f3ab3577 3808226740f34ba0a9115e28f2d378c0 - - default default] Added segment ccc3bf8e-4835-4597-a5f9-fdc46c2eeab2 of type geneve for network a2866594-fa0b-499e-9984-56e32881c590
2026-06-12 02:34:14.936 8 INFO neutron.db.ovn_revision_numbers_db [None req-4b942137-169f-41ac-8484-29a84f9b042d - - - - - -] Successfully bumped revision number for resource afe1b233-116d-465f-9795-a3afa69be9f1 (type: router_ports) to 2
2026-06-12 02:34:14.936 8 INFO neutron.plugins.ml2.drivers.ovn.mech_driver.mech_driver [None req-4b942137-169f-41ac-8484-29a84f9b042d - - - - - -] OVN reports status down for port: ed03f093-2492-47c8-9414-9a2b8a23e26a
2026-06-12 02:34:14.970 8 INFO neutron.plugins.ml2.drivers.ovn.mech_driver.mech_driver [None req-4b942137-169f-41ac-8484-29a84f9b042d - - - - - -] OVN reports status down for port: 75393425-d5b0-42ee-8fc6-21e106967b46
2026-06-12 02:34:14.991 7 INFO neutron.db.ovn_revision_numbers_db [None req-05c76851-debd-411b-a91b-9544f2e23fd0 e4d3108604c1425f8f7a7ef4f3ab3577 3808226740f34ba0a9115e28f2d378c0 - - default default] Successfully bumped revision number for resource a2866594-fa0b-499e-9984-56e32881c590 (type: networks) to 1
2026-06-12 02:34:15.009 8 INFO neutron.plugins.ml2.drivers.ovn.mech_driver.mech_driver [None req-4b942137-169f-41ac-8484-29a84f9b042d - - - - - -] OVN reports status down for port: 468a1818-bcf8-41d7-956c-028b298abc07
2026-06-12 02:34:15.024 8 INFO neutron.plugins.ml2.drivers.ovn.mech_driver.ovsdb.commands [-] Schedule LRP lrp-928a50b7-3cc3-4128-bdc5-3eb27eda73f2 on gateway 345a02b9-0840-493a-ae12-91e7575a8d53 with priority 1
2026-06-12 02:34:15.025 8 INFO neutron.plugins.ml2.drivers.ovn.mech_driver.mech_driver [None req-4b942137-169f-41ac-8484-29a84f9b042d - - - - - -] OVN reports status up for port: 468a1818-bcf8-41d7-956c-028b298abc07
2026-06-12 02:34:15.113 8 INFO neutron.plugins.ml2.drivers.ovn.mech_driver.mech_driver [None req-4b942137-169f-41ac-8484-29a84f9b042d - - - - - -] OVN reports status down for port: 52dc7c46-c167-4dd0-9345-5bfc42c6abab
2026-06-12 02:34:15.126 8 INFO neutron.db.ovn_revision_numbers_db [None req-94fc84cb-1dbd-4783-a027-a22afe5b4932 e665740a7c634c83b7a85afe14ebcee1 c1d921a5d8944b49ab742ca70fe50d4a - - default default] Successfully bumped revision number for resource 928a50b7-3cc3-4128-bdc5-3eb27eda73f2 (type: router_ports) to 1
2026-06-12 02:34:15.206 7 WARNING neutron.scheduler.dhcp_agent_scheduler [None req-05c76851-debd-411b-a91b-9544f2e23fd0 e4d3108604c1425f8f7a7ef4f3ab3577 3808226740f34ba0a9115e28f2d378c0 - - default default] No more DHCP agents
2026-06-12 02:34:15.207 7 WARNING neutron.api.rpc.agentnotifiers.dhcp_rpc_agent_api [None req-05c76851-debd-411b-a91b-9544f2e23fd0 e4d3108604c1425f8f7a7ef4f3ab3577 3808226740f34ba0a9115e28f2d378c0 - - default default] Unable to schedule network a2866594-fa0b-499e-9984-56e32881c590: no agents available; will retry on subsequent port and subnet creation events.
2026-06-12 02:34:15.229 8 INFO neutron.plugins.ml2.drivers.ovn.mech_driver.mech_driver [None req-4b942137-169f-41ac-8484-29a84f9b042d - - - - - -] OVN reports status down for port: 0b5231c0-c35d-4a11-8c0b-2a62821dc249
2026-06-12 02:34:15.246 8 INFO neutron.db.ovn_revision_numbers_db [None req-94fc84cb-1dbd-4783-a027-a22afe5b4932 e665740a7c634c83b7a85afe14ebcee1 c1d921a5d8944b49ab742ca70fe50d4a - - default default] Successfully bumped revision number for resource 1e779513-d2f1-4fa0-99b4-eebe1476ab83 (type: routers) to 2
2026-06-12 02:34:15.278 8 INFO neutron.plugins.ml2.drivers.ovn.mech_driver.mech_driver [None req-4b942137-169f-41ac-8484-29a84f9b042d - - - - - -] OVN reports status down for port: d51b1f7a-ccf6-44d7-9dad-d2b67004cfa4 [pid: 8|app: 0|req: 1281/2765] 10.0.0.85 () {34 vars in 668 bytes} [Fri Jun 12 02:34:13 2026] POST /v2.0/routers => generated 936 bytes in 1654 msecs (HTTP/1.1 201) 4 headers in 162 bytes (1 switches on core 0)
2026-06-12 02:34:15.294 7 INFO neutron.db.ovn_revision_numbers_db [None req-05c76851-debd-411b-a91b-9544f2e23fd0 e4d3108604c1425f8f7a7ef4f3ab3577 3808226740f34ba0a9115e28f2d378c0 - - default default] Successfully bumped revision number for resource 0e1940f1-8a2f-473c-bf2c-2e1e8b181795 (type: ports) to 1 [pid: 7|app: 0|req: 1485/2766] 10.0.0.85 () {34 vars in 669 bytes} [Fri Jun 12 02:34:14 2026] POST /v2.0/networks => generated 632 bytes in 950 msecs (HTTP/1.1 201) 4 headers in 162 bytes (1 switches on core 0)
2026-06-12 02:34:15.441 8 INFO neutron.plugins.ml2.drivers.ovn.mech_driver.mech_driver [None req-4b942137-169f-41ac-8484-29a84f9b042d - - - - - -] OVN reports status down for port: e949e835-229c-4a44-a90b-f714b44ae38c
2026-06-12 02:34:15.549 8 INFO neutron.plugins.ml2.drivers.ovn.mech_driver.mech_driver [None req-4b942137-169f-41ac-8484-29a84f9b042d - - - - - -] OVN reports status down for port: f53546a5-ff94-45c2-8ff2-735e785d137e
2026-06-12 02:34:15.569 8 INFO neutron.db.ovn_revision_numbers_db [None req-e0b5611b-c85f-4633-9ee9-b4ceb327dd0b a308b59f5ae84e1499c5c8218eb36185 3b1ac6f088cf4043bee28ed5b6f8498e - - default default] Successfully bumped revision number for resource e27c1b76-2fc6-4035-846b-a00729e44d1c (type: security_group_rules) to 0 [pid: 8|app: 0|req: 1282/2767] 10.0.0.85 () {34 vars in 694 bytes} [Fri Jun 12 02:34:15 2026] POST /v2.0/security-group-rules => generated 597 bytes in 333 msecs (HTTP/1.1 201) 4 headers in 162 bytes (1 switches on core 0)
2026-06-12 02:34:15.786 8 INFO neutron.db.segments_db [None req-257ac32a-0442-4e8b-9aee-8bdd085cccdb e4d3108604c1425f8f7a7ef4f3ab3577 3808226740f34ba0a9115e28f2d378c0 - - default default] Added segment f31a73ae-97f7-4345-8fb4-419c00d8df37 of type geneve for network 368c41af-5f69-4eec-b43b-4de738d5bbca
2026-06-12 02:34:15.815 7 WARNING neutron.scheduler.dhcp_agent_scheduler [None req-e5672eee-7b42-4ce6-b173-8e5998ee326a e665740a7c634c83b7a85afe14ebcee1 c1d921a5d8944b49ab742ca70fe50d4a - - default default] No more DHCP agents
2026-06-12 02:34:15.816 7 WARNING neutron.api.rpc.agentnotifiers.dhcp_rpc_agent_api [None req-e5672eee-7b42-4ce6-b173-8e5998ee326a e665740a7c634c83b7a85afe14ebcee1 c1d921a5d8944b49ab742ca70fe50d4a - - default default] Unable to schedule network ca3d3591-081b-4425-ae20-fb5e87464cbf: no agents available; will retry on subsequent port and subnet creation events.
2026-06-12 02:34:16.022 7 INFO neutron.db.ovn_revision_numbers_db [None req-e5672eee-7b42-4ce6-b173-8e5998ee326a e665740a7c634c83b7a85afe14ebcee1 c1d921a5d8944b49ab742ca70fe50d4a - - default default] Successfully bumped revision number for resource e70face2-b905-4153-8dc3-050d9a12c784 (type: ports) to 1
2026-06-12 02:34:16.047 8 INFO neutron.db.ovn_revision_numbers_db [None req-257ac32a-0442-4e8b-9aee-8bdd085cccdb e4d3108604c1425f8f7a7ef4f3ab3577 3808226740f34ba0a9115e28f2d378c0 - - default default] Successfully bumped revision number for resource 368c41af-5f69-4eec-b43b-4de738d5bbca (type: networks) to 1
2026-06-12 02:34:16.214 8 INFO neutron.db.ovn_revision_numbers_db [None req-4b942137-169f-41ac-8484-29a84f9b042d - - - - - -] Successfully bumped revision number for resource f53546a5-ff94-45c2-8ff2-735e785d137e (type: ports) to 6
2026-06-12 02:34:16.316 8 WARNING neutron.scheduler.dhcp_agent_scheduler [None req-257ac32a-0442-4e8b-9aee-8bdd085cccdb e4d3108604c1425f8f7a7ef4f3ab3577 3808226740f34ba0a9115e28f2d378c0 - - default default] No more DHCP agents
2026-06-12 02:34:16.319 8 WARNING neutron.api.rpc.agentnotifiers.dhcp_rpc_agent_api [None req-257ac32a-0442-4e8b-9aee-8bdd085cccdb e4d3108604c1425f8f7a7ef4f3ab3577 3808226740f34ba0a9115e28f2d378c0 - - default default] Unable to schedule network 368c41af-5f69-4eec-b43b-4de738d5bbca: no agents available; will retry on subsequent port and subnet creation events.
2026-06-12 02:34:16.343 8 WARNING neutron.plugins.ml2.drivers.ovn.mech_driver.ovsdb.ovn_client [None req-0f1de58a-ec98-44b8-8442-983a52996bdf - - - - - -] Logical_Switch_Port f53546a5-ff94-45c2-8ff2-735e785d137e host information not removed, the port state is up
2026-06-12 02:34:16.343 8 INFO neutron.plugins.ml2.drivers.ovn.mech_driver.mech_driver [None req-0f1de58a-ec98-44b8-8442-983a52996bdf - - - - - -] OVN reports status up for port: f53546a5-ff94-45c2-8ff2-735e785d137e
2026-06-12 02:34:16.365 8 INFO neutron.plugins.ml2.plugin [None req-0f1de58a-ec98-44b8-8442-983a52996bdf - - - - - -] Attempt 1 to provision port f53546a5-ff94-45c2-8ff2-735e785d137e
2026-06-12 02:34:16.501 8 INFO neutron.db.ovn_revision_numbers_db [None req-257ac32a-0442-4e8b-9aee-8bdd085cccdb e4d3108604c1425f8f7a7ef4f3ab3577 3808226740f34ba0a9115e28f2d378c0 - - default default] Successfully bumped revision number for resource c582a600-2b4d-4a9c-8f5b-f14ffef0ebaa (type: ports) to 1 [pid: 8|app: 0|req: 1283/2768] 10.0.0.85 () {34 vars in 669 bytes} [Fri Jun 12 02:34:15 2026] POST /v2.0/networks => generated 629 bytes in 921 msecs (HTTP/1.1 201) 4 headers in 162 bytes (1 switches on core 0)
2026-06-12 02:34:16.741 7 WARNING neutron.scheduler.dhcp_agent_scheduler [None req-e5672eee-7b42-4ce6-b173-8e5998ee326a e665740a7c634c83b7a85afe14ebcee1 c1d921a5d8944b49ab742ca70fe50d4a - - default default] No more DHCP agents
2026-06-12 02:34:16.742 7 WARNING neutron.api.rpc.agentnotifiers.dhcp_rpc_agent_api [None req-e5672eee-7b42-4ce6-b173-8e5998ee326a e665740a7c634c83b7a85afe14ebcee1 c1d921a5d8944b49ab742ca70fe50d4a - - default default] Unable to schedule network ca3d3591-081b-4425-ae20-fb5e87464cbf: no agents available; will retry on subsequent port and subnet creation events.
2026-06-12 02:34:16.923 8 INFO neutron.db.ovn_revision_numbers_db [None req-f0d9276f-1c6c-48f6-bfbc-ec9b83ecf461 a308b59f5ae84e1499c5c8218eb36185 3b1ac6f088cf4043bee28ed5b6f8498e - - default default] Successfully bumped revision number for resource 86641f2b-55f0-48de-be53-5ac8044ce50c (type: security_group_rules) to 0 [pid: 8|app: 0|req: 1284/2769] 10.0.0.85 () {34 vars in 694 bytes} [Fri Jun 12 02:34:16 2026] POST /v2.0/security-group-rules => generated 599 bytes in 438 msecs (HTTP/1.1 201) 4 headers in 162 bytes (1 switches on core 0)
2026-06-12 02:34:16.987 8 INFO neutron.db.ovn_revision_numbers_db [None req-0f1de58a-ec98-44b8-8442-983a52996bdf - - - - - -] Successfully bumped revision number for resource f53546a5-ff94-45c2-8ff2-735e785d137e (type: ports) to 7
2026-06-12 02:34:17.123 8 INFO neutron.db.segments_db [None req-96d88b72-a34a-4fa6-954d-7bcfc2696a3b e4d3108604c1425f8f7a7ef4f3ab3577 3808226740f34ba0a9115e28f2d378c0 - - default default] Added segment 5ef69bcc-7b88-4e9b-b3b7-a3ee982373f6 of type geneve for network 9ea51f91-a4ad-44d6-875c-b74c9b286ca3
2026-06-12 02:34:17.136 7 INFO neutron.db.ovn_revision_numbers_db [None req-e5672eee-7b42-4ce6-b173-8e5998ee326a e665740a7c634c83b7a85afe14ebcee1 c1d921a5d8944b49ab742ca70fe50d4a - - default default] Successfully bumped revision number for resource e70face2-b905-4153-8dc3-050d9a12c784 (type: router_ports) to 1 [pid: 7|app: 0|req: 1486/2770] 10.0.0.85 () {34 vars in 782 bytes} [Fri Jun 12 02:34:15 2026] PUT /v2.0/routers/1e779513-d2f1-4fa0-99b4-eebe1476ab83/add_router_interface => generated 309 bytes in 1832 msecs (HTTP/1.1 200) 4 headers in 157 bytes (1 switches on core 0)
2026-06-12 02:34:17.261 8 INFO neutron.plugins.ml2.drivers.ovn.mech_driver.mech_driver [None req-18bcff91-88bf-491b-9696-cf1ad3d42f38 - - - - - -] OVN reports status down for port: 4fc33e74-ce87-433c-b7d3-abf6492195a1
2026-06-12 02:34:17.313 7 INFO neutron.db.ovn_revision_numbers_db [None req-eaac912d-7a43-4ff9-98a5-a8cb65d8253f a308b59f5ae84e1499c5c8218eb36185 3b1ac6f088cf4043bee28ed5b6f8498e - - default default] Successfully bumped revision number for resource 979e3d8b-2f40-484f-a769-028c37688192 (type: security_group_rules) to 0 [pid: 7|app: 0|req: 1487/2771] 10.0.0.85 () {34 vars in 694 bytes} [Fri Jun 12 02:34:17 2026] POST /v2.0/security-group-rules => generated 601 bytes in 206 msecs (HTTP/1.1 201) 4 headers in 162 bytes (1 switches on core 0)
2026-06-12 02:34:17.378 8 WARNING neutron.plugins.ml2.drivers.ovn.mech_driver.ovsdb.ovn_client [None req-18bcff91-88bf-491b-9696-cf1ad3d42f38 - - - - - -] Logical_Switch_Port 4fc33e74-ce87-433c-b7d3-abf6492195a1 host information not removed, the port state is up
2026-06-12 02:34:17.381 8 INFO neutron.plugins.ml2.drivers.ovn.mech_driver.mech_driver [None req-18bcff91-88bf-491b-9696-cf1ad3d42f38 - - - - - -] OVN reports status up for port: 4fc33e74-ce87-433c-b7d3-abf6492195a1
2026-06-12 02:34:17.404 8 INFO neutron.plugins.ml2.plugin [None req-18bcff91-88bf-491b-9696-cf1ad3d42f38 - - - - - -] Attempt 1 to provision port 4fc33e74-ce87-433c-b7d3-abf6492195a1
2026-06-12 02:34:17.408 8 INFO neutron.db.ovn_revision_numbers_db [None req-96d88b72-a34a-4fa6-954d-7bcfc2696a3b e4d3108604c1425f8f7a7ef4f3ab3577 3808226740f34ba0a9115e28f2d378c0 - - default default] Successfully bumped revision number for resource 9ea51f91-a4ad-44d6-875c-b74c9b286ca3 (type: networks) to 1
2026-06-12 02:34:17.666 8 WARNING neutron.scheduler.dhcp_agent_scheduler [None req-96d88b72-a34a-4fa6-954d-7bcfc2696a3b e4d3108604c1425f8f7a7ef4f3ab3577 3808226740f34ba0a9115e28f2d378c0 - - default default] No more DHCP agents
2026-06-12 02:34:17.668 8 WARNING neutron.api.rpc.agentnotifiers.dhcp_rpc_agent_api [None req-96d88b72-a34a-4fa6-954d-7bcfc2696a3b e4d3108604c1425f8f7a7ef4f3ab3577 3808226740f34ba0a9115e28f2d378c0 - - default default] Unable to schedule network 9ea51f91-a4ad-44d6-875c-b74c9b286ca3: no agents available; will retry on subsequent port and subnet creation events.
2026-06-12 02:34:17.851 8 INFO neutron.db.ovn_revision_numbers_db [None req-96d88b72-a34a-4fa6-954d-7bcfc2696a3b e4d3108604c1425f8f7a7ef4f3ab3577 3808226740f34ba0a9115e28f2d378c0 - - default default] Successfully bumped revision number for resource 28d3e966-62cd-4dad-817a-7812a6f1dd86 (type: ports) to 1
2026-06-12 02:34:17.861 7 WARNING neutron.scheduler.dhcp_agent_scheduler [None req-8c6add16-78b1-4376-b02d-62b226e517df - - - - - -] No more DHCP agents
2026-06-12 02:34:17.862 7 WARNING neutron.api.rpc.agentnotifiers.dhcp_rpc_agent_api [None req-8c6add16-78b1-4376-b02d-62b226e517df - - - - - -] Unable to schedule network e697eeb5-26c6-4d4a-98bb-11f717b9d0a0: no agents available; will retry on subsequent port and subnet creation events. [pid: 8|app: 0|req: 1285/2772] 10.0.0.85 () {34 vars in 669 bytes} [Fri Jun 12 02:34:16 2026] POST /v2.0/networks => generated 631 bytes in 908 msecs (HTTP/1.1 201) 4 headers in 162 bytes (1 switches on core 0)
2026-06-12 02:34:18.018 7 INFO neutron.db.ovn_revision_numbers_db [None req-8c6add16-78b1-4376-b02d-62b226e517df - - - - - -] Successfully bumped revision number for resource dd8e9fb8-8b70-4660-bc1d-454595121625 (type: ports) to 1
2026-06-12 02:34:18.227 8 INFO neutron.db.ovn_revision_numbers_db [None req-18bcff91-88bf-491b-9696-cf1ad3d42f38 - - - - - -] Successfully bumped revision number for resource 4fc33e74-ce87-433c-b7d3-abf6492195a1 (type: ports) to 2
2026-06-12 02:34:18.289 8 INFO neutron.db.ovn_revision_numbers_db [None req-8e613ad8-6c25-431e-bf1d-6c46db169828 a308b59f5ae84e1499c5c8218eb36185 3b1ac6f088cf4043bee28ed5b6f8498e - - default default] Successfully bumped revision number for resource a7034461-05f7-4299-ba66-d718674790fd (type: security_group_rules) to 0
2026-06-12 02:34:18.294 7 INFO neutron.db.ovn_revision_numbers_db [None req-8c6add16-78b1-4376-b02d-62b226e517df - - - - - -] Successfully bumped revision number for resource dd8e9fb8-8b70-4660-bc1d-454595121625 (type: ports) to 3 [pid: 8|app: 0|req: 1286/2773] 10.0.0.85 () {34 vars in 694 bytes} [Fri Jun 12 02:34:17 2026] POST /v2.0/security-group-rules => generated 597 bytes in 449 msecs (HTTP/1.1 201) 4 headers in 162 bytes (1 switches on core 0)
2026-06-12 02:34:18.348 7 INFO neutron.db.segments_db [None req-8c6add16-78b1-4376-b02d-62b226e517df - - - - - -] Added segment ecc70cc6-ab76-4cdd-9704-741994372ebb of type geneve for network 80eabb0f-b3dc-4a34-b233-141ac53eeb91
2026-06-12 02:34:18.452 8 INFO neutron.db.segments_db [None req-f66d2d28-c530-4d62-bcea-e8adee4a7581 e4d3108604c1425f8f7a7ef4f3ab3577 3808226740f34ba0a9115e28f2d378c0 - - default default] Added segment 1db8bf24-ff40-4e30-a533-85ea471d2ce9 of type geneve for network 2bd7a00e-bd7f-4a6f-ae23-25f04da20dc8
2026-06-12 02:34:18.477 7 INFO neutron.db.ovn_revision_numbers_db [None req-a1e06980-9f80-48e4-9b7e-54470afd345a - - - - - -] Successfully bumped revision number for resource 80eabb0f-b3dc-4a34-b233-141ac53eeb91 (type: networks) to 1
2026-06-12 02:34:18.586 8 INFO neutron.db.ovn_revision_numbers_db [None req-f66d2d28-c530-4d62-bcea-e8adee4a7581 e4d3108604c1425f8f7a7ef4f3ab3577 3808226740f34ba0a9115e28f2d378c0 - - default default] Successfully bumped revision number for resource 2bd7a00e-bd7f-4a6f-ae23-25f04da20dc8 (type: networks) to 1
2026-06-12 02:34:18.650 7 WARNING neutron.scheduler.dhcp_agent_scheduler [None req-a1e06980-9f80-48e4-9b7e-54470afd345a - - - - - -] No more DHCP agents
2026-06-12 02:34:18.651 7 WARNING neutron.api.rpc.agentnotifiers.dhcp_rpc_agent_api [None req-a1e06980-9f80-48e4-9b7e-54470afd345a - - - - - -] Unable to schedule network 80eabb0f-b3dc-4a34-b233-141ac53eeb91: no agents available; will retry on subsequent port and subnet creation events.
2026-06-12 02:34:18.783 7 INFO neutron.db.ovn_revision_numbers_db [None req-a1e06980-9f80-48e4-9b7e-54470afd345a - - - - - -] Successfully bumped revision number for resource 6f203c50-0b8f-4d24-b4a2-8e704eba6241 (type: ports) to 1
2026-06-12 02:34:18.811 8 WARNING neutron.scheduler.dhcp_agent_scheduler [None req-f66d2d28-c530-4d62-bcea-e8adee4a7581 e4d3108604c1425f8f7a7ef4f3ab3577 3808226740f34ba0a9115e28f2d378c0 - - default default] No more DHCP agents
2026-06-12 02:34:18.813 8 WARNING neutron.api.rpc.agentnotifiers.dhcp_rpc_agent_api [None req-f66d2d28-c530-4d62-bcea-e8adee4a7581 e4d3108604c1425f8f7a7ef4f3ab3577 3808226740f34ba0a9115e28f2d378c0 - - default default] Unable to schedule network 2bd7a00e-bd7f-4a6f-ae23-25f04da20dc8: no agents available; will retry on subsequent port and subnet creation events.
2026-06-12 02:34:18.916 8 INFO neutron.db.ovn_revision_numbers_db [None req-f66d2d28-c530-4d62-bcea-e8adee4a7581 e4d3108604c1425f8f7a7ef4f3ab3577 3808226740f34ba0a9115e28f2d378c0 - - default default] Successfully bumped revision number for resource 9f892d54-53ca-442a-a6a1-91503b92793d (type: ports) to 1 [pid: 8|app: 0|req: 1287/2774] 10.0.0.85 () {34 vars in 669 bytes} [Fri Jun 12 02:34:18 2026] POST /v2.0/networks => generated 631 bytes in 595 msecs (HTTP/1.1 201) 4 headers in 162 bytes (1 switches on core 0)
2026-06-12 02:34:18.957 7 WARNING neutron.scheduler.dhcp_agent_scheduler [None req-a1e06980-9f80-48e4-9b7e-54470afd345a - - - - - -] No more DHCP agents
2026-06-12 02:34:18.959 7 WARNING neutron.api.rpc.agentnotifiers.dhcp_rpc_agent_api [None req-a1e06980-9f80-48e4-9b7e-54470afd345a - - - - - -] Unable to schedule network 80eabb0f-b3dc-4a34-b233-141ac53eeb91: no agents available; will retry on subsequent port and subnet creation events. [pid: 8|app: 0|req: 1288/2775] 10.0.0.8 () {34 vars in 1092 bytes} [Fri Jun 12 02:34:18 2026] GET /v2.0/security-groups?name=tempest-lb_member_SG-169672046&fields=id&tenant_id=3b1ac6f088cf4043bee28ed5b6f8498e => generated 69 bytes in 33 msecs (HTTP/1.1 200) 4 headers in 156 bytes (1 switches on core 0)
2026-06-12 02:34:18.983 7 INFO neutron.db.ovn_revision_numbers_db [None req-a1e06980-9f80-48e4-9b7e-54470afd345a - - - - - -] Successfully bumped revision number for resource 7cb4469a-33d8-4683-a323-6cc728831732 (type: subnets) to 0
2026-06-12 02:34:19.055 8 INFO neutron.db.segments_db [None req-d7a8c866-5c73-40ab-9bb9-36d8425a8a89 e4d3108604c1425f8f7a7ef4f3ab3577 3808226740f34ba0a9115e28f2d378c0 - - default default] Added segment 61580226-1db5-409b-bd25-fe48bc105573 of type geneve for network 703a838b-8f1e-4360-9225-72d389bfc6cf
2026-06-12 02:34:19.143 8 INFO neutron.db.ovn_revision_numbers_db [None req-d7a8c866-5c73-40ab-9bb9-36d8425a8a89 e4d3108604c1425f8f7a7ef4f3ab3577 3808226740f34ba0a9115e28f2d378c0 - - default default] Successfully bumped revision number for resource 703a838b-8f1e-4360-9225-72d389bfc6cf (type: networks) to 1
2026-06-12 02:34:19.300 8 WARNING neutron.scheduler.dhcp_agent_scheduler [None req-d7a8c866-5c73-40ab-9bb9-36d8425a8a89 e4d3108604c1425f8f7a7ef4f3ab3577 3808226740f34ba0a9115e28f2d378c0 - - default default] No more DHCP agents
2026-06-12 02:34:19.301 8 WARNING neutron.api.rpc.agentnotifiers.dhcp_rpc_agent_api [None req-d7a8c866-5c73-40ab-9bb9-36d8425a8a89 e4d3108604c1425f8f7a7ef4f3ab3577 3808226740f34ba0a9115e28f2d378c0 - - default default] Unable to schedule network 703a838b-8f1e-4360-9225-72d389bfc6cf: no agents available; will retry on subsequent port and subnet creation events.
2026-06-12 02:34:19.384 8 INFO neutron.db.ovn_revision_numbers_db [None req-d7a8c866-5c73-40ab-9bb9-36d8425a8a89 e4d3108604c1425f8f7a7ef4f3ab3577 3808226740f34ba0a9115e28f2d378c0 - - default default] Successfully bumped revision number for resource 07bbbced-d7f6-4b29-b231-7564a2cf7618 (type: ports) to 1
2026-06-12 02:34:19.394 7 WARNING neutron.scheduler.dhcp_agent_scheduler [None req-a1e06980-9f80-48e4-9b7e-54470afd345a - - - - - -] No more DHCP agents
2026-06-12 02:34:19.401 7 WARNING neutron.api.rpc.agentnotifiers.dhcp_rpc_agent_api [None req-a1e06980-9f80-48e4-9b7e-54470afd345a - - - - - -] Unable to schedule network 80eabb0f-b3dc-4a34-b233-141ac53eeb91: no agents available; will retry on subsequent port and subnet creation events. [pid: 8|app: 0|req: 1289/2776] 10.0.0.85 () {34 vars in 669 bytes} [Fri Jun 12 02:34:18 2026] POST /v2.0/networks => generated 631 bytes in 438 msecs (HTTP/1.1 201) 4 headers in 162 bytes (1 switches on core 0) [pid: 8|app: 0|req: 1290/2777] 10.0.0.8 () {34 vars in 980 bytes} [Fri Jun 12 02:34:19 2026] GET /v2.0/networks?id=4cf25e5b-9602-4169-88c9-e55c66cf81f3 => generated 704 bytes in 45 msecs (HTTP/1.1 200) 4 headers in 157 bytes (1 switches on core 0) [pid: 8|app: 0|req: 1291/2778] 10.0.0.85 () {34 vars in 752 bytes} [Fri Jun 12 02:34:19 2026] PUT /v2.0/networks/a2866594-fa0b-499e-9984-56e32881c590/tags => generated 17 bytes in 75 msecs (HTTP/1.1 200) 4 headers in 156 bytes (1 switches on core 0) [pid: 8|app: 0|req: 1292/2779] 10.0.0.8 () {34 vars in 963 bytes} [Fri Jun 12 02:34:19 2026] GET /v2.0/quotas/3b1ac6f088cf4043bee28ed5b6f8498e => generated 292 bytes in 14 msecs (HTTP/1.1 200) 4 headers in 157 bytes (1 switches on core 0)
2026-06-12 02:34:19.572 7 INFO neutron.db.ovn_revision_numbers_db [None req-a1e06980-9f80-48e4-9b7e-54470afd345a - - - - - -] Successfully bumped revision number for resource f3f23798-e49d-4cb1-860a-4ab51f661fa7 (type: ports) to 1 [pid: 8|app: 0|req: 1293/2780] 10.0.0.85 () {34 vars in 752 bytes} [Fri Jun 12 02:34:19 2026] PUT /v2.0/networks/368c41af-5f69-4eec-b43b-4de738d5bbca/tags => generated 25 bytes in 70 msecs (HTTP/1.1 200) 4 headers in 156 bytes (1 switches on core 0) [pid: 8|app: 0|req: 1294/2781] 10.0.0.8 () {34 vars in 1000 bytes} [Fri Jun 12 02:34:19 2026] GET /v2.0/ports?tenant_id=3b1ac6f088cf4043bee28ed5b6f8498e&fields=id => generated 287 bytes in 159 msecs (HTTP/1.1 200) 4 headers in 157 bytes (1 switches on core 0) [pid: 8|app: 0|req: 1295/2782] 10.0.0.85 () {34 vars in 752 bytes} [Fri Jun 12 02:34:19 2026] PUT /v2.0/networks/9ea51f91-a4ad-44d6-875c-b74c9b286ca3/tags => generated 34 bytes in 62 msecs (HTTP/1.1 200) 4 headers in 156 bytes (1 switches on core 0) [pid: 8|app: 0|req: 1296/2783] 10.0.0.8 () {34 vars in 1006 bytes} [Fri Jun 12 02:34:19 2026] GET /v2.0/networks/4cf25e5b-9602-4169-88c9-e55c66cf81f3?fields=segments => generated 14 bytes in 41 msecs (HTTP/1.1 200) 4 headers in 156 bytes (1 switches on core 0) [pid: 8|app: 0|req: 1297/2784] 10.0.0.85 () {34 vars in 752 bytes} [Fri Jun 12 02:34:19 2026] PUT /v2.0/networks/2bd7a00e-bd7f-4a6f-ae23-25f04da20dc8/tags => generated 19 bytes in 48 msecs (HTTP/1.1 200) 4 headers in 156 bytes (1 switches on core 0) [pid: 8|app: 0|req: 1298/2785] 10.0.0.8 () {34 vars in 1106 bytes} [Fri Jun 12 02:34:19 2026] GET /v2.0/networks/4cf25e5b-9602-4169-88c9-e55c66cf81f3?fields=provider%3Aphysical_network&fields=provider%3Anetwork_type => generated 79 bytes in 41 msecs (HTTP/1.1 200) 4 headers in 156 bytes (1 switches on core 0) [pid: 8|app: 0|req: 1299/2786] 10.0.0.85 () {32 vars in 665 bytes} [Fri Jun 12 02:34:19 2026] GET /v2.0/networks?tags=red => generated 1871 bytes in 52 msecs (HTTP/1.1 200) 4 headers in 158 bytes (1 switches on core 0) [pid: 8|app: 0|req: 1300/2787] 10.0.0.85 () {32 vars in 679 bytes} [Fri Jun 12 02:34:20 2026] GET /v2.0/networks?tags=red%2Cblue => generated 1258 bytes in 46 msecs (HTTP/1.1 200) 4 headers in 158 bytes (1 switches on core 0) [pid: 8|app: 0|req: 1301/2788] 10.0.0.8 () {34 vars in 988 bytes} [Fri Jun 12 02:34:20 2026] GET /v2.0/ports?device_id=38260854-577c-49bc-aebb-adb637dff1ac => generated 12 bytes in 18 msecs (HTTP/1.1 200) 4 headers in 156 bytes (1 switches on core 0)
2026-06-12 02:34:20.185 7 WARNING neutron.scheduler.dhcp_agent_scheduler [None req-a1e06980-9f80-48e4-9b7e-54470afd345a - - - - - -] No more DHCP agents
2026-06-12 02:34:20.187 7 WARNING neutron.api.rpc.agentnotifiers.dhcp_rpc_agent_api [None req-a1e06980-9f80-48e4-9b7e-54470afd345a - - - - - -] Unable to schedule network 80eabb0f-b3dc-4a34-b233-141ac53eeb91: no agents available; will retry on subsequent port and subnet creation events. [pid: 8|app: 0|req: 1302/2789] 10.0.0.85 () {32 vars in 675 bytes} [Fri Jun 12 02:34:20 2026] GET /v2.0/networks?tags-any=blue => generated 1258 bytes in 101 msecs (HTTP/1.1 200) 4 headers in 158 bytes (1 switches on core 0) [pid: 8|app: 0|req: 1303/2790] 10.0.0.85 () {32 vars in 687 bytes} [Fri Jun 12 02:34:20 2026] GET /v2.0/networks?tags-any=red%2Cblue => generated 1871 bytes in 43 msecs (HTTP/1.1 200) 4 headers in 158 bytes (1 switches on core 0) [pid: 8|app: 0|req: 1304/2791] 10.0.0.85 () {32 vars in 673 bytes} [Fri Jun 12 02:34:20 2026] GET /v2.0/networks?not-tags=red => generated 1872 bytes in 74 msecs (HTTP/1.1 200) 4 headers in 158 bytes (1 switches on core 0) [pid: 8|app: 0|req: 1305/2792] 10.0.0.85 () {32 vars in 687 bytes} [Fri Jun 12 02:34:20 2026] GET /v2.0/networks?not-tags=red%2Cblue => generated 2485 bytes in 53 msecs (HTTP/1.1 200) 4 headers in 158 bytes (1 switches on core 0) [pid: 8|app: 0|req: 1306/2793] 10.0.0.85 () {32 vars in 683 bytes} [Fri Jun 12 02:34:20 2026] GET /v2.0/networks?not-tags-any=blue => generated 2485 bytes in 54 msecs (HTTP/1.1 200) 4 headers in 158 bytes (1 switches on core 0) [pid: 8|app: 0|req: 1307/2794] 10.0.0.85 () {32 vars in 695 bytes} [Fri Jun 12 02:34:20 2026] GET /v2.0/networks?not-tags-any=red%2Cblue => generated 1872 bytes in 42 msecs (HTTP/1.1 200) 4 headers in 158 bytes (1 switches on core 0)
2026-06-12 02:34:20.656 7 INFO neutron.db.ovn_revision_numbers_db [None req-a1e06980-9f80-48e4-9b7e-54470afd345a - - - - - -] Successfully bumped revision number for resource f3f23798-e49d-4cb1-860a-4ab51f661fa7 (type: router_ports) to 1
2026-06-12 02:34:20.742 8 INFO neutron_taas.services.taas.taas_plugin [None req-e65656b8-ffff-44c2-9a34-7650ac1c4b72 e4d3108604c1425f8f7a7ef4f3ab3577 3808226740f34ba0a9115e28f2d378c0 - - default default] TaaS: Handle Delete Port: 0e1940f1-8a2f-473c-bf2c-2e1e8b181795
2026-06-12 02:34:20.746 8 INFO neutron_taas.services.taas.tap_mirror_plugin [None req-e65656b8-ffff-44c2-9a34-7650ac1c4b72 e4d3108604c1425f8f7a7ef4f3ab3577 3808226740f34ba0a9115e28f2d378c0 - - default default] Tap Mirror: Handle Delete Port: 0e1940f1-8a2f-473c-bf2c-2e1e8b181795
2026-06-12 02:34:20.909 7 WARNING neutron.scheduler.dhcp_agent_scheduler [None req-a1e06980-9f80-48e4-9b7e-54470afd345a - - - - - -] No more DHCP agents
2026-06-12 02:34:20.911 7 WARNING neutron.api.rpc.agentnotifiers.dhcp_rpc_agent_api [None req-a1e06980-9f80-48e4-9b7e-54470afd345a - - - - - -] Unable to schedule network 80eabb0f-b3dc-4a34-b233-141ac53eeb91: no agents available; will retry on subsequent port and subnet creation events.
2026-06-12 02:34:20.928 8 INFO neutron.services.segments.plugin [-] Segment ccc3bf8e-4835-4597-a5f9-fdc46c2eeab2 resource provider aggregate not found
2026-06-12 02:34:20.933 8 INFO neutron.services.segments.plugin [-] Segment ccc3bf8e-4835-4597-a5f9-fdc46c2eeab2 resource provider aggregate not found
2026-06-12 02:34:20.948 8 INFO neutron.services.segments.plugin [-] Segment ccc3bf8e-4835-4597-a5f9-fdc46c2eeab2 resource provider not found; error: Placement Client Error (4xx): {"errors": [{"status": 404, "title": "Not Found", "detail": "The resource could not be found.\n\n No resource provider with uuid ccc3bf8e-4835-4597-a5f9-fdc46c2eeab2 found for delete ", "request_id": "req-2b9ca28c-7022-492e-bd93-b94416b46c3c"}]}
2026-06-12 02:34:20.948 8 INFO neutron.services.segments.plugin [-] Segment ccc3bf8e-4835-4597-a5f9-fdc46c2eeab2 resource provider not found; error: Placement Client Error (4xx): {"errors": [{"status": 404, "title": "Not Found", "detail": "The resource could not be found.\n\n No resource provider with uuid ccc3bf8e-4835-4597-a5f9-fdc46c2eeab2 found for delete ", "request_id": "req-97759670-3e2c-4da9-8d72-8370446ac1d8"}]} [pid: 8|app: 0|req: 1308/2795] 10.0.0.85 () {32 vars in 725 bytes} [Fri Jun 12 02:34:20 2026] DELETE /v2.0/networks/a2866594-fa0b-499e-9984-56e32881c590 => generated 0 bytes in 500 msecs (HTTP/1.1 204) 3 headers in 131 bytes (1 switches on core 0)
2026-06-12 02:34:21.076 7 INFO neutron.db.ovn_revision_numbers_db [None req-a1e06980-9f80-48e4-9b7e-54470afd345a - - - - - -] Successfully bumped revision number for resource fd765495-8fad-4725-8a61-b1707082cdf0 (type: ports) to 1
2026-06-12 02:34:21.143 8 INFO neutron_taas.services.taas.taas_plugin [None req-ff95475c-1471-401d-9fad-c6d1b556c8e7 e4d3108604c1425f8f7a7ef4f3ab3577 3808226740f34ba0a9115e28f2d378c0 - - default default] TaaS: Handle Delete Port: c582a600-2b4d-4a9c-8f5b-f14ffef0ebaa
2026-06-12 02:34:21.146 8 INFO neutron_taas.services.taas.tap_mirror_plugin [None req-ff95475c-1471-401d-9fad-c6d1b556c8e7 e4d3108604c1425f8f7a7ef4f3ab3577 3808226740f34ba0a9115e28f2d378c0 - - default default] Tap Mirror: Handle Delete Port: c582a600-2b4d-4a9c-8f5b-f14ffef0ebaa
2026-06-12 02:34:21.308 7 INFO neutron.db.ovn_revision_numbers_db [None req-a1e06980-9f80-48e4-9b7e-54470afd345a - - - - - -] Successfully bumped revision number for resource fd765495-8fad-4725-8a61-b1707082cdf0 (type: ports) to 3 [pid: 8|app: 0|req: 1309/2796] 10.0.0.85 () {32 vars in 725 bytes} [Fri Jun 12 02:34:20 2026] DELETE /v2.0/networks/368c41af-5f69-4eec-b43b-4de738d5bbca => generated 0 bytes in 411 msecs (HTTP/1.1 204) 3 headers in 131 bytes (1 switches on core 0) [pid: 7|app: 0|req: 1488/2797] 10.0.0.85 () {34 vars in 684 bytes} [Fri Jun 12 02:34:17 2026] POST /v2.0/vpn/vpnservices => generated 459 bytes in 4122 msecs (HTTP/1.1 201) 4 headers in 162 bytes (1 switches on core 0) [pid: 7|app: 0|req: 1489/2798] 10.0.0.85 () {32 vars in 662 bytes} [Fri Jun 12 02:34:21 2026] GET /v2.0/vpn/vpnservices => generated 1315 bytes in 9 msecs (HTTP/1.1 200) 4 headers in 158 bytes (1 switches on core 0)
2026-06-12 02:34:21.520 8 INFO neutron_taas.services.taas.taas_plugin [None req-af7d1344-6f0c-4eb8-8db1-2bc67814df9c e4d3108604c1425f8f7a7ef4f3ab3577 3808226740f34ba0a9115e28f2d378c0 - - default default] TaaS: Handle Delete Port: 28d3e966-62cd-4dad-817a-7812a6f1dd86
2026-06-12 02:34:21.523 8 INFO neutron_taas.services.taas.tap_mirror_plugin [None req-af7d1344-6f0c-4eb8-8db1-2bc67814df9c e4d3108604c1425f8f7a7ef4f3ab3577 3808226740f34ba0a9115e28f2d378c0 - - default default] Tap Mirror: Handle Delete Port: 28d3e966-62cd-4dad-817a-7812a6f1dd86 [pid: 8|app: 0|req: 1310/2799] 10.0.0.85 () {32 vars in 725 bytes} [Fri Jun 12 02:34:21 2026] DELETE /v2.0/networks/9ea51f91-a4ad-44d6-875c-b74c9b286ca3 => generated 0 bytes in 316 msecs (HTTP/1.1 204) 3 headers in 131 bytes (1 switches on core 0)
2026-06-12 02:34:21.783 7 INFO neutron_taas.services.taas.taas_plugin [None req-b8ca8bf2-a48a-4f3d-95bf-dff2e88ef4e0 e665740a7c634c83b7a85afe14ebcee1 c1d921a5d8944b49ab742ca70fe50d4a - - default default] TaaS: Handle Delete Port: dd8e9fb8-8b70-4660-bc1d-454595121625
2026-06-12 02:34:21.786 7 INFO neutron_taas.services.taas.tap_mirror_plugin [None req-b8ca8bf2-a48a-4f3d-95bf-dff2e88ef4e0 e665740a7c634c83b7a85afe14ebcee1 c1d921a5d8944b49ab742ca70fe50d4a - - default default] Tap Mirror: Handle Delete Port: dd8e9fb8-8b70-4660-bc1d-454595121625
2026-06-12 02:34:21.845 8 INFO neutron_taas.services.taas.taas_plugin [None req-c566dda1-89f2-4ec1-b22b-ebacc09e3b11 e4d3108604c1425f8f7a7ef4f3ab3577 3808226740f34ba0a9115e28f2d378c0 - - default default] TaaS: Handle Delete Port: 9f892d54-53ca-442a-a6a1-91503b92793d
2026-06-12 02:34:21.848 8 INFO neutron_taas.services.taas.tap_mirror_plugin [None req-c566dda1-89f2-4ec1-b22b-ebacc09e3b11 e4d3108604c1425f8f7a7ef4f3ab3577 3808226740f34ba0a9115e28f2d378c0 - - default default] Tap Mirror: Handle Delete Port: 9f892d54-53ca-442a-a6a1-91503b92793d [pid: 8|app: 0|req: 1311/2800] 10.0.0.85 () {32 vars in 725 bytes} [Fri Jun 12 02:34:21 2026] DELETE /v2.0/networks/2bd7a00e-bd7f-4a6f-ae23-25f04da20dc8 => generated 0 bytes in 345 msecs (HTTP/1.1 204) 3 headers in 131 bytes (1 switches on core 0)
2026-06-12 02:34:22.205 8 INFO neutron_taas.services.taas.taas_plugin [None req-3d5515c1-1eea-4b87-817a-701702bcc32a e4d3108604c1425f8f7a7ef4f3ab3577 3808226740f34ba0a9115e28f2d378c0 - - default default] TaaS: Handle Delete Port: 07bbbced-d7f6-4b29-b231-7564a2cf7618
2026-06-12 02:34:22.208 8 INFO neutron_taas.services.taas.tap_mirror_plugin [None req-3d5515c1-1eea-4b87-817a-701702bcc32a e4d3108604c1425f8f7a7ef4f3ab3577 3808226740f34ba0a9115e28f2d378c0 - - default default] Tap Mirror: Handle Delete Port: 07bbbced-d7f6-4b29-b231-7564a2cf7618 [pid: 8|app: 0|req: 1312/2801] 10.0.0.85 () {32 vars in 725 bytes} [Fri Jun 12 02:34:22 2026] DELETE /v2.0/networks/703a838b-8f1e-4360-9225-72d389bfc6cf => generated 0 bytes in 377 msecs (HTTP/1.1 204) 3 headers in 131 bytes (1 switches on core 0)
2026-06-12 02:34:22.572 7 INFO neutron_taas.services.taas.taas_plugin [None req-b51ae05e-bca0-4688-b49a-28b76f3f1396 - - - - - -] TaaS: Handle Delete Port: fd765495-8fad-4725-8a61-b1707082cdf0
2026-06-12 02:34:22.576 7 INFO neutron_taas.services.taas.tap_mirror_plugin [None req-b51ae05e-bca0-4688-b49a-28b76f3f1396 - - - - - -] Tap Mirror: Handle Delete Port: fd765495-8fad-4725-8a61-b1707082cdf0
2026-06-12 02:34:22.965 8 INFO neutron.services.segments.plugin [-] Segment f31a73ae-97f7-4345-8fb4-419c00d8df37 resource provider aggregate not found
2026-06-12 02:34:22.968 8 INFO neutron.services.segments.plugin [-] Segment f31a73ae-97f7-4345-8fb4-419c00d8df37 resource provider aggregate not found
2026-06-12 02:34:22.979 7 INFO neutron_taas.services.taas.taas_plugin [None req-dfff42ab-6f12-459e-8ab9-5fff1150ec59 - - - - - -] TaaS: Handle Delete Port: f3f23798-e49d-4cb1-860a-4ab51f661fa7
2026-06-12 02:34:22.982 7 INFO neutron_taas.services.taas.tap_mirror_plugin [None req-dfff42ab-6f12-459e-8ab9-5fff1150ec59 - - - - - -] Tap Mirror: Handle Delete Port: f3f23798-e49d-4cb1-860a-4ab51f661fa7
2026-06-12 02:34:22.984 8 INFO neutron.services.segments.plugin [-] Segment f31a73ae-97f7-4345-8fb4-419c00d8df37 resource provider not found; error: Placement Client Error (4xx): {"errors": [{"status": 404, "title": "Not Found", "detail": "The resource could not be found.\n\n No resource provider with uuid f31a73ae-97f7-4345-8fb4-419c00d8df37 found for delete ", "request_id": "req-7c6f900c-a196-434d-a0b7-f1488c9f6d58"}]}
2026-06-12 02:34:22.989 8 INFO neutron.services.segments.plugin [-] Segment f31a73ae-97f7-4345-8fb4-419c00d8df37 resource provider not found; error: Placement Client Error (4xx): {"errors": [{"status": 404, "title": "Not Found", "detail": "The resource could not be found.\n\n No resource provider with uuid f31a73ae-97f7-4345-8fb4-419c00d8df37 found for delete ", "request_id": "req-5ef45124-cf87-4741-8963-31e8fe9b811b"}]}
2026-06-12 02:34:23.002 8 INFO neutron.services.segments.plugin [-] Segment 5ef69bcc-7b88-4e9b-b3b7-a3ee982373f6 resource provider aggregate not found
2026-06-12 02:34:23.007 8 INFO neutron.services.segments.plugin [-] Segment 5ef69bcc-7b88-4e9b-b3b7-a3ee982373f6 resource provider aggregate not found
2026-06-12 02:34:23.015 8 INFO neutron.services.segments.plugin [-] Segment 5ef69bcc-7b88-4e9b-b3b7-a3ee982373f6 resource provider not found; error: Placement Client Error (4xx): {"errors": [{"status": 404, "title": "Not Found", "detail": "The resource could not be found.\n\n No resource provider with uuid 5ef69bcc-7b88-4e9b-b3b7-a3ee982373f6 found for delete ", "request_id": "req-d48cf322-c2f2-49ab-923e-ce2c2f708bd2"}]}
2026-06-12 02:34:23.019 8 INFO neutron.services.segments.plugin [-] Segment 5ef69bcc-7b88-4e9b-b3b7-a3ee982373f6 resource provider not found; error: Placement Client Error (4xx): {"errors": [{"status": 404, "title": "Not Found", "detail": "The resource could not be found.\n\n No resource provider with uuid 5ef69bcc-7b88-4e9b-b3b7-a3ee982373f6 found for delete ", "request_id": "req-6e2b2d4e-1984-49b7-a4e1-1981b69f31fd"}]}
2026-06-12 02:34:23.030 8 INFO neutron.services.segments.plugin [-] Segment 1db8bf24-ff40-4e30-a533-85ea471d2ce9 resource provider aggregate not found
2026-06-12 02:34:23.032 8 INFO neutron.services.segments.plugin [-] Segment 1db8bf24-ff40-4e30-a533-85ea471d2ce9 resource provider aggregate not found
2026-06-12 02:34:23.046 8 INFO neutron.services.segments.plugin [-] Segment 1db8bf24-ff40-4e30-a533-85ea471d2ce9 resource provider not found; error: Placement Client Error (4xx): {"errors": [{"status": 404, "title": "Not Found", "detail": "The resource could not be found.\n\n No resource provider with uuid 1db8bf24-ff40-4e30-a533-85ea471d2ce9 found for delete ", "request_id": "req-71aaf670-6ab5-4bfc-97ad-831154912bd9"}]}
2026-06-12 02:34:23.058 8 INFO neutron.services.segments.plugin [-] Segment 61580226-1db5-409b-bd25-fe48bc105573 resource provider aggregate not found
2026-06-12 02:34:23.068 8 INFO neutron.services.segments.plugin [-] Segment 61580226-1db5-409b-bd25-fe48bc105573 resource provider not found; error: Placement Client Error (4xx): {"errors": [{"status": 404, "title": "Not Found", "detail": "The resource could not be found.\n\n No resource provider with uuid 61580226-1db5-409b-bd25-fe48bc105573 found for delete ", "request_id": "req-ddf7de48-e498-4858-81f1-8ffcfc4ae1bf"}]}
2026-06-12 02:34:23.070 8 INFO neutron.services.segments.plugin [-] Segment 1db8bf24-ff40-4e30-a533-85ea471d2ce9 resource provider not found; error: Placement Client Error (4xx): {"errors": [{"status": 404, "title": "Not Found", "detail": "The resource could not be found.\n\n No resource provider with uuid 1db8bf24-ff40-4e30-a533-85ea471d2ce9 found for delete ", "request_id": "req-2effce80-cd9c-4700-8893-8312d6a2678d"}]}
2026-06-12 02:34:23.088 8 INFO neutron.services.segments.plugin [-] Segment 61580226-1db5-409b-bd25-fe48bc105573 resource provider aggregate not found
2026-06-12 02:34:23.101 8 INFO neutron.services.segments.plugin [-] Segment 61580226-1db5-409b-bd25-fe48bc105573 resource provider not found; error: Placement Client Error (4xx): {"errors": [{"status": 404, "title": "Not Found", "detail": "The resource could not be found.\n\n No resource provider with uuid 61580226-1db5-409b-bd25-fe48bc105573 found for delete ", "request_id": "req-f4294095-ba83-486e-b111-2eedc9fcadf8"}]} [pid: 8|app: 0|req: 1313/2802] 10.0.0.85 () {32 vars in 773 bytes} [Fri Jun 12 02:34:23 2026] GET /v2.0/security-groups?tenant_id=3808226740f34ba0a9115e28f2d378c0&name=default => generated 2929 bytes in 157 msecs (HTTP/1.1 200) 4 headers in 158 bytes (1 switches on core 0)
2026-06-12 02:34:23.467 8 WARNING neutron.plugins.ml2.drivers.ovn.mech_driver.ovsdb.ovn_client [None req-c6ac99c0-13c1-4949-82bd-0209165eb92f - - - - - -] No hosting information found for port 4fc33e74-ce87-433c-b7d3-abf6492195a1: RuntimeError: No hosting information found for port 4fc33e74-ce87-433c-b7d3-abf6492195a1
2026-06-12 02:34:23.649 8 INFO neutron.db.ovn_revision_numbers_db [None req-c6ac99c0-13c1-4949-82bd-0209165eb92f - - - - - -] Successfully bumped revision number for resource 4fc33e74-ce87-433c-b7d3-abf6492195a1 (type: router_ports) to 2
2026-06-12 02:34:23.713 8 INFO neutron.plugins.ml2.drivers.ovn.mech_driver.mech_driver [None req-c6ac99c0-13c1-4949-82bd-0209165eb92f - - - - - -] OVN reports status down for port: f1b90f5a-b99f-429b-9658-d7b91caf57ef
2026-06-12 02:34:23.787 8 WARNING neutron.plugins.ml2.drivers.ovn.mech_driver.ovsdb.ovn_client [None req-c6ac99c0-13c1-4949-82bd-0209165eb92f - - - - - -] Logical_Switch_Port f1b90f5a-b99f-429b-9658-d7b91caf57ef host information not removed, the port state is up
2026-06-12 02:34:23.787 8 INFO neutron.plugins.ml2.drivers.ovn.mech_driver.mech_driver [None req-c6ac99c0-13c1-4949-82bd-0209165eb92f - - - - - -] OVN reports status up for port: f1b90f5a-b99f-429b-9658-d7b91caf57ef
2026-06-12 02:34:23.810 8 INFO neutron.plugins.ml2.plugin [None req-c6ac99c0-13c1-4949-82bd-0209165eb92f - - - - - -] Attempt 1 to provision port f1b90f5a-b99f-429b-9658-d7b91caf57ef
2026-06-12 02:34:23.816 7 INFO neutron_taas.services.taas.taas_plugin [None req-dfff42ab-6f12-459e-8ab9-5fff1150ec59 - - - - - -] TaaS: Handle Delete Port: 6f203c50-0b8f-4d24-b4a2-8e704eba6241
2026-06-12 02:34:23.819 7 INFO neutron_taas.services.taas.tap_mirror_plugin [None req-dfff42ab-6f12-459e-8ab9-5fff1150ec59 - - - - - -] Tap Mirror: Handle Delete Port: 6f203c50-0b8f-4d24-b4a2-8e704eba6241 [pid: 8|app: 0|req: 1314/2803] 10.0.0.85 () {32 vars in 739 bytes} [Fri Jun 12 02:34:23 2026] DELETE /v2.0/security-groups/2b4ec9a6-39b0-4fa2-b86f-9a0c9a5c2885 => generated 0 bytes in 458 msecs (HTTP/1.1 204) 2 headers in 112 bytes (1 switches on core 0)
2026-06-12 02:34:24.004 7 INFO neutron.services.segments.plugin [-] Segment ecc70cc6-ab76-4cdd-9704-741994372ebb resource provider aggregate not found
2026-06-12 02:34:24.008 7 INFO neutron.services.segments.plugin [-] Segment ecc70cc6-ab76-4cdd-9704-741994372ebb resource provider aggregate not found
2026-06-12 02:34:24.022 7 INFO neutron.services.segments.plugin [-] Segment ecc70cc6-ab76-4cdd-9704-741994372ebb resource provider not found; error: Placement Client Error (4xx): {"errors": [{"status": 404, "title": "Not Found", "detail": "The resource could not be found.\n\n No resource provider with uuid ecc70cc6-ab76-4cdd-9704-741994372ebb found for delete ", "request_id": "req-1b30a754-bbb5-44d1-857d-b1229017909c"}]}
2026-06-12 02:34:24.028 7 INFO neutron.services.segments.plugin [-] Segment ecc70cc6-ab76-4cdd-9704-741994372ebb resource provider not found; error: Placement Client Error (4xx): {"errors": [{"status": 404, "title": "Not Found", "detail": "The resource could not be found.\n\n No resource provider with uuid ecc70cc6-ab76-4cdd-9704-741994372ebb found for delete ", "request_id": "req-252f1ed2-937f-47d7-bf4a-54e651996363"}]} [pid: 7|app: 0|req: 1490/2804] 10.0.0.85 () {32 vars in 739 bytes} [Fri Jun 12 02:34:21 2026] DELETE /v2.0/vpn/vpnservices/03195b94-c542-4364-bced-594b7cc665b3 => generated 0 bytes in 2580 msecs (HTTP/1.1 204) 2 headers in 112 bytes (1 switches on core 0) /var/lib/openstack/lib/python3.12/site-packages/pycadf/identifier.py:70: UserWarning: Invalid uuid: neutron. To ensure interoperability, identifiers should be a valid uuid. warnings.warn(('Invalid uuid: %s. To ensure interoperability, ' [pid: 7|app: 0|req: 1491/2805] 10.0.0.85 () {32 vars in 662 bytes} [Fri Jun 12 02:34:24 2026] GET /v2.0/vpn/vpnservices => generated 870 bytes in 11 msecs (HTTP/1.1 200) 4 headers in 157 bytes (1 switches on core 0)
2026-06-12 02:34:24.156 7 INFO neutron.api.v2.resource [None req-32a561cb-8c11-4b64-a51a-bc514bd37aaf e665740a7c634c83b7a85afe14ebcee1 c1d921a5d8944b49ab742ca70fe50d4a - - default default] create failed (client error): The server could not comply with the request since it is either malformed or otherwise incorrect. [pid: 7|app: 0|req: 1492/2806] 10.0.0.85 () {34 vars in 706 bytes} [Fri Jun 12 02:34:24 2026] POST /v2.0/vpn/ipsec-site-connections => generated 127 bytes in 66 msecs (HTTP/1.1 400) 4 headers in 166 bytes (1 switches on core 0)
2026-06-12 02:34:24.199 8 INFO neutron.db.ovn_revision_numbers_db [None req-961a0785-6188-4dda-b8a4-d824b344af74 60cf560dec5449808038f0d81a7436f2 bec6e2282fa34726860b02d4739ee641 - - default default] Successfully bumped revision number for resource 18cb8f59-60fa-4d10-8e2a-5fba569cb9f6 (type: security_groups) to 1
2026-06-12 02:34:24.217 8 INFO neutron.db.ovn_revision_numbers_db [None req-961a0785-6188-4dda-b8a4-d824b344af74 60cf560dec5449808038f0d81a7436f2 bec6e2282fa34726860b02d4739ee641 - - default default] Successfully bumped revision number for resource 2040f950-3b3b-4b5f-84b5-d67af648b853 (type: security_group_rules) to 0
