May 12 19:10:24.458732 np0000173801 devstack@g-api.service[114915]: DEBUG glance.api.v2.cached_images [None req-8b004bd5-eac5-42f5-9080-46e6ac57a7ee None None] Started cache worker thread {{(pid=114915) __init__ /opt/stack/glance/glance/api/v2/cached_images.py:69}}
May 12 19:10:24.459480 np0000173801 devstack@g-api.service[114915]: INFO glance.image_cache [None req-8b004bd5-eac5-42f5-9080-46e6ac57a7ee None None] Image cache loaded driver 'centralized_db'.
May 12 19:10:24.460423 np0000173801 devstack@g-api.service[114916]: DEBUG glance.api.v2.cached_images [None req-a3b3c2d3-2b19-46c1-8359-dda110636fde None None] Started cache worker thread {{(pid=114916) __init__ /opt/stack/glance/glance/api/v2/cached_images.py:69}}
May 12 19:10:24.461059 np0000173801 devstack@g-api.service[114916]: INFO glance.image_cache [None req-a3b3c2d3-2b19-46c1-8359-dda110636fde None None] Image cache loaded driver 'centralized_db'.
May 12 19:10:24.465133 np0000173801 devstack@g-api.service[114914]: DEBUG oslo_db.sqlalchemy.engines [None req-f2b71cd2-cd8c-406f-b66c-48845a04fee1 None None] MySQL server mode set to STRICT_TRANS_TABLES,STRICT_ALL_TABLES,NO_ZERO_IN_DATE,NO_ZERO_DATE,ERROR_FOR_DIVISION_BY_ZERO,TRADITIONAL,NO_ENGINE_SUBSTITUTION {{(pid=114914) _check_effective_sql_mode /opt/stack/data/venv/lib/python3.12/site-packages/oslo_db/sqlalchemy/engines.py:325}}
May 12 19:10:24.466257 np0000173801 devstack@g-api.service[114913]: INFO glance.image_cache [None req-fb6a5c28-e862-4584-a01b-ad3fdb03b172 None None] Image cache loaded driver 'centralized_db'.
May 12 19:10:24.471015 np0000173801 devstack@g-api.service[114915]: DEBUG glance.image_cache.drivers.centralized_db [None req-8b004bd5-eac5-42f5-9080-46e6ac57a7ee None None] Node reference is already recorded, ignoring it {{(pid=114915) configure /opt/stack/glance/glance/image_cache/drivers/centralized_db.py:71}}
May 12 19:10:24.473321 np0000173801 devstack@g-api.service[114916]: DEBUG glance.image_cache.drivers.centralized_db [None req-a3b3c2d3-2b19-46c1-8359-dda110636fde None None] Node reference is already recorded, ignoring it {{(pid=114916) configure /opt/stack/glance/glance/image_cache/drivers/centralized_db.py:71}}
May 12 19:10:24.476708 np0000173801 devstack@g-api.service[114915]: INFO glance.api.middleware.cache_manage [None req-8b004bd5-eac5-42f5-9080-46e6ac57a7ee None None] Initialized image cache management middleware
May 12 19:10:24.476854 np0000173801 devstack@g-api.service[114915]: INFO glance.image_cache [None req-8b004bd5-eac5-42f5-9080-46e6ac57a7ee None None] Image cache loaded driver 'centralized_db'.
May 12 19:10:24.478128 np0000173801 devstack@g-api.service[114913]: DEBUG glance.image_cache.drivers.centralized_db [None req-fb6a5c28-e862-4584-a01b-ad3fdb03b172 None None] Node reference is already recorded, ignoring it {{(pid=114913) configure /opt/stack/glance/glance/image_cache/drivers/centralized_db.py:71}}
May 12 19:10:24.482327 np0000173801 devstack@g-api.service[114916]: INFO glance.api.middleware.cache_manage [None req-a3b3c2d3-2b19-46c1-8359-dda110636fde None None] Initialized image cache management middleware
May 12 19:10:24.482543 np0000173801 devstack@g-api.service[114916]: INFO glance.image_cache [None req-a3b3c2d3-2b19-46c1-8359-dda110636fde None None] Image cache loaded driver 'centralized_db'.
May 12 19:10:24.483952 np0000173801 devstack@g-api.service[114913]: DEBUG glance.api.v2.cached_images [None req-fb6a5c28-e862-4584-a01b-ad3fdb03b172 None None] Started cache worker thread {{(pid=114913) __init__ /opt/stack/glance/glance/api/v2/cached_images.py:69}}
May 12 19:10:24.484833 np0000173801 devstack@g-api.service[114913]: INFO glance.image_cache [None req-fb6a5c28-e862-4584-a01b-ad3fdb03b172 None None] Image cache loaded driver 'centralized_db'.
May 12 19:10:24.485395 np0000173801 devstack@g-api.service[114915]: DEBUG glance.image_cache.drivers.centralized_db [None req-8b004bd5-eac5-42f5-9080-46e6ac57a7ee None None] Node reference is already recorded, ignoring it {{(pid=114915) configure /opt/stack/glance/glance/image_cache/drivers/centralized_db.py:71}}
May 12 19:10:24.490854 np0000173801 devstack@g-api.service[114915]: INFO glance.api.middleware.cache [None req-8b004bd5-eac5-42f5-9080-46e6ac57a7ee None None] Initialized image cache middleware
May 12 19:10:24.493194 np0000173801 devstack@g-api.service[114916]: DEBUG glance.image_cache.drivers.centralized_db [None req-a3b3c2d3-2b19-46c1-8359-dda110636fde None None] Node reference is already recorded, ignoring it {{(pid=114916) configure /opt/stack/glance/glance/image_cache/drivers/centralized_db.py:71}}
May 12 19:10:24.496078 np0000173801 devstack@g-api.service[114915]: WARNING keystonemiddleware.auth_token [None req-8b004bd5-eac5-42f5-9080-46e6ac57a7ee None None] AuthToken middleware is set with keystone_authtoken.service_token_roles_required set to False. This is backwards compatible but deprecated behaviour. Please set this to True.
May 12 19:10:24.496949 np0000173801 devstack@g-api.service[114913]: DEBUG glance.image_cache.drivers.centralized_db [None req-fb6a5c28-e862-4584-a01b-ad3fdb03b172 None None] Node reference is already recorded, ignoring it {{(pid=114913) configure /opt/stack/glance/glance/image_cache/drivers/centralized_db.py:71}}
May 12 19:10:24.499954 np0000173801 devstack@g-api.service[114916]: INFO glance.api.middleware.cache [None req-a3b3c2d3-2b19-46c1-8359-dda110636fde None None] Initialized image cache middleware
May 12 19:10:24.502681 np0000173801 devstack@g-api.service[114915]: DEBUG glance.common.config [None req-8b004bd5-eac5-42f5-9080-46e6ac57a7ee None None] ******************************************************************************** {{(pid=114915) log_opt_values /opt/stack/data/venv/lib/python3.12/site-packages/oslo_config/cfg.py:2979}}
May 12 19:10:24.502780 np0000173801 devstack@g-api.service[114915]: DEBUG glance.common.config [None req-8b004bd5-eac5-42f5-9080-46e6ac57a7ee None None] Configuration options gathered from: {{(pid=114915) log_opt_values /opt/stack/data/venv/lib/python3.12/site-packages/oslo_config/cfg.py:2980}}
May 12 19:10:24.502984 np0000173801 devstack@g-api.service[114913]: INFO glance.api.middleware.cache_manage [None req-fb6a5c28-e862-4584-a01b-ad3fdb03b172 None None] Initialized image cache management middleware
May 12 19:10:24.503135 np0000173801 devstack@g-api.service[114913]: INFO glance.image_cache [None req-fb6a5c28-e862-4584-a01b-ad3fdb03b172 None None] Image cache loaded driver 'centralized_db'.
May 12 19:10:24.503182 np0000173801 devstack@g-api.service[114915]: DEBUG glance.common.config [None req-8b004bd5-eac5-42f5-9080-46e6ac57a7ee None None] command line args: [] {{(pid=114915) log_opt_values /opt/stack/data/venv/lib/python3.12/site-packages/oslo_config/cfg.py:2981}}
May 12 19:10:24.503272 np0000173801 devstack@g-api.service[114915]: DEBUG glance.common.config [None req-8b004bd5-eac5-42f5-9080-46e6ac57a7ee None None] config files: ['/etc/glance/glance-image-import.conf', '/etc/glance/glance-api.conf'] {{(pid=114915) log_opt_values /opt/stack/data/venv/lib/python3.12/site-packages/oslo_config/cfg.py:2982}}
May 12 19:10:24.503357 np0000173801 devstack@g-api.service[114915]: DEBUG glance.common.config [None req-8b004bd5-eac5-42f5-9080-46e6ac57a7ee None None] ================================================================================ {{(pid=114915) log_opt_values /opt/stack/data/venv/lib/python3.12/site-packages/oslo_config/cfg.py:2987}}
May 12 19:10:24.503466 np0000173801 devstack@g-api.service[114915]: DEBUG glance.common.config [None req-8b004bd5-eac5-42f5-9080-46e6ac57a7ee None None] allow_anonymous_access = False {{(pid=114915) log_opt_values /opt/stack/data/venv/lib/python3.12/site-packages/oslo_config/cfg.py:2995}}
May 12 19:10:24.503571 np0000173801 devstack@g-api.service[114915]: DEBUG glance.common.config [None req-8b004bd5-eac5-42f5-9080-46e6ac57a7ee None None] api_limit_max = 1000 {{(pid=114915) log_opt_values /opt/stack/data/venv/lib/python3.12/site-packages/oslo_config/cfg.py:2995}}
May 12 19:10:24.503680 np0000173801 devstack@g-api.service[114915]: DEBUG glance.common.config [None req-8b004bd5-eac5-42f5-9080-46e6ac57a7ee None None] backlog = 4096 {{(pid=114915) log_opt_values /opt/stack/data/venv/lib/python3.12/site-packages/oslo_config/cfg.py:2995}}
May 12 19:10:24.503906 np0000173801 devstack@g-api.service[114915]: DEBUG glance.common.config [None req-8b004bd5-eac5-42f5-9080-46e6ac57a7ee None None] bind_host = 0.0.0.0 {{(pid=114915) log_opt_values /opt/stack/data/venv/lib/python3.12/site-packages/oslo_config/cfg.py:2995}}
May 12 19:10:24.503998 np0000173801 devstack@g-api.service[114915]: DEBUG glance.common.config [None req-8b004bd5-eac5-42f5-9080-46e6ac57a7ee None None] bind_port = 19292 {{(pid=114915) log_opt_values /opt/stack/data/venv/lib/python3.12/site-packages/oslo_config/cfg.py:2995}}
May 12 19:10:24.504557 np0000173801 devstack@g-api.service[114915]: DEBUG glance.common.config [None req-8b004bd5-eac5-42f5-9080-46e6ac57a7ee None None] client_socket_timeout = 900 {{(pid=114915) log_opt_values /opt/stack/data/venv/lib/python3.12/site-packages/oslo_config/cfg.py:2995}}
May 12 19:10:24.504557 np0000173801 devstack@g-api.service[114915]: DEBUG glance.common.config [None req-8b004bd5-eac5-42f5-9080-46e6ac57a7ee None None] config_dir = [] {{(pid=114915) log_opt_values /opt/stack/data/venv/lib/python3.12/site-packages/oslo_config/cfg.py:2995}}
May 12 19:10:24.504557 np0000173801 devstack@g-api.service[114915]: DEBUG glance.common.config [None req-8b004bd5-eac5-42f5-9080-46e6ac57a7ee None None] config_file = ['/etc/glance/glance-image-import.conf', '/etc/glance/glance-api.conf'] {{(pid=114915) log_opt_values /opt/stack/data/venv/lib/python3.12/site-packages/oslo_config/cfg.py:2995}}
May 12 19:10:24.504557 np0000173801 devstack@g-api.service[114915]: DEBUG glance.common.config [None req-8b004bd5-eac5-42f5-9080-46e6ac57a7ee None None] config_source = [] {{(pid=114915) log_opt_values /opt/stack/data/venv/lib/python3.12/site-packages/oslo_config/cfg.py:2995}}
May 12 19:10:24.504557 np0000173801 devstack@g-api.service[114915]: DEBUG glance.common.config [None req-8b004bd5-eac5-42f5-9080-46e6ac57a7ee None None] control_exchange = glance {{(pid=114915) log_opt_values /opt/stack/data/venv/lib/python3.12/site-packages/oslo_config/cfg.py:2995}}
May 12 19:10:24.504557 np0000173801 devstack@g-api.service[114915]: DEBUG glance.common.config [None req-8b004bd5-eac5-42f5-9080-46e6ac57a7ee None None] debug = True {{(pid=114915) log_opt_values /opt/stack/data/venv/lib/python3.12/site-packages/oslo_config/cfg.py:2995}}
May 12 19:10:24.504816 np0000173801 devstack@g-api.service[114915]: DEBUG glance.common.config [None req-8b004bd5-eac5-42f5-9080-46e6ac57a7ee None None] default_log_levels = ['amqp=WARN', 'boto=WARN', 'sqlalchemy=WARN', 'suds=INFO', 'oslo.messaging=INFO', 'oslo_messaging=INFO', 'iso8601=WARN', 'requests.packages.urllib3.connectionpool=WARN', 'urllib3.connectionpool=WARN', 'websocket=WARN', 'requests.packages.urllib3.util.retry=WARN', 'urllib3.util.retry=WARN', 'keystonemiddleware=WARN', 'routes.middleware=WARN', 'stevedore=WARN', 'taskflow=WARN', 'keystoneauth=WARN', 'oslo.cache=INFO', 'oslo_policy=INFO', 'dogpile.core.dogpile=INFO'] {{(pid=114915) log_opt_values /opt/stack/data/venv/lib/python3.12/site-packages/oslo_config/cfg.py:2995}}
May 12 19:10:24.504816 np0000173801 devstack@g-api.service[114915]: DEBUG glance.common.config [None req-8b004bd5-eac5-42f5-9080-46e6ac57a7ee None None] default_publisher_id = image.localhost {{(pid=114915) log_opt_values /opt/stack/data/venv/lib/python3.12/site-packages/oslo_config/cfg.py:2995}}
May 12 19:10:24.504978 np0000173801 devstack@g-api.service[114915]: DEBUG glance.common.config [None req-8b004bd5-eac5-42f5-9080-46e6ac57a7ee None None] delayed_delete = False {{(pid=114915) log_opt_values /opt/stack/data/venv/lib/python3.12/site-packages/oslo_config/cfg.py:2995}}
May 12 19:10:24.505025 np0000173801 devstack@g-api.service[114915]: DEBUG glance.common.config [None req-8b004bd5-eac5-42f5-9080-46e6ac57a7ee None None] digest_algorithm = sha256 {{(pid=114915) log_opt_values /opt/stack/data/venv/lib/python3.12/site-packages/oslo_config/cfg.py:2995}}
May 12 19:10:24.505116 np0000173801 devstack@g-api.service[114915]: DEBUG glance.common.config [None req-8b004bd5-eac5-42f5-9080-46e6ac57a7ee None None] disabled_notifications = [] {{(pid=114915) log_opt_values /opt/stack/data/venv/lib/python3.12/site-packages/oslo_config/cfg.py:2995}}
May 12 19:10:24.505211 np0000173801 devstack@g-api.service[114915]: DEBUG glance.common.config [None req-8b004bd5-eac5-42f5-9080-46e6ac57a7ee None None] do_secure_hash = True {{(pid=114915) log_opt_values /opt/stack/data/venv/lib/python3.12/site-packages/oslo_config/cfg.py:2995}}
May 12 19:10:24.505313 np0000173801 devstack@g-api.service[114915]: DEBUG glance.common.config [None req-8b004bd5-eac5-42f5-9080-46e6ac57a7ee None None] enabled_backends = None {{(pid=114915) log_opt_values /opt/stack/data/venv/lib/python3.12/site-packages/oslo_config/cfg.py:2995}}
May 12 19:10:24.505430 np0000173801 devstack@g-api.service[114915]: DEBUG glance.common.config [None req-8b004bd5-eac5-42f5-9080-46e6ac57a7ee None None] enabled_import_methods = ['glance-direct', 'web-download', 'copy-image'] {{(pid=114915) log_opt_values /opt/stack/data/venv/lib/python3.12/site-packages/oslo_config/cfg.py:2995}}
May 12 19:10:24.505541 np0000173801 devstack@g-api.service[114915]: DEBUG glance.common.config [None req-8b004bd5-eac5-42f5-9080-46e6ac57a7ee None None] hashing_algorithm = sha512 {{(pid=114915) log_opt_values /opt/stack/data/venv/lib/python3.12/site-packages/oslo_config/cfg.py:2995}}
May 12 19:10:24.505638 np0000173801 devstack@g-api.service[114915]: DEBUG glance.common.config [None req-8b004bd5-eac5-42f5-9080-46e6ac57a7ee None None] http_keepalive = True {{(pid=114915) log_opt_values /opt/stack/data/venv/lib/python3.12/site-packages/oslo_config/cfg.py:2995}}
May 12 19:10:24.505737 np0000173801 devstack@g-api.service[114915]: DEBUG glance.common.config [None req-8b004bd5-eac5-42f5-9080-46e6ac57a7ee None None] http_retries = 3 {{(pid=114915) log_opt_values /opt/stack/data/venv/lib/python3.12/site-packages/oslo_config/cfg.py:2995}}
May 12 19:10:24.505865 np0000173801 devstack@g-api.service[114915]: DEBUG glance.common.config [None req-8b004bd5-eac5-42f5-9080-46e6ac57a7ee None None] image_cache_dir = /opt/stack/data/glance/cache/ {{(pid=114915) log_opt_values /opt/stack/data/venv/lib/python3.12/site-packages/oslo_config/cfg.py:2995}}
May 12 19:10:24.505962 np0000173801 devstack@g-api.service[114915]: DEBUG glance.common.config [None req-8b004bd5-eac5-42f5-9080-46e6ac57a7ee None None] image_cache_driver = centralized_db {{(pid=114915) log_opt_values /opt/stack/data/venv/lib/python3.12/site-packages/oslo_config/cfg.py:2995}}
May 12 19:10:24.506059 np0000173801 devstack@g-api.service[114915]: DEBUG glance.common.config [None req-8b004bd5-eac5-42f5-9080-46e6ac57a7ee None None] image_cache_max_size = 10737418240 {{(pid=114915) log_opt_values /opt/stack/data/venv/lib/python3.12/site-packages/oslo_config/cfg.py:2995}}
May 12 19:10:24.506162 np0000173801 devstack@g-api.service[114915]: DEBUG glance.common.config [None req-8b004bd5-eac5-42f5-9080-46e6ac57a7ee None None] image_cache_sqlite_db = cache.db {{(pid=114915) log_opt_values /opt/stack/data/venv/lib/python3.12/site-packages/oslo_config/cfg.py:2995}}
May 12 19:10:24.506264 np0000173801 devstack@g-api.service[114915]: DEBUG glance.common.config [None req-8b004bd5-eac5-42f5-9080-46e6ac57a7ee None None] image_cache_stall_time = 86400 {{(pid=114915) log_opt_values /opt/stack/data/venv/lib/python3.12/site-packages/oslo_config/cfg.py:2995}}
May 12 19:10:24.506579 np0000173801 devstack@g-api.service[114915]: DEBUG glance.common.config [None req-8b004bd5-eac5-42f5-9080-46e6ac57a7ee None None] image_location_quota = 10 {{(pid=114915) log_opt_values /opt/stack/data/venv/lib/python3.12/site-packages/oslo_config/cfg.py:2995}}
May 12 19:10:24.506579 np0000173801 devstack@g-api.service[114915]: DEBUG glance.common.config [None req-8b004bd5-eac5-42f5-9080-46e6ac57a7ee None None] image_member_quota = 128 {{(pid=114915) log_opt_values /opt/stack/data/venv/lib/python3.12/site-packages/oslo_config/cfg.py:2995}}
May 12 19:10:24.506579 np0000173801 devstack@g-api.service[114915]: DEBUG glance.common.config [None req-8b004bd5-eac5-42f5-9080-46e6ac57a7ee None None] image_property_quota = 128 {{(pid=114915) log_opt_values /opt/stack/data/venv/lib/python3.12/site-packages/oslo_config/cfg.py:2995}}
May 12 19:10:24.506783 np0000173801 devstack@g-api.service[114915]: DEBUG glance.common.config [None req-8b004bd5-eac5-42f5-9080-46e6ac57a7ee None None] image_size_cap = 1099511627776 {{(pid=114915) log_opt_values /opt/stack/data/venv/lib/python3.12/site-packages/oslo_config/cfg.py:2995}}
May 12 19:10:24.506783 np0000173801 devstack@g-api.service[114915]: DEBUG glance.common.config [None req-8b004bd5-eac5-42f5-9080-46e6ac57a7ee None None] image_tag_quota = 128 {{(pid=114915) log_opt_values /opt/stack/data/venv/lib/python3.12/site-packages/oslo_config/cfg.py:2995}}
May 12 19:10:24.506914 np0000173801 devstack@g-api.service[114915]: DEBUG glance.common.config [None req-8b004bd5-eac5-42f5-9080-46e6ac57a7ee None None] instance_format = [instance: %(uuid)s] {{(pid=114915) log_opt_values /opt/stack/data/venv/lib/python3.12/site-packages/oslo_config/cfg.py:2995}}
May 12 19:10:24.506955 np0000173801 devstack@g-api.service[114915]: DEBUG glance.common.config [None req-8b004bd5-eac5-42f5-9080-46e6ac57a7ee None None] instance_uuid_format = [instance: %(uuid)s] {{(pid=114915) log_opt_values /opt/stack/data/venv/lib/python3.12/site-packages/oslo_config/cfg.py:2995}}
May 12 19:10:24.507049 np0000173801 devstack@g-api.service[114915]: DEBUG glance.common.config [None req-8b004bd5-eac5-42f5-9080-46e6ac57a7ee None None] limit_param_default = 25 {{(pid=114915) log_opt_values /opt/stack/data/venv/lib/python3.12/site-packages/oslo_config/cfg.py:2995}}
May 12 19:10:24.507162 np0000173801 devstack@g-api.service[114915]: DEBUG glance.common.config [None req-8b004bd5-eac5-42f5-9080-46e6ac57a7ee None None] log_color = False {{(pid=114915) log_opt_values /opt/stack/data/venv/lib/python3.12/site-packages/oslo_config/cfg.py:2995}}
May 12 19:10:24.507258 np0000173801 devstack@g-api.service[114915]: DEBUG glance.common.config [None req-8b004bd5-eac5-42f5-9080-46e6ac57a7ee None None] log_config_append = None {{(pid=114915) log_opt_values /opt/stack/data/venv/lib/python3.12/site-packages/oslo_config/cfg.py:2995}}
May 12 19:10:24.507363 np0000173801 devstack@g-api.service[114915]: DEBUG glance.common.config [None req-8b004bd5-eac5-42f5-9080-46e6ac57a7ee None None] log_date_format = %Y-%m-%d %H:%M:%S {{(pid=114915) log_opt_values /opt/stack/data/venv/lib/python3.12/site-packages/oslo_config/cfg.py:2995}}
May 12 19:10:24.507463 np0000173801 devstack@g-api.service[114915]: DEBUG glance.common.config [None req-8b004bd5-eac5-42f5-9080-46e6ac57a7ee None None] log_dir = None {{(pid=114915) log_opt_values /opt/stack/data/venv/lib/python3.12/site-packages/oslo_config/cfg.py:2995}}
May 12 19:10:24.507564 np0000173801 devstack@g-api.service[114915]: DEBUG glance.common.config [None req-8b004bd5-eac5-42f5-9080-46e6ac57a7ee None None] log_file = None {{(pid=114915) log_opt_values /opt/stack/data/venv/lib/python3.12/site-packages/oslo_config/cfg.py:2995}}
May 12 19:10:24.507662 np0000173801 devstack@g-api.service[114915]: DEBUG glance.common.config [None req-8b004bd5-eac5-42f5-9080-46e6ac57a7ee None None] log_rotate_interval = 1 {{(pid=114915) log_opt_values /opt/stack/data/venv/lib/python3.12/site-packages/oslo_config/cfg.py:2995}}
May 12 19:10:24.507769 np0000173801 devstack@g-api.service[114915]: DEBUG glance.common.config [None req-8b004bd5-eac5-42f5-9080-46e6ac57a7ee None None] log_rotate_interval_type = days {{(pid=114915) log_opt_values /opt/stack/data/venv/lib/python3.12/site-packages/oslo_config/cfg.py:2995}}
May 12 19:10:24.507910 np0000173801 devstack@g-api.service[114915]: DEBUG glance.common.config [None req-8b004bd5-eac5-42f5-9080-46e6ac57a7ee None None] log_rotation_type = none {{(pid=114915) log_opt_values /opt/stack/data/venv/lib/python3.12/site-packages/oslo_config/cfg.py:2995}}
May 12 19:10:24.507986 np0000173801 devstack@g-api.service[114915]: DEBUG glance.common.config [None req-8b004bd5-eac5-42f5-9080-46e6ac57a7ee None None] logging_context_format_string = %(color)s%(levelname)s %(name)s [%(global_request_id)s %(request_id)s %(project_name)s %(user_name)s%(color)s] %(instance)s%(color)s%(message)s {{(pid=114915) log_opt_values /opt/stack/data/venv/lib/python3.12/site-packages/oslo_config/cfg.py:2995}}
May 12 19:10:24.508058 np0000173801 devstack@g-api.service[114915]: DEBUG glance.common.config [None req-8b004bd5-eac5-42f5-9080-46e6ac57a7ee None None] logging_debug_format_suffix = {{(pid=%(process)d) %(funcName)s %(pathname)s:%(lineno)d}} {{(pid=114915) log_opt_values /opt/stack/data/venv/lib/python3.12/site-packages/oslo_config/cfg.py:2995}}
May 12 19:10:24.508160 np0000173801 devstack@g-api.service[114915]: DEBUG glance.common.config [None req-8b004bd5-eac5-42f5-9080-46e6ac57a7ee None None] logging_default_format_string = %(color)s%(levelname)s %(name)s [-%(color)s] %(instance)s%(color)s%(message)s {{(pid=114915) log_opt_values /opt/stack/data/venv/lib/python3.12/site-packages/oslo_config/cfg.py:2995}}
May 12 19:10:24.508261 np0000173801 devstack@g-api.service[114915]: DEBUG glance.common.config [None req-8b004bd5-eac5-42f5-9080-46e6ac57a7ee None None] logging_exception_prefix = ERROR %(name)s %(instance)s {{(pid=114915) log_opt_values /opt/stack/data/venv/lib/python3.12/site-packages/oslo_config/cfg.py:2995}}
May 12 19:10:24.508307 np0000173801 devstack@g-api.service[114914]: DEBUG dbcounter [-] [114914] Writer thread running {{(pid=114914) stat_writer /opt/stack/data/venv/lib/python3.12/site-packages/dbcounter.py:102}}
May 12 19:10:24.508352 np0000173801 devstack@g-api.service[114915]: DEBUG glance.common.config [None req-8b004bd5-eac5-42f5-9080-46e6ac57a7ee None None] logging_user_identity_format = %(user)s %(project)s %(domain)s %(system_scope)s %(user_domain)s %(project_domain)s {{(pid=114915) log_opt_values /opt/stack/data/venv/lib/python3.12/site-packages/oslo_config/cfg.py:2995}}
May 12 19:10:24.508432 np0000173801 devstack@g-api.service[114915]: DEBUG glance.common.config [None req-8b004bd5-eac5-42f5-9080-46e6ac57a7ee None None] max_header_line = 16384 {{(pid=114915) log_opt_values /opt/stack/data/venv/lib/python3.12/site-packages/oslo_config/cfg.py:2995}}
May 12 19:10:24.508528 np0000173801 devstack@g-api.service[114915]: DEBUG glance.common.config [None req-8b004bd5-eac5-42f5-9080-46e6ac57a7ee None None] max_logfile_count = 30 {{(pid=114915) log_opt_values /opt/stack/data/venv/lib/python3.12/site-packages/oslo_config/cfg.py:2995}}
May 12 19:10:24.508625 np0000173801 devstack@g-api.service[114915]: DEBUG glance.common.config [None req-8b004bd5-eac5-42f5-9080-46e6ac57a7ee None None] max_logfile_size_mb = 200 {{(pid=114915) log_opt_values /opt/stack/data/venv/lib/python3.12/site-packages/oslo_config/cfg.py:2995}}
May 12 19:10:24.508724 np0000173801 devstack@g-api.service[114915]: DEBUG glance.common.config [None req-8b004bd5-eac5-42f5-9080-46e6ac57a7ee None None] max_request_id_length = 64 {{(pid=114915) log_opt_values /opt/stack/data/venv/lib/python3.12/site-packages/oslo_config/cfg.py:2995}}
May 12 19:10:24.508842 np0000173801 devstack@g-api.service[114915]: DEBUG glance.common.config [None req-8b004bd5-eac5-42f5-9080-46e6ac57a7ee None None] metadata_encryption_key = **** {{(pid=114915) log_opt_values /opt/stack/data/venv/lib/python3.12/site-packages/oslo_config/cfg.py:2995}}
May 12 19:10:24.508948 np0000173801 devstack@g-api.service[114915]: DEBUG glance.common.config [None req-8b004bd5-eac5-42f5-9080-46e6ac57a7ee None None] node_staging_uri = file:///tmp/staging/ {{(pid=114915) log_opt_values /opt/stack/data/venv/lib/python3.12/site-packages/oslo_config/cfg.py:2995}}
May 12 19:10:24.509024 np0000173801 devstack@g-api.service[114916]: WARNING keystonemiddleware.auth_token [None req-a3b3c2d3-2b19-46c1-8359-dda110636fde None None] AuthToken middleware is set with keystone_authtoken.service_token_roles_required set to False. This is backwards compatible but deprecated behaviour. Please set this to True.
May 12 19:10:24.509092 np0000173801 devstack@g-api.service[114915]: DEBUG glance.common.config [None req-8b004bd5-eac5-42f5-9080-46e6ac57a7ee None None] property_protection_file = None {{(pid=114915) log_opt_values /opt/stack/data/venv/lib/python3.12/site-packages/oslo_config/cfg.py:2995}}
May 12 19:10:24.509158 np0000173801 devstack@g-api.service[114915]: DEBUG glance.common.config [None req-8b004bd5-eac5-42f5-9080-46e6ac57a7ee None None] property_protection_rule_format = roles {{(pid=114915) log_opt_values /opt/stack/data/venv/lib/python3.12/site-packages/oslo_config/cfg.py:2995}}
May 12 19:10:24.509246 np0000173801 devstack@g-api.service[114915]: DEBUG glance.common.config [None req-8b004bd5-eac5-42f5-9080-46e6ac57a7ee None None] public_endpoint = https://199.204.45.4/image {{(pid=114915) log_opt_values /opt/stack/data/venv/lib/python3.12/site-packages/oslo_config/cfg.py:2995}}
May 12 19:10:24.509342 np0000173801 devstack@g-api.service[114915]: DEBUG glance.common.config [None req-8b004bd5-eac5-42f5-9080-46e6ac57a7ee None None] publish_errors = False {{(pid=114915) log_opt_values /opt/stack/data/venv/lib/python3.12/site-packages/oslo_config/cfg.py:2995}}
May 12 19:10:24.509428 np0000173801 devstack@g-api.service[114915]: DEBUG glance.common.config [None req-8b004bd5-eac5-42f5-9080-46e6ac57a7ee None None] pydev_worker_debug_host = None {{(pid=114915) log_opt_values /opt/stack/data/venv/lib/python3.12/site-packages/oslo_config/cfg.py:2995}}
May 12 19:10:24.509527 np0000173801 devstack@g-api.service[114915]: DEBUG glance.common.config [None req-8b004bd5-eac5-42f5-9080-46e6ac57a7ee None None] pydev_worker_debug_port = 5678 {{(pid=114915) log_opt_values /opt/stack/data/venv/lib/python3.12/site-packages/oslo_config/cfg.py:2995}}
May 12 19:10:24.509625 np0000173801 devstack@g-api.service[114915]: DEBUG glance.common.config [None req-8b004bd5-eac5-42f5-9080-46e6ac57a7ee None None] rate_limit_burst = 0 {{(pid=114915) log_opt_values /opt/stack/data/venv/lib/python3.12/site-packages/oslo_config/cfg.py:2995}}
May 12 19:10:24.509729 np0000173801 devstack@g-api.service[114915]: DEBUG glance.common.config [None req-8b004bd5-eac5-42f5-9080-46e6ac57a7ee None None] rate_limit_except_level = CRITICAL {{(pid=114915) log_opt_values /opt/stack/data/venv/lib/python3.12/site-packages/oslo_config/cfg.py:2995}}
May 12 19:10:24.509845 np0000173801 devstack@g-api.service[114915]: DEBUG glance.common.config [None req-8b004bd5-eac5-42f5-9080-46e6ac57a7ee None None] rate_limit_interval = 0 {{(pid=114915) log_opt_values /opt/stack/data/venv/lib/python3.12/site-packages/oslo_config/cfg.py:2995}}
May 12 19:10:24.509945 np0000173801 devstack@g-api.service[114915]: DEBUG glance.common.config [None req-8b004bd5-eac5-42f5-9080-46e6ac57a7ee None None] scrub_pool_size = 1 {{(pid=114915) log_opt_values /opt/stack/data/venv/lib/python3.12/site-packages/oslo_config/cfg.py:2995}}
May 12 19:10:24.510042 np0000173801 devstack@g-api.service[114915]: DEBUG glance.common.config [None req-8b004bd5-eac5-42f5-9080-46e6ac57a7ee None None] scrub_time = 0 {{(pid=114915) log_opt_values /opt/stack/data/venv/lib/python3.12/site-packages/oslo_config/cfg.py:2995}}
May 12 19:10:24.510142 np0000173801 devstack@g-api.service[114915]: DEBUG glance.common.config [None req-8b004bd5-eac5-42f5-9080-46e6ac57a7ee None None] shell_completion = None {{(pid=114915) log_opt_values /opt/stack/data/venv/lib/python3.12/site-packages/oslo_config/cfg.py:2995}}
May 12 19:10:24.510247 np0000173801 devstack@g-api.service[114915]: DEBUG glance.common.config [None req-8b004bd5-eac5-42f5-9080-46e6ac57a7ee None None] show_image_direct_url = False {{(pid=114915) log_opt_values /opt/stack/data/venv/lib/python3.12/site-packages/oslo_config/cfg.py:2995}}
May 12 19:10:24.510495 np0000173801 devstack@g-api.service[114915]: WARNING oslo_config.cfg [None req-8b004bd5-eac5-42f5-9080-46e6ac57a7ee None None] Deprecated: Option "show_multiple_locations" from group "DEFAULT" is deprecated for removal (Use of this option, deprecated since Newton, is a security risk and will be removed once we figure out a way to satisfy those use cases that currently require it. An earlier announcement that the same functionality can be achieved with greater granularity by using policies is incorrect. You cannot work around this option via policy configuration at the present time, though that is the direction we believe the fix will take. Please keep an eye on the Glance release notes to stay up to date on progress in addressing this issue.). Its value may be silently ignored in the future.
May 12 19:10:24.510601 np0000173801 devstack@g-api.service[114915]: DEBUG glance.common.config [None req-8b004bd5-eac5-42f5-9080-46e6ac57a7ee None None] show_multiple_locations = False {{(pid=114915) log_opt_values /opt/stack/data/venv/lib/python3.12/site-packages/oslo_config/cfg.py:2995}}
May 12 19:10:24.510702 np0000173801 devstack@g-api.service[114915]: DEBUG glance.common.config [None req-8b004bd5-eac5-42f5-9080-46e6ac57a7ee None None] syslog_log_facility = LOG_USER {{(pid=114915) log_opt_values /opt/stack/data/venv/lib/python3.12/site-packages/oslo_config/cfg.py:2995}}
May 12 19:10:24.510817 np0000173801 devstack@g-api.service[114915]: DEBUG glance.common.config [None req-8b004bd5-eac5-42f5-9080-46e6ac57a7ee None None] tcp_keepidle = 600 {{(pid=114915) log_opt_values /opt/stack/data/venv/lib/python3.12/site-packages/oslo_config/cfg.py:2995}}
May 12 19:10:24.510924 np0000173801 devstack@g-api.service[114915]: DEBUG glance.common.config [None req-8b004bd5-eac5-42f5-9080-46e6ac57a7ee None None] transport_url = **** {{(pid=114915) log_opt_values /opt/stack/data/venv/lib/python3.12/site-packages/oslo_config/cfg.py:2995}}
May 12 19:10:24.511027 np0000173801 devstack@g-api.service[114915]: DEBUG glance.common.config [None req-8b004bd5-eac5-42f5-9080-46e6ac57a7ee None None] use_journal = False {{(pid=114915) log_opt_values /opt/stack/data/venv/lib/python3.12/site-packages/oslo_config/cfg.py:2995}}
May 12 19:10:24.511127 np0000173801 devstack@g-api.service[114915]: DEBUG glance.common.config [None req-8b004bd5-eac5-42f5-9080-46e6ac57a7ee None None] use_json = False {{(pid=114915) log_opt_values /opt/stack/data/venv/lib/python3.12/site-packages/oslo_config/cfg.py:2995}}
May 12 19:10:24.511225 np0000173801 devstack@g-api.service[114915]: DEBUG glance.common.config [None req-8b004bd5-eac5-42f5-9080-46e6ac57a7ee None None] use_keystone_limits = True {{(pid=114915) log_opt_values /opt/stack/data/venv/lib/python3.12/site-packages/oslo_config/cfg.py:2995}}
May 12 19:10:24.511323 np0000173801 devstack@g-api.service[114915]: DEBUG glance.common.config [None req-8b004bd5-eac5-42f5-9080-46e6ac57a7ee None None] use_stderr = False {{(pid=114915) log_opt_values /opt/stack/data/venv/lib/python3.12/site-packages/oslo_config/cfg.py:2995}}
May 12 19:10:24.511425 np0000173801 devstack@g-api.service[114915]: DEBUG glance.common.config [None req-8b004bd5-eac5-42f5-9080-46e6ac57a7ee None None] use_syslog = False {{(pid=114915) log_opt_values /opt/stack/data/venv/lib/python3.12/site-packages/oslo_config/cfg.py:2995}}
May 12 19:10:24.511525 np0000173801 devstack@g-api.service[114915]: DEBUG glance.common.config [None req-8b004bd5-eac5-42f5-9080-46e6ac57a7ee None None] user_storage_quota = 0 {{(pid=114915) log_opt_values /opt/stack/data/venv/lib/python3.12/site-packages/oslo_config/cfg.py:2995}}
May 12 19:10:24.511628 np0000173801 devstack@g-api.service[114915]: DEBUG glance.common.config [None req-8b004bd5-eac5-42f5-9080-46e6ac57a7ee None None] worker_self_reference_url = http://127.0.0.1:60999 {{(pid=114915) log_opt_values /opt/stack/data/venv/lib/python3.12/site-packages/oslo_config/cfg.py:2995}}
May 12 19:10:24.511728 np0000173801 devstack@g-api.service[114915]: DEBUG glance.common.config [None req-8b004bd5-eac5-42f5-9080-46e6ac57a7ee None None] workers = None {{(pid=114915) log_opt_values /opt/stack/data/venv/lib/python3.12/site-packages/oslo_config/cfg.py:2995}}
May 12 19:10:24.511873 np0000173801 devstack@g-api.service[114915]: DEBUG glance.common.config [None req-8b004bd5-eac5-42f5-9080-46e6ac57a7ee None None] oslo_concurrency.disable_process_locking = False {{(pid=114915) log_opt_values /opt/stack/data/venv/lib/python3.12/site-packages/oslo_config/cfg.py:3006}}
May 12 19:10:24.511984 np0000173801 devstack@g-api.service[114915]: DEBUG glance.common.config [None req-8b004bd5-eac5-42f5-9080-46e6ac57a7ee None None] oslo_concurrency.lock_path = /opt/stack/data/glance/locks {{(pid=114915) log_opt_values /opt/stack/data/venv/lib/python3.12/site-packages/oslo_config/cfg.py:3006}}
May 12 19:10:24.512089 np0000173801 devstack@g-api.service[114915]: DEBUG glance.common.config [None req-8b004bd5-eac5-42f5-9080-46e6ac57a7ee None None] oslo_middleware.enable_proxy_headers_parsing = False {{(pid=114915) log_opt_values /opt/stack/data/venv/lib/python3.12/site-packages/oslo_config/cfg.py:3006}}
May 12 19:10:24.512198 np0000173801 devstack@g-api.service[114915]: DEBUG glance.common.config [None req-8b004bd5-eac5-42f5-9080-46e6ac57a7ee None None] oslo_middleware.http_basic_auth_user_file = /etc/htpasswd {{(pid=114915) log_opt_values /opt/stack/data/venv/lib/python3.12/site-packages/oslo_config/cfg.py:3006}}
May 12 19:10:24.512304 np0000173801 devstack@g-api.service[114915]: DEBUG glance.common.config [None req-8b004bd5-eac5-42f5-9080-46e6ac57a7ee None None] paste_deploy.config_file = None {{(pid=114915) log_opt_values /opt/stack/data/venv/lib/python3.12/site-packages/oslo_config/cfg.py:3006}}
May 12 19:10:24.512410 np0000173801 devstack@g-api.service[114915]: DEBUG glance.common.config [None req-8b004bd5-eac5-42f5-9080-46e6ac57a7ee None None] paste_deploy.flavor = keystone+cachemanagement {{(pid=114915) log_opt_values /opt/stack/data/venv/lib/python3.12/site-packages/oslo_config/cfg.py:3006}}
May 12 19:10:24.512555 np0000173801 devstack@g-api.service[114915]: DEBUG glance.common.config [None req-8b004bd5-eac5-42f5-9080-46e6ac57a7ee None None] image_format.container_formats = ['ami', 'ari', 'aki', 'bare', 'ovf', 'ova', 'docker', 'compressed'] {{(pid=114915) log_opt_values /opt/stack/data/venv/lib/python3.12/site-packages/oslo_config/cfg.py:3006}}
May 12 19:10:24.512698 np0000173801 devstack@g-api.service[114915]: DEBUG glance.common.config [None req-8b004bd5-eac5-42f5-9080-46e6ac57a7ee None None] image_format.disk_formats = ['ami', 'ari', 'aki', 'vhd', 'vhdx', 'vmdk', 'raw', 'qcow2', 'vdi', 'iso', 'ploop'] {{(pid=114915) log_opt_values /opt/stack/data/venv/lib/python3.12/site-packages/oslo_config/cfg.py:3006}}
May 12 19:10:24.512818 np0000173801 devstack@g-api.service[114915]: DEBUG glance.common.config [None req-8b004bd5-eac5-42f5-9080-46e6ac57a7ee None None] image_format.gpt_safety_checks_nonfatal = [] {{(pid=114915) log_opt_values /opt/stack/data/venv/lib/python3.12/site-packages/oslo_config/cfg.py:3006}}
May 12 19:10:24.512925 np0000173801 devstack@g-api.service[114915]: DEBUG glance.common.config [None req-8b004bd5-eac5-42f5-9080-46e6ac57a7ee None None] image_format.require_image_format_match = True {{(pid=114915) log_opt_values /opt/stack/data/venv/lib/python3.12/site-packages/oslo_config/cfg.py:3006}}
May 12 19:10:24.513047 np0000173801 devstack@g-api.service[114915]: DEBUG glance.common.config [None req-8b004bd5-eac5-42f5-9080-46e6ac57a7ee None None] image_format.vmdk_allowed_types = ['streamOptimized', 'monolithicSparse'] {{(pid=114915) log_opt_values /opt/stack/data/venv/lib/python3.12/site-packages/oslo_config/cfg.py:3006}}
May 12 19:10:24.513100 np0000173801 devstack@g-api.service[114914]: DEBUG glance.image_cache.drivers.centralized_db [None req-f2b71cd2-cd8c-406f-b66c-48845a04fee1 None None] Node reference is already recorded, ignoring it {{(pid=114914) configure /opt/stack/glance/glance/image_cache/drivers/centralized_db.py:71}}
May 12 19:10:24.513154 np0000173801 devstack@g-api.service[114915]: DEBUG glance.common.config [None req-8b004bd5-eac5-42f5-9080-46e6ac57a7ee None None] task.task_executor = taskflow {{(pid=114915) log_opt_values /opt/stack/data/venv/lib/python3.12/site-packages/oslo_config/cfg.py:3006}}
May 12 19:10:24.513248 np0000173801 devstack@g-api.service[114915]: DEBUG glance.common.config [None req-8b004bd5-eac5-42f5-9080-46e6ac57a7ee None None] task.task_time_to_live = 48 {{(pid=114915) log_opt_values /opt/stack/data/venv/lib/python3.12/site-packages/oslo_config/cfg.py:3006}}
May 12 19:10:24.513345 np0000173801 devstack@g-api.service[114915]: DEBUG glance.common.config [None req-8b004bd5-eac5-42f5-9080-46e6ac57a7ee None None] task.work_dir = None {{(pid=114915) log_opt_values /opt/stack/data/venv/lib/python3.12/site-packages/oslo_config/cfg.py:3006}}
May 12 19:10:24.513458 np0000173801 devstack@g-api.service[114915]: DEBUG glance.common.config [None req-8b004bd5-eac5-42f5-9080-46e6ac57a7ee None None] wsgi.python_interpreter = /opt/stack/data/venv/bin/python3 {{(pid=114915) log_opt_values /opt/stack/data/venv/lib/python3.12/site-packages/oslo_config/cfg.py:3006}}
May 12 19:10:24.513560 np0000173801 devstack@g-api.service[114915]: DEBUG glance.common.config [None req-8b004bd5-eac5-42f5-9080-46e6ac57a7ee None None] wsgi.task_pool_threads = 16 {{(pid=114915) log_opt_values /opt/stack/data/venv/lib/python3.12/site-packages/oslo_config/cfg.py:3006}}
May 12 19:10:24.513667 np0000173801 devstack@g-api.service[114915]: DEBUG glance.common.config [None req-8b004bd5-eac5-42f5-9080-46e6ac57a7ee None None] profiler.connection_string = messaging:// {{(pid=114915) log_opt_values /opt/stack/data/venv/lib/python3.12/site-packages/oslo_config/cfg.py:3006}}
May 12 19:10:24.513771 np0000173801 devstack@g-api.service[114915]: DEBUG glance.common.config [None req-8b004bd5-eac5-42f5-9080-46e6ac57a7ee None None] profiler.enabled = False {{(pid=114915) log_opt_values /opt/stack/data/venv/lib/python3.12/site-packages/oslo_config/cfg.py:3006}}
May 12 19:10:24.513890 np0000173801 devstack@g-api.service[114915]: DEBUG glance.common.config [None req-8b004bd5-eac5-42f5-9080-46e6ac57a7ee None None] profiler.es_doc_type = notification {{(pid=114915) log_opt_values /opt/stack/data/venv/lib/python3.12/site-packages/oslo_config/cfg.py:3006}}
May 12 19:10:24.513991 np0000173801 devstack@g-api.service[114915]: DEBUG glance.common.config [None req-8b004bd5-eac5-42f5-9080-46e6ac57a7ee None None] profiler.es_scroll_size = 10000 {{(pid=114915) log_opt_values /opt/stack/data/venv/lib/python3.12/site-packages/oslo_config/cfg.py:3006}}
May 12 19:10:24.514094 np0000173801 devstack@g-api.service[114915]: DEBUG glance.common.config [None req-8b004bd5-eac5-42f5-9080-46e6ac57a7ee None None] profiler.es_scroll_time = 2m {{(pid=114915) log_opt_values /opt/stack/data/venv/lib/python3.12/site-packages/oslo_config/cfg.py:3006}}
May 12 19:10:24.514201 np0000173801 devstack@g-api.service[114915]: DEBUG glance.common.config [None req-8b004bd5-eac5-42f5-9080-46e6ac57a7ee None None] profiler.filter_error_trace = False {{(pid=114915) log_opt_values /opt/stack/data/venv/lib/python3.12/site-packages/oslo_config/cfg.py:3006}}
May 12 19:10:24.514308 np0000173801 devstack@g-api.service[114915]: DEBUG glance.common.config [None req-8b004bd5-eac5-42f5-9080-46e6ac57a7ee None None] profiler.hmac_keys = **** {{(pid=114915) log_opt_values /opt/stack/data/venv/lib/python3.12/site-packages/oslo_config/cfg.py:3006}}
May 12 19:10:24.514412 np0000173801 devstack@g-api.service[114915]: DEBUG glance.common.config [None req-8b004bd5-eac5-42f5-9080-46e6ac57a7ee None None] profiler.sentinel_service_name = mymaster {{(pid=114915) log_opt_values /opt/stack/data/venv/lib/python3.12/site-packages/oslo_config/cfg.py:3006}}
May 12 19:10:24.514518 np0000173801 devstack@g-api.service[114915]: DEBUG glance.common.config [None req-8b004bd5-eac5-42f5-9080-46e6ac57a7ee None None] profiler.socket_timeout = 0.1 {{(pid=114915) log_opt_values /opt/stack/data/venv/lib/python3.12/site-packages/oslo_config/cfg.py:3006}}
May 12 19:10:24.514622 np0000173801 devstack@g-api.service[114915]: DEBUG glance.common.config [None req-8b004bd5-eac5-42f5-9080-46e6ac57a7ee None None] profiler.trace_requests = False {{(pid=114915) log_opt_values /opt/stack/data/venv/lib/python3.12/site-packages/oslo_config/cfg.py:3006}}
May 12 19:10:24.514721 np0000173801 devstack@g-api.service[114915]: DEBUG glance.common.config [None req-8b004bd5-eac5-42f5-9080-46e6ac57a7ee None None] profiler.trace_sqlalchemy = False {{(pid=114915) log_opt_values /opt/stack/data/venv/lib/python3.12/site-packages/oslo_config/cfg.py:3006}}
May 12 19:10:24.514851 np0000173801 devstack@g-api.service[114915]: DEBUG glance.common.config [None req-8b004bd5-eac5-42f5-9080-46e6ac57a7ee None None] profiler_jaeger.process_tags = {} {{(pid=114915) log_opt_values /opt/stack/data/venv/lib/python3.12/site-packages/oslo_config/cfg.py:3006}}
May 12 19:10:24.514948 np0000173801 devstack@g-api.service[114915]: DEBUG glance.common.config [None req-8b004bd5-eac5-42f5-9080-46e6ac57a7ee None None] profiler_jaeger.service_name_prefix = None {{(pid=114915) log_opt_values /opt/stack/data/venv/lib/python3.12/site-packages/oslo_config/cfg.py:3006}}
May 12 19:10:24.515054 np0000173801 devstack@g-api.service[114915]: DEBUG glance.common.config [None req-8b004bd5-eac5-42f5-9080-46e6ac57a7ee None None] profiler_otlp.service_name_prefix = None {{(pid=114915) log_opt_values /opt/stack/data/venv/lib/python3.12/site-packages/oslo_config/cfg.py:3006}}
May 12 19:10:24.515154 np0000173801 devstack@g-api.service[114915]: DEBUG glance.common.config [None req-8b004bd5-eac5-42f5-9080-46e6ac57a7ee None None] import_filtering_opts.allowed_hosts = [] {{(pid=114915) log_opt_values /opt/stack/data/venv/lib/python3.12/site-packages/oslo_config/cfg.py:3006}}
May 12 19:10:24.515267 np0000173801 devstack@g-api.service[114915]: DEBUG glance.common.config [None req-8b004bd5-eac5-42f5-9080-46e6ac57a7ee None None] import_filtering_opts.allowed_ports = [80, 443] {{(pid=114915) log_opt_values /opt/stack/data/venv/lib/python3.12/site-packages/oslo_config/cfg.py:3006}}
May 12 19:10:24.515378 np0000173801 devstack@g-api.service[114915]: DEBUG glance.common.config [None req-8b004bd5-eac5-42f5-9080-46e6ac57a7ee None None] import_filtering_opts.allowed_schemes = ['http', 'https'] {{(pid=114915) log_opt_values /opt/stack/data/venv/lib/python3.12/site-packages/oslo_config/cfg.py:3006}}
May 12 19:10:24.515479 np0000173801 devstack@g-api.service[114915]: DEBUG glance.common.config [None req-8b004bd5-eac5-42f5-9080-46e6ac57a7ee None None] import_filtering_opts.disallowed_hosts = [] {{(pid=114915) log_opt_values /opt/stack/data/venv/lib/python3.12/site-packages/oslo_config/cfg.py:3006}}
May 12 19:10:24.515580 np0000173801 devstack@g-api.service[114915]: DEBUG glance.common.config [None req-8b004bd5-eac5-42f5-9080-46e6ac57a7ee None None] import_filtering_opts.disallowed_ports = [] {{(pid=114915) log_opt_values /opt/stack/data/venv/lib/python3.12/site-packages/oslo_config/cfg.py:3006}}
May 12 19:10:24.515680 np0000173801 devstack@g-api.service[114915]: DEBUG glance.common.config [None req-8b004bd5-eac5-42f5-9080-46e6ac57a7ee None None] import_filtering_opts.disallowed_schemes = [] {{(pid=114915) log_opt_values /opt/stack/data/venv/lib/python3.12/site-packages/oslo_config/cfg.py:3006}}
May 12 19:10:24.515786 np0000173801 devstack@g-api.service[114915]: DEBUG glance.common.config [None req-8b004bd5-eac5-42f5-9080-46e6ac57a7ee None None] oslo_messaging_metrics.metrics_buffer_size = 1000 {{(pid=114915) log_opt_values /opt/stack/data/venv/lib/python3.12/site-packages/oslo_config/cfg.py:3006}}
May 12 19:10:24.515951 np0000173801 devstack@g-api.service[114915]: DEBUG glance.common.config [None req-8b004bd5-eac5-42f5-9080-46e6ac57a7ee None None] oslo_messaging_metrics.metrics_enabled = False {{(pid=114915) log_opt_values /opt/stack/data/venv/lib/python3.12/site-packages/oslo_config/cfg.py:3006}}
May 12 19:10:24.516057 np0000173801 devstack@g-api.service[114915]: DEBUG glance.common.config [None req-8b004bd5-eac5-42f5-9080-46e6ac57a7ee None None] oslo_messaging_metrics.metrics_process_name = {{(pid=114915) log_opt_values /opt/stack/data/venv/lib/python3.12/site-packages/oslo_config/cfg.py:3006}}
May 12 19:10:24.516160 np0000173801 devstack@g-api.service[114915]: DEBUG glance.common.config [None req-8b004bd5-eac5-42f5-9080-46e6ac57a7ee None None] oslo_messaging_metrics.metrics_socket_file = /var/tmp/metrics_collector.sock {{(pid=114915) log_opt_values /opt/stack/data/venv/lib/python3.12/site-packages/oslo_config/cfg.py:3006}}
May 12 19:10:24.516260 np0000173801 devstack@g-api.service[114915]: DEBUG glance.common.config [None req-8b004bd5-eac5-42f5-9080-46e6ac57a7ee None None] oslo_messaging_metrics.metrics_thread_stop_timeout = 10 {{(pid=114915) log_opt_values /opt/stack/data/venv/lib/python3.12/site-packages/oslo_config/cfg.py:3006}}
May 12 19:10:24.516442 np0000173801 devstack@g-api.service[114915]: DEBUG glance.common.config [None req-8b004bd5-eac5-42f5-9080-46e6ac57a7ee None None] os_brick.lightos_discovery_client_address = localhost {{(pid=114915) log_opt_values /opt/stack/data/venv/lib/python3.12/site-packages/oslo_config/cfg.py:3006}}
May 12 19:10:24.516549 np0000173801 devstack@g-api.service[114915]: DEBUG glance.common.config [None req-8b004bd5-eac5-42f5-9080-46e6ac57a7ee None None] os_brick.lightos_discovery_client_dir_path = /etc/discovery-client/discovery.d/ {{(pid=114915) log_opt_values /opt/stack/data/venv/lib/python3.12/site-packages/oslo_config/cfg.py:3006}}
May 12 19:10:24.516653 np0000173801 devstack@g-api.service[114915]: DEBUG glance.common.config [None req-8b004bd5-eac5-42f5-9080-46e6ac57a7ee None None] os_brick.lightos_discovery_client_port = 6060 {{(pid=114915) log_opt_values /opt/stack/data/venv/lib/python3.12/site-packages/oslo_config/cfg.py:3006}}
May 12 19:10:24.516724 np0000173801 devstack@g-api.service[114916]: DEBUG glance.common.config [None req-a3b3c2d3-2b19-46c1-8359-dda110636fde None None] ******************************************************************************** {{(pid=114916) log_opt_values /opt/stack/data/venv/lib/python3.12/site-packages/oslo_config/cfg.py:2979}}
May 12 19:10:24.516824 np0000173801 devstack@g-api.service[114915]: DEBUG glance.common.config [None req-8b004bd5-eac5-42f5-9080-46e6ac57a7ee None None] os_brick.lock_path = /opt/stack/data/os_brick {{(pid=114915) log_opt_values /opt/stack/data/venv/lib/python3.12/site-packages/oslo_config/cfg.py:3006}}
May 12 19:10:24.516899 np0000173801 devstack@g-api.service[114916]: DEBUG glance.common.config [None req-a3b3c2d3-2b19-46c1-8359-dda110636fde None None] Configuration options gathered from: {{(pid=114916) log_opt_values /opt/stack/data/venv/lib/python3.12/site-packages/oslo_config/cfg.py:2980}}
May 12 19:10:24.516982 np0000173801 devstack@g-api.service[114915]: DEBUG glance.common.config [None req-8b004bd5-eac5-42f5-9080-46e6ac57a7ee None None] os_brick.wait_mpath_device_attempts = 4 {{(pid=114915) log_opt_values /opt/stack/data/venv/lib/python3.12/site-packages/oslo_config/cfg.py:3006}}
May 12 19:10:24.516982 np0000173801 devstack@g-api.service[114915]: DEBUG glance.common.config [None req-8b004bd5-eac5-42f5-9080-46e6ac57a7ee None None] os_brick.wait_mpath_device_interval = 1 {{(pid=114915) log_opt_values /opt/stack/data/venv/lib/python3.12/site-packages/oslo_config/cfg.py:3006}}
May 12 19:10:24.517092 np0000173801 devstack@g-api.service[114915]: DEBUG glance.common.config [None req-8b004bd5-eac5-42f5-9080-46e6ac57a7ee None None] privsep_osbrick.capabilities = [21, 2] {{(pid=114915) log_opt_values /opt/stack/data/venv/lib/python3.12/site-packages/oslo_config/cfg.py:3006}}
May 12 19:10:24.517159 np0000173801 devstack@g-api.service[114913]: DEBUG glance.image_cache.drivers.centralized_db [None req-fb6a5c28-e862-4584-a01b-ad3fdb03b172 None None] Node reference is already recorded, ignoring it {{(pid=114913) configure /opt/stack/glance/glance/image_cache/drivers/centralized_db.py:71}}
May 12 19:10:24.517212 np0000173801 devstack@g-api.service[114915]: DEBUG glance.common.config [None req-8b004bd5-eac5-42f5-9080-46e6ac57a7ee None None] privsep_osbrick.group = None {{(pid=114915) log_opt_values /opt/stack/data/venv/lib/python3.12/site-packages/oslo_config/cfg.py:3006}}
May 12 19:10:24.517257 np0000173801 devstack@g-api.service[114915]: DEBUG glance.common.config [None req-8b004bd5-eac5-42f5-9080-46e6ac57a7ee None None] privsep_osbrick.helper_command = None {{(pid=114915) log_opt_values /opt/stack/data/venv/lib/python3.12/site-packages/oslo_config/cfg.py:3006}}
May 12 19:10:24.517357 np0000173801 devstack@g-api.service[114915]: DEBUG glance.common.config [None req-8b004bd5-eac5-42f5-9080-46e6ac57a7ee None None] privsep_osbrick.log_daemon_traceback = False {{(pid=114915) log_opt_values /opt/stack/data/venv/lib/python3.12/site-packages/oslo_config/cfg.py:3006}}
May 12 19:10:24.517458 np0000173801 devstack@g-api.service[114915]: DEBUG glance.common.config [None req-8b004bd5-eac5-42f5-9080-46e6ac57a7ee None None] privsep_osbrick.logger_name = brick_privsep_hide_output {{(pid=114915) log_opt_values /opt/stack/data/venv/lib/python3.12/site-packages/oslo_config/cfg.py:3006}}
May 12 19:10:24.517556 np0000173801 devstack@g-api.service[114915]: DEBUG glance.common.config [None req-8b004bd5-eac5-42f5-9080-46e6ac57a7ee None None] privsep_osbrick.thread_pool_size = 16 {{(pid=114915) log_opt_values /opt/stack/data/venv/lib/python3.12/site-packages/oslo_config/cfg.py:3006}}
