2026-05-05 18:22:33.741 10 WARNING neutron.scheduler.dhcp_agent_scheduler [None req-a8b570c0-f0d5-420d-9fd5-88d6a714100c 0b14b58a11c7450988da3dcd3a66c133 a43616b0c9c04e6c9b2f5c5139d50744 - - - -] No more DHCP agents
2026-05-05 18:22:33.747 10 WARNING neutron.api.rpc.agentnotifiers.dhcp_rpc_agent_api [None req-a8b570c0-f0d5-420d-9fd5-88d6a714100c 0b14b58a11c7450988da3dcd3a66c133 a43616b0c9c04e6c9b2f5c5139d50744 - - - -] Unable to schedule network 4dde8ee5-28de-4446-b597-3ca1d086a500: no agents available; will retry on subsequent port and subnet creation events.
2026-05-05 18:22:33.841 10 INFO neutron.db.ovn_revision_numbers_db [None req-a8b570c0-f0d5-420d-9fd5-88d6a714100c 0b14b58a11c7450988da3dcd3a66c133 a43616b0c9c04e6c9b2f5c5139d50744 - - - -] Successfully bumped revision number for resource 12aa2adb-7f70-4666-b2ac-3bbe32fb37eb (type: ports) to 1
2026-05-05 18:22:33.853 10 INFO neutron.db.ovn_revision_numbers_db [None req-a6238860-d8a1-4fa0-a34c-7f60ed454e08 c1f1f8ad1e5e4184a11789a169b0ca8c 1a7e076ba42e4e638453506bf4567b28 - - - -] Successfully bumped revision number for resource 4fe4f3e2-8bb6-43f1-8cf7-829ce4cd4775 (type: ports) to 6
2026-05-05 18:22:33.856 9 WARNING neutron.scheduler.dhcp_agent_scheduler [None req-1dedfe1c-f969-4273-b60a-8f2312236661 f77a43963ad349a29b644f45804323c8 523e80a437f2464bacaf4648c5c169c5 - - - -] No more DHCP agents
2026-05-05 18:22:33.858 9 WARNING neutron.api.rpc.agentnotifiers.dhcp_rpc_agent_api [None req-1dedfe1c-f969-4273-b60a-8f2312236661 f77a43963ad349a29b644f45804323c8 523e80a437f2464bacaf4648c5c169c5 - - - -] Unable to schedule network 732d28ec-5654-4a0b-9d22-f70b8a8d3d40: no agents available; will retry on subsequent port and subnet creation events.
2026-05-05 18:22:33.872 10 INFO neutron.wsgi [None req-a6238860-d8a1-4fa0-a34c-7f60ed454e08 c1f1f8ad1e5e4184a11789a169b0ca8c 1a7e076ba42e4e638453506bf4567b28 - - - -] 199.19.213.140 "PUT /v2.0/ports/4fe4f3e2-8bb6-43f1-8cf7-829ce4cd4775 HTTP/1.1" status: 200 len: 1167 time: 1.0514522
2026-05-05 18:22:33.883 10 INFO neutron.wsgi [None req-a8b570c0-f0d5-420d-9fd5-88d6a714100c 0b14b58a11c7450988da3dcd3a66c133 a43616b0c9c04e6c9b2f5c5139d50744 - - - -] 10.0.0.159 "POST /v2.0/networks HTTP/1.1" status: 201 len: 938 time: 1.5411124 /var/lib/openstack/lib/python3.10/site-packages/pycadf/identifier.py:71: UserWarning: Invalid uuid: neutron. To ensure interoperability, identifiers should be a valid uuid. warnings.warn(('Invalid uuid: %s. To ensure interoperability, '
2026-05-05 18:22:33.912 10 INFO neutron.notifiers.nova [-] Nova event matching ['req-3a12d74c-9f37-40fa-a1d5-e965af86bb0a'] response: {'name': 'network-changed', 'server_uuid': '0f4815de-bd59-4ac0-ac8b-ac3151f794c2', 'tag': '4fe4f3e2-8bb6-43f1-8cf7-829ce4cd4775', 'status': 'completed', 'code': 200}
2026-05-05 18:22:33.935 10 INFO neutron.wsgi [req-47ec4931-cae0-4a77-a2ec-2a6077e8e807 req-764f80d5-2700-4532-9acb-229c30c3faba 44e38bcf3e2e4be2ad10580fff5ac83f a6fe8d98f3094f7886a2a2f5b0885d05 - - 4bf83d4858b5484d8f5c80b2b7877723 4bf83d4858b5484d8f5c80b2b7877723] 199.19.213.140 "GET /v2.0/ports?tenant_id=1a7e076ba42e4e638453506bf4567b28&device_id=0f4815de-bd59-4ac0-ac8b-ac3151f794c2 HTTP/1.1" status: 200 len: 1361 time: 0.0368419
2026-05-05 18:22:34.019 10 INFO neutron.wsgi [req-47ec4931-cae0-4a77-a2ec-2a6077e8e807 req-4191641a-08d2-4f22-9717-23741c3aab2f 44e38bcf3e2e4be2ad10580fff5ac83f a6fe8d98f3094f7886a2a2f5b0885d05 - - 4bf83d4858b5484d8f5c80b2b7877723 4bf83d4858b5484d8f5c80b2b7877723] 199.19.213.140 "GET /v2.0/networks?id=f9592165-39f7-4326-b853-bb77d9bce554 HTTP/1.1" status: 200 len: 981 time: 0.0731330
2026-05-05 18:22:34.089 10 INFO neutron.wsgi [req-47ec4931-cae0-4a77-a2ec-2a6077e8e807 req-343d2fce-586c-4fdd-9b7f-6ffed03b93cd 44e38bcf3e2e4be2ad10580fff5ac83f a6fe8d98f3094f7886a2a2f5b0885d05 - - 4bf83d4858b5484d8f5c80b2b7877723 4bf83d4858b5484d8f5c80b2b7877723] 199.19.213.140 "GET /v2.0/floatingips?fixed_ip_address=10.100.0.6&port_id=4fe4f3e2-8bb6-43f1-8cf7-829ce4cd4775 HTTP/1.1" status: 200 len: 1059 time: 0.0589375
2026-05-05 18:22:34.136 10 WARNING neutron.scheduler.dhcp_agent_scheduler [None req-e5d98200-f8cb-4064-af37-5a45bbab240a 0b14b58a11c7450988da3dcd3a66c133 a43616b0c9c04e6c9b2f5c5139d50744 - - - -] No more DHCP agents
2026-05-05 18:22:34.140 10 WARNING neutron.api.rpc.agentnotifiers.dhcp_rpc_agent_api [None req-e5d98200-f8cb-4064-af37-5a45bbab240a 0b14b58a11c7450988da3dcd3a66c133 a43616b0c9c04e6c9b2f5c5139d50744 - - - -] Unable to schedule network 4dde8ee5-28de-4446-b597-3ca1d086a500: no agents available; will retry on subsequent port and subnet creation events.
2026-05-05 18:22:34.162 10 INFO neutron.wsgi [req-47ec4931-cae0-4a77-a2ec-2a6077e8e807 req-62bcca63-df8f-48d5-b0bf-9a9f90d98e28 44e38bcf3e2e4be2ad10580fff5ac83f a6fe8d98f3094f7886a2a2f5b0885d05 - - 4bf83d4858b5484d8f5c80b2b7877723 4bf83d4858b5484d8f5c80b2b7877723] 199.19.213.140 "GET /v2.0/subnets?id=7b9913c1-d499-441f-9744-6751a55a0195 HTTP/1.1" status: 200 len: 876 time: 0.0632365
2026-05-05 18:22:34.203 10 INFO neutron.wsgi [req-47ec4931-cae0-4a77-a2ec-2a6077e8e807 req-532dd8c7-931c-493d-a2b7-4190a9b2b81a 44e38bcf3e2e4be2ad10580fff5ac83f a6fe8d98f3094f7886a2a2f5b0885d05 - - 4bf83d4858b5484d8f5c80b2b7877723 4bf83d4858b5484d8f5c80b2b7877723] 199.19.213.140 "GET /v2.0/ports?network_id=f9592165-39f7-4326-b853-bb77d9bce554&device_owner=network%3Adhcp HTTP/1.1" status: 200 len: 210 time: 0.0346982
2026-05-05 18:22:34.263 9 INFO neutron.db.l3_db [None req-1dedfe1c-f969-4273-b60a-8f2312236661 f77a43963ad349a29b644f45804323c8 523e80a437f2464bacaf4648c5c169c5 - - - -] Floating IP 6eb8c861-96a3-4ea2-b9f8-2d656e2d27af associated. External IP: 10.96.250.215, port: 31887b19-1a5e-4476-9782-38a1a9695163.
2026-05-05 18:22:34.296 10 INFO neutron.wsgi [req-47ec4931-cae0-4a77-a2ec-2a6077e8e807 req-e2c18d83-7583-4379-906e-acf1869be0a4 44e38bcf3e2e4be2ad10580fff5ac83f a6fe8d98f3094f7886a2a2f5b0885d05 - - 4bf83d4858b5484d8f5c80b2b7877723 4bf83d4858b5484d8f5c80b2b7877723] 199.19.213.140 "GET /v2.0/networks/f9592165-39f7-4326-b853-bb77d9bce554?fields=segments HTTP/1.1" status: 200 len: 212 time: 0.0852127
2026-05-05 18:22:34.398 10 INFO neutron.wsgi [req-47ec4931-cae0-4a77-a2ec-2a6077e8e807 req-352c2185-2e94-457f-902a-2d3a6ecfbb3e 44e38bcf3e2e4be2ad10580fff5ac83f a6fe8d98f3094f7886a2a2f5b0885d05 - - 4bf83d4858b5484d8f5c80b2b7877723 4bf83d4858b5484d8f5c80b2b7877723] 199.19.213.140 "GET /v2.0/networks/f9592165-39f7-4326-b853-bb77d9bce554?fields=provider%3Aphysical_network&fields=provider%3Anetwork_type HTTP/1.1" status: 200 len: 277 time: 0.0933056
2026-05-05 18:22:34.459 9 INFO neutron.db.ovn_revision_numbers_db [None req-1dedfe1c-f969-4273-b60a-8f2312236661 f77a43963ad349a29b644f45804323c8 523e80a437f2464bacaf4648c5c169c5 - - - -] Successfully bumped revision number for resource 6eb8c861-96a3-4ea2-b9f8-2d656e2d27af (type: floatingips) to 0
2026-05-05 18:22:34.495 10 INFO neutron.wsgi [req-ac097742-e07b-4d40-aa49-dc4f7eacb0e8 req-cb6395b9-115f-4708-8818-ec6bdff50051 44e38bcf3e2e4be2ad10580fff5ac83f a6fe8d98f3094f7886a2a2f5b0885d05 - - 4bf83d4858b5484d8f5c80b2b7877723 4bf83d4858b5484d8f5c80b2b7877723] 199.19.213.140 "GET /v2.0/ports?tenant_id=1a7e076ba42e4e638453506bf4567b28&device_id=0f4815de-bd59-4ac0-ac8b-ac3151f794c2 HTTP/1.1" status: 200 len: 1361 time: 0.0440688
2026-05-05 18:22:34.556 9 INFO neutron.db.ovn_revision_numbers_db [None req-1dedfe1c-f969-4273-b60a-8f2312236661 f77a43963ad349a29b644f45804323c8 523e80a437f2464bacaf4648c5c169c5 - - - -] Successfully bumped revision number for resource 6eb8c861-96a3-4ea2-b9f8-2d656e2d27af (type: floatingips) to 1
2026-05-05 18:22:34.588 10 INFO neutron.wsgi [req-ac097742-e07b-4d40-aa49-dc4f7eacb0e8 req-8d286710-a27c-48fa-b977-ef4ec0451c96 44e38bcf3e2e4be2ad10580fff5ac83f a6fe8d98f3094f7886a2a2f5b0885d05 - - 4bf83d4858b5484d8f5c80b2b7877723 4bf83d4858b5484d8f5c80b2b7877723] 199.19.213.140 "GET /v2.0/networks?id=f9592165-39f7-4326-b853-bb77d9bce554 HTTP/1.1" status: 200 len: 981 time: 0.0858455
2026-05-05 18:22:34.593 9 INFO neutron.wsgi [None req-1dedfe1c-f969-4273-b60a-8f2312236661 f77a43963ad349a29b644f45804323c8 523e80a437f2464bacaf4648c5c169c5 - - - -] 10.0.0.159 "POST /v2.0/floatingips HTTP/1.1" status: 201 len: 1041 time: 1.0440834 /var/lib/openstack/lib/python3.10/site-packages/pycadf/identifier.py:71: UserWarning: Invalid uuid: neutron. To ensure interoperability, identifiers should be a valid uuid. warnings.warn(('Invalid uuid: %s. To ensure interoperability, '
2026-05-05 18:22:34.649 9 INFO neutron.wsgi [None req-f842f167-76f8-409d-ad0d-aeca9e7c2758 f77a43963ad349a29b644f45804323c8 523e80a437f2464bacaf4648c5c169c5 - - default default] 10.0.0.159 "GET /v2.0/floatingips/6eb8c861-96a3-4ea2-b9f8-2d656e2d27af HTTP/1.1" status: 200 len: 1038 time: 0.0505521
2026-05-05 18:22:34.665 10 INFO neutron.wsgi [req-ac097742-e07b-4d40-aa49-dc4f7eacb0e8 req-447d0e1c-b901-4d79-a5ba-a0da304fe79d 44e38bcf3e2e4be2ad10580fff5ac83f a6fe8d98f3094f7886a2a2f5b0885d05 - - 4bf83d4858b5484d8f5c80b2b7877723 4bf83d4858b5484d8f5c80b2b7877723] 199.19.213.140 "GET /v2.0/floatingips?fixed_ip_address=10.100.0.6&port_id=4fe4f3e2-8bb6-43f1-8cf7-829ce4cd4775 HTTP/1.1" status: 200 len: 1059 time: 0.0631890
2026-05-05 18:22:34.723 10 INFO neutron.wsgi [req-ac097742-e07b-4d40-aa49-dc4f7eacb0e8 req-f2ecedf8-a37c-465a-95e7-2515b545b9d6 44e38bcf3e2e4be2ad10580fff5ac83f a6fe8d98f3094f7886a2a2f5b0885d05 - - 4bf83d4858b5484d8f5c80b2b7877723 4bf83d4858b5484d8f5c80b2b7877723] 199.19.213.140 "GET /v2.0/subnets?id=7b9913c1-d499-441f-9744-6751a55a0195 HTTP/1.1" status: 200 len: 876 time: 0.0497501
2026-05-05 18:22:34.730 9 INFO neutron.wsgi [None req-db4bccce-45fe-49ab-9278-2a0dd829313f f77a43963ad349a29b644f45804323c8 523e80a437f2464bacaf4648c5c169c5 - - default default] 10.0.0.159 "GET /v2.0/floatingips HTTP/1.1" status: 200 len: 1041 time: 0.0721819
2026-05-05 18:22:34.758 10 INFO neutron.wsgi [req-ac097742-e07b-4d40-aa49-dc4f7eacb0e8 req-8f5be06a-0bfc-4efb-8d18-2a64b1188b04 44e38bcf3e2e4be2ad10580fff5ac83f a6fe8d98f3094f7886a2a2f5b0885d05 - - 4bf83d4858b5484d8f5c80b2b7877723 4bf83d4858b5484d8f5c80b2b7877723] 199.19.213.140 "GET /v2.0/ports?network_id=f9592165-39f7-4326-b853-bb77d9bce554&device_owner=network%3Adhcp HTTP/1.1" status: 200 len: 210 time: 0.0247838
2026-05-05 18:22:34.859 10 INFO neutron.wsgi [req-ac097742-e07b-4d40-aa49-dc4f7eacb0e8 req-e5dd0ec2-175c-445e-888c-7a245c226864 44e38bcf3e2e4be2ad10580fff5ac83f a6fe8d98f3094f7886a2a2f5b0885d05 - - 4bf83d4858b5484d8f5c80b2b7877723 4bf83d4858b5484d8f5c80b2b7877723] 199.19.213.140 "GET /v2.0/networks/f9592165-39f7-4326-b853-bb77d9bce554?fields=segments HTTP/1.1" status: 200 len: 212 time: 0.0840938
2026-05-05 18:22:34.860 10 INFO neutron.db.ovn_revision_numbers_db [None req-e5d98200-f8cb-4064-af37-5a45bbab240a 0b14b58a11c7450988da3dcd3a66c133 a43616b0c9c04e6c9b2f5c5139d50744 - - - -] Successfully bumped revision number for resource 12aa2adb-7f70-4666-b2ac-3bbe32fb37eb (type: ports) to 2
2026-05-05 18:22:34.888 10 INFO neutron.db.ovn_revision_numbers_db [None req-e5d98200-f8cb-4064-af37-5a45bbab240a 0b14b58a11c7450988da3dcd3a66c133 a43616b0c9c04e6c9b2f5c5139d50744 - - - -] Successfully bumped revision number for resource 0b78aafd-e8e8-430a-ba13-cb262d84f469 (type: subnets) to 0
2026-05-05 18:22:34.912 10 INFO neutron.wsgi [None req-e5d98200-f8cb-4064-af37-5a45bbab240a 0b14b58a11c7450988da3dcd3a66c133 a43616b0c9c04e6c9b2f5c5139d50744 - - - -] 10.0.0.159 "POST /v2.0/subnets HTTP/1.1" status: 201 len: 859 time: 1.0225284
2026-05-05 18:22:34.923 10 INFO neutron.wsgi [req-ac097742-e07b-4d40-aa49-dc4f7eacb0e8 req-b55a578c-987e-406e-9dea-caf33b614be0 44e38bcf3e2e4be2ad10580fff5ac83f a6fe8d98f3094f7886a2a2f5b0885d05 - - 4bf83d4858b5484d8f5c80b2b7877723 4bf83d4858b5484d8f5c80b2b7877723] 199.19.213.140 "GET /v2.0/networks/f9592165-39f7-4326-b853-bb77d9bce554?fields=provider%3Aphysical_network&fields=provider%3Anetwork_type HTTP/1.1" status: 200 len: 277 time: 0.0578890
2026-05-05 18:22:35.044 10 INFO neutron.wsgi [req-992645c5-2e5b-4d97-90f1-59de694c2dd8 req-ed617009-52cb-46fa-9a39-7a9431167760 c1f1f8ad1e5e4184a11789a169b0ca8c 1a7e076ba42e4e638453506bf4567b28 - - default default] 10.0.0.191 "GET /v2.0/ports?device_id=0f4815de-bd59-4ac0-ac8b-ac3151f794c2 HTTP/1.1" status: 200 len: 1170 time: 0.0472724
2026-05-05 18:22:35.100 9 INFO neutron.plugins.ml2.drivers.ovn.mech_driver.mech_driver [None req-f0a85cf2-73d7-417c-9093-4b05602f06eb - - - - - -] OVN reports status down for port: 4fe4f3e2-8bb6-43f1-8cf7-829ce4cd4775
2026-05-05 18:22:35.139 10 INFO neutron.wsgi [req-992645c5-2e5b-4d97-90f1-59de694c2dd8 req-b821aa95-2f60-428f-9c83-78e6cf2f4376 c1f1f8ad1e5e4184a11789a169b0ca8c 1a7e076ba42e4e638453506bf4567b28 - - default default] 10.0.0.191 "GET /v2.0/security-groups?id=9897b8cd-b953-487e-9b6e-9ad3ead9a54e&fields=id&fields=name HTTP/1.1" status: 200 len: 313 time: 0.0687385
2026-05-05 18:22:35.325 9 INFO neutron.db.l3_db [None req-02786055-6944-480e-9a36-25bce3a9c477 f77a43963ad349a29b644f45804323c8 523e80a437f2464bacaf4648c5c169c5 - - - -] Floating IP 6eb8c861-96a3-4ea2-b9f8-2d656e2d27af associated. External IP: 10.96.250.215, port: 31887b19-1a5e-4476-9782-38a1a9695163.
2026-05-05 18:22:35.346 9 INFO neutron.notifiers.nova [-] Nova event matching ['req-ef3ee453-dfff-49fc-a533-c8cc3d78073b'] response: {'server_uuid': '0f4815de-bd59-4ac0-ac8b-ac3151f794c2', 'name': 'network-vif-unplugged', 'status': 'completed', 'tag': '4fe4f3e2-8bb6-43f1-8cf7-829ce4cd4775', 'code': 200}
2026-05-05 18:22:35.487 10 INFO neutron.wsgi [req-13c2e8b7-3793-4381-95e3-effa71da1960 req-e1eff121-105f-444f-828f-ccc731cb0970 c1f1f8ad1e5e4184a11789a169b0ca8c 1a7e076ba42e4e638453506bf4567b28 - - default default] 199.19.213.140 "GET /v2.0/ports?device_id=0f4815de-bd59-4ac0-ac8b-ac3151f794c2 HTTP/1.1" status: 200 len: 1168 time: 0.1112902
2026-05-05 18:22:35.539 9 INFO neutron.db.ovn_revision_numbers_db [None req-02786055-6944-480e-9a36-25bce3a9c477 f77a43963ad349a29b644f45804323c8 523e80a437f2464bacaf4648c5c169c5 - - - -] Successfully bumped revision number for resource 6eb8c861-96a3-4ea2-b9f8-2d656e2d27af (type: floatingips) to 2
2026-05-05 18:22:35.560 9 INFO neutron.db.ovn_revision_numbers_db [None req-f0a85cf2-73d7-417c-9093-4b05602f06eb - - - - - -] Successfully bumped revision number for resource 4fe4f3e2-8bb6-43f1-8cf7-829ce4cd4775 (type: ports) to 7
2026-05-05 18:22:35.591 10 WARNING neutron.scheduler.dhcp_agent_scheduler [None req-d4179c44-182e-4260-ba69-f88231196106 0b14b58a11c7450988da3dcd3a66c133 a43616b0c9c04e6c9b2f5c5139d50744 - - - -] No more DHCP agents
2026-05-05 18:22:35.593 10 WARNING neutron.api.rpc.agentnotifiers.dhcp_rpc_agent_api [None req-d4179c44-182e-4260-ba69-f88231196106 0b14b58a11c7450988da3dcd3a66c133 a43616b0c9c04e6c9b2f5c5139d50744 - - - -] Unable to schedule network 732d28ec-5654-4a0b-9d22-f70b8a8d3d40: no agents available; will retry on subsequent port and subnet creation events.
2026-05-05 18:22:35.674 9 INFO neutron.db.ovn_revision_numbers_db [None req-02786055-6944-480e-9a36-25bce3a9c477 f77a43963ad349a29b644f45804323c8 523e80a437f2464bacaf4648c5c169c5 - - - -] Successfully bumped revision number for resource 6eb8c861-96a3-4ea2-b9f8-2d656e2d27af (type: floatingips) to 3
2026-05-05 18:22:35.717 9 INFO neutron.wsgi [None req-02786055-6944-480e-9a36-25bce3a9c477 f77a43963ad349a29b644f45804323c8 523e80a437f2464bacaf4648c5c169c5 - - - -] 10.0.0.159 "PUT /v2.0/floatingips/6eb8c861-96a3-4ea2-b9f8-2d656e2d27af HTTP/1.1" status: 200 len: 1037 time: 0.9806068 /var/lib/openstack/lib/python3.10/site-packages/pycadf/identifier.py:71: UserWarning: Invalid uuid: neutron. To ensure interoperability, identifiers should be a valid uuid. warnings.warn(('Invalid uuid: %s. To ensure interoperability, '
2026-05-05 18:22:35.892 9 INFO neutron.db.l3_db [None req-4dc586a2-f466-4431-a705-3adb983d4122 f77a43963ad349a29b644f45804323c8 523e80a437f2464bacaf4648c5c169c5 - - - -] Floating IP 6eb8c861-96a3-4ea2-b9f8-2d656e2d27af disassociated. External IP: 10.96.250.215, port: d4e0f4e7-03d7-4997-aa04-d1a15b6669b6.
2026-05-05 18:22:35.914 9 INFO neutron.db.ovn_revision_numbers_db [None req-4dc586a2-f466-4431-a705-3adb983d4122 f77a43963ad349a29b644f45804323c8 523e80a437f2464bacaf4648c5c169c5 - - - -] Successfully bumped revision number for resource 6eb8c861-96a3-4ea2-b9f8-2d656e2d27af (type: floatingips) to 4
2026-05-05 18:22:36.005 9 INFO neutron.wsgi [req-7ae1be7e-a343-4e92-b70f-582a4eedbae3 req-d7861cd3-4ec0-4db8-aeb5-213337d2051d 44e38bcf3e2e4be2ad10580fff5ac83f a6fe8d98f3094f7886a2a2f5b0885d05 - - 4bf83d4858b5484d8f5c80b2b7877723 4bf83d4858b5484d8f5c80b2b7877723] 10.0.0.87 "GET /v2.0/ports?device_id=7065267b-173c-4196-9023-868ce2f2356c HTTP/1.1" status: 200 len: 1361 time: 0.1741261
2026-05-05 18:22:36.009 9 INFO neutron.wsgi [None req-4dc586a2-f466-4431-a705-3adb983d4122 f77a43963ad349a29b644f45804323c8 523e80a437f2464bacaf4648c5c169c5 - - - -] 10.0.0.159 "PUT /v2.0/floatingips/6eb8c861-96a3-4ea2-b9f8-2d656e2d27af HTTP/1.1" status: 200 len: 748 time: 0.2840078
2026-05-05 18:22:36.067 9 INFO neutron.wsgi [req-7ae1be7e-a343-4e92-b70f-582a4eedbae3 req-14b1985d-3154-43b1-9dbc-ea8fe5f093a1 44e38bcf3e2e4be2ad10580fff5ac83f a6fe8d98f3094f7886a2a2f5b0885d05 - - 4bf83d4858b5484d8f5c80b2b7877723 4bf83d4858b5484d8f5c80b2b7877723] 10.0.0.87 "GET /v2.0/security-groups?id=d2a12f95-26bd-4457-b36f-756943d1a270&fields=id&fields=name HTTP/1.1" status: 200 len: 312 time: 0.0561790
2026-05-05 18:22:36.137 10 INFO neutron.wsgi [req-30227710-2574-4bf6-afe5-1b115d85d170 req-e6302287-4e91-41cb-8ccf-f1073d2a945b 44e38bcf3e2e4be2ad10580fff5ac83f a6fe8d98f3094f7886a2a2f5b0885d05 - - 4bf83d4858b5484d8f5c80b2b7877723 4bf83d4858b5484d8f5c80b2b7877723] 199.19.213.140 "GET /v2.0/ports?device_id=7065267b-173c-4196-9023-868ce2f2356c&fields=binding%3Ahost_id&fields=binding%3Avif_type HTTP/1.1" status: 200 len: 265 time: 0.4444468
2026-05-05 18:22:36.257 10 INFO neutron.db.ovn_revision_numbers_db [None req-d4179c44-182e-4260-ba69-f88231196106 0b14b58a11c7450988da3dcd3a66c133 a43616b0c9c04e6c9b2f5c5139d50744 - - - -] Successfully bumped revision number for resource 4b9293ed-111d-4c57-a16d-1107304b47d0 (type: ports) to 1
2026-05-05 18:22:36.286 10 INFO neutron.wsgi [req-30227710-2574-4bf6-afe5-1b115d85d170 req-74e1d323-b2e1-4bb3-ab36-c5b6f11b8793 44e38bcf3e2e4be2ad10580fff5ac83f a6fe8d98f3094f7886a2a2f5b0885d05 - - 4bf83d4858b5484d8f5c80b2b7877723 4bf83d4858b5484d8f5c80b2b7877723] 199.19.213.140 "GET /v2.0/ports?tenant_id=8996ab83b24a44d1b54d22a9e0bdeedc&device_id=7065267b-173c-4196-9023-868ce2f2356c HTTP/1.1" status: 200 len: 1361 time: 0.0875046
2026-05-05 18:22:36.293 10 INFO neutron.wsgi [req-a76bee7c-0e0c-411a-9f28-314433ff51bf req-30a03c8d-f13d-45f4-b879-557d6df2b9d0 c1f1f8ad1e5e4184a11789a169b0ca8c 1a7e076ba42e4e638453506bf4567b28 - - default default] 10.0.0.191 "GET /v2.0/ports?device_id=0f4815de-bd59-4ac0-ac8b-ac3151f794c2 HTTP/1.1" status: 200 len: 1168 time: 0.0799289
2026-05-05 18:22:36.367 9 INFO neutron.wsgi [None req-bfc90e36-6abf-4980-8cc2-fe5554272621 f77a43963ad349a29b644f45804323c8 523e80a437f2464bacaf4648c5c169c5 - - - -] 10.0.0.159 "DELETE /v2.0/floatingips/6eb8c861-96a3-4ea2-b9f8-2d656e2d27af HTTP/1.1" status: 204 len: 168 time: 0.3498561
2026-05-05 18:22:36.400 9 INFO neutron.api.v2.resource [None req-4d9e48f3-3172-4244-a90b-4c3001cb73c9 f77a43963ad349a29b644f45804323c8 523e80a437f2464bacaf4648c5c169c5 - - - -] delete failed (client error): The resource could not be found.
2026-05-05 18:22:36.401 9 INFO neutron.wsgi [None req-4d9e48f3-3172-4244-a90b-4c3001cb73c9 f77a43963ad349a29b644f45804323c8 523e80a437f2464bacaf4648c5c169c5 - - - -] 10.0.0.159 "DELETE /v2.0/floatingips/6eb8c861-96a3-4ea2-b9f8-2d656e2d27af HTTP/1.1" status: 404 len: 345 time: 0.0265429
2026-05-05 18:22:36.402 10 INFO neutron.db.l3_db [None req-9a02989e-f759-4edd-8daa-25d7647b7ae2 c1f1f8ad1e5e4184a11789a169b0ca8c 1a7e076ba42e4e638453506bf4567b28 - - - -] Floating IP 7e1d0f24-651b-4845-a3cb-433c64a4480c disassociated. External IP: 10.96.250.208, port: 4fe4f3e2-8bb6-43f1-8cf7-829ce4cd4775.
2026-05-05 18:22:36.433 10 INFO neutron.wsgi [req-a76bee7c-0e0c-411a-9f28-314433ff51bf req-629fcfbb-3284-47b0-8528-df4c22263422 c1f1f8ad1e5e4184a11789a169b0ca8c 1a7e076ba42e4e638453506bf4567b28 - - default default] 10.0.0.191 "GET /v2.0/security-groups?id=9897b8cd-b953-487e-9b6e-9ad3ead9a54e&fields=id&fields=name HTTP/1.1" status: 200 len: 313 time: 0.1182172 /var/lib/openstack/lib/python3.10/site-packages/pycadf/identifier.py:71: UserWarning: Invalid uuid: neutron. To ensure interoperability, identifiers should be a valid uuid. warnings.warn(('Invalid uuid: %s. To ensure interoperability, '
2026-05-05 18:22:36.485 10 INFO neutron.wsgi [req-30227710-2574-4bf6-afe5-1b115d85d170 req-8b785de2-551c-4f92-b703-7ebdd5e5be75 44e38bcf3e2e4be2ad10580fff5ac83f a6fe8d98f3094f7886a2a2f5b0885d05 - - 4bf83d4858b5484d8f5c80b2b7877723 4bf83d4858b5484d8f5c80b2b7877723] 199.19.213.140 "GET /v2.0/networks?id=fc59eb33-df22-4c3a-ade1-5837876efe00 HTTP/1.1" status: 200 len: 973 time: 0.1700640
2026-05-05 18:22:36.561 10 INFO neutron.wsgi [req-30227710-2574-4bf6-afe5-1b115d85d170 req-cd9c6825-21d4-40b2-9a10-d533f14099da 44e38bcf3e2e4be2ad10580fff5ac83f a6fe8d98f3094f7886a2a2f5b0885d05 - - 4bf83d4858b5484d8f5c80b2b7877723 4bf83d4858b5484d8f5c80b2b7877723] 199.19.213.140 "GET /v2.0/floatingips?fixed_ip_address=10.100.0.9&port_id=7bffdb56-15ca-41e6-b73b-20cecd1e97fd HTTP/1.1" status: 200 len: 1059 time: 0.0629406
2026-05-05 18:22:36.626 10 INFO neutron.wsgi [req-30227710-2574-4bf6-afe5-1b115d85d170 req-ca603afd-e730-4f57-baa8-c7fb38a9cb45 44e38bcf3e2e4be2ad10580fff5ac83f a6fe8d98f3094f7886a2a2f5b0885d05 - - 4bf83d4858b5484d8f5c80b2b7877723 4bf83d4858b5484d8f5c80b2b7877723] 199.19.213.140 "GET /v2.0/subnets?id=d9e1dd1a-9441-471b-8f81-e7c0b7bdc2ee HTTP/1.1" status: 200 len: 868 time: 0.0522189
2026-05-05 18:22:36.655 10 INFO neutron.wsgi [req-30227710-2574-4bf6-afe5-1b115d85d170 req-8ca52c2c-7383-4b26-ac57-e26cd8148713 44e38bcf3e2e4be2ad10580fff5ac83f a6fe8d98f3094f7886a2a2f5b0885d05 - - 4bf83d4858b5484d8f5c80b2b7877723 4bf83d4858b5484d8f5c80b2b7877723] 199.19.213.140 "GET /v2.0/ports?network_id=fc59eb33-df22-4c3a-ade1-5837876efe00&device_owner=network%3Adhcp HTTP/1.1" status: 200 len: 210 time: 0.0207646
2026-05-05 18:22:36.765 10 INFO neutron.wsgi [req-30227710-2574-4bf6-afe5-1b115d85d170 req-6ff05a43-3c88-4f9a-8009-35ac155d40af 44e38bcf3e2e4be2ad10580fff5ac83f a6fe8d98f3094f7886a2a2f5b0885d05 - - 4bf83d4858b5484d8f5c80b2b7877723 4bf83d4858b5484d8f5c80b2b7877723] 199.19.213.140 "GET /v2.0/networks/fc59eb33-df22-4c3a-ade1-5837876efe00?fields=segments HTTP/1.1" status: 200 len: 212 time: 0.0928094
2026-05-05 18:22:36.895 10 INFO neutron.wsgi [None req-9a02989e-f759-4edd-8daa-25d7647b7ae2 c1f1f8ad1e5e4184a11789a169b0ca8c 1a7e076ba42e4e638453506bf4567b28 - - - -] 199.19.213.140 "DELETE /v2.0/ports/4fe4f3e2-8bb6-43f1-8cf7-829ce4cd4775 HTTP/1.1" status: 204 len: 173 time: 1.4005864
2026-05-05 18:22:36.934 10 INFO neutron.wsgi [req-30227710-2574-4bf6-afe5-1b115d85d170 req-b2f80e62-8a56-44a3-a169-5e51fdb1405c 44e38bcf3e2e4be2ad10580fff5ac83f a6fe8d98f3094f7886a2a2f5b0885d05 - - 4bf83d4858b5484d8f5c80b2b7877723 4bf83d4858b5484d8f5c80b2b7877723] 199.19.213.140 "GET /v2.0/networks/fc59eb33-df22-4c3a-ade1-5837876efe00?fields=provider%3Aphysical_network&fields=provider%3Anetwork_type HTTP/1.1" status: 200 len: 277 time: 0.1514702
2026-05-05 18:22:36.940 10 INFO neutron.notifiers.nova [-] Nova event matching ['req-0efd1e5f-1334-42c1-afe9-2ab9a9addbf3'] response: {'server_uuid': '0f4815de-bd59-4ac0-ac8b-ac3151f794c2', 'name': 'network-vif-deleted', 'tag': '4fe4f3e2-8bb6-43f1-8cf7-829ce4cd4775', 'status': 'completed', 'code': 200}
2026-05-05 18:22:37.044 9 INFO neutron.wsgi [None req-62554d12-1d0f-4cca-9b8d-44c8df09e69f f77a43963ad349a29b644f45804323c8 523e80a437f2464bacaf4648c5c169c5 - - - -] 10.0.0.159 "DELETE /v2.0/ports/d4e0f4e7-03d7-4997-aa04-d1a15b6669b6 HTTP/1.1" status: 204 len: 168 time: 0.6325831
2026-05-05 18:22:37.219 10 INFO neutron.db.ovn_revision_numbers_db [None req-d4179c44-182e-4260-ba69-f88231196106 0b14b58a11c7450988da3dcd3a66c133 a43616b0c9c04e6c9b2f5c5139d50744 - - - -] Successfully bumped revision number for resource 4b9293ed-111d-4c57-a16d-1107304b47d0 (type: router_ports) to 1
2026-05-05 18:22:37.221 9 INFO neutron.plugins.ml2.drivers.ovn.mech_driver.mech_driver [None req-f0a85cf2-73d7-417c-9093-4b05602f06eb - - - - - -] OVN reports status up for port: 4b9293ed-111d-4c57-a16d-1107304b47d0
2026-05-05 18:22:37.222 9 INFO neutron.plugins.ml2.drivers.ovn.mech_driver.ovsdb.ovsdb_monitor [None req-3d2270e3-d4a3-474e-ae11-a21b5388b0df - - - - - -] Router eb15462a-5731-4799-9f7a-622c9b8c2832 is bound to host instance
2026-05-05 18:22:37.263 9 INFO neutron.plugins.ml2.plugin [None req-f0a85cf2-73d7-417c-9093-4b05602f06eb - - - - - -] Attempt 1 to provision port 4b9293ed-111d-4c57-a16d-1107304b47d0
2026-05-05 18:22:37.305 10 INFO neutron.db.ovn_revision_numbers_db [None req-d4179c44-182e-4260-ba69-f88231196106 0b14b58a11c7450988da3dcd3a66c133 a43616b0c9c04e6c9b2f5c5139d50744 - - - -] Successfully bumped revision number for resource eb15462a-5731-4799-9f7a-622c9b8c2832 (type: routers) to 3
2026-05-05 18:22:37.324 10 INFO neutron.wsgi [None req-d4179c44-182e-4260-ba69-f88231196106 0b14b58a11c7450988da3dcd3a66c133 a43616b0c9c04e6c9b2f5c5139d50744 - - - -] 10.0.0.159 "POST /v2.0/routers HTTP/1.1" status: 201 len: 870 time: 2.4047821
2026-05-05 18:22:37.401 9 INFO neutron.notifiers.nova [-] Nova event matching ['req-06ba43f7-bdb6-4129-8829-9fe8ac5df14c'] response: {'server_uuid': '0f4815de-bd59-4ac0-ac8b-ac3151f794c2', 'name': 'network-vif-plugged', 'status': 'completed', 'tag': '4fe4f3e2-8bb6-43f1-8cf7-829ce4cd4775', 'code': 200}
2026-05-05 18:22:37.974 9 INFO neutron.wsgi [None req-34d27bd1-39e3-4506-b40b-149ba48606dc f77a43963ad349a29b644f45804323c8 523e80a437f2464bacaf4648c5c169c5 - - - -] 10.0.0.159 "DELETE /v2.0/ports/31887b19-1a5e-4476-9782-38a1a9695163 HTTP/1.1" status: 204 len: 168 time: 0.9161296
2026-05-05 18:22:38.030 9 INFO neutron.wsgi [None req-59ddf9fb-2749-46f2-bb50-44ce06f1a4b4 c1f1f8ad1e5e4184a11789a169b0ca8c 1a7e076ba42e4e638453506bf4567b28 - - - -] 10.0.0.159 "DELETE /v2.0/security-groups/9897b8cd-b953-487e-9b6e-9ad3ead9a54e HTTP/1.1" status: 204 len: 168 time: 0.5023196
2026-05-05 18:22:38.058 10 INFO neutron.api.v2.resource [None req-3e449fa1-b41b-4a2c-a381-f1606ea25e05 c1f1f8ad1e5e4184a11789a169b0ca8c 1a7e076ba42e4e638453506bf4567b28 - - default default] show failed (client error): The resource could not be found.
2026-05-05 18:22:38.060 10 INFO neutron.wsgi [None req-3e449fa1-b41b-4a2c-a381-f1606ea25e05 c1f1f8ad1e5e4184a11789a169b0ca8c 1a7e076ba42e4e638453506bf4567b28 - - default default] 10.0.0.159 "GET /v2.0/security-groups/9897b8cd-b953-487e-9b6e-9ad3ead9a54e HTTP/1.1" status: 404 len: 347 time: 0.0195651
2026-05-05 18:22:38.105 10 WARNING neutron.scheduler.dhcp_agent_scheduler [None req-a7a1d539-6f25-487b-9570-a9cf521582b5 0b14b58a11c7450988da3dcd3a66c133 a43616b0c9c04e6c9b2f5c5139d50744 - - default default] No more DHCP agents
2026-05-05 18:22:38.109 10 INFO neutron.wsgi [None req-908a003e-597e-4c12-8f31-27b455df5ba8 f77a43963ad349a29b644f45804323c8 523e80a437f2464bacaf4648c5c169c5 - - default default] 10.0.0.159 "GET /v2.0/ports?device_id=02ec67e5-043e-4d1b-9f73-eae5e76053f9 HTTP/1.1" status: 200 len: 1140 time: 0.1302423
2026-05-05 18:22:38.110 10 WARNING neutron.api.rpc.agentnotifiers.dhcp_rpc_agent_api [None req-a7a1d539-6f25-487b-9570-a9cf521582b5 0b14b58a11c7450988da3dcd3a66c133 a43616b0c9c04e6c9b2f5c5139d50744 - - default default] Unable to schedule network 4dde8ee5-28de-4446-b597-3ca1d086a500: no agents available; will retry on subsequent port and subnet creation events.
2026-05-05 18:22:38.251 9 INFO neutron.db.ovn_revision_numbers_db [None req-3d2270e3-d4a3-474e-ae11-a21b5388b0df - - - - - -] Successfully bumped revision number for resource 4b9293ed-111d-4c57-a16d-1107304b47d0 (type: ports) to 1
2026-05-05 18:22:38.337 10 INFO neutron.db.ovn_revision_numbers_db [None req-a7a1d539-6f25-487b-9570-a9cf521582b5 0b14b58a11c7450988da3dcd3a66c133 a43616b0c9c04e6c9b2f5c5139d50744 - - default default] Successfully bumped revision number for resource ffcedffa-9f92-4f7a-8863-5904827b9b5f (type: ports) to 1
2026-05-05 18:22:38.536 9 INFO neutron.wsgi [None req-bb620390-4f87-49b9-a248-173b6cd9ba99 c1f1f8ad1e5e4184a11789a169b0ca8c 1a7e076ba42e4e638453506bf4567b28 - - - -] 10.0.0.159 "DELETE /v2.0/floatingips/7e1d0f24-651b-4845-a3cb-433c64a4480c HTTP/1.1" status: 204 len: 168 time: 0.4716651
2026-05-05 18:22:38.586 9 INFO neutron.db.ovn_revision_numbers_db [None req-3d2270e3-d4a3-474e-ae11-a21b5388b0df - - - - - -] Successfully bumped revision number for resource 4b9293ed-111d-4c57-a16d-1107304b47d0 (type: router_ports) to 3
2026-05-05 18:22:38.777 9 INFO neutron.db.ovn_revision_numbers_db [None req-3d2270e3-d4a3-474e-ae11-a21b5388b0df - - - - - -] Successfully bumped revision number for resource 4b9293ed-111d-4c57-a16d-1107304b47d0 (type: ports) to 2
2026-05-05 18:22:38.927 10 WARNING neutron.plugins.ml2.drivers.ovn.mech_driver.ovsdb.ovn_client [None req-c0162481-e94e-465b-9401-2cc8c42cf396 - - - - - -] No port found with ID ae5116a6-33d6-46cd-80a1-9f2c66881fc3: RuntimeError: No port found with ID ae5116a6-33d6-46cd-80a1-9f2c66881fc3
2026-05-05 18:22:39.024 10 INFO neutron.wsgi [req-d2e2a7f5-0708-44a2-8773-db3d2de3cb2f req-b3fe3d18-ff7f-475d-928b-4f360c667523 b251c6d33e234f22b896f3c2af6fa28c 8996ab83b24a44d1b54d22a9e0bdeedc - - default default] 10.0.0.191 "GET /v2.0/ports?device_id=7065267b-173c-4196-9023-868ce2f2356c HTTP/1.1" status: 200 len: 1170 time: 0.2380006 /var/lib/openstack/lib/python3.10/site-packages/pycadf/identifier.py:71: UserWarning: Invalid uuid: neutron. To ensure interoperability, identifiers should be a valid uuid. warnings.warn(('Invalid uuid: %s. To ensure interoperability, '
2026-05-05 18:22:39.053 10 INFO neutron.plugins.ml2.drivers.ovn.mech_driver.mech_driver [None req-c0162481-e94e-465b-9401-2cc8c42cf396 - - - - - -] OVN reports status up for port: ffcedffa-9f92-4f7a-8863-5904827b9b5f
2026-05-05 18:22:39.064 10 INFO neutron.db.ovn_revision_numbers_db [None req-a7a1d539-6f25-487b-9570-a9cf521582b5 0b14b58a11c7450988da3dcd3a66c133 a43616b0c9c04e6c9b2f5c5139d50744 - - default default] Successfully bumped revision number for resource ffcedffa-9f92-4f7a-8863-5904827b9b5f (type: router_ports) to 2
2026-05-05 18:22:39.080 10 INFO neutron.plugins.ml2.plugin [None req-c0162481-e94e-465b-9401-2cc8c42cf396 - - - - - -] Attempt 1 to provision port ffcedffa-9f92-4f7a-8863-5904827b9b5f
2026-05-05 18:22:39.107 9 INFO neutron.db.ovn_revision_numbers_db [None req-3d2270e3-d4a3-474e-ae11-a21b5388b0df - - - - - -] Successfully bumped revision number for resource 4b9293ed-111d-4c57-a16d-1107304b47d0 (type: ports) to 4
2026-05-05 18:22:39.143 10 INFO neutron.wsgi [req-d2e2a7f5-0708-44a2-8773-db3d2de3cb2f req-b81588aa-4f7e-4683-b9af-1e1bcd5028b3 b251c6d33e234f22b896f3c2af6fa28c 8996ab83b24a44d1b54d22a9e0bdeedc - - default default] 10.0.0.191 "GET /v2.0/security-groups?id=d2a12f95-26bd-4457-b36f-756943d1a270&fields=id&fields=name HTTP/1.1" status: 200 len: 312 time: 0.1008379
2026-05-05 18:22:39.680 9 INFO neutron.db.ovn_revision_numbers_db [None req-3d2270e3-d4a3-474e-ae11-a21b5388b0df - - - - - -] Successfully bumped revision number for resource 4b9293ed-111d-4c57-a16d-1107304b47d0 (type: router_ports) to 4
2026-05-05 18:22:39.815 10 INFO neutron.wsgi [req-ba17142c-ded8-4bf5-8b17-6354d7aeb3ed req-0ee3d9f4-0e06-4ff8-8fb9-9acc6a3e332f b251c6d33e234f22b896f3c2af6fa28c 8996ab83b24a44d1b54d22a9e0bdeedc - - default default] 10.0.0.191 "GET /v2.0/ports?device_id=7065267b-173c-4196-9023-868ce2f2356c HTTP/1.1" status: 200 len: 1170 time: 0.0842247
2026-05-05 18:22:39.817 10 INFO neutron.db.ovn_revision_numbers_db [None req-a7a1d539-6f25-487b-9570-a9cf521582b5 0b14b58a11c7450988da3dcd3a66c133 a43616b0c9c04e6c9b2f5c5139d50744 - - default default] Successfully bumped revision number for resource ffcedffa-9f92-4f7a-8863-5904827b9b5f (type: ports) to 2
2026-05-05 18:22:39.822 10 INFO neutron.wsgi [req-2bc45d18-273e-4bf5-8ecc-d71f5a278684 req-6248ce34-cc88-4a21-8e92-58f8202a5224 b251c6d33e234f22b896f3c2af6fa28c 8996ab83b24a44d1b54d22a9e0bdeedc - - default default] 199.19.213.140 "GET /v2.0/ports?device_id=7065267b-173c-4196-9023-868ce2f2356c HTTP/1.1" status: 200 len: 1170 time: 0.0838423
2026-05-05 18:22:39.957 10 INFO neutron.wsgi [req-ba17142c-ded8-4bf5-8b17-6354d7aeb3ed req-d67ad9f2-2f62-420e-9fad-238402b41ae9 b251c6d33e234f22b896f3c2af6fa28c 8996ab83b24a44d1b54d22a9e0bdeedc - - default default] 10.0.0.191 "GET /v2.0/security-groups?id=d2a12f95-26bd-4457-b36f-756943d1a270&fields=id&fields=name HTTP/1.1" status: 200 len: 312 time: 0.1228647
2026-05-05 18:22:40.031 10 WARNING neutron.scheduler.dhcp_agent_scheduler [None req-a7a1d539-6f25-487b-9570-a9cf521582b5 0b14b58a11c7450988da3dcd3a66c133 a43616b0c9c04e6c9b2f5c5139d50744 - - default default] No more DHCP agents
2026-05-05 18:22:40.034 10 WARNING neutron.api.rpc.agentnotifiers.dhcp_rpc_agent_api [None req-a7a1d539-6f25-487b-9570-a9cf521582b5 0b14b58a11c7450988da3dcd3a66c133 a43616b0c9c04e6c9b2f5c5139d50744 - - default default] Unable to schedule network 4dde8ee5-28de-4446-b597-3ca1d086a500: no agents available; will retry on subsequent port and subnet creation events.
2026-05-05 18:22:40.066 9 INFO neutron.wsgi [-] 10.0.0.183 "GET / HTTP/1.1" status: 200 len: 247 time: 0.0017686
2026-05-05 18:22:40.068 9 INFO neutron.wsgi [-] 10.0.0.183 "GET / HTTP/1.1" status: 200 len: 247 time: 0.0008829
2026-05-05 18:22:40.069 10 INFO neutron.db.ovn_revision_numbers_db [None req-c0162481-e94e-465b-9401-2cc8c42cf396 - - - - - -] Successfully bumped revision number for resource ffcedffa-9f92-4f7a-8863-5904827b9b5f (type: ports) to 3
2026-05-05 18:22:40.114 10 INFO neutron.wsgi [None req-60717e93-11b4-46eb-b2cc-0e308a5cfb1a f77a43963ad349a29b644f45804323c8 523e80a437f2464bacaf4648c5c169c5 - - - -] 10.0.0.159 "PUT /v2.0/routers/02ec67e5-043e-4d1b-9f73-eae5e76053f9/remove_router_interface HTTP/1.1" status: 200 len: 503 time: 1.9940600
2026-05-05 18:22:40.211 9 INFO neutron.plugins.ml2.drivers.ovn.mech_driver.mech_driver [None req-f0a85cf2-73d7-417c-9093-4b05602f06eb - - - - - -] OVN reports status down for port: 7bffdb56-15ca-41e6-b73b-20cecd1e97fd
2026-05-05 18:22:40.323 10 INFO neutron.db.ovn_revision_numbers_db [None req-c0162481-e94e-465b-9401-2cc8c42cf396 - - - - - -] Successfully bumped revision number for resource ffcedffa-9f92-4f7a-8863-5904827b9b5f (type: router_ports) to 3
2026-05-05 18:22:40.439 9 INFO neutron.notifiers.nova [-] Nova event matching ['req-30b17704-6203-4227-ab90-0ba28ed5ad9a'] response: {'server_uuid': '7065267b-173c-4196-9023-868ce2f2356c', 'name': 'network-vif-unplugged', 'status': 'completed', 'tag': '7bffdb56-15ca-41e6-b73b-20cecd1e97fd', 'code': 200}
2026-05-05 18:22:40.526 10 INFO neutron.db.l3_db [None req-c6cccc99-b08f-460a-9398-0778dd32df0f b251c6d33e234f22b896f3c2af6fa28c 8996ab83b24a44d1b54d22a9e0bdeedc - - - -] Floating IP d85929e4-a64d-4e09-a2fe-5221168b1c0d disassociated. External IP: 10.96.250.210, port: 7bffdb56-15ca-41e6-b73b-20cecd1e97fd.
2026-05-05 18:22:40.807 10 INFO neutron.wsgi [None req-c6cccc99-b08f-460a-9398-0778dd32df0f b251c6d33e234f22b896f3c2af6fa28c 8996ab83b24a44d1b54d22a9e0bdeedc - - - -] 199.19.213.140 "DELETE /v2.0/ports/7bffdb56-15ca-41e6-b73b-20cecd1e97fd HTTP/1.1" status: 204 len: 173 time: 0.9705434
2026-05-05 18:22:40.861 10 INFO neutron.notifiers.nova [-] Nova event matching ['req-2d4c668d-90d2-43ce-83dd-c1d3dc357565'] response: {'server_uuid': '7065267b-173c-4196-9023-868ce2f2356c', 'name': 'network-vif-deleted', 'tag': '7bffdb56-15ca-41e6-b73b-20cecd1e97fd', 'status': 'completed', 'code': 200}
2026-05-05 18:22:40.967 9 INFO neutron.wsgi [None req-35decd39-86d7-4865-8db1-7702630b8274 0b14b58a11c7450988da3dcd3a66c133 a43616b0c9c04e6c9b2f5c5139d50744 - - - -] 10.0.0.159 "PUT /v2.0/routers/dd779cc4-7ec3-4f5a-8827-27697e832563/remove_router_interface HTTP/1.1" status: 200 len: 503 time: 2.3501561 /var/lib/openstack/lib/python3.10/site-packages/pycadf/identifier.py:71: UserWarning: Invalid uuid: neutron. To ensure interoperability, identifiers should be a valid uuid. warnings.warn(('Invalid uuid: %s. To ensure interoperability, '
2026-05-05 18:22:40.986 9 ERROR neutron.plugins.ml2.managers [None req-f0a85cf2-73d7-417c-9093-4b05602f06eb - - - - - -] Mechanism driver 'ovn' failed in update_port_postcommit: ovsdbapp.backend.ovs_idl.idlutils.RowNotFound: Cannot find Logical_Switch_Port with name=7bffdb56-15ca-41e6-b73b-20cecd1e97fd
2026-05-05 18:22:40.986 9 ERROR neutron.plugins.ml2.managers
Traceback (most recent call last):
2026-05-05 18:22:40.986 9 ERROR neutron.plugins.ml2.managers
File "/var/lib/openstack/lib/python3.10/site-packages/neutron/plugins/ml2/managers.py", line 497, in _call_on_drivers
2026-05-05 18:22:40.986 9 ERROR neutron.plugins.ml2.managers getattr(driver.obj, method_name)(context)
2026-05-05 18:22:40.986 9 ERROR neutron.plugins.ml2.managers
File "/var/lib/openstack/lib/python3.10/site-packages/neutron/plugins/ml2/drivers/ovn/mech_driver/mech_driver.py", line 874, in update_port_postcommit
2026-05-05 18:22:40.986 9 ERROR neutron.plugins.ml2.managers self._ovn_update_port(context._plugin_context, port, original_port,
2026-05-05 18:22:40.986 9 ERROR neutron.plugins.ml2.managers
File "/var/lib/openstack/lib/python3.10/site-packages/neutron/plugins/ml2/drivers/ovn/mech_driver/mech_driver.py", line 757, in _ovn_update_port
2026-05-05 18:22:40.986 9 ERROR neutron.plugins.ml2.managers self._ovn_client.update_port(plugin_context, port,
2026-05-05 18:22:40.986 9 ERROR neutron.plugins.ml2.managers
File "/var/lib/openstack/lib/python3.10/site-packages/neutron/plugins/ml2/drivers/ovn/mech_driver/ovsdb/ovn_client.py", line 813, in update_port
2026-05-05 18:22:40.986 9 ERROR neutron.plugins.ml2.managers ovn_port = self._nb_idl.lookup('Logical_Switch_Port', port['id'])
2026-05-05 18:22:40.986 9 ERROR neutron.plugins.ml2.managers
File "/var/lib/openstack/lib/python3.10/site-packages/ovsdbapp/backend/ovs_idl/__init__.py", line 181, in lookup
2026-05-05 18:22:40.986 9 ERROR neutron.plugins.ml2.managers return self._lookup(table, record)
2026-05-05 18:22:40.986 9 ERROR neutron.plugins.ml2.managers
File "/var/lib/openstack/lib/python3.10/site-packages/ovsdbapp/backend/ovs_idl/__init__.py", line 228, in _lookup
2026-05-05 18:22:40.986 9 ERROR neutron.plugins.ml2.managers row = idlutils.row_by_value(self, rl.table, rl.column, record)
2026-05-05 18:22:40.986 9 ERROR neutron.plugins.ml2.managers
File "/var/lib/openstack/lib/python3.10/site-packages/ovsdbapp/backend/ovs_idl/idlutils.py", line 114, in row_by_value
2026-05-05 18:22:40.986 9 ERROR neutron.plugins.ml2.managers raise RowNotFound(table=table, col=column, match=match)
2026-05-05 18:22:40.986 9 ERROR neutron.plugins.ml2.managers ovsdbapp.backend.ovs_idl.idlutils.RowNotFound: Cannot find Logical_Switch_Port with name=7bffdb56-15ca-41e6-b73b-20cecd1e97fd
2026-05-05 18:22:40.986 9 ERROR neutron.plugins.ml2.managers  /var/lib/openstack/lib/python3.10/site-packages/pycadf/identifier.py:71: UserWarning: Invalid uuid: neutron. To ensure interoperability, identifiers should be a valid uuid. warnings.warn(('Invalid uuid: %s. To ensure interoperability, '
2026-05-05 18:22:41.079 10 INFO neutron.wsgi [req-7a343f32-e5fe-4dcb-ab7f-9f35cd92dbfd req-d77c3203-d429-4ad5-b2f4-e4c55fd89fef b251c6d33e234f22b896f3c2af6fa28c 8996ab83b24a44d1b54d22a9e0bdeedc - - default default] 10.0.0.191 "GET /v2.0/ports?device_id=7065267b-173c-4196-9023-868ce2f2356c HTTP/1.1" status: 200 len: 210 time: 0.0420496
2026-05-05 18:22:41.148 10 INFO neutron.db.ovn_revision_numbers_db [None req-a7a1d539-6f25-487b-9570-a9cf521582b5 0b14b58a11c7450988da3dcd3a66c133 a43616b0c9c04e6c9b2f5c5139d50744 - - - -] Successfully bumped revision number for resource ffcedffa-9f92-4f7a-8863-5904827b9b5f (type: router_ports) to 3
2026-05-05 18:22:41.152 10 INFO neutron.wsgi [None req-a7a1d539-6f25-487b-9570-a9cf521582b5 0b14b58a11c7450988da3dcd3a66c133 a43616b0c9c04e6c9b2f5c5139d50744 - - - -] 10.0.0.159 "PUT /v2.0/routers/eb15462a-5731-4799-9f7a-622c9b8c2832/add_router_interface HTTP/1.1" status: 200 len: 503 time: 3.8225873
2026-05-05 18:22:41.570 9 INFO neutron.wsgi [None req-77d1e9ad-01e1-4836-8ec6-a251120371b3 f77a43963ad349a29b644f45804323c8 523e80a437f2464bacaf4648c5c169c5 - - - -] 10.0.0.159 "DELETE /v2.0/routers/02ec67e5-043e-4d1b-9f73-eae5e76053f9 HTTP/1.1" status: 204 len: 168 time: 1.4351728 /var/lib/openstack/lib/python3.10/site-packages/pycadf/identifier.py:71: UserWarning: Invalid uuid: neutron. To ensure interoperability, identifiers should be a valid uuid. warnings.warn(('Invalid uuid: %s. To ensure interoperability, '
2026-05-05 18:22:41.851 10 INFO neutron.db.ovn_revision_numbers_db [None req-c9a16540-24fb-4df0-b1b1-b92904646233 74565a3e3d3c434f9d6216504a43b958 55fcc133bb3e4d6b971743fe23a2f7f7 - - - -] Successfully bumped revision number for resource 6909395d-0c92-4181-aed1-430b926133e4 (type: security_groups) to 1
2026-05-05 18:22:41.909 9 INFO neutron.wsgi [None req-595d1879-b0ad-4c47-924b-598eeefa4ebd f77a43963ad349a29b644f45804323c8 523e80a437f2464bacaf4648c5c169c5 - - - -] 10.0.0.159 "DELETE /v2.0/subnets/ce716319-1618-49c6-86e0-45b1e840d44c HTTP/1.1" status: 204 len: 168 time: 0.3335347
2026-05-05 18:22:41.920 10 INFO neutron.wsgi [None req-c9a16540-24fb-4df0-b1b1-b92904646233 74565a3e3d3c434f9d6216504a43b958 55fcc133bb3e4d6b971743fe23a2f7f7 - - - -] 10.0.0.159 "POST /v2.0/security-groups HTTP/1.1" status: 201 len: 1795 time: 0.2446268
2026-05-05 18:22:42.001 9 INFO neutron.wsgi [None req-bcdc4545-9cc2-44d2-8050-cc0879234515 0b14b58a11c7450988da3dcd3a66c133 a43616b0c9c04e6c9b2f5c5139d50744 - - - -] 10.0.0.159 "DELETE /v2.0/routers/dd779cc4-7ec3-4f5a-8827-27697e832563 HTTP/1.1" status: 204 len: 168 time: 1.0274765
2026-05-05 18:22:42.062 10 INFO neutron.wsgi [None req-c94cbb07-380f-45eb-944a-d1f49461e8b8 0b14b58a11c7450988da3dcd3a66c133 a43616b0c9c04e6c9b2f5c5139d50744 - - default default] 10.0.0.165 "GET /v2.0/subnets HTTP/1.1" status: 200 len: 3407 time: 0.0964732
2026-05-05 18:22:42.126 10 INFO neutron.wsgi [None req-82c70072-e9c1-4417-b137-b6569ac315ef 0b14b58a11c7450988da3dcd3a66c133 a43616b0c9c04e6c9b2f5c5139d50744 - - default default] 10.0.0.165 "GET /v2.0/ports HTTP/1.1" status: 200 len: 14531 time: 0.0606885
2026-05-05 18:22:42.208 9 INFO neutron.db.ovn_revision_numbers_db [None req-d9c1b1ed-8165-4eee-89e4-cedb2cb53671 74565a3e3d3c434f9d6216504a43b958 55fcc133bb3e4d6b971743fe23a2f7f7 - - - -] Successfully bumped revision number for resource 5b874262-4e43-4c00-9a1e-b1cb6ad1980d (type: security_group_rules) to 0
2026-05-05 18:22:42.344 9 INFO neutron.wsgi [None req-d9c1b1ed-8165-4eee-89e4-cedb2cb53671 74565a3e3d3c434f9d6216504a43b958 55fcc133bb3e4d6b971743fe23a2f7f7 - - - -] 10.0.0.159 "POST /v2.0/security-group-rules HTTP/1.1" status: 201 len: 764 time: 0.4184523
2026-05-05 18:22:42.369 9 INFO neutron.wsgi [None req-eb3cbf36-6129-46b8-a1e3-7efea709306f 0b14b58a11c7450988da3dcd3a66c133 a43616b0c9c04e6c9b2f5c5139d50744 - - - -] 10.0.0.159 "DELETE /v2.0/subnets/7b9913c1-d499-441f-9744-6751a55a0195 HTTP/1.1" status: 204 len: 168 time: 0.3600326
2026-05-05 18:22:42.490 9 INFO neutron.notifiers.nova [-] Nova event matching ['req-70dc5ce3-c5ba-4bb4-989b-30d86fd11e1f'] response: {'server_uuid': '7065267b-173c-4196-9023-868ce2f2356c', 'name': 'network-vif-plugged', 'status': 'completed', 'tag': '7bffdb56-15ca-41e6-b73b-20cecd1e97fd', 'code': 200}
2026-05-05 18:22:42.613 10 INFO neutron.wsgi [None req-96b4f00b-294e-4294-9cd7-01544e89f7e2 0b14b58a11c7450988da3dcd3a66c133 a43616b0c9c04e6c9b2f5c5139d50744 - - default default] 10.0.0.165 "GET /v2.0/routers HTTP/1.1" status: 200 len: 1529 time: 0.4715319
2026-05-05 18:22:42.630 10 INFO neutron.wsgi [None req-39ab4d07-187a-40d5-a390-51f771181060 0b14b58a11c7450988da3dcd3a66c133 a43616b0c9c04e6c9b2f5c5139d50744 - - default default] 10.0.0.165 "GET /v2.0/agents?binary=ovn-controller HTTP/1.1" status: 200 len: 591 time: 0.0160873
2026-05-05 18:22:42.734 10 INFO neutron.wsgi [None req-ff82b1f0-99ca-4742-8d77-7299811eaa67 0b14b58a11c7450988da3dcd3a66c133 a43616b0c9c04e6c9b2f5c5139d50744 - - default default] 10.0.0.165 "GET /v2.0/networks HTTP/1.1" status: 200 len: 5317 time: 0.1019759
2026-05-05 18:22:42.771 10 INFO neutron.wsgi [None req-75a53fe8-07cf-45ce-b833-aaac9ec9e4e3 0b14b58a11c7450988da3dcd3a66c133 a43616b0c9c04e6c9b2f5c5139d50744 - - default default] 10.0.0.165 "GET /v2.0/subnets HTTP/1.1" status: 200 len: 2743 time: 0.0344069
2026-05-05 18:22:42.783 10 INFO neutron.wsgi [None req-36b637df-2d02-4f2b-b941-a9e6244216b7 0b14b58a11c7450988da3dcd3a66c133 a43616b0c9c04e6c9b2f5c5139d50744 - - default default] 10.0.0.165 "GET /v2.0/subnetpools HTTP/1.1" status: 200 len: 193 time: 0.0103381
2026-05-05 18:22:42.815 10 INFO neutron.wsgi [None req-63e7d241-d35c-4773-ab15-b02e22e37923 0b14b58a11c7450988da3dcd3a66c133 a43616b0c9c04e6c9b2f5c5139d50744 - - default default] 10.0.0.165 "GET /v2.0/floatingips HTTP/1.1" status: 200 len: 730 time: 0.0307944
2026-05-05 18:22:42.823 9 INFO neutron.db.ovn_revision_numbers_db [None req-ba2bfb6d-2989-491c-a538-809b046564f2 74565a3e3d3c434f9d6216504a43b958 55fcc133bb3e4d6b971743fe23a2f7f7 - - - -] Successfully bumped revision number for resource 41190a4a-eb82-4c59-9d87-8d8c1863a615 (type: security_group_rules) to 0
2026-05-05 18:22:42.960 10 INFO neutron.wsgi [None req-4451c867-1169-432d-8030-cb928b1a98fe 0b14b58a11c7450988da3dcd3a66c133 a43616b0c9c04e6c9b2f5c5139d50744 - - default default] 10.0.0.165 "GET /v2.0/security-groups HTTP/1.1" status: 200 len: 33400 time: 0.1437254
2026-05-05 18:22:42.979 10 INFO neutron.wsgi [None req-465d0515-b3e7-4fa7-b082-45df8d844d33 0b14b58a11c7450988da3dcd3a66c133 a43616b0c9c04e6c9b2f5c5139d50744 - - default default] 10.0.0.165 "GET /v2.0/agents HTTP/1.1" status: 200 len: 997 time: 0.0130684
2026-05-05 18:22:42.990 10 INFO neutron.wsgi [None req-9cde0772-d135-4af9-b11a-db4737064666 0b14b58a11c7450988da3dcd3a66c133 a43616b0c9c04e6c9b2f5c5139d50744 - - default default] 10.0.0.165 "GET /v2.0/network-ip-availabilities HTTP/1.1" status: 200 len: 2797 time: 0.0095694
2026-05-05 18:22:43.061 9 INFO neutron.wsgi [None req-ba2bfb6d-2989-491c-a538-809b046564f2 74565a3e3d3c434f9d6216504a43b958 55fcc133bb3e4d6b971743fe23a2f7f7 - - - -] 10.0.0.159 "POST /v2.0/security-group-rules HTTP/1.1" status: 201 len: 769 time: 0.6963458
2026-05-05 18:22:43.117 10 INFO neutron.services.segments.plugin [-] Segment 45270a69-37f3-4032-9e5a-37f0b19a1acf resource provider aggregate not found
2026-05-05 18:22:43.122 10 INFO neutron.services.segments.plugin [-] Segment 45270a69-37f3-4032-9e5a-37f0b19a1acf resource provider aggregate not found
2026-05-05 18:22:43.146 10 INFO neutron.wsgi [None req-cbd47baa-194e-4123-8556-ab3d9c8a3488 b251c6d33e234f22b896f3c2af6fa28c 8996ab83b24a44d1b54d22a9e0bdeedc - - - -] 10.0.0.159 "DELETE /v2.0/security-groups/d2a12f95-26bd-4457-b36f-756943d1a270 HTTP/1.1" status: 204 len: 168 time: 0.9316139
2026-05-05 18:22:43.161 10 INFO neutron.api.v2.resource [None req-f278f5eb-41e6-42e2-8d69-837fc0ec593f b251c6d33e234f22b896f3c2af6fa28c 8996ab83b24a44d1b54d22a9e0bdeedc - - default default] show failed (client error): The resource could not be found.
2026-05-05 18:22:43.162 10 INFO neutron.wsgi [None req-f278f5eb-41e6-42e2-8d69-837fc0ec593f b251c6d33e234f22b896f3c2af6fa28c 8996ab83b24a44d1b54d22a9e0bdeedc - - default default] 10.0.0.159 "GET /v2.0/security-groups/d2a12f95-26bd-4457-b36f-756943d1a270 HTTP/1.1" status: 404 len: 347 time: 0.0113447
2026-05-05 18:22:43.194 10 INFO neutron.services.segments.plugin [-] Segment 45270a69-37f3-4032-9e5a-37f0b19a1acf resource provider not found; error: Placement Client Error (4xx): {"errors": [{"status": 404, "title": "Not Found", "detail": "The resource could not be found.\n\n No resource provider with uuid 45270a69-37f3-4032-9e5a-37f0b19a1acf found for delete ", "request_id": "req-28421dca-e694-4763-a2f9-ae49b88ead94"}]}
2026-05-05 18:22:43.196 10 INFO neutron.services.segments.plugin [-] Segment 45270a69-37f3-4032-9e5a-37f0b19a1acf resource provider not found; error: Placement Client Error (4xx): {"errors": [{"status": 404, "title": "Not Found", "detail": "The resource could not be found.\n\n No resource provider with uuid 45270a69-37f3-4032-9e5a-37f0b19a1acf found for delete ", "request_id": "req-db032981-9218-4986-be96-3224bc710887"}]}
2026-05-05 18:22:43.282 9 INFO neutron.services.segments.plugin [-] Segment 160aa5c0-ab0c-468b-aa7a-05c523fe4ba1 resource provider aggregate not found
2026-05-05 18:22:43.293 9 INFO neutron.services.segments.plugin [-] Segment 160aa5c0-ab0c-468b-aa7a-05c523fe4ba1 resource provider aggregate not found
2026-05-05 18:22:43.320 9 INFO neutron.services.segments.plugin [-] Segment 160aa5c0-ab0c-468b-aa7a-05c523fe4ba1 resource provider not found; error: Placement Client Error (4xx): {"errors": [{"status": 404, "title": "Not Found", "detail": "The resource could not be found.\n\n No resource provider with uuid 160aa5c0-ab0c-468b-aa7a-05c523fe4ba1 found for delete ", "request_id": "req-fd89b77e-6786-4e84-9a1b-ea753e96ecb0"}]}
2026-05-05 18:22:43.338 9 INFO neutron.services.segments.plugin [-] Segment 160aa5c0-ab0c-468b-aa7a-05c523fe4ba1 resource provider not found; error: Placement Client Error (4xx): {"errors": [{"status": 404, "title": "Not Found", "detail": "The resource could not be found.\n\n No resource provider with uuid 160aa5c0-ab0c-468b-aa7a-05c523fe4ba1 found for delete ", "request_id": "req-e37d97cf-f0e9-4810-88e8-ae4c5d3daf1f"}]}
