2026-05-05 18:24:07.528 9 INFO neutron.wsgi [None req-30d0651a-ff9d-4591-8c0f-0bfdfebe7c28 790aedc752ca4a62a20e6437bbb06173 0cd60a8f948d436ba383aa035a61c447 - - - -] 10.0.0.159 "DELETE /v2.0/ports/2d885a26-07f7-43bd-8af7-e9d194bb71b5 HTTP/1.1" status: 404 len: 333 time: 0.0236039
2026-05-05 18:24:07.553 9 INFO neutron.pecan_wsgi.hooks.translation [None req-3d3bfa3f-bd42-456d-8a3b-39ede479e9fd 790aedc752ca4a62a20e6437bbb06173 0cd60a8f948d436ba383aa035a61c447 - - - -] DELETE failed (client error): The resource could not be found.
2026-05-05 18:24:07.556 9 INFO neutron.wsgi [None req-3d3bfa3f-bd42-456d-8a3b-39ede479e9fd 790aedc752ca4a62a20e6437bbb06173 0cd60a8f948d436ba383aa035a61c447 - - - -] 10.0.0.159 "DELETE /v2.0/subnets/23d69595-37e4-4dba-9ae4-a6617fd45d49 HTTP/1.1" status: 404 len: 337 time: 0.0227880
2026-05-05 18:24:07.586 10 INFO neutron.pecan_wsgi.hooks.translation [None req-2ced4d13-f38f-4008-a08c-961ffedd5010 790aedc752ca4a62a20e6437bbb06173 0cd60a8f948d436ba383aa035a61c447 - - - -] DELETE failed (client error): The resource could not be found.
2026-05-05 18:24:07.590 10 INFO neutron.wsgi [None req-2ced4d13-f38f-4008-a08c-961ffedd5010 790aedc752ca4a62a20e6437bbb06173 0cd60a8f948d436ba383aa035a61c447 - - - -] 10.0.0.159 "DELETE /v2.0/subnets/39503c67-8bd0-435d-aa37-626fc7928d7e HTTP/1.1" status: 404 len: 337 time: 0.0271869
2026-05-05 18:24:07.633 9 INFO neutron.db.ovn_revision_numbers_db [None req-89e04cae-8f6b-44bd-8622-1f9e7016d72e c33480820573440bb46bd514bb7ec4ff 47a44d41507943e89c9196a66f1d8cd3 - - - -] Successfully bumped revision number for resource b82c2ae6-8489-4659-adba-16c7c7f86461 (type: security_groups) to 1
2026-05-05 18:24:07.654 9 INFO neutron.wsgi [None req-89e04cae-8f6b-44bd-8622-1f9e7016d72e c33480820573440bb46bd514bb7ec4ff 47a44d41507943e89c9196a66f1d8cd3 - - - -] 10.0.0.159 "POST /v2.0/security-groups HTTP/1.1" status: 201 len: 1760 time: 0.1715832
2026-05-05 18:24:07.789 9 INFO neutron.db.ovn_revision_numbers_db [None req-96827a08-653a-4972-a924-77d1ecc1a530 c33480820573440bb46bd514bb7ec4ff 47a44d41507943e89c9196a66f1d8cd3 - - - -] Successfully bumped revision number for resource 0c2e8273-060e-4e7b-a5cf-cfdd7decf9c3 (type: security_group_rules) to 0
2026-05-05 18:24:07.923 9 INFO neutron.wsgi [None req-96827a08-653a-4972-a924-77d1ecc1a530 c33480820573440bb46bd514bb7ec4ff 47a44d41507943e89c9196a66f1d8cd3 - - - -] 10.0.0.159 "POST /v2.0/security-group-rules HTTP/1.1" status: 201 len: 768 time: 0.2639499
2026-05-05 18:24:07.947 9 INFO neutron.wsgi [None req-056c6dd1-90f9-4706-b70a-923ce4c64b0c c33480820573440bb46bd514bb7ec4ff 47a44d41507943e89c9196a66f1d8cd3 - - default default] 10.0.0.159 "GET /v2.0/security-group-rules/0c2e8273-060e-4e7b-a5cf-cfdd7decf9c3 HTTP/1.1" status: 200 len: 763 time: 0.0139086
2026-05-05 18:24:08.017 9 INFO neutron.wsgi [None req-bed34c29-d606-4a7b-aef7-81ce31b47057 c33480820573440bb46bd514bb7ec4ff 47a44d41507943e89c9196a66f1d8cd3 - - default default] 10.0.0.159 "GET /v2.0/security-group-rules HTTP/1.1" status: 200 len: 4113 time: 0.0647101
2026-05-05 18:24:08.146 10 INFO neutron.wsgi [None req-b74080f7-5970-41c5-a5a2-4034eeb4ad14 790aedc752ca4a62a20e6437bbb06173 0cd60a8f948d436ba383aa035a61c447 - - - -] 10.0.0.159 "DELETE /v2.0/ports/11e14366-6162-441a-a929-f93567a298f6 HTTP/1.1" status: 204 len: 168 time: 0.5490649
2026-05-05 18:24:08.320 9 INFO neutron.wsgi [None req-5ef6e809-b45a-4c10-9361-86c9dd0b1887 c33480820573440bb46bd514bb7ec4ff 47a44d41507943e89c9196a66f1d8cd3 - - - -] 10.0.0.159 "DELETE /v2.0/security-group-rules/0c2e8273-060e-4e7b-a5cf-cfdd7decf9c3 HTTP/1.1" status: 204 len: 168 time: 0.2970860
2026-05-05 18:24:08.362 9 INFO neutron.wsgi [None req-64bfb5a6-0ef9-4b37-869d-d09f7a2cff1e c33480820573440bb46bd514bb7ec4ff 47a44d41507943e89c9196a66f1d8cd3 - - default default] 10.0.0.159 "GET /v2.0/security-group-rules HTTP/1.1" status: 200 len: 3567 time: 0.0368571
2026-05-05 18:24:08.652 10 INFO neutron.db.ovn_revision_numbers_db [None req-08483e84-5bde-4e54-bd47-53912f275814 0b14b58a11c7450988da3dcd3a66c133 a43616b0c9c04e6c9b2f5c5139d50744 - - default default] Successfully bumped revision number for resource c0df9eed-edea-4882-9bca-5f2de11df0e3 (type: security_groups) to 1
2026-05-05 18:24:08.678 10 INFO neutron.wsgi [None req-08483e84-5bde-4e54-bd47-53912f275814 0b14b58a11c7450988da3dcd3a66c133 a43616b0c9c04e6c9b2f5c5139d50744 - - default default] 10.0.0.159 "GET /v2.0/security-groups?tenant_id=1e4998f0464143cda0b176c349497498&name=default HTTP/1.1" status: 200 len: 2996 time: 0.6448207
2026-05-05 18:24:08.783 9 INFO neutron.db.ovn_revision_numbers_db [None req-e898c8d2-b1dd-4063-92e1-0d95a1943823 c33480820573440bb46bd514bb7ec4ff 47a44d41507943e89c9196a66f1d8cd3 - - - -] Successfully bumped revision number for resource 073ecef5-5eed-4615-812a-963d223ffb54 (type: security_group_rules) to 0
2026-05-05 18:24:08.826 10 INFO neutron.services.segments.plugin [-] Segment c522a443-7e06-4cce-a91f-9be3e23eee31 resource provider aggregate not found
2026-05-05 18:24:08.831 10 INFO neutron.services.segments.plugin [-] Segment c522a443-7e06-4cce-a91f-9be3e23eee31 resource provider aggregate not found
2026-05-05 18:24:08.850 9 INFO neutron.wsgi [None req-e898c8d2-b1dd-4063-92e1-0d95a1943823 c33480820573440bb46bd514bb7ec4ff 47a44d41507943e89c9196a66f1d8cd3 - - - -] 10.0.0.159 "POST /v2.0/security-group-rules HTTP/1.1" status: 201 len: 768 time: 0.4839220
2026-05-05 18:24:08.883 10 INFO neutron.services.segments.plugin [-] Segment c522a443-7e06-4cce-a91f-9be3e23eee31 resource provider not found; error: Placement Client Error (4xx): {"errors": [{"status": 404, "title": "Not Found", "detail": "The resource could not be found.\n\n No resource provider with uuid c522a443-7e06-4cce-a91f-9be3e23eee31 found for delete ", "request_id": "req-abe36c65-b37c-4331-a1a5-7297f8c4ba95"}]}
2026-05-05 18:24:08.886 10 INFO neutron.services.segments.plugin [-] Segment c522a443-7e06-4cce-a91f-9be3e23eee31 resource provider not found; error: Placement Client Error (4xx): {"errors": [{"status": 404, "title": "Not Found", "detail": "The resource could not be found.\n\n No resource provider with uuid c522a443-7e06-4cce-a91f-9be3e23eee31 found for delete ", "request_id": "req-7a6c0a09-c160-421c-91e4-e433783cd529"}]}
2026-05-05 18:24:08.889 10 INFO neutron.wsgi [None req-1bee762f-0547-45f4-b022-6fc61e844d29 c33480820573440bb46bd514bb7ec4ff 47a44d41507943e89c9196a66f1d8cd3 - - default default] 10.0.0.159 "GET /v2.0/security-group-rules/073ecef5-5eed-4615-812a-963d223ffb54 HTTP/1.1" status: 200 len: 763 time: 0.0315819
2026-05-05 18:24:08.941 10 INFO neutron.wsgi [None req-24e905ba-0965-4dbb-884f-fcc04926e431 c33480820573440bb46bd514bb7ec4ff 47a44d41507943e89c9196a66f1d8cd3 - - default default] 10.0.0.159 "GET /v2.0/security-group-rules HTTP/1.1" status: 200 len: 4113 time: 0.0469627
2026-05-05 18:24:08.948 10 INFO neutron.wsgi [None req-19e3492e-0545-4a7f-a63f-c5a3c6ecdc10 790aedc752ca4a62a20e6437bbb06173 0cd60a8f948d436ba383aa035a61c447 - - - -] 10.0.0.159 "DELETE /v2.0/networks/7dd82517-335b-43cf-aecc-b720237fa88d HTTP/1.1" status: 204 len: 168 time: 0.7971699
2026-05-05 18:24:09.097 10 INFO neutron.wsgi [None req-d5d52d02-40e0-46c1-a61e-47ad7319f1b8 0b14b58a11c7450988da3dcd3a66c133 a43616b0c9c04e6c9b2f5c5139d50744 - - - -] 10.0.0.159 "DELETE /v2.0/security-groups/c0df9eed-edea-4882-9bca-5f2de11df0e3 HTTP/1.1" status: 204 len: 168 time: 0.4129379
2026-05-05 18:24:09.140 9 INFO neutron.wsgi [None req-e58e0633-ec79-4c3f-9450-10afd7f47bdf c33480820573440bb46bd514bb7ec4ff 47a44d41507943e89c9196a66f1d8cd3 - - - -] 10.0.0.159 "DELETE /v2.0/security-group-rules/073ecef5-5eed-4615-812a-963d223ffb54 HTTP/1.1" status: 204 len: 168 time: 0.1909809
2026-05-05 18:24:09.175 9 INFO neutron.wsgi [None req-fad73e6f-0a7f-4869-8581-88e30ba68fc3 c33480820573440bb46bd514bb7ec4ff 47a44d41507943e89c9196a66f1d8cd3 - - default default] 10.0.0.159 "GET /v2.0/security-group-rules HTTP/1.1" status: 200 len: 3567 time: 0.0304549
2026-05-05 18:24:09.465 9 INFO neutron.db.ovn_revision_numbers_db [None req-f92467d0-ff48-47df-820d-1f32f5d55f02 c33480820573440bb46bd514bb7ec4ff 47a44d41507943e89c9196a66f1d8cd3 - - - -] Successfully bumped revision number for resource 1d70b0ec-75f3-48e0-84ee-97a702f15341 (type: security_group_rules) to 0
2026-05-05 18:24:09.565 9 INFO neutron.wsgi [None req-f92467d0-ff48-47df-820d-1f32f5d55f02 c33480820573440bb46bd514bb7ec4ff 47a44d41507943e89c9196a66f1d8cd3 - - - -] 10.0.0.159 "POST /v2.0/security-group-rules HTTP/1.1" status: 201 len: 769 time: 0.3704002
2026-05-05 18:24:09.591 9 INFO neutron.wsgi [None req-b17dad59-ca58-4dc2-a5ca-0ddfaed6ad4f c33480820573440bb46bd514bb7ec4ff 47a44d41507943e89c9196a66f1d8cd3 - - default default] 10.0.0.159 "GET /v2.0/security-group-rules/1d70b0ec-75f3-48e0-84ee-97a702f15341 HTTP/1.1" status: 200 len: 764 time: 0.0158262
2026-05-05 18:24:09.628 9 INFO neutron.wsgi [None req-839cba36-eb85-4207-905c-625be050b4fb c33480820573440bb46bd514bb7ec4ff 47a44d41507943e89c9196a66f1d8cd3 - - default default] 10.0.0.159 "GET /v2.0/security-group-rules HTTP/1.1" status: 200 len: 4114 time: 0.0326962
2026-05-05 18:24:09.983 9 INFO neutron.wsgi [None req-0729d59e-61ca-4a10-9bb0-6e9a2a697059 0b14b58a11c7450988da3dcd3a66c133 a43616b0c9c04e6c9b2f5c5139d50744 - - default default] 10.0.0.159 "GET /v2.0/security-groups?tenant_id=0cd60a8f948d436ba383aa035a61c447&name=default HTTP/1.1" status: 200 len: 2996 time: 0.2006681
2026-05-05 18:24:09.999 9 INFO neutron.wsgi [None req-09d57650-cf3a-4d33-a678-1fb2ad062c58 c33480820573440bb46bd514bb7ec4ff 47a44d41507943e89c9196a66f1d8cd3 - - - -] 10.0.0.159 "DELETE /v2.0/security-group-rules/1d70b0ec-75f3-48e0-84ee-97a702f15341 HTTP/1.1" status: 204 len: 168 time: 0.3642106
2026-05-05 18:24:10.050 9 INFO neutron.wsgi [None req-b27ae8fd-88a1-4369-acf3-c188380c45de c33480820573440bb46bd514bb7ec4ff 47a44d41507943e89c9196a66f1d8cd3 - - default default] 10.0.0.159 "GET /v2.0/security-group-rules HTTP/1.1" status: 200 len: 3567 time: 0.0468891
2026-05-05 18:24:10.067 10 INFO neutron.wsgi [-] 10.0.0.183 "GET / HTTP/1.1" status: 200 len: 247 time: 0.0020947
2026-05-05 18:24:10.070 10 INFO neutron.wsgi [-] 10.0.0.183 "GET / HTTP/1.1" status: 200 len: 247 time: 0.0019529
2026-05-05 18:24:10.191 9 INFO neutron.wsgi [None req-925a3da1-b3c0-4816-8102-3de89b9cc4b0 c33480820573440bb46bd514bb7ec4ff 47a44d41507943e89c9196a66f1d8cd3 - - - -] 10.0.0.159 "DELETE /v2.0/security-groups/b82c2ae6-8489-4659-adba-16c7c7f86461 HTTP/1.1" status: 204 len: 168 time: 0.1332448
2026-05-05 18:24:10.229 9 INFO neutron.wsgi [None req-5a20ea03-0570-44d6-b807-8b16f0d925ff c33480820573440bb46bd514bb7ec4ff 47a44d41507943e89c9196a66f1d8cd3 - - default default] 10.0.0.159 "GET /v2.0/security-groups HTTP/1.1" status: 200 len: 2996 time: 0.0311701
2026-05-05 18:24:10.249 10 INFO neutron.wsgi [None req-fafc173f-8f5f-4e11-a124-cc722c66dce1 0b14b58a11c7450988da3dcd3a66c133 a43616b0c9c04e6c9b2f5c5139d50744 - - - -] 10.0.0.159 "DELETE /v2.0/security-groups/234a73fa-feae-4b69-9a1d-5052ada99331 HTTP/1.1" status: 204 len: 168 time: 0.2581310
2026-05-05 18:24:10.285 9 INFO neutron.wsgi [None req-230043ec-e1bc-4cbc-8f87-589e33491b24 c33480820573440bb46bd514bb7ec4ff 47a44d41507943e89c9196a66f1d8cd3 - - default default] 10.0.0.159 "GET /v2.0/security-groups HTTP/1.1" status: 200 len: 2996 time: 0.0416448
2026-05-05 18:24:10.985 9 INFO neutron.wsgi [None req-2cdea8e1-1c97-42a2-8b1e-61b2493dec87 0b14b58a11c7450988da3dcd3a66c133 a43616b0c9c04e6c9b2f5c5139d50744 - - default default] 10.0.0.159 "GET /v2.0/security-groups?tenant_id=47a44d41507943e89c9196a66f1d8cd3&name=default HTTP/1.1" status: 200 len: 2996 time: 0.2055168
2026-05-05 18:24:11.191 9 INFO neutron.wsgi [None req-85ba5041-feca-4be7-b642-a7f92eb5da17 0b14b58a11c7450988da3dcd3a66c133 a43616b0c9c04e6c9b2f5c5139d50744 - - - -] 10.0.0.159 "DELETE /v2.0/security-groups/1301c125-7f5a-473e-bc0f-4f48c70ad992 HTTP/1.1" status: 204 len: 168 time: 0.2010748
2026-05-05 18:24:11.634 10 INFO neutron.db.ovn_revision_numbers_db [None req-abd35e6e-c99c-401f-a62f-49e53a7cc63a 0b14b58a11c7450988da3dcd3a66c133 a43616b0c9c04e6c9b2f5c5139d50744 - - - -] Successfully bumped revision number for resource 1cf34191-b7ab-40fe-99f5-c4dc4f3aec45 (type: security_groups) to 1
2026-05-05 18:24:11.699 10 INFO neutron.db.segments_db [None req-abd35e6e-c99c-401f-a62f-49e53a7cc63a 0b14b58a11c7450988da3dcd3a66c133 a43616b0c9c04e6c9b2f5c5139d50744 - - - -] Added segment 672deb4c-eb77-407e-9259-bd97ee76c649 of type geneve for network 869c3537-5f89-4349-a0de-078eea167e73
2026-05-05 18:24:11.851 9 INFO neutron.db.ovn_revision_numbers_db [None req-f05c538f-7404-45ac-820d-c04eec5d41b1 0b14b58a11c7450988da3dcd3a66c133 a43616b0c9c04e6c9b2f5c5139d50744 - - default default] Successfully bumped revision number for resource e771615f-bfa1-4c1e-baae-4b3a89f986db (type: security_groups) to 1
2026-05-05 18:24:11.875 9 INFO neutron.wsgi [None req-f05c538f-7404-45ac-820d-c04eec5d41b1 0b14b58a11c7450988da3dcd3a66c133 a43616b0c9c04e6c9b2f5c5139d50744 - - default default] 10.0.0.159 "GET /v2.0/security-groups?tenant_id=068cbe9ee4324ee7a5e8a034cd36090c&name=default HTTP/1.1" status: 200 len: 2996 time: 0.2215092
2026-05-05 18:24:11.983 10 INFO neutron.db.ovn_revision_numbers_db [None req-abd35e6e-c99c-401f-a62f-49e53a7cc63a 0b14b58a11c7450988da3dcd3a66c133 a43616b0c9c04e6c9b2f5c5139d50744 - - - -] Successfully bumped revision number for resource 869c3537-5f89-4349-a0de-078eea167e73 (type: networks) to 1
2026-05-05 18:24:12.104 9 INFO neutron.wsgi [None req-742156ba-5030-471b-a016-0411a93e6809 0b14b58a11c7450988da3dcd3a66c133 a43616b0c9c04e6c9b2f5c5139d50744 - - - -] 10.0.0.159 "DELETE /v2.0/security-groups/e771615f-bfa1-4c1e-baae-4b3a89f986db HTTP/1.1" status: 204 len: 168 time: 0.2215891
2026-05-05 18:24:12.203 10 WARNING neutron.scheduler.dhcp_agent_scheduler [None req-abd35e6e-c99c-401f-a62f-49e53a7cc63a 0b14b58a11c7450988da3dcd3a66c133 a43616b0c9c04e6c9b2f5c5139d50744 - - - -] No more DHCP agents
2026-05-05 18:24:12.208 10 WARNING neutron.api.rpc.agentnotifiers.dhcp_rpc_agent_api [None req-abd35e6e-c99c-401f-a62f-49e53a7cc63a 0b14b58a11c7450988da3dcd3a66c133 a43616b0c9c04e6c9b2f5c5139d50744 - - - -] Unable to schedule network 869c3537-5f89-4349-a0de-078eea167e73: no agents available; will retry on subsequent port and subnet creation events.
2026-05-05 18:24:12.281 10 INFO neutron.db.ovn_revision_numbers_db [None req-abd35e6e-c99c-401f-a62f-49e53a7cc63a 0b14b58a11c7450988da3dcd3a66c133 a43616b0c9c04e6c9b2f5c5139d50744 - - - -] Successfully bumped revision number for resource a81c6cce-348d-4ed8-83c9-92be6b50b1b8 (type: ports) to 1
2026-05-05 18:24:12.322 10 INFO neutron.wsgi [None req-abd35e6e-c99c-401f-a62f-49e53a7cc63a 0b14b58a11c7450988da3dcd3a66c133 a43616b0c9c04e6c9b2f5c5139d50744 - - - -] 10.0.0.159 "POST /v2.0/networks HTTP/1.1" status: 201 len: 942 time: 1.0406191
2026-05-05 18:24:12.458 10 INFO neutron.db.ovn_revision_numbers_db [None req-c78cae3d-94d9-427d-bb41-f273239f8677 0b14b58a11c7450988da3dcd3a66c133 a43616b0c9c04e6c9b2f5c5139d50744 - - default default] Successfully bumped revision number for resource 90f7708c-c1a4-47f9-8efe-6fc41a14f6ee (type: security_groups) to 1
2026-05-05 18:24:12.483 10 INFO neutron.wsgi [None req-c78cae3d-94d9-427d-bb41-f273239f8677 0b14b58a11c7450988da3dcd3a66c133 a43616b0c9c04e6c9b2f5c5139d50744 - - default default] 10.0.0.159 "GET /v2.0/security-groups?tenant_id=78c9c10353db4e03826d7174e9bddf42&name=default HTTP/1.1" status: 200 len: 2996 time: 0.2115679
2026-05-05 18:24:12.703 9 WARNING neutron.scheduler.dhcp_agent_scheduler [None req-9bec1d4f-c3d4-4b4e-afa2-037ef5b3a1b0 0b14b58a11c7450988da3dcd3a66c133 a43616b0c9c04e6c9b2f5c5139d50744 - - - -] No more DHCP agents
2026-05-05 18:24:12.707 9 WARNING neutron.api.rpc.agentnotifiers.dhcp_rpc_agent_api [None req-9bec1d4f-c3d4-4b4e-afa2-037ef5b3a1b0 0b14b58a11c7450988da3dcd3a66c133 a43616b0c9c04e6c9b2f5c5139d50744 - - - -] Unable to schedule network 869c3537-5f89-4349-a0de-078eea167e73: no agents available; will retry on subsequent port and subnet creation events.
2026-05-05 18:24:12.942 9 INFO neutron.wsgi [None req-a9f04dd8-0d9b-4ae7-996e-2c374181f890 0b14b58a11c7450988da3dcd3a66c133 a43616b0c9c04e6c9b2f5c5139d50744 - - - -] 10.0.0.159 "DELETE /v2.0/security-groups/90f7708c-c1a4-47f9-8efe-6fc41a14f6ee HTTP/1.1" status: 204 len: 168 time: 0.4443467
2026-05-05 18:24:13.580 9 INFO neutron.db.ovn_revision_numbers_db [None req-9bec1d4f-c3d4-4b4e-afa2-037ef5b3a1b0 0b14b58a11c7450988da3dcd3a66c133 a43616b0c9c04e6c9b2f5c5139d50744 - - - -] Successfully bumped revision number for resource a81c6cce-348d-4ed8-83c9-92be6b50b1b8 (type: ports) to 2
2026-05-05 18:24:13.695 9 INFO neutron.db.ovn_revision_numbers_db [None req-9bec1d4f-c3d4-4b4e-afa2-037ef5b3a1b0 0b14b58a11c7450988da3dcd3a66c133 a43616b0c9c04e6c9b2f5c5139d50744 - - - -] Successfully bumped revision number for resource 15450d61-a336-45b3-b153-bddaee3c528c (type: subnets) to 0
2026-05-05 18:24:13.758 9 INFO neutron.wsgi [None req-9bec1d4f-c3d4-4b4e-afa2-037ef5b3a1b0 0b14b58a11c7450988da3dcd3a66c133 a43616b0c9c04e6c9b2f5c5139d50744 - - - -] 10.0.0.159 "POST /v2.0/subnets HTTP/1.1" status: 201 len: 862 time: 1.4287074
2026-05-05 18:24:14.794 9 WARNING neutron.scheduler.dhcp_agent_scheduler [None req-61612892-9a79-41e4-b1b4-59d00efa8b27 0b14b58a11c7450988da3dcd3a66c133 a43616b0c9c04e6c9b2f5c5139d50744 - - - -] No more DHCP agents
2026-05-05 18:24:14.804 9 WARNING neutron.api.rpc.agentnotifiers.dhcp_rpc_agent_api [None req-61612892-9a79-41e4-b1b4-59d00efa8b27 0b14b58a11c7450988da3dcd3a66c133 a43616b0c9c04e6c9b2f5c5139d50744 - - - -] Unable to schedule network 732d28ec-5654-4a0b-9d22-f70b8a8d3d40: no agents available; will retry on subsequent port and subnet creation events.
2026-05-05 18:24:14.976 9 INFO neutron.db.ovn_revision_numbers_db [None req-61612892-9a79-41e4-b1b4-59d00efa8b27 0b14b58a11c7450988da3dcd3a66c133 a43616b0c9c04e6c9b2f5c5139d50744 - - - -] Successfully bumped revision number for resource 8f9c2dab-adae-40c8-ba76-dd2f23ea5a29 (type: ports) to 1
2026-05-05 18:24:15.086 10 INFO neutron.db.ovn_revision_numbers_db [None req-b05b8538-db07-4e40-bded-4a534e3bab9b f3a2bbdf4d924bcea118735f3fc6e240 84103cfa650f407ea23b7ad8680cc4a6 - - - -] Successfully bumped revision number for resource a2cb0e3f-5bd6-4975-babf-22d3cdd0d60d (type: security_groups) to 1
2026-05-05 18:24:15.147 10 INFO neutron.db.segments_db [None req-b05b8538-db07-4e40-bded-4a534e3bab9b f3a2bbdf4d924bcea118735f3fc6e240 84103cfa650f407ea23b7ad8680cc4a6 - - - -] Added segment 877b1e60-eb2a-4f5d-a243-72b8c5f19f2d of type geneve for network 457a9bf0-c575-4503-97d8-c215ac4251bc
2026-05-05 18:24:15.302 10 INFO neutron.db.ovn_revision_numbers_db [None req-b05b8538-db07-4e40-bded-4a534e3bab9b f3a2bbdf4d924bcea118735f3fc6e240 84103cfa650f407ea23b7ad8680cc4a6 - - - -] Successfully bumped revision number for resource 457a9bf0-c575-4503-97d8-c215ac4251bc (type: networks) to 1
2026-05-05 18:24:15.499 10 WARNING neutron.scheduler.dhcp_agent_scheduler [None req-b05b8538-db07-4e40-bded-4a534e3bab9b f3a2bbdf4d924bcea118735f3fc6e240 84103cfa650f407ea23b7ad8680cc4a6 - - - -] No more DHCP agents
2026-05-05 18:24:15.501 10 WARNING neutron.api.rpc.agentnotifiers.dhcp_rpc_agent_api [None req-b05b8538-db07-4e40-bded-4a534e3bab9b f3a2bbdf4d924bcea118735f3fc6e240 84103cfa650f407ea23b7ad8680cc4a6 - - - -] Unable to schedule network 457a9bf0-c575-4503-97d8-c215ac4251bc: no agents available; will retry on subsequent port and subnet creation events.
2026-05-05 18:24:15.578 10 INFO neutron.db.ovn_revision_numbers_db [None req-b05b8538-db07-4e40-bded-4a534e3bab9b f3a2bbdf4d924bcea118735f3fc6e240 84103cfa650f407ea23b7ad8680cc4a6 - - - -] Successfully bumped revision number for resource bb4c724c-246c-4777-8775-918086c08b78 (type: ports) to 1
2026-05-05 18:24:15.605 10 INFO neutron.wsgi [None req-b05b8538-db07-4e40-bded-4a534e3bab9b f3a2bbdf4d924bcea118735f3fc6e240 84103cfa650f407ea23b7ad8680cc4a6 - - - -] 10.0.0.159 "POST /v2.0/networks HTTP/1.1" status: 201 len: 832 time: 0.9586444
2026-05-05 18:24:15.619 9 INFO neutron.plugins.ml2.drivers.ovn.mech_driver.mech_driver [None req-f0a85cf2-73d7-417c-9093-4b05602f06eb - - - - - -] OVN reports status up for port: 8f9c2dab-adae-40c8-ba76-dd2f23ea5a29
2026-05-05 18:24:15.634 9 INFO neutron.plugins.ml2.drivers.ovn.mech_driver.ovsdb.ovsdb_monitor [None req-3d2270e3-d4a3-474e-ae11-a21b5388b0df - - - - - -] Router f7da0ab5-76df-4d6f-aa55-92a5d3240cfc is bound to host instance
2026-05-05 18:24:15.652 9 INFO neutron.db.ovn_revision_numbers_db [None req-61612892-9a79-41e4-b1b4-59d00efa8b27 0b14b58a11c7450988da3dcd3a66c133 a43616b0c9c04e6c9b2f5c5139d50744 - - - -] Successfully bumped revision number for resource 8f9c2dab-adae-40c8-ba76-dd2f23ea5a29 (type: router_ports) to 1
2026-05-05 18:24:15.655 9 INFO neutron.plugins.ml2.plugin [None req-f0a85cf2-73d7-417c-9093-4b05602f06eb - - - - - -] Attempt 1 to provision port 8f9c2dab-adae-40c8-ba76-dd2f23ea5a29
2026-05-05 18:24:15.763 9 INFO neutron.db.ovn_revision_numbers_db [None req-61612892-9a79-41e4-b1b4-59d00efa8b27 0b14b58a11c7450988da3dcd3a66c133 a43616b0c9c04e6c9b2f5c5139d50744 - - - -] Successfully bumped revision number for resource f7da0ab5-76df-4d6f-aa55-92a5d3240cfc (type: routers) to 3
2026-05-05 18:24:15.808 9 INFO neutron.wsgi [None req-61612892-9a79-41e4-b1b4-59d00efa8b27 0b14b58a11c7450988da3dcd3a66c133 a43616b0c9c04e6c9b2f5c5139d50744 - - - -] 10.0.0.159 "POST /v2.0/routers HTTP/1.1" status: 201 len: 873 time: 2.0439804
2026-05-05 18:24:15.984 9 INFO neutron.db.ovn_revision_numbers_db [None req-8e026fdb-1b14-4bb6-8034-5b133b961c14 0b14b58a11c7450988da3dcd3a66c133 a43616b0c9c04e6c9b2f5c5139d50744 - - default default] Successfully bumped revision number for resource 9898550c-ff94-440d-bdcf-4aa4032b5ae9 (type: security_groups) to 1
2026-05-05 18:24:16.024 9 INFO neutron.wsgi [None req-8e026fdb-1b14-4bb6-8034-5b133b961c14 0b14b58a11c7450988da3dcd3a66c133 a43616b0c9c04e6c9b2f5c5139d50744 - - default default] 10.0.0.159 "GET /v2.0/security-groups?tenant_id=ab02e09256a747cba37184ce0a335603&name=default HTTP/1.1" status: 200 len: 2996 time: 0.4195035
2026-05-05 18:24:16.324 9 INFO neutron.db.ovn_revision_numbers_db [None req-3d2270e3-d4a3-474e-ae11-a21b5388b0df - - - - - -] Successfully bumped revision number for resource 8f9c2dab-adae-40c8-ba76-dd2f23ea5a29 (type: ports) to 1
2026-05-05 18:24:16.451 9 INFO neutron.db.ovn_revision_numbers_db [None req-02829c55-f6b7-438a-bec6-5e54852b7066 0b14b58a11c7450988da3dcd3a66c133 a43616b0c9c04e6c9b2f5c5139d50744 - - default default] Successfully bumped revision number for resource 053f99f8-3856-4721-92f6-1a82888f21f2 (type: security_groups) to 1
2026-05-05 18:24:16.505 9 INFO neutron.wsgi [None req-056db436-2e36-47a5-91a4-38061be26795 0b14b58a11c7450988da3dcd3a66c133 a43616b0c9c04e6c9b2f5c5139d50744 - - - -] 10.0.0.159 "DELETE /v2.0/security-groups/9898550c-ff94-440d-bdcf-4aa4032b5ae9 HTTP/1.1" status: 204 len: 168 time: 0.4759576
2026-05-05 18:24:16.511 9 INFO neutron.wsgi [None req-02829c55-f6b7-438a-bec6-5e54852b7066 0b14b58a11c7450988da3dcd3a66c133 a43616b0c9c04e6c9b2f5c5139d50744 - - default default] 10.0.0.159 "GET /v2.0/security-groups?tenant_id=b6533ba3bc1f4b5f973efd9b369ad267&name=default HTTP/1.1" status: 200 len: 2996 time: 0.4917648
2026-05-05 18:24:16.668 10 WARNING neutron.scheduler.dhcp_agent_scheduler [None req-09463b18-77b3-4c17-9b98-3ce06935e67b f3a2bbdf4d924bcea118735f3fc6e240 84103cfa650f407ea23b7ad8680cc4a6 - - - -] No more DHCP agents
2026-05-05 18:24:16.672 10 WARNING neutron.api.rpc.agentnotifiers.dhcp_rpc_agent_api [None req-09463b18-77b3-4c17-9b98-3ce06935e67b f3a2bbdf4d924bcea118735f3fc6e240 84103cfa650f407ea23b7ad8680cc4a6 - - - -] Unable to schedule network 732d28ec-5654-4a0b-9d22-f70b8a8d3d40: no agents available; will retry on subsequent port and subnet creation events.
2026-05-05 18:24:16.767 9 INFO neutron.db.ovn_revision_numbers_db [None req-3d2270e3-d4a3-474e-ae11-a21b5388b0df - - - - - -] Successfully bumped revision number for resource 8f9c2dab-adae-40c8-ba76-dd2f23ea5a29 (type: router_ports) to 3
2026-05-05 18:24:16.828 10 WARNING neutron.scheduler.dhcp_agent_scheduler [None req-adcb9e83-648d-4344-865e-26b0afc7c966 0b14b58a11c7450988da3dcd3a66c133 a43616b0c9c04e6c9b2f5c5139d50744 - - default default] No more DHCP agents
2026-05-05 18:24:16.848 10 WARNING neutron.api.rpc.agentnotifiers.dhcp_rpc_agent_api [None req-adcb9e83-648d-4344-865e-26b0afc7c966 0b14b58a11c7450988da3dcd3a66c133 a43616b0c9c04e6c9b2f5c5139d50744 - - default default] Unable to schedule network 869c3537-5f89-4349-a0de-078eea167e73: no agents available; will retry on subsequent port and subnet creation events.
2026-05-05 18:24:16.872 9 INFO neutron.wsgi [None req-9d09ed06-e5bd-49be-815d-c4b8dff9afc6 0b14b58a11c7450988da3dcd3a66c133 a43616b0c9c04e6c9b2f5c5139d50744 - - - -] 10.0.0.159 "DELETE /v2.0/security-groups/053f99f8-3856-4721-92f6-1a82888f21f2 HTTP/1.1" status: 204 len: 168 time: 0.3517833
2026-05-05 18:24:16.908 10 INFO neutron.db.ovn_revision_numbers_db [None req-09463b18-77b3-4c17-9b98-3ce06935e67b f3a2bbdf4d924bcea118735f3fc6e240 84103cfa650f407ea23b7ad8680cc4a6 - - - -] Successfully bumped revision number for resource a79667b1-6028-4254-9752-9a89b40979ad (type: ports) to 1
2026-05-05 18:24:16.957 9 INFO neutron.db.ovn_revision_numbers_db [None req-3d2270e3-d4a3-474e-ae11-a21b5388b0df - - - - - -] Successfully bumped revision number for resource 8f9c2dab-adae-40c8-ba76-dd2f23ea5a29 (type: ports) to 2
2026-05-05 18:24:17.092 10 INFO neutron.db.ovn_revision_numbers_db [None req-adcb9e83-648d-4344-865e-26b0afc7c966 0b14b58a11c7450988da3dcd3a66c133 a43616b0c9c04e6c9b2f5c5139d50744 - - default default] Successfully bumped revision number for resource ec71db85-4a1d-4981-a24e-a50b3efe72eb (type: ports) to 1
2026-05-05 18:24:17.508 10 INFO neutron.db.ovn_revision_numbers_db [None req-6beca0fc-aee9-43a5-8eec-df8f76db39da 0b14b58a11c7450988da3dcd3a66c133 a43616b0c9c04e6c9b2f5c5139d50744 - - default default] Successfully bumped revision number for resource 67afb42c-919e-461f-a32d-8b7573a59aed (type: security_groups) to 1
2026-05-05 18:24:17.554 10 INFO neutron.wsgi [None req-6beca0fc-aee9-43a5-8eec-df8f76db39da 0b14b58a11c7450988da3dcd3a66c133 a43616b0c9c04e6c9b2f5c5139d50744 - - default default] 10.0.0.159 "GET /v2.0/security-groups?tenant_id=ffa76fd0ae344010bb5cfcbec446289e&name=default HTTP/1.1" status: 200 len: 2996 time: 0.3719134
2026-05-05 18:24:17.674 9 INFO neutron.db.ovn_revision_numbers_db [None req-3d2270e3-d4a3-474e-ae11-a21b5388b0df - - - - - -] Successfully bumped revision number for resource 8f9c2dab-adae-40c8-ba76-dd2f23ea5a29 (type: ports) to 4
2026-05-05 18:24:17.843 9 INFO neutron.wsgi [None req-5e03a5b5-f9c8-4399-9aa6-ba8d15ecf834 0b14b58a11c7450988da3dcd3a66c133 a43616b0c9c04e6c9b2f5c5139d50744 - - - -] 10.0.0.159 "DELETE /v2.0/security-groups/67afb42c-919e-461f-a32d-8b7573a59aed HTTP/1.1" status: 204 len: 168 time: 0.2815814
2026-05-05 18:24:17.944 9 INFO neutron.db.ovn_revision_numbers_db [None req-3d2270e3-d4a3-474e-ae11-a21b5388b0df - - - - - -] Successfully bumped revision number for resource 8f9c2dab-adae-40c8-ba76-dd2f23ea5a29 (type: router_ports) to 4
2026-05-05 18:24:18.213 9 INFO neutron.plugins.ml2.drivers.ovn.mech_driver.mech_driver [None req-f0a85cf2-73d7-417c-9093-4b05602f06eb - - - - - -] OVN reports status up for port: ec71db85-4a1d-4981-a24e-a50b3efe72eb
2026-05-05 18:24:18.222 10 INFO neutron.db.ovn_revision_numbers_db [None req-adcb9e83-648d-4344-865e-26b0afc7c966 0b14b58a11c7450988da3dcd3a66c133 a43616b0c9c04e6c9b2f5c5139d50744 - - default default] Successfully bumped revision number for resource ec71db85-4a1d-4981-a24e-a50b3efe72eb (type: router_ports) to 2
2026-05-05 18:24:18.222 9 INFO neutron.plugins.ml2.plugin [None req-f0a85cf2-73d7-417c-9093-4b05602f06eb - - - - - -] Attempt 1 to provision port ec71db85-4a1d-4981-a24e-a50b3efe72eb
2026-05-05 18:24:18.342 10 INFO neutron.plugins.ml2.drivers.ovn.mech_driver.ovsdb.ovsdb_monitor [None req-d9ea707e-4e70-43fa-8f26-3d7e3efa157f - - - - - -] Router 8338a60f-0580-46b4-9be5-e02535f12f54 is bound to host instance
2026-05-05 18:24:18.364 10 INFO neutron.db.ovn_revision_numbers_db [None req-09463b18-77b3-4c17-9b98-3ce06935e67b f3a2bbdf4d924bcea118735f3fc6e240 84103cfa650f407ea23b7ad8680cc4a6 - - - -] Successfully bumped revision number for resource a79667b1-6028-4254-9752-9a89b40979ad (type: router_ports) to 1
2026-05-05 18:24:18.511 10 INFO neutron.db.ovn_revision_numbers_db [None req-09463b18-77b3-4c17-9b98-3ce06935e67b f3a2bbdf4d924bcea118735f3fc6e240 84103cfa650f407ea23b7ad8680cc4a6 - - - -] Successfully bumped revision number for resource 8338a60f-0580-46b4-9be5-e02535f12f54 (type: routers) to 3
2026-05-05 18:24:18.530 10 INFO neutron.db.ovn_revision_numbers_db [None req-adcb9e83-648d-4344-865e-26b0afc7c966 0b14b58a11c7450988da3dcd3a66c133 a43616b0c9c04e6c9b2f5c5139d50744 - - default default] Successfully bumped revision number for resource ec71db85-4a1d-4981-a24e-a50b3efe72eb (type: ports) to 2
2026-05-05 18:24:18.531 9 INFO neutron.db.ovn_revision_numbers_db [None req-f0a85cf2-73d7-417c-9093-4b05602f06eb - - - - - -] Successfully bumped revision number for resource ec71db85-4a1d-4981-a24e-a50b3efe72eb (type: ports) to 3
2026-05-05 18:24:18.548 10 INFO neutron.wsgi [None req-09463b18-77b3-4c17-9b98-3ce06935e67b f3a2bbdf4d924bcea118735f3fc6e240 84103cfa650f407ea23b7ad8680cc4a6 - - - -] 10.0.0.159 "POST /v2.0/routers HTTP/1.1" status: 201 len: 874 time: 2.9359076
2026-05-05 18:24:18.626 10 WARNING neutron.scheduler.dhcp_agent_scheduler [None req-adcb9e83-648d-4344-865e-26b0afc7c966 0b14b58a11c7450988da3dcd3a66c133 a43616b0c9c04e6c9b2f5c5139d50744 - - default default] No more DHCP agents
2026-05-05 18:24:18.628 10 WARNING neutron.api.rpc.agentnotifiers.dhcp_rpc_agent_api [None req-adcb9e83-648d-4344-865e-26b0afc7c966 0b14b58a11c7450988da3dcd3a66c133 a43616b0c9c04e6c9b2f5c5139d50744 - - default default] Unable to schedule network 869c3537-5f89-4349-a0de-078eea167e73: no agents available; will retry on subsequent port and subnet creation events.
2026-05-05 18:24:18.648 9 INFO neutron.db.ovn_revision_numbers_db [None req-f0a85cf2-73d7-417c-9093-4b05602f06eb - - - - - -] Successfully bumped revision number for resource ec71db85-4a1d-4981-a24e-a50b3efe72eb (type: router_ports) to 3
2026-05-05 18:24:18.802 9 INFO neutron.wsgi [None req-bbdbd74e-87f4-4367-833c-4cbc44cb0c4a 0ceadd661e4444a580559035d09270b8 6cfd9de18d2549bd917d9c22c5c88451 - - default default] 10.0.0.159 "GET /v2.0/subnets?project_id=84103cfa650f407ea23b7ad8680cc4a6&cidr=10.100.0.0%2F28 HTTP/1.1" status: 200 len: 207 time: 0.2452476
2026-05-05 18:24:18.917 9 INFO neutron.wsgi [None req-2e286248-e90e-4b83-9b56-39759ade358f 0ceadd661e4444a580559035d09270b8 6cfd9de18d2549bd917d9c22c5c88451 - - default default] 10.0.0.159 "GET /v2.0/networks?router%3Aexternal=True HTTP/1.1" status: 200 len: 947 time: 0.1096709
2026-05-05 18:24:18.950 9 INFO neutron.wsgi [None req-5557c65b-5084-40a5-bd36-3c77878a1fd4 0ceadd661e4444a580559035d09270b8 6cfd9de18d2549bd917d9c22c5c88451 - - default default] 10.0.0.159 "GET /v2.0/subnets?network_id=732d28ec-5654-4a0b-9d22-f70b8a8d3d40&cidr=10.100.0.0%2F28 HTTP/1.1" status: 200 len: 207 time: 0.0264633
2026-05-05 18:24:19.091 10 INFO neutron.db.ovn_revision_numbers_db [None req-d9ea707e-4e70-43fa-8f26-3d7e3efa157f - - - - - -] Successfully bumped revision number for resource a79667b1-6028-4254-9752-9a89b40979ad (type: ports) to 1
2026-05-05 18:24:19.258 9 WARNING neutron.scheduler.dhcp_agent_scheduler [None req-274c6429-bc81-47e1-a1e8-f7141fcbac94 f3a2bbdf4d924bcea118735f3fc6e240 84103cfa650f407ea23b7ad8680cc4a6 - - - -] No more DHCP agents
2026-05-05 18:24:19.261 9 WARNING neutron.api.rpc.agentnotifiers.dhcp_rpc_agent_api [None req-274c6429-bc81-47e1-a1e8-f7141fcbac94 f3a2bbdf4d924bcea118735f3fc6e240 84103cfa650f407ea23b7ad8680cc4a6 - - - -] Unable to schedule network 457a9bf0-c575-4503-97d8-c215ac4251bc: no agents available; will retry on subsequent port and subnet creation events.
2026-05-05 18:24:19.357 10 INFO neutron.db.ovn_revision_numbers_db [None req-0be72cee-cda2-411e-8866-2f2c28c52d42 0b14b58a11c7450988da3dcd3a66c133 a43616b0c9c04e6c9b2f5c5139d50744 - - default default] Successfully bumped revision number for resource 39a76c54-8d8f-49ae-b0b6-e4ebcd52445e (type: security_groups) to 1
2026-05-05 18:24:19.432 10 INFO neutron.wsgi [None req-0be72cee-cda2-411e-8866-2f2c28c52d42 0b14b58a11c7450988da3dcd3a66c133 a43616b0c9c04e6c9b2f5c5139d50744 - - default default] 10.0.0.159 "GET /v2.0/security-groups?tenant_id=6e307b6502be49be915ad143eee64377&name=default HTTP/1.1" status: 200 len: 2996 time: 0.4945083
2026-05-05 18:24:19.478 10 INFO neutron.db.ovn_revision_numbers_db [None req-adcb9e83-648d-4344-865e-26b0afc7c966 0b14b58a11c7450988da3dcd3a66c133 a43616b0c9c04e6c9b2f5c5139d50744 - - - -] Successfully bumped revision number for resource ec71db85-4a1d-4981-a24e-a50b3efe72eb (type: router_ports) to 3
2026-05-05 18:24:19.480 10 INFO neutron.wsgi [None req-adcb9e83-648d-4344-865e-26b0afc7c966 0b14b58a11c7450988da3dcd3a66c133 a43616b0c9c04e6c9b2f5c5139d50744 - - - -] 10.0.0.159 "PUT /v2.0/routers/f7da0ab5-76df-4d6f-aa55-92a5d3240cfc/add_router_interface HTTP/1.1" status: 200 len: 503 time: 3.6648619
2026-05-05 18:24:19.766 9 INFO neutron.db.ovn_revision_numbers_db [None req-274c6429-bc81-47e1-a1e8-f7141fcbac94 f3a2bbdf4d924bcea118735f3fc6e240 84103cfa650f407ea23b7ad8680cc4a6 - - - -] Successfully bumped revision number for resource bb4c724c-246c-4777-8775-918086c08b78 (type: ports) to 2
2026-05-05 18:24:19.782 9 INFO neutron.db.ovn_revision_numbers_db [None req-274c6429-bc81-47e1-a1e8-f7141fcbac94 f3a2bbdf4d924bcea118735f3fc6e240 84103cfa650f407ea23b7ad8680cc4a6 - - - -] Successfully bumped revision number for resource 82225c4b-c06e-48c2-be7e-1dfba873fcd0 (type: subnets) to 0
2026-05-05 18:24:19.800 9 INFO neutron.wsgi [None req-274c6429-bc81-47e1-a1e8-f7141fcbac94 f3a2bbdf4d924bcea118735f3fc6e240 84103cfa650f407ea23b7ad8680cc4a6 - - - -] 10.0.0.159 "POST /v2.0/subnets HTTP/1.1" status: 201 len: 831 time: 0.8432424
2026-05-05 18:24:19.963 10 INFO neutron.db.ovn_revision_numbers_db [None req-d9ea707e-4e70-43fa-8f26-3d7e3efa157f - - - - - -] Successfully bumped revision number for resource a79667b1-6028-4254-9752-9a89b40979ad (type: router_ports) to 3
2026-05-05 18:24:20.145 10 INFO neutron.db.ovn_revision_numbers_db [None req-d9ea707e-4e70-43fa-8f26-3d7e3efa157f - - - - - -] Successfully bumped revision number for resource a79667b1-6028-4254-9752-9a89b40979ad (type: ports) to 2
2026-05-05 18:24:20.223 10 INFO neutron.wsgi [None req-2f51a7a4-616f-4cc1-93c6-da47c21a8f4b 0b14b58a11c7450988da3dcd3a66c133 a43616b0c9c04e6c9b2f5c5139d50744 - - - -] 10.0.0.159 "DELETE /v2.0/security-groups/39a76c54-8d8f-49ae-b0b6-e4ebcd52445e HTTP/1.1" status: 204 len: 168 time: 0.7846913
2026-05-05 18:24:20.593 10 INFO neutron.db.ovn_revision_numbers_db [None req-d9ea707e-4e70-43fa-8f26-3d7e3efa157f - - - - - -] Successfully bumped revision number for resource a79667b1-6028-4254-9752-9a89b40979ad (type: ports) to 4
2026-05-05 18:24:20.635 9 WARNING neutron.scheduler.dhcp_agent_scheduler [None req-06912b11-2c0b-4290-8afa-df4cbd03af5b f3a2bbdf4d924bcea118735f3fc6e240 84103cfa650f407ea23b7ad8680cc4a6 - - default default] No more DHCP agents
2026-05-05 18:24:20.637 9 WARNING neutron.api.rpc.agentnotifiers.dhcp_rpc_agent_api [None req-06912b11-2c0b-4290-8afa-df4cbd03af5b f3a2bbdf4d924bcea118735f3fc6e240 84103cfa650f407ea23b7ad8680cc4a6 - - default default] Unable to schedule network 457a9bf0-c575-4503-97d8-c215ac4251bc: no agents available; will retry on subsequent port and subnet creation events.
2026-05-05 18:24:20.870 9 INFO neutron.db.ovn_revision_numbers_db [None req-06912b11-2c0b-4290-8afa-df4cbd03af5b f3a2bbdf4d924bcea118735f3fc6e240 84103cfa650f407ea23b7ad8680cc4a6 - - default default] Successfully bumped revision number for resource 5085f3bb-8b69-42d6-b8e8-53e27e81215f (type: ports) to 1
2026-05-05 18:24:20.893 10 INFO neutron.db.ovn_revision_numbers_db [None req-d9ea707e-4e70-43fa-8f26-3d7e3efa157f - - - - - -] Successfully bumped revision number for resource a79667b1-6028-4254-9752-9a89b40979ad (type: router_ports) to 4
2026-05-05 18:24:21.629 10 INFO neutron.plugins.ml2.drivers.ovn.mech_driver.mech_driver [None req-c0162481-e94e-465b-9401-2cc8c42cf396 - - - - - -] OVN reports status up for port: 5085f3bb-8b69-42d6-b8e8-53e27e81215f
2026-05-05 18:24:21.641 10 INFO neutron.plugins.ml2.plugin [None req-c0162481-e94e-465b-9401-2cc8c42cf396 - - - - - -] Attempt 1 to provision port 5085f3bb-8b69-42d6-b8e8-53e27e81215f
2026-05-05 18:24:21.645 9 INFO neutron.db.ovn_revision_numbers_db [None req-06912b11-2c0b-4290-8afa-df4cbd03af5b f3a2bbdf4d924bcea118735f3fc6e240 84103cfa650f407ea23b7ad8680cc4a6 - - default default] Successfully bumped revision number for resource 5085f3bb-8b69-42d6-b8e8-53e27e81215f (type: router_ports) to 2
2026-05-05 18:24:21.831 9 INFO neutron.db.ovn_revision_numbers_db [None req-06912b11-2c0b-4290-8afa-df4cbd03af5b f3a2bbdf4d924bcea118735f3fc6e240 84103cfa650f407ea23b7ad8680cc4a6 - - default default] Successfully bumped revision number for resource 5085f3bb-8b69-42d6-b8e8-53e27e81215f (type: ports) to 2
2026-05-05 18:24:21.933 9 WARNING neutron.scheduler.dhcp_agent_scheduler [None req-06912b11-2c0b-4290-8afa-df4cbd03af5b f3a2bbdf4d924bcea118735f3fc6e240 84103cfa650f407ea23b7ad8680cc4a6 - - default default] No more DHCP agents
2026-05-05 18:24:21.935 9 WARNING neutron.api.rpc.agentnotifiers.dhcp_rpc_agent_api [None req-06912b11-2c0b-4290-8afa-df4cbd03af5b f3a2bbdf4d924bcea118735f3fc6e240 84103cfa650f407ea23b7ad8680cc4a6 - - default default] Unable to schedule network 457a9bf0-c575-4503-97d8-c215ac4251bc: no agents available; will retry on subsequent port and subnet creation events.
2026-05-05 18:24:22.039 10 INFO neutron.db.ovn_revision_numbers_db [None req-c0162481-e94e-465b-9401-2cc8c42cf396 - - - - - -] Successfully bumped revision number for resource 5085f3bb-8b69-42d6-b8e8-53e27e81215f (type: ports) to 3
2026-05-05 18:24:22.203 10 INFO neutron.db.ovn_revision_numbers_db [None req-c0162481-e94e-465b-9401-2cc8c42cf396 - - - - - -] Successfully bumped revision number for resource 5085f3bb-8b69-42d6-b8e8-53e27e81215f (type: router_ports) to 3
2026-05-05 18:24:22.345 9 INFO neutron.db.ovn_revision_numbers_db [None req-06912b11-2c0b-4290-8afa-df4cbd03af5b f3a2bbdf4d924bcea118735f3fc6e240 84103cfa650f407ea23b7ad8680cc4a6 - - - -] Successfully bumped revision number for resource 5085f3bb-8b69-42d6-b8e8-53e27e81215f (type: router_ports) to 3
2026-05-05 18:24:22.349 9 INFO neutron.wsgi [None req-06912b11-2c0b-4290-8afa-df4cbd03af5b f3a2bbdf4d924bcea118735f3fc6e240 84103cfa650f407ea23b7ad8680cc4a6 - - - -] 10.0.0.159 "PUT /v2.0/routers/8338a60f-0580-46b4-9be5-e02535f12f54/add_router_interface HTTP/1.1" status: 200 len: 503 time: 2.5399299
2026-05-05 18:24:22.429 10 INFO neutron.wsgi [None req-cf84434c-cf16-48aa-925f-4d70c8ab5750 0ceadd661e4444a580559035d09270b8 6cfd9de18d2549bd917d9c22c5c88451 - - default default] 10.0.0.159 "GET /v2.0/networks HTTP/1.1" status: 200 len: 3870 time: 0.0743148
2026-05-05 18:24:22.478 10 INFO neutron.wsgi [None req-ce28669a-d6a4-4328-9ada-e0ba8a8e8cbc 0ceadd661e4444a580559035d09270b8 6cfd9de18d2549bd917d9c22c5c88451 - - default default] 10.0.0.159 "GET /v2.0/subnets HTTP/1.1" status: 200 len: 2749 time: 0.0429919
2026-05-05 18:24:22.638 10 INFO neutron.wsgi [None req-5f358fc5-e7bc-4035-b965-121a16916f83 0ceadd661e4444a580559035d09270b8 6cfd9de18d2549bd917d9c22c5c88451 - - default default] 10.0.0.159 "GET /v2.0/routers HTTP/1.1" status: 200 len: 1549 time: 0.1542921
2026-05-05 18:24:22.688 10 INFO neutron.wsgi [req-6121540e-156c-4c41-9b04-62a534a1e789 req-406e6c0d-2e62-44ec-bd20-4792681e6e31 84de5825a5024f62a02ba961e4fb0a09 85b4024cdfb140728c3560828b6b9afa - - default default] 10.0.0.191 "GET /v2.0/networks?id=869c3537-5f89-4349-a0de-078eea167e73 HTTP/1.1" status: 200 len: 871 time: 0.1034582
2026-05-05 18:24:22.709 10 INFO neutron.wsgi [req-6121540e-156c-4c41-9b04-62a534a1e789 req-489f81ad-27ab-4167-b12f-1facaca29b1d 84de5825a5024f62a02ba961e4fb0a09 85b4024cdfb140728c3560828b6b9afa - - default default] 10.0.0.191 "GET /v2.0/quotas/85b4024cdfb140728c3560828b6b9afa HTTP/1.1" status: 200 len: 386 time: 0.0116713
2026-05-05 18:24:22.835 10 INFO neutron.wsgi [req-6121540e-156c-4c41-9b04-62a534a1e789 req-d9604bbb-b883-4770-9e95-e40b96f4d884 84de5825a5024f62a02ba961e4fb0a09 85b4024cdfb140728c3560828b6b9afa - - default default] 10.0.0.191 "GET /v2.0/ports?tenant_id=85b4024cdfb140728c3560828b6b9afa&fields=id HTTP/1.1" status: 200 len: 302 time: 0.1177514
2026-05-05 18:24:22.876 9 INFO neutron.db.ovn_revision_numbers_db [None req-806abe27-b7f2-4c71-9356-971243bc4409 f3a2bbdf4d924bcea118735f3fc6e240 84103cfa650f407ea23b7ad8680cc4a6 - - - -] Successfully bumped revision number for resource 03345780-3800-4e31-81cb-d4c13afe7eed (type: security_groups) to 1
2026-05-05 18:24:22.899 9 INFO neutron.wsgi [None req-806abe27-b7f2-4c71-9356-971243bc4409 f3a2bbdf4d924bcea118735f3fc6e240 84103cfa650f407ea23b7ad8680cc4a6 - - - -] 10.0.0.159 "POST /v2.0/security-groups HTTP/1.1" status: 201 len: 1809 time: 0.1474211
2026-05-05 18:24:22.904 10 INFO neutron.wsgi [req-6121540e-156c-4c41-9b04-62a534a1e789 req-a8789b16-3f64-4fe5-8f06-2248f3a42495 44e38bcf3e2e4be2ad10580fff5ac83f a6fe8d98f3094f7886a2a2f5b0885d05 - - 4bf83d4858b5484d8f5c80b2b7877723 4bf83d4858b5484d8f5c80b2b7877723] 10.0.0.191 "GET /v2.0/networks/869c3537-5f89-4349-a0de-078eea167e73?fields=segments HTTP/1.1" status: 200 len: 212 time: 0.0612390
2026-05-05 18:24:22.984 10 INFO neutron.wsgi [req-6121540e-156c-4c41-9b04-62a534a1e789 req-741242d1-995d-49c3-8c4a-d7641612b934 44e38bcf3e2e4be2ad10580fff5ac83f a6fe8d98f3094f7886a2a2f5b0885d05 - - 4bf83d4858b5484d8f5c80b2b7877723 4bf83d4858b5484d8f5c80b2b7877723] 10.0.0.191 "GET /v2.0/networks/869c3537-5f89-4349-a0de-078eea167e73?fields=provider%3Aphysical_network&fields=provider%3Anetwork_type HTTP/1.1" status: 200 len: 277 time: 0.0701118
2026-05-05 18:24:23.062 10 INFO neutron.db.ovn_revision_numbers_db [None req-38bd8cfa-f4b3-40fb-b29d-d290838dae44 f3a2bbdf4d924bcea118735f3fc6e240 84103cfa650f407ea23b7ad8680cc4a6 - - - -] Successfully bumped revision number for resource feb8ba98-7306-44e2-9012-cd1538f52078 (type: security_group_rules) to 0
2026-05-05 18:24:23.064 9 INFO neutron.db.ovn_revision_numbers_db [None req-3cce3a70-2ff7-416a-8ba4-9e172a91c894 4c3a8b9ad6f449bcaaafb20e4c643567 0b53a5c70e644ae8bcab0f9985cf0415 - - - -] Successfully bumped revision number for resource ed4f133b-8a2d-4541-a43e-cd28bf3cfadf (type: security_groups) to 1
2026-05-05 18:24:23.095 10 INFO neutron.wsgi [None req-38bd8cfa-f4b3-40fb-b29d-d290838dae44 f3a2bbdf4d924bcea118735f3fc6e240 84103cfa650f407ea23b7ad8680cc4a6 - - - -] 10.0.0.159 "POST /v2.0/security-group-rules HTTP/1.1" status: 201 len: 764 time: 0.1900697
2026-05-05 18:24:23.129 9 INFO neutron.db.segments_db [None req-3cce3a70-2ff7-416a-8ba4-9e172a91c894 4c3a8b9ad6f449bcaaafb20e4c643567 0b53a5c70e644ae8bcab0f9985cf0415 - - - -] Added segment fcf266f5-e761-497e-82f1-d1f4b282a0db of type geneve for network 0bdf5cf5-d05c-4521-b3d4-de9b2b7d3e0b
2026-05-05 18:24:23.149 10 INFO neutron.wsgi [req-809335c1-137b-4331-b172-a2fbc7d56378 req-8fa6cfeb-ce86-42ad-a6c3-fedda701f90c 84de5825a5024f62a02ba961e4fb0a09 85b4024cdfb140728c3560828b6b9afa - - default default] 10.0.0.191 "GET /v2.0/ports?device_id=37778444-a8ab-4e02-9115-10b115f35562 HTTP/1.1" status: 200 len: 210 time: 0.0269291
2026-05-05 18:24:23.299 9 INFO neutron.db.ovn_revision_numbers_db [None req-3cce3a70-2ff7-416a-8ba4-9e172a91c894 4c3a8b9ad6f449bcaaafb20e4c643567 0b53a5c70e644ae8bcab0f9985cf0415 - - - -] Successfully bumped revision number for resource 0bdf5cf5-d05c-4521-b3d4-de9b2b7d3e0b (type: networks) to 1
2026-05-05 18:24:23.319 9 INFO neutron.db.ovn_revision_numbers_db [None req-69dc04bd-341e-4c26-a596-5e72fd75ec2c f3a2bbdf4d924bcea118735f3fc6e240 84103cfa650f407ea23b7ad8680cc4a6 - - - -] Successfully bumped revision number for resource cad6a2f4-e968-45d4-9d02-4cbc0b9256a0 (type: security_group_rules) to 0
2026-05-05 18:24:23.359 9 INFO neutron.wsgi [None req-69dc04bd-341e-4c26-a596-5e72fd75ec2c f3a2bbdf4d924bcea118735f3fc6e240 84103cfa650f407ea23b7ad8680cc4a6 - - - -] 10.0.0.159 "POST /v2.0/security-group-rules HTTP/1.1" status: 201 len: 763 time: 0.2584224
2026-05-05 18:24:23.494 10 INFO neutron.db.ovn_revision_numbers_db [None req-499f999f-5817-4878-8415-9d09c1678504 f3a2bbdf4d924bcea118735f3fc6e240 84103cfa650f407ea23b7ad8680cc4a6 - - - -] Successfully bumped revision number for resource c5e6c439-6d35-4078-bc80-b8d4a83a4bfd (type: security_group_rules) to 0
2026-05-05 18:24:23.524 10 INFO neutron.wsgi [None req-499f999f-5817-4878-8415-9d09c1678504 f3a2bbdf4d924bcea118735f3fc6e240 84103cfa650f407ea23b7ad8680cc4a6 - - - -] 10.0.0.159 "POST /v2.0/security-group-rules HTTP/1.1" status: 201 len: 769 time: 0.1583753
2026-05-05 18:24:23.656 10 INFO neutron.db.ovn_revision_numbers_db [None req-2f775c8d-0c74-47e3-93a4-33bddcdb03fe f3a2bbdf4d924bcea118735f3fc6e240 84103cfa650f407ea23b7ad8680cc4a6 - - - -] Successfully bumped revision number for resource bb8b646e-bc9d-447f-82c2-abba9e14e756 (type: security_group_rules) to 0
2026-05-05 18:24:23.698 10 INFO neutron.wsgi [None req-2f775c8d-0c74-47e3-93a4-33bddcdb03fe f3a2bbdf4d924bcea118735f3fc6e240 84103cfa650f407ea23b7ad8680cc4a6 - - - -] 10.0.0.159 "POST /v2.0/security-group-rules HTTP/1.1" status: 201 len: 768 time: 0.1674483
2026-05-05 18:24:23.729 10 INFO neutron.db.securitygroups_db [None req-9205f17d-771d-441b-b162-2e7b966a2709 f3a2bbdf4d924bcea118735f3fc6e240 84103cfa650f407ea23b7ad8680cc4a6 - - - -] Project 84103cfa650f407ea23b7ad8680cc4a6 added a security group rule with legacy IPv6 ICMP protocol name icmp, ipv6-icmp should be used instead. It was automatically converted.
2026-05-05 18:24:23.804 9 WARNING neutron.plugins.ml2.drivers.ovn.mech_driver.ovsdb.ovn_client [None req-f0a85cf2-73d7-417c-9093-4b05602f06eb - - - - - -] No hosting information found for port ec71db85-4a1d-4981-a24e-a50b3efe72eb: RuntimeError: No hosting information found for port ec71db85-4a1d-4981-a24e-a50b3efe72eb
2026-05-05 18:24:23.804 9 INFO neutron.plugins.ml2.drivers.ovn.mech_driver.mech_driver [None req-f0a85cf2-73d7-417c-9093-4b05602f06eb - - - - - -] OVN reports status up for port: a79667b1-6028-4254-9752-9a89b40979ad
2026-05-05 18:24:23.825 9 INFO neutron.plugins.ml2.plugin [None req-f0a85cf2-73d7-417c-9093-4b05602f06eb - - - - - -] Attempt 1 to provision port a79667b1-6028-4254-9752-9a89b40979ad
2026-05-05 18:24:23.831 9 WARNING neutron.scheduler.dhcp_agent_scheduler [None req-3cce3a70-2ff7-416a-8ba4-9e172a91c894 4c3a8b9ad6f449bcaaafb20e4c643567 0b53a5c70e644ae8bcab0f9985cf0415 - - - -] No more DHCP agents
2026-05-05 18:24:23.841 9 WARNING neutron.api.rpc.agentnotifiers.dhcp_rpc_agent_api [None req-3cce3a70-2ff7-416a-8ba4-9e172a91c894 4c3a8b9ad6f449bcaaafb20e4c643567 0b53a5c70e644ae8bcab0f9985cf0415 - - - -] Unable to schedule network 0bdf5cf5-d05c-4521-b3d4-de9b2b7d3e0b: no agents available; will retry on subsequent port and subnet creation events.
2026-05-05 18:24:23.864 10 INFO neutron.db.ovn_revision_numbers_db [None req-9205f17d-771d-441b-b162-2e7b966a2709 f3a2bbdf4d924bcea118735f3fc6e240 84103cfa650f407ea23b7ad8680cc4a6 - - - -] Successfully bumped revision number for resource 5a09cf14-19bc-4649-ad44-3d4b0548ec70 (type: security_group_rules) to 0
2026-05-05 18:24:23.895 10 INFO neutron.wsgi [req-6121540e-156c-4c41-9b04-62a534a1e789 req-76588c1c-1f3a-4511-b8a5-2ad4757be813 84de5825a5024f62a02ba961e4fb0a09 85b4024cdfb140728c3560828b6b9afa - - default default] 199.19.213.140 "GET /v2.0/networks?id=869c3537-5f89-4349-a0de-078eea167e73 HTTP/1.1" status: 200 len: 871 time: 0.0890448
2026-05-05 18:24:23.898 10 INFO neutron.wsgi [None req-9205f17d-771d-441b-b162-2e7b966a2709 f3a2bbdf4d924bcea118735f3fc6e240 84103cfa650f407ea23b7ad8680cc4a6 - - - -] 10.0.0.159 "POST /v2.0/security-group-rules HTTP/1.1" status: 201 len: 774 time: 0.1954968
2026-05-05 18:24:23.922 9 INFO neutron.db.ovn_revision_numbers_db [None req-3cce3a70-2ff7-416a-8ba4-9e172a91c894 4c3a8b9ad6f449bcaaafb20e4c643567 0b53a5c70e644ae8bcab0f9985cf0415 - - - -] Successfully bumped revision number for resource c352073d-6cd8-4f56-b8b4-76a3785814b5 (type: ports) to 1
2026-05-05 18:24:23.956 9 INFO neutron.wsgi [None req-3cce3a70-2ff7-416a-8ba4-9e172a91c894 4c3a8b9ad6f449bcaaafb20e4c643567 0b53a5c70e644ae8bcab0f9985cf0415 - - - -] 10.0.0.159 "POST /v2.0/networks HTTP/1.1" status: 201 len: 832 time: 1.2267299
2026-05-05 18:24:23.962 10 INFO neutron.db.securitygroups_db [None req-0988672b-e51d-4ffb-bceb-5cd0d81c53d5 f3a2bbdf4d924bcea118735f3fc6e240 84103cfa650f407ea23b7ad8680cc4a6 - - - -] Project 84103cfa650f407ea23b7ad8680cc4a6 added a security group rule with legacy IPv6 ICMP protocol name icmp, ipv6-icmp should be used instead. It was automatically converted.
2026-05-05 18:24:24.079 9 INFO neutron.db.segments_db [None req-dab2bf4b-f3f5-414f-8a57-fe069017eeae 4c3a8b9ad6f449bcaaafb20e4c643567 0b53a5c70e644ae8bcab0f9985cf0415 - - - -] Added segment 7d9822cf-860d-49b7-bc89-1d56c7fa8c9b of type geneve for network a1500088-38e2-498b-bb90-051d7a864a0e
2026-05-05 18:24:24.181 10 INFO neutron.db.ovn_revision_numbers_db [None req-0988672b-e51d-4ffb-bceb-5cd0d81c53d5 f3a2bbdf4d924bcea118735f3fc6e240 84103cfa650f407ea23b7ad8680cc4a6 - - - -] Successfully bumped revision number for resource c8500fc2-52fb-469c-9a15-3b6734741667 (type: security_group_rules) to 0
2026-05-05 18:24:24.241 9 INFO neutron.db.ovn_revision_numbers_db [None req-dab2bf4b-f3f5-414f-8a57-fe069017eeae 4c3a8b9ad6f449bcaaafb20e4c643567 0b53a5c70e644ae8bcab0f9985cf0415 - - - -] Successfully bumped revision number for resource a1500088-38e2-498b-bb90-051d7a864a0e (type: networks) to 1
