2026-05-05 18:22:19.999 9 INFO neutron.wsgi [None req-5a11b297-655b-4619-af78-0b17cbba2d7c 8616c1b59f9c46c4bdbd80e414f1fc19 adee8136ea3749df9a90f20e74b7cff9 - - default default] 10.0.0.159 "GET /v2.0/extensions/standard-attr-tag HTTP/1.1" status: 200 len: 537 time: 0.0067091
2026-05-05 18:22:20.009 9 INFO neutron.wsgi [None req-4922f8d2-2e09-408f-8826-e68d6f3b26f9 8616c1b59f9c46c4bdbd80e414f1fc19 adee8136ea3749df9a90f20e74b7cff9 - - default default] 10.0.0.159 "GET /v2.0/extensions/standard-attr-timestamp HTTP/1.1" status: 200 len: 449 time: 0.0045335
2026-05-05 18:22:20.012 9 INFO neutron.plugins.ml2.plugin [None req-f0a85cf2-73d7-417c-9093-4b05602f06eb - - - - - -] Attempt 1 to provision port 35a5b1b4-dbd1-4200-8e6a-6ecb6fff86d6
2026-05-05 18:22:20.026 10 INFO neutron.wsgi [req-decb4872-3ca3-4580-94f6-b723c9bacc59 req-f15ffa39-87b2-4a85-9e23-3b6cb9d68593 44e38bcf3e2e4be2ad10580fff5ac83f a6fe8d98f3094f7886a2a2f5b0885d05 - - 4bf83d4858b5484d8f5c80b2b7877723 4bf83d4858b5484d8f5c80b2b7877723] 199.19.213.140 "GET /v2.0/networks/fc59eb33-df22-4c3a-ade1-5837876efe00?fields=provider%3Aphysical_network&fields=provider%3Anetwork_type HTTP/1.1" status: 200 len: 277 time: 0.0945976
2026-05-05 18:22:20.031 10 INFO neutron.wsgi [None req-a10d13c6-14ff-4816-b088-5e6bba036f7c 8616c1b59f9c46c4bdbd80e414f1fc19 adee8136ea3749df9a90f20e74b7cff9 - - default default] 10.0.0.159 "GET /v2.0/extensions/trunk HTTP/1.1" status: 200 len: 358 time: 0.0080426
2026-05-05 18:22:20.041 10 INFO neutron.wsgi [None req-857b786d-c051-483e-81df-b6ac777067a1 8616c1b59f9c46c4bdbd80e414f1fc19 adee8136ea3749df9a90f20e74b7cff9 - - default default] 10.0.0.159 "GET /v2.0/extensions/trunk-details HTTP/1.1" status: 200 len: 362 time: 0.0044584
2026-05-05 18:22:20.163 9 INFO neutron.notifiers.nova [-] Nova event matching ['req-b2efd690-9faf-44ac-ad27-6ddac75dd6cf'] response: {'server_uuid': 'c7f2a831-379c-477f-a848-9b610eedb152', 'name': 'network-vif-plugged', 'status': 'completed', 'tag': '35a5b1b4-dbd1-4200-8e6a-6ecb6fff86d6', 'code': 200}
2026-05-05 18:22:20.368 9 INFO neutron.db.ovn_revision_numbers_db [None req-f0a85cf2-73d7-417c-9093-4b05602f06eb - - - - - -] Successfully bumped revision number for resource 35a5b1b4-dbd1-4200-8e6a-6ecb6fff86d6 (type: ports) to 4
2026-05-05 18:22:20.431 9 INFO neutron.plugins.ml2.drivers.ovn.mech_driver.mech_driver [None req-f0a85cf2-73d7-417c-9093-4b05602f06eb - - - - - -] OVN reports status down for port: 7bffdb56-15ca-41e6-b73b-20cecd1e97fd
2026-05-05 18:22:20.775 9 INFO neutron.db.ovn_revision_numbers_db [None req-f0a85cf2-73d7-417c-9093-4b05602f06eb - - - - - -] Successfully bumped revision number for resource 7bffdb56-15ca-41e6-b73b-20cecd1e97fd (type: ports) to 5
2026-05-05 18:22:20.836 10 INFO neutron.wsgi [req-76eda66b-6840-4f72-86c0-be45e1f41ec5 req-f66b9be0-dd64-4213-b086-9e96a3d7a354 b251c6d33e234f22b896f3c2af6fa28c 8996ab83b24a44d1b54d22a9e0bdeedc - - default default] 10.0.0.191 "GET /v2.0/ports?device_id=7065267b-173c-4196-9023-868ce2f2356c HTTP/1.1" status: 200 len: 1168 time: 0.0657897
2026-05-05 18:22:20.893 10 INFO neutron.wsgi [req-76eda66b-6840-4f72-86c0-be45e1f41ec5 req-b4974c16-4b7a-4fd1-a0cb-cda0c703ac32 b251c6d33e234f22b896f3c2af6fa28c 8996ab83b24a44d1b54d22a9e0bdeedc - - default default] 10.0.0.191 "GET /v2.0/security-groups?id=d2a12f95-26bd-4457-b36f-756943d1a270&fields=id&fields=name HTTP/1.1" status: 200 len: 312 time: 0.0494676
2026-05-05 18:22:20.961 10 INFO neutron.db.ovn_revision_numbers_db [None req-75def219-ec8b-43cc-a096-aad473617f09 0b14b58a11c7450988da3dcd3a66c133 a43616b0c9c04e6c9b2f5c5139d50744 - - default default] Successfully bumped revision number for resource b911a078-1a53-4ba0-bd3d-2e8092b01f46 (type: security_groups) to 1
2026-05-05 18:22:20.995 10 INFO neutron.wsgi [None req-75def219-ec8b-43cc-a096-aad473617f09 0b14b58a11c7450988da3dcd3a66c133 a43616b0c9c04e6c9b2f5c5139d50744 - - default default] 10.0.0.159 "GET /v2.0/security-groups?tenant_id=adee8136ea3749df9a90f20e74b7cff9&name=default HTTP/1.1" status: 200 len: 2996 time: 0.3455954
2026-05-05 18:22:21.026 9 INFO neutron.plugins.ml2.drivers.ovn.mech_driver.mech_driver [None req-f0a85cf2-73d7-417c-9093-4b05602f06eb - - - - - -] OVN reports status up for port: 7bffdb56-15ca-41e6-b73b-20cecd1e97fd
2026-05-05 18:22:21.043 9 INFO neutron.plugins.ml2.plugin [None req-f0a85cf2-73d7-417c-9093-4b05602f06eb - - - - - -] Attempt 1 to provision port 7bffdb56-15ca-41e6-b73b-20cecd1e97fd
2026-05-05 18:22:21.175 10 INFO neutron.wsgi [req-ecb8a041-89f4-483c-9d14-b8f4aa7671ad req-bdfd9ee2-7d5c-45ec-9d7a-987e081ba1b1 19ad022c26a74d08be23ac27825adc2d 877d3fe1b9914f43b79ae071b985ddce - - default default] 10.0.0.191 "GET /v2.0/ports?device_id=c7f2a831-379c-477f-a848-9b610eedb152 HTTP/1.1" status: 200 len: 1170 time: 0.0455532
2026-05-05 18:22:21.244 10 INFO neutron.wsgi [req-ecb8a041-89f4-483c-9d14-b8f4aa7671ad req-11427504-8dec-43fa-a1f0-8f9f2bc6cec4 19ad022c26a74d08be23ac27825adc2d 877d3fe1b9914f43b79ae071b985ddce - - default default] 10.0.0.191 "GET /v2.0/security-groups?id=f6098d73-23ae-404e-af58-360744056ca7&fields=id&fields=name HTTP/1.1" status: 200 len: 313 time: 0.0483527
2026-05-05 18:22:21.358 10 INFO neutron.wsgi [None req-d48f0396-293d-4cd6-9b27-d6446f19e8cd 0b14b58a11c7450988da3dcd3a66c133 a43616b0c9c04e6c9b2f5c5139d50744 - - - -] 10.0.0.159 "DELETE /v2.0/security-groups/b911a078-1a53-4ba0-bd3d-2e8092b01f46 HTTP/1.1" status: 204 len: 168 time: 0.3509638
2026-05-05 18:22:21.374 9 INFO neutron.db.ovn_revision_numbers_db [None req-f0a85cf2-73d7-417c-9093-4b05602f06eb - - - - - -] Successfully bumped revision number for resource 7bffdb56-15ca-41e6-b73b-20cecd1e97fd (type: ports) to 6
2026-05-05 18:22:21.381 10 INFO neutron.wsgi [req-c0eec976-4578-47f5-9828-78336116eda9 req-74663b61-6a09-438e-9185-7aee9da70839 19ad022c26a74d08be23ac27825adc2d 877d3fe1b9914f43b79ae071b985ddce - - default default] 10.0.0.191 "GET /v2.0/ports?device_id=c7f2a831-379c-477f-a848-9b610eedb152 HTTP/1.1" status: 200 len: 1170 time: 0.0410004
2026-05-05 18:22:21.683 10 INFO neutron.db.l3_db [None req-c8b41819-50eb-4b87-b05b-0f5ae2f9aed9 19ad022c26a74d08be23ac27825adc2d 877d3fe1b9914f43b79ae071b985ddce - - - -] Floating IP f654eb83-7b6a-4e46-8172-1bec3cc098f9 associated. External IP: 10.96.250.202, port: 35a5b1b4-dbd1-4200-8e6a-6ecb6fff86d6.
2026-05-05 18:22:21.899 10 INFO neutron.db.ovn_revision_numbers_db [None req-c8b41819-50eb-4b87-b05b-0f5ae2f9aed9 19ad022c26a74d08be23ac27825adc2d 877d3fe1b9914f43b79ae071b985ddce - - - -] Successfully bumped revision number for resource f654eb83-7b6a-4e46-8172-1bec3cc098f9 (type: floatingips) to 1 /var/lib/openstack/lib/python3.10/site-packages/pycadf/identifier.py:71: UserWarning: Invalid uuid: neutron. To ensure interoperability, identifiers should be a valid uuid. warnings.warn(('Invalid uuid: %s. To ensure interoperability, '
2026-05-05 18:22:22.026 10 INFO neutron.db.ovn_revision_numbers_db [None req-c8b41819-50eb-4b87-b05b-0f5ae2f9aed9 19ad022c26a74d08be23ac27825adc2d 877d3fe1b9914f43b79ae071b985ddce - - - -] Successfully bumped revision number for resource f654eb83-7b6a-4e46-8172-1bec3cc098f9 (type: floatingips) to 2
2026-05-05 18:22:22.035 10 INFO neutron.wsgi [req-79cf1268-8cf6-494e-af36-555d7da8eaf7 req-ddcd858b-399a-4e76-8699-69a64a4ef675 b251c6d33e234f22b896f3c2af6fa28c 8996ab83b24a44d1b54d22a9e0bdeedc - - default default] 10.0.0.191 "GET /v2.0/ports?device_id=7065267b-173c-4196-9023-868ce2f2356c HTTP/1.1" status: 200 len: 1170 time: 0.0602369
2026-05-05 18:22:22.062 10 INFO neutron.wsgi [None req-c8b41819-50eb-4b87-b05b-0f5ae2f9aed9 19ad022c26a74d08be23ac27825adc2d 877d3fe1b9914f43b79ae071b985ddce - - - -] 10.0.0.159 "PUT /v2.0/floatingips/f654eb83-7b6a-4e46-8172-1bec3cc098f9 HTTP/1.1" status: 200 len: 1049 time: 0.6658154
2026-05-05 18:22:22.111 10 INFO neutron.wsgi [req-79cf1268-8cf6-494e-af36-555d7da8eaf7 req-9106fa4c-4801-40f7-b318-6f29f800366b b251c6d33e234f22b896f3c2af6fa28c 8996ab83b24a44d1b54d22a9e0bdeedc - - default default] 10.0.0.191 "GET /v2.0/security-groups?id=d2a12f95-26bd-4457-b36f-756943d1a270&fields=id&fields=name HTTP/1.1" status: 200 len: 312 time: 0.0660036
2026-05-05 18:22:22.163 10 INFO neutron.wsgi [req-c4e2888a-af7e-42f5-b25c-91e2d24af888 req-fde0a032-9c50-4550-9956-e2f3cbce962c 19ad022c26a74d08be23ac27825adc2d 877d3fe1b9914f43b79ae071b985ddce - - default default] 10.0.0.191 "GET /v2.0/ports?device_id=c7f2a831-379c-477f-a848-9b610eedb152 HTTP/1.1" status: 200 len: 1170 time: 0.0442548
2026-05-05 18:22:22.164 10 INFO neutron.notifiers.nova [-] Nova event matching ['req-5f1c1fbc-4ce4-4b7b-b476-85f7eba7c1f0'] response: {'name': 'network-changed', 'server_uuid': 'c7f2a831-379c-477f-a848-9b610eedb152', 'tag': '35a5b1b4-dbd1-4200-8e6a-6ecb6fff86d6', 'status': 'completed', 'code': 200}
2026-05-05 18:22:22.213 9 INFO neutron.notifiers.nova [-] Nova event matching ['req-9ac91788-cfd4-485b-8ed2-799232abad62'] response: {'server_uuid': 'c7f2a831-379c-477f-a848-9b610eedb152', 'name': 'network-vif-plugged', 'status': 'completed', 'tag': '35a5b1b4-dbd1-4200-8e6a-6ecb6fff86d6', 'code': 200}
2026-05-05 18:22:22.213 9 INFO neutron.notifiers.nova [-] Nova event matching ['req-9ac91788-cfd4-485b-8ed2-799232abad62'] response: {'server_uuid': '7065267b-173c-4196-9023-868ce2f2356c', 'name': 'network-vif-unplugged', 'status': 'completed', 'tag': '7bffdb56-15ca-41e6-b73b-20cecd1e97fd', 'code': 200}
2026-05-05 18:22:22.213 9 INFO neutron.notifiers.nova [-] Nova event matching ['req-9ac91788-cfd4-485b-8ed2-799232abad62'] response: {'server_uuid': '7065267b-173c-4196-9023-868ce2f2356c', 'name': 'network-vif-plugged', 'status': 'completed', 'tag': '7bffdb56-15ca-41e6-b73b-20cecd1e97fd', 'code': 200}
2026-05-05 18:22:22.214 9 INFO neutron.notifiers.nova [-] Nova event matching ['req-9ac91788-cfd4-485b-8ed2-799232abad62'] response: {'server_uuid': '7065267b-173c-4196-9023-868ce2f2356c', 'name': 'network-vif-plugged', 'status': 'completed', 'tag': '7bffdb56-15ca-41e6-b73b-20cecd1e97fd', 'code': 200}
2026-05-05 18:22:22.214 9 INFO neutron.notifiers.nova [-] Nova event matching ['req-9ac91788-cfd4-485b-8ed2-799232abad62'] response: {'server_uuid': '7065267b-173c-4196-9023-868ce2f2356c', 'name': 'network-vif-plugged', 'status': 'completed', 'tag': '7bffdb56-15ca-41e6-b73b-20cecd1e97fd', 'code': 200}
2026-05-05 18:22:22.238 10 INFO neutron.wsgi [req-c4e2888a-af7e-42f5-b25c-91e2d24af888 req-7ef9a438-9c48-43d6-99cc-eefdeb78524b 19ad022c26a74d08be23ac27825adc2d 877d3fe1b9914f43b79ae071b985ddce - - default default] 10.0.0.191 "GET /v2.0/security-groups?id=f6098d73-23ae-404e-af58-360744056ca7&fields=id&fields=name HTTP/1.1" status: 200 len: 313 time: 0.0632138
2026-05-05 18:22:22.242 10 INFO neutron.wsgi [req-fa5b044f-9c06-42f2-b246-6ecc40a13c6c req-6b040565-ed9b-4c57-b974-6a7ddaab7f43 44e38bcf3e2e4be2ad10580fff5ac83f a6fe8d98f3094f7886a2a2f5b0885d05 - - 4bf83d4858b5484d8f5c80b2b7877723 4bf83d4858b5484d8f5c80b2b7877723] 199.19.213.140 "GET /v2.0/ports?tenant_id=877d3fe1b9914f43b79ae071b985ddce&device_id=c7f2a831-379c-477f-a848-9b610eedb152 HTTP/1.1" status: 200 len: 1361 time: 0.0497158
2026-05-05 18:22:22.348 10 INFO neutron.wsgi [req-fa5b044f-9c06-42f2-b246-6ecc40a13c6c req-32158c40-429b-4c5c-9cae-2bc9a7bbebf9 44e38bcf3e2e4be2ad10580fff5ac83f a6fe8d98f3094f7886a2a2f5b0885d05 - - 4bf83d4858b5484d8f5c80b2b7877723 4bf83d4858b5484d8f5c80b2b7877723] 199.19.213.140 "GET /v2.0/networks?id=e2b7acfe-1076-4f69-abee-211a5d56eabc HTTP/1.1" status: 200 len: 977 time: 0.0914054
2026-05-05 18:22:22.413 10 INFO neutron.wsgi [req-fa5b044f-9c06-42f2-b246-6ecc40a13c6c req-a9894361-af12-478d-b89b-1602ca24026f 44e38bcf3e2e4be2ad10580fff5ac83f a6fe8d98f3094f7886a2a2f5b0885d05 - - 4bf83d4858b5484d8f5c80b2b7877723 4bf83d4858b5484d8f5c80b2b7877723] 199.19.213.140 "GET /v2.0/floatingips?fixed_ip_address=10.100.0.6&port_id=35a5b1b4-dbd1-4200-8e6a-6ecb6fff86d6 HTTP/1.1" status: 200 len: 1059 time: 0.0504408
2026-05-05 18:22:22.456 10 INFO neutron.wsgi [req-fa5b044f-9c06-42f2-b246-6ecc40a13c6c req-ca4285c8-7965-4d89-ae9f-fb9f10d3f7bd 44e38bcf3e2e4be2ad10580fff5ac83f a6fe8d98f3094f7886a2a2f5b0885d05 - - 4bf83d4858b5484d8f5c80b2b7877723 4bf83d4858b5484d8f5c80b2b7877723] 199.19.213.140 "GET /v2.0/subnets?id=7a281336-4d08-4100-af4d-7deeb7a4e05f HTTP/1.1" status: 200 len: 872 time: 0.0356679
2026-05-05 18:22:22.501 10 INFO neutron.wsgi [req-fa5b044f-9c06-42f2-b246-6ecc40a13c6c req-2fff2dc1-3a83-4b66-889b-64b61a9fb211 44e38bcf3e2e4be2ad10580fff5ac83f a6fe8d98f3094f7886a2a2f5b0885d05 - - 4bf83d4858b5484d8f5c80b2b7877723 4bf83d4858b5484d8f5c80b2b7877723] 199.19.213.140 "GET /v2.0/ports?network_id=e2b7acfe-1076-4f69-abee-211a5d56eabc&device_owner=network%3Adhcp HTTP/1.1" status: 200 len: 210 time: 0.0355978
2026-05-05 18:22:22.574 10 INFO neutron.wsgi [req-fa5b044f-9c06-42f2-b246-6ecc40a13c6c req-ab092730-ac47-4a3f-983d-76c94add54e2 44e38bcf3e2e4be2ad10580fff5ac83f a6fe8d98f3094f7886a2a2f5b0885d05 - - 4bf83d4858b5484d8f5c80b2b7877723 4bf83d4858b5484d8f5c80b2b7877723] 199.19.213.140 "GET /v2.0/networks/e2b7acfe-1076-4f69-abee-211a5d56eabc?fields=segments HTTP/1.1" status: 200 len: 212 time: 0.0670335
2026-05-05 18:22:22.661 10 INFO neutron.wsgi [req-fa5b044f-9c06-42f2-b246-6ecc40a13c6c req-7a9f4176-4460-4a59-a20d-72eaeb4df233 44e38bcf3e2e4be2ad10580fff5ac83f a6fe8d98f3094f7886a2a2f5b0885d05 - - 4bf83d4858b5484d8f5c80b2b7877723 4bf83d4858b5484d8f5c80b2b7877723] 199.19.213.140 "GET /v2.0/networks/e2b7acfe-1076-4f69-abee-211a5d56eabc?fields=provider%3Aphysical_network&fields=provider%3Anetwork_type HTTP/1.1" status: 200 len: 277 time: 0.0792727
2026-05-05 18:22:22.693 10 INFO neutron.wsgi [req-837616ff-b4de-4bc1-bc43-066e9b821705 req-2f58816c-102d-44b0-b425-034b419d6a0e 19ad022c26a74d08be23ac27825adc2d 877d3fe1b9914f43b79ae071b985ddce - - default default] 10.0.0.191 "GET /v2.0/ports?device_id=c7f2a831-379c-477f-a848-9b610eedb152 HTTP/1.1" status: 200 len: 1170 time: 0.0367534
2026-05-05 18:22:22.737 10 INFO neutron.wsgi [req-837616ff-b4de-4bc1-bc43-066e9b821705 req-3e8fca69-c1fb-40cb-9c29-e387ed536ff7 19ad022c26a74d08be23ac27825adc2d 877d3fe1b9914f43b79ae071b985ddce - - default default] 10.0.0.191 "GET /v2.0/security-groups?id=f6098d73-23ae-404e-af58-360744056ca7&fields=id&fields=name HTTP/1.1" status: 200 len: 313 time: 0.0353231
2026-05-05 18:22:22.757 9 INFO neutron.plugins.ml2.drivers.ovn.mech_driver.mech_driver [None req-f0a85cf2-73d7-417c-9093-4b05602f06eb - - - - - -] OVN reports status down for port: 35a5b1b4-dbd1-4200-8e6a-6ecb6fff86d6
2026-05-05 18:22:23.150 10 INFO neutron.wsgi [req-e1266ea7-9aee-4afc-bf01-4fb7ac659889 req-9a3d7081-b788-4101-b63e-27a315770117 19ad022c26a74d08be23ac27825adc2d 877d3fe1b9914f43b79ae071b985ddce - - default default] 199.19.213.140 "GET /v2.0/ports?device_id=c7f2a831-379c-477f-a848-9b610eedb152 HTTP/1.1" status: 200 len: 1168 time: 0.1354637
2026-05-05 18:22:23.185 9 INFO neutron.db.ovn_revision_numbers_db [None req-f0a85cf2-73d7-417c-9093-4b05602f06eb - - - - - -] Successfully bumped revision number for resource 35a5b1b4-dbd1-4200-8e6a-6ecb6fff86d6 (type: ports) to 5
2026-05-05 18:22:23.228 10 INFO neutron.wsgi [req-525486f3-867f-42e2-9f6a-72951e323b44 req-33aa4618-19dc-4b56-b443-0b5c343b5b25 b251c6d33e234f22b896f3c2af6fa28c 8996ab83b24a44d1b54d22a9e0bdeedc - - default default] 10.0.0.191 "GET /v2.0/ports?device_id=7065267b-173c-4196-9023-868ce2f2356c HTTP/1.1" status: 200 len: 1170 time: 0.0425785
2026-05-05 18:22:23.292 10 INFO neutron.wsgi [req-525486f3-867f-42e2-9f6a-72951e323b44 req-a37a5e94-f7f9-44e7-a9a5-274f9517c25e b251c6d33e234f22b896f3c2af6fa28c 8996ab83b24a44d1b54d22a9e0bdeedc - - default default] 10.0.0.191 "GET /v2.0/security-groups?id=d2a12f95-26bd-4457-b36f-756943d1a270&fields=id&fields=name HTTP/1.1" status: 200 len: 312 time: 0.0482762 /var/lib/openstack/lib/python3.10/site-packages/pycadf/identifier.py:71: UserWarning: Invalid uuid: neutron. To ensure interoperability, identifiers should be a valid uuid. warnings.warn(('Invalid uuid: %s. To ensure interoperability, '
2026-05-05 18:22:23.586 9 INFO neutron.db.ovn_revision_numbers_db [None req-d2b6a717-7f6c-446c-b036-4ee3b613984a f77a43963ad349a29b644f45804323c8 523e80a437f2464bacaf4648c5c169c5 - - - -] Successfully bumped revision number for resource 816a8d42-95a0-4cd0-a05d-73dafeae8b8c (type: security_groups) to 1
2026-05-05 18:22:23.638 9 INFO neutron.db.segments_db [None req-d2b6a717-7f6c-446c-b036-4ee3b613984a f77a43963ad349a29b644f45804323c8 523e80a437f2464bacaf4648c5c169c5 - - - -] Added segment 45270a69-37f3-4032-9e5a-37f0b19a1acf of type geneve for network c75b59f9-d6d5-4584-bc19-0f9b6d8190f3
2026-05-05 18:22:23.789 9 INFO neutron.db.ovn_revision_numbers_db [None req-d2b6a717-7f6c-446c-b036-4ee3b613984a f77a43963ad349a29b644f45804323c8 523e80a437f2464bacaf4648c5c169c5 - - - -] Successfully bumped revision number for resource c75b59f9-d6d5-4584-bc19-0f9b6d8190f3 (type: networks) to 1
2026-05-05 18:22:23.927 10 INFO neutron.db.l3_db [None req-c8d9d2c1-d261-4fd4-bc6a-e2e4392da01c 19ad022c26a74d08be23ac27825adc2d 877d3fe1b9914f43b79ae071b985ddce - - - -] Floating IP f654eb83-7b6a-4e46-8172-1bec3cc098f9 disassociated. External IP: 10.96.250.202, port: 35a5b1b4-dbd1-4200-8e6a-6ecb6fff86d6.
2026-05-05 18:22:24.082 9 WARNING neutron.scheduler.dhcp_agent_scheduler [None req-d2b6a717-7f6c-446c-b036-4ee3b613984a f77a43963ad349a29b644f45804323c8 523e80a437f2464bacaf4648c5c169c5 - - - -] No more DHCP agents
2026-05-05 18:22:24.085 9 WARNING neutron.api.rpc.agentnotifiers.dhcp_rpc_agent_api [None req-d2b6a717-7f6c-446c-b036-4ee3b613984a f77a43963ad349a29b644f45804323c8 523e80a437f2464bacaf4648c5c169c5 - - - -] Unable to schedule network c75b59f9-d6d5-4584-bc19-0f9b6d8190f3: no agents available; will retry on subsequent port and subnet creation events.
2026-05-05 18:22:24.086 10 INFO neutron.wsgi [req-84a1e143-9c61-4675-841c-2962c2c70f1c req-ae4bad85-9301-4458-bdbd-be67be8e6000 19ad022c26a74d08be23ac27825adc2d 877d3fe1b9914f43b79ae071b985ddce - - default default] 10.0.0.191 "GET /v2.0/ports?device_id=c7f2a831-379c-477f-a848-9b610eedb152 HTTP/1.1" status: 200 len: 1168 time: 0.1988049 /var/lib/openstack/lib/python3.10/site-packages/pycadf/identifier.py:71: UserWarning: Invalid uuid: neutron. To ensure interoperability, identifiers should be a valid uuid. warnings.warn(('Invalid uuid: %s. To ensure interoperability, '
2026-05-05 18:22:24.157 9 INFO neutron.wsgi [req-546b5a30-cc2b-4cbb-bd60-1f70107be0aa req-699dca01-7012-4496-80f2-12b7050f9b5e 44e38bcf3e2e4be2ad10580fff5ac83f a6fe8d98f3094f7886a2a2f5b0885d05 - - 4bf83d4858b5484d8f5c80b2b7877723 4bf83d4858b5484d8f5c80b2b7877723] 10.0.0.87 "GET /v2.0/ports?device_id=0f4815de-bd59-4ac0-ac8b-ac3151f794c2 HTTP/1.1" status: 200 len: 1361 time: 0.0557258
2026-05-05 18:22:24.163 10 INFO neutron.wsgi [req-84a1e143-9c61-4675-841c-2962c2c70f1c req-a1ca4487-946f-4285-89af-a88c8327329a 19ad022c26a74d08be23ac27825adc2d 877d3fe1b9914f43b79ae071b985ddce - - default default] 10.0.0.191 "GET /v2.0/security-groups?id=f6098d73-23ae-404e-af58-360744056ca7&fields=id&fields=name HTTP/1.1" status: 200 len: 313 time: 0.0700123
2026-05-05 18:22:24.240 9 INFO neutron.db.ovn_revision_numbers_db [None req-d2b6a717-7f6c-446c-b036-4ee3b613984a f77a43963ad349a29b644f45804323c8 523e80a437f2464bacaf4648c5c169c5 - - - -] Successfully bumped revision number for resource 19742299-466a-4af4-9bfa-8ed61364ed17 (type: ports) to 1
2026-05-05 18:22:24.258 9 INFO neutron.wsgi [req-546b5a30-cc2b-4cbb-bd60-1f70107be0aa req-38019062-d3ef-4927-be48-b3a366f74f7b 44e38bcf3e2e4be2ad10580fff5ac83f a6fe8d98f3094f7886a2a2f5b0885d05 - - 4bf83d4858b5484d8f5c80b2b7877723 4bf83d4858b5484d8f5c80b2b7877723] 10.0.0.87 "GET /v2.0/security-groups?id=9897b8cd-b953-487e-9b6e-9ad3ead9a54e&fields=id&fields=name HTTP/1.1" status: 200 len: 313 time: 0.0934730
2026-05-05 18:22:24.265 9 INFO neutron.notifiers.nova [-] Nova event matching ['req-42b848b8-bf38-49d3-8fe6-dc5f646bdad1'] response: {'server_uuid': 'c7f2a831-379c-477f-a848-9b610eedb152', 'name': 'network-vif-unplugged', 'status': 'completed', 'tag': '35a5b1b4-dbd1-4200-8e6a-6ecb6fff86d6', 'code': 200}
2026-05-05 18:22:24.265 9 INFO neutron.notifiers.nova [-] Nova event matching ['req-42b848b8-bf38-49d3-8fe6-dc5f646bdad1'] response: {'server_uuid': 'c7f2a831-379c-477f-a848-9b610eedb152', 'name': 'network-vif-plugged', 'status': 'completed', 'tag': '35a5b1b4-dbd1-4200-8e6a-6ecb6fff86d6', 'code': 200}
2026-05-05 18:22:24.306 9 INFO neutron.wsgi [None req-d2b6a717-7f6c-446c-b036-4ee3b613984a f77a43963ad349a29b644f45804323c8 523e80a437f2464bacaf4648c5c169c5 - - - -] 10.0.0.159 "POST /v2.0/networks HTTP/1.1" status: 201 len: 849 time: 1.0357890
2026-05-05 18:22:24.336 10 INFO neutron.wsgi [None req-c8d9d2c1-d261-4fd4-bc6a-e2e4392da01c 19ad022c26a74d08be23ac27825adc2d 877d3fe1b9914f43b79ae071b985ddce - - - -] 199.19.213.140 "DELETE /v2.0/ports/35a5b1b4-dbd1-4200-8e6a-6ecb6fff86d6 HTTP/1.1" status: 204 len: 173 time: 1.1818793
2026-05-05 18:22:24.385 10 INFO neutron.notifiers.nova [-] Nova event matching ['req-645fd3a2-2c37-43ed-a719-f675003c21b5'] response: {'server_uuid': 'c7f2a831-379c-477f-a848-9b610eedb152', 'name': 'network-vif-deleted', 'tag': '35a5b1b4-dbd1-4200-8e6a-6ecb6fff86d6', 'status': 'completed', 'code': 200}
2026-05-05 18:22:24.761 9 WARNING neutron.scheduler.dhcp_agent_scheduler [None req-bd797631-aec0-4513-b56e-957d1bb67aef f77a43963ad349a29b644f45804323c8 523e80a437f2464bacaf4648c5c169c5 - - - -] No more DHCP agents
2026-05-05 18:22:24.764 9 WARNING neutron.api.rpc.agentnotifiers.dhcp_rpc_agent_api [None req-bd797631-aec0-4513-b56e-957d1bb67aef f77a43963ad349a29b644f45804323c8 523e80a437f2464bacaf4648c5c169c5 - - - -] Unable to schedule network c75b59f9-d6d5-4584-bc19-0f9b6d8190f3: no agents available; will retry on subsequent port and subnet creation events.
2026-05-05 18:22:24.822 9 INFO neutron.db.ovn_revision_numbers_db [None req-bd797631-aec0-4513-b56e-957d1bb67aef f77a43963ad349a29b644f45804323c8 523e80a437f2464bacaf4648c5c169c5 - - - -] Successfully bumped revision number for resource ce716319-1618-49c6-86e0-45b1e840d44c (type: subnets) to 0
2026-05-05 18:22:24.854 9 INFO neutron.wsgi [None req-bd797631-aec0-4513-b56e-957d1bb67aef f77a43963ad349a29b644f45804323c8 523e80a437f2464bacaf4648c5c169c5 - - - -] 10.0.0.159 "POST /v2.0/subnets HTTP/1.1" status: 201 len: 802 time: 0.5425332
2026-05-05 18:22:25.071 10 INFO neutron.wsgi [-] 10.0.0.183 "GET / HTTP/1.1" status: 200 len: 247 time: 0.0030723
2026-05-05 18:22:25.077 10 INFO neutron.wsgi [-] 10.0.0.183 "GET / HTTP/1.1" status: 200 len: 247 time: 0.0035589
2026-05-05 18:22:25.719 10 INFO neutron.wsgi [None req-2086d7c8-6cce-48b4-8729-dfe43bd21bec 19ad022c26a74d08be23ac27825adc2d 877d3fe1b9914f43b79ae071b985ddce - - - -] 10.0.0.159 "DELETE /v2.0/security-groups/f6098d73-23ae-404e-af58-360744056ca7 HTTP/1.1" status: 204 len: 168 time: 0.4176939
2026-05-05 18:22:25.752 9 INFO neutron.api.v2.resource [None req-d01ebf08-ae6f-47dc-8113-a46f352eff6e 19ad022c26a74d08be23ac27825adc2d 877d3fe1b9914f43b79ae071b985ddce - - default default] show failed (client error): The resource could not be found.
2026-05-05 18:22:25.754 9 INFO neutron.wsgi [None req-d01ebf08-ae6f-47dc-8113-a46f352eff6e 19ad022c26a74d08be23ac27825adc2d 877d3fe1b9914f43b79ae071b985ddce - - default default] 10.0.0.159 "GET /v2.0/security-groups/f6098d73-23ae-404e-af58-360744056ca7 HTTP/1.1" status: 404 len: 347 time: 0.0237865
2026-05-05 18:22:25.994 9 WARNING neutron.scheduler.dhcp_agent_scheduler [None req-921a8965-d733-4cb5-aea1-2f304f2b07a8 f77a43963ad349a29b644f45804323c8 523e80a437f2464bacaf4648c5c169c5 - - - -] No more DHCP agents
2026-05-05 18:22:25.995 9 WARNING neutron.api.rpc.agentnotifiers.dhcp_rpc_agent_api [None req-921a8965-d733-4cb5-aea1-2f304f2b07a8 f77a43963ad349a29b644f45804323c8 523e80a437f2464bacaf4648c5c169c5 - - - -] Unable to schedule network 732d28ec-5654-4a0b-9d22-f70b8a8d3d40: no agents available; will retry on subsequent port and subnet creation events.
2026-05-05 18:22:26.223 9 INFO neutron.db.ovn_revision_numbers_db [None req-921a8965-d733-4cb5-aea1-2f304f2b07a8 f77a43963ad349a29b644f45804323c8 523e80a437f2464bacaf4648c5c169c5 - - - -] Successfully bumped revision number for resource 904c5e25-89f6-4c53-b10b-a964ba0dee6e (type: ports) to 1
2026-05-05 18:22:26.338 10 INFO neutron.wsgi [None req-b9cc6342-2158-4053-a759-3c4e18495d3a 19ad022c26a74d08be23ac27825adc2d 877d3fe1b9914f43b79ae071b985ddce - - - -] 10.0.0.159 "DELETE /v2.0/floatingips/f654eb83-7b6a-4e46-8172-1bec3cc098f9 HTTP/1.1" status: 204 len: 168 time: 0.5752430
2026-05-05 18:22:26.950 10 INFO neutron.plugins.ml2.drivers.ovn.mech_driver.mech_driver [None req-c0162481-e94e-465b-9401-2cc8c42cf396 - - - - - -] OVN reports status up for port: 904c5e25-89f6-4c53-b10b-a964ba0dee6e
2026-05-05 18:22:26.957 10 INFO neutron.plugins.ml2.plugin [None req-c0162481-e94e-465b-9401-2cc8c42cf396 - - - - - -] Attempt 1 to provision port 904c5e25-89f6-4c53-b10b-a964ba0dee6e
2026-05-05 18:22:26.961 9 INFO neutron.db.ovn_revision_numbers_db [None req-921a8965-d733-4cb5-aea1-2f304f2b07a8 f77a43963ad349a29b644f45804323c8 523e80a437f2464bacaf4648c5c169c5 - - - -] Successfully bumped revision number for resource 904c5e25-89f6-4c53-b10b-a964ba0dee6e (type: router_ports) to 1
2026-05-05 18:22:27.038 9 INFO neutron.db.ovn_revision_numbers_db [None req-921a8965-d733-4cb5-aea1-2f304f2b07a8 f77a43963ad349a29b644f45804323c8 523e80a437f2464bacaf4648c5c169c5 - - - -] Successfully bumped revision number for resource 02ec67e5-043e-4d1b-9f73-eae5e76053f9 (type: routers) to 3
2026-05-05 18:22:27.079 9 INFO neutron.wsgi [None req-921a8965-d733-4cb5-aea1-2f304f2b07a8 f77a43963ad349a29b644f45804323c8 523e80a437f2464bacaf4648c5c169c5 - - - -] 10.0.0.159 "POST /v2.0/routers HTTP/1.1" status: 201 len: 875 time: 2.2190046
2026-05-05 18:22:28.077 10 WARNING neutron.scheduler.dhcp_agent_scheduler [None req-b445cd4b-5e03-45f5-a1c6-f8e4e2ff9408 f77a43963ad349a29b644f45804323c8 523e80a437f2464bacaf4648c5c169c5 - - default default] No more DHCP agents
2026-05-05 18:22:28.080 10 WARNING neutron.api.rpc.agentnotifiers.dhcp_rpc_agent_api [None req-b445cd4b-5e03-45f5-a1c6-f8e4e2ff9408 f77a43963ad349a29b644f45804323c8 523e80a437f2464bacaf4648c5c169c5 - - default default] Unable to schedule network c75b59f9-d6d5-4584-bc19-0f9b6d8190f3: no agents available; will retry on subsequent port and subnet creation events.
2026-05-05 18:22:28.192 10 INFO neutron.wsgi [None req-2866e576-567b-4a42-af3c-f0fd042920c6 0b14b58a11c7450988da3dcd3a66c133 a43616b0c9c04e6c9b2f5c5139d50744 - - - -] 10.0.0.159 "PUT /v2.0/routers/889e3d90-e6c5-4f80-bf63-72361aa1da64/remove_router_interface HTTP/1.1" status: 200 len: 503 time: 1.8486166
2026-05-05 18:22:28.276 10 INFO neutron.db.ovn_revision_numbers_db [None req-b445cd4b-5e03-45f5-a1c6-f8e4e2ff9408 f77a43963ad349a29b644f45804323c8 523e80a437f2464bacaf4648c5c169c5 - - default default] Successfully bumped revision number for resource ae5116a6-33d6-46cd-80a1-9f2c66881fc3 (type: ports) to 1
2026-05-05 18:22:28.850 10 INFO neutron.db.ovn_revision_numbers_db [None req-b445cd4b-5e03-45f5-a1c6-f8e4e2ff9408 f77a43963ad349a29b644f45804323c8 523e80a437f2464bacaf4648c5c169c5 - - default default] Successfully bumped revision number for resource ae5116a6-33d6-46cd-80a1-9f2c66881fc3 (type: router_ports) to 2
2026-05-05 18:22:28.916 9 INFO neutron.wsgi [None req-28c25329-ab86-47d8-8529-959ceeafd5af 0b14b58a11c7450988da3dcd3a66c133 a43616b0c9c04e6c9b2f5c5139d50744 - - - -] 10.0.0.159 "DELETE /v2.0/routers/889e3d90-e6c5-4f80-bf63-72361aa1da64 HTTP/1.1" status: 204 len: 168 time: 0.7175684
2026-05-05 18:22:29.018 10 INFO neutron.db.ovn_revision_numbers_db [None req-b445cd4b-5e03-45f5-a1c6-f8e4e2ff9408 f77a43963ad349a29b644f45804323c8 523e80a437f2464bacaf4648c5c169c5 - - default default] Successfully bumped revision number for resource ae5116a6-33d6-46cd-80a1-9f2c66881fc3 (type: ports) to 2
2026-05-05 18:22:29.106 10 WARNING neutron.scheduler.dhcp_agent_scheduler [None req-b445cd4b-5e03-45f5-a1c6-f8e4e2ff9408 f77a43963ad349a29b644f45804323c8 523e80a437f2464bacaf4648c5c169c5 - - default default] No more DHCP agents
2026-05-05 18:22:29.108 10 WARNING neutron.api.rpc.agentnotifiers.dhcp_rpc_agent_api [None req-b445cd4b-5e03-45f5-a1c6-f8e4e2ff9408 f77a43963ad349a29b644f45804323c8 523e80a437f2464bacaf4648c5c169c5 - - default default] Unable to schedule network c75b59f9-d6d5-4584-bc19-0f9b6d8190f3: no agents available; will retry on subsequent port and subnet creation events.
2026-05-05 18:22:29.120 9 INFO neutron.wsgi [None req-b8ce2c5a-e16b-4257-8ca2-ee3b6e485a03 0b14b58a11c7450988da3dcd3a66c133 a43616b0c9c04e6c9b2f5c5139d50744 - - - -] 10.0.0.159 "DELETE /v2.0/subnets/7a281336-4d08-4100-af4d-7deeb7a4e05f HTTP/1.1" status: 204 len: 168 time: 0.1981640
2026-05-05 18:22:29.458 10 INFO neutron.db.ovn_revision_numbers_db [None req-b445cd4b-5e03-45f5-a1c6-f8e4e2ff9408 f77a43963ad349a29b644f45804323c8 523e80a437f2464bacaf4648c5c169c5 - - - -] Successfully bumped revision number for resource ae5116a6-33d6-46cd-80a1-9f2c66881fc3 (type: router_ports) to 2
2026-05-05 18:22:29.462 10 INFO neutron.wsgi [None req-b445cd4b-5e03-45f5-a1c6-f8e4e2ff9408 f77a43963ad349a29b644f45804323c8 523e80a437f2464bacaf4648c5c169c5 - - - -] 10.0.0.159 "PUT /v2.0/routers/02ec67e5-043e-4d1b-9f73-eae5e76053f9/add_router_interface HTTP/1.1" status: 200 len: 503 time: 2.3775973 /var/lib/openstack/lib/python3.10/site-packages/pycadf/identifier.py:71: UserWarning: Invalid uuid: neutron. To ensure interoperability, identifiers should be a valid uuid. warnings.warn(('Invalid uuid: %s. To ensure interoperability, '
2026-05-05 18:22:29.772 9 INFO neutron.services.segments.plugin [-] Segment 80460214-9262-4a29-8b6e-e6c144374c6b resource provider aggregate not found
2026-05-05 18:22:29.777 9 INFO neutron.services.segments.plugin [-] Segment 80460214-9262-4a29-8b6e-e6c144374c6b resource provider aggregate not found
2026-05-05 18:22:29.795 9 INFO neutron.services.segments.plugin [-] Segment 80460214-9262-4a29-8b6e-e6c144374c6b resource provider not found; error: Placement Client Error (4xx): {"errors": [{"status": 404, "title": "Not Found", "detail": "The resource could not be found.\n\n No resource provider with uuid 80460214-9262-4a29-8b6e-e6c144374c6b found for delete ", "request_id": "req-65ebd13e-d829-44fa-b3de-5ae84a25200b"}]}
2026-05-05 18:22:29.795 9 INFO neutron.services.segments.plugin [-] Segment 80460214-9262-4a29-8b6e-e6c144374c6b resource provider not found; error: Placement Client Error (4xx): {"errors": [{"status": 404, "title": "Not Found", "detail": "The resource could not be found.\n\n No resource provider with uuid 80460214-9262-4a29-8b6e-e6c144374c6b found for delete ", "request_id": "req-a85f0b22-765c-44c4-bdf9-cf28df9fd906"}]}
2026-05-05 18:22:29.825 9 INFO neutron.wsgi [None req-dbe5dc21-0078-4b41-a6ff-4d2127336496 0b14b58a11c7450988da3dcd3a66c133 a43616b0c9c04e6c9b2f5c5139d50744 - - - -] 10.0.0.159 "DELETE /v2.0/networks/e2b7acfe-1076-4f69-abee-211a5d56eabc HTTP/1.1" status: 204 len: 168 time: 0.6974564
2026-05-05 18:22:29.945 10 WARNING neutron.scheduler.dhcp_agent_scheduler [None req-7b244f42-b5ca-4f45-871f-3871fa835083 f77a43963ad349a29b644f45804323c8 523e80a437f2464bacaf4648c5c169c5 - - - -] No more DHCP agents
2026-05-05 18:22:29.947 10 WARNING neutron.api.rpc.agentnotifiers.dhcp_rpc_agent_api [None req-7b244f42-b5ca-4f45-871f-3871fa835083 f77a43963ad349a29b644f45804323c8 523e80a437f2464bacaf4648c5c169c5 - - - -] Unable to schedule network c75b59f9-d6d5-4584-bc19-0f9b6d8190f3: no agents available; will retry on subsequent port and subnet creation events. /var/lib/openstack/lib/python3.10/site-packages/pycadf/identifier.py:71: UserWarning: Invalid uuid: neutron. To ensure interoperability, identifiers should be a valid uuid. warnings.warn(('Invalid uuid: %s. To ensure interoperability, '
2026-05-05 18:22:30.078 9 INFO neutron.wsgi [None req-a9af3354-1c4c-4619-b386-49c477f6a965 0b14b58a11c7450988da3dcd3a66c133 a43616b0c9c04e6c9b2f5c5139d50744 - - default default] 10.0.0.159 "GET /v2.0/security-groups?tenant_id=877d3fe1b9914f43b79ae071b985ddce&name=default HTTP/1.1" status: 200 len: 2996 time: 0.0324404
2026-05-05 18:22:30.160 10 INFO neutron.wsgi [req-410dd1db-7372-4e53-b7d5-5bd5051fef06 req-d7c6d467-97cb-4690-a5b1-f81ac6a3f20e c1f1f8ad1e5e4184a11789a169b0ca8c 1a7e076ba42e4e638453506bf4567b28 - - default default] 10.0.0.191 "GET /v2.0/ports?device_id=0f4815de-bd59-4ac0-ac8b-ac3151f794c2 HTTP/1.1" status: 200 len: 1170 time: 0.1124547
2026-05-05 18:22:30.161 10 INFO neutron.db.ovn_revision_numbers_db [None req-7b244f42-b5ca-4f45-871f-3871fa835083 f77a43963ad349a29b644f45804323c8 523e80a437f2464bacaf4648c5c169c5 - - - -] Successfully bumped revision number for resource 31887b19-1a5e-4476-9782-38a1a9695163 (type: ports) to 1
2026-05-05 18:22:30.195 10 INFO neutron.wsgi [None req-7b244f42-b5ca-4f45-871f-3871fa835083 f77a43963ad349a29b644f45804323c8 523e80a437f2464bacaf4648c5c169c5 - - - -] 10.0.0.159 "POST /v2.0/ports HTTP/1.1" status: 201 len: 1154 time: 0.7271721
2026-05-05 18:22:30.265 10 INFO neutron.wsgi [req-9d2acecb-1f1f-49a5-b55b-2d94c6cf1254 req-e5ffc1bc-2f1b-4437-8474-bc74a02c48af c1f1f8ad1e5e4184a11789a169b0ca8c 1a7e076ba42e4e638453506bf4567b28 - - default default] 10.0.0.191 "GET /v2.0/ports/4fe4f3e2-8bb6-43f1-8cf7-829ce4cd4775 HTTP/1.1" status: 200 len: 1167 time: 0.0518937
2026-05-05 18:22:30.306 9 INFO neutron.wsgi [None req-fc011a36-7922-4f76-8ad1-64f1000243b3 0b14b58a11c7450988da3dcd3a66c133 a43616b0c9c04e6c9b2f5c5139d50744 - - - -] 10.0.0.159 "DELETE /v2.0/security-groups/d15a8538-be59-449a-81e5-039d461b29fd HTTP/1.1" status: 204 len: 168 time: 0.2185047
2026-05-05 18:22:30.484 10 INFO neutron.wsgi [req-b618cdf5-157a-472b-906f-78825d96e21a req-0bacf11e-f35a-4aa1-bedd-a2fe29b28864 c1f1f8ad1e5e4184a11789a169b0ca8c 1a7e076ba42e4e638453506bf4567b28 - - default default] 199.19.213.140 "GET /v2.0/subnets?network_id=f9592165-39f7-4326-b853-bb77d9bce554 HTTP/1.1" status: 200 len: 858 time: 0.0831165
2026-05-05 18:22:30.851 10 INFO neutron.wsgi [req-b618cdf5-157a-472b-906f-78825d96e21a req-d15370c4-3cac-4478-9430-ce03bef11bfe c1f1f8ad1e5e4184a11789a169b0ca8c 1a7e076ba42e4e638453506bf4567b28 - - default default] 199.19.213.140 "GET /v2.0/ports?device_id=0f4815de-bd59-4ac0-ac8b-ac3151f794c2&device_owner=compute%3Anova&network_id=f9592165-39f7-4326-b853-bb77d9bce554 HTTP/1.1" status: 200 len: 1170 time: 0.3600316
2026-05-05 18:22:31.033 10 WARNING neutron.scheduler.dhcp_agent_scheduler [None req-31cb4d80-8b4b-46ed-bfe8-c19da945cb66 f77a43963ad349a29b644f45804323c8 523e80a437f2464bacaf4648c5c169c5 - - - -] No more DHCP agents
2026-05-05 18:22:31.037 10 WARNING neutron.api.rpc.agentnotifiers.dhcp_rpc_agent_api [None req-31cb4d80-8b4b-46ed-bfe8-c19da945cb66 f77a43963ad349a29b644f45804323c8 523e80a437f2464bacaf4648c5c169c5 - - - -] Unable to schedule network c75b59f9-d6d5-4584-bc19-0f9b6d8190f3: no agents available; will retry on subsequent port and subnet creation events.
2026-05-05 18:22:31.342 10 INFO neutron.db.ovn_revision_numbers_db [None req-31cb4d80-8b4b-46ed-bfe8-c19da945cb66 f77a43963ad349a29b644f45804323c8 523e80a437f2464bacaf4648c5c169c5 - - - -] Successfully bumped revision number for resource d4e0f4e7-03d7-4997-aa04-d1a15b6669b6 (type: ports) to 1
2026-05-05 18:22:31.388 10 INFO neutron.wsgi [None req-31cb4d80-8b4b-46ed-bfe8-c19da945cb66 f77a43963ad349a29b644f45804323c8 523e80a437f2464bacaf4648c5c169c5 - - - -] 10.0.0.159 "POST /v2.0/ports HTTP/1.1" status: 201 len: 1153 time: 1.1855071
2026-05-05 18:22:31.556 10 INFO neutron.db.ovn_revision_numbers_db [None req-47ca9342-5a9b-4caa-86ad-61bdce32f652 c1f1f8ad1e5e4184a11789a169b0ca8c 1a7e076ba42e4e638453506bf4567b28 - - - -] Successfully bumped revision number for resource 4fe4f3e2-8bb6-43f1-8cf7-829ce4cd4775 (type: ports) to 5
2026-05-05 18:22:31.574 10 INFO neutron.wsgi [None req-47ca9342-5a9b-4caa-86ad-61bdce32f652 c1f1f8ad1e5e4184a11789a169b0ca8c 1a7e076ba42e4e638453506bf4567b28 - - - -] 199.19.213.140 "PUT /v2.0/ports/4fe4f3e2-8bb6-43f1-8cf7-829ce4cd4775 HTTP/1.1" status: 200 len: 1345 time: 0.7175620 /var/lib/openstack/lib/python3.10/site-packages/pycadf/identifier.py:71: UserWarning: Invalid uuid: neutron. To ensure interoperability, identifiers should be a valid uuid. warnings.warn(('Invalid uuid: %s. To ensure interoperability, '
2026-05-05 18:22:31.627 10 INFO neutron.notifiers.nova [-] Nova event matching ['req-a0ef2977-20aa-4d0e-b886-d83e3ed337ca'] response: {'name': 'network-changed', 'server_uuid': '0f4815de-bd59-4ac0-ac8b-ac3151f794c2', 'tag': '4fe4f3e2-8bb6-43f1-8cf7-829ce4cd4775', 'status': 'completed', 'code': 200}
2026-05-05 18:22:31.639 10 INFO neutron.wsgi [req-b618cdf5-157a-472b-906f-78825d96e21a req-b6520149-c9f9-45b3-b99f-cf1f548b8f44 44e38bcf3e2e4be2ad10580fff5ac83f a6fe8d98f3094f7886a2a2f5b0885d05 - - 4bf83d4858b5484d8f5c80b2b7877723 4bf83d4858b5484d8f5c80b2b7877723] 199.19.213.140 "GET /v2.0/ports?tenant_id=1a7e076ba42e4e638453506bf4567b28&device_id=0f4815de-bd59-4ac0-ac8b-ac3151f794c2 HTTP/1.1" status: 200 len: 1538 time: 0.0366106
2026-05-05 18:22:31.720 10 INFO neutron.wsgi [req-b618cdf5-157a-472b-906f-78825d96e21a req-9a6862d2-ad2a-4e2a-a2bd-ba05351d322a 44e38bcf3e2e4be2ad10580fff5ac83f a6fe8d98f3094f7886a2a2f5b0885d05 - - 4bf83d4858b5484d8f5c80b2b7877723 4bf83d4858b5484d8f5c80b2b7877723] 199.19.213.140 "GET /v2.0/networks?id=f9592165-39f7-4326-b853-bb77d9bce554 HTTP/1.1" status: 200 len: 981 time: 0.0760174
2026-05-05 18:22:31.752 10 INFO neutron.wsgi [req-b618cdf5-157a-472b-906f-78825d96e21a req-ae5ab1ea-4c49-4e95-8b64-2aa3728ba718 44e38bcf3e2e4be2ad10580fff5ac83f a6fe8d98f3094f7886a2a2f5b0885d05 - - 4bf83d4858b5484d8f5c80b2b7877723 4bf83d4858b5484d8f5c80b2b7877723] 199.19.213.140 "GET /v2.0/floatingips?fixed_ip_address=10.100.0.5&port_id=4fe4f3e2-8bb6-43f1-8cf7-829ce4cd4775 HTTP/1.1" status: 200 len: 217 time: 0.0254169
2026-05-05 18:22:31.798 10 INFO neutron.wsgi [req-b618cdf5-157a-472b-906f-78825d96e21a req-fdaecd39-acfc-4ccc-8727-41f9cd26decf 44e38bcf3e2e4be2ad10580fff5ac83f a6fe8d98f3094f7886a2a2f5b0885d05 - - 4bf83d4858b5484d8f5c80b2b7877723 4bf83d4858b5484d8f5c80b2b7877723] 199.19.213.140 "GET /v2.0/floatingips?fixed_ip_address=10.100.0.6&port_id=4fe4f3e2-8bb6-43f1-8cf7-829ce4cd4775 HTTP/1.1" status: 200 len: 1059 time: 0.0413773
2026-05-05 18:22:31.843 10 INFO neutron.wsgi [req-b618cdf5-157a-472b-906f-78825d96e21a req-bb312aa9-e66b-4256-a192-5482e19a877e 44e38bcf3e2e4be2ad10580fff5ac83f a6fe8d98f3094f7886a2a2f5b0885d05 - - 4bf83d4858b5484d8f5c80b2b7877723 4bf83d4858b5484d8f5c80b2b7877723] 199.19.213.140 "GET /v2.0/subnets?id=7b9913c1-d499-441f-9744-6751a55a0195 HTTP/1.1" status: 200 len: 876 time: 0.0383203
2026-05-05 18:22:31.871 9 WARNING neutron.scheduler.dhcp_agent_scheduler [None req-a1bf2ab6-1281-42c6-b53f-7bf0cef74697 f77a43963ad349a29b644f45804323c8 523e80a437f2464bacaf4648c5c169c5 - - - -] No more DHCP agents
2026-05-05 18:22:31.880 10 INFO neutron.wsgi [req-b618cdf5-157a-472b-906f-78825d96e21a req-0da91e19-7544-4769-89a0-54a0ba45f839 44e38bcf3e2e4be2ad10580fff5ac83f a6fe8d98f3094f7886a2a2f5b0885d05 - - 4bf83d4858b5484d8f5c80b2b7877723 4bf83d4858b5484d8f5c80b2b7877723] 199.19.213.140 "GET /v2.0/ports?network_id=f9592165-39f7-4326-b853-bb77d9bce554&device_owner=network%3Adhcp HTTP/1.1" status: 200 len: 210 time: 0.0269356
2026-05-05 18:22:31.880 9 WARNING neutron.api.rpc.agentnotifiers.dhcp_rpc_agent_api [None req-a1bf2ab6-1281-42c6-b53f-7bf0cef74697 f77a43963ad349a29b644f45804323c8 523e80a437f2464bacaf4648c5c169c5 - - - -] Unable to schedule network 732d28ec-5654-4a0b-9d22-f70b8a8d3d40: no agents available; will retry on subsequent port and subnet creation events.
2026-05-05 18:22:31.952 10 INFO neutron.wsgi [req-b618cdf5-157a-472b-906f-78825d96e21a req-d20cc9ac-6022-4888-ad3d-f91e74c6bd24 44e38bcf3e2e4be2ad10580fff5ac83f a6fe8d98f3094f7886a2a2f5b0885d05 - - 4bf83d4858b5484d8f5c80b2b7877723 4bf83d4858b5484d8f5c80b2b7877723] 199.19.213.140 "GET /v2.0/networks/f9592165-39f7-4326-b853-bb77d9bce554?fields=segments HTTP/1.1" status: 200 len: 212 time: 0.0666521
2026-05-05 18:22:32.029 10 INFO neutron.wsgi [req-b618cdf5-157a-472b-906f-78825d96e21a req-734fd13b-cd99-472b-bb3e-034b1b0e9288 44e38bcf3e2e4be2ad10580fff5ac83f a6fe8d98f3094f7886a2a2f5b0885d05 - - 4bf83d4858b5484d8f5c80b2b7877723 4bf83d4858b5484d8f5c80b2b7877723] 199.19.213.140 "GET /v2.0/networks/f9592165-39f7-4326-b853-bb77d9bce554?fields=provider%3Aphysical_network&fields=provider%3Anetwork_type HTTP/1.1" status: 200 len: 277 time: 0.0671272
2026-05-05 18:22:32.140 10 INFO neutron.wsgi [req-49712341-079f-46b6-afc1-a75a64bf1f8a req-3fcd552b-6c70-4345-ba13-c94718533176 44e38bcf3e2e4be2ad10580fff5ac83f a6fe8d98f3094f7886a2a2f5b0885d05 - - 4bf83d4858b5484d8f5c80b2b7877723 4bf83d4858b5484d8f5c80b2b7877723] 199.19.213.140 "GET /v2.0/ports?tenant_id=1a7e076ba42e4e638453506bf4567b28&device_id=0f4815de-bd59-4ac0-ac8b-ac3151f794c2 HTTP/1.1" status: 200 len: 1538 time: 0.0332582
2026-05-05 18:22:32.210 10 INFO neutron.wsgi [req-49712341-079f-46b6-afc1-a75a64bf1f8a req-c41b53e6-037f-45ef-b3cf-ea699e43f700 44e38bcf3e2e4be2ad10580fff5ac83f a6fe8d98f3094f7886a2a2f5b0885d05 - - 4bf83d4858b5484d8f5c80b2b7877723 4bf83d4858b5484d8f5c80b2b7877723] 199.19.213.140 "GET /v2.0/networks?id=f9592165-39f7-4326-b853-bb77d9bce554 HTTP/1.1" status: 200 len: 981 time: 0.0643952
2026-05-05 18:22:32.249 10 INFO neutron.wsgi [req-49712341-079f-46b6-afc1-a75a64bf1f8a req-4e2e463b-4dd9-4b8d-b6b7-384377ba27c0 44e38bcf3e2e4be2ad10580fff5ac83f a6fe8d98f3094f7886a2a2f5b0885d05 - - 4bf83d4858b5484d8f5c80b2b7877723 4bf83d4858b5484d8f5c80b2b7877723] 199.19.213.140 "GET /v2.0/floatingips?fixed_ip_address=10.100.0.5&port_id=4fe4f3e2-8bb6-43f1-8cf7-829ce4cd4775 HTTP/1.1" status: 200 len: 217 time: 0.0270991
2026-05-05 18:22:32.301 10 INFO neutron.wsgi [req-49712341-079f-46b6-afc1-a75a64bf1f8a req-d6b8b8c3-11d9-4756-bfff-296ac8e74f7a 44e38bcf3e2e4be2ad10580fff5ac83f a6fe8d98f3094f7886a2a2f5b0885d05 - - 4bf83d4858b5484d8f5c80b2b7877723 4bf83d4858b5484d8f5c80b2b7877723] 199.19.213.140 "GET /v2.0/floatingips?fixed_ip_address=10.100.0.6&port_id=4fe4f3e2-8bb6-43f1-8cf7-829ce4cd4775 HTTP/1.1" status: 200 len: 1059 time: 0.0449405
2026-05-05 18:22:32.323 9 INFO neutron.db.l3_db [None req-a1bf2ab6-1281-42c6-b53f-7bf0cef74697 f77a43963ad349a29b644f45804323c8 523e80a437f2464bacaf4648c5c169c5 - - - -] Floating IP 37951c71-cb47-46ab-acaf-03865903b871 associated. External IP: 10.96.250.213, port: d4e0f4e7-03d7-4997-aa04-d1a15b6669b6.
2026-05-05 18:22:32.340 10 INFO neutron.wsgi [req-49712341-079f-46b6-afc1-a75a64bf1f8a req-9b0afd3b-1ea1-4a37-a60c-028ddc792414 44e38bcf3e2e4be2ad10580fff5ac83f a6fe8d98f3094f7886a2a2f5b0885d05 - - 4bf83d4858b5484d8f5c80b2b7877723 4bf83d4858b5484d8f5c80b2b7877723] 199.19.213.140 "GET /v2.0/subnets?id=7b9913c1-d499-441f-9744-6751a55a0195 HTTP/1.1" status: 200 len: 876 time: 0.0317361
2026-05-05 18:22:32.368 10 INFO neutron.wsgi [req-49712341-079f-46b6-afc1-a75a64bf1f8a req-b24b1416-0f1f-42a7-a28f-3d25a7cebefe 44e38bcf3e2e4be2ad10580fff5ac83f a6fe8d98f3094f7886a2a2f5b0885d05 - - 4bf83d4858b5484d8f5c80b2b7877723 4bf83d4858b5484d8f5c80b2b7877723] 199.19.213.140 "GET /v2.0/ports?network_id=f9592165-39f7-4326-b853-bb77d9bce554&device_owner=network%3Adhcp HTTP/1.1" status: 200 len: 210 time: 0.0202658
2026-05-05 18:22:32.434 10 WARNING neutron.plugins.ml2.drivers.ovn.mech_driver.ovsdb.ovn_client [None req-c0162481-e94e-465b-9401-2cc8c42cf396 - - - - - -] No hosting information found for port 904c5e25-89f6-4c53-b10b-a964ba0dee6e: RuntimeError: No hosting information found for port 904c5e25-89f6-4c53-b10b-a964ba0dee6e
2026-05-05 18:22:32.434 10 INFO neutron.plugins.ml2.drivers.ovn.mech_driver.mech_driver [None req-c0162481-e94e-465b-9401-2cc8c42cf396 - - - - - -] OVN reports status up for port: ae5116a6-33d6-46cd-80a1-9f2c66881fc3
2026-05-05 18:22:32.450 10 INFO neutron.plugins.ml2.plugin [None req-c0162481-e94e-465b-9401-2cc8c42cf396 - - - - - -] Attempt 1 to provision port ae5116a6-33d6-46cd-80a1-9f2c66881fc3
2026-05-05 18:22:32.454 10 INFO neutron.wsgi [req-49712341-079f-46b6-afc1-a75a64bf1f8a req-d9df6986-06fd-4b3c-8671-a1fd7f4705a0 44e38bcf3e2e4be2ad10580fff5ac83f a6fe8d98f3094f7886a2a2f5b0885d05 - - 4bf83d4858b5484d8f5c80b2b7877723 4bf83d4858b5484d8f5c80b2b7877723] 199.19.213.140 "GET /v2.0/networks/f9592165-39f7-4326-b853-bb77d9bce554?fields=segments HTTP/1.1" status: 200 len: 212 time: 0.0766261
2026-05-05 18:22:32.530 9 INFO neutron.db.ovn_revision_numbers_db [None req-a1bf2ab6-1281-42c6-b53f-7bf0cef74697 f77a43963ad349a29b644f45804323c8 523e80a437f2464bacaf4648c5c169c5 - - - -] Successfully bumped revision number for resource 37951c71-cb47-46ab-acaf-03865903b871 (type: floatingips) to 0
2026-05-05 18:22:32.533 10 INFO neutron.wsgi [req-49712341-079f-46b6-afc1-a75a64bf1f8a req-eeee0c90-8ab1-4498-893e-ecaafd31fadc 44e38bcf3e2e4be2ad10580fff5ac83f a6fe8d98f3094f7886a2a2f5b0885d05 - - 4bf83d4858b5484d8f5c80b2b7877723 4bf83d4858b5484d8f5c80b2b7877723] 199.19.213.140 "GET /v2.0/networks/f9592165-39f7-4326-b853-bb77d9bce554?fields=provider%3Aphysical_network&fields=provider%3Anetwork_type HTTP/1.1" status: 200 len: 277 time: 0.0712185
2026-05-05 18:22:32.574 10 INFO neutron.wsgi [req-9befacdc-c3e8-4f7c-a1d8-e3ae9a40d441 req-f852399c-82bc-4da2-b2b9-833b1d53db8c c1f1f8ad1e5e4184a11789a169b0ca8c 1a7e076ba42e4e638453506bf4567b28 - - default default] 10.0.0.191 "GET /v2.0/ports?device_id=0f4815de-bd59-4ac0-ac8b-ac3151f794c2 HTTP/1.1" status: 200 len: 1348 time: 0.0513031
2026-05-05 18:22:32.623 10 INFO neutron.wsgi [req-9befacdc-c3e8-4f7c-a1d8-e3ae9a40d441 req-71d8da01-a2b9-4516-bef7-8f0ea15b5be1 c1f1f8ad1e5e4184a11789a169b0ca8c 1a7e076ba42e4e638453506bf4567b28 - - default default] 10.0.0.191 "GET /v2.0/security-groups?id=9897b8cd-b953-487e-9b6e-9ad3ead9a54e&fields=id&fields=name HTTP/1.1" status: 200 len: 313 time: 0.0423613
2026-05-05 18:22:32.625 9 INFO neutron.db.ovn_revision_numbers_db [None req-a1bf2ab6-1281-42c6-b53f-7bf0cef74697 f77a43963ad349a29b644f45804323c8 523e80a437f2464bacaf4648c5c169c5 - - - -] Successfully bumped revision number for resource 37951c71-cb47-46ab-acaf-03865903b871 (type: floatingips) to 1
2026-05-05 18:22:32.671 9 INFO neutron.wsgi [None req-a1bf2ab6-1281-42c6-b53f-7bf0cef74697 f77a43963ad349a29b644f45804323c8 523e80a437f2464bacaf4648c5c169c5 - - - -] 10.0.0.159 "POST /v2.0/floatingips HTTP/1.1" status: 201 len: 1040 time: 1.2764645 /var/lib/openstack/lib/python3.10/site-packages/pycadf/identifier.py:71: UserWarning: Invalid uuid: neutron. To ensure interoperability, identifiers should be a valid uuid. warnings.warn(('Invalid uuid: %s. To ensure interoperability, '
2026-05-05 18:22:32.755 10 INFO neutron.db.ovn_revision_numbers_db [None req-a8b570c0-f0d5-420d-9fd5-88d6a714100c 0b14b58a11c7450988da3dcd3a66c133 a43616b0c9c04e6c9b2f5c5139d50744 - - - -] Successfully bumped revision number for resource 1a434cf7-cd6e-4084-ae51-d1578db22256 (type: security_groups) to 1
2026-05-05 18:22:32.812 10 INFO neutron.wsgi [req-47ec4931-cae0-4a77-a2ec-2a6077e8e807 req-03330b4a-36b6-4ef9-a126-760dd6c1e036 c1f1f8ad1e5e4184a11789a169b0ca8c 1a7e076ba42e4e638453506bf4567b28 - - default default] 199.19.213.140 "GET /v2.0/ports?device_id=0f4815de-bd59-4ac0-ac8b-ac3151f794c2&device_owner=compute%3Anova&fixed_ips=ip_address%3D10.100.0.5 HTTP/1.1" status: 200 len: 1348 time: 0.0589044
2026-05-05 18:22:32.823 10 INFO neutron.db.segments_db [None req-a8b570c0-f0d5-420d-9fd5-88d6a714100c 0b14b58a11c7450988da3dcd3a66c133 a43616b0c9c04e6c9b2f5c5139d50744 - - - -] Added segment 8426eba9-3d67-473d-b113-0b6cda71c525 of type geneve for network 4dde8ee5-28de-4446-b597-3ca1d086a500
2026-05-05 18:22:32.863 10 INFO neutron.db.ovn_revision_numbers_db [None req-c0162481-e94e-465b-9401-2cc8c42cf396 - - - - - -] Successfully bumped revision number for resource ae5116a6-33d6-46cd-80a1-9f2c66881fc3 (type: ports) to 3
2026-05-05 18:22:32.871 9 INFO neutron.db.l3_db [None req-118a1d5b-e9c9-4a40-8bd3-ad93f5a8512b f77a43963ad349a29b644f45804323c8 523e80a437f2464bacaf4648c5c169c5 - - - -] Floating IP 37951c71-cb47-46ab-acaf-03865903b871 disassociated. External IP: 10.96.250.213, port: d4e0f4e7-03d7-4997-aa04-d1a15b6669b6.
2026-05-05 18:22:32.951 9 INFO neutron.db.ovn_revision_numbers_db [None req-118a1d5b-e9c9-4a40-8bd3-ad93f5a8512b f77a43963ad349a29b644f45804323c8 523e80a437f2464bacaf4648c5c169c5 - - - -] Successfully bumped revision number for resource 37951c71-cb47-46ab-acaf-03865903b871 (type: floatingips) to 2
2026-05-05 18:22:33.071 9 INFO neutron.wsgi [None req-118a1d5b-e9c9-4a40-8bd3-ad93f5a8512b f77a43963ad349a29b644f45804323c8 523e80a437f2464bacaf4648c5c169c5 - - - -] 10.0.0.159 "PUT /v2.0/floatingips/37951c71-cb47-46ab-acaf-03865903b871 HTTP/1.1" status: 200 len: 748 time: 0.3943112 /var/lib/openstack/lib/python3.10/site-packages/pycadf/identifier.py:71: UserWarning: Invalid uuid: neutron. To ensure interoperability, identifiers should be a valid uuid. warnings.warn(('Invalid uuid: %s. To ensure interoperability, '
2026-05-05 18:22:33.084 10 INFO neutron.db.ovn_revision_numbers_db [None req-a8b570c0-f0d5-420d-9fd5-88d6a714100c 0b14b58a11c7450988da3dcd3a66c133 a43616b0c9c04e6c9b2f5c5139d50744 - - - -] Successfully bumped revision number for resource 4dde8ee5-28de-4446-b597-3ca1d086a500 (type: networks) to 1
2026-05-05 18:22:33.098 10 INFO neutron.db.ovn_revision_numbers_db [None req-c0162481-e94e-465b-9401-2cc8c42cf396 - - - - - -] Successfully bumped revision number for resource ae5116a6-33d6-46cd-80a1-9f2c66881fc3 (type: router_ports) to 3
2026-05-05 18:22:33.543 9 INFO neutron.wsgi [None req-de3cfe77-d4ea-4211-b395-b33dc89abe80 f77a43963ad349a29b644f45804323c8 523e80a437f2464bacaf4648c5c169c5 - - - -] 10.0.0.159 "DELETE /v2.0/floatingips/37951c71-cb47-46ab-acaf-03865903b871 HTTP/1.1" status: 204 len: 168 time: 0.4624088
