2026-05-05 18:24:50.098 10 INFO neutron.wsgi [req-20b97f6e-4767-46df-b834-ab47f51bda95 req-2c848401-75db-4010-8ed1-ea2fef07e0a4 44e38bcf3e2e4be2ad10580fff5ac83f a6fe8d98f3094f7886a2a2f5b0885d05 - - 4bf83d4858b5484d8f5c80b2b7877723 4bf83d4858b5484d8f5c80b2b7877723] 199.19.213.140 "GET /v2.0/ports?network_id=457a9bf0-c575-4503-97d8-c215ac4251bc&device_owner=network%3Adhcp HTTP/1.1" status: 200 len: 210 time: 0.0292022
2026-05-05 18:24:50.206 9 INFO neutron.db.ovn_revision_numbers_db [None req-3d2270e3-d4a3-474e-ae11-a21b5388b0df - - - - - -] Successfully bumped revision number for resource 113b404c-49cf-4ac8-a0f9-c8e334b651e2 (type: ports) to 2
2026-05-05 18:24:50.215 10 INFO neutron.wsgi [req-20b97f6e-4767-46df-b834-ab47f51bda95 req-67fd0d44-0c79-42e5-963a-3e557b529880 44e38bcf3e2e4be2ad10580fff5ac83f a6fe8d98f3094f7886a2a2f5b0885d05 - - 4bf83d4858b5484d8f5c80b2b7877723 4bf83d4858b5484d8f5c80b2b7877723] 199.19.213.140 "GET /v2.0/networks/457a9bf0-c575-4503-97d8-c215ac4251bc?fields=segments HTTP/1.1" status: 200 len: 212 time: 0.0983713
2026-05-05 18:24:50.308 10 INFO neutron.wsgi [req-20b97f6e-4767-46df-b834-ab47f51bda95 req-2f7e1e94-f179-4ffa-a41e-f24f88c76f23 44e38bcf3e2e4be2ad10580fff5ac83f a6fe8d98f3094f7886a2a2f5b0885d05 - - 4bf83d4858b5484d8f5c80b2b7877723 4bf83d4858b5484d8f5c80b2b7877723] 199.19.213.140 "GET /v2.0/networks/457a9bf0-c575-4503-97d8-c215ac4251bc?fields=provider%3Aphysical_network&fields=provider%3Anetwork_type HTTP/1.1" status: 200 len: 277 time: 0.0871840
2026-05-05 18:24:50.356 9 INFO neutron.db.ovn_revision_numbers_db [None req-26118f27-43b8-4a69-a2d9-3177ab74aaf7 4c3a8b9ad6f449bcaaafb20e4c643567 0b53a5c70e644ae8bcab0f9985cf0415 - - - -] Successfully bumped revision number for resource 2ac419e3-3892-4bb9-a7f4-3375b6bc3f27 (type: routers) to 1
2026-05-05 18:24:50.383 9 INFO neutron.wsgi [None req-26118f27-43b8-4a69-a2d9-3177ab74aaf7 4c3a8b9ad6f449bcaaafb20e4c643567 0b53a5c70e644ae8bcab0f9985cf0415 - - - -] 10.0.0.159 "POST /v2.0/routers HTTP/1.1" status: 201 len: 690 time: 0.6832957
2026-05-05 18:24:50.584 9 INFO neutron.db.ovn_revision_numbers_db [None req-3d2270e3-d4a3-474e-ae11-a21b5388b0df - - - - - -] Successfully bumped revision number for resource 113b404c-49cf-4ac8-a0f9-c8e334b651e2 (type: ports) to 4
2026-05-05 18:24:50.828 9 INFO neutron.plugins.ml2.drivers.ovn.mech_driver.mech_driver [None req-f0a85cf2-73d7-417c-9093-4b05602f06eb - - - - - -] OVN reports status up for port: 979f96af-81ef-4ac4-ac91-39456a971709
2026-05-05 18:24:50.845 9 INFO neutron.plugins.ml2.plugin [None req-f0a85cf2-73d7-417c-9093-4b05602f06eb - - - - - -] Attempt 1 to provision port 979f96af-81ef-4ac4-ac91-39456a971709
2026-05-05 18:24:50.905 9 INFO neutron.db.ovn_revision_numbers_db [None req-3d2270e3-d4a3-474e-ae11-a21b5388b0df - - - - - -] Successfully bumped revision number for resource 113b404c-49cf-4ac8-a0f9-c8e334b651e2 (type: router_ports) to 4 /var/lib/openstack/lib/python3.10/site-packages/pycadf/identifier.py:71: UserWarning: Invalid uuid: neutron. To ensure interoperability, identifiers should be a valid uuid. warnings.warn(('Invalid uuid: %s. To ensure interoperability, '
2026-05-05 18:24:51.100 10 INFO neutron.db.ovn_revision_numbers_db [None req-642b4f8f-c759-4bb6-bfa7-13f3faed7ab6 0b14b58a11c7450988da3dcd3a66c133 a43616b0c9c04e6c9b2f5c5139d50744 - - default default] Successfully bumped revision number for resource 6e27ad7b-eed9-45db-96fa-e3ede6707b0b (type: security_groups) to 1
2026-05-05 18:24:51.136 10 INFO neutron.wsgi [None req-642b4f8f-c759-4bb6-bfa7-13f3faed7ab6 0b14b58a11c7450988da3dcd3a66c133 a43616b0c9c04e6c9b2f5c5139d50744 - - default default] 10.0.0.159 "GET /v2.0/security-groups?tenant_id=4791d8bea8414a9eb6a09e3d553ebdb6&name=default HTTP/1.1" status: 200 len: 2996 time: 0.9153502
2026-05-05 18:24:51.317 10 INFO neutron.db.ovn_revision_numbers_db [None req-fbd59389-ad7e-4723-8f5a-508c2c83fa61 0b14b58a11c7450988da3dcd3a66c133 a43616b0c9c04e6c9b2f5c5139d50744 - - default default] Successfully bumped revision number for resource 979f96af-81ef-4ac4-ac91-39456a971709 (type: router_ports) to 2
2026-05-05 18:24:51.335 9 INFO neutron.db.ovn_revision_numbers_db [None req-f0a85cf2-73d7-417c-9093-4b05602f06eb - - - - - -] Successfully bumped revision number for resource 979f96af-81ef-4ac4-ac91-39456a971709 (type: ports) to 3
2026-05-05 18:24:51.388 9 INFO neutron.db.ovn_revision_numbers_db [None req-51b53fc7-1be8-449f-b281-645ebba2a5a2 f3a2bbdf4d924bcea118735f3fc6e240 84103cfa650f407ea23b7ad8680cc4a6 - - - -] Successfully bumped revision number for resource f9e641e2-4463-41ff-b4e6-cf45ebf173d0 (type: security_groups) to 1
2026-05-05 18:24:51.470 9 INFO neutron.wsgi [None req-51b53fc7-1be8-449f-b281-645ebba2a5a2 f3a2bbdf4d924bcea118735f3fc6e240 84103cfa650f407ea23b7ad8680cc4a6 - - - -] 10.0.0.159 "POST /v2.0/security-groups HTTP/1.1" status: 201 len: 1811 time: 0.5495050
2026-05-05 18:24:51.506 9 INFO neutron.db.ovn_revision_numbers_db [None req-f0a85cf2-73d7-417c-9093-4b05602f06eb - - - - - -] Successfully bumped revision number for resource 979f96af-81ef-4ac4-ac91-39456a971709 (type: router_ports) to 3
2026-05-05 18:24:51.551 10 ERROR ovsdbapp.backend.ovs_idl.transaction [None req-fbd59389-ad7e-4723-8f5a-508c2c83fa61 0b14b58a11c7450988da3dcd3a66c133 a43616b0c9c04e6c9b2f5c5139d50744 - - default default]
Traceback (most recent call last): File "/var/lib/openstack/lib/python3.10/site-packages/ovsdbapp/backend/ovs_idl/connection.py", line 118, in run txn.results.put(txn.do_commit())
File "/var/lib/openstack/lib/python3.10/site-packages/ovsdbapp/backend/ovs_idl/transaction.py", line 92, in do_commit command.run_idl(txn)
File "/var/lib/openstack/lib/python3.10/site-packages/neutron/plugins/ml2/drivers/ovn/mech_driver/ovsdb/commands.py", line 801, in run_idl raise ovn_exc.RevisionConflict( neutron.common.ovn.exceptions.RevisionConflict: OVN revision number for 979f96af-81ef-4ac4-ac91-39456a971709 (type: ports) is equal or higher than the given resource. Skipping update 
2026-05-05 18:24:51.552 10 INFO neutron.plugins.ml2.drivers.ovn.mech_driver.ovsdb.impl_idl_ovn [None req-fbd59389-ad7e-4723-8f5a-508c2c83fa61 0b14b58a11c7450988da3dcd3a66c133 a43616b0c9c04e6c9b2f5c5139d50744 - - default default] Transaction aborted. Reason: OVN revision number for 979f96af-81ef-4ac4-ac91-39456a971709 (type: ports) is equal or higher than the given resource. Skipping update
2026-05-05 18:24:51.559 10 WARNING neutron.scheduler.dhcp_agent_scheduler [None req-dfcd426e-db12-45dd-b607-593ec4de7276 4c3a8b9ad6f449bcaaafb20e4c643567 0b53a5c70e644ae8bcab0f9985cf0415 - - default default] No more DHCP agents
2026-05-05 18:24:51.560 10 WARNING neutron.api.rpc.agentnotifiers.dhcp_rpc_agent_api [None req-dfcd426e-db12-45dd-b607-593ec4de7276 4c3a8b9ad6f449bcaaafb20e4c643567 0b53a5c70e644ae8bcab0f9985cf0415 - - default default] Unable to schedule network 3c5ea133-eb7a-4d7f-85dc-5bef87fac257: no agents available; will retry on subsequent port and subnet creation events.
2026-05-05 18:24:51.625 10 INFO neutron.wsgi [None req-fcee91b1-3c53-4385-bff7-a8df71b46fbf 0b14b58a11c7450988da3dcd3a66c133 a43616b0c9c04e6c9b2f5c5139d50744 - - - -] 10.0.0.159 "DELETE /v2.0/security-groups/6e27ad7b-eed9-45db-96fa-e3ede6707b0b HTTP/1.1" status: 204 len: 168 time: 0.4842024
2026-05-05 18:24:51.674 10 WARNING neutron.scheduler.dhcp_agent_scheduler [None req-fbd59389-ad7e-4723-8f5a-508c2c83fa61 0b14b58a11c7450988da3dcd3a66c133 a43616b0c9c04e6c9b2f5c5139d50744 - - default default] No more DHCP agents
2026-05-05 18:24:51.678 9 INFO neutron.db.ovn_revision_numbers_db [None req-ad276880-8622-4eff-8452-ee09add42757 f3a2bbdf4d924bcea118735f3fc6e240 84103cfa650f407ea23b7ad8680cc4a6 - - - -] Successfully bumped revision number for resource 778b8ac9-e5dd-4a18-b283-4ebdd0120bb3 (type: security_group_rules) to 0
2026-05-05 18:24:51.679 10 WARNING neutron.api.rpc.agentnotifiers.dhcp_rpc_agent_api [None req-fbd59389-ad7e-4723-8f5a-508c2c83fa61 0b14b58a11c7450988da3dcd3a66c133 a43616b0c9c04e6c9b2f5c5139d50744 - - default default] Unable to schedule network 6ac4c6fd-df2b-420f-aaad-6e056463aa84: no agents available; will retry on subsequent port and subnet creation events.
2026-05-05 18:24:51.728 9 INFO neutron.wsgi [None req-ad276880-8622-4eff-8452-ee09add42757 f3a2bbdf4d924bcea118735f3fc6e240 84103cfa650f407ea23b7ad8680cc4a6 - - - -] 10.0.0.159 "POST /v2.0/security-group-rules HTTP/1.1" status: 201 len: 764 time: 0.2519662
2026-05-05 18:24:51.731 10 INFO neutron.db.ovn_revision_numbers_db [None req-dfcd426e-db12-45dd-b607-593ec4de7276 4c3a8b9ad6f449bcaaafb20e4c643567 0b53a5c70e644ae8bcab0f9985cf0415 - - default default] Successfully bumped revision number for resource d37d73fa-bb0d-42db-beca-8221b6cd40f3 (type: ports) to 1
2026-05-05 18:24:52.039 10 INFO neutron.db.ovn_revision_numbers_db [None req-80872a0d-6e0e-4b80-b6a1-3b9c82e742d4 f3a2bbdf4d924bcea118735f3fc6e240 84103cfa650f407ea23b7ad8680cc4a6 - - - -] Successfully bumped revision number for resource 8d140399-b4f3-4526-ae34-d96a293ca015 (type: security_group_rules) to 0
2026-05-05 18:24:52.103 10 INFO neutron.wsgi [None req-80872a0d-6e0e-4b80-b6a1-3b9c82e742d4 f3a2bbdf4d924bcea118735f3fc6e240 84103cfa650f407ea23b7ad8680cc4a6 - - - -] 10.0.0.159 "POST /v2.0/security-group-rules HTTP/1.1" status: 201 len: 763 time: 0.3648243
2026-05-05 18:24:52.248 9 INFO neutron.db.ovn_revision_numbers_db [None req-bd47562a-5de0-4482-a958-6ca73bf93fee f3a2bbdf4d924bcea118735f3fc6e240 84103cfa650f407ea23b7ad8680cc4a6 - - - -] Successfully bumped revision number for resource a2a8dc90-25c3-41df-b9c8-a0dfbe48565f (type: security_group_rules) to 0
2026-05-05 18:24:52.284 9 INFO neutron.wsgi [None req-bd47562a-5de0-4482-a958-6ca73bf93fee f3a2bbdf4d924bcea118735f3fc6e240 84103cfa650f407ea23b7ad8680cc4a6 - - - -] 10.0.0.159 "POST /v2.0/security-group-rules HTTP/1.1" status: 201 len: 769 time: 0.1738679
2026-05-05 18:24:52.388 10 INFO neutron.db.ovn_revision_numbers_db [None req-dfcd426e-db12-45dd-b607-593ec4de7276 4c3a8b9ad6f449bcaaafb20e4c643567 0b53a5c70e644ae8bcab0f9985cf0415 - - default default] Successfully bumped revision number for resource d37d73fa-bb0d-42db-beca-8221b6cd40f3 (type: router_ports) to 2
2026-05-05 18:24:52.415 9 INFO neutron.db.ovn_revision_numbers_db [None req-1347b432-a451-4ca0-b20c-e112a665fc89 f3a2bbdf4d924bcea118735f3fc6e240 84103cfa650f407ea23b7ad8680cc4a6 - - - -] Successfully bumped revision number for resource a40d30c1-5a4a-4811-abbb-ed469e9e2afe (type: security_group_rules) to 0
2026-05-05 18:24:52.438 9 INFO neutron.wsgi [None req-1347b432-a451-4ca0-b20c-e112a665fc89 f3a2bbdf4d924bcea118735f3fc6e240 84103cfa650f407ea23b7ad8680cc4a6 - - - -] 10.0.0.159 "POST /v2.0/security-group-rules HTTP/1.1" status: 201 len: 768 time: 0.1466730
2026-05-05 18:24:52.466 9 INFO neutron.db.securitygroups_db [None req-ff49e857-4dcb-402d-9dd5-24698cfef488 f3a2bbdf4d924bcea118735f3fc6e240 84103cfa650f407ea23b7ad8680cc4a6 - - - -] Project 84103cfa650f407ea23b7ad8680cc4a6 added a security group rule with legacy IPv6 ICMP protocol name icmp, ipv6-icmp should be used instead. It was automatically converted.
2026-05-05 18:24:52.523 10 INFO neutron.db.ovn_revision_numbers_db [None req-fbd59389-ad7e-4723-8f5a-508c2c83fa61 0b14b58a11c7450988da3dcd3a66c133 a43616b0c9c04e6c9b2f5c5139d50744 - - - -] Successfully bumped revision number for resource 979f96af-81ef-4ac4-ac91-39456a971709 (type: router_ports) to 3
2026-05-05 18:24:52.525 10 INFO neutron.wsgi [None req-fbd59389-ad7e-4723-8f5a-508c2c83fa61 0b14b58a11c7450988da3dcd3a66c133 a43616b0c9c04e6c9b2f5c5139d50744 - - - -] 10.0.0.159 "PUT /v2.0/routers/8072c4c0-1e64-4229-b0c3-2ae146e5fd49/add_router_interface HTTP/1.1" status: 200 len: 503 time: 3.6622543
2026-05-05 18:24:52.538 10 INFO neutron.db.ovn_revision_numbers_db [None req-dfcd426e-db12-45dd-b607-593ec4de7276 4c3a8b9ad6f449bcaaafb20e4c643567 0b53a5c70e644ae8bcab0f9985cf0415 - - default default] Successfully bumped revision number for resource d37d73fa-bb0d-42db-beca-8221b6cd40f3 (type: ports) to 2
2026-05-05 18:24:52.590 9 INFO neutron.db.ovn_revision_numbers_db [None req-ff49e857-4dcb-402d-9dd5-24698cfef488 f3a2bbdf4d924bcea118735f3fc6e240 84103cfa650f407ea23b7ad8680cc4a6 - - - -] Successfully bumped revision number for resource 41eb2dc1-9f17-4839-a7b4-5c627c64c3cb (type: security_group_rules) to 0
2026-05-05 18:24:52.613 10 WARNING neutron.scheduler.dhcp_agent_scheduler [None req-dfcd426e-db12-45dd-b607-593ec4de7276 4c3a8b9ad6f449bcaaafb20e4c643567 0b53a5c70e644ae8bcab0f9985cf0415 - - default default] No more DHCP agents
2026-05-05 18:24:52.615 10 WARNING neutron.api.rpc.agentnotifiers.dhcp_rpc_agent_api [None req-dfcd426e-db12-45dd-b607-593ec4de7276 4c3a8b9ad6f449bcaaafb20e4c643567 0b53a5c70e644ae8bcab0f9985cf0415 - - default default] Unable to schedule network 3c5ea133-eb7a-4d7f-85dc-5bef87fac257: no agents available; will retry on subsequent port and subnet creation events.
2026-05-05 18:24:52.625 9 INFO neutron.wsgi [None req-ff49e857-4dcb-402d-9dd5-24698cfef488 f3a2bbdf4d924bcea118735f3fc6e240 84103cfa650f407ea23b7ad8680cc4a6 - - - -] 10.0.0.159 "POST /v2.0/security-group-rules HTTP/1.1" status: 201 len: 774 time: 0.1809180
2026-05-05 18:24:52.705 10 INFO neutron.db.securitygroups_db [None req-4d6eccb3-c6e3-47dc-8c76-b1f4a1901aff f3a2bbdf4d924bcea118735f3fc6e240 84103cfa650f407ea23b7ad8680cc4a6 - - - -] Project 84103cfa650f407ea23b7ad8680cc4a6 added a security group rule with legacy IPv6 ICMP protocol name icmp, ipv6-icmp should be used instead. It was automatically converted.
2026-05-05 18:24:52.824 10 INFO neutron.db.ovn_revision_numbers_db [None req-dfcd426e-db12-45dd-b607-593ec4de7276 4c3a8b9ad6f449bcaaafb20e4c643567 0b53a5c70e644ae8bcab0f9985cf0415 - - - -] Successfully bumped revision number for resource d37d73fa-bb0d-42db-beca-8221b6cd40f3 (type: router_ports) to 2
2026-05-05 18:24:52.827 10 INFO neutron.wsgi [None req-dfcd426e-db12-45dd-b607-593ec4de7276 4c3a8b9ad6f449bcaaafb20e4c643567 0b53a5c70e644ae8bcab0f9985cf0415 - - - -] 10.0.0.159 "PUT /v2.0/routers/2ac419e3-3892-4bb9-a7f4-3375b6bc3f27/add_router_interface HTTP/1.1" status: 200 len: 503 time: 2.4358830
2026-05-05 18:24:52.829 10 INFO neutron.db.ovn_revision_numbers_db [None req-4d6eccb3-c6e3-47dc-8c76-b1f4a1901aff f3a2bbdf4d924bcea118735f3fc6e240 84103cfa650f407ea23b7ad8680cc4a6 - - - -] Successfully bumped revision number for resource 645085da-079c-4d13-bff8-2eec92322997 (type: security_group_rules) to 0
2026-05-05 18:24:52.858 10 INFO neutron.wsgi [None req-4d6eccb3-c6e3-47dc-8c76-b1f4a1901aff f3a2bbdf4d924bcea118735f3fc6e240 84103cfa650f407ea23b7ad8680cc4a6 - - - -] 10.0.0.159 "POST /v2.0/security-group-rules HTTP/1.1" status: 201 len: 773 time: 0.2265706
2026-05-05 18:24:52.874 9 INFO neutron.wsgi [None req-9c838531-ce4c-458f-81c7-ba91ff3e25aa 4c3a8b9ad6f449bcaaafb20e4c643567 0b53a5c70e644ae8bcab0f9985cf0415 - - default default] 10.0.0.159 "GET /v2.0/ports/d37d73fa-bb0d-42db-beca-8221b6cd40f3 HTTP/1.1" status: 200 len: 1139 time: 0.0419462
2026-05-05 18:24:52.916 9 INFO neutron.wsgi [None req-72f47a8d-2e12-47cd-9c3d-83f397ed8cea 4c3a8b9ad6f449bcaaafb20e4c643567 0b53a5c70e644ae8bcab0f9985cf0415 - - default default] 10.0.0.159 "GET /v2.0/ports/d37d73fa-bb0d-42db-beca-8221b6cd40f3 HTTP/1.1" status: 200 len: 1139 time: 0.0367210
2026-05-05 18:24:53.412 9 INFO neutron.wsgi [None req-a32a7241-53cc-4ee9-bdf0-8c7fbf4abbae f3a2bbdf4d924bcea118735f3fc6e240 84103cfa650f407ea23b7ad8680cc4a6 - - default default] 10.0.0.159 "GET /v2.0/networks HTTP/1.1" status: 200 len: 1493 time: 0.1894846
2026-05-05 18:24:53.524 10 INFO neutron.wsgi [req-dda05b59-b35a-4100-a3dc-0e80a942eb02 req-c3f6c1e5-f276-4b65-a051-d345bb70f92d f3a2bbdf4d924bcea118735f3fc6e240 84103cfa650f407ea23b7ad8680cc4a6 - - default default] 10.0.0.191 "GET /v2.0/security-groups?name=tempest-secgroup-smoke-1934454956&fields=id&tenant_id=84103cfa650f407ea23b7ad8680cc4a6 HTTP/1.1" status: 200 len: 267 time: 0.0312827
2026-05-05 18:24:53.603 10 INFO neutron.wsgi [req-dda05b59-b35a-4100-a3dc-0e80a942eb02 req-72d918de-b95e-49c4-bdbe-b27049740519 f3a2bbdf4d924bcea118735f3fc6e240 84103cfa650f407ea23b7ad8680cc4a6 - - default default] 10.0.0.191 "GET /v2.0/networks?id=457a9bf0-c575-4503-97d8-c215ac4251bc HTTP/1.1" status: 200 len: 860 time: 0.0703032
2026-05-05 18:24:53.625 10 INFO neutron.wsgi [req-dda05b59-b35a-4100-a3dc-0e80a942eb02 req-e31ef439-9594-4fee-a3b8-c40e27b20306 f3a2bbdf4d924bcea118735f3fc6e240 84103cfa650f407ea23b7ad8680cc4a6 - - default default] 10.0.0.191 "GET /v2.0/quotas/84103cfa650f407ea23b7ad8680cc4a6 HTTP/1.1" status: 200 len: 386 time: 0.0138106
2026-05-05 18:24:53.744 10 INFO neutron.wsgi [req-dda05b59-b35a-4100-a3dc-0e80a942eb02 req-a9929510-e98e-477d-8054-246258121c67 f3a2bbdf4d924bcea118735f3fc6e240 84103cfa650f407ea23b7ad8680cc4a6 - - default default] 10.0.0.191 "GET /v2.0/ports?tenant_id=84103cfa650f407ea23b7ad8680cc4a6&fields=id HTTP/1.1" status: 200 len: 348 time: 0.1113670
2026-05-05 18:24:53.822 10 INFO neutron.wsgi [req-dda05b59-b35a-4100-a3dc-0e80a942eb02 req-e39f8235-2cf2-4c4f-a77b-d6abb249512f 44e38bcf3e2e4be2ad10580fff5ac83f a6fe8d98f3094f7886a2a2f5b0885d05 - - 4bf83d4858b5484d8f5c80b2b7877723 4bf83d4858b5484d8f5c80b2b7877723] 10.0.0.191 "GET /v2.0/networks/457a9bf0-c575-4503-97d8-c215ac4251bc?fields=segments HTTP/1.1" status: 200 len: 212 time: 0.0641370
2026-05-05 18:24:53.892 9 INFO neutron.db.ovn_revision_numbers_db [None req-dcecf04f-3018-4ae0-810a-629900857bbd 0b14b58a11c7450988da3dcd3a66c133 a43616b0c9c04e6c9b2f5c5139d50744 - - - -] Successfully bumped revision number for resource 6ecf7c77-6ada-4367-a535-099218b81525 (type: security_groups) to 1
2026-05-05 18:24:53.895 10 INFO neutron.wsgi [req-dda05b59-b35a-4100-a3dc-0e80a942eb02 req-84b49284-f27d-4bfb-9f31-06b309ba74a2 44e38bcf3e2e4be2ad10580fff5ac83f a6fe8d98f3094f7886a2a2f5b0885d05 - - 4bf83d4858b5484d8f5c80b2b7877723 4bf83d4858b5484d8f5c80b2b7877723] 10.0.0.191 "GET /v2.0/networks/457a9bf0-c575-4503-97d8-c215ac4251bc?fields=provider%3Aphysical_network&fields=provider%3Anetwork_type HTTP/1.1" status: 200 len: 277 time: 0.0651128
2026-05-05 18:24:53.951 9 INFO neutron.db.segments_db [None req-dcecf04f-3018-4ae0-810a-629900857bbd 0b14b58a11c7450988da3dcd3a66c133 a43616b0c9c04e6c9b2f5c5139d50744 - - - -] Added segment d9a40e28-4de2-43a7-8e74-19ba851105f4 of type geneve for network a0619e82-ff0d-4ce3-8687-f7394054f54d
2026-05-05 18:24:54.025 10 INFO neutron.wsgi [None req-966e5222-aa7f-44bb-9a31-2edb866e03d6 4c3a8b9ad6f449bcaaafb20e4c643567 0b53a5c70e644ae8bcab0f9985cf0415 - - default default] 10.0.0.159 "GET /v2.0/ports/d37d73fa-bb0d-42db-beca-8221b6cd40f3 HTTP/1.1" status: 200 len: 1139 time: 0.1011603
2026-05-05 18:24:54.065 10 INFO neutron.wsgi [req-8bd99c31-c497-47a8-9e85-5aacbf7d705c req-8558494f-4b1e-4b46-9bea-b0c5b603d57b f3a2bbdf4d924bcea118735f3fc6e240 84103cfa650f407ea23b7ad8680cc4a6 - - default default] 10.0.0.191 "GET /v2.0/ports?device_id=5612afa9-c7d6-4dd7-b760-da9bf5836376 HTTP/1.1" status: 200 len: 210 time: 0.0342686
2026-05-05 18:24:54.131 9 INFO neutron.db.ovn_revision_numbers_db [None req-dcecf04f-3018-4ae0-810a-629900857bbd 0b14b58a11c7450988da3dcd3a66c133 a43616b0c9c04e6c9b2f5c5139d50744 - - - -] Successfully bumped revision number for resource a0619e82-ff0d-4ce3-8687-f7394054f54d (type: networks) to 1
2026-05-05 18:24:54.342 9 WARNING neutron.scheduler.dhcp_agent_scheduler [None req-dcecf04f-3018-4ae0-810a-629900857bbd 0b14b58a11c7450988da3dcd3a66c133 a43616b0c9c04e6c9b2f5c5139d50744 - - - -] No more DHCP agents
2026-05-05 18:24:54.346 9 WARNING neutron.api.rpc.agentnotifiers.dhcp_rpc_agent_api [None req-dcecf04f-3018-4ae0-810a-629900857bbd 0b14b58a11c7450988da3dcd3a66c133 a43616b0c9c04e6c9b2f5c5139d50744 - - - -] Unable to schedule network a0619e82-ff0d-4ce3-8687-f7394054f54d: no agents available; will retry on subsequent port and subnet creation events.
2026-05-05 18:24:54.428 9 INFO neutron.db.ovn_revision_numbers_db [None req-dcecf04f-3018-4ae0-810a-629900857bbd 0b14b58a11c7450988da3dcd3a66c133 a43616b0c9c04e6c9b2f5c5139d50744 - - - -] Successfully bumped revision number for resource e8cbc8a4-7ef9-4a04-a0f8-12ccb31024e1 (type: ports) to 1
2026-05-05 18:24:54.484 9 INFO neutron.wsgi [None req-dcecf04f-3018-4ae0-810a-629900857bbd 0b14b58a11c7450988da3dcd3a66c133 a43616b0c9c04e6c9b2f5c5139d50744 - - - -] 10.0.0.159 "POST /v2.0/networks HTTP/1.1" status: 201 len: 942 time: 0.7492111
2026-05-05 18:24:54.664 9 WARNING neutron.scheduler.dhcp_agent_scheduler [None req-19c8b382-9601-43d1-82ed-f6b43ad1cd56 0b14b58a11c7450988da3dcd3a66c133 a43616b0c9c04e6c9b2f5c5139d50744 - - - -] No more DHCP agents
2026-05-05 18:24:54.666 9 WARNING neutron.api.rpc.agentnotifiers.dhcp_rpc_agent_api [None req-19c8b382-9601-43d1-82ed-f6b43ad1cd56 0b14b58a11c7450988da3dcd3a66c133 a43616b0c9c04e6c9b2f5c5139d50744 - - - -] Unable to schedule network a0619e82-ff0d-4ce3-8687-f7394054f54d: no agents available; will retry on subsequent port and subnet creation events.
2026-05-05 18:24:54.880 10 INFO neutron.wsgi [req-dda05b59-b35a-4100-a3dc-0e80a942eb02 req-fc0d5fdf-26e1-4f76-a1ee-55a23e9eaba5 f3a2bbdf4d924bcea118735f3fc6e240 84103cfa650f407ea23b7ad8680cc4a6 - - default default] 199.19.213.140 "GET /v2.0/networks?id=457a9bf0-c575-4503-97d8-c215ac4251bc HTTP/1.1" status: 200 len: 860 time: 0.0736883
2026-05-05 18:24:54.942 10 INFO neutron.wsgi [req-dda05b59-b35a-4100-a3dc-0e80a942eb02 req-29f0c46d-3c93-4a24-abe7-af9cba45e365 f3a2bbdf4d924bcea118735f3fc6e240 84103cfa650f407ea23b7ad8680cc4a6 - - default default] 199.19.213.140 "GET /v2.0/security-groups?fields=id&fields=name&tenant_id=84103cfa650f407ea23b7ad8680cc4a6 HTTP/1.1" status: 200 len: 472 time: 0.0561411
2026-05-05 18:24:55.072 10 INFO neutron.wsgi [-] 10.0.0.183 "GET / HTTP/1.1" status: 200 len: 247 time: 0.0020256
2026-05-05 18:24:55.074 10 INFO neutron.wsgi [-] 10.0.0.183 "GET / HTTP/1.1" status: 200 len: 247 time: 0.0015242
2026-05-05 18:24:55.170 9 INFO neutron.wsgi [None req-96ccafd3-ed6f-46c7-b6dd-7fa0eea900c9 4c3a8b9ad6f449bcaaafb20e4c643567 0b53a5c70e644ae8bcab0f9985cf0415 - - default default] 10.0.0.159 "GET /v2.0/ports/d37d73fa-bb0d-42db-beca-8221b6cd40f3 HTTP/1.1" status: 200 len: 1139 time: 0.1396091
2026-05-05 18:24:55.188 10 INFO neutron.wsgi [req-7fb7f890-6b62-4a42-9bf2-bf83b91e4654 req-750be90f-b1fd-46f2-a62c-7030d649ac13 f3a2bbdf4d924bcea118735f3fc6e240 84103cfa650f407ea23b7ad8680cc4a6 - - default default] 10.0.0.191 "GET /v2.0/ports?device_id=5612afa9-c7d6-4dd7-b760-da9bf5836376 HTTP/1.1" status: 200 len: 210 time: 0.0291257
2026-05-05 18:24:55.232 9 INFO neutron.db.ovn_revision_numbers_db [None req-19c8b382-9601-43d1-82ed-f6b43ad1cd56 0b14b58a11c7450988da3dcd3a66c133 a43616b0c9c04e6c9b2f5c5139d50744 - - - -] Successfully bumped revision number for resource e8cbc8a4-7ef9-4a04-a0f8-12ccb31024e1 (type: ports) to 2
2026-05-05 18:24:55.249 9 INFO neutron.db.ovn_revision_numbers_db [None req-19c8b382-9601-43d1-82ed-f6b43ad1cd56 0b14b58a11c7450988da3dcd3a66c133 a43616b0c9c04e6c9b2f5c5139d50744 - - - -] Successfully bumped revision number for resource b3faeaf4-4a50-423a-b223-75e3c3a7a2b5 (type: subnets) to 0
2026-05-05 18:24:55.270 9 INFO neutron.wsgi [None req-19c8b382-9601-43d1-82ed-f6b43ad1cd56 0b14b58a11c7450988da3dcd3a66c133 a43616b0c9c04e6c9b2f5c5139d50744 - - - -] 10.0.0.159 "POST /v2.0/subnets HTTP/1.1" status: 201 len: 862 time: 0.7798550
2026-05-05 18:24:55.337 10 WARNING neutron.scheduler.dhcp_agent_scheduler [None req-5cb91344-5ae4-4014-a29e-c412b5cf90e8 f3a2bbdf4d924bcea118735f3fc6e240 84103cfa650f407ea23b7ad8680cc4a6 - - - -] No more DHCP agents
2026-05-05 18:24:55.339 10 WARNING neutron.api.rpc.agentnotifiers.dhcp_rpc_agent_api [None req-5cb91344-5ae4-4014-a29e-c412b5cf90e8 f3a2bbdf4d924bcea118735f3fc6e240 84103cfa650f407ea23b7ad8680cc4a6 - - - -] Unable to schedule network 457a9bf0-c575-4503-97d8-c215ac4251bc: no agents available; will retry on subsequent port and subnet creation events.
2026-05-05 18:24:55.502 10 INFO neutron.db.ovn_revision_numbers_db [None req-5cb91344-5ae4-4014-a29e-c412b5cf90e8 f3a2bbdf4d924bcea118735f3fc6e240 84103cfa650f407ea23b7ad8680cc4a6 - - - -] Successfully bumped revision number for resource 30d6e5af-cd1f-4988-a522-c21dc93cb65c (type: ports) to 1
2026-05-05 18:24:55.524 10 INFO neutron.wsgi [None req-5cb91344-5ae4-4014-a29e-c412b5cf90e8 f3a2bbdf4d924bcea118735f3fc6e240 84103cfa650f407ea23b7ad8680cc4a6 - - - -] 199.19.213.140 "POST /v2.0/ports HTTP/1.1" status: 201 len: 1162 time: 0.5786796 /var/lib/openstack/lib/python3.10/site-packages/pycadf/identifier.py:71: UserWarning: Invalid uuid: neutron. To ensure interoperability, identifiers should be a valid uuid. warnings.warn(('Invalid uuid: %s. To ensure interoperability, '
2026-05-05 18:24:55.764 9 WARNING neutron.scheduler.dhcp_agent_scheduler [None req-8ee7eb12-acdd-411d-aba5-8766086db348 0b14b58a11c7450988da3dcd3a66c133 a43616b0c9c04e6c9b2f5c5139d50744 - - - -] No more DHCP agents
2026-05-05 18:24:55.767 9 WARNING neutron.api.rpc.agentnotifiers.dhcp_rpc_agent_api [None req-8ee7eb12-acdd-411d-aba5-8766086db348 0b14b58a11c7450988da3dcd3a66c133 a43616b0c9c04e6c9b2f5c5139d50744 - - - -] Unable to schedule network 732d28ec-5654-4a0b-9d22-f70b8a8d3d40: no agents available; will retry on subsequent port and subnet creation events.
2026-05-05 18:24:55.894 9 INFO neutron.db.ovn_revision_numbers_db [None req-8ee7eb12-acdd-411d-aba5-8766086db348 0b14b58a11c7450988da3dcd3a66c133 a43616b0c9c04e6c9b2f5c5139d50744 - - - -] Successfully bumped revision number for resource b608adaa-af41-401f-a05e-a61cbdd0965d (type: ports) to 1
2026-05-05 18:24:55.917 10 INFO neutron.db.ovn_revision_numbers_db [None req-6f9608f0-3877-4290-a5eb-1fd787d28fff 44e38bcf3e2e4be2ad10580fff5ac83f a6fe8d98f3094f7886a2a2f5b0885d05 - - - -] Successfully bumped revision number for resource 30d6e5af-cd1f-4988-a522-c21dc93cb65c (type: ports) to 2
2026-05-05 18:24:56.101 10 INFO neutron.db.ovn_revision_numbers_db [None req-6f9608f0-3877-4290-a5eb-1fd787d28fff 44e38bcf3e2e4be2ad10580fff5ac83f a6fe8d98f3094f7886a2a2f5b0885d05 - - - -] Successfully bumped revision number for resource 30d6e5af-cd1f-4988-a522-c21dc93cb65c (type: ports) to 2
2026-05-05 18:24:56.118 10 INFO neutron.wsgi [None req-6f9608f0-3877-4290-a5eb-1fd787d28fff 44e38bcf3e2e4be2ad10580fff5ac83f a6fe8d98f3094f7886a2a2f5b0885d05 - - - -] 199.19.213.140 "PUT /v2.0/ports/30d6e5af-cd1f-4988-a522-c21dc93cb65c HTTP/1.1" status: 200 len: 1332 time: 0.5833855
2026-05-05 18:24:56.154 10 INFO neutron.notifiers.nova [-] Nova event matching ['req-6b907c4f-7705-4898-8f81-7fe595bd4f9b'] response: {'name': 'network-changed', 'server_uuid': '5612afa9-c7d6-4dd7-b760-da9bf5836376', 'tag': '30d6e5af-cd1f-4988-a522-c21dc93cb65c', 'status': 'completed', 'code': 200} /var/lib/openstack/lib/python3.10/site-packages/pycadf/identifier.py:71: UserWarning: Invalid uuid: neutron. To ensure interoperability, identifiers should be a valid uuid. warnings.warn(('Invalid uuid: %s. To ensure interoperability, '
2026-05-05 18:24:56.209 10 INFO neutron.wsgi [req-dda05b59-b35a-4100-a3dc-0e80a942eb02 req-ccd2d8dc-d500-4e64-a2e3-22b5d470ed40 44e38bcf3e2e4be2ad10580fff5ac83f a6fe8d98f3094f7886a2a2f5b0885d05 - - 4bf83d4858b5484d8f5c80b2b7877723 4bf83d4858b5484d8f5c80b2b7877723] 199.19.213.140 "GET /v2.0/ports?tenant_id=84103cfa650f407ea23b7ad8680cc4a6&device_id=5612afa9-c7d6-4dd7-b760-da9bf5836376 HTTP/1.1" status: 200 len: 1363 time: 0.0457399
2026-05-05 18:24:56.215 10 INFO neutron.wsgi [None req-774a7294-7b5f-4182-a95d-56a1cbadb855 4c3a8b9ad6f449bcaaafb20e4c643567 0b53a5c70e644ae8bcab0f9985cf0415 - - default default] 10.0.0.159 "GET /v2.0/ports/d37d73fa-bb0d-42db-beca-8221b6cd40f3 HTTP/1.1" status: 200 len: 1139 time: 0.0383525
2026-05-05 18:24:56.421 9 INFO neutron.wsgi [None req-a1e90c0a-17f2-4e8b-a2d0-7ca1a4aee4da 8642617d4c824864a92aed048a6bf704 38ee465dcddb4e329c69e1a7ce013e74 - - - -] 10.0.0.159 "POST /v2.0/qos/policies HTTP/1.1" status: 201 len: 558 time: 0.5193658
2026-05-05 18:24:56.479 9 INFO neutron.wsgi [None req-3b3fd2c0-b9cd-41c0-be4c-f45325e422da 8642617d4c824864a92aed048a6bf704 38ee465dcddb4e329c69e1a7ce013e74 - - - -] 10.0.0.159 "POST /v2.0/qos/policies HTTP/1.1" status: 201 len: 558 time: 0.0456021
2026-05-05 18:24:56.543 9 INFO neutron.wsgi [None req-39517230-00ce-4e0d-ae90-3e6ba77b43cc 8642617d4c824864a92aed048a6bf704 38ee465dcddb4e329c69e1a7ce013e74 - - - -] 10.0.0.159 "POST /v2.0/qos/policies HTTP/1.1" status: 201 len: 558 time: 0.0588059
2026-05-05 18:24:56.609 9 INFO neutron.wsgi [None req-7194e944-2645-47e4-b0b3-98f4ecba3107 8642617d4c824864a92aed048a6bf704 38ee465dcddb4e329c69e1a7ce013e74 - - - -] 10.0.0.159 "POST /v2.0/qos/policies HTTP/1.1" status: 201 len: 558 time: 0.0608053
2026-05-05 18:24:56.628 10 INFO neutron.wsgi [req-dda05b59-b35a-4100-a3dc-0e80a942eb02 req-dd8e3768-eda8-4847-aa5e-5b054087957f 44e38bcf3e2e4be2ad10580fff5ac83f a6fe8d98f3094f7886a2a2f5b0885d05 - - 4bf83d4858b5484d8f5c80b2b7877723 4bf83d4858b5484d8f5c80b2b7877723] 199.19.213.140 "GET /v2.0/floatingips?fixed_ip_address=10.100.0.11&port_id=30d6e5af-cd1f-4988-a522-c21dc93cb65c HTTP/1.1" status: 200 len: 217 time: 0.4120562
2026-05-05 18:24:56.664 10 INFO neutron.wsgi [req-b8d19de7-a116-4c8e-a3d1-5f8ce222fa07 req-704fc005-d0f6-42d0-a72c-e63ec24a3f66 f3a2bbdf4d924bcea118735f3fc6e240 84103cfa650f407ea23b7ad8680cc4a6 - - default default] 10.0.0.191 "GET /v2.0/ports?device_id=5612afa9-c7d6-4dd7-b760-da9bf5836376 HTTP/1.1" status: 200 len: 1172 time: 0.0448732
2026-05-05 18:24:56.674 9 WARNING neutron.plugins.ml2.drivers.ovn.mech_driver.ovsdb.ovn_client [None req-f0a85cf2-73d7-417c-9093-4b05602f06eb - - - - - -] No hosting information found for port 979f96af-81ef-4ac4-ac91-39456a971709: RuntimeError: No hosting information found for port 979f96af-81ef-4ac4-ac91-39456a971709
2026-05-05 18:24:56.675 9 INFO neutron.plugins.ml2.drivers.ovn.mech_driver.mech_driver [None req-f0a85cf2-73d7-417c-9093-4b05602f06eb - - - - - -] OVN reports status up for port: d37d73fa-bb0d-42db-beca-8221b6cd40f3
2026-05-05 18:24:56.698 10 INFO neutron.wsgi [req-dda05b59-b35a-4100-a3dc-0e80a942eb02 req-7901fa10-0545-43f1-83c4-a6fbde0f9025 44e38bcf3e2e4be2ad10580fff5ac83f a6fe8d98f3094f7886a2a2f5b0885d05 - - 4bf83d4858b5484d8f5c80b2b7877723 4bf83d4858b5484d8f5c80b2b7877723] 199.19.213.140 "GET /v2.0/subnets?id=82225c4b-c06e-48c2-be7e-1dfba873fcd0 HTTP/1.1" status: 200 len: 852 time: 0.0607278
2026-05-05 18:24:56.698 9 INFO neutron.plugins.ml2.plugin [None req-f0a85cf2-73d7-417c-9093-4b05602f06eb - - - - - -] Attempt 1 to provision port d37d73fa-bb0d-42db-beca-8221b6cd40f3
2026-05-05 18:24:56.723 9 INFO neutron.wsgi [None req-0d783d27-c6be-4df1-a670-f2a811e043c9 8642617d4c824864a92aed048a6bf704 38ee465dcddb4e329c69e1a7ce013e74 - - - -] 10.0.0.159 "POST /v2.0/qos/policies HTTP/1.1" status: 201 len: 558 time: 0.1064594
2026-05-05 18:24:56.743 10 INFO neutron.wsgi [req-dda05b59-b35a-4100-a3dc-0e80a942eb02 req-1e4786ba-4aa8-4999-ad1c-46f21937df62 44e38bcf3e2e4be2ad10580fff5ac83f a6fe8d98f3094f7886a2a2f5b0885d05 - - 4bf83d4858b5484d8f5c80b2b7877723 4bf83d4858b5484d8f5c80b2b7877723] 199.19.213.140 "GET /v2.0/ports?network_id=457a9bf0-c575-4503-97d8-c215ac4251bc&device_owner=network%3Adhcp HTTP/1.1" status: 200 len: 210 time: 0.0374534
2026-05-05 18:24:56.752 10 INFO neutron.wsgi [req-b8d19de7-a116-4c8e-a3d1-5f8ce222fa07 req-8130f94a-f085-4dd3-accf-02777eb59eaf f3a2bbdf4d924bcea118735f3fc6e240 84103cfa650f407ea23b7ad8680cc4a6 - - default default] 10.0.0.191 "GET /v2.0/security-groups?id=f9e641e2-4463-41ff-b4e6-cf45ebf173d0&fields=id&fields=name HTTP/1.1" status: 200 len: 313 time: 0.0807779
2026-05-05 18:24:56.883 10 INFO neutron.wsgi [None req-700bdd67-f4a0-44c9-91df-b59e7d2add94 8642617d4c824864a92aed048a6bf704 38ee465dcddb4e329c69e1a7ce013e74 - - - -] 10.0.0.159 "PUT /v2.0/policies/39339d50-4727-4e3c-ade8-adf16118fffc/tags HTTP/1.1" status: 200 len: 210 time: 0.1471937
2026-05-05 18:24:56.887 10 INFO neutron.plugins.ml2.drivers.ovn.mech_driver.ovsdb.ovsdb_monitor [None req-d9ea707e-4e70-43fa-8f26-3d7e3efa157f - - - - - -] Router a0fc1144-83a9-4c9b-afcb-1f74d00be47f is bound to host instance
2026-05-05 18:24:56.890 10 INFO neutron.plugins.ml2.drivers.ovn.mech_driver.mech_driver [None req-c0162481-e94e-465b-9401-2cc8c42cf396 - - - - - -] OVN reports status up for port: b608adaa-af41-401f-a05e-a61cbdd0965d
2026-05-05 18:24:56.915 10 INFO neutron.wsgi [req-dda05b59-b35a-4100-a3dc-0e80a942eb02 req-f71066d7-a239-4440-812a-9bff3b3e76ad 44e38bcf3e2e4be2ad10580fff5ac83f a6fe8d98f3094f7886a2a2f5b0885d05 - - 4bf83d4858b5484d8f5c80b2b7877723 4bf83d4858b5484d8f5c80b2b7877723] 199.19.213.140 "GET /v2.0/networks/457a9bf0-c575-4503-97d8-c215ac4251bc?fields=segments HTTP/1.1" status: 200 len: 212 time: 0.1626613
2026-05-05 18:24:56.917 10 INFO neutron.plugins.ml2.plugin [None req-c0162481-e94e-465b-9401-2cc8c42cf396 - - - - - -] Attempt 1 to provision port b608adaa-af41-401f-a05e-a61cbdd0965d
2026-05-05 18:24:56.936 9 INFO neutron.db.ovn_revision_numbers_db [None req-8ee7eb12-acdd-411d-aba5-8766086db348 0b14b58a11c7450988da3dcd3a66c133 a43616b0c9c04e6c9b2f5c5139d50744 - - - -] Successfully bumped revision number for resource b608adaa-af41-401f-a05e-a61cbdd0965d (type: router_ports) to 1
2026-05-05 18:24:56.985 9 INFO neutron.wsgi [None req-f511f5b2-f738-4b4e-9487-1ac227ed8e2e 8642617d4c824864a92aed048a6bf704 38ee465dcddb4e329c69e1a7ce013e74 - - - -] 10.0.0.159 "PUT /v2.0/policies/ddfa3e8c-2451-4bdc-a23b-21b43f24890a/tags HTTP/1.1" status: 200 len: 218 time: 0.0954041
2026-05-05 18:24:57.057 10 INFO neutron.wsgi [req-dda05b59-b35a-4100-a3dc-0e80a942eb02 req-954c9f62-67bb-4d72-8840-8051b7ddf687 44e38bcf3e2e4be2ad10580fff5ac83f a6fe8d98f3094f7886a2a2f5b0885d05 - - 4bf83d4858b5484d8f5c80b2b7877723 4bf83d4858b5484d8f5c80b2b7877723] 199.19.213.140 "GET /v2.0/networks/457a9bf0-c575-4503-97d8-c215ac4251bc?fields=provider%3Aphysical_network&fields=provider%3Anetwork_type HTTP/1.1" status: 200 len: 277 time: 0.1290915
2026-05-05 18:24:57.094 9 INFO neutron.wsgi [None req-9a994625-9b51-42cf-941a-9af01dc5773f 8642617d4c824864a92aed048a6bf704 38ee465dcddb4e329c69e1a7ce013e74 - - - -] 10.0.0.159 "PUT /v2.0/policies/571dc210-595e-4fdf-899f-b216a6c04d15/tags HTTP/1.1" status: 200 len: 227 time: 0.1015639
2026-05-05 18:24:57.138 9 INFO neutron.db.ovn_revision_numbers_db [None req-8ee7eb12-acdd-411d-aba5-8766086db348 0b14b58a11c7450988da3dcd3a66c133 a43616b0c9c04e6c9b2f5c5139d50744 - - - -] Successfully bumped revision number for resource a0fc1144-83a9-4c9b-afcb-1f74d00be47f (type: routers) to 3
2026-05-05 18:24:57.163 9 INFO neutron.wsgi [None req-326b0c28-1fa3-4278-80ce-6aaade59bba9 8642617d4c824864a92aed048a6bf704 38ee465dcddb4e329c69e1a7ce013e74 - - - -] 10.0.0.159 "PUT /v2.0/policies/8d5b15b9-28a1-4579-ab69-c919509fb3ea/tags HTTP/1.1" status: 200 len: 212 time: 0.0613673
2026-05-05 18:24:57.198 9 INFO neutron.db.ovn_revision_numbers_db [None req-f0a85cf2-73d7-417c-9093-4b05602f06eb - - - - - -] Successfully bumped revision number for resource d37d73fa-bb0d-42db-beca-8221b6cd40f3 (type: ports) to 3
2026-05-05 18:24:57.205 9 INFO neutron.wsgi [None req-8ee7eb12-acdd-411d-aba5-8766086db348 0b14b58a11c7450988da3dcd3a66c133 a43616b0c9c04e6c9b2f5c5139d50744 - - - -] 10.0.0.159 "POST /v2.0/routers HTTP/1.1" status: 201 len: 873 time: 1.9288774
2026-05-05 18:24:57.212 10 INFO neutron.wsgi [req-b7c31556-f9ce-4d20-9fd1-d7496bb18f9f req-7696a306-abe2-4218-8cf6-e1e6035d4c66 44e38bcf3e2e4be2ad10580fff5ac83f a6fe8d98f3094f7886a2a2f5b0885d05 - - 4bf83d4858b5484d8f5c80b2b7877723 4bf83d4858b5484d8f5c80b2b7877723] 199.19.213.140 "GET /v2.0/ports?tenant_id=84103cfa650f407ea23b7ad8680cc4a6&device_id=5612afa9-c7d6-4dd7-b760-da9bf5836376 HTTP/1.1" status: 200 len: 1363 time: 0.0482576
2026-05-05 18:24:57.278 10 INFO neutron.wsgi [None req-0590c7a7-a6fc-402e-853f-53979e82948a 4c3a8b9ad6f449bcaaafb20e4c643567 0b53a5c70e644ae8bcab0f9985cf0415 - - default default] 10.0.0.159 "GET /v2.0/ports/d37d73fa-bb0d-42db-beca-8221b6cd40f3 HTTP/1.1" status: 200 len: 1141 time: 0.0528979
2026-05-05 18:24:57.314 10 INFO neutron.wsgi [req-b7c31556-f9ce-4d20-9fd1-d7496bb18f9f req-956d9011-56e5-4519-9d51-6046b319d430 44e38bcf3e2e4be2ad10580fff5ac83f a6fe8d98f3094f7886a2a2f5b0885d05 - - 4bf83d4858b5484d8f5c80b2b7877723 4bf83d4858b5484d8f5c80b2b7877723] 199.19.213.140 "GET /v2.0/networks?id=457a9bf0-c575-4503-97d8-c215ac4251bc HTTP/1.1" status: 200 len: 958 time: 0.0977519
2026-05-05 18:24:57.411 10 INFO neutron.wsgi [req-b7c31556-f9ce-4d20-9fd1-d7496bb18f9f req-5e3af0b8-f63c-42c8-83fa-f0bf08ac40b3 44e38bcf3e2e4be2ad10580fff5ac83f a6fe8d98f3094f7886a2a2f5b0885d05 - - 4bf83d4858b5484d8f5c80b2b7877723 4bf83d4858b5484d8f5c80b2b7877723] 199.19.213.140 "GET /v2.0/floatingips?fixed_ip_address=10.100.0.11&port_id=30d6e5af-cd1f-4988-a522-c21dc93cb65c HTTP/1.1" status: 200 len: 217 time: 0.0718696
2026-05-05 18:24:57.520 10 INFO neutron.wsgi [req-b7c31556-f9ce-4d20-9fd1-d7496bb18f9f req-c90182d9-5876-4fa8-9646-994bb88fc412 44e38bcf3e2e4be2ad10580fff5ac83f a6fe8d98f3094f7886a2a2f5b0885d05 - - 4bf83d4858b5484d8f5c80b2b7877723 4bf83d4858b5484d8f5c80b2b7877723] 199.19.213.140 "GET /v2.0/subnets?id=82225c4b-c06e-48c2-be7e-1dfba873fcd0 HTTP/1.1" status: 200 len: 852 time: 0.0909200
2026-05-05 18:24:57.591 10 INFO neutron.wsgi [req-b7c31556-f9ce-4d20-9fd1-d7496bb18f9f req-a3398c28-152f-4663-828e-eee7aaef4282 44e38bcf3e2e4be2ad10580fff5ac83f a6fe8d98f3094f7886a2a2f5b0885d05 - - 4bf83d4858b5484d8f5c80b2b7877723 4bf83d4858b5484d8f5c80b2b7877723] 199.19.213.140 "GET /v2.0/ports?network_id=457a9bf0-c575-4503-97d8-c215ac4251bc&device_owner=network%3Adhcp HTTP/1.1" status: 200 len: 210 time: 0.0590003
2026-05-05 18:24:57.648 9 INFO neutron.db.ovn_revision_numbers_db [None req-f0a85cf2-73d7-417c-9093-4b05602f06eb - - - - - -] Successfully bumped revision number for resource d37d73fa-bb0d-42db-beca-8221b6cd40f3 (type: router_ports) to 3
2026-05-05 18:24:57.724 10 INFO neutron.wsgi [req-b7c31556-f9ce-4d20-9fd1-d7496bb18f9f req-549e6a0b-c743-4a14-8e86-28fa465e46a3 44e38bcf3e2e4be2ad10580fff5ac83f a6fe8d98f3094f7886a2a2f5b0885d05 - - 4bf83d4858b5484d8f5c80b2b7877723 4bf83d4858b5484d8f5c80b2b7877723] 199.19.213.140 "GET /v2.0/networks/457a9bf0-c575-4503-97d8-c215ac4251bc?fields=segments HTTP/1.1" status: 200 len: 212 time: 0.1229289
2026-05-05 18:24:57.814 9 INFO neutron.wsgi [None req-a4f3255b-fb92-4e5b-8bd0-b2fc0036e5a9 0b8f12faa6a44d9fb5e1c9f7c9e77980 d42422fab5b946d4bcfe852540b41a57 - - default default] 10.0.0.159 "GET /v2.0/qos/policies?tags=red HTTP/1.1" status: 200 len: 1296 time: 0.2383997
2026-05-05 18:24:57.875 10 INFO neutron.wsgi [req-b7c31556-f9ce-4d20-9fd1-d7496bb18f9f req-41357b8f-3b07-48c1-a547-b5b56f8dc0ad 44e38bcf3e2e4be2ad10580fff5ac83f a6fe8d98f3094f7886a2a2f5b0885d05 - - 4bf83d4858b5484d8f5c80b2b7877723 4bf83d4858b5484d8f5c80b2b7877723] 199.19.213.140 "GET /v2.0/networks/457a9bf0-c575-4503-97d8-c215ac4251bc?fields=provider%3Aphysical_network&fields=provider%3Anetwork_type HTTP/1.1" status: 200 len: 277 time: 0.1304586
2026-05-05 18:24:57.883 10 INFO neutron.wsgi [req-c5dc0e3b-e292-4357-9a83-3afe688530ab req-10672736-87ee-49ce-b72e-ab02332b2da8 f3a2bbdf4d924bcea118735f3fc6e240 84103cfa650f407ea23b7ad8680cc4a6 - - default default] 10.0.0.191 "GET /v2.0/ports?device_id=5612afa9-c7d6-4dd7-b760-da9bf5836376 HTTP/1.1" status: 200 len: 1172 time: 0.0674865
2026-05-05 18:24:57.928 9 INFO neutron.wsgi [None req-e2834e06-d226-4b3e-99c3-cd998ae07e5f 0b8f12faa6a44d9fb5e1c9f7c9e77980 d42422fab5b946d4bcfe852540b41a57 - - default default] 10.0.0.159 "GET /v2.0/qos/policies?tags=red%2Cblue HTTP/1.1" status: 200 len: 941 time: 0.1075020
2026-05-05 18:24:57.948 10 INFO neutron.wsgi [req-c5dc0e3b-e292-4357-9a83-3afe688530ab req-1812ac6e-f6c2-45bd-a84d-143b3568e146 f3a2bbdf4d924bcea118735f3fc6e240 84103cfa650f407ea23b7ad8680cc4a6 - - default default] 10.0.0.191 "GET /v2.0/security-groups?id=f9e641e2-4463-41ff-b4e6-cf45ebf173d0&fields=id&fields=name HTTP/1.1" status: 200 len: 313 time: 0.0587540
2026-05-05 18:24:57.986 9 INFO neutron.wsgi [None req-de0e3805-7e6a-461d-8e60-e03abb723548 0b8f12faa6a44d9fb5e1c9f7c9e77980 d42422fab5b946d4bcfe852540b41a57 - - default default] 10.0.0.159 "GET /v2.0/qos/policies?tags-any=blue HTTP/1.1" status: 200 len: 941 time: 0.0526013
2026-05-05 18:24:58.070 9 INFO neutron.wsgi [None req-fe92f95b-4124-41ac-88b1-6401d8249078 0b8f12faa6a44d9fb5e1c9f7c9e77980 d42422fab5b946d4bcfe852540b41a57 - - default default] 10.0.0.159 "GET /v2.0/qos/policies?tags-any=red%2Cblue HTTP/1.1" status: 200 len: 1296 time: 0.0776703
2026-05-05 18:24:58.077 10 INFO neutron.db.ovn_revision_numbers_db [None req-d9ea707e-4e70-43fa-8f26-3d7e3efa157f - - - - - -] Successfully bumped revision number for resource b608adaa-af41-401f-a05e-a61cbdd0965d (type: ports) to 1
2026-05-05 18:24:58.138 9 INFO neutron.wsgi [None req-c626fb2d-6c14-4ca1-820d-3acc3ce052e6 0b8f12faa6a44d9fb5e1c9f7c9e77980 d42422fab5b946d4bcfe852540b41a57 - - default default] 10.0.0.159 "GET /v2.0/qos/policies?not-tags=red HTTP/1.1" status: 200 len: 913 time: 0.0633485
2026-05-05 18:24:58.221 9 INFO neutron.wsgi [None req-69184b9b-70e5-4338-a172-e35461ff2f4b 0b8f12faa6a44d9fb5e1c9f7c9e77980 d42422fab5b946d4bcfe852540b41a57 - - default default] 10.0.0.159 "GET /v2.0/qos/policies?not-tags=red%2Cblue HTTP/1.1" status: 200 len: 1268 time: 0.0768318
2026-05-05 18:24:58.275 9 WARNING neutron.scheduler.dhcp_agent_scheduler [None req-2a73de22-c216-48b5-bf2e-af5aebfdd0af 0b14b58a11c7450988da3dcd3a66c133 a43616b0c9c04e6c9b2f5c5139d50744 - - default default] No more DHCP agents
2026-05-05 18:24:58.277 9 WARNING neutron.api.rpc.agentnotifiers.dhcp_rpc_agent_api [None req-2a73de22-c216-48b5-bf2e-af5aebfdd0af 0b14b58a11c7450988da3dcd3a66c133 a43616b0c9c04e6c9b2f5c5139d50744 - - default default] Unable to schedule network a0619e82-ff0d-4ce3-8687-f7394054f54d: no agents available; will retry on subsequent port and subnet creation events.
2026-05-05 18:24:58.349 9 INFO neutron.wsgi [None req-d667c543-8885-4bd2-8481-de41bc0e0cc6 0b8f12faa6a44d9fb5e1c9f7c9e77980 d42422fab5b946d4bcfe852540b41a57 - - default default] 10.0.0.159 "GET /v2.0/qos/policies?not-tags-any=blue HTTP/1.1" status: 200 len: 1268 time: 0.1204865
2026-05-05 18:24:58.418 9 INFO neutron.wsgi [None req-5f7e2d20-5142-4a08-ae62-fe2ea2efa30e 0b8f12faa6a44d9fb5e1c9f7c9e77980 d42422fab5b946d4bcfe852540b41a57 - - default default] 10.0.0.159 "GET /v2.0/qos/policies?not-tags-any=red%2Cblue HTTP/1.1" status: 200 len: 913 time: 0.0621173
2026-05-05 18:24:58.429 9 INFO neutron.db.ovn_revision_numbers_db [None req-2a73de22-c216-48b5-bf2e-af5aebfdd0af 0b14b58a11c7450988da3dcd3a66c133 a43616b0c9c04e6c9b2f5c5139d50744 - - default default] Successfully bumped revision number for resource 1bd9e593-35e4-4d18-b7c2-5824a1b2498c (type: ports) to 1
2026-05-05 18:24:58.566 9 INFO neutron.wsgi [None req-1bf71e54-cee3-4372-983a-bab39200264b 8642617d4c824864a92aed048a6bf704 38ee465dcddb4e329c69e1a7ce013e74 - - - -] 10.0.0.159 "DELETE /v2.0/qos/policies/39339d50-4727-4e3c-ade8-adf16118fffc HTTP/1.1" status: 204 len: 168 time: 0.1339078
2026-05-05 18:24:59.197 10 INFO neutron.db.ovn_revision_numbers_db [None req-d9ea707e-4e70-43fa-8f26-3d7e3efa157f - - - - - -] Successfully bumped revision number for resource b608adaa-af41-401f-a05e-a61cbdd0965d (type: router_ports) to 3
2026-05-05 18:24:59.292 10 INFO neutron.wsgi [req-f3f1a48f-54d6-4729-80e0-ad9571994392 req-a34a2f75-7942-49bf-a886-c08edcbc88ce f3a2bbdf4d924bcea118735f3fc6e240 84103cfa650f407ea23b7ad8680cc4a6 - - default default] 10.0.0.191 "GET /v2.0/ports?device_id=5612afa9-c7d6-4dd7-b760-da9bf5836376 HTTP/1.1" status: 200 len: 1172 time: 0.1057947
2026-05-05 18:24:59.360 10 INFO neutron.wsgi [None req-1257b7a8-200d-4236-a554-1c1bad412557 8642617d4c824864a92aed048a6bf704 38ee465dcddb4e329c69e1a7ce013e74 - - - -] 10.0.0.159 "DELETE /v2.0/qos/policies/ddfa3e8c-2451-4bdc-a23b-21b43f24890a HTTP/1.1" status: 204 len: 168 time: 0.7713509
2026-05-05 18:24:59.388 10 INFO neutron.wsgi [None req-85d8ea0a-fe7f-43d6-bdbe-40a9946c313b 4c3a8b9ad6f449bcaaafb20e4c643567 0b53a5c70e644ae8bcab0f9985cf0415 - - - -] 10.0.0.159 "PUT /v2.0/routers/2ac419e3-3892-4bb9-a7f4-3375b6bc3f27/remove_router_interface HTTP/1.1" status: 200 len: 503 time: 2.1034558
2026-05-05 18:24:59.392 10 INFO neutron.wsgi [req-f3f1a48f-54d6-4729-80e0-ad9571994392 req-b8df8b7f-7884-4608-88b1-59235046cc11 f3a2bbdf4d924bcea118735f3fc6e240 84103cfa650f407ea23b7ad8680cc4a6 - - default default] 10.0.0.191 "GET /v2.0/security-groups?id=f9e641e2-4463-41ff-b4e6-cf45ebf173d0&fields=id&fields=name HTTP/1.1" status: 200 len: 313 time: 0.0911105
2026-05-05 18:24:59.464 9 INFO neutron.wsgi [None req-4e75b594-6f44-4965-ac38-39db3d903bb8 4c3a8b9ad6f449bcaaafb20e4c643567 0b53a5c70e644ae8bcab0f9985cf0415 - - default default] 10.0.0.159 "GET /v2.0/ports?device_id=2ac419e3-3892-4bb9-a7f4-3375b6bc3f27 HTTP/1.1" status: 200 len: 205 time: 0.0458190
2026-05-05 18:24:59.468 9 INFO neutron.db.ovn_revision_numbers_db [None req-2a73de22-c216-48b5-bf2e-af5aebfdd0af 0b14b58a11c7450988da3dcd3a66c133 a43616b0c9c04e6c9b2f5c5139d50744 - - default default] Successfully bumped revision number for resource 1bd9e593-35e4-4d18-b7c2-5824a1b2498c (type: router_ports) to 2 /var/lib/openstack/lib/python3.10/site-packages/pycadf/identifier.py:71: UserWarning: Invalid uuid: neutron. To ensure interoperability, identifiers should be a valid uuid. warnings.warn(('Invalid uuid: %s. To ensure interoperability, '
2026-05-05 18:24:59.554 10 INFO neutron.db.ovn_revision_numbers_db [None req-d9ea707e-4e70-43fa-8f26-3d7e3efa157f - - - - - -] Successfully bumped revision number for resource b608adaa-af41-401f-a05e-a61cbdd0965d (type: ports) to 2
2026-05-05 18:24:59.669 9 INFO neutron.wsgi [None req-52bdf29b-f6b4-4417-bb89-2cc3484991d7 8642617d4c824864a92aed048a6bf704 38ee465dcddb4e329c69e1a7ce013e74 - - - -] 10.0.0.159 "DELETE /v2.0/qos/policies/571dc210-595e-4fdf-899f-b216a6c04d15 HTTP/1.1" status: 204 len: 168 time: 0.3039272
2026-05-05 18:24:59.695 9 INFO neutron.db.ovn_revision_numbers_db [None req-2a73de22-c216-48b5-bf2e-af5aebfdd0af 0b14b58a11c7450988da3dcd3a66c133 a43616b0c9c04e6c9b2f5c5139d50744 - - default default] Successfully bumped revision number for resource 1bd9e593-35e4-4d18-b7c2-5824a1b2498c (type: ports) to 2
2026-05-05 18:24:59.770 9 WARNING neutron.scheduler.dhcp_agent_scheduler [None req-2a73de22-c216-48b5-bf2e-af5aebfdd0af 0b14b58a11c7450988da3dcd3a66c133 a43616b0c9c04e6c9b2f5c5139d50744 - - default default] No more DHCP agents
2026-05-05 18:24:59.771 9 WARNING neutron.api.rpc.agentnotifiers.dhcp_rpc_agent_api [None req-2a73de22-c216-48b5-bf2e-af5aebfdd0af 0b14b58a11c7450988da3dcd3a66c133 a43616b0c9c04e6c9b2f5c5139d50744 - - default default] Unable to schedule network a0619e82-ff0d-4ce3-8687-f7394054f54d: no agents available; will retry on subsequent port and subnet creation events.
2026-05-05 18:25:00.009 10 INFO neutron.wsgi [None req-6067356f-92ab-4f00-bcf0-1662e54c9621 8642617d4c824864a92aed048a6bf704 38ee465dcddb4e329c69e1a7ce013e74 - - - -] 10.0.0.159 "DELETE /v2.0/qos/policies/8d5b15b9-28a1-4579-ab69-c919509fb3ea HTTP/1.1" status: 204 len: 168 time: 0.3167589
2026-05-05 18:25:00.316 10 INFO neutron.wsgi [None req-fff709e7-973c-4248-87ca-50b962b44727 8642617d4c824864a92aed048a6bf704 38ee465dcddb4e329c69e1a7ce013e74 - - - -] 10.0.0.159 "DELETE /v2.0/qos/policies/d7670c92-2b82-4c00-bc8c-e5940d8afdc8 HTTP/1.1" status: 204 len: 168 time: 0.3000302
2026-05-05 18:25:00.374 10 INFO neutron.db.ovn_revision_numbers_db [None req-d9ea707e-4e70-43fa-8f26-3d7e3efa157f - - - - - -] Successfully bumped revision number for resource b608adaa-af41-401f-a05e-a61cbdd0965d (type: ports) to 4
2026-05-05 18:25:00.381 10 INFO neutron.wsgi [None req-8da284a8-9446-4673-9bf3-14d92a72fed7 4c3a8b9ad6f449bcaaafb20e4c643567 0b53a5c70e644ae8bcab0f9985cf0415 - - - -] 10.0.0.159 "DELETE /v2.0/routers/2ac419e3-3892-4bb9-a7f4-3375b6bc3f27 HTTP/1.1" status: 204 len: 168 time: 0.9068940
2026-05-05 18:25:00.580 10 INFO neutron.wsgi [req-fa251806-da95-4990-a396-023af88648e7 req-83e4b760-01c8-4a8b-ae8d-01618b62a271 f3a2bbdf4d924bcea118735f3fc6e240 84103cfa650f407ea23b7ad8680cc4a6 - - default default] 10.0.0.191 "GET /v2.0/ports?device_id=5612afa9-c7d6-4dd7-b760-da9bf5836376 HTTP/1.1" status: 200 len: 1172 time: 0.0953701
2026-05-05 18:25:00.622 9 INFO neutron.db.ovn_revision_numbers_db [None req-2a73de22-c216-48b5-bf2e-af5aebfdd0af 0b14b58a11c7450988da3dcd3a66c133 a43616b0c9c04e6c9b2f5c5139d50744 - - - -] Successfully bumped revision number for resource 1bd9e593-35e4-4d18-b7c2-5824a1b2498c (type: router_ports) to 2
2026-05-05 18:25:00.625 9 INFO neutron.wsgi [None req-2a73de22-c216-48b5-bf2e-af5aebfdd0af 0b14b58a11c7450988da3dcd3a66c133 a43616b0c9c04e6c9b2f5c5139d50744 - - - -] 10.0.0.159 "PUT /v2.0/routers/a0fc1144-83a9-4c9b-afcb-1f74d00be47f/add_router_interface HTTP/1.1" status: 200 len: 503 time: 3.4108829
2026-05-05 18:25:00.682 10 INFO neutron.wsgi [req-fa251806-da95-4990-a396-023af88648e7 req-1e0828c9-f001-410b-9b13-42dcb2e8ea3d f3a2bbdf4d924bcea118735f3fc6e240 84103cfa650f407ea23b7ad8680cc4a6 - - default default] 10.0.0.191 "GET /v2.0/security-groups?id=f9e641e2-4463-41ff-b4e6-cf45ebf173d0&fields=id&fields=name HTTP/1.1" status: 200 len: 313 time: 0.0781391
2026-05-05 18:25:00.888 10 INFO neutron.wsgi [None req-d4cf5101-1bfe-4c32-858f-9891ebaf0dab 4c3a8b9ad6f449bcaaafb20e4c643567 0b53a5c70e644ae8bcab0f9985cf0415 - - - -] 10.0.0.159 "DELETE /v2.0/subnets/8b864793-986d-4609-a148-2af4b2b954bc HTTP/1.1" status: 204 len: 168 time: 0.5026734
2026-05-05 18:25:00.927 10 INFO neutron.db.ovn_revision_numbers_db [None req-d9ea707e-4e70-43fa-8f26-3d7e3efa157f - - - - - -] Successfully bumped revision number for resource b608adaa-af41-401f-a05e-a61cbdd0965d (type: router_ports) to 4
2026-05-05 18:25:01.437 10 INFO neutron.services.segments.plugin [-] Segment 56f1222f-09bc-4fbd-975d-284dc07c4a3f resource provider aggregate not found
