2026-05-05 18:25:01.443 10 INFO neutron.services.segments.plugin [-] Segment 56f1222f-09bc-4fbd-975d-284dc07c4a3f resource provider aggregate not found
2026-05-05 18:25:01.452 10 INFO neutron.services.segments.plugin [-] Segment 56f1222f-09bc-4fbd-975d-284dc07c4a3f resource provider not found; error: Placement Client Error (4xx): {"errors": [{"status": 404, "title": "Not Found", "detail": "The resource could not be found.\n\n No resource provider with uuid 56f1222f-09bc-4fbd-975d-284dc07c4a3f found for delete ", "request_id": "req-a7fbf1d7-af39-45e3-9929-16ae55b1eeb8"}]}
2026-05-05 18:25:01.465 10 INFO neutron.services.segments.plugin [-] Segment 56f1222f-09bc-4fbd-975d-284dc07c4a3f resource provider not found; error: Placement Client Error (4xx): {"errors": [{"status": 404, "title": "Not Found", "detail": "The resource could not be found.\n\n No resource provider with uuid 56f1222f-09bc-4fbd-975d-284dc07c4a3f found for delete ", "request_id": "req-66e460ad-ee4e-4592-b683-d20345d797bc"}]}
2026-05-05 18:25:01.758 10 INFO neutron.wsgi [None req-afbfdd19-5f8b-4aa8-acee-53ea82f0c3ca 4c3a8b9ad6f449bcaaafb20e4c643567 0b53a5c70e644ae8bcab0f9985cf0415 - - - -] 10.0.0.159 "DELETE /v2.0/networks/3c5ea133-eb7a-4d7f-85dc-5bef87fac257 HTTP/1.1" status: 204 len: 168 time: 0.8650720
2026-05-05 18:25:01.813 10 INFO neutron.wsgi [req-12e7e168-f002-4542-bfa1-2fa952e331fa req-70a54ee7-3ca7-41bd-8361-f9814de4a847 f3a2bbdf4d924bcea118735f3fc6e240 84103cfa650f407ea23b7ad8680cc4a6 - - default default] 10.0.0.191 "GET /v2.0/ports?device_id=5612afa9-c7d6-4dd7-b760-da9bf5836376 HTTP/1.1" status: 200 len: 1172 time: 0.0404482
2026-05-05 18:25:01.860 10 INFO neutron.wsgi [req-12e7e168-f002-4542-bfa1-2fa952e331fa req-e1fab28c-5cd7-44ff-b1de-b0ca2769bed0 f3a2bbdf4d924bcea118735f3fc6e240 84103cfa650f407ea23b7ad8680cc4a6 - - default default] 10.0.0.191 "GET /v2.0/security-groups?id=f9e641e2-4463-41ff-b4e6-cf45ebf173d0&fields=id&fields=name HTTP/1.1" status: 200 len: 313 time: 0.0395296
2026-05-05 18:25:02.610 10 INFO neutron.db.ovn_revision_numbers_db [None req-1e507f23-5a78-46b9-af99-ccd59c9835f4 87e2d62cf4aa4dfbba57ba71705bcede 5f76298269894f008c69fe0eedb4f974 - - - -] Successfully bumped revision number for resource 99a4ee2e-65c4-42e1-8ba5-bf169a9e3657 (type: security_groups) to 1
2026-05-05 18:25:02.781 10 INFO neutron.wsgi [None req-1e507f23-5a78-46b9-af99-ccd59c9835f4 87e2d62cf4aa4dfbba57ba71705bcede 5f76298269894f008c69fe0eedb4f974 - - - -] 10.0.0.159 "POST /v2.0/security-groups HTTP/1.1" status: 201 len: 1807 time: 1.3126585
2026-05-05 18:25:02.831 9 WARNING neutron.plugins.ml2.drivers.ovn.mech_driver.ovsdb.ovn_client [None req-f0a85cf2-73d7-417c-9093-4b05602f06eb - - - - - -] No port found with ID d37d73fa-bb0d-42db-beca-8221b6cd40f3: RuntimeError: No port found with ID d37d73fa-bb0d-42db-beca-8221b6cd40f3
2026-05-05 18:25:02.832 9 INFO neutron.plugins.ml2.drivers.ovn.mech_driver.mech_driver [None req-f0a85cf2-73d7-417c-9093-4b05602f06eb - - - - - -] OVN reports status up for port: 30d6e5af-cd1f-4988-a522-c21dc93cb65c
2026-05-05 18:25:02.960 10 INFO neutron.wsgi [req-18cf1a2e-3138-493c-9774-7fc22e5add04 req-75b268c2-3c70-43e9-8ed0-c963a620e48e f3a2bbdf4d924bcea118735f3fc6e240 84103cfa650f407ea23b7ad8680cc4a6 - - default default] 10.0.0.191 "GET /v2.0/ports?device_id=5612afa9-c7d6-4dd7-b760-da9bf5836376 HTTP/1.1" status: 200 len: 1172 time: 0.0378232
2026-05-05 18:25:03.008 10 INFO neutron.wsgi [req-18cf1a2e-3138-493c-9774-7fc22e5add04 req-4665a07c-0271-4c25-84e6-af4c2c4b39ff f3a2bbdf4d924bcea118735f3fc6e240 84103cfa650f407ea23b7ad8680cc4a6 - - default default] 10.0.0.191 "GET /v2.0/security-groups?id=f9e641e2-4463-41ff-b4e6-cf45ebf173d0&fields=id&fields=name HTTP/1.1" status: 200 len: 313 time: 0.0392997
2026-05-05 18:25:03.270 9 INFO neutron.plugins.ml2.plugin [None req-f0a85cf2-73d7-417c-9093-4b05602f06eb - - - - - -] Attempt 1 to provision port 30d6e5af-cd1f-4988-a522-c21dc93cb65c
2026-05-05 18:25:03.451 9 INFO neutron.notifiers.nova [-] Nova event matching ['req-efe2ebfc-608e-4b46-9206-98ae141b7b7d'] response: {'server_uuid': '5612afa9-c7d6-4dd7-b760-da9bf5836376', 'name': 'network-vif-plugged', 'status': 'completed', 'tag': '30d6e5af-cd1f-4988-a522-c21dc93cb65c', 'code': 200}
2026-05-05 18:25:04.153 10 INFO neutron.wsgi [req-0177e24a-12c9-4a90-b8bb-159bf217d87e req-faaae00d-364a-43c9-993e-aa92cdfd4bbe f3a2bbdf4d924bcea118735f3fc6e240 84103cfa650f407ea23b7ad8680cc4a6 - - default default] 10.0.0.191 "GET /v2.0/ports?device_id=5612afa9-c7d6-4dd7-b760-da9bf5836376 HTTP/1.1" status: 200 len: 1172 time: 0.0740855
2026-05-05 18:25:04.210 10 INFO neutron.wsgi [req-0177e24a-12c9-4a90-b8bb-159bf217d87e req-6ce22574-ecba-4353-b715-d064672fbfb9 f3a2bbdf4d924bcea118735f3fc6e240 84103cfa650f407ea23b7ad8680cc4a6 - - default default] 10.0.0.191 "GET /v2.0/security-groups?id=f9e641e2-4463-41ff-b4e6-cf45ebf173d0&fields=id&fields=name HTTP/1.1" status: 200 len: 313 time: 0.0486441
2026-05-05 18:25:04.243 9 WARNING neutron.scheduler.dhcp_agent_scheduler [None req-37fe9b14-65d6-446e-b496-6967d57418f1 4c3a8b9ad6f449bcaaafb20e4c643567 0b53a5c70e644ae8bcab0f9985cf0415 - - - -] No more DHCP agents
2026-05-05 18:25:04.247 9 WARNING neutron.api.rpc.agentnotifiers.dhcp_rpc_agent_api [None req-37fe9b14-65d6-446e-b496-6967d57418f1 4c3a8b9ad6f449bcaaafb20e4c643567 0b53a5c70e644ae8bcab0f9985cf0415 - - - -] Unable to schedule network 732d28ec-5654-4a0b-9d22-f70b8a8d3d40: no agents available; will retry on subsequent port and subnet creation events.
2026-05-05 18:25:04.437 9 INFO neutron.db.ovn_revision_numbers_db [None req-2686650d-ded8-4987-aa63-c789496326ee 0b14b58a11c7450988da3dcd3a66c133 a43616b0c9c04e6c9b2f5c5139d50744 - - default default] Successfully bumped revision number for resource 86f6994a-efd7-4ef0-aff4-11dd08d45fba (type: security_groups) to 1
2026-05-05 18:25:04.471 9 INFO neutron.wsgi [None req-2686650d-ded8-4987-aa63-c789496326ee 0b14b58a11c7450988da3dcd3a66c133 a43616b0c9c04e6c9b2f5c5139d50744 - - default default] 10.0.0.159 "GET /v2.0/security-groups?tenant_id=d42422fab5b946d4bcfe852540b41a57&name=default HTTP/1.1" status: 200 len: 2996 time: 2.2122054
2026-05-05 18:25:04.509 10 INFO neutron.db.ovn_revision_numbers_db [None req-0189bd68-eef1-4109-bd5d-fd3f36db7800 87e2d62cf4aa4dfbba57ba71705bcede 5f76298269894f008c69fe0eedb4f974 - - - -] Successfully bumped revision number for resource a49d1909-8f1a-4778-9832-9ef8e1790ccf (type: security_group_rules) to 0
2026-05-05 18:25:04.560 9 INFO neutron.db.ovn_revision_numbers_db [None req-f0a85cf2-73d7-417c-9093-4b05602f06eb - - - - - -] Successfully bumped revision number for resource 30d6e5af-cd1f-4988-a522-c21dc93cb65c (type: ports) to 4
2026-05-05 18:25:04.563 9 INFO neutron.db.ovn_revision_numbers_db [None req-37fe9b14-65d6-446e-b496-6967d57418f1 4c3a8b9ad6f449bcaaafb20e4c643567 0b53a5c70e644ae8bcab0f9985cf0415 - - - -] Successfully bumped revision number for resource 3982ba41-36b1-476c-8faf-3beb2a266863 (type: ports) to 1
2026-05-05 18:25:04.624 10 INFO neutron.wsgi [None req-0189bd68-eef1-4109-bd5d-fd3f36db7800 87e2d62cf4aa4dfbba57ba71705bcede 5f76298269894f008c69fe0eedb4f974 - - - -] 10.0.0.159 "POST /v2.0/security-group-rules HTTP/1.1" status: 201 len: 764 time: 1.8366089
2026-05-05 18:25:04.687 9 INFO neutron.plugins.ml2.drivers.ovn.mech_driver.mech_driver [None req-f0a85cf2-73d7-417c-9093-4b05602f06eb - - - - - -] OVN reports status up for port: 1bd9e593-35e4-4d18-b7c2-5824a1b2498c
2026-05-05 18:25:04.713 9 INFO neutron.plugins.ml2.plugin [None req-f0a85cf2-73d7-417c-9093-4b05602f06eb - - - - - -] Attempt 1 to provision port 1bd9e593-35e4-4d18-b7c2-5824a1b2498c
2026-05-05 18:25:05.671 10 INFO neutron.wsgi [req-c390a18a-13d9-4366-97a2-4a6983f4f1be req-65f4acbd-f172-48c8-a197-7919b5a8af55 f3a2bbdf4d924bcea118735f3fc6e240 84103cfa650f407ea23b7ad8680cc4a6 - - default default] 10.0.0.191 "GET /v2.0/ports?device_id=5612afa9-c7d6-4dd7-b760-da9bf5836376 HTTP/1.1" status: 200 len: 1174 time: 0.3644762
2026-05-05 18:25:05.682 10 INFO neutron.wsgi [None req-6df33fa3-2276-46c9-b0b6-543c5c907cf1 0b14b58a11c7450988da3dcd3a66c133 a43616b0c9c04e6c9b2f5c5139d50744 - - - -] 10.0.0.159 "DELETE /v2.0/security-groups/86f6994a-efd7-4ef0-aff4-11dd08d45fba HTTP/1.1" status: 204 len: 168 time: 1.2050607
2026-05-05 18:25:05.725 10 INFO neutron.wsgi [req-c390a18a-13d9-4366-97a2-4a6983f4f1be req-d3550ec2-054f-43c0-ab9a-46862e80596b f3a2bbdf4d924bcea118735f3fc6e240 84103cfa650f407ea23b7ad8680cc4a6 - - default default] 10.0.0.191 "GET /v2.0/security-groups?id=f9e641e2-4463-41ff-b4e6-cf45ebf173d0&fields=id&fields=name HTTP/1.1" status: 200 len: 313 time: 0.0447898
2026-05-05 18:25:05.900 9 INFO neutron.notifiers.nova [-] Nova event matching ['req-814dfd63-eea8-41a4-9f62-d35656e09d31'] response: {'server_uuid': '5612afa9-c7d6-4dd7-b760-da9bf5836376', 'name': 'network-vif-plugged', 'status': 'completed', 'tag': '30d6e5af-cd1f-4988-a522-c21dc93cb65c', 'code': 200}
2026-05-05 18:25:06.260 10 INFO neutron.db.ovn_revision_numbers_db [None req-c21d6f20-08b4-4b75-9e1e-9590315bc608 87e2d62cf4aa4dfbba57ba71705bcede 5f76298269894f008c69fe0eedb4f974 - - - -] Successfully bumped revision number for resource 9f8654a7-6967-4401-9e3c-762ace7d67e2 (type: security_group_rules) to 0
2026-05-05 18:25:06.264 9 INFO neutron.db.ovn_revision_numbers_db [None req-f0a85cf2-73d7-417c-9093-4b05602f06eb - - - - - -] Successfully bumped revision number for resource 1bd9e593-35e4-4d18-b7c2-5824a1b2498c (type: ports) to 3 /var/lib/openstack/lib/python3.10/site-packages/pycadf/identifier.py:71: UserWarning: Invalid uuid: neutron. To ensure interoperability, identifiers should be a valid uuid. warnings.warn(('Invalid uuid: %s. To ensure interoperability, '
2026-05-05 18:25:06.784 10 INFO neutron.wsgi [None req-c21d6f20-08b4-4b75-9e1e-9590315bc608 87e2d62cf4aa4dfbba57ba71705bcede 5f76298269894f008c69fe0eedb4f974 - - - -] 10.0.0.159 "POST /v2.0/security-group-rules HTTP/1.1" status: 201 len: 763 time: 2.1514301
2026-05-05 18:25:06.839 10 INFO neutron.wsgi [req-523e4fe5-f69d-43d3-ac88-96d6c7e8ad6f req-21127915-dcf4-45b1-9a51-99548beb19e3 f3a2bbdf4d924bcea118735f3fc6e240 84103cfa650f407ea23b7ad8680cc4a6 - - default default] 10.0.0.191 "GET /v2.0/ports?device_id=5612afa9-c7d6-4dd7-b760-da9bf5836376 HTTP/1.1" status: 200 len: 1174 time: 0.0311673
2026-05-05 18:25:06.877 10 INFO neutron.wsgi [req-523e4fe5-f69d-43d3-ac88-96d6c7e8ad6f req-440c87e1-c3f9-46d0-bc17-9eeaadfd2453 f3a2bbdf4d924bcea118735f3fc6e240 84103cfa650f407ea23b7ad8680cc4a6 - - default default] 10.0.0.191 "GET /v2.0/security-groups?id=f9e641e2-4463-41ff-b4e6-cf45ebf173d0&fields=id&fields=name HTTP/1.1" status: 200 len: 313 time: 0.0308275
2026-05-05 18:25:06.992 10 INFO neutron.wsgi [req-2336cd9c-3888-409c-903f-76ce17144c4f req-e6ba7a29-6dcb-4abf-9df7-1f3ef8ea2a3e f3a2bbdf4d924bcea118735f3fc6e240 84103cfa650f407ea23b7ad8680cc4a6 - - default default] 10.0.0.191 "GET /v2.0/ports?device_id=5612afa9-c7d6-4dd7-b760-da9bf5836376 HTTP/1.1" status: 200 len: 1174 time: 0.0432715
2026-05-05 18:25:07.031 10 INFO neutron.wsgi [req-2336cd9c-3888-409c-903f-76ce17144c4f req-84d3f93f-82f2-4282-bfd2-70386227e601 f3a2bbdf4d924bcea118735f3fc6e240 84103cfa650f407ea23b7ad8680cc4a6 - - default default] 10.0.0.191 "GET /v2.0/security-groups?id=f9e641e2-4463-41ff-b4e6-cf45ebf173d0&fields=id&fields=name HTTP/1.1" status: 200 len: 313 time: 0.0288012
2026-05-05 18:25:07.083 9 INFO neutron.db.ovn_revision_numbers_db [None req-f0a85cf2-73d7-417c-9093-4b05602f06eb - - - - - -] Successfully bumped revision number for resource 1bd9e593-35e4-4d18-b7c2-5824a1b2498c (type: router_ports) to 3
2026-05-05 18:25:07.088 9 INFO neutron.db.ovn_revision_numbers_db [None req-37fe9b14-65d6-446e-b496-6967d57418f1 4c3a8b9ad6f449bcaaafb20e4c643567 0b53a5c70e644ae8bcab0f9985cf0415 - - - -] Successfully bumped revision number for resource 3982ba41-36b1-476c-8faf-3beb2a266863 (type: router_ports) to 1
2026-05-05 18:25:07.137 10 INFO neutron.wsgi [None req-0918bd92-fc6b-4f8f-ae95-b30e2324a7d3 0ceadd661e4444a580559035d09270b8 6cfd9de18d2549bd917d9c22c5c88451 - - default default] 10.0.0.159 "GET /v2.0/ports?device_id=5612afa9-c7d6-4dd7-b760-da9bf5836376 HTTP/1.1" status: 200 len: 1360 time: 0.0687287
2026-05-05 18:25:07.207 9 INFO neutron.db.ovn_revision_numbers_db [None req-878f7546-0fae-4d28-b8bc-abb3f6597f70 0b14b58a11c7450988da3dcd3a66c133 a43616b0c9c04e6c9b2f5c5139d50744 - - default default] Successfully bumped revision number for resource 21a0c5dd-6fa7-47b9-b14c-6ea76aaeb9f5 (type: security_groups) to 1
2026-05-05 18:25:07.239 9 INFO neutron.wsgi [None req-878f7546-0fae-4d28-b8bc-abb3f6597f70 0b14b58a11c7450988da3dcd3a66c133 a43616b0c9c04e6c9b2f5c5139d50744 - - default default] 10.0.0.159 "GET /v2.0/security-groups?tenant_id=38ee465dcddb4e329c69e1a7ce013e74&name=default HTTP/1.1" status: 200 len: 2996 time: 0.8952923
2026-05-05 18:25:07.443 9 INFO neutron.db.ovn_revision_numbers_db [None req-37fe9b14-65d6-446e-b496-6967d57418f1 4c3a8b9ad6f449bcaaafb20e4c643567 0b53a5c70e644ae8bcab0f9985cf0415 - - - -] Successfully bumped revision number for resource 43d1844f-939e-49b8-9681-08cc63585a10 (type: routers) to 3
2026-05-05 18:25:07.889 10 INFO neutron.db.l3_db [None req-a3559fad-8f05-4573-923e-8804f51de5d6 f3a2bbdf4d924bcea118735f3fc6e240 84103cfa650f407ea23b7ad8680cc4a6 - - - -] Floating IP 86425d95-5dce-457c-9c74-c08b43e0fb82 associated. External IP: 10.96.250.210, port: 30d6e5af-cd1f-4988-a522-c21dc93cb65c.
2026-05-05 18:25:08.463 9 INFO neutron.wsgi [None req-37fe9b14-65d6-446e-b496-6967d57418f1 4c3a8b9ad6f449bcaaafb20e4c643567 0b53a5c70e644ae8bcab0f9985cf0415 - - - -] 10.0.0.159 "POST /v2.0/routers HTTP/1.1" status: 201 len: 872 time: 6.6967034
2026-05-05 18:25:08.503 10 INFO neutron.db.ovn_revision_numbers_db [None req-a3559fad-8f05-4573-923e-8804f51de5d6 f3a2bbdf4d924bcea118735f3fc6e240 84103cfa650f407ea23b7ad8680cc4a6 - - - -] Successfully bumped revision number for resource 86425d95-5dce-457c-9c74-c08b43e0fb82 (type: floatingips) to 4
2026-05-05 18:25:09.033 10 INFO neutron.wsgi [None req-b2684fd9-4d8f-4a67-8c02-b572a1aee821 4c3a8b9ad6f449bcaaafb20e4c643567 0b53a5c70e644ae8bcab0f9985cf0415 - - default default] 10.0.0.159 "GET /v2.0/routers/43d1844f-939e-49b8-9681-08cc63585a10 HTTP/1.1" status: 200 len: 873 time: 0.5630820
2026-05-05 18:25:09.165 9 INFO neutron.wsgi [None req-57d30419-7d5d-47bf-8da6-1635f243e687 4c3a8b9ad6f449bcaaafb20e4c643567 0b53a5c70e644ae8bcab0f9985cf0415 - - default default] 10.0.0.159 "GET /v2.0/routers HTTP/1.1" status: 200 len: 876 time: 0.1230352
2026-05-05 18:25:09.223 10 INFO neutron.wsgi [None req-8a1480a5-1c12-409d-80e4-b4d3fe4eabc4 0b14b58a11c7450988da3dcd3a66c133 a43616b0c9c04e6c9b2f5c5139d50744 - - - -] 10.0.0.159 "DELETE /v2.0/security-groups/21a0c5dd-6fa7-47b9-b14c-6ea76aaeb9f5 HTTP/1.1" status: 204 len: 168 time: 1.9771707
2026-05-05 18:25:09.251 10 INFO neutron.db.ovn_revision_numbers_db [None req-175cfc5d-a15f-46ba-aed9-f1a09424c882 87e2d62cf4aa4dfbba57ba71705bcede 5f76298269894f008c69fe0eedb4f974 - - - -] Successfully bumped revision number for resource 222aa282-2aec-4cff-ac89-5ca044e90e19 (type: security_group_rules) to 0
2026-05-05 18:25:09.587 10 INFO neutron.db.ovn_revision_numbers_db [None req-a3559fad-8f05-4573-923e-8804f51de5d6 f3a2bbdf4d924bcea118735f3fc6e240 84103cfa650f407ea23b7ad8680cc4a6 - - - -] Successfully bumped revision number for resource 86425d95-5dce-457c-9c74-c08b43e0fb82 (type: floatingips) to 5
2026-05-05 18:25:09.607 10 INFO neutron.wsgi [None req-175cfc5d-a15f-46ba-aed9-f1a09424c882 87e2d62cf4aa4dfbba57ba71705bcede 5f76298269894f008c69fe0eedb4f974 - - - -] 10.0.0.159 "POST /v2.0/security-group-rules HTTP/1.1" status: 201 len: 769 time: 2.8136978
2026-05-05 18:25:09.634 10 INFO neutron.wsgi [None req-a3559fad-8f05-4573-923e-8804f51de5d6 f3a2bbdf4d924bcea118735f3fc6e240 84103cfa650f407ea23b7ad8680cc4a6 - - - -] 10.0.0.159 "PUT /v2.0/floatingips/86425d95-5dce-457c-9c74-c08b43e0fb82 HTTP/1.1" status: 200 len: 1050 time: 2.4905775
2026-05-05 18:25:09.691 10 INFO neutron.notifiers.nova [-] Nova event matching ['req-1ef78079-971e-48a1-9ad0-84d9a89bf334'] response: {'name': 'network-changed', 'server_uuid': '5612afa9-c7d6-4dd7-b760-da9bf5836376', 'tag': '30d6e5af-cd1f-4988-a522-c21dc93cb65c', 'status': 'completed', 'code': 200}
2026-05-05 18:25:09.705 10 INFO neutron.wsgi [None req-39d5123d-3aae-421a-8232-3d3d9969c47a f3a2bbdf4d924bcea118735f3fc6e240 84103cfa650f407ea23b7ad8680cc4a6 - - default default] 10.0.0.159 "GET /v2.0/floatingips/86425d95-5dce-457c-9c74-c08b43e0fb82 HTTP/1.1" status: 200 len: 1052 time: 0.0655091
2026-05-05 18:25:09.743 10 INFO neutron.wsgi [req-997c422c-7f2e-419c-9a23-deb108fb8fdf req-8d1fca57-6a3e-4663-8fde-001baa7a52d4 44e38bcf3e2e4be2ad10580fff5ac83f a6fe8d98f3094f7886a2a2f5b0885d05 - - 4bf83d4858b5484d8f5c80b2b7877723 4bf83d4858b5484d8f5c80b2b7877723] 199.19.213.140 "GET /v2.0/ports?tenant_id=84103cfa650f407ea23b7ad8680cc4a6&device_id=5612afa9-c7d6-4dd7-b760-da9bf5836376 HTTP/1.1" status: 200 len: 1365 time: 0.0340362
2026-05-05 18:25:09.818 10 INFO neutron.wsgi [req-997c422c-7f2e-419c-9a23-deb108fb8fdf req-08ea2d78-b3e2-4950-8bba-22b4190c9a59 44e38bcf3e2e4be2ad10580fff5ac83f a6fe8d98f3094f7886a2a2f5b0885d05 - - 4bf83d4858b5484d8f5c80b2b7877723 4bf83d4858b5484d8f5c80b2b7877723] 199.19.213.140 "GET /v2.0/networks?id=457a9bf0-c575-4503-97d8-c215ac4251bc HTTP/1.1" status: 200 len: 958 time: 0.0665190
2026-05-05 18:25:09.835 9 INFO neutron.db.ovn_revision_numbers_db [None req-a44da6ac-1618-4319-828d-38a72732b546 4c3a8b9ad6f449bcaaafb20e4c643567 0b53a5c70e644ae8bcab0f9985cf0415 - - - -] Successfully bumped revision number for resource 43d1844f-939e-49b8-9681-08cc63585a10 (type: routers) to 4
2026-05-05 18:25:09.838 9 INFO neutron.wsgi [None req-a44da6ac-1618-4319-828d-38a72732b546 4c3a8b9ad6f449bcaaafb20e4c643567 0b53a5c70e644ae8bcab0f9985cf0415 - - - -] 10.0.0.159 "PUT /v2.0/routers/43d1844f-939e-49b8-9681-08cc63585a10 HTTP/1.1" status: 200 len: 880 time: 0.6660223
2026-05-05 18:25:09.880 10 INFO neutron.wsgi [req-997c422c-7f2e-419c-9a23-deb108fb8fdf req-0e421393-feef-4464-acd0-165c275da3a0 44e38bcf3e2e4be2ad10580fff5ac83f a6fe8d98f3094f7886a2a2f5b0885d05 - - 4bf83d4858b5484d8f5c80b2b7877723 4bf83d4858b5484d8f5c80b2b7877723] 199.19.213.140 "GET /v2.0/floatingips?fixed_ip_address=10.100.0.11&port_id=30d6e5af-cd1f-4988-a522-c21dc93cb65c HTTP/1.1" status: 200 len: 1060 time: 0.0538104
2026-05-05 18:25:09.923 9 INFO neutron.db.ovn_revision_numbers_db [None req-c03f2058-8da3-4f22-ac15-baf1b0e467cc 87e2d62cf4aa4dfbba57ba71705bcede 5f76298269894f008c69fe0eedb4f974 - - - -] Successfully bumped revision number for resource 42c6c361-a27e-4fc0-9a53-bddba1b191a6 (type: security_group_rules) to 0
2026-05-05 18:25:09.925 10 INFO neutron.db.ovn_revision_numbers_db [None req-c31a4eff-7396-4946-bc96-c00340f27935 0b14b58a11c7450988da3dcd3a66c133 a43616b0c9c04e6c9b2f5c5139d50744 - - default default] Successfully bumped revision number for resource 06d8c800-a505-400b-aa1b-dfeca5fb074e (type: security_groups) to 1
2026-05-05 18:25:09.928 10 INFO neutron.wsgi [req-997c422c-7f2e-419c-9a23-deb108fb8fdf req-686df0db-7b51-447b-877f-92f774fd3ca9 44e38bcf3e2e4be2ad10580fff5ac83f a6fe8d98f3094f7886a2a2f5b0885d05 - - 4bf83d4858b5484d8f5c80b2b7877723 4bf83d4858b5484d8f5c80b2b7877723] 199.19.213.140 "GET /v2.0/subnets?id=82225c4b-c06e-48c2-be7e-1dfba873fcd0 HTTP/1.1" status: 200 len: 852 time: 0.0392292
2026-05-05 18:25:09.949 10 INFO neutron.wsgi [None req-c31a4eff-7396-4946-bc96-c00340f27935 0b14b58a11c7450988da3dcd3a66c133 a43616b0c9c04e6c9b2f5c5139d50744 - - default default] 10.0.0.159 "GET /v2.0/security-groups?tenant_id=376cdd4bc6114fe5a27f9d1c1a04eada&name=default HTTP/1.1" status: 200 len: 2996 time: 0.1985693
2026-05-05 18:25:09.954 9 INFO neutron.wsgi [None req-301c7e24-c960-4b80-9275-030a8b5e7687 4c3a8b9ad6f449bcaaafb20e4c643567 0b53a5c70e644ae8bcab0f9985cf0415 - - default default] 10.0.0.159 "GET /v2.0/routers/43d1844f-939e-49b8-9681-08cc63585a10 HTTP/1.1" status: 200 len: 880 time: 0.1091218
2026-05-05 18:25:09.964 10 INFO neutron.wsgi [req-997c422c-7f2e-419c-9a23-deb108fb8fdf req-ad9851e1-446d-4f9d-964f-48c97fc9c723 44e38bcf3e2e4be2ad10580fff5ac83f a6fe8d98f3094f7886a2a2f5b0885d05 - - 4bf83d4858b5484d8f5c80b2b7877723 4bf83d4858b5484d8f5c80b2b7877723] 199.19.213.140 "GET /v2.0/ports?network_id=457a9bf0-c575-4503-97d8-c215ac4251bc&device_owner=network%3Adhcp HTTP/1.1" status: 200 len: 210 time: 0.0270758
2026-05-05 18:25:09.990 9 INFO neutron.wsgi [None req-fa09b087-f055-44d6-a9f5-b17a36db542b 4c3a8b9ad6f449bcaaafb20e4c643567 0b53a5c70e644ae8bcab0f9985cf0415 - - default default] 10.0.0.159 "GET /v2.0/ports?device_id=43d1844f-939e-49b8-9681-08cc63585a10 HTTP/1.1" status: 200 len: 205 time: 0.0304995
2026-05-05 18:25:10.002 9 INFO neutron.wsgi [None req-c03f2058-8da3-4f22-ac15-baf1b0e467cc 87e2d62cf4aa4dfbba57ba71705bcede 5f76298269894f008c69fe0eedb4f974 - - - -] 10.0.0.159 "POST /v2.0/security-group-rules HTTP/1.1" status: 201 len: 768 time: 0.3881452
2026-05-05 18:25:10.025 10 INFO neutron.wsgi [req-997c422c-7f2e-419c-9a23-deb108fb8fdf req-7fafc417-e05a-44f2-a18b-8e208fc99b23 44e38bcf3e2e4be2ad10580fff5ac83f a6fe8d98f3094f7886a2a2f5b0885d05 - - 4bf83d4858b5484d8f5c80b2b7877723 4bf83d4858b5484d8f5c80b2b7877723] 199.19.213.140 "GET /v2.0/networks/457a9bf0-c575-4503-97d8-c215ac4251bc?fields=segments HTTP/1.1" status: 200 len: 212 time: 0.0536344
2026-05-05 18:25:10.069 10 INFO neutron.wsgi [-] 10.0.0.183 "GET / HTTP/1.1" status: 200 len: 247 time: 0.0013664
2026-05-05 18:25:10.070 10 INFO neutron.wsgi [-] 10.0.0.183 "GET / HTTP/1.1" status: 200 len: 247 time: 0.0010986
2026-05-05 18:25:10.088 10 INFO neutron.wsgi [req-997c422c-7f2e-419c-9a23-deb108fb8fdf req-72512dfe-12f5-4da1-b62e-79040a8bd4ba 44e38bcf3e2e4be2ad10580fff5ac83f a6fe8d98f3094f7886a2a2f5b0885d05 - - 4bf83d4858b5484d8f5c80b2b7877723 4bf83d4858b5484d8f5c80b2b7877723] 199.19.213.140 "GET /v2.0/networks/457a9bf0-c575-4503-97d8-c215ac4251bc?fields=provider%3Aphysical_network&fields=provider%3Anetwork_type HTTP/1.1" status: 200 len: 277 time: 0.0568802
2026-05-05 18:25:10.097 10 INFO neutron.db.securitygroups_db [None req-9ec3d9a8-9251-49a4-9cab-a10274603593 87e2d62cf4aa4dfbba57ba71705bcede 5f76298269894f008c69fe0eedb4f974 - - - -] Project 5f76298269894f008c69fe0eedb4f974 added a security group rule with legacy IPv6 ICMP protocol name icmp, ipv6-icmp should be used instead. It was automatically converted.
2026-05-05 18:25:10.402 10 INFO neutron.db.ovn_revision_numbers_db [None req-9ec3d9a8-9251-49a4-9cab-a10274603593 87e2d62cf4aa4dfbba57ba71705bcede 5f76298269894f008c69fe0eedb4f974 - - - -] Successfully bumped revision number for resource f14d1015-207b-48b7-a46f-79c5a2a67ec6 (type: security_group_rules) to 0
2026-05-05 18:25:10.444 10 INFO neutron.wsgi [None req-9ec3d9a8-9251-49a4-9cab-a10274603593 87e2d62cf4aa4dfbba57ba71705bcede 5f76298269894f008c69fe0eedb4f974 - - - -] 10.0.0.159 "POST /v2.0/security-group-rules HTTP/1.1" status: 201 len: 774 time: 0.4351683
2026-05-05 18:25:10.476 9 INFO neutron.wsgi [None req-3926c80b-7a4a-460e-8314-cdcee65eb252 0b14b58a11c7450988da3dcd3a66c133 a43616b0c9c04e6c9b2f5c5139d50744 - - - -] 10.0.0.159 "DELETE /v2.0/security-groups/06d8c800-a505-400b-aa1b-dfeca5fb074e HTTP/1.1" status: 204 len: 168 time: 0.5206528
2026-05-05 18:25:10.477 10 INFO neutron.db.securitygroups_db [None req-6b40eb89-1667-4eaa-9aa0-1a9f76a8a5fe 87e2d62cf4aa4dfbba57ba71705bcede 5f76298269894f008c69fe0eedb4f974 - - - -] Project 5f76298269894f008c69fe0eedb4f974 added a security group rule with legacy IPv6 ICMP protocol name icmp, ipv6-icmp should be used instead. It was automatically converted.
2026-05-05 18:25:10.751 10 INFO neutron.db.ovn_revision_numbers_db [None req-6b40eb89-1667-4eaa-9aa0-1a9f76a8a5fe 87e2d62cf4aa4dfbba57ba71705bcede 5f76298269894f008c69fe0eedb4f974 - - - -] Successfully bumped revision number for resource 06b2b246-a82f-46b4-baab-741e2cd65c70 (type: security_group_rules) to 0
2026-05-05 18:25:10.791 10 INFO neutron.wsgi [None req-6b40eb89-1667-4eaa-9aa0-1a9f76a8a5fe 87e2d62cf4aa4dfbba57ba71705bcede 5f76298269894f008c69fe0eedb4f974 - - - -] 10.0.0.159 "POST /v2.0/security-group-rules HTTP/1.1" status: 201 len: 773 time: 0.3395047
2026-05-05 18:25:11.429 9 INFO neutron.wsgi [None req-a8ec65de-dd2c-4bf7-8560-e4002e31c822 4c3a8b9ad6f449bcaaafb20e4c643567 0b53a5c70e644ae8bcab0f9985cf0415 - - - -] 10.0.0.159 "DELETE /v2.0/routers/43d1844f-939e-49b8-9681-08cc63585a10 HTTP/1.1" status: 204 len: 168 time: 1.4299092
2026-05-05 18:25:11.472 10 INFO neutron.wsgi [None req-d5bb0618-2ee7-473a-9aa8-6b8086a55688 4c3a8b9ad6f449bcaaafb20e4c643567 0b53a5c70e644ae8bcab0f9985cf0415 - - default default] 10.0.0.159 "GET /v2.0/ports?device_id=43d1844f-939e-49b8-9681-08cc63585a10 HTTP/1.1" status: 200 len: 205 time: 0.0309525
2026-05-05 18:25:11.522 10 INFO neutron.api.v2.resource [None req-e881f87a-1ef9-4da9-a999-ae82a6bb9896 4c3a8b9ad6f449bcaaafb20e4c643567 0b53a5c70e644ae8bcab0f9985cf0415 - - - -] delete failed (client error): The resource could not be found.
2026-05-05 18:25:11.524 10 INFO neutron.wsgi [None req-e881f87a-1ef9-4da9-a999-ae82a6bb9896 4c3a8b9ad6f449bcaaafb20e4c643567 0b53a5c70e644ae8bcab0f9985cf0415 - - - -] 10.0.0.159 "DELETE /v2.0/routers/43d1844f-939e-49b8-9681-08cc63585a10 HTTP/1.1" status: 404 len: 336 time: 0.0368760
2026-05-05 18:25:11.553 9 INFO neutron.wsgi [None req-bf1c006b-94ce-4f8b-84ff-1619f06f44db 4c3a8b9ad6f449bcaaafb20e4c643567 0b53a5c70e644ae8bcab0f9985cf0415 - - default default] 10.0.0.159 "GET /v2.0/ports?device_id=2ac419e3-3892-4bb9-a7f4-3375b6bc3f27 HTTP/1.1" status: 200 len: 205 time: 0.0220816
2026-05-05 18:25:11.587 10 INFO neutron.api.v2.resource [None req-732dba5d-72df-4c95-913d-65422aac0b96 4c3a8b9ad6f449bcaaafb20e4c643567 0b53a5c70e644ae8bcab0f9985cf0415 - - - -] delete failed (client error): The resource could not be found.
2026-05-05 18:25:11.588 10 INFO neutron.wsgi [None req-732dba5d-72df-4c95-913d-65422aac0b96 4c3a8b9ad6f449bcaaafb20e4c643567 0b53a5c70e644ae8bcab0f9985cf0415 - - - -] 10.0.0.159 "DELETE /v2.0/routers/2ac419e3-3892-4bb9-a7f4-3375b6bc3f27 HTTP/1.1" status: 404 len: 336 time: 0.0257773
2026-05-05 18:25:11.615 9 INFO neutron.pecan_wsgi.hooks.translation [None req-329f4d47-d064-4e12-8023-dc10175f743e 4c3a8b9ad6f449bcaaafb20e4c643567 0b53a5c70e644ae8bcab0f9985cf0415 - - - -] DELETE failed (client error): The resource could not be found.
2026-05-05 18:25:11.617 9 INFO neutron.wsgi [None req-329f4d47-d064-4e12-8023-dc10175f743e 4c3a8b9ad6f449bcaaafb20e4c643567 0b53a5c70e644ae8bcab0f9985cf0415 - - - -] 10.0.0.159 "DELETE /v2.0/subnets/8b864793-986d-4609-a148-2af4b2b954bc HTTP/1.1" status: 404 len: 337 time: 0.0239253
2026-05-05 18:25:11.664 10 INFO neutron.wsgi [None req-1059bc29-a902-4fe0-b3f4-1c6f75746e14 4c3a8b9ad6f449bcaaafb20e4c643567 0b53a5c70e644ae8bcab0f9985cf0415 - - default default] 10.0.0.159 "GET /v2.0/ports?device_id=295b2b39-e361-452b-a5dc-9fa1b54b79e4 HTTP/1.1" status: 200 len: 205 time: 0.0356510
2026-05-05 18:25:11.665 10 INFO neutron.db.ovn_revision_numbers_db [None req-e723a90f-7dfe-47bd-80f1-175eae0c99c9 87e2d62cf4aa4dfbba57ba71705bcede 5f76298269894f008c69fe0eedb4f974 - - - -] Successfully bumped revision number for resource 57a4fd82-bd6e-4977-a0be-aa3122444f7e (type: security_groups) to 1
2026-05-05 18:25:11.723 10 INFO neutron.api.v2.resource [None req-7eb5364f-3786-47c4-98c7-d62b42e7f75f 4c3a8b9ad6f449bcaaafb20e4c643567 0b53a5c70e644ae8bcab0f9985cf0415 - - - -] delete failed (client error): The resource could not be found.
2026-05-05 18:25:11.727 10 INFO neutron.wsgi [None req-7eb5364f-3786-47c4-98c7-d62b42e7f75f 4c3a8b9ad6f449bcaaafb20e4c643567 0b53a5c70e644ae8bcab0f9985cf0415 - - - -] 10.0.0.159 "DELETE /v2.0/routers/295b2b39-e361-452b-a5dc-9fa1b54b79e4 HTTP/1.1" status: 404 len: 336 time: 0.0521231
2026-05-05 18:25:11.734 10 INFO neutron.wsgi [None req-e723a90f-7dfe-47bd-80f1-175eae0c99c9 87e2d62cf4aa4dfbba57ba71705bcede 5f76298269894f008c69fe0eedb4f974 - - - -] 10.0.0.159 "POST /v2.0/security-groups HTTP/1.1" status: 201 len: 1795 time: 0.4492733
2026-05-05 18:25:11.766 9 INFO neutron.pecan_wsgi.hooks.translation [None req-9764d542-de2a-4e17-8142-84299a625002 4c3a8b9ad6f449bcaaafb20e4c643567 0b53a5c70e644ae8bcab0f9985cf0415 - - - -] DELETE failed (client error): The resource could not be found.
2026-05-05 18:25:11.770 9 INFO neutron.wsgi [None req-9764d542-de2a-4e17-8142-84299a625002 4c3a8b9ad6f449bcaaafb20e4c643567 0b53a5c70e644ae8bcab0f9985cf0415 - - - -] 10.0.0.159 "DELETE /v2.0/subnets/e9ea61b5-81ae-4ac3-a6af-a8591a0f0b2d HTTP/1.1" status: 404 len: 337 time: 0.0364053
2026-05-05 18:25:11.807 10 INFO neutron.wsgi [None req-1365f4b9-4231-47ba-8a7e-58a622b6314b 4c3a8b9ad6f449bcaaafb20e4c643567 0b53a5c70e644ae8bcab0f9985cf0415 - - default default] 10.0.0.159 "GET /v2.0/ports?device_id=7c321a84-bd9b-4ad0-8fc7-263c5a542987 HTTP/1.1" status: 200 len: 205 time: 0.0286777
2026-05-05 18:25:11.852 10 INFO neutron.api.v2.resource [None req-a80f2845-1b72-4c7d-b624-9a5a1d3e3865 4c3a8b9ad6f449bcaaafb20e4c643567 0b53a5c70e644ae8bcab0f9985cf0415 - - - -] delete failed (client error): The resource could not be found.
2026-05-05 18:25:11.854 10 INFO neutron.wsgi [None req-a80f2845-1b72-4c7d-b624-9a5a1d3e3865 4c3a8b9ad6f449bcaaafb20e4c643567 0b53a5c70e644ae8bcab0f9985cf0415 - - - -] 10.0.0.159 "DELETE /v2.0/routers/7c321a84-bd9b-4ad0-8fc7-263c5a542987 HTTP/1.1" status: 404 len: 336 time: 0.0410120
2026-05-05 18:25:11.901 10 INFO neutron.pecan_wsgi.hooks.translation [None req-211a4209-a70c-4bb1-a54e-b2b9cfc16e2f 4c3a8b9ad6f449bcaaafb20e4c643567 0b53a5c70e644ae8bcab0f9985cf0415 - - - -] DELETE failed (client error): The resource could not be found.
2026-05-05 18:25:11.904 10 INFO neutron.wsgi [None req-211a4209-a70c-4bb1-a54e-b2b9cfc16e2f 4c3a8b9ad6f449bcaaafb20e4c643567 0b53a5c70e644ae8bcab0f9985cf0415 - - - -] 10.0.0.159 "DELETE /v2.0/subnets/925621d5-ccdb-4230-823b-61cf0cac61ce HTTP/1.1" status: 404 len: 337 time: 0.0402095
2026-05-05 18:25:11.928 9 INFO neutron.pecan_wsgi.hooks.translation [None req-951d0925-8438-4846-a893-67cf4e9d9f9b 4c3a8b9ad6f449bcaaafb20e4c643567 0b53a5c70e644ae8bcab0f9985cf0415 - - - -] DELETE failed (client error): The resource could not be found.
2026-05-05 18:25:11.935 9 INFO neutron.wsgi [None req-951d0925-8438-4846-a893-67cf4e9d9f9b 4c3a8b9ad6f449bcaaafb20e4c643567 0b53a5c70e644ae8bcab0f9985cf0415 - - - -] 10.0.0.159 "DELETE /v2.0/subnets/08155650-0a09-4edb-aff7-becbcef7bef6 HTTP/1.1" status: 404 len: 337 time: 0.0249050
2026-05-05 18:25:11.951 10 INFO neutron.db.ovn_revision_numbers_db [None req-c472ad68-6564-426d-9950-8da461ebda22 87e2d62cf4aa4dfbba57ba71705bcede 5f76298269894f008c69fe0eedb4f974 - - - -] Successfully bumped revision number for resource ad555797-bfca-47f4-85ce-f3f665874223 (type: security_group_rules) to 0
2026-05-05 18:25:11.978 10 INFO neutron.wsgi [None req-c472ad68-6564-426d-9950-8da461ebda22 87e2d62cf4aa4dfbba57ba71705bcede 5f76298269894f008c69fe0eedb4f974 - - - -] 10.0.0.159 "POST /v2.0/security-group-rules HTTP/1.1" status: 201 len: 764 time: 0.2386448
2026-05-05 18:25:12.144 10 INFO neutron.db.ovn_revision_numbers_db [None req-247ce575-c1bd-4c13-b4b9-ece3a247348e 87e2d62cf4aa4dfbba57ba71705bcede 5f76298269894f008c69fe0eedb4f974 - - - -] Successfully bumped revision number for resource c883e72c-c43f-41a9-8f05-aa0c055a5bf3 (type: security_group_rules) to 0
2026-05-05 18:25:12.178 10 INFO neutron.wsgi [None req-247ce575-c1bd-4c13-b4b9-ece3a247348e 87e2d62cf4aa4dfbba57ba71705bcede 5f76298269894f008c69fe0eedb4f974 - - - -] 10.0.0.159 "POST /v2.0/security-group-rules HTTP/1.1" status: 201 len: 769 time: 0.1905336
2026-05-05 18:25:12.285 9 WARNING neutron.plugins.ml2.drivers.ovn.mech_driver.ovsdb.ovn_client [None req-f0a85cf2-73d7-417c-9093-4b05602f06eb - - - - - -] No hosting information found for port 1bd9e593-35e4-4d18-b7c2-5824a1b2498c: RuntimeError: No hosting information found for port 1bd9e593-35e4-4d18-b7c2-5824a1b2498c
2026-05-05 18:25:12.285 9 INFO neutron.plugins.ml2.drivers.ovn.mech_driver.mech_driver [None req-f0a85cf2-73d7-417c-9093-4b05602f06eb - - - - - -] OVN reports status up for port: 3982ba41-36b1-476c-8faf-3beb2a266863
2026-05-05 18:25:12.587 10 WARNING neutron.scheduler.dhcp_agent_scheduler [None req-85915944-2364-4f2d-a2db-e3d9c84ced9f 87e2d62cf4aa4dfbba57ba71705bcede 5f76298269894f008c69fe0eedb4f974 - - - -] No more DHCP agents
2026-05-05 18:25:12.589 10 WARNING neutron.api.rpc.agentnotifiers.dhcp_rpc_agent_api [None req-85915944-2364-4f2d-a2db-e3d9c84ced9f 87e2d62cf4aa4dfbba57ba71705bcede 5f76298269894f008c69fe0eedb4f974 - - - -] Unable to schedule network 732d28ec-5654-4a0b-9d22-f70b8a8d3d40: no agents available; will retry on subsequent port and subnet creation events. /var/lib/openstack/lib/python3.10/site-packages/pycadf/identifier.py:71: UserWarning: Invalid uuid: neutron. To ensure interoperability, identifiers should be a valid uuid. warnings.warn(('Invalid uuid: %s. To ensure interoperability, '
2026-05-05 18:25:12.783 9 INFO neutron.wsgi [None req-67392999-af81-4f27-891d-b6b88bff8c1d 0b14b58a11c7450988da3dcd3a66c133 a43616b0c9c04e6c9b2f5c5139d50744 - - default default] 10.0.0.159 "GET /v2.0/security-groups?tenant_id=0b53a5c70e644ae8bcab0f9985cf0415&name=default HTTP/1.1" status: 200 len: 2996 time: 0.4150257
2026-05-05 18:25:12.954 10 INFO neutron.db.ovn_revision_numbers_db [None req-85915944-2364-4f2d-a2db-e3d9c84ced9f 87e2d62cf4aa4dfbba57ba71705bcede 5f76298269894f008c69fe0eedb4f974 - - - -] Successfully bumped revision number for resource 528534bb-d4c6-493b-a661-0dd35e7210fb (type: floatingips) to 0
2026-05-05 18:25:12.977 10 INFO neutron.wsgi [None req-85915944-2364-4f2d-a2db-e3d9c84ced9f 87e2d62cf4aa4dfbba57ba71705bcede 5f76298269894f008c69fe0eedb4f974 - - - -] 10.0.0.159 "POST /v2.0/floatingips HTTP/1.1" status: 201 len: 751 time: 0.7832472
2026-05-05 18:25:13.037 9 INFO neutron.wsgi [None req-2ce79468-d6cd-401e-98c0-43452f64c774 0b14b58a11c7450988da3dcd3a66c133 a43616b0c9c04e6c9b2f5c5139d50744 - - - -] 10.0.0.159 "DELETE /v2.0/security-groups/ed4f133b-8a2d-4541-a43e-cd28bf3cfadf HTTP/1.1" status: 204 len: 168 time: 0.2488961
2026-05-05 18:25:13.120 10 INFO neutron.wsgi [req-b8f58757-6ac8-4d20-a10b-5145b3ef876a req-a32367fd-ea5e-4b26-91b9-a96538aed231 87e2d62cf4aa4dfbba57ba71705bcede 5f76298269894f008c69fe0eedb4f974 - - default default] 10.0.0.191 "GET /v2.0/security-groups?name=tempest-securitygroup--1588271217&fields=id&tenant_id=5f76298269894f008c69fe0eedb4f974 HTTP/1.1" status: 200 len: 267 time: 0.0509820
2026-05-05 18:25:13.164 10 INFO neutron.wsgi [req-b8f58757-6ac8-4d20-a10b-5145b3ef876a req-2bb8ba27-6b33-470f-847a-e8f0a68bdba5 87e2d62cf4aa4dfbba57ba71705bcede 5f76298269894f008c69fe0eedb4f974 - - default default] 10.0.0.191 "GET /v2.0/security-groups?name=tempest-secgroup-smoke-24316757&fields=id&tenant_id=5f76298269894f008c69fe0eedb4f974 HTTP/1.1" status: 200 len: 267 time: 0.0336947
2026-05-05 18:25:13.256 10 INFO neutron.wsgi [req-b8f58757-6ac8-4d20-a10b-5145b3ef876a req-48737de6-f77c-4c90-8ef5-591609e55651 87e2d62cf4aa4dfbba57ba71705bcede 5f76298269894f008c69fe0eedb4f974 - - default default] 10.0.0.191 "GET /v2.0/networks?id=6ac4c6fd-df2b-420f-aaad-6e056463aa84 HTTP/1.1" status: 200 len: 872 time: 0.0807536
2026-05-05 18:25:13.281 10 INFO neutron.wsgi [req-b8f58757-6ac8-4d20-a10b-5145b3ef876a req-4a008b06-c0a6-488c-9dc7-16ed529ed4b9 87e2d62cf4aa4dfbba57ba71705bcede 5f76298269894f008c69fe0eedb4f974 - - default default] 10.0.0.191 "GET /v2.0/quotas/5f76298269894f008c69fe0eedb4f974 HTTP/1.1" status: 200 len: 386 time: 0.0144622
2026-05-05 18:25:13.396 10 INFO neutron.wsgi [req-b8f58757-6ac8-4d20-a10b-5145b3ef876a req-7cf5f68e-25ec-4aa7-9c17-567899e0fa1c 87e2d62cf4aa4dfbba57ba71705bcede 5f76298269894f008c69fe0eedb4f974 - - default default] 10.0.0.191 "GET /v2.0/ports?tenant_id=5f76298269894f008c69fe0eedb4f974&fields=id HTTP/1.1" status: 200 len: 302 time: 0.1069338
2026-05-05 18:25:13.474 10 INFO neutron.wsgi [req-b8f58757-6ac8-4d20-a10b-5145b3ef876a req-bd74a499-5774-460d-8599-1ddd2db28605 44e38bcf3e2e4be2ad10580fff5ac83f a6fe8d98f3094f7886a2a2f5b0885d05 - - 4bf83d4858b5484d8f5c80b2b7877723 4bf83d4858b5484d8f5c80b2b7877723] 10.0.0.191 "GET /v2.0/networks/6ac4c6fd-df2b-420f-aaad-6e056463aa84?fields=segments HTTP/1.1" status: 200 len: 212 time: 0.0634346
2026-05-05 18:25:13.551 10 INFO neutron.wsgi [req-b8f58757-6ac8-4d20-a10b-5145b3ef876a req-adc1071c-f9b7-46c0-8e8a-23a8de14f1eb 44e38bcf3e2e4be2ad10580fff5ac83f a6fe8d98f3094f7886a2a2f5b0885d05 - - 4bf83d4858b5484d8f5c80b2b7877723 4bf83d4858b5484d8f5c80b2b7877723] 10.0.0.191 "GET /v2.0/networks/6ac4c6fd-df2b-420f-aaad-6e056463aa84?fields=provider%3Aphysical_network&fields=provider%3Anetwork_type HTTP/1.1" status: 200 len: 277 time: 0.0692508
2026-05-05 18:25:13.732 10 INFO neutron.wsgi [req-fb616f60-cb36-4bda-a913-236b9373c21b req-3a54774a-9d37-4e14-b4a7-e1617f93b4c3 87e2d62cf4aa4dfbba57ba71705bcede 5f76298269894f008c69fe0eedb4f974 - - default default] 10.0.0.191 "GET /v2.0/ports?device_id=4cd80996-c02e-4d52-8d3e-5cb7cbd42eaa HTTP/1.1" status: 200 len: 210 time: 0.0308268
2026-05-05 18:25:14.706 10 INFO neutron.wsgi [req-b8f58757-6ac8-4d20-a10b-5145b3ef876a req-cdaf24d5-8339-4435-a522-f2832bcb54d3 87e2d62cf4aa4dfbba57ba71705bcede 5f76298269894f008c69fe0eedb4f974 - - default default] 199.19.213.140 "GET /v2.0/networks?id=6ac4c6fd-df2b-420f-aaad-6e056463aa84 HTTP/1.1" status: 200 len: 872 time: 0.1055567
2026-05-05 18:25:14.797 10 INFO neutron.wsgi [req-b8f58757-6ac8-4d20-a10b-5145b3ef876a req-39d60d0a-4eda-4d22-926e-1769c0ebaf76 87e2d62cf4aa4dfbba57ba71705bcede 5f76298269894f008c69fe0eedb4f974 - - default default] 199.19.213.140 "GET /v2.0/security-groups?fields=id&fields=name&tenant_id=5f76298269894f008c69fe0eedb4f974 HTTP/1.1" status: 200 len: 471 time: 0.0768659
2026-05-05 18:25:14.844 10 INFO neutron.wsgi [req-d774babe-fbcc-4e8a-a5f6-d66c6844e397 req-e332f8ed-7377-4a82-b8e7-c2164ea033ca 87e2d62cf4aa4dfbba57ba71705bcede 5f76298269894f008c69fe0eedb4f974 - - default default] 10.0.0.191 "GET /v2.0/ports?device_id=4cd80996-c02e-4d52-8d3e-5cb7cbd42eaa HTTP/1.1" status: 200 len: 210 time: 0.0271010
2026-05-05 18:25:15.122 9 INFO neutron.wsgi [None req-12678834-5eb6-4e78-95dc-350eb9056b1f fc2b976d27d7400a9a93acedc184dd8e 25b9aed9ac9d4446b78e312a33c70a7c - - - -] 10.0.0.159 "POST /v2.0/subnetpools HTTP/1.1" status: 201 len: 748 time: 0.2178195
2026-05-05 18:25:15.161 9 INFO neutron.wsgi [None req-355fe32d-5f8c-4fea-b659-e4c1d5648dd9 fc2b976d27d7400a9a93acedc184dd8e 25b9aed9ac9d4446b78e312a33c70a7c - - default default] 10.0.0.159 "GET /v2.0/subnetpools/230ae3ec-a24d-46b4-8607-5dd7fd7c768a HTTP/1.1" status: 200 len: 743 time: 0.0342867
2026-05-05 18:25:15.174 10 WARNING neutron.scheduler.dhcp_agent_scheduler [None req-63d280b0-40d6-4b1e-a769-08dc7ff70cfd 98c7ba88888d4013ba8df50b7eda27eb a021de9fadb142e7b0e4af84b7a881e5 - - - -] No more DHCP agents
2026-05-05 18:25:15.177 10 WARNING neutron.api.rpc.agentnotifiers.dhcp_rpc_agent_api [None req-63d280b0-40d6-4b1e-a769-08dc7ff70cfd 98c7ba88888d4013ba8df50b7eda27eb a021de9fadb142e7b0e4af84b7a881e5 - - - -] Unable to schedule network 732d28ec-5654-4a0b-9d22-f70b8a8d3d40: no agents available; will retry on subsequent port and subnet creation events.
2026-05-05 18:25:15.248 9 INFO neutron.wsgi [None req-ca29a8f4-cfa9-47ac-9cb6-d042f7e7e86b fc2b976d27d7400a9a93acedc184dd8e 25b9aed9ac9d4446b78e312a33c70a7c - - - -] 10.0.0.159 "PUT /v2.0/subnetpools/230ae3ec-a24d-46b4-8607-5dd7fd7c768a HTTP/1.1" status: 200 len: 695 time: 0.0811422
2026-05-05 18:25:15.274 10 WARNING neutron.scheduler.dhcp_agent_scheduler [None req-b32b4746-50ec-4461-b6fc-e311283057f8 87e2d62cf4aa4dfbba57ba71705bcede 5f76298269894f008c69fe0eedb4f974 - - - -] No more DHCP agents
2026-05-05 18:25:15.276 10 WARNING neutron.api.rpc.agentnotifiers.dhcp_rpc_agent_api [None req-b32b4746-50ec-4461-b6fc-e311283057f8 87e2d62cf4aa4dfbba57ba71705bcede 5f76298269894f008c69fe0eedb4f974 - - - -] Unable to schedule network 6ac4c6fd-df2b-420f-aaad-6e056463aa84: no agents available; will retry on subsequent port and subnet creation events.
2026-05-05 18:25:15.332 9 INFO neutron.wsgi [None req-91080425-2553-466e-b9bc-4ffb7835a4d8 fc2b976d27d7400a9a93acedc184dd8e 25b9aed9ac9d4446b78e312a33c70a7c - - - -] 10.0.0.159 "DELETE /v2.0/subnetpools/230ae3ec-a24d-46b4-8607-5dd7fd7c768a HTTP/1.1" status: 204 len: 168 time: 0.0788329 /var/lib/openstack/lib/python3.10/site-packages/pycadf/identifier.py:71: UserWarning: Invalid uuid: neutron. To ensure interoperability, identifiers should be a valid uuid. warnings.warn(('Invalid uuid: %s. To ensure interoperability, '
2026-05-05 18:25:15.363 10 INFO neutron.api.v2.resource [None req-584251f8-a235-4d58-9e9f-f89b157ccffc fc2b976d27d7400a9a93acedc184dd8e 25b9aed9ac9d4446b78e312a33c70a7c - - default default] show failed (client error): The resource could not be found.
2026-05-05 18:25:15.365 10 INFO neutron.wsgi [None req-584251f8-a235-4d58-9e9f-f89b157ccffc fc2b976d27d7400a9a93acedc184dd8e 25b9aed9ac9d4446b78e312a33c70a7c - - default default] 10.0.0.159 "GET /v2.0/subnetpools/230ae3ec-a24d-46b4-8607-5dd7fd7c768a HTTP/1.1" status: 404 len: 346 time: 0.0274282
2026-05-05 18:25:15.387 9 INFO neutron.api.v2.resource [None req-39e7c011-e16a-450e-aa12-36af321cbfe1 fc2b976d27d7400a9a93acedc184dd8e 25b9aed9ac9d4446b78e312a33c70a7c - - - -] delete failed (client error): The resource could not be found.
2026-05-05 18:25:15.389 9 INFO neutron.wsgi [None req-39e7c011-e16a-450e-aa12-36af321cbfe1 fc2b976d27d7400a9a93acedc184dd8e 25b9aed9ac9d4446b78e312a33c70a7c - - - -] 10.0.0.159 "DELETE /v2.0/subnetpools/230ae3ec-a24d-46b4-8607-5dd7fd7c768a HTTP/1.1" status: 404 len: 346 time: 0.0156691
2026-05-05 18:25:15.532 10 INFO neutron.db.ovn_revision_numbers_db [None req-b32b4746-50ec-4461-b6fc-e311283057f8 87e2d62cf4aa4dfbba57ba71705bcede 5f76298269894f008c69fe0eedb4f974 - - - -] Successfully bumped revision number for resource 1c793d7c-db80-4865-a21a-2a868b54f98e (type: ports) to 1
2026-05-05 18:25:15.605 10 INFO neutron.wsgi [None req-b32b4746-50ec-4461-b6fc-e311283057f8 87e2d62cf4aa4dfbba57ba71705bcede 5f76298269894f008c69fe0eedb4f974 - - - -] 199.19.213.140 "POST /v2.0/ports HTTP/1.1" status: 201 len: 1197 time: 0.8001876
2026-05-05 18:25:15.677 10 INFO neutron.db.ovn_revision_numbers_db [None req-63d280b0-40d6-4b1e-a769-08dc7ff70cfd 98c7ba88888d4013ba8df50b7eda27eb a021de9fadb142e7b0e4af84b7a881e5 - - - -] Successfully bumped revision number for resource 471b16a5-41bd-4b85-ab69-c1e2cec02407 (type: floatingips) to 0
2026-05-05 18:25:15.707 10 INFO neutron.wsgi [None req-63d280b0-40d6-4b1e-a769-08dc7ff70cfd 98c7ba88888d4013ba8df50b7eda27eb a021de9fadb142e7b0e4af84b7a881e5 - - - -] 10.0.0.159 "POST /v2.0/floatingips HTTP/1.1" status: 201 len: 751 time: 1.2934158
2026-05-05 18:25:15.807 10 INFO neutron.wsgi [None req-9957ad96-804c-491a-ac6c-bf58ab5312e3 98c7ba88888d4013ba8df50b7eda27eb a021de9fadb142e7b0e4af84b7a881e5 - - - -] 10.0.0.159 "PUT /v2.0/floatingips/471b16a5-41bd-4b85-ab69-c1e2cec02407/tags HTTP/1.1" status: 200 len: 218 time: 0.0940232
2026-05-05 18:25:15.853 10 INFO neutron.wsgi [None req-84a97378-f376-4545-b043-9de9e9740c1b 98c7ba88888d4013ba8df50b7eda27eb a021de9fadb142e7b0e4af84b7a881e5 - - default default] 10.0.0.159 "GET /v2.0/floatingips/471b16a5-41bd-4b85-ab69-c1e2cec02407/tags HTTP/1.1" status: 200 len: 218 time: 0.0387089
2026-05-05 18:25:15.925 9 INFO neutron.wsgi [None req-af325513-1a96-4b2c-ad43-9cc2a341889b 98c7ba88888d4013ba8df50b7eda27eb a021de9fadb142e7b0e4af84b7a881e5 - - - -] 10.0.0.159 "PUT /v2.0/floatingips/471b16a5-41bd-4b85-ab69-c1e2cec02407/tags/green HTTP/1.1" status: 201 len: 201 time: 0.0656359
2026-05-05 18:25:15.963 9 INFO neutron.wsgi [None req-68e24475-a50c-49b8-b7c4-b831a47fa036 98c7ba88888d4013ba8df50b7eda27eb a021de9fadb142e7b0e4af84b7a881e5 - - default default] 10.0.0.159 "GET /v2.0/floatingips/471b16a5-41bd-4b85-ab69-c1e2cec02407/tags HTTP/1.1" status: 200 len: 227 time: 0.0325518
2026-05-05 18:25:15.972 10 INFO neutron.wsgi [req-47405e64-05fe-45ea-b01c-a03378cea3ba req-a68732ab-e35f-49ff-a28f-54cd7191ae51 87e2d62cf4aa4dfbba57ba71705bcede 5f76298269894f008c69fe0eedb4f974 - - default default] 10.0.0.191 "GET /v2.0/ports?device_id=4cd80996-c02e-4d52-8d3e-5cb7cbd42eaa HTTP/1.1" status: 200 len: 1195 time: 0.0413938
2026-05-05 18:25:16.003 9 INFO neutron.wsgi [None req-f4b73162-1f2c-4f44-bde0-d58856e257e2 98c7ba88888d4013ba8df50b7eda27eb a021de9fadb142e7b0e4af84b7a881e5 - - - -] 10.0.0.159 "PUT /v2.0/floatingips/471b16a5-41bd-4b85-ab69-c1e2cec02407/tags/red HTTP/1.1" status: 201 len: 201 time: 0.0355408
2026-05-05 18:25:16.048 9 INFO neutron.wsgi [None req-d58a9dc5-d38d-4d69-b4b8-6548f57fe86c 98c7ba88888d4013ba8df50b7eda27eb a021de9fadb142e7b0e4af84b7a881e5 - - default default] 10.0.0.159 "GET /v2.0/floatingips/471b16a5-41bd-4b85-ab69-c1e2cec02407/tags HTTP/1.1" status: 200 len: 227 time: 0.0404091
2026-05-05 18:25:16.057 10 INFO neutron.wsgi [req-47405e64-05fe-45ea-b01c-a03378cea3ba req-268cb1e2-4e53-4149-8185-6e552c5bda34 87e2d62cf4aa4dfbba57ba71705bcede 5f76298269894f008c69fe0eedb4f974 - - default default] 10.0.0.191 "GET /v2.0/security-groups?id=99a4ee2e-65c4-42e1-8ba5-bf169a9e3657&id=57a4fd82-bd6e-4977-a0be-aa3122444f7e&fields=id&fields=name HTTP/1.1" status: 200 len: 404 time: 0.0782952
2026-05-05 18:25:16.101 9 INFO neutron.wsgi [None req-a524cc81-a332-45c8-a55b-38b5e892c2df 98c7ba88888d4013ba8df50b7eda27eb a021de9fadb142e7b0e4af84b7a881e5 - - - -] 10.0.0.159 "PUT /v2.0/floatingips/471b16a5-41bd-4b85-ab69-c1e2cec02407/tags/black.or.white HTTP/1.1" status: 201 len: 201 time: 0.0462048
2026-05-05 18:25:16.145 9 INFO neutron.wsgi [None req-20eee5f8-1fac-4b7b-9d56-014dc9d9123f 98c7ba88888d4013ba8df50b7eda27eb a021de9fadb142e7b0e4af84b7a881e5 - - default default] 10.0.0.159 "GET /v2.0/floatingips/471b16a5-41bd-4b85-ab69-c1e2cec02407/tags HTTP/1.1" status: 200 len: 245 time: 0.0373337 /var/lib/openstack/lib/python3.10/site-packages/pycadf/identifier.py:71: UserWarning: Invalid uuid: neutron. To ensure interoperability, identifiers should be a valid uuid. warnings.warn(('Invalid uuid: %s. To ensure interoperability, '
2026-05-05 18:25:16.189 10 INFO neutron.db.ovn_revision_numbers_db [None req-e225cc1a-e9e0-4989-b83a-53d1deb77dc8 44e38bcf3e2e4be2ad10580fff5ac83f a6fe8d98f3094f7886a2a2f5b0885d05 - - - -] Successfully bumped revision number for resource 1c793d7c-db80-4865-a21a-2a868b54f98e (type: ports) to 2
2026-05-05 18:25:16.207 9 INFO neutron.wsgi [None req-d5d4a458-8d14-4a08-9323-90567c519797 98c7ba88888d4013ba8df50b7eda27eb a021de9fadb142e7b0e4af84b7a881e5 - - - -] 10.0.0.159 "PUT /v2.0/floatingips/471b16a5-41bd-4b85-ab69-c1e2cec02407/tags HTTP/1.1" status: 200 len: 230 time: 0.0557802
2026-05-05 18:25:16.249 9 INFO neutron.wsgi [None req-44bb90b0-7eb2-4dd7-8442-cf6105c622e6 98c7ba88888d4013ba8df50b7eda27eb a021de9fadb142e7b0e4af84b7a881e5 - - default default] 10.0.0.159 "GET /v2.0/floatingips/471b16a5-41bd-4b85-ab69-c1e2cec02407/tags HTTP/1.1" status: 200 len: 230 time: 0.0341959
2026-05-05 18:25:16.352 9 INFO neutron.wsgi [None req-6de88489-13b0-4865-996b-c341bf505277 98c7ba88888d4013ba8df50b7eda27eb a021de9fadb142e7b0e4af84b7a881e5 - - default default] 10.0.0.159 "GET /v2.0/floatingips/471b16a5-41bd-4b85-ab69-c1e2cec02407/tags/red HTTP/1.1" status: 204 len: 168 time: 0.0971966
2026-05-05 18:25:16.361 10 INFO neutron.db.ovn_revision_numbers_db [None req-55a1988f-bdd1-4e55-9ac9-9573b5b1ce12 0b14b58a11c7450988da3dcd3a66c133 a43616b0c9c04e6c9b2f5c5139d50744 - - default default] Successfully bumped revision number for resource c977741f-e0a4-41ff-9d76-ce9b63521efa (type: security_groups) to 1
2026-05-05 18:25:16.384 9 INFO neutron.api.v2.resource [None req-aa205531-e5de-40a9-8237-0a53b87c01e0 98c7ba88888d4013ba8df50b7eda27eb a021de9fadb142e7b0e4af84b7a881e5 - - default default] show failed (client error): The resource could not be found.
2026-05-05 18:25:16.386 9 INFO neutron.wsgi [None req-aa205531-e5de-40a9-8237-0a53b87c01e0 98c7ba88888d4013ba8df50b7eda27eb a021de9fadb142e7b0e4af84b7a881e5 - - default default] 10.0.0.159 "GET /v2.0/floatingips/471b16a5-41bd-4b85-ab69-c1e2cec02407/tags/green HTTP/1.1" status: 404 len: 299 time: 0.0303345
2026-05-05 18:25:16.416 10 INFO neutron.wsgi [None req-55a1988f-bdd1-4e55-9ac9-9573b5b1ce12 0b14b58a11c7450988da3dcd3a66c133 a43616b0c9c04e6c9b2f5c5139d50744 - - default default] 10.0.0.159 "GET /v2.0/security-groups?tenant_id=25b9aed9ac9d4446b78e312a33c70a7c&name=default HTTP/1.1" status: 200 len: 2996 time: 0.3797052 /var/lib/openstack/lib/python3.10/site-packages/pycadf/identifier.py:71: UserWarning: Invalid uuid: neutron. To ensure interoperability, identifiers should be a valid uuid. warnings.warn(('Invalid uuid: %s. To ensure interoperability, '
2026-05-05 18:25:16.459 9 INFO neutron.wsgi [None req-280bcb83-e37c-45c7-a752-8e3aef7feda6 98c7ba88888d4013ba8df50b7eda27eb a021de9fadb142e7b0e4af84b7a881e5 - - - -] 10.0.0.159 "DELETE /v2.0/floatingips/471b16a5-41bd-4b85-ab69-c1e2cec02407/tags/red HTTP/1.1" status: 204 len: 168 time: 0.0670512
2026-05-05 18:25:16.502 10 INFO neutron.db.ovn_revision_numbers_db [None req-e225cc1a-e9e0-4989-b83a-53d1deb77dc8 44e38bcf3e2e4be2ad10580fff5ac83f a6fe8d98f3094f7886a2a2f5b0885d05 - - - -] Successfully bumped revision number for resource 1c793d7c-db80-4865-a21a-2a868b54f98e (type: ports) to 2
2026-05-05 18:25:16.504 9 INFO neutron.wsgi [None req-fbac73fb-3a25-4c26-abc4-39ea3e1089e4 98c7ba88888d4013ba8df50b7eda27eb a021de9fadb142e7b0e4af84b7a881e5 - - default default] 10.0.0.159 "GET /v2.0/floatingips/471b16a5-41bd-4b85-ab69-c1e2cec02407/tags HTTP/1.1" status: 200 len: 223 time: 0.0385311
2026-05-05 18:25:16.525 10 INFO neutron.wsgi [None req-e225cc1a-e9e0-4989-b83a-53d1deb77dc8 44e38bcf3e2e4be2ad10580fff5ac83f a6fe8d98f3094f7886a2a2f5b0885d05 - - - -] 199.19.213.140 "PUT /v2.0/ports/1c793d7c-db80-4865-a21a-2a868b54f98e HTTP/1.1" status: 200 len: 1367 time: 0.9079778
