2026-05-05 18:15:42.077 10 INFO neutron.wsgi [None req-bf2ec207-e1df-4d2a-8bf4-5d8d0dbdbac0 0b14b58a11c7450988da3dcd3a66c133 a43616b0c9c04e6c9b2f5c5139d50744 - - default default] 10.0.0.165 "GET /v2.0/subnetpools HTTP/1.1" status: 200 len: 193 time: 0.0150812
2026-05-05 18:15:42.131 10 INFO neutron.wsgi [None req-9c796c92-a1a5-4725-ab11-51d344c78109 0b14b58a11c7450988da3dcd3a66c133 a43616b0c9c04e6c9b2f5c5139d50744 - - default default] 10.0.0.165 "GET /v2.0/networks HTTP/1.1" status: 200 len: 2349 time: 0.0528278
2026-05-05 18:15:42.174 10 INFO neutron.wsgi [None req-9e74b518-08f0-489e-9ce3-ac19c8a517f2 0b14b58a11c7450988da3dcd3a66c133 a43616b0c9c04e6c9b2f5c5139d50744 - - default default] 10.0.0.165 "GET /v2.0/subnets HTTP/1.1" status: 200 len: 1437 time: 0.0408273
2026-05-05 18:15:42.204 10 INFO neutron.wsgi [None req-cf5f9e8e-8250-4b50-86de-05ac95a1242e 0b14b58a11c7450988da3dcd3a66c133 a43616b0c9c04e6c9b2f5c5139d50744 - - default default] 10.0.0.165 "GET /v2.0/routers HTTP/1.1" status: 200 len: 189 time: 0.0257745
2026-05-05 18:15:42.233 10 INFO neutron.wsgi [None req-e8e4175f-fa98-4b50-8398-c5fd237981db 0b14b58a11c7450988da3dcd3a66c133 a43616b0c9c04e6c9b2f5c5139d50744 - - default default] 10.0.0.165 "GET /v2.0/agents?binary=ovn-controller HTTP/1.1" status: 200 len: 591 time: 0.0280364
2026-05-05 18:15:42.258 10 INFO neutron.wsgi [None req-25326f24-fcde-44b0-a700-c40e7af092be 0b14b58a11c7450988da3dcd3a66c133 a43616b0c9c04e6c9b2f5c5139d50744 - - default default] 10.0.0.165 "GET /v2.0/floatingips HTTP/1.1" status: 200 len: 193 time: 0.0239263
2026-05-05 18:15:42.307 10 INFO neutron.wsgi [None req-546f9d75-53c2-4953-815c-3b7d35c8acd3 0b14b58a11c7450988da3dcd3a66c133 a43616b0c9c04e6c9b2f5c5139d50744 - - default default] 10.0.0.165 "GET /v2.0/security-groups HTTP/1.1" status: 200 len: 16803 time: 0.0478070
2026-05-05 18:15:42.343 10 INFO neutron.wsgi [None req-e0774907-cf34-41b2-942c-e00b4209c4d9 0b14b58a11c7450988da3dcd3a66c133 a43616b0c9c04e6c9b2f5c5139d50744 - - default default] 10.0.0.165 "GET /v2.0/ports HTTP/1.1" status: 200 len: 5255 time: 0.0308578
2026-05-05 18:15:42.358 10 INFO neutron.wsgi [None req-0f2db0d3-6d73-4950-b209-8f20d3025a3c 0b14b58a11c7450988da3dcd3a66c133 a43616b0c9c04e6c9b2f5c5139d50744 - - default default] 10.0.0.165 "GET /v2.0/agents HTTP/1.1" status: 200 len: 997 time: 0.0103290
2026-05-05 18:15:55.068 9 INFO neutron.wsgi [-] 10.0.0.183 "GET / HTTP/1.1" status: 200 len: 247 time: 0.0023549
2026-05-05 18:15:55.068 10 INFO neutron.wsgi [-] 10.0.0.183 "GET / HTTP/1.1" status: 200 len: 247 time: 0.0029447
2026-05-05 18:16:10.067 10 INFO neutron.wsgi [-] 10.0.0.183 "GET / HTTP/1.1" status: 200 len: 247 time: 0.0025532
2026-05-05 18:16:10.068 9 INFO neutron.wsgi [-] 10.0.0.183 "GET / HTTP/1.1" status: 200 len: 247 time: 0.0029309
2026-05-05 18:16:25.067 10 INFO neutron.wsgi [-] 10.0.0.183 "GET / HTTP/1.1" status: 200 len: 247 time: 0.0017905
2026-05-05 18:16:25.069 10 INFO neutron.wsgi [-] 10.0.0.183 "GET / HTTP/1.1" status: 200 len: 247 time: 0.0011749
2026-05-05 18:16:40.066 10 INFO neutron.wsgi [-] 10.0.0.183 "GET / HTTP/1.1" status: 200 len: 247 time: 0.0013356
2026-05-05 18:16:40.067 9 INFO neutron.wsgi [-] 10.0.0.183 "GET / HTTP/1.1" status: 200 len: 247 time: 0.0024498
2026-05-05 18:16:41.997 10 INFO neutron.wsgi [None req-256f78f9-7dc4-42bb-a6ab-f35ea1803b0a 0b14b58a11c7450988da3dcd3a66c133 a43616b0c9c04e6c9b2f5c5139d50744 - - default default] 10.0.0.165 "GET /v2.0/network-ip-availabilities HTTP/1.1" status: 200 len: 1280 time: 0.0639336
2026-05-05 18:16:42.022 10 INFO neutron.wsgi [None req-b9888689-b3c6-493c-8330-e444a43633d7 0b14b58a11c7450988da3dcd3a66c133 a43616b0c9c04e6c9b2f5c5139d50744 - - default default] 10.0.0.165 "GET /v2.0/floatingips HTTP/1.1" status: 200 len: 193 time: 0.0237441
2026-05-05 18:16:42.097 10 INFO neutron.wsgi [None req-280076df-efec-49e4-817f-4eaf2152259b 0b14b58a11c7450988da3dcd3a66c133 a43616b0c9c04e6c9b2f5c5139d50744 - - default default] 10.0.0.165 "GET /v2.0/networks HTTP/1.1" status: 200 len: 2349 time: 0.0623636
2026-05-05 18:16:42.156 10 INFO neutron.wsgi [None req-20949575-8949-40a1-834c-6d81fe4b9a6b 0b14b58a11c7450988da3dcd3a66c133 a43616b0c9c04e6c9b2f5c5139d50744 - - default default] 10.0.0.165 "GET /v2.0/security-groups HTTP/1.1" status: 200 len: 16803 time: 0.0572894
2026-05-05 18:16:42.188 10 INFO neutron.wsgi [None req-ddc370cd-fc2d-4a1e-b83a-06f24fd7588a 0b14b58a11c7450988da3dcd3a66c133 a43616b0c9c04e6c9b2f5c5139d50744 - - default default] 10.0.0.165 "GET /v2.0/subnets HTTP/1.1" status: 200 len: 1437 time: 0.0279315
2026-05-05 18:16:42.220 10 INFO neutron.wsgi [None req-79c2e563-75f4-41b6-ac93-b3e0f40796ed 0b14b58a11c7450988da3dcd3a66c133 a43616b0c9c04e6c9b2f5c5139d50744 - - default default] 10.0.0.165 "GET /v2.0/agents HTTP/1.1" status: 200 len: 997 time: 0.0307570
2026-05-05 18:16:42.253 10 INFO neutron.wsgi [None req-79c98ee3-e3a4-40ea-aca1-70a0d9ecec93 0b14b58a11c7450988da3dcd3a66c133 a43616b0c9c04e6c9b2f5c5139d50744 - - default default] 10.0.0.165 "GET /v2.0/ports HTTP/1.1" status: 200 len: 5255 time: 0.0316157
2026-05-05 18:16:42.283 10 INFO neutron.wsgi [None req-a3e784e8-b16a-40f7-ae43-b84ad1759bdb 0b14b58a11c7450988da3dcd3a66c133 a43616b0c9c04e6c9b2f5c5139d50744 - - default default] 10.0.0.165 "GET /v2.0/routers HTTP/1.1" status: 200 len: 189 time: 0.0235355
2026-05-05 18:16:42.292 10 INFO neutron.wsgi [None req-a97b535b-c5bb-425b-b575-227dd98cbf10 0b14b58a11c7450988da3dcd3a66c133 a43616b0c9c04e6c9b2f5c5139d50744 - - default default] 10.0.0.165 "GET /v2.0/agents?binary=ovn-controller HTTP/1.1" status: 200 len: 591 time: 0.0088239
2026-05-05 18:16:42.323 10 INFO neutron.wsgi [None req-943e049f-f52a-4d2f-aab2-88110fb9083a 0b14b58a11c7450988da3dcd3a66c133 a43616b0c9c04e6c9b2f5c5139d50744 - - default default] 10.0.0.165 "GET /v2.0/subnets HTTP/1.1" status: 200 len: 1437 time: 0.0297327
2026-05-05 18:16:42.334 10 INFO neutron.wsgi [None req-dd8cf9db-76d3-4dff-a84b-b9ac80dfe95c 0b14b58a11c7450988da3dcd3a66c133 a43616b0c9c04e6c9b2f5c5139d50744 - - default default] 10.0.0.165 "GET /v2.0/subnetpools HTTP/1.1" status: 200 len: 193 time: 0.0101168
2026-05-05 18:16:55.067 10 INFO neutron.wsgi [-] 10.0.0.183 "GET / HTTP/1.1" status: 200 len: 247 time: 0.0028341
2026-05-05 18:16:55.067 9 INFO neutron.wsgi [-] 10.0.0.183 "GET / HTTP/1.1" status: 200 len: 247 time: 0.0029387
2026-05-05 18:17:00.736 10 INFO neutron.wsgi [None req-ea74a14c-504e-4d19-9960-5624c89c2791 0b14b58a11c7450988da3dcd3a66c133 a43616b0c9c04e6c9b2f5c5139d50744 - - default default] 199.19.213.140,10.0.0.183 "GET /v2.0/networks HTTP/1.1" status: 200 len: 2349 time: 0.1122761
2026-05-05 18:17:02.013 10 INFO neutron.wsgi [None req-06b19788-2ad1-4f8e-9401-5e8ddf2616a9 0b14b58a11c7450988da3dcd3a66c133 a43616b0c9c04e6c9b2f5c5139d50744 - - default default] 199.19.213.140,10.0.0.183 "GET /v2.0/subnets HTTP/1.1" status: 200 len: 1437 time: 0.0814400
2026-05-05 18:17:02.091 10 INFO neutron.wsgi [None req-3ff68fbe-d779-4263-acee-85a178bfa92b 0b14b58a11c7450988da3dcd3a66c133 a43616b0c9c04e6c9b2f5c5139d50744 - - default default] 199.19.213.140,10.0.0.183 "GET /v2.0/networks HTTP/1.1" status: 200 len: 2349 time: 0.0695231
2026-05-05 18:17:10.069 9 INFO neutron.wsgi [-] 10.0.0.183 "GET / HTTP/1.1" status: 200 len: 247 time: 0.0018437
2026-05-05 18:17:10.071 9 INFO neutron.wsgi [-] 10.0.0.183 "GET / HTTP/1.1" status: 200 len: 247 time: 0.0017517
2026-05-05 18:17:25.068 10 INFO neutron.wsgi [-] 10.0.0.183 "GET / HTTP/1.1" status: 200 len: 247 time: 0.0030329
2026-05-05 18:17:25.072 10 INFO neutron.wsgi [-] 10.0.0.183 "GET / HTTP/1.1" status: 200 len: 247 time: 0.0026531
2026-05-05 18:17:40.068 10 INFO neutron.wsgi [-] 10.0.0.183 "GET / HTTP/1.1" status: 200 len: 247 time: 0.0033238
2026-05-05 18:17:40.068 9 INFO neutron.wsgi [-] 10.0.0.183 "GET / HTTP/1.1" status: 200 len: 247 time: 0.0036578
2026-05-05 18:17:42.059 10 INFO neutron.wsgi [None req-5072437a-3d4d-45ac-92e8-784b3855a296 0b14b58a11c7450988da3dcd3a66c133 a43616b0c9c04e6c9b2f5c5139d50744 - - default default] 10.0.0.165 "GET /v2.0/networks HTTP/1.1" status: 200 len: 2349 time: 0.1136045
2026-05-05 18:17:42.257 10 INFO neutron.wsgi [None req-4ef8a6e6-7103-475e-a2b3-71b3b4b20099 0b14b58a11c7450988da3dcd3a66c133 a43616b0c9c04e6c9b2f5c5139d50744 - - default default] 10.0.0.165 "GET /v2.0/security-groups HTTP/1.1" status: 200 len: 16803 time: 0.1959825
2026-05-05 18:17:42.273 10 INFO neutron.wsgi [None req-9795269d-780e-413a-9646-c490c4b403d4 0b14b58a11c7450988da3dcd3a66c133 a43616b0c9c04e6c9b2f5c5139d50744 - - default default] 10.0.0.165 "GET /v2.0/network-ip-availabilities HTTP/1.1" status: 200 len: 1280 time: 0.0121071
2026-05-05 18:17:42.302 10 INFO neutron.wsgi [None req-c92d1ce5-0a18-49a2-80e3-e2fa56dbdad2 0b14b58a11c7450988da3dcd3a66c133 a43616b0c9c04e6c9b2f5c5139d50744 - - default default] 10.0.0.165 "GET /v2.0/subnets HTTP/1.1" status: 200 len: 1437 time: 0.0280845
2026-05-05 18:17:42.317 10 INFO neutron.wsgi [None req-3da47ea0-1b6e-4b7b-bcdb-948e7651b1bb 0b14b58a11c7450988da3dcd3a66c133 a43616b0c9c04e6c9b2f5c5139d50744 - - default default] 10.0.0.165 "GET /v2.0/subnetpools HTTP/1.1" status: 200 len: 193 time: 0.0122542
2026-05-05 18:17:42.341 10 INFO neutron.wsgi [None req-11238b11-2b89-4e20-887f-d3262e49995c 0b14b58a11c7450988da3dcd3a66c133 a43616b0c9c04e6c9b2f5c5139d50744 - - default default] 10.0.0.165 "GET /v2.0/routers HTTP/1.1" status: 200 len: 189 time: 0.0233080
2026-05-05 18:17:42.369 10 INFO neutron.wsgi [None req-5b2aa8a9-0719-4ee9-9106-202045bc1607 0b14b58a11c7450988da3dcd3a66c133 a43616b0c9c04e6c9b2f5c5139d50744 - - default default] 10.0.0.165 "GET /v2.0/agents?binary=ovn-controller HTTP/1.1" status: 200 len: 591 time: 0.0271733
2026-05-05 18:17:42.378 10 INFO neutron.wsgi [None req-609460c1-1537-41cc-be2d-238204c2d024 0b14b58a11c7450988da3dcd3a66c133 a43616b0c9c04e6c9b2f5c5139d50744 - - default default] 10.0.0.165 "GET /v2.0/agents HTTP/1.1" status: 200 len: 997 time: 0.0087845
2026-05-05 18:17:42.406 10 INFO neutron.wsgi [None req-42091213-1ad6-49e8-a4f7-7aef86a88ae4 0b14b58a11c7450988da3dcd3a66c133 a43616b0c9c04e6c9b2f5c5139d50744 - - default default] 10.0.0.165 "GET /v2.0/subnets HTTP/1.1" status: 200 len: 1437 time: 0.0262547
2026-05-05 18:17:42.439 10 INFO neutron.wsgi [None req-cbfabf85-726c-423c-a0ac-d6949bfd57cc 0b14b58a11c7450988da3dcd3a66c133 a43616b0c9c04e6c9b2f5c5139d50744 - - default default] 10.0.0.165 "GET /v2.0/ports HTTP/1.1" status: 200 len: 5255 time: 0.0314245
2026-05-05 18:17:42.468 10 INFO neutron.wsgi [None req-7e706f7f-0db0-4a01-9c37-4ce591626803 0b14b58a11c7450988da3dcd3a66c133 a43616b0c9c04e6c9b2f5c5139d50744 - - default default] 10.0.0.165 "GET /v2.0/floatingips HTTP/1.1" status: 200 len: 193 time: 0.0251424
2026-05-05 18:17:46.531 9 INFO neutron.wsgi [None req-81eb9064-a072-429c-b2ab-9f0df07a39fb 0b14b58a11c7450988da3dcd3a66c133 a43616b0c9c04e6c9b2f5c5139d50744 - - default default] 199.19.213.140,10.0.0.183 "GET /v2.0/networks HTTP/1.1" status: 200 len: 2349 time: 0.1233327
2026-05-05 18:17:47.484 9 INFO neutron.wsgi [None req-32a25f78-08ae-4365-868b-5e17b7d5682c 0b14b58a11c7450988da3dcd3a66c133 a43616b0c9c04e6c9b2f5c5139d50744 - - default default] 199.19.213.140,10.0.0.183 "GET /v2.0/subnets HTTP/1.1" status: 200 len: 1437 time: 0.1023941
2026-05-05 18:17:47.554 9 INFO neutron.wsgi [None req-0f50505f-0df5-4d81-8eb5-6ae2aceb945a 0b14b58a11c7450988da3dcd3a66c133 a43616b0c9c04e6c9b2f5c5139d50744 - - default default] 199.19.213.140,10.0.0.183 "GET /v2.0/networks HTTP/1.1" status: 200 len: 2349 time: 0.0636275
2026-05-05 18:17:48.554 9 INFO neutron.wsgi [None req-d888b9d4-7821-4b8e-b4d4-69be41fc1e60 0b14b58a11c7450988da3dcd3a66c133 a43616b0c9c04e6c9b2f5c5139d50744 - - default default] 199.19.213.140,10.0.0.183 "GET /v2.0/security-groups?tenant_id=a43616b0c9c04e6c9b2f5c5139d50744 HTTP/1.1" status: 200 len: 10161 time: 0.0795763
2026-05-05 18:17:49.599 9 INFO neutron.wsgi [None req-63f88250-1b23-4cf3-a42a-bb41e3b51444 0b14b58a11c7450988da3dcd3a66c133 a43616b0c9c04e6c9b2f5c5139d50744 - - default default] 199.19.213.140,10.0.0.183 "GET /v2.0/security-groups?tenant_id=a43616b0c9c04e6c9b2f5c5139d50744 HTTP/1.1" status: 200 len: 10161 time: 0.0833557
2026-05-05 18:17:50.477 9 INFO neutron.wsgi [None req-a324ae36-3794-4cd3-a850-0f891c124e48 0b14b58a11c7450988da3dcd3a66c133 a43616b0c9c04e6c9b2f5c5139d50744 - - default default] 199.19.213.140,10.0.0.183 "GET /v2.0/security-groups?tenant_id=a43616b0c9c04e6c9b2f5c5139d50744 HTTP/1.1" status: 200 len: 10161 time: 0.0893371
2026-05-05 18:17:51.343 10 INFO neutron.wsgi [None req-677bcf83-7ae5-418e-a741-a07785798275 0b14b58a11c7450988da3dcd3a66c133 a43616b0c9c04e6c9b2f5c5139d50744 - - default default] 199.19.213.140,10.0.0.183 "GET /v2.0/security-groups?tenant_id=a43616b0c9c04e6c9b2f5c5139d50744 HTTP/1.1" status: 200 len: 10161 time: 0.1042747
2026-05-05 18:17:52.190 9 INFO neutron.wsgi [None req-2909e164-1704-4c6d-a236-43a84dca3347 0b14b58a11c7450988da3dcd3a66c133 a43616b0c9c04e6c9b2f5c5139d50744 - - default default] 199.19.213.140,10.0.0.183 "GET /v2.0/security-groups?tenant_id=a43616b0c9c04e6c9b2f5c5139d50744 HTTP/1.1" status: 200 len: 10161 time: 0.0917716
2026-05-05 18:17:53.041 10 INFO neutron.wsgi [None req-d240e1c8-c811-40a4-9239-1c5c8157307a 0b14b58a11c7450988da3dcd3a66c133 a43616b0c9c04e6c9b2f5c5139d50744 - - default default] 199.19.213.140,10.0.0.183 "GET /v2.0/security-groups?tenant_id=a43616b0c9c04e6c9b2f5c5139d50744 HTTP/1.1" status: 200 len: 10161 time: 0.0931168
2026-05-05 18:17:54.164 10 INFO neutron.wsgi [None req-6a48ecc5-7541-4fbe-a742-2631ab59a331 0b14b58a11c7450988da3dcd3a66c133 a43616b0c9c04e6c9b2f5c5139d50744 - - default default] 199.19.213.140,10.0.0.183 "GET /v2.0/security-groups HTTP/1.1" status: 200 len: 16803 time: 0.1336248
2026-05-05 18:17:54.215 10 INFO neutron.wsgi [None req-7a8e68c3-1629-4b2c-83d4-ffff9b4bccb6 0b14b58a11c7450988da3dcd3a66c133 a43616b0c9c04e6c9b2f5c5139d50744 - - default default] 199.19.213.140,10.0.0.183 "GET /v2.0/ports HTTP/1.1" status: 200 len: 5255 time: 0.0407763
2026-05-05 18:17:55.067 9 INFO neutron.wsgi [-] 10.0.0.183 "GET / HTTP/1.1" status: 200 len: 247 time: 0.0021875
2026-05-05 18:17:55.068 10 INFO neutron.wsgi [-] 10.0.0.183 "GET / HTTP/1.1" status: 200 len: 247 time: 0.0027912
2026-05-05 18:18:01.434 9 INFO neutron.pecan_wsgi.hooks.translation [None req-4635c1d5-e19f-4ace-92f9-3211a1b9cbb8 0b14b58a11c7450988da3dcd3a66c133 a43616b0c9c04e6c9b2f5c5139d50744 - - default default] GET failed (client error): The resource could not be found.
2026-05-05 18:18:01.435 9 INFO neutron.wsgi [None req-4635c1d5-e19f-4ace-92f9-3211a1b9cbb8 0b14b58a11c7450988da3dcd3a66c133 a43616b0c9c04e6c9b2f5c5139d50744 - - default default] 199.19.213.140,10.0.0.183 "GET /v2.0/ports/octavia-health-manager-port-instance HTTP/1.1" status: 404 len: 314 time: 0.0685503
2026-05-05 18:18:01.488 9 INFO neutron.wsgi [None req-2f491069-8fa5-48a5-8653-6c5ef14c4139 0b14b58a11c7450988da3dcd3a66c133 a43616b0c9c04e6c9b2f5c5139d50744 - - default default] 199.19.213.140,10.0.0.183 "GET /v2.0/ports?name=octavia-health-manager-port-instance HTTP/1.1" status: 200 len: 1351 time: 0.0478125
2026-05-05 18:18:03.130 9 INFO neutron.wsgi [None req-e4bfd05b-c9d9-4883-ba53-65202320d7c5 0b14b58a11c7450988da3dcd3a66c133 a43616b0c9c04e6c9b2f5c5139d50744 - - default default] 199.19.213.140,10.0.0.183 "GET /v2.0/ports HTTP/1.1" status: 200 len: 5255 time: 0.0916080
2026-05-05 18:18:04.173 9 INFO neutron.wsgi [None req-d3b765fd-5622-4ae6-a617-8b0336c81ebb 0b14b58a11c7450988da3dcd3a66c133 a43616b0c9c04e6c9b2f5c5139d50744 - - default default] 199.19.213.140,10.0.0.183 "GET /v2.0/security-groups?tenant_id=a43616b0c9c04e6c9b2f5c5139d50744 HTTP/1.1" status: 200 len: 10161 time: 0.0986831
2026-05-05 18:18:05.206 9 INFO neutron.wsgi [None req-4468b768-c19e-40ea-a155-b293c227065c 0b14b58a11c7450988da3dcd3a66c133 a43616b0c9c04e6c9b2f5c5139d50744 - - default default] 199.19.213.140,10.0.0.183 "GET /v2.0/security-groups?tenant_id=a43616b0c9c04e6c9b2f5c5139d50744 HTTP/1.1" status: 200 len: 10161 time: 0.1696901
2026-05-05 18:18:06.057 9 INFO neutron.wsgi [None req-76d110a1-e8ef-4087-a485-a23a2c650339 0b14b58a11c7450988da3dcd3a66c133 a43616b0c9c04e6c9b2f5c5139d50744 - - default default] 199.19.213.140,10.0.0.183 "GET /v2.0/security-groups?tenant_id=a43616b0c9c04e6c9b2f5c5139d50744 HTTP/1.1" status: 200 len: 10161 time: 0.0924778
2026-05-05 18:18:10.067 9 INFO neutron.wsgi [-] 10.0.0.183 "GET / HTTP/1.1" status: 200 len: 247 time: 0.0027473
2026-05-05 18:18:10.067 10 INFO neutron.wsgi [-] 10.0.0.183 "GET / HTTP/1.1" status: 200 len: 247 time: 0.0028777
2026-05-05 18:18:17.513 10 INFO neutron.wsgi [None req-8f9b788f-bc8c-4db6-a2ee-0541afa9be62 0b14b58a11c7450988da3dcd3a66c133 a43616b0c9c04e6c9b2f5c5139d50744 - - default default] 199.19.213.140,10.0.0.183 "GET /v2.0/quotas/a43616b0c9c04e6c9b2f5c5139d50744 HTTP/1.1" status: 200 len: 361 time: 0.0129008
2026-05-05 18:18:25.066 10 INFO neutron.wsgi [-] 10.0.0.183 "GET / HTTP/1.1" status: 200 len: 247 time: 0.0018525
2026-05-05 18:18:25.069 10 INFO neutron.wsgi [-] 10.0.0.183 "GET / HTTP/1.1" status: 200 len: 247 time: 0.0018942
2026-05-05 18:18:40.067 10 INFO neutron.wsgi [-] 10.0.0.183 "GET / HTTP/1.1" status: 200 len: 247 time: 0.0019336
2026-05-05 18:18:40.068 9 INFO neutron.wsgi [-] 10.0.0.183 "GET / HTTP/1.1" status: 200 len: 247 time: 0.0032051
2026-05-05 18:18:42.070 10 INFO neutron.wsgi [None req-78869f74-1dde-4180-8235-b742b32c13f9 0b14b58a11c7450988da3dcd3a66c133 a43616b0c9c04e6c9b2f5c5139d50744 - - default default] 10.0.0.165 "GET /v2.0/subnets HTTP/1.1" status: 200 len: 1437 time: 0.0843227
2026-05-05 18:18:42.082 10 INFO neutron.wsgi [None req-a5d3b387-7d76-46f3-aa40-a211e6ff0765 0b14b58a11c7450988da3dcd3a66c133 a43616b0c9c04e6c9b2f5c5139d50744 - - default default] 10.0.0.165 "GET /v2.0/subnetpools HTTP/1.1" status: 200 len: 193 time: 0.0118170
2026-05-05 18:18:42.108 10 INFO neutron.wsgi [None req-10587f9e-f323-4409-80a3-db67ecfb5cc7 0b14b58a11c7450988da3dcd3a66c133 a43616b0c9c04e6c9b2f5c5139d50744 - - default default] 10.0.0.165 "GET /v2.0/floatingips HTTP/1.1" status: 200 len: 193 time: 0.0252652
2026-05-05 18:18:42.129 10 INFO neutron.wsgi [None req-fd08a4d7-7147-428e-9315-da2c21810538 0b14b58a11c7450988da3dcd3a66c133 a43616b0c9c04e6c9b2f5c5139d50744 - - default default] 10.0.0.165 "GET /v2.0/routers HTTP/1.1" status: 200 len: 189 time: 0.0201669
2026-05-05 18:18:42.159 10 INFO neutron.wsgi [None req-cc8a2e2f-0172-46f2-86bd-4f90a92f6320 0b14b58a11c7450988da3dcd3a66c133 a43616b0c9c04e6c9b2f5c5139d50744 - - default default] 10.0.0.165 "GET /v2.0/agents?binary=ovn-controller HTTP/1.1" status: 200 len: 591 time: 0.0285373
2026-05-05 18:18:42.191 10 INFO neutron.wsgi [None req-a9083cb3-895b-4aa6-9103-82f16777ee88 0b14b58a11c7450988da3dcd3a66c133 a43616b0c9c04e6c9b2f5c5139d50744 - - default default] 10.0.0.165 "GET /v2.0/ports HTTP/1.1" status: 200 len: 5255 time: 0.0308557
2026-05-05 18:18:42.205 10 INFO neutron.wsgi [None req-48d1c71d-9d28-4074-a574-eb6877021d7c 0b14b58a11c7450988da3dcd3a66c133 a43616b0c9c04e6c9b2f5c5139d50744 - - default default] 10.0.0.165 "GET /v2.0/agents HTTP/1.1" status: 200 len: 997 time: 0.0110018
2026-05-05 18:18:42.216 10 INFO neutron.wsgi [None req-3dcc91bb-d8fd-46ba-93c2-989f75368140 0b14b58a11c7450988da3dcd3a66c133 a43616b0c9c04e6c9b2f5c5139d50744 - - default default] 10.0.0.165 "GET /v2.0/network-ip-availabilities HTTP/1.1" status: 200 len: 1280 time: 0.0096650
2026-05-05 18:18:42.277 10 INFO neutron.wsgi [None req-f0085338-5c93-41d7-bed8-ae2de4c640b9 0b14b58a11c7450988da3dcd3a66c133 a43616b0c9c04e6c9b2f5c5139d50744 - - default default] 10.0.0.165 "GET /v2.0/networks HTTP/1.1" status: 200 len: 2349 time: 0.0601559
2026-05-05 18:18:42.332 10 INFO neutron.wsgi [None req-428f3ff5-cbff-4576-96f6-bdbb88c630eb 0b14b58a11c7450988da3dcd3a66c133 a43616b0c9c04e6c9b2f5c5139d50744 - - default default] 10.0.0.165 "GET /v2.0/security-groups HTTP/1.1" status: 200 len: 16803 time: 0.0534804
2026-05-05 18:18:42.368 10 INFO neutron.wsgi [None req-06160210-3ba8-41ff-96fb-60c82cd297ea 0b14b58a11c7450988da3dcd3a66c133 a43616b0c9c04e6c9b2f5c5139d50744 - - default default] 10.0.0.165 "GET /v2.0/subnets HTTP/1.1" status: 200 len: 1437 time: 0.0314975
2026-05-05 18:18:55.067 10 INFO neutron.wsgi [-] 10.0.0.183 "GET / HTTP/1.1" status: 200 len: 247 time: 0.0016780
2026-05-05 18:18:55.068 9 INFO neutron.wsgi [-] 10.0.0.183 "GET / HTTP/1.1" status: 200 len: 247 time: 0.0027893
2026-05-05 18:19:10.067 10 INFO neutron.wsgi [-] 10.0.0.183 "GET / HTTP/1.1" status: 200 len: 247 time: 0.0025868
2026-05-05 18:19:10.067 9 INFO neutron.wsgi [-] 10.0.0.183 "GET / HTTP/1.1" status: 200 len: 247 time: 0.0026734
2026-05-05 18:19:12.822 10 INFO neutron.wsgi [None req-fc223b1f-c2c6-4bd1-ae42-5be166da5ec6 0b14b58a11c7450988da3dcd3a66c133 a43616b0c9c04e6c9b2f5c5139d50744 - - default default] 199.19.213.140,10.0.0.183 "GET /v2.0/security-groups?tenant_id=a6fe8d98f3094f7886a2a2f5b0885d05 HTTP/1.1" status: 200 len: 6838 time: 0.1331420
2026-05-05 18:19:13.765 10 INFO neutron.wsgi [None req-f38b29a5-46fd-47ba-84c2-fe77a0db867c 0b14b58a11c7450988da3dcd3a66c133 a43616b0c9c04e6c9b2f5c5139d50744 - - default default] 199.19.213.140,10.0.0.183 "GET /v2.0/security-groups?tenant_id=a6fe8d98f3094f7886a2a2f5b0885d05 HTTP/1.1" status: 200 len: 6838 time: 0.0775125
2026-05-05 18:19:14.674 10 INFO neutron.wsgi [None req-5b8e91be-6806-4473-b7f6-379d4719a6f4 0b14b58a11c7450988da3dcd3a66c133 a43616b0c9c04e6c9b2f5c5139d50744 - - default default] 199.19.213.140,10.0.0.183 "GET /v2.0/security-groups?tenant_id=a6fe8d98f3094f7886a2a2f5b0885d05 HTTP/1.1" status: 200 len: 6838 time: 0.0781856
2026-05-05 18:19:15.572 10 INFO neutron.wsgi [None req-a08067a6-b589-429a-b0f4-f5abcf9c327e 0b14b58a11c7450988da3dcd3a66c133 a43616b0c9c04e6c9b2f5c5139d50744 - - default default] 199.19.213.140,10.0.0.183 "GET /v2.0/security-groups?tenant_id=a6fe8d98f3094f7886a2a2f5b0885d05 HTTP/1.1" status: 200 len: 6838 time: 0.0876772
2026-05-05 18:19:16.549 10 INFO neutron.wsgi [None req-d0004663-d816-43d3-a4e7-98202dff7fa4 0b14b58a11c7450988da3dcd3a66c133 a43616b0c9c04e6c9b2f5c5139d50744 - - default default] 199.19.213.140,10.0.0.183 "GET /v2.0/security-groups?tenant_id=a6fe8d98f3094f7886a2a2f5b0885d05 HTTP/1.1" status: 200 len: 6838 time: 0.0832496
2026-05-05 18:19:23.957 10 INFO neutron.wsgi [None req-160ede4c-0432-400b-bf0c-8468fa8bc2e5 0b14b58a11c7450988da3dcd3a66c133 a43616b0c9c04e6c9b2f5c5139d50744 - - default default] 199.19.213.140,10.0.0.183 "GET /v2.0/quotas/a6fe8d98f3094f7886a2a2f5b0885d05 HTTP/1.1" status: 200 len: 361 time: 0.0130081
2026-05-05 18:19:25.068 10 INFO neutron.wsgi [-] 10.0.0.183 "GET / HTTP/1.1" status: 200 len: 247 time: 0.0026388
2026-05-05 18:19:25.068 9 INFO neutron.wsgi [-] 10.0.0.183 "GET / HTTP/1.1" status: 200 len: 247 time: 0.0031955
2026-05-05 18:19:40.071 10 INFO neutron.wsgi [-] 10.0.0.183 "GET / HTTP/1.1" status: 200 len: 247 time: 0.0063057
2026-05-05 18:19:40.074 10 INFO neutron.wsgi [-] 10.0.0.183 "GET / HTTP/1.1" status: 200 len: 247 time: 0.0019624
2026-05-05 18:19:42.029 10 INFO neutron.wsgi [None req-19c63969-3cf0-4774-a65a-3f6605343d71 0b14b58a11c7450988da3dcd3a66c133 a43616b0c9c04e6c9b2f5c5139d50744 - - default default] 10.0.0.165 "GET /v2.0/floatingips HTTP/1.1" status: 200 len: 193 time: 0.0806589
2026-05-05 18:19:42.060 10 INFO neutron.wsgi [None req-679e06f0-b9a6-41ce-985d-20a0a5091ce9 0b14b58a11c7450988da3dcd3a66c133 a43616b0c9c04e6c9b2f5c5139d50744 - - default default] 10.0.0.165 "GET /v2.0/agents HTTP/1.1" status: 200 len: 997 time: 0.0298042
2026-05-05 18:19:42.121 10 INFO neutron.wsgi [None req-3fa5de54-3706-4d76-986a-949ff4bb6281 0b14b58a11c7450988da3dcd3a66c133 a43616b0c9c04e6c9b2f5c5139d50744 - - default default] 10.0.0.165 "GET /v2.0/networks HTTP/1.1" status: 200 len: 2349 time: 0.0595012
2026-05-05 18:19:42.155 10 INFO neutron.wsgi [None req-7e2ba198-caec-42a3-bed7-133f3ee21e39 0b14b58a11c7450988da3dcd3a66c133 a43616b0c9c04e6c9b2f5c5139d50744 - - default default] 10.0.0.165 "GET /v2.0/ports HTTP/1.1" status: 200 len: 5255 time: 0.0309947
2026-05-05 18:19:42.200 10 INFO neutron.wsgi [None req-d08e5aeb-b08c-40b9-b9fc-ef9108e68985 0b14b58a11c7450988da3dcd3a66c133 a43616b0c9c04e6c9b2f5c5139d50744 - - default default] 10.0.0.165 "GET /v2.0/subnets HTTP/1.1" status: 200 len: 1437 time: 0.0383070
2026-05-05 18:19:42.212 10 INFO neutron.wsgi [None req-5c556eb1-80ef-4624-a249-be7d02714237 0b14b58a11c7450988da3dcd3a66c133 a43616b0c9c04e6c9b2f5c5139d50744 - - default default] 10.0.0.165 "GET /v2.0/subnetpools HTTP/1.1" status: 200 len: 193 time: 0.0107045
2026-05-05 18:19:42.245 10 INFO neutron.wsgi [None req-169546f6-596a-436a-ad97-e1376a6a054e 0b14b58a11c7450988da3dcd3a66c133 a43616b0c9c04e6c9b2f5c5139d50744 - - default default] 10.0.0.165 "GET /v2.0/subnets HTTP/1.1" status: 200 len: 1437 time: 0.0314732
2026-05-05 18:19:42.309 10 INFO neutron.wsgi [None req-a852b47d-191a-42d1-8cda-019c33bb4b74 0b14b58a11c7450988da3dcd3a66c133 a43616b0c9c04e6c9b2f5c5139d50744 - - default default] 10.0.0.165 "GET /v2.0/routers HTTP/1.1" status: 200 len: 189 time: 0.0627735
2026-05-05 18:19:42.320 10 INFO neutron.wsgi [None req-bf98856b-36cc-465f-bf9f-8d61476d55a1 0b14b58a11c7450988da3dcd3a66c133 a43616b0c9c04e6c9b2f5c5139d50744 - - default default] 10.0.0.165 "GET /v2.0/agents?binary=ovn-controller HTTP/1.1" status: 200 len: 591 time: 0.0108020
2026-05-05 18:19:42.386 10 INFO neutron.wsgi [None req-6731a00c-5f77-4f96-9fdb-25b334ba3103 0b14b58a11c7450988da3dcd3a66c133 a43616b0c9c04e6c9b2f5c5139d50744 - - default default] 10.0.0.165 "GET /v2.0/security-groups HTTP/1.1" status: 200 len: 16803 time: 0.0649457
2026-05-05 18:19:42.405 10 INFO neutron.wsgi [None req-69c7757f-d9e5-4e5a-b72b-1e8047ece124 0b14b58a11c7450988da3dcd3a66c133 a43616b0c9c04e6c9b2f5c5139d50744 - - default default] 10.0.0.165 "GET /v2.0/network-ip-availabilities HTTP/1.1" status: 200 len: 1280 time: 0.0155950
2026-05-05 18:19:55.069 10 INFO neutron.wsgi [-] 10.0.0.183 "GET / HTTP/1.1" status: 200 len: 247 time: 0.0036576
2026-05-05 18:19:55.069 9 INFO neutron.wsgi [-] 10.0.0.183 "GET / HTTP/1.1" status: 200 len: 247 time: 0.0036569
2026-05-05 18:20:10.066 9 INFO neutron.wsgi [-] 10.0.0.183 "GET / HTTP/1.1" status: 200 len: 247 time: 0.0015025
2026-05-05 18:20:10.068 9 INFO neutron.wsgi [-] 10.0.0.183 "GET / HTTP/1.1" status: 200 len: 247 time: 0.0013032
2026-05-05 18:20:23.931 10 INFO neutron.wsgi [None req-2cc7af61-4a43-4228-84ce-18533881f46c 0b14b58a11c7450988da3dcd3a66c133 a43616b0c9c04e6c9b2f5c5139d50744 - - default default] 199.19.213.140,10.0.0.183 "GET /v2.0/networks HTTP/1.1" status: 200 len: 2349 time: 0.1059439
2026-05-05 18:20:25.068 10 INFO neutron.wsgi [-] 10.0.0.183 "GET / HTTP/1.1" status: 200 len: 247 time: 0.0024159
2026-05-05 18:20:25.068 9 INFO neutron.wsgi [-] 10.0.0.183 "GET / HTTP/1.1" status: 200 len: 247 time: 0.0026715
2026-05-05 18:20:40.066 9 INFO neutron.wsgi [-] 10.0.0.183 "GET / HTTP/1.1" status: 200 len: 247 time: 0.0020542
2026-05-05 18:20:40.067 10 INFO neutron.wsgi [-] 10.0.0.183 "GET / HTTP/1.1" status: 200 len: 247 time: 0.0025923
2026-05-05 18:20:42.096 10 INFO neutron.wsgi [None req-e40fee97-1d7e-41c9-a282-b4143fbe7ea4 0b14b58a11c7450988da3dcd3a66c133 a43616b0c9c04e6c9b2f5c5139d50744 - - default default] 10.0.0.165 "GET /v2.0/ports HTTP/1.1" status: 200 len: 5255 time: 0.0927277
2026-05-05 18:20:42.136 10 INFO neutron.wsgi [None req-05b949b0-d924-4607-bdf6-034c2c551927 0b14b58a11c7450988da3dcd3a66c133 a43616b0c9c04e6c9b2f5c5139d50744 - - default default] 10.0.0.165 "GET /v2.0/subnets HTTP/1.1" status: 200 len: 1437 time: 0.0356288
2026-05-05 18:20:42.152 10 INFO neutron.wsgi [None req-66c35b96-fd9d-43fa-a41c-074f430cfeed 0b14b58a11c7450988da3dcd3a66c133 a43616b0c9c04e6c9b2f5c5139d50744 - - default default] 10.0.0.165 "GET /v2.0/subnetpools HTTP/1.1" status: 200 len: 193 time: 0.0144055
2026-05-05 18:20:42.184 10 INFO neutron.wsgi [None req-d3c5c48f-e70b-48a3-81f7-33146006b55c 0b14b58a11c7450988da3dcd3a66c133 a43616b0c9c04e6c9b2f5c5139d50744 - - default default] 10.0.0.165 "GET /v2.0/subnets HTTP/1.1" status: 200 len: 1437 time: 0.0307088
2026-05-05 18:20:42.212 10 INFO neutron.wsgi [None req-9b99abaf-8ae6-42be-913a-9e6f03136f12 0b14b58a11c7450988da3dcd3a66c133 a43616b0c9c04e6c9b2f5c5139d50744 - - default default] 10.0.0.165 "GET /v2.0/routers HTTP/1.1" status: 200 len: 189 time: 0.0273080
2026-05-05 18:20:42.236 10 INFO neutron.wsgi [None req-196c61cd-fea5-44b4-aa6c-936bdcb8e77d 0b14b58a11c7450988da3dcd3a66c133 a43616b0c9c04e6c9b2f5c5139d50744 - - default default] 10.0.0.165 "GET /v2.0/agents?binary=ovn-controller HTTP/1.1" status: 200 len: 591 time: 0.0232744
2026-05-05 18:20:42.259 10 INFO neutron.wsgi [None req-2abc9ae7-f932-4f4a-9011-bd7f6170e04e 0b14b58a11c7450988da3dcd3a66c133 a43616b0c9c04e6c9b2f5c5139d50744 - - default default] 10.0.0.165 "GET /v2.0/network-ip-availabilities HTTP/1.1" status: 200 len: 1280 time: 0.0208302
2026-05-05 18:20:42.316 10 INFO neutron.wsgi [None req-0286bc27-87a8-4187-9b3a-4a60464073c1 0b14b58a11c7450988da3dcd3a66c133 a43616b0c9c04e6c9b2f5c5139d50744 - - default default] 10.0.0.165 "GET /v2.0/networks HTTP/1.1" status: 200 len: 2349 time: 0.0557747
2026-05-05 18:20:42.331 10 INFO neutron.wsgi [None req-2cfbf40d-f359-4b77-b278-e4d64f9700e0 0b14b58a11c7450988da3dcd3a66c133 a43616b0c9c04e6c9b2f5c5139d50744 - - default default] 10.0.0.165 "GET /v2.0/agents HTTP/1.1" status: 200 len: 997 time: 0.0124681
2026-05-05 18:20:42.351 10 INFO neutron.wsgi [None req-38a2ba02-918f-4ee6-ade4-db34429a9cef 0b14b58a11c7450988da3dcd3a66c133 a43616b0c9c04e6c9b2f5c5139d50744 - - default default] 10.0.0.165 "GET /v2.0/floatingips HTTP/1.1" status: 200 len: 193 time: 0.0193915
2026-05-05 18:20:42.410 10 INFO neutron.wsgi [None req-60e6de22-6385-4eea-8ea3-d351b7af523c 0b14b58a11c7450988da3dcd3a66c133 a43616b0c9c04e6c9b2f5c5139d50744 - - default default] 10.0.0.165 "GET /v2.0/security-groups HTTP/1.1" status: 200 len: 16803 time: 0.0579698
2026-05-05 18:20:55.067 10 INFO neutron.wsgi [-] 10.0.0.183 "GET / HTTP/1.1" status: 200 len: 247 time: 0.0026672
2026-05-05 18:20:55.067 9 INFO neutron.wsgi [-] 10.0.0.183 "GET / HTTP/1.1" status: 200 len: 247 time: 0.0030777
2026-05-05 18:21:10.068 9 INFO neutron.wsgi [-] 10.0.0.183 "GET / HTTP/1.1" status: 200 len: 247 time: 0.0029612
2026-05-05 18:21:10.069 10 INFO neutron.wsgi [-] 10.0.0.183 "GET / HTTP/1.1" status: 200 len: 247 time: 0.0033045
2026-05-05 18:21:12.252 9 INFO neutron.wsgi [None req-47ca005e-b74f-4f9e-a396-975eba62420d 0b14b58a11c7450988da3dcd3a66c133 a43616b0c9c04e6c9b2f5c5139d50744 - - default default] 10.0.0.159 "GET /v2.0/networks HTTP/1.1" status: 200 len: 2368 time: 0.1773605
2026-05-05 18:21:13.684 10 INFO neutron.wsgi [None req-e6fa0808-7f82-4393-a1f4-a689bb914432 0b14b58a11c7450988da3dcd3a66c133 a43616b0c9c04e6c9b2f5c5139d50744 - - default default] 10.0.0.159 "GET /v2.0/floatingips HTTP/1.1" status: 200 len: 212 time: 0.0376456
2026-05-05 18:21:13.740 9 INFO neutron.wsgi [None req-ff31756d-db0a-4442-9c98-7d8c3db3b084 0b14b58a11c7450988da3dcd3a66c133 a43616b0c9c04e6c9b2f5c5139d50744 - - default default] 10.0.0.159 "GET /v2.0/routers HTTP/1.1" status: 200 len: 208 time: 0.0474081
2026-05-05 18:21:13.795 9 INFO neutron.wsgi [None req-4db8a808-d4f9-45b8-8402-d68e97398b0b 0b14b58a11c7450988da3dcd3a66c133 a43616b0c9c04e6c9b2f5c5139d50744 - - default default] 10.0.0.159 "GET /v2.0/ports HTTP/1.1" status: 200 len: 5274 time: 0.0477729
2026-05-05 18:21:13.833 9 INFO neutron.wsgi [None req-e0b70dee-135c-4c7f-a61e-1b24c0d0d120 0b14b58a11c7450988da3dcd3a66c133 a43616b0c9c04e6c9b2f5c5139d50744 - - default default] 10.0.0.159 "GET /v2.0/subnets HTTP/1.1" status: 200 len: 1456 time: 0.0324926
2026-05-05 18:21:13.912 9 INFO neutron.wsgi [None req-e6e7ed13-9a7d-4b82-b433-873517e16c30 0b14b58a11c7450988da3dcd3a66c133 a43616b0c9c04e6c9b2f5c5139d50744 - - default default] 10.0.0.159 "GET /v2.0/networks HTTP/1.1" status: 200 len: 2368 time: 0.0731585
2026-05-05 18:21:13.997 9 INFO neutron.wsgi [None req-27130e31-09cc-4dc6-9508-8f67f02e6ff1 0b14b58a11c7450988da3dcd3a66c133 a43616b0c9c04e6c9b2f5c5139d50744 - - default default] 10.0.0.159 "GET /v2.0/security-groups HTTP/1.1" status: 200 len: 16822 time: 0.0779626
2026-05-05 18:21:14.017 9 INFO neutron.wsgi [None req-c5c80713-faed-4445-b9c9-0482122518b1 0b14b58a11c7450988da3dcd3a66c133 a43616b0c9c04e6c9b2f5c5139d50744 - - default default] 10.0.0.159 "GET /v2.0/subnetpools HTTP/1.1" status: 200 len: 212 time: 0.0148370
2026-05-05 18:21:25.067 10 INFO neutron.wsgi [-] 10.0.0.183 "GET / HTTP/1.1" status: 200 len: 247 time: 0.0022118
2026-05-05 18:21:25.069 10 INFO neutron.wsgi [-] 10.0.0.183 "GET / HTTP/1.1" status: 200 len: 247 time: 0.0012877
2026-05-05 18:21:26.809 10 INFO neutron.db.ovn_revision_numbers_db [None req-af48d71c-ee6d-4085-b511-94660b6f406f 0b14b58a11c7450988da3dcd3a66c133 a43616b0c9c04e6c9b2f5c5139d50744 - - - -] Successfully bumped revision number for resource 5c1fc739-08d4-4fec-a4fa-90b234131890 (type: security_groups) to 1
2026-05-05 18:21:26.868 10 INFO neutron.db.segments_db [None req-af48d71c-ee6d-4085-b511-94660b6f406f 0b14b58a11c7450988da3dcd3a66c133 a43616b0c9c04e6c9b2f5c5139d50744 - - - -] Added segment a859f229-ab51-47a8-86b0-29df24dd712c of type geneve for network 7ac38df3-9570-4f24-9ade-c26d5e11173e
2026-05-05 18:21:26.886 9 INFO neutron.db.ovn_revision_numbers_db [None req-fc26d0df-4ed4-436b-a436-6b64141aaa10 0b14b58a11c7450988da3dcd3a66c133 a43616b0c9c04e6c9b2f5c5139d50744 - - - -] Successfully bumped revision number for resource 879a3042-32e7-4cad-a6f1-e053783ce12e (type: security_groups) to 1
2026-05-05 18:21:26.939 9 INFO neutron.db.segments_db [None req-fc26d0df-4ed4-436b-a436-6b64141aaa10 0b14b58a11c7450988da3dcd3a66c133 a43616b0c9c04e6c9b2f5c5139d50744 - - - -] Added segment 120c0f02-6ae4-40fa-8359-c92a3bc410a0 of type geneve for network 1d6eff33-6b78-4b12-b9e7-3e444d3f7e36
2026-05-05 18:21:26.966 10 INFO neutron.db.ovn_revision_numbers_db [None req-5f26649f-289d-4a25-9d12-98d398df7c79 0b14b58a11c7450988da3dcd3a66c133 a43616b0c9c04e6c9b2f5c5139d50744 - - - -] Successfully bumped revision number for resource a61d957d-1b01-4d41-bef5-ebccbf884057 (type: security_groups) to 1
2026-05-05 18:21:27.023 10 INFO neutron.db.ovn_revision_numbers_db [None req-af48d71c-ee6d-4085-b511-94660b6f406f 0b14b58a11c7450988da3dcd3a66c133 a43616b0c9c04e6c9b2f5c5139d50744 - - - -] Successfully bumped revision number for resource 7ac38df3-9570-4f24-9ade-c26d5e11173e (type: networks) to 1
2026-05-05 18:21:27.072 9 INFO neutron.db.ovn_revision_numbers_db [None req-fc26d0df-4ed4-436b-a436-6b64141aaa10 0b14b58a11c7450988da3dcd3a66c133 a43616b0c9c04e6c9b2f5c5139d50744 - - - -] Successfully bumped revision number for resource 1d6eff33-6b78-4b12-b9e7-3e444d3f7e36 (type: networks) to 1
2026-05-05 18:21:27.176 10 INFO neutron.db.segments_db [None req-5f26649f-289d-4a25-9d12-98d398df7c79 0b14b58a11c7450988da3dcd3a66c133 a43616b0c9c04e6c9b2f5c5139d50744 - - - -] Added segment 57e8ea61-11d9-42bb-a554-acafc2ab7a2a of type geneve for network fc59eb33-df22-4c3a-ade1-5837876efe00
2026-05-05 18:21:27.276 9 WARNING neutron.scheduler.dhcp_agent_scheduler [None req-fc26d0df-4ed4-436b-a436-6b64141aaa10 0b14b58a11c7450988da3dcd3a66c133 a43616b0c9c04e6c9b2f5c5139d50744 - - - -] No more DHCP agents
2026-05-05 18:21:27.279 9 WARNING neutron.api.rpc.agentnotifiers.dhcp_rpc_agent_api [None req-fc26d0df-4ed4-436b-a436-6b64141aaa10 0b14b58a11c7450988da3dcd3a66c133 a43616b0c9c04e6c9b2f5c5139d50744 - - - -] Unable to schedule network 1d6eff33-6b78-4b12-b9e7-3e444d3f7e36: no agents available; will retry on subsequent port and subnet creation events.
2026-05-05 18:21:27.374 9 INFO neutron.db.ovn_revision_numbers_db [None req-fc26d0df-4ed4-436b-a436-6b64141aaa10 0b14b58a11c7450988da3dcd3a66c133 a43616b0c9c04e6c9b2f5c5139d50744 - - - -] Successfully bumped revision number for resource a468d510-5615-42af-a7e8-a9c05c2e0b7e (type: ports) to 1
2026-05-05 18:21:27.412 10 INFO neutron.db.ovn_revision_numbers_db [None req-5f26649f-289d-4a25-9d12-98d398df7c79 0b14b58a11c7450988da3dcd3a66c133 a43616b0c9c04e6c9b2f5c5139d50744 - - - -] Successfully bumped revision number for resource fc59eb33-df22-4c3a-ade1-5837876efe00 (type: networks) to 1
2026-05-05 18:21:27.423 9 INFO neutron.wsgi [None req-fc26d0df-4ed4-436b-a436-6b64141aaa10 0b14b58a11c7450988da3dcd3a66c133 a43616b0c9c04e6c9b2f5c5139d50744 - - - -] 10.0.0.159 "POST /v2.0/networks HTTP/1.1" status: 201 len: 951 time: 0.7192886
2026-05-05 18:21:27.459 10 WARNING neutron.scheduler.dhcp_agent_scheduler [None req-af48d71c-ee6d-4085-b511-94660b6f406f 0b14b58a11c7450988da3dcd3a66c133 a43616b0c9c04e6c9b2f5c5139d50744 - - - -] No more DHCP agents
2026-05-05 18:21:27.465 10 WARNING neutron.api.rpc.agentnotifiers.dhcp_rpc_agent_api [None req-af48d71c-ee6d-4085-b511-94660b6f406f 0b14b58a11c7450988da3dcd3a66c133 a43616b0c9c04e6c9b2f5c5139d50744 - - - -] Unable to schedule network 7ac38df3-9570-4f24-9ade-c26d5e11173e: no agents available; will retry on subsequent port and subnet creation events.
2026-05-05 18:21:27.596 10 INFO neutron.db.ovn_revision_numbers_db [None req-af48d71c-ee6d-4085-b511-94660b6f406f 0b14b58a11c7450988da3dcd3a66c133 a43616b0c9c04e6c9b2f5c5139d50744 - - - -] Successfully bumped revision number for resource 12006984-0664-4d2f-a4e7-9c6aaef4f398 (type: ports) to 1
2026-05-05 18:21:27.638 10 INFO neutron.wsgi [None req-af48d71c-ee6d-4085-b511-94660b6f406f 0b14b58a11c7450988da3dcd3a66c133 a43616b0c9c04e6c9b2f5c5139d50744 - - - -] 10.0.0.159 "POST /v2.0/networks HTTP/1.1" status: 201 len: 945 time: 1.1388786
2026-05-05 18:21:27.679 10 WARNING neutron.scheduler.dhcp_agent_scheduler [None req-5f26649f-289d-4a25-9d12-98d398df7c79 0b14b58a11c7450988da3dcd3a66c133 a43616b0c9c04e6c9b2f5c5139d50744 - - - -] No more DHCP agents
2026-05-05 18:21:27.681 10 WARNING neutron.api.rpc.agentnotifiers.dhcp_rpc_agent_api [None req-5f26649f-289d-4a25-9d12-98d398df7c79 0b14b58a11c7450988da3dcd3a66c133 a43616b0c9c04e6c9b2f5c5139d50744 - - - -] Unable to schedule network fc59eb33-df22-4c3a-ade1-5837876efe00: no agents available; will retry on subsequent port and subnet creation events.
2026-05-05 18:21:27.710 9 INFO neutron.db.ovn_revision_numbers_db [None req-990dc657-ca24-4ae3-9845-75d7cdb2735b 0b14b58a11c7450988da3dcd3a66c133 a43616b0c9c04e6c9b2f5c5139d50744 - - default default] Successfully bumped revision number for resource 2444e66b-af90-45d2-9c65-cd88d9086d15 (type: security_groups) to 1
2026-05-05 18:21:27.736 10 WARNING neutron.scheduler.dhcp_agent_scheduler [None req-f41e17aa-7aa2-4258-9977-80806a7f25b2 0b14b58a11c7450988da3dcd3a66c133 a43616b0c9c04e6c9b2f5c5139d50744 - - - -] No more DHCP agents
2026-05-05 18:21:27.741 10 WARNING neutron.api.rpc.agentnotifiers.dhcp_rpc_agent_api [None req-f41e17aa-7aa2-4258-9977-80806a7f25b2 0b14b58a11c7450988da3dcd3a66c133 a43616b0c9c04e6c9b2f5c5139d50744 - - - -] Unable to schedule network 1d6eff33-6b78-4b12-b9e7-3e444d3f7e36: no agents available; will retry on subsequent port and subnet creation events.
2026-05-05 18:21:27.761 9 INFO neutron.wsgi [None req-990dc657-ca24-4ae3-9845-75d7cdb2735b 0b14b58a11c7450988da3dcd3a66c133 a43616b0c9c04e6c9b2f5c5139d50744 - - default default] 10.0.0.159 "GET /v2.0/security-groups?tenant_id=f3d770a0ec744aaca43826ef48327c31&name=default HTTP/1.1" status: 200 len: 2992 time: 0.3158967
2026-05-05 18:21:27.785 10 INFO neutron.db.ovn_revision_numbers_db [None req-5f26649f-289d-4a25-9d12-98d398df7c79 0b14b58a11c7450988da3dcd3a66c133 a43616b0c9c04e6c9b2f5c5139d50744 - - - -] Successfully bumped revision number for resource bd730a99-4e3e-4347-9d4b-09d52817703c (type: ports) to 1
2026-05-05 18:21:27.833 10 INFO neutron.wsgi [None req-5f26649f-289d-4a25-9d12-98d398df7c79 0b14b58a11c7450988da3dcd3a66c133 a43616b0c9c04e6c9b2f5c5139d50744 - - - -] 10.0.0.159 "POST /v2.0/networks HTTP/1.1" status: 201 len: 945 time: 1.1107812
2026-05-05 18:21:27.882 9 WARNING neutron.scheduler.dhcp_agent_scheduler [None req-8bfcee9b-cf56-43b6-9fea-2a77805c45eb 0b14b58a11c7450988da3dcd3a66c133 a43616b0c9c04e6c9b2f5c5139d50744 - - - -] No more DHCP agents
2026-05-05 18:21:27.895 9 WARNING neutron.api.rpc.agentnotifiers.dhcp_rpc_agent_api [None req-8bfcee9b-cf56-43b6-9fea-2a77805c45eb 0b14b58a11c7450988da3dcd3a66c133 a43616b0c9c04e6c9b2f5c5139d50744 - - - -] Unable to schedule network 7ac38df3-9570-4f24-9ade-c26d5e11173e: no agents available; will retry on subsequent port and subnet creation events.
2026-05-05 18:21:28.199 10 WARNING neutron.scheduler.dhcp_agent_scheduler [None req-e3d316a2-f7b4-4158-87a5-4d019f34101e 0b14b58a11c7450988da3dcd3a66c133 a43616b0c9c04e6c9b2f5c5139d50744 - - - -] No more DHCP agents
2026-05-05 18:21:28.203 10 WARNING neutron.api.rpc.agentnotifiers.dhcp_rpc_agent_api [None req-e3d316a2-f7b4-4158-87a5-4d019f34101e 0b14b58a11c7450988da3dcd3a66c133 a43616b0c9c04e6c9b2f5c5139d50744 - - - -] Unable to schedule network fc59eb33-df22-4c3a-ade1-5837876efe00: no agents available; will retry on subsequent port and subnet creation events.
2026-05-05 18:21:28.444 9 INFO neutron.db.ovn_revision_numbers_db [None req-8bfcee9b-cf56-43b6-9fea-2a77805c45eb 0b14b58a11c7450988da3dcd3a66c133 a43616b0c9c04e6c9b2f5c5139d50744 - - - -] Successfully bumped revision number for resource 12006984-0664-4d2f-a4e7-9c6aaef4f398 (type: ports) to 2
2026-05-05 18:21:28.461 10 INFO neutron.wsgi [None req-5a1aade6-acdb-4921-80c4-f053d436d161 0b14b58a11c7450988da3dcd3a66c133 a43616b0c9c04e6c9b2f5c5139d50744 - - - -] 10.0.0.159 "DELETE /v2.0/security-groups/2444e66b-af90-45d2-9c65-cd88d9086d15 HTTP/1.1" status: 204 len: 168 time: 0.6915336
2026-05-05 18:21:28.479 9 INFO neutron.db.ovn_revision_numbers_db [None req-8bfcee9b-cf56-43b6-9fea-2a77805c45eb 0b14b58a11c7450988da3dcd3a66c133 a43616b0c9c04e6c9b2f5c5139d50744 - - - -] Successfully bumped revision number for resource 50dbe3e8-9efe-4ee4-86b0-391f87b230a3 (type: subnets) to 0
2026-05-05 18:21:28.487 10 INFO neutron.db.ovn_revision_numbers_db [None req-f41e17aa-7aa2-4258-9977-80806a7f25b2 0b14b58a11c7450988da3dcd3a66c133 a43616b0c9c04e6c9b2f5c5139d50744 - - - -] Successfully bumped revision number for resource a468d510-5615-42af-a7e8-a9c05c2e0b7e (type: ports) to 2
2026-05-05 18:21:28.514 9 INFO neutron.wsgi [None req-8bfcee9b-cf56-43b6-9fea-2a77805c45eb 0b14b58a11c7450988da3dcd3a66c133 a43616b0c9c04e6c9b2f5c5139d50744 - - - -] 10.0.0.159 "POST /v2.0/subnets HTTP/1.1" status: 201 len: 866 time: 0.8680086
2026-05-05 18:21:28.568 10 INFO neutron.db.ovn_revision_numbers_db [None req-f41e17aa-7aa2-4258-9977-80806a7f25b2 0b14b58a11c7450988da3dcd3a66c133 a43616b0c9c04e6c9b2f5c5139d50744 - - - -] Successfully bumped revision number for resource b5e55f4e-c9c4-4483-a7c8-bfcada9c7ae4 (type: subnets) to 0
2026-05-05 18:21:28.651 10 INFO neutron.wsgi [None req-f41e17aa-7aa2-4258-9977-80806a7f25b2 0b14b58a11c7450988da3dcd3a66c133 a43616b0c9c04e6c9b2f5c5139d50744 - - - -] 10.0.0.159 "POST /v2.0/subnets HTTP/1.1" status: 201 len: 871 time: 1.2204430
2026-05-05 18:21:29.217 10 INFO neutron.db.ovn_revision_numbers_db [None req-e3d316a2-f7b4-4158-87a5-4d019f34101e 0b14b58a11c7450988da3dcd3a66c133 a43616b0c9c04e6c9b2f5c5139d50744 - - - -] Successfully bumped revision number for resource bd730a99-4e3e-4347-9d4b-09d52817703c (type: ports) to 2
2026-05-05 18:21:29.252 10 INFO neutron.db.ovn_revision_numbers_db [None req-e3d316a2-f7b4-4158-87a5-4d019f34101e 0b14b58a11c7450988da3dcd3a66c133 a43616b0c9c04e6c9b2f5c5139d50744 - - - -] Successfully bumped revision number for resource d9e1dd1a-9441-471b-8f81-e7c0b7bdc2ee (type: subnets) to 0
2026-05-05 18:21:29.282 10 INFO neutron.wsgi [None req-e3d316a2-f7b4-4158-87a5-4d019f34101e 0b14b58a11c7450988da3dcd3a66c133 a43616b0c9c04e6c9b2f5c5139d50744 - - - -] 10.0.0.159 "POST /v2.0/subnets HTTP/1.1" status: 201 len: 865 time: 1.4432824
2026-05-05 18:21:29.888 10 WARNING neutron.scheduler.dhcp_agent_scheduler [None req-bd67be07-d1cb-4df1-b6bc-7a5f9393064b 0b14b58a11c7450988da3dcd3a66c133 a43616b0c9c04e6c9b2f5c5139d50744 - - - -] No more DHCP agents
2026-05-05 18:21:29.897 10 WARNING neutron.api.rpc.agentnotifiers.dhcp_rpc_agent_api [None req-bd67be07-d1cb-4df1-b6bc-7a5f9393064b 0b14b58a11c7450988da3dcd3a66c133 a43616b0c9c04e6c9b2f5c5139d50744 - - - -] Unable to schedule network 732d28ec-5654-4a0b-9d22-f70b8a8d3d40: no agents available; will retry on subsequent port and subnet creation events.
2026-05-05 18:21:30.038 10 INFO neutron.db.ovn_revision_numbers_db [None req-bd67be07-d1cb-4df1-b6bc-7a5f9393064b 0b14b58a11c7450988da3dcd3a66c133 a43616b0c9c04e6c9b2f5c5139d50744 - - - -] Successfully bumped revision number for resource 834c3189-859a-4e6c-8e82-d5d7f716bd4e (type: ports) to 1
2026-05-05 18:21:30.189 9 WARNING neutron.scheduler.dhcp_agent_scheduler [None req-b8d5f64a-e850-47f7-9578-2b1d057fc66d 0b14b58a11c7450988da3dcd3a66c133 a43616b0c9c04e6c9b2f5c5139d50744 - - - -] No more DHCP agents
2026-05-05 18:21:30.192 9 WARNING neutron.api.rpc.agentnotifiers.dhcp_rpc_agent_api [None req-b8d5f64a-e850-47f7-9578-2b1d057fc66d 0b14b58a11c7450988da3dcd3a66c133 a43616b0c9c04e6c9b2f5c5139d50744 - - - -] Unable to schedule network 732d28ec-5654-4a0b-9d22-f70b8a8d3d40: no agents available; will retry on subsequent port and subnet creation events.
2026-05-05 18:21:30.286 9 WARNING neutron.scheduler.dhcp_agent_scheduler [None req-f01e5ec8-cb1d-46e6-97de-5c2d179d5928 0b14b58a11c7450988da3dcd3a66c133 a43616b0c9c04e6c9b2f5c5139d50744 - - - -] No more DHCP agents
2026-05-05 18:21:30.295 9 WARNING neutron.api.rpc.agentnotifiers.dhcp_rpc_agent_api [None req-f01e5ec8-cb1d-46e6-97de-5c2d179d5928 0b14b58a11c7450988da3dcd3a66c133 a43616b0c9c04e6c9b2f5c5139d50744 - - - -] Unable to schedule network 732d28ec-5654-4a0b-9d22-f70b8a8d3d40: no agents available; will retry on subsequent port and subnet creation events.
2026-05-05 18:21:30.361 10 INFO neutron.plugins.ml2.drivers.ovn.mech_driver.ovsdb.extensions.qos [None req-bd67be07-d1cb-4df1-b6bc-7a5f9393064b 0b14b58a11c7450988da3dcd3a66c133 a43616b0c9c04e6c9b2f5c5139d50744 - - - -] Starting OVNClientQosExtension
2026-05-05 18:21:30.367 9 INFO neutron.db.ovn_revision_numbers_db [None req-b8d5f64a-e850-47f7-9578-2b1d057fc66d 0b14b58a11c7450988da3dcd3a66c133 a43616b0c9c04e6c9b2f5c5139d50744 - - - -] Successfully bumped revision number for resource 153d81f8-250a-450a-a0c4-4efbf169d61c (type: ports) to 1
2026-05-05 18:21:30.466 9 INFO neutron.db.ovn_revision_numbers_db [None req-f01e5ec8-cb1d-46e6-97de-5c2d179d5928 0b14b58a11c7450988da3dcd3a66c133 a43616b0c9c04e6c9b2f5c5139d50744 - - - -] Successfully bumped revision number for resource 19fe31d7-3e38-47b8-92b3-20a18113832f (type: ports) to 1
2026-05-05 18:21:30.781 9 INFO neutron.plugins.ml2.drivers.ovn.mech_driver.ovsdb.extensions.qos [None req-b8d5f64a-e850-47f7-9578-2b1d057fc66d 0b14b58a11c7450988da3dcd3a66c133 a43616b0c9c04e6c9b2f5c5139d50744 - - - -] Starting OVNClientQosExtension
2026-05-05 18:21:30.789 10 INFO neutron.plugins.ml2.drivers.ovn.mech_driver.mech_driver [None req-c0162481-e94e-465b-9401-2cc8c42cf396 - - - - - -] OVN reports status up for port: 834c3189-859a-4e6c-8e82-d5d7f716bd4e
2026-05-05 18:21:30.799 10 INFO neutron.plugins.ml2.plugin [None req-c0162481-e94e-465b-9401-2cc8c42cf396 - - - - - -] Attempt 1 to provision port 834c3189-859a-4e6c-8e82-d5d7f716bd4e
2026-05-05 18:21:30.813 9 INFO neutron.plugins.ml2.drivers.ovn.mech_driver.ovsdb.ovsdb_monitor [-] Router 4a9b37b0-565c-4fb8-91a5-a384a8aa23ee is bound to host instance
2026-05-05 18:21:30.815 10 INFO neutron.db.ovn_revision_numbers_db [None req-bd67be07-d1cb-4df1-b6bc-7a5f9393064b 0b14b58a11c7450988da3dcd3a66c133 a43616b0c9c04e6c9b2f5c5139d50744 - - - -] Successfully bumped revision number for resource 834c3189-859a-4e6c-8e82-d5d7f716bd4e (type: router_ports) to 1
2026-05-05 18:21:31.219 10 INFO neutron.db.ovn_revision_numbers_db [None req-bd67be07-d1cb-4df1-b6bc-7a5f9393064b 0b14b58a11c7450988da3dcd3a66c133 a43616b0c9c04e6c9b2f5c5139d50744 - - - -] Successfully bumped revision number for resource 4a9b37b0-565c-4fb8-91a5-a384a8aa23ee (type: routers) to 3
2026-05-05 18:21:31.285 10 INFO neutron.wsgi [None req-bd67be07-d1cb-4df1-b6bc-7a5f9393064b 0b14b58a11c7450988da3dcd3a66c133 a43616b0c9c04e6c9b2f5c5139d50744 - - - -] 10.0.0.159 "POST /v2.0/routers HTTP/1.1" status: 201 len: 882 time: 2.6280925
2026-05-05 18:21:31.500 9 INFO neutron.plugins.ml2.drivers.ovn.mech_driver.mech_driver [None req-f0a85cf2-73d7-417c-9093-4b05602f06eb - - - - - -] OVN reports status up for port: 153d81f8-250a-450a-a0c4-4efbf169d61c
2026-05-05 18:21:31.514 10 INFO neutron.db.ovn_revision_numbers_db [None req-7397d63b-b36c-4430-b0e5-f46b722b8d9d 0b14b58a11c7450988da3dcd3a66c133 a43616b0c9c04e6c9b2f5c5139d50744 - - - -] Successfully bumped revision number for resource f144667b-7b94-4d4c-b572-6907f73dca85 (type: security_groups) to 1
2026-05-05 18:21:31.517 10 INFO neutron.plugins.ml2.drivers.ovn.mech_driver.ovsdb.ovsdb_monitor [-] Router 22558786-999a-467c-b9d8-6dc5b0ec71f1 is bound to host instance
2026-05-05 18:21:31.560 9 INFO neutron.plugins.ml2.plugin [None req-f0a85cf2-73d7-417c-9093-4b05602f06eb - - - - - -] Attempt 1 to provision port 153d81f8-250a-450a-a0c4-4efbf169d61c
2026-05-05 18:21:31.616 10 INFO neutron.db.segments_db [None req-7397d63b-b36c-4430-b0e5-f46b722b8d9d 0b14b58a11c7450988da3dcd3a66c133 a43616b0c9c04e6c9b2f5c5139d50744 - - - -] Added segment fa8b8571-525c-441a-83a0-9d511cd255e5 of type geneve for network fa41b4de-1967-4c48-8c98-7fe67c460426
2026-05-05 18:21:31.790 9 INFO neutron.db.ovn_revision_numbers_db [None req-b8d5f64a-e850-47f7-9578-2b1d057fc66d 0b14b58a11c7450988da3dcd3a66c133 a43616b0c9c04e6c9b2f5c5139d50744 - - - -] Successfully bumped revision number for resource 153d81f8-250a-450a-a0c4-4efbf169d61c (type: router_ports) to 1
