2026-05-05 18:28:53.310 9 INFO neutron.wsgi [None req-9df29ab2-d196-4423-ad98-ec2632196edd 0b14b58a11c7450988da3dcd3a66c133 a43616b0c9c04e6c9b2f5c5139d50744 - - default default] 199.19.213.140 "GET /v2.0/extensions/qos HTTP/1.1" status: 200 len: 365 time: 0.0039265
2026-05-05 18:28:53.319 9 INFO neutron.wsgi [None req-cdcade98-6544-4048-af17-1a87af34dfd1 0b14b58a11c7450988da3dcd3a66c133 a43616b0c9c04e6c9b2f5c5139d50744 - - default default] 199.19.213.140 "GET /v2.0/extensions/allowed-address-pairs HTTP/1.1" status: 200 len: 383 time: 0.0043013
2026-05-05 18:28:53.321 10 INFO neutron.wsgi [req-c437ded2-4958-4f3e-9b58-d4e2e52508e8 req-ff446131-763d-488a-8f0f-517c450a6430 44e38bcf3e2e4be2ad10580fff5ac83f a6fe8d98f3094f7886a2a2f5b0885d05 - - 4bf83d4858b5484d8f5c80b2b7877723 4bf83d4858b5484d8f5c80b2b7877723] 199.19.213.140 "GET /v2.0/ports?network_id=d35d4df4-d4c0-4083-80d6-d22eecaeeaa8&device_owner=network%3Adhcp HTTP/1.1" status: 200 len: 210 time: 0.0242865
2026-05-05 18:28:53.354 9 INFO neutron.wsgi [None req-aeac2354-7911-487e-b4ab-553099769631 0b14b58a11c7450988da3dcd3a66c133 a43616b0c9c04e6c9b2f5c5139d50744 - - default default] 199.19.213.140 "GET /v2.0/subnets/3f852454-977e-4394-8e73-8c21c664406f HTTP/1.1" status: 200 len: 851 time: 0.0296414
2026-05-05 18:28:53.386 10 INFO neutron.wsgi [req-c437ded2-4958-4f3e-9b58-d4e2e52508e8 req-755c9be4-02ec-4622-b7a1-9f8038b4573f 44e38bcf3e2e4be2ad10580fff5ac83f a6fe8d98f3094f7886a2a2f5b0885d05 - - 4bf83d4858b5484d8f5c80b2b7877723 4bf83d4858b5484d8f5c80b2b7877723] 199.19.213.140 "GET /v2.0/networks/d35d4df4-d4c0-4083-80d6-d22eecaeeaa8?fields=segments HTTP/1.1" status: 200 len: 212 time: 0.0576074
2026-05-05 18:28:53.391 9 INFO neutron.wsgi [None req-98e4f3a5-bdda-42eb-a295-884eaf3a7098 0b14b58a11c7450988da3dcd3a66c133 a43616b0c9c04e6c9b2f5c5139d50744 - - default default] 199.19.213.140 "GET /v2.0/ports/0c59cf2c-ae00-497b-b0cb-c83fd1542490 HTTP/1.1" status: 200 len: 1336 time: 0.0303714
2026-05-05 18:28:53.423 9 INFO neutron.wsgi [None req-73340dd3-6fe4-47d0-ae14-c7f42a1d2bfd 0b14b58a11c7450988da3dcd3a66c133 a43616b0c9c04e6c9b2f5c5139d50744 - - default default] 199.19.213.140 "GET /v2.0/ports/0247b93c-0921-43f5-8f8c-d1d3562f2963 HTTP/1.1" status: 200 len: 1470 time: 0.0282729
2026-05-05 18:28:53.452 10 INFO neutron.wsgi [req-c437ded2-4958-4f3e-9b58-d4e2e52508e8 req-57d4041b-3953-4127-bca4-8355f072c828 44e38bcf3e2e4be2ad10580fff5ac83f a6fe8d98f3094f7886a2a2f5b0885d05 - - 4bf83d4858b5484d8f5c80b2b7877723 4bf83d4858b5484d8f5c80b2b7877723] 199.19.213.140 "GET /v2.0/networks/d35d4df4-d4c0-4083-80d6-d22eecaeeaa8?fields=provider%3Aphysical_network&fields=provider%3Anetwork_type HTTP/1.1" status: 200 len: 277 time: 0.0590281
2026-05-05 18:28:53.461 9 INFO neutron.wsgi [None req-26963da4-83a0-4175-8a29-6425c42317e9 0b14b58a11c7450988da3dcd3a66c133 a43616b0c9c04e6c9b2f5c5139d50744 - - default default] 199.19.213.140 "GET /v2.0/subnets/3f852454-977e-4394-8e73-8c21c664406f HTTP/1.1" status: 200 len: 851 time: 0.0331421
2026-05-05 18:28:53.482 10 INFO neutron.wsgi [req-c437ded2-4958-4f3e-9b58-d4e2e52508e8 req-4dc58b10-c944-4304-aafd-946bcc693c2a 44e38bcf3e2e4be2ad10580fff5ac83f a6fe8d98f3094f7886a2a2f5b0885d05 - - 4bf83d4858b5484d8f5c80b2b7877723 4bf83d4858b5484d8f5c80b2b7877723] 199.19.213.140 "GET /v2.0/floatingips?fixed_ip_address=10.2.1.224&port_id=eda3d8df-08e2-4a9e-9489-e2ec68a18d39 HTTP/1.1" status: 200 len: 217 time: 0.0240057
2026-05-05 18:28:53.516 10 INFO neutron.wsgi [req-c437ded2-4958-4f3e-9b58-d4e2e52508e8 req-474fd9f6-d2f7-4130-8996-14f40ea7c898 44e38bcf3e2e4be2ad10580fff5ac83f a6fe8d98f3094f7886a2a2f5b0885d05 - - 4bf83d4858b5484d8f5c80b2b7877723 4bf83d4858b5484d8f5c80b2b7877723] 199.19.213.140 "GET /v2.0/subnets?id=b93176a5-bd63-4bcb-b122-809425513080 HTTP/1.1" status: 200 len: 852 time: 0.0294197
2026-05-05 18:28:53.522 9 INFO neutron.wsgi [None req-decf28f8-06c0-4176-aa02-d27f8ec34053 0b14b58a11c7450988da3dcd3a66c133 a43616b0c9c04e6c9b2f5c5139d50744 - - default default] 199.19.213.140 "GET /v2.0/networks/d35d4df4-d4c0-4083-80d6-d22eecaeeaa8 HTTP/1.1" status: 200 len: 1002 time: 0.0541155
2026-05-05 18:28:53.548 10 INFO neutron.wsgi [req-c437ded2-4958-4f3e-9b58-d4e2e52508e8 req-75ba02cb-e699-4b77-a459-db60bfa6e5ea 44e38bcf3e2e4be2ad10580fff5ac83f a6fe8d98f3094f7886a2a2f5b0885d05 - - 4bf83d4858b5484d8f5c80b2b7877723 4bf83d4858b5484d8f5c80b2b7877723] 199.19.213.140 "GET /v2.0/ports?network_id=4f452af7-8592-4aa2-80a3-2f0bb8da319f&device_owner=network%3Adhcp HTTP/1.1" status: 200 len: 210 time: 0.0259061
2026-05-05 18:28:53.557 9 INFO neutron.wsgi [None req-a60bb6c6-84d3-4af7-b5dc-30faf77d4b21 0b14b58a11c7450988da3dcd3a66c133 a43616b0c9c04e6c9b2f5c5139d50744 - - default default] 199.19.213.140 "GET /v2.0/ports/0c59cf2c-ae00-497b-b0cb-c83fd1542490 HTTP/1.1" status: 200 len: 1336 time: 0.0291340
2026-05-05 18:28:53.593 9 INFO neutron.wsgi [None req-e5149f5a-aa02-4fb4-a203-654985d22a7d 0b14b58a11c7450988da3dcd3a66c133 a43616b0c9c04e6c9b2f5c5139d50744 - - default default] 199.19.213.140 "GET /v2.0/subnets/3f852454-977e-4394-8e73-8c21c664406f HTTP/1.1" status: 200 len: 851 time: 0.0310104
2026-05-05 18:28:53.617 10 INFO neutron.wsgi [req-c437ded2-4958-4f3e-9b58-d4e2e52508e8 req-619e797d-01e2-440d-9445-9686b9aff665 44e38bcf3e2e4be2ad10580fff5ac83f a6fe8d98f3094f7886a2a2f5b0885d05 - - 4bf83d4858b5484d8f5c80b2b7877723 4bf83d4858b5484d8f5c80b2b7877723] 199.19.213.140 "GET /v2.0/networks/4f452af7-8592-4aa2-80a3-2f0bb8da319f?fields=segments HTTP/1.1" status: 200 len: 212 time: 0.0604069
2026-05-05 18:28:53.682 10 INFO neutron.wsgi [req-c437ded2-4958-4f3e-9b58-d4e2e52508e8 req-762e0d55-465c-4572-ab62-1bd99f646459 44e38bcf3e2e4be2ad10580fff5ac83f a6fe8d98f3094f7886a2a2f5b0885d05 - - 4bf83d4858b5484d8f5c80b2b7877723 4bf83d4858b5484d8f5c80b2b7877723] 199.19.213.140 "GET /v2.0/networks/4f452af7-8592-4aa2-80a3-2f0bb8da319f?fields=provider%3Aphysical_network&fields=provider%3Anetwork_type HTTP/1.1" status: 200 len: 277 time: 0.0583446
2026-05-05 18:28:54.645 10 INFO neutron.notifiers.nova [-] Nova event matching ['req-9246b905-37e7-4ad3-b614-f2a52441753a'] response: {'server_uuid': '5977b21c-3dbf-4a9a-8193-b174852bba3a', 'name': 'network-vif-plugged', 'status': 'completed', 'tag': '45440d9e-4916-4786-9dd5-85424c52c568', 'code': 200}
2026-05-05 18:28:54.645 10 INFO neutron.notifiers.nova [-] Nova event matching ['req-9246b905-37e7-4ad3-b614-f2a52441753a'] response: {'server_uuid': '5977b21c-3dbf-4a9a-8193-b174852bba3a', 'name': 'network-vif-deleted', 'tag': '45440d9e-4916-4786-9dd5-85424c52c568', 'status': 'completed', 'code': 200}
2026-05-05 18:28:55.067 10 INFO neutron.wsgi [-] 10.0.0.183 "GET / HTTP/1.1" status: 200 len: 247 time: 0.0028663
2026-05-05 18:28:55.067 9 INFO neutron.wsgi [-] 10.0.0.183 "GET / HTTP/1.1" status: 200 len: 247 time: 0.0033989
2026-05-05 18:28:56.628 10 INFO neutron.wsgi [None req-39b25bca-2ad1-41f4-8c54-4a97c452cf0e 0b14b58a11c7450988da3dcd3a66c133 a43616b0c9c04e6c9b2f5c5139d50744 - - default default] 199.19.213.140 "GET /v2.0/extensions/security-group HTTP/1.1" status: 200 len: 369 time: 0.0078287
2026-05-05 18:28:56.637 10 INFO neutron.wsgi [None req-fecef448-cb27-426f-ab30-ce4822a406fd 0b14b58a11c7450988da3dcd3a66c133 a43616b0c9c04e6c9b2f5c5139d50744 - - default default] 199.19.213.140 "GET /v2.0/extensions/dns-integration HTTP/1.1" status: 200 len: 371 time: 0.0046058
2026-05-05 18:28:56.649 10 INFO neutron.wsgi [None req-085be398-ea0f-4146-b809-de05b462e37b 0b14b58a11c7450988da3dcd3a66c133 a43616b0c9c04e6c9b2f5c5139d50744 - - default default] 199.19.213.140 "GET /v2.0/extensions/qos HTTP/1.1" status: 200 len: 365 time: 0.0074525
2026-05-05 18:28:56.660 10 INFO neutron.wsgi [None req-aaf44318-0985-4b8b-b3a7-48052c913c24 0b14b58a11c7450988da3dcd3a66c133 a43616b0c9c04e6c9b2f5c5139d50744 - - default default] 199.19.213.140 "GET /v2.0/extensions/allowed-address-pairs HTTP/1.1" status: 200 len: 383 time: 0.0047145
2026-05-05 18:28:56.698 10 INFO neutron.wsgi [None req-e6879838-9f00-4ad6-9ea3-53a27fb18ab8 0b14b58a11c7450988da3dcd3a66c133 a43616b0c9c04e6c9b2f5c5139d50744 - - default default] 199.19.213.140 "GET /v2.0/ports?device_id=5977b21c-3dbf-4a9a-8193-b174852bba3a HTTP/1.1" status: 200 len: 3781 time: 0.0320883
2026-05-05 18:28:56.839 10 INFO neutron.wsgi [None req-f8cd876c-8dd3-4ad3-916b-89b2f603d442 0b14b58a11c7450988da3dcd3a66c133 a43616b0c9c04e6c9b2f5c5139d50744 - - default default] 199.19.213.140 "GET /v2.0/extensions/security-group HTTP/1.1" status: 200 len: 369 time: 0.0081823
2026-05-05 18:28:56.848 10 INFO neutron.wsgi [None req-5f6782f7-fc00-4f3d-adc7-0504f2c786ad 0b14b58a11c7450988da3dcd3a66c133 a43616b0c9c04e6c9b2f5c5139d50744 - - default default] 199.19.213.140 "GET /v2.0/extensions/dns-integration HTTP/1.1" status: 200 len: 371 time: 0.0031302
2026-05-05 18:28:56.856 10 INFO neutron.wsgi [None req-abf93493-78ef-43eb-a080-a36e97f57776 0b14b58a11c7450988da3dcd3a66c133 a43616b0c9c04e6c9b2f5c5139d50744 - - default default] 199.19.213.140 "GET /v2.0/extensions/qos HTTP/1.1" status: 200 len: 365 time: 0.0043254
2026-05-05 18:28:56.866 10 INFO neutron.wsgi [None req-f95721a4-84d9-4834-a6fa-37ff8720cd43 0b14b58a11c7450988da3dcd3a66c133 a43616b0c9c04e6c9b2f5c5139d50744 - - default default] 199.19.213.140 "GET /v2.0/extensions/allowed-address-pairs HTTP/1.1" status: 200 len: 383 time: 0.0049608
2026-05-05 18:28:56.905 10 INFO neutron.wsgi [None req-f0ebc5a6-f774-48c8-a52d-90cf9d6113c5 0b14b58a11c7450988da3dcd3a66c133 a43616b0c9c04e6c9b2f5c5139d50744 - - default default] 199.19.213.140 "GET /v2.0/ports/eda3d8df-08e2-4a9e-9489-e2ec68a18d39 HTTP/1.1" status: 200 len: 1358 time: 0.0302553
2026-05-05 18:28:57.265 10 INFO neutron.db.ovn_revision_numbers_db [None req-f8c679e6-2507-4234-9f66-d9fec18c70ea 0b14b58a11c7450988da3dcd3a66c133 a43616b0c9c04e6c9b2f5c5139d50744 - - - -] Successfully bumped revision number for resource eda3d8df-08e2-4a9e-9489-e2ec68a18d39 (type: ports) to 6
2026-05-05 18:28:57.276 10 INFO neutron.wsgi [None req-f8c679e6-2507-4234-9f66-d9fec18c70ea 0b14b58a11c7450988da3dcd3a66c133 a43616b0c9c04e6c9b2f5c5139d50744 - - - -] 199.19.213.140 "PUT /v2.0/ports/eda3d8df-08e2-4a9e-9489-e2ec68a18d39 HTTP/1.1" status: 200 len: 1154 time: 0.3641860 /var/lib/openstack/lib/python3.10/site-packages/pycadf/identifier.py:71: UserWarning: Invalid uuid: neutron. To ensure interoperability, identifiers should be a valid uuid. warnings.warn(('Invalid uuid: %s. To ensure interoperability, '
2026-05-05 18:28:57.330 10 INFO neutron.notifiers.nova [-] Nova event matching ['req-68b44ce5-99dd-4382-81b2-b34cff193954'] response: {'name': 'network-changed', 'server_uuid': '5977b21c-3dbf-4a9a-8193-b174852bba3a', 'tag': 'eda3d8df-08e2-4a9e-9489-e2ec68a18d39', 'status': 'completed', 'code': 200}
2026-05-05 18:28:57.367 10 INFO neutron.wsgi [None req-81d5a26a-687b-4d8e-95f8-d2a744d83519 0b14b58a11c7450988da3dcd3a66c133 a43616b0c9c04e6c9b2f5c5139d50744 - - default default] 199.19.213.140 "GET /v2.0/networks/4f452af7-8592-4aa2-80a3-2f0bb8da319f HTTP/1.1" status: 200 len: 998 time: 0.0833094
2026-05-05 18:28:57.415 10 INFO neutron.wsgi [req-619e78d2-c1fb-41bb-a9e2-51a8694951c8 req-dc95299e-f875-4844-8244-8afe78a7a4ae 44e38bcf3e2e4be2ad10580fff5ac83f a6fe8d98f3094f7886a2a2f5b0885d05 - - 4bf83d4858b5484d8f5c80b2b7877723 4bf83d4858b5484d8f5c80b2b7877723] 199.19.213.140 "GET /v2.0/ports?tenant_id=a43616b0c9c04e6c9b2f5c5139d50744&device_id=5977b21c-3dbf-4a9a-8193-b174852bba3a HTTP/1.1" status: 200 len: 3606 time: 0.0582137
2026-05-05 18:28:57.422 10 INFO neutron.wsgi [None req-d61b3fb9-d2ef-4e18-ac6a-cd2d8e3df686 0b14b58a11c7450988da3dcd3a66c133 a43616b0c9c04e6c9b2f5c5139d50744 - - default default] 199.19.213.140 "GET /v2.0/ports?device_id=5977b21c-3dbf-4a9a-8193-b174852bba3a HTTP/1.1" status: 200 len: 3606 time: 0.0340133
2026-05-05 18:28:57.511 10 INFO neutron.wsgi [req-619e78d2-c1fb-41bb-a9e2-51a8694951c8 req-37ee6d62-d196-42dc-b22b-d2322b4ebac7 44e38bcf3e2e4be2ad10580fff5ac83f a6fe8d98f3094f7886a2a2f5b0885d05 - - 4bf83d4858b5484d8f5c80b2b7877723 4bf83d4858b5484d8f5c80b2b7877723] 199.19.213.140 "GET /v2.0/networks?id=4f452af7-8592-4aa2-80a3-2f0bb8da319f HTTP/1.1" status: 200 len: 1001 time: 0.0851939
2026-05-05 18:28:57.545 10 INFO neutron.wsgi [None req-3ff171f0-8555-4c7f-9881-4b86095a4453 0b14b58a11c7450988da3dcd3a66c133 a43616b0c9c04e6c9b2f5c5139d50744 - - default default] 199.19.213.140 "GET /v2.0/ports?device_id=5977b21c-3dbf-4a9a-8193-b174852bba3a HTTP/1.1" status: 200 len: 3606 time: 0.0521433
2026-05-05 18:28:57.587 10 INFO neutron.wsgi [req-619e78d2-c1fb-41bb-a9e2-51a8694951c8 req-b060c258-e0a0-4132-8187-722cb6e46969 44e38bcf3e2e4be2ad10580fff5ac83f a6fe8d98f3094f7886a2a2f5b0885d05 - - 4bf83d4858b5484d8f5c80b2b7877723 4bf83d4858b5484d8f5c80b2b7877723] 199.19.213.140 "GET /v2.0/networks/4f452af7-8592-4aa2-80a3-2f0bb8da319f?fields=segments HTTP/1.1" status: 200 len: 212 time: 0.0632005
2026-05-05 18:28:57.651 10 INFO neutron.wsgi [req-619e78d2-c1fb-41bb-a9e2-51a8694951c8 req-c7c71faf-a9e0-48d9-af00-1d55524ce9eb 44e38bcf3e2e4be2ad10580fff5ac83f a6fe8d98f3094f7886a2a2f5b0885d05 - - 4bf83d4858b5484d8f5c80b2b7877723 4bf83d4858b5484d8f5c80b2b7877723] 199.19.213.140 "GET /v2.0/networks/4f452af7-8592-4aa2-80a3-2f0bb8da319f?fields=provider%3Aphysical_network&fields=provider%3Anetwork_type HTTP/1.1" status: 200 len: 277 time: 0.0589008
2026-05-05 18:28:57.782 9 INFO neutron.plugins.ml2.drivers.ovn.mech_driver.mech_driver [None req-f0a85cf2-73d7-417c-9093-4b05602f06eb - - - - - -] OVN reports status down for port: eda3d8df-08e2-4a9e-9489-e2ec68a18d39
2026-05-05 18:28:57.854 10 INFO neutron.wsgi [req-d22d5f8b-63ac-4eb3-8ff2-6dd298601ec6 req-ecab6c52-211e-4a8e-b21a-13154319d689 44e38bcf3e2e4be2ad10580fff5ac83f a6fe8d98f3094f7886a2a2f5b0885d05 - - 4bf83d4858b5484d8f5c80b2b7877723 4bf83d4858b5484d8f5c80b2b7877723] 199.19.213.140 "GET /v2.0/ports/eda3d8df-08e2-4a9e-9489-e2ec68a18d39 HTTP/1.1" status: 200 len: 1182 time: 0.0358894
2026-05-05 18:28:57.965 9 INFO neutron.notifiers.nova [-] Nova event matching ['req-251bbc5d-fdd1-45ce-bf08-ca177d294444'] response: {'server_uuid': '5977b21c-3dbf-4a9a-8193-b174852bba3a', 'name': 'network-vif-unplugged', 'status': 'completed', 'tag': 'eda3d8df-08e2-4a9e-9489-e2ec68a18d39', 'code': 200}
2026-05-05 18:28:58.076 9 INFO neutron.db.ovn_revision_numbers_db [None req-f0a85cf2-73d7-417c-9093-4b05602f06eb - - - - - -] Successfully bumped revision number for resource eda3d8df-08e2-4a9e-9489-e2ec68a18d39 (type: ports) to 7
2026-05-05 18:28:58.149 10 INFO neutron.wsgi [None req-5aea19a5-07ac-4d9c-ae9e-32292e692565 0b14b58a11c7450988da3dcd3a66c133 a43616b0c9c04e6c9b2f5c5139d50744 - - - -] 199.19.213.140 "DELETE /v2.0/ports/eda3d8df-08e2-4a9e-9489-e2ec68a18d39 HTTP/1.1" status: 204 len: 173 time: 0.2917936
2026-05-05 18:28:58.245 10 INFO neutron.wsgi [req-d22d5f8b-63ac-4eb3-8ff2-6dd298601ec6 req-714e50c4-b51a-4464-8ed1-d35ebab7f17c 44e38bcf3e2e4be2ad10580fff5ac83f a6fe8d98f3094f7886a2a2f5b0885d05 - - 4bf83d4858b5484d8f5c80b2b7877723 4bf83d4858b5484d8f5c80b2b7877723] 199.19.213.140 "GET /v2.0/ports?tenant_id=a43616b0c9c04e6c9b2f5c5139d50744&device_id=5977b21c-3dbf-4a9a-8193-b174852bba3a HTTP/1.1" status: 200 len: 2631 time: 0.0377719
2026-05-05 18:28:58.320 10 INFO neutron.wsgi [req-d22d5f8b-63ac-4eb3-8ff2-6dd298601ec6 req-95dc2891-c58c-41d5-bb96-30905c4356aa 44e38bcf3e2e4be2ad10580fff5ac83f a6fe8d98f3094f7886a2a2f5b0885d05 - - 4bf83d4858b5484d8f5c80b2b7877723 4bf83d4858b5484d8f5c80b2b7877723] 199.19.213.140 "GET /v2.0/networks?id=87ca7161-2ee6-4b0d-b79f-c3b0c13207e5&id=d35d4df4-d4c0-4083-80d6-d22eecaeeaa8&id=4f452af7-8592-4aa2-80a3-2f0bb8da319f HTTP/1.1" status: 200 len: 2517 time: 0.0684826
2026-05-05 18:28:58.364 10 INFO neutron.wsgi [req-d22d5f8b-63ac-4eb3-8ff2-6dd298601ec6 req-1e2e57a0-cbbe-4db0-b059-34707938b1ed 44e38bcf3e2e4be2ad10580fff5ac83f a6fe8d98f3094f7886a2a2f5b0885d05 - - 4bf83d4858b5484d8f5c80b2b7877723 4bf83d4858b5484d8f5c80b2b7877723] 199.19.213.140 "GET /v2.0/floatingips?fixed_ip_address=172.24.0.183&port_id=efb4e094-e761-4677-aa05-0c0eeb68491b HTTP/1.1" status: 200 len: 217 time: 0.0368915
2026-05-05 18:28:58.422 10 INFO neutron.wsgi [req-d22d5f8b-63ac-4eb3-8ff2-6dd298601ec6 req-efefca03-72d4-4916-b96e-89fcd393e665 44e38bcf3e2e4be2ad10580fff5ac83f a6fe8d98f3094f7886a2a2f5b0885d05 - - 4bf83d4858b5484d8f5c80b2b7877723 4bf83d4858b5484d8f5c80b2b7877723] 199.19.213.140 "GET /v2.0/subnets?id=88ee2b77-a8af-4f47-8ce5-18b3d48c9898 HTTP/1.1" status: 200 len: 829 time: 0.0502908
2026-05-05 18:28:58.460 10 INFO neutron.wsgi [req-d22d5f8b-63ac-4eb3-8ff2-6dd298601ec6 req-59c357a7-a23a-4394-97ea-29f78c69e603 44e38bcf3e2e4be2ad10580fff5ac83f a6fe8d98f3094f7886a2a2f5b0885d05 - - 4bf83d4858b5484d8f5c80b2b7877723 4bf83d4858b5484d8f5c80b2b7877723] 199.19.213.140 "GET /v2.0/ports?network_id=87ca7161-2ee6-4b0d-b79f-c3b0c13207e5&device_owner=network%3Adhcp HTTP/1.1" status: 200 len: 210 time: 0.0319529
2026-05-05 18:28:58.550 10 INFO neutron.wsgi [req-d22d5f8b-63ac-4eb3-8ff2-6dd298601ec6 req-adc2b956-41b0-4f19-bdc4-beddf0e73cea 44e38bcf3e2e4be2ad10580fff5ac83f a6fe8d98f3094f7886a2a2f5b0885d05 - - 4bf83d4858b5484d8f5c80b2b7877723 4bf83d4858b5484d8f5c80b2b7877723] 199.19.213.140 "GET /v2.0/networks/87ca7161-2ee6-4b0d-b79f-c3b0c13207e5?fields=segments HTTP/1.1" status: 200 len: 212 time: 0.0830979
2026-05-05 18:28:58.616 10 INFO neutron.wsgi [None req-4000d29e-a371-4e4a-bed1-0bc60f9e028b 0b14b58a11c7450988da3dcd3a66c133 a43616b0c9c04e6c9b2f5c5139d50744 - - default default] 199.19.213.140 "GET /v2.0/ports?device_id=5977b21c-3dbf-4a9a-8193-b174852bba3a HTTP/1.1" status: 200 len: 2631 time: 0.0625613
2026-05-05 18:28:58.653 10 INFO neutron.pecan_wsgi.hooks.translation [None req-a2be9055-a8cb-4ae8-a3da-a87fae0b27ec 0b14b58a11c7450988da3dcd3a66c133 a43616b0c9c04e6c9b2f5c5139d50744 - - - -] DELETE failed (client error): The resource could not be found.
2026-05-05 18:28:58.656 10 INFO neutron.wsgi [None req-a2be9055-a8cb-4ae8-a3da-a87fae0b27ec 0b14b58a11c7450988da3dcd3a66c133 a43616b0c9c04e6c9b2f5c5139d50744 - - - -] 199.19.213.140 "DELETE /v2.0/ports/eda3d8df-08e2-4a9e-9489-e2ec68a18d39 HTTP/1.1" status: 404 len: 338 time: 0.0312603
2026-05-05 18:28:58.663 10 INFO neutron.wsgi [req-d22d5f8b-63ac-4eb3-8ff2-6dd298601ec6 req-d97537f3-f021-4960-bcba-e05c5adf081d 44e38bcf3e2e4be2ad10580fff5ac83f a6fe8d98f3094f7886a2a2f5b0885d05 - - 4bf83d4858b5484d8f5c80b2b7877723 4bf83d4858b5484d8f5c80b2b7877723] 199.19.213.140 "GET /v2.0/networks/87ca7161-2ee6-4b0d-b79f-c3b0c13207e5?fields=provider%3Aphysical_network&fields=provider%3Anetwork_type HTTP/1.1" status: 200 len: 277 time: 0.0988660
2026-05-05 18:28:58.703 10 INFO neutron.wsgi [req-d22d5f8b-63ac-4eb3-8ff2-6dd298601ec6 req-919714ed-b337-44da-9822-e89d0509e1a0 44e38bcf3e2e4be2ad10580fff5ac83f a6fe8d98f3094f7886a2a2f5b0885d05 - - 4bf83d4858b5484d8f5c80b2b7877723 4bf83d4858b5484d8f5c80b2b7877723] 199.19.213.140 "GET /v2.0/floatingips?fixed_ip_address=10.1.1.201&port_id=0247b93c-0921-43f5-8f8c-d1d3562f2963 HTTP/1.1" status: 200 len: 217 time: 0.0325184
2026-05-05 18:28:58.743 10 INFO neutron.wsgi [req-d22d5f8b-63ac-4eb3-8ff2-6dd298601ec6 req-5ef97dda-031b-4a67-abe5-c0f6baedb13c 44e38bcf3e2e4be2ad10580fff5ac83f a6fe8d98f3094f7886a2a2f5b0885d05 - - 4bf83d4858b5484d8f5c80b2b7877723 4bf83d4858b5484d8f5c80b2b7877723] 199.19.213.140 "GET /v2.0/subnets?id=3f852454-977e-4394-8e73-8c21c664406f HTTP/1.1" status: 200 len: 854 time: 0.0328405
2026-05-05 18:28:58.749 10 INFO neutron.wsgi [None req-df882ace-8a95-46de-8707-1d1b45f25a97 0b14b58a11c7450988da3dcd3a66c133 a43616b0c9c04e6c9b2f5c5139d50744 - - default default] 199.19.213.140 "GET /v2.0/extensions/security-group HTTP/1.1" status: 200 len: 369 time: 0.0046787
2026-05-05 18:28:58.768 10 INFO neutron.wsgi [None req-d11d15b4-aed5-45d3-95fe-8bc98b408ade 0b14b58a11c7450988da3dcd3a66c133 a43616b0c9c04e6c9b2f5c5139d50744 - - default default] 199.19.213.140 "GET /v2.0/extensions/dns-integration HTTP/1.1" status: 200 len: 371 time: 0.0058923
2026-05-05 18:28:58.783 10 INFO neutron.wsgi [req-d22d5f8b-63ac-4eb3-8ff2-6dd298601ec6 req-976b70ce-384d-447d-89a2-7d0e98c45282 44e38bcf3e2e4be2ad10580fff5ac83f a6fe8d98f3094f7886a2a2f5b0885d05 - - 4bf83d4858b5484d8f5c80b2b7877723 4bf83d4858b5484d8f5c80b2b7877723] 199.19.213.140 "GET /v2.0/ports?network_id=d35d4df4-d4c0-4083-80d6-d22eecaeeaa8&device_owner=network%3Adhcp HTTP/1.1" status: 200 len: 210 time: 0.0292344
2026-05-05 18:28:58.789 10 INFO neutron.wsgi [None req-f5e83e52-9553-4f3e-bca8-e176b91d4026 0b14b58a11c7450988da3dcd3a66c133 a43616b0c9c04e6c9b2f5c5139d50744 - - default default] 199.19.213.140 "GET /v2.0/extensions/qos HTTP/1.1" status: 200 len: 365 time: 0.0104361
2026-05-05 18:28:58.801 10 INFO neutron.wsgi [None req-86a71a9e-bdd3-4e48-86f1-49e963ca75b5 0b14b58a11c7450988da3dcd3a66c133 a43616b0c9c04e6c9b2f5c5139d50744 - - default default] 199.19.213.140 "GET /v2.0/extensions/allowed-address-pairs HTTP/1.1" status: 200 len: 383 time: 0.0042181
2026-05-05 18:28:58.880 10 INFO neutron.wsgi [None req-131fecd3-f7f7-46a6-997f-27707e0d97bb 0b14b58a11c7450988da3dcd3a66c133 a43616b0c9c04e6c9b2f5c5139d50744 - - default default] 199.19.213.140 "GET /v2.0/subnets/3f852454-977e-4394-8e73-8c21c664406f HTTP/1.1" status: 200 len: 851 time: 0.0721905
2026-05-05 18:28:58.884 10 INFO neutron.wsgi [req-d22d5f8b-63ac-4eb3-8ff2-6dd298601ec6 req-9cef467d-7ed5-42c8-bff4-905dbf77f83e 44e38bcf3e2e4be2ad10580fff5ac83f a6fe8d98f3094f7886a2a2f5b0885d05 - - 4bf83d4858b5484d8f5c80b2b7877723 4bf83d4858b5484d8f5c80b2b7877723] 199.19.213.140 "GET /v2.0/networks/d35d4df4-d4c0-4083-80d6-d22eecaeeaa8?fields=segments HTTP/1.1" status: 200 len: 212 time: 0.0937881
2026-05-05 18:28:58.960 10 INFO neutron.wsgi [None req-83729d3c-99f7-4bfa-8f8d-4e9466274dbc 0b14b58a11c7450988da3dcd3a66c133 a43616b0c9c04e6c9b2f5c5139d50744 - - default default] 199.19.213.140 "GET /v2.0/ports/0c59cf2c-ae00-497b-b0cb-c83fd1542490 HTTP/1.1" status: 200 len: 1336 time: 0.0705042
2026-05-05 18:28:59.011 10 INFO neutron.wsgi [req-d22d5f8b-63ac-4eb3-8ff2-6dd298601ec6 req-7ef3971a-ef5e-41d6-8c1f-44448d9449dc 44e38bcf3e2e4be2ad10580fff5ac83f a6fe8d98f3094f7886a2a2f5b0885d05 - - 4bf83d4858b5484d8f5c80b2b7877723 4bf83d4858b5484d8f5c80b2b7877723] 199.19.213.140 "GET /v2.0/networks/d35d4df4-d4c0-4083-80d6-d22eecaeeaa8?fields=provider%3Aphysical_network&fields=provider%3Anetwork_type HTTP/1.1" status: 200 len: 277 time: 0.1176171
2026-05-05 18:28:59.015 10 INFO neutron.wsgi [None req-3326bb47-c10b-4511-8365-95e8226ab73d 0b14b58a11c7450988da3dcd3a66c133 a43616b0c9c04e6c9b2f5c5139d50744 - - default default] 199.19.213.140 "GET /v2.0/ports/0247b93c-0921-43f5-8f8c-d1d3562f2963 HTTP/1.1" status: 200 len: 1470 time: 0.0463240
2026-05-05 18:28:59.062 10 INFO neutron.wsgi [None req-d4e4050a-2f32-4d04-b145-277261d0c35b 0b14b58a11c7450988da3dcd3a66c133 a43616b0c9c04e6c9b2f5c5139d50744 - - default default] 199.19.213.140 "GET /v2.0/subnets/3f852454-977e-4394-8e73-8c21c664406f HTTP/1.1" status: 200 len: 851 time: 0.0347114
2026-05-05 18:28:59.134 10 INFO neutron.wsgi [None req-d16e8107-5bc3-4d19-9a0e-91885fd129b0 0b14b58a11c7450988da3dcd3a66c133 a43616b0c9c04e6c9b2f5c5139d50744 - - default default] 199.19.213.140 "GET /v2.0/networks/d35d4df4-d4c0-4083-80d6-d22eecaeeaa8 HTTP/1.1" status: 200 len: 1002 time: 0.0646851
2026-05-05 18:28:59.172 10 INFO neutron.wsgi [None req-833770c7-0983-4d24-814d-580be1c06810 0b14b58a11c7450988da3dcd3a66c133 a43616b0c9c04e6c9b2f5c5139d50744 - - default default] 199.19.213.140 "GET /v2.0/ports/0c59cf2c-ae00-497b-b0cb-c83fd1542490 HTTP/1.1" status: 200 len: 1336 time: 0.0314083
2026-05-05 18:28:59.218 10 INFO neutron.wsgi [None req-b4a365d2-9cbd-480a-9152-39f0927ddf73 0b14b58a11c7450988da3dcd3a66c133 a43616b0c9c04e6c9b2f5c5139d50744 - - default default] 199.19.213.140 "GET /v2.0/subnets/3f852454-977e-4394-8e73-8c21c664406f HTTP/1.1" status: 200 len: 851 time: 0.0406752
2026-05-05 18:28:59.376 10 INFO neutron.notifiers.nova [-] Nova event matching ['req-3ab6dec7-2640-4870-b8a5-067c899db97d'] response: {'server_uuid': '5977b21c-3dbf-4a9a-8193-b174852bba3a', 'name': 'network-vif-deleted', 'tag': 'eda3d8df-08e2-4a9e-9489-e2ec68a18d39', 'status': 'completed', 'code': 200}
2026-05-05 18:29:00.050 9 INFO neutron.notifiers.nova [-] Nova event matching ['req-ea834e2e-a083-48e9-9178-3229fbb8177c'] response: {'server_uuid': '5977b21c-3dbf-4a9a-8193-b174852bba3a', 'name': 'network-vif-plugged', 'status': 'completed', 'tag': 'eda3d8df-08e2-4a9e-9489-e2ec68a18d39', 'code': 200}
2026-05-05 18:29:07.917 10 INFO neutron.wsgi [None req-1faf7168-efb1-4805-9dab-606fc2020de9 0b14b58a11c7450988da3dcd3a66c133 a43616b0c9c04e6c9b2f5c5139d50744 - - default default] 199.19.213.140 "GET /v2.0/extensions/security-group HTTP/1.1" status: 200 len: 369 time: 0.0046651
2026-05-05 18:29:07.929 10 INFO neutron.wsgi [None req-a3659142-7584-46f2-acd0-ec0300eff008 0b14b58a11c7450988da3dcd3a66c133 a43616b0c9c04e6c9b2f5c5139d50744 - - default default] 199.19.213.140 "GET /v2.0/extensions/dns-integration HTTP/1.1" status: 200 len: 371 time: 0.0047512
2026-05-05 18:29:07.939 10 INFO neutron.wsgi [None req-2c504674-d588-4d74-8a8e-3472a8647a1c 0b14b58a11c7450988da3dcd3a66c133 a43616b0c9c04e6c9b2f5c5139d50744 - - default default] 199.19.213.140 "GET /v2.0/extensions/qos HTTP/1.1" status: 200 len: 365 time: 0.0065043
2026-05-05 18:29:07.960 10 INFO neutron.wsgi [None req-9ecc9244-1a3a-4ecb-bdb8-77095d5bf699 0b14b58a11c7450988da3dcd3a66c133 a43616b0c9c04e6c9b2f5c5139d50744 - - default default] 199.19.213.140 "GET /v2.0/extensions/allowed-address-pairs HTTP/1.1" status: 200 len: 383 time: 0.0089226
2026-05-05 18:29:08.006 10 INFO neutron.wsgi [None req-7ccf8ca4-c2a8-47a3-9c1f-a4e9088b8227 0b14b58a11c7450988da3dcd3a66c133 a43616b0c9c04e6c9b2f5c5139d50744 - - default default] 199.19.213.140 "GET /v2.0/security-groups?name=lb-016cb99e-9a3a-4ae4-8a30-2b031abb2857 HTTP/1.1" status: 200 len: 2939 time: 0.0373371
2026-05-05 18:29:08.039 10 INFO neutron.wsgi [None req-71b84b76-b1e2-436e-9ba7-8e6d632ff041 0b14b58a11c7450988da3dcd3a66c133 a43616b0c9c04e6c9b2f5c5139d50744 - - default default] 199.19.213.140 "GET /v2.0/security-group-rules?security_group_id=b8bd4e24-d63d-4e4e-93f6-d507b38f21fa HTTP/1.1" status: 200 len: 2406 time: 0.0264959
2026-05-05 18:29:08.165 10 INFO neutron.wsgi [None req-f84b7f48-68c7-49f0-b92e-ad2c0b01c0af 0b14b58a11c7450988da3dcd3a66c133 a43616b0c9c04e6c9b2f5c5139d50744 - - - -] 199.19.213.140 "DELETE /v2.0/security-group-rules/11a0eef0-ffb0-4659-b3f8-9881fe09a22f HTTP/1.1" status: 204 len: 173 time: 0.1187661
2026-05-05 18:29:08.285 10 INFO neutron.wsgi [None req-e6543098-b62d-4407-878f-a1da1ae44354 0b14b58a11c7450988da3dcd3a66c133 a43616b0c9c04e6c9b2f5c5139d50744 - - - -] 199.19.213.140 "DELETE /v2.0/security-group-rules/7e1c94d5-2c4b-4e6a-9c16-eedb97c98b25 HTTP/1.1" status: 204 len: 173 time: 0.1114905
2026-05-05 18:29:10.067 10 INFO neutron.wsgi [-] 10.0.0.183 "GET / HTTP/1.1" status: 200 len: 247 time: 0.0018134
2026-05-05 18:29:10.070 9 INFO neutron.wsgi [-] 10.0.0.183 "GET / HTTP/1.1" status: 200 len: 247 time: 0.0037973
2026-05-05 18:29:13.104 10 INFO neutron.db.l3_db [None req-61310ffd-b6a2-4200-8206-41414249437a b667cd28890846a5ad53998535d0e96c 3dd396b1b1df45a4ad462f0e3c096f59 - - - -] Floating IP dbd0dcaa-380a-42dd-b44f-cc423a863f6c disassociated (deleted). External IP: 10.96.250.217, port: 0c59cf2c-ae00-497b-b0cb-c83fd1542490.
2026-05-05 18:29:13.174 10 INFO neutron.wsgi [None req-61310ffd-b6a2-4200-8206-41414249437a b667cd28890846a5ad53998535d0e96c 3dd396b1b1df45a4ad462f0e3c096f59 - - - -] 10.0.0.159 "DELETE /v2.0/floatingips/dbd0dcaa-380a-42dd-b44f-cc423a863f6c HTTP/1.1" status: 204 len: 168 time: 0.8253536
2026-05-05 18:29:13.200 10 INFO neutron.api.v2.resource [None req-87f3018c-3f32-4d45-92c0-1fad06270239 b667cd28890846a5ad53998535d0e96c 3dd396b1b1df45a4ad462f0e3c096f59 - - default default] show failed (client error): The resource could not be found.
2026-05-05 18:29:13.202 10 INFO neutron.wsgi [None req-87f3018c-3f32-4d45-92c0-1fad06270239 b667cd28890846a5ad53998535d0e96c 3dd396b1b1df45a4ad462f0e3c096f59 - - default default] 10.0.0.159 "GET /v2.0/floatingips/dbd0dcaa-380a-42dd-b44f-cc423a863f6c HTTP/1.1" status: 404 len: 345 time: 0.0219514 /var/lib/openstack/lib/python3.10/site-packages/pycadf/identifier.py:71: UserWarning: Invalid uuid: neutron. To ensure interoperability, identifiers should be a valid uuid. warnings.warn(('Invalid uuid: %s. To ensure interoperability, '
2026-05-05 18:29:13.461 9 INFO neutron.wsgi [None req-bc5d1526-fb41-4461-a96f-5b6b276de17c 0b14b58a11c7450988da3dcd3a66c133 a43616b0c9c04e6c9b2f5c5139d50744 - - default default] 199.19.213.140 "GET /v2.0/extensions/security-group HTTP/1.1" status: 200 len: 369 time: 0.0117688
2026-05-05 18:29:13.471 9 INFO neutron.wsgi [None req-c91f2054-7360-4c98-a37e-391b05ba1a2d 0b14b58a11c7450988da3dcd3a66c133 a43616b0c9c04e6c9b2f5c5139d50744 - - default default] 199.19.213.140 "GET /v2.0/extensions/dns-integration HTTP/1.1" status: 200 len: 371 time: 0.0040755
2026-05-05 18:29:13.482 9 INFO neutron.wsgi [None req-5e5c2769-e6ca-4996-939a-f47a2e9e5633 0b14b58a11c7450988da3dcd3a66c133 a43616b0c9c04e6c9b2f5c5139d50744 - - default default] 199.19.213.140 "GET /v2.0/extensions/qos HTTP/1.1" status: 200 len: 365 time: 0.0071917
2026-05-05 18:29:13.491 9 INFO neutron.wsgi [None req-748bace0-6c13-4f03-b723-30a503013a1c 0b14b58a11c7450988da3dcd3a66c133 a43616b0c9c04e6c9b2f5c5139d50744 - - default default] 199.19.213.140 "GET /v2.0/extensions/allowed-address-pairs HTTP/1.1" status: 200 len: 383 time: 0.0044146
2026-05-05 18:29:13.537 9 INFO neutron.wsgi [None req-390a80ce-df00-435f-8f9e-2cdc880289d1 0b14b58a11c7450988da3dcd3a66c133 a43616b0c9c04e6c9b2f5c5139d50744 - - default default] 199.19.213.140 "GET /v2.0/subnets/3f852454-977e-4394-8e73-8c21c664406f HTTP/1.1" status: 200 len: 851 time: 0.0396833
2026-05-05 18:29:13.577 9 INFO neutron.wsgi [None req-dffa5f36-a85d-4e25-afbd-332555e41ea4 0b14b58a11c7450988da3dcd3a66c133 a43616b0c9c04e6c9b2f5c5139d50744 - - default default] 199.19.213.140 "GET /v2.0/ports?device_id=5977b21c-3dbf-4a9a-8193-b174852bba3a HTTP/1.1" status: 200 len: 2631 time: 0.0331032
2026-05-05 18:29:13.612 9 INFO neutron.wsgi [None req-948bc551-dd8e-4b8e-bd13-3e6d2f4e852d 0b14b58a11c7450988da3dcd3a66c133 a43616b0c9c04e6c9b2f5c5139d50744 - - default default] 199.19.213.140 "GET /v2.0/ports?device_id=5977b21c-3dbf-4a9a-8193-b174852bba3a HTTP/1.1" status: 200 len: 2631 time: 0.0282180
2026-05-05 18:29:13.713 9 INFO neutron.wsgi [None req-86c3012b-e534-447c-8de8-47901357fd09 0b14b58a11c7450988da3dcd3a66c133 a43616b0c9c04e6c9b2f5c5139d50744 - - default default] 199.19.213.140 "GET /v2.0/ports?device_id=5977b21c-3dbf-4a9a-8193-b174852bba3a HTTP/1.1" status: 200 len: 2631 time: 0.0366745
2026-05-05 18:29:14.011 10 INFO neutron.plugins.ml2.drivers.ovn.mech_driver.mech_driver [None req-c0162481-e94e-465b-9401-2cc8c42cf396 - - - - - -] OVN reports status down for port: 0c59cf2c-ae00-497b-b0cb-c83fd1542490
2026-05-05 18:29:14.105 10 INFO neutron.wsgi [req-7c3eeee4-fc4d-4d9a-8f96-8e15d400367a req-d72c9661-3156-4dad-b2d8-9ef5c6a04bcb 44e38bcf3e2e4be2ad10580fff5ac83f a6fe8d98f3094f7886a2a2f5b0885d05 - - 4bf83d4858b5484d8f5c80b2b7877723 4bf83d4858b5484d8f5c80b2b7877723] 199.19.213.140 "GET /v2.0/ports/0247b93c-0921-43f5-8f8c-d1d3562f2963 HTTP/1.1" status: 200 len: 1470 time: 0.0515471
2026-05-05 18:29:14.133 10 INFO neutron.plugins.ml2.drivers.ovn.mech_driver.mech_driver [None req-c0162481-e94e-465b-9401-2cc8c42cf396 - - - - - -] OVN reports status down for port: 0247b93c-0921-43f5-8f8c-d1d3562f2963
2026-05-05 18:29:14.161 10 INFO neutron.wsgi [req-7c3eeee4-fc4d-4d9a-8f96-8e15d400367a req-dd3ae96c-f002-4037-a20d-bdc5da3ad89c 0b14b58a11c7450988da3dcd3a66c133 a43616b0c9c04e6c9b2f5c5139d50744 - - default default] 199.19.213.140 "GET /v2.0/ports/0247b93c-0921-43f5-8f8c-d1d3562f2963?fields=binding%3Aprofile&fields=network_id HTTP/1.1" status: 200 len: 281 time: 0.0495431
2026-05-05 18:29:14.255 10 INFO neutron.wsgi [req-7c3eeee4-fc4d-4d9a-8f96-8e15d400367a req-70799a12-d914-4588-9d7e-f9c056622b4e 0b14b58a11c7450988da3dcd3a66c133 a43616b0c9c04e6c9b2f5c5139d50744 - - default default] 199.19.213.140 "GET /v2.0/networks/d35d4df4-d4c0-4083-80d6-d22eecaeeaa8?fields=dns_domain HTTP/1.1" status: 200 len: 227 time: 0.0874119
2026-05-05 18:29:14.298 10 INFO neutron.notifiers.nova [-] Nova event matching ['req-b5cb14f4-f3b7-4790-8282-a95e142ca08d'] response: {'server_uuid': '5977b21c-3dbf-4a9a-8193-b174852bba3a', 'name': 'network-vif-unplugged', 'status': 'completed', 'tag': '0247b93c-0921-43f5-8f8c-d1d3562f2963', 'code': 200}
2026-05-05 18:29:14.528 10 INFO neutron.db.ovn_revision_numbers_db [None req-c0162481-e94e-465b-9401-2cc8c42cf396 - - - - - -] Successfully bumped revision number for resource 0247b93c-0921-43f5-8f8c-d1d3562f2963 (type: ports) to 7
2026-05-05 18:29:14.701 10 INFO neutron.db.ovn_revision_numbers_db [None req-21b7776d-4650-467c-8487-6b8f7d98942a 44e38bcf3e2e4be2ad10580fff5ac83f a6fe8d98f3094f7886a2a2f5b0885d05 - - - -] Successfully bumped revision number for resource 0247b93c-0921-43f5-8f8c-d1d3562f2963 (type: ports) to 8
2026-05-05 18:29:14.715 10 INFO neutron.wsgi [None req-21b7776d-4650-467c-8487-6b8f7d98942a 44e38bcf3e2e4be2ad10580fff5ac83f a6fe8d98f3094f7886a2a2f5b0885d05 - - - -] 199.19.213.140 "PUT /v2.0/ports/0247b93c-0921-43f5-8f8c-d1d3562f2963 HTTP/1.1" status: 200 len: 1350 time: 0.4482057
2026-05-05 18:29:14.753 9 INFO neutron.wsgi [None req-967f2979-3b46-444f-9353-7378a7773e71 0b14b58a11c7450988da3dcd3a66c133 a43616b0c9c04e6c9b2f5c5139d50744 - - default default] 199.19.213.140 "GET /v2.0/ports?device_id=5977b21c-3dbf-4a9a-8193-b174852bba3a HTTP/1.1" status: 200 len: 1369 time: 0.0337572 /var/lib/openstack/lib/python3.10/site-packages/pycadf/identifier.py:71: UserWarning: Invalid uuid: neutron. To ensure interoperability, identifiers should be a valid uuid. warnings.warn(('Invalid uuid: %s. To ensure interoperability, '
2026-05-05 18:29:14.801 10 INFO neutron.wsgi [req-7c3eeee4-fc4d-4d9a-8f96-8e15d400367a req-848e47e7-cdd6-4e9e-88ae-c2021187f78a 44e38bcf3e2e4be2ad10580fff5ac83f a6fe8d98f3094f7886a2a2f5b0885d05 - - 4bf83d4858b5484d8f5c80b2b7877723 4bf83d4858b5484d8f5c80b2b7877723] 199.19.213.140 "GET /v2.0/ports?tenant_id=a43616b0c9c04e6c9b2f5c5139d50744&device_id=5977b21c-3dbf-4a9a-8193-b174852bba3a HTTP/1.1" status: 200 len: 1369 time: 0.0349479
2026-05-05 18:29:14.865 10 INFO neutron.wsgi [req-7c3eeee4-fc4d-4d9a-8f96-8e15d400367a req-824b41f8-4e2b-4db8-841e-e2c6792ee06f 44e38bcf3e2e4be2ad10580fff5ac83f a6fe8d98f3094f7886a2a2f5b0885d05 - - 4bf83d4858b5484d8f5c80b2b7877723 4bf83d4858b5484d8f5c80b2b7877723] 199.19.213.140 "GET /v2.0/networks?id=87ca7161-2ee6-4b0d-b79f-c3b0c13207e5&id=d35d4df4-d4c0-4083-80d6-d22eecaeeaa8 HTTP/1.1" status: 200 len: 1729 time: 0.0554318
2026-05-05 18:29:14.892 10 INFO neutron.wsgi [req-7c3eeee4-fc4d-4d9a-8f96-8e15d400367a req-9c56bb80-f08a-4871-8447-3d11f2c982be 44e38bcf3e2e4be2ad10580fff5ac83f a6fe8d98f3094f7886a2a2f5b0885d05 - - 4bf83d4858b5484d8f5c80b2b7877723 4bf83d4858b5484d8f5c80b2b7877723] 199.19.213.140 "GET /v2.0/floatingips?fixed_ip_address=172.24.0.183&port_id=efb4e094-e761-4677-aa05-0c0eeb68491b HTTP/1.1" status: 200 len: 217 time: 0.0215902
2026-05-05 18:29:14.928 10 INFO neutron.wsgi [req-7c3eeee4-fc4d-4d9a-8f96-8e15d400367a req-ea04515c-7ce3-4004-8c5b-8ca9c5df4105 44e38bcf3e2e4be2ad10580fff5ac83f a6fe8d98f3094f7886a2a2f5b0885d05 - - 4bf83d4858b5484d8f5c80b2b7877723 4bf83d4858b5484d8f5c80b2b7877723] 199.19.213.140 "GET /v2.0/subnets?id=88ee2b77-a8af-4f47-8ce5-18b3d48c9898 HTTP/1.1" status: 200 len: 829 time: 0.0306218
2026-05-05 18:29:14.964 10 INFO neutron.wsgi [req-7c3eeee4-fc4d-4d9a-8f96-8e15d400367a req-468726ec-a1f5-4fe8-acc0-2624928843a4 44e38bcf3e2e4be2ad10580fff5ac83f a6fe8d98f3094f7886a2a2f5b0885d05 - - 4bf83d4858b5484d8f5c80b2b7877723 4bf83d4858b5484d8f5c80b2b7877723] 199.19.213.140 "GET /v2.0/ports?network_id=87ca7161-2ee6-4b0d-b79f-c3b0c13207e5&device_owner=network%3Adhcp HTTP/1.1" status: 200 len: 210 time: 0.0256543
2026-05-05 18:29:15.029 10 INFO neutron.wsgi [req-7c3eeee4-fc4d-4d9a-8f96-8e15d400367a req-3102128a-dcbc-4a8c-afae-354b74f55345 44e38bcf3e2e4be2ad10580fff5ac83f a6fe8d98f3094f7886a2a2f5b0885d05 - - 4bf83d4858b5484d8f5c80b2b7877723 4bf83d4858b5484d8f5c80b2b7877723] 199.19.213.140 "GET /v2.0/networks/87ca7161-2ee6-4b0d-b79f-c3b0c13207e5?fields=segments HTTP/1.1" status: 200 len: 212 time: 0.0579245
2026-05-05 18:29:15.097 10 INFO neutron.wsgi [req-7c3eeee4-fc4d-4d9a-8f96-8e15d400367a req-75f05edc-a957-4473-90f8-d8eec42884a8 44e38bcf3e2e4be2ad10580fff5ac83f a6fe8d98f3094f7886a2a2f5b0885d05 - - 4bf83d4858b5484d8f5c80b2b7877723 4bf83d4858b5484d8f5c80b2b7877723] 199.19.213.140 "GET /v2.0/networks/87ca7161-2ee6-4b0d-b79f-c3b0c13207e5?fields=provider%3Aphysical_network&fields=provider%3Anetwork_type HTTP/1.1" status: 200 len: 277 time: 0.0615335
2026-05-05 18:29:15.121 9 INFO neutron.db.ovn_revision_numbers_db [None req-b103b730-d569-46d7-8dc2-fbb433f44dcb 0b14b58a11c7450988da3dcd3a66c133 a43616b0c9c04e6c9b2f5c5139d50744 - - - -] Successfully bumped revision number for resource 0247b93c-0921-43f5-8f8c-d1d3562f2963 (type: ports) to 9
2026-05-05 18:29:15.135 9 INFO neutron.wsgi [None req-b103b730-d569-46d7-8dc2-fbb433f44dcb 0b14b58a11c7450988da3dcd3a66c133 a43616b0c9c04e6c9b2f5c5139d50744 - - - -] 199.19.213.140 "PUT /v2.0/ports/0247b93c-0921-43f5-8f8c-d1d3562f2963 HTTP/1.1" status: 200 len: 1290 time: 0.3781164 /var/lib/openstack/lib/python3.10/site-packages/pycadf/identifier.py:71: UserWarning: Invalid uuid: neutron. To ensure interoperability, identifiers should be a valid uuid. warnings.warn(('Invalid uuid: %s. To ensure interoperability, '
2026-05-05 18:29:15.188 9 INFO neutron.wsgi [None req-2206bc39-2d82-4231-b8f4-333deb61036b 0b14b58a11c7450988da3dcd3a66c133 a43616b0c9c04e6c9b2f5c5139d50744 - - default default] 199.19.213.140 "GET /v2.0/ports/0247b93c-0921-43f5-8f8c-d1d3562f2963 HTTP/1.1" status: 200 len: 1290 time: 0.0472291
2026-05-05 18:29:15.538 9 INFO neutron.wsgi [None req-728bc936-415c-49f3-9c5f-9817d6f1af86 0b14b58a11c7450988da3dcd3a66c133 a43616b0c9c04e6c9b2f5c5139d50744 - - - -] 199.19.213.140 "DELETE /v2.0/ports/0247b93c-0921-43f5-8f8c-d1d3562f2963 HTTP/1.1" status: 204 len: 173 time: 0.3434958
2026-05-05 18:29:15.587 9 INFO neutron.wsgi [None req-8360cedd-7f45-49ef-923d-0efdec02fe2e 0b14b58a11c7450988da3dcd3a66c133 a43616b0c9c04e6c9b2f5c5139d50744 - - default default] 199.19.213.140 "GET /v2.0/extensions/security-group HTTP/1.1" status: 200 len: 369 time: 0.0099618
2026-05-05 18:29:15.595 9 INFO neutron.wsgi [None req-0acd552d-1b16-40b9-b548-fa089b1fdbd1 0b14b58a11c7450988da3dcd3a66c133 a43616b0c9c04e6c9b2f5c5139d50744 - - default default] 199.19.213.140 "GET /v2.0/extensions/dns-integration HTTP/1.1" status: 200 len: 371 time: 0.0035768
2026-05-05 18:29:15.604 9 INFO neutron.wsgi [None req-0a1ebbb8-012d-4a6d-88fc-000465de6f1f 0b14b58a11c7450988da3dcd3a66c133 a43616b0c9c04e6c9b2f5c5139d50744 - - default default] 199.19.213.140 "GET /v2.0/extensions/qos HTTP/1.1" status: 200 len: 365 time: 0.0046310
2026-05-05 18:29:15.615 9 INFO neutron.wsgi [None req-e253c4aa-493a-4f82-8768-2361bf497bfa 0b14b58a11c7450988da3dcd3a66c133 a43616b0c9c04e6c9b2f5c5139d50744 - - default default] 199.19.213.140 "GET /v2.0/extensions/allowed-address-pairs HTTP/1.1" status: 200 len: 383 time: 0.0046496
2026-05-05 18:29:15.641 9 INFO neutron.pecan_wsgi.hooks.translation [None req-51609928-921d-4afc-af4f-e2524e13b249 0b14b58a11c7450988da3dcd3a66c133 a43616b0c9c04e6c9b2f5c5139d50744 - - - -] DELETE failed (client error): The resource could not be found.
2026-05-05 18:29:15.646 9 INFO neutron.wsgi [None req-51609928-921d-4afc-af4f-e2524e13b249 0b14b58a11c7450988da3dcd3a66c133 a43616b0c9c04e6c9b2f5c5139d50744 - - - -] 199.19.213.140 "DELETE /v2.0/ports/0247b93c-0921-43f5-8f8c-d1d3562f2963 HTTP/1.1" status: 404 len: 338 time: 0.0234675
2026-05-05 18:29:15.688 9 INFO neutron.wsgi [None req-4fd7e660-e160-414d-99f9-9742fcf03e4c 0b14b58a11c7450988da3dcd3a66c133 a43616b0c9c04e6c9b2f5c5139d50744 - - default default] 199.19.213.140 "GET /v2.0/ports/0c59cf2c-ae00-497b-b0cb-c83fd1542490 HTTP/1.1" status: 200 len: 1329 time: 0.0351555
2026-05-05 18:29:15.734 9 INFO neutron.wsgi [None req-4b8777d1-cdac-4d78-b8e0-36480ac2c23b 0b14b58a11c7450988da3dcd3a66c133 a43616b0c9c04e6c9b2f5c5139d50744 - - default default] 199.19.213.140 "GET /v2.0/security-groups?name=lb-016cb99e-9a3a-4ae4-8a30-2b031abb2857 HTTP/1.1" status: 200 len: 1775 time: 0.0381010
2026-05-05 18:29:15.773 9 INFO neutron.wsgi [None req-dfcac4e9-68d2-40ab-908e-c35913092237 0b14b58a11c7450988da3dcd3a66c133 a43616b0c9c04e6c9b2f5c5139d50744 - - default default] 199.19.213.140 "GET /v2.0/ports/0c59cf2c-ae00-497b-b0cb-c83fd1542490 HTTP/1.1" status: 200 len: 1329 time: 0.0319729
2026-05-05 18:29:16.121 9 INFO neutron.db.ovn_revision_numbers_db [None req-4c2c7461-d028-4d7c-a5fc-e372d2461388 0b14b58a11c7450988da3dcd3a66c133 a43616b0c9c04e6c9b2f5c5139d50744 - - - -] Successfully bumped revision number for resource 0c59cf2c-ae00-497b-b0cb-c83fd1542490 (type: ports) to 17
2026-05-05 18:29:16.135 9 INFO neutron.wsgi [None req-4c2c7461-d028-4d7c-a5fc-e372d2461388 0b14b58a11c7450988da3dcd3a66c133 a43616b0c9c04e6c9b2f5c5139d50744 - - - -] 199.19.213.140 "PUT /v2.0/ports/0c59cf2c-ae00-497b-b0cb-c83fd1542490 HTTP/1.1" status: 200 len: 1291 time: 0.3571334
2026-05-05 18:29:16.289 9 INFO neutron.wsgi [None req-28c7893a-83d2-472f-9dc1-bb4f42112a2e 0b14b58a11c7450988da3dcd3a66c133 a43616b0c9c04e6c9b2f5c5139d50744 - - - -] 199.19.213.140 "DELETE /v2.0/security-groups/b8bd4e24-d63d-4e4e-93f6-d507b38f21fa HTTP/1.1" status: 204 len: 173 time: 0.1470139
2026-05-05 18:29:16.349 10 INFO neutron.notifiers.nova [-] Nova event matching ['req-1e8e3c8f-f66a-4144-a231-b12bef6e6a96'] response: {'server_uuid': '5977b21c-3dbf-4a9a-8193-b174852bba3a', 'name': 'network-vif-plugged', 'status': 'completed', 'tag': '0247b93c-0921-43f5-8f8c-d1d3562f2963', 'code': 200}
2026-05-05 18:29:16.658 9 INFO neutron.wsgi [None req-55c07a72-d3c1-46b4-ba87-cc95fee95053 0b14b58a11c7450988da3dcd3a66c133 a43616b0c9c04e6c9b2f5c5139d50744 - - - -] 199.19.213.140 "DELETE /v2.0/ports/0c59cf2c-ae00-497b-b0cb-c83fd1542490 HTTP/1.1" status: 204 len: 173 time: 0.3613551
2026-05-05 18:29:16.940 10 INFO neutron.plugins.ml2.drivers.ovn.mech_driver.mech_driver [None req-c0162481-e94e-465b-9401-2cc8c42cf396 - - - - - -] OVN reports status down for port: efb4e094-e761-4677-aa05-0c0eeb68491b
2026-05-05 18:29:17.260 10 INFO neutron.wsgi [req-3aa9c4a9-6f6d-48db-ab91-afc3d84ab887 req-2778342f-6031-4084-967d-2d59125c1ee9 0b14b58a11c7450988da3dcd3a66c133 a43616b0c9c04e6c9b2f5c5139d50744 - - default default] 199.19.213.140 "GET /v2.0/ports?device_id=5977b21c-3dbf-4a9a-8193-b174852bba3a HTTP/1.1" status: 200 len: 1367 time: 0.0493391
2026-05-05 18:29:17.275 10 INFO neutron.db.ovn_revision_numbers_db [None req-c0162481-e94e-465b-9401-2cc8c42cf396 - - - - - -] Successfully bumped revision number for resource efb4e094-e761-4677-aa05-0c0eeb68491b (type: ports) to 5
2026-05-05 18:29:17.585 10 INFO neutron.wsgi [None req-7ea98483-7142-40fb-9a00-8e12520ba523 0b14b58a11c7450988da3dcd3a66c133 a43616b0c9c04e6c9b2f5c5139d50744 - - - -] 199.19.213.140 "DELETE /v2.0/ports/efb4e094-e761-4677-aa05-0c0eeb68491b HTTP/1.1" status: 204 len: 173 time: 0.3187866
2026-05-05 18:29:18.394 10 INFO neutron.notifiers.nova [-] Nova event matching ['req-4d30b681-7132-4cc6-bea4-a9463b06c353'] response: {'server_uuid': '5977b21c-3dbf-4a9a-8193-b174852bba3a', 'name': 'network-vif-unplugged', 'status': 'completed', 'tag': 'efb4e094-e761-4677-aa05-0c0eeb68491b', 'code': 200}
2026-05-05 18:29:18.394 10 INFO neutron.notifiers.nova [-] Nova event matching ['req-4d30b681-7132-4cc6-bea4-a9463b06c353'] response: {'server_uuid': '5977b21c-3dbf-4a9a-8193-b174852bba3a', 'name': 'network-vif-plugged', 'status': 'completed', 'tag': 'efb4e094-e761-4677-aa05-0c0eeb68491b', 'code': 200}
2026-05-05 18:29:18.395 10 INFO neutron.notifiers.nova [-] Nova event matching ['req-4d30b681-7132-4cc6-bea4-a9463b06c353'] response: {'server_uuid': '5977b21c-3dbf-4a9a-8193-b174852bba3a', 'name': 'network-vif-deleted', 'tag': 'efb4e094-e761-4677-aa05-0c0eeb68491b', 'status': 'completed', 'code': 200} /var/lib/openstack/lib/python3.10/site-packages/pycadf/identifier.py:71: UserWarning: Invalid uuid: neutron. To ensure interoperability, identifiers should be a valid uuid. warnings.warn(('Invalid uuid: %s. To ensure interoperability, '
2026-05-05 18:29:18.799 10 INFO neutron.db.l3_db [None req-bbf4962b-535e-439f-8add-f65e343ad7d8 b667cd28890846a5ad53998535d0e96c 3dd396b1b1df45a4ad462f0e3c096f59 - - - -] Floating IP 494ee426-c1a2-44dc-802c-0e1d2cc41ff2 disassociated (deleted). External IP: 10.96.250.206, port: fec1c209-838a-4901-b819-0253375d8f03.
2026-05-05 18:29:18.841 10 INFO neutron.wsgi [None req-bbf4962b-535e-439f-8add-f65e343ad7d8 b667cd28890846a5ad53998535d0e96c 3dd396b1b1df45a4ad462f0e3c096f59 - - - -] 10.0.0.159 "DELETE /v2.0/floatingips/494ee426-c1a2-44dc-802c-0e1d2cc41ff2 HTTP/1.1" status: 204 len: 168 time: 0.4230161
2026-05-05 18:29:18.873 10 INFO neutron.api.v2.resource [None req-c9f339f9-a024-4698-991f-9af13f5b8973 b667cd28890846a5ad53998535d0e96c 3dd396b1b1df45a4ad462f0e3c096f59 - - default default] show failed (client error): The resource could not be found.
2026-05-05 18:29:18.874 10 INFO neutron.wsgi [None req-c9f339f9-a024-4698-991f-9af13f5b8973 b667cd28890846a5ad53998535d0e96c 3dd396b1b1df45a4ad462f0e3c096f59 - - default default] 10.0.0.159 "GET /v2.0/floatingips/494ee426-c1a2-44dc-802c-0e1d2cc41ff2 HTTP/1.1" status: 404 len: 345 time: 0.0249186
2026-05-05 18:29:19.119 10 INFO neutron.wsgi [req-5be5fbec-77c5-48de-a213-25e224e8ecd6 req-a6473f54-e912-466d-8ea1-91099c40480f b667cd28890846a5ad53998535d0e96c 3dd396b1b1df45a4ad462f0e3c096f59 - - default default] 10.0.0.191 "GET /v2.0/ports?device_id=27c1c9fa-c82b-4b92-9030-38b2659b5d94 HTTP/1.1" status: 200 len: 1404 time: 0.0905838
2026-05-05 18:29:19.160 10 INFO neutron.wsgi [req-5be5fbec-77c5-48de-a213-25e224e8ecd6 req-88397449-69d6-48dd-8c61-db3dbebd21a7 b667cd28890846a5ad53998535d0e96c 3dd396b1b1df45a4ad462f0e3c096f59 - - default default] 10.0.0.191 "GET /v2.0/security-groups?id=2246ef8d-459a-4f9f-9db0-e1f08da785e8&fields=id&fields=name HTTP/1.1" status: 200 len: 310 time: 0.0327177
2026-05-05 18:29:19.269 10 INFO neutron.plugins.ml2.drivers.ovn.mech_driver.mech_driver [None req-c0162481-e94e-465b-9401-2cc8c42cf396 - - - - - -] OVN reports status down for port: fec1c209-838a-4901-b819-0253375d8f03
2026-05-05 18:29:19.544 10 INFO neutron.db.ovn_revision_numbers_db [None req-c0162481-e94e-465b-9401-2cc8c42cf396 - - - - - -] Successfully bumped revision number for resource fec1c209-838a-4901-b819-0253375d8f03 (type: ports) to 5
2026-05-05 18:29:19.598 10 INFO neutron.wsgi [req-37db1416-201b-4214-b7fd-36f3156b39c6 req-16e1fa82-13bb-49dd-8254-cd9073ff605e b667cd28890846a5ad53998535d0e96c 3dd396b1b1df45a4ad462f0e3c096f59 - - default default] 199.19.213.140 "GET /v2.0/ports?device_id=27c1c9fa-c82b-4b92-9030-38b2659b5d94 HTTP/1.1" status: 200 len: 1402 time: 0.0521736
2026-05-05 18:29:20.206 10 INFO neutron.wsgi [None req-c0a4bdf0-841a-440a-b72d-ed954e94e158 b667cd28890846a5ad53998535d0e96c 3dd396b1b1df45a4ad462f0e3c096f59 - - - -] 199.19.213.140 "DELETE /v2.0/ports/fec1c209-838a-4901-b819-0253375d8f03 HTTP/1.1" status: 204 len: 173 time: 0.6018515
2026-05-05 18:29:20.442 10 INFO neutron.notifiers.nova [-] Nova event matching ['req-ebf08fb7-dcac-43e1-9ce1-6d4aafb62505'] response: {'name': 'network-changed', 'server_uuid': '27c1c9fa-c82b-4b92-9030-38b2659b5d94', 'tag': 'fec1c209-838a-4901-b819-0253375d8f03', 'status': 'completed', 'code': 200}
2026-05-05 18:29:20.442 10 INFO neutron.notifiers.nova [-] Nova event matching ['req-ebf08fb7-dcac-43e1-9ce1-6d4aafb62505'] response: {'server_uuid': '27c1c9fa-c82b-4b92-9030-38b2659b5d94', 'name': 'network-vif-unplugged', 'status': 'completed', 'tag': 'fec1c209-838a-4901-b819-0253375d8f03', 'code': 200}
2026-05-05 18:29:20.443 10 INFO neutron.notifiers.nova [-] Nova event matching ['req-ebf08fb7-dcac-43e1-9ce1-6d4aafb62505'] response: {'server_uuid': '27c1c9fa-c82b-4b92-9030-38b2659b5d94', 'name': 'network-vif-plugged', 'status': 'completed', 'tag': 'fec1c209-838a-4901-b819-0253375d8f03', 'code': 200}
2026-05-05 18:29:20.443 10 INFO neutron.notifiers.nova [-] Nova event matching ['req-ebf08fb7-dcac-43e1-9ce1-6d4aafb62505'] response: {'server_uuid': '27c1c9fa-c82b-4b92-9030-38b2659b5d94', 'name': 'network-vif-deleted', 'tag': 'fec1c209-838a-4901-b819-0253375d8f03', 'status': 'completed', 'code': 200} /var/lib/openstack/lib/python3.10/site-packages/pycadf/identifier.py:71: UserWarning: Invalid uuid: neutron. To ensure interoperability, identifiers should be a valid uuid. warnings.warn(('Invalid uuid: %s. To ensure interoperability, '
2026-05-05 18:29:20.498 10 INFO neutron.wsgi [req-cc52a30d-230d-409b-b4d8-2fac456615ed req-787c2bbd-cf65-4eea-a319-40739ec37b75 44e38bcf3e2e4be2ad10580fff5ac83f a6fe8d98f3094f7886a2a2f5b0885d05 - - 4bf83d4858b5484d8f5c80b2b7877723 4bf83d4858b5484d8f5c80b2b7877723] 199.19.213.140 "GET /v2.0/ports?tenant_id=3dd396b1b1df45a4ad462f0e3c096f59&device_id=27c1c9fa-c82b-4b92-9030-38b2659b5d94 HTTP/1.1" status: 200 len: 210 time: 0.0363626
2026-05-05 18:29:20.604 10 INFO neutron.wsgi [req-cc52a30d-230d-409b-b4d8-2fac456615ed req-ca13ae6d-c58d-4541-b800-859bdecbf584 44e38bcf3e2e4be2ad10580fff5ac83f a6fe8d98f3094f7886a2a2f5b0885d05 - - 4bf83d4858b5484d8f5c80b2b7877723 4bf83d4858b5484d8f5c80b2b7877723] 199.19.213.140 "GET /v2.0/networks?tenant_id=3dd396b1b1df45a4ad462f0e3c096f59&shared=False HTTP/1.1" status: 200 len: 2584 time: 0.1016307
