2026-05-05 18:25:16.556 9 INFO neutron.api.v2.resource [None req-2b92aa59-0d92-4b93-8b9a-87d9de86d73c 98c7ba88888d4013ba8df50b7eda27eb a021de9fadb142e7b0e4af84b7a881e5 - - - -] delete failed (client error): The resource could not be found.
2026-05-05 18:25:16.559 9 INFO neutron.wsgi [None req-2b92aa59-0d92-4b93-8b9a-87d9de86d73c 98c7ba88888d4013ba8df50b7eda27eb a021de9fadb142e7b0e4af84b7a881e5 - - - -] 10.0.0.159 "DELETE /v2.0/floatingips/471b16a5-41bd-4b85-ab69-c1e2cec02407/tags/green HTTP/1.1" status: 404 len: 299 time: 0.0499530
2026-05-05 18:25:16.576 10 INFO neutron.notifiers.nova [-] Nova event matching ['req-38cce0ab-359f-4931-ac8d-55bdf432957d'] response: {'name': 'network-changed', 'server_uuid': '4cd80996-c02e-4d52-8d3e-5cb7cbd42eaa', 'tag': '1c793d7c-db80-4865-a21a-2a868b54f98e', 'status': 'completed', 'code': 200}
2026-05-05 18:25:16.619 10 INFO neutron.wsgi [req-b8f58757-6ac8-4d20-a10b-5145b3ef876a req-5a65ece2-b929-4f2b-9bd3-5f7bb14eca8c 44e38bcf3e2e4be2ad10580fff5ac83f a6fe8d98f3094f7886a2a2f5b0885d05 - - 4bf83d4858b5484d8f5c80b2b7877723 4bf83d4858b5484d8f5c80b2b7877723] 199.19.213.140 "GET /v2.0/ports?tenant_id=5f76298269894f008c69fe0eedb4f974&device_id=4cd80996-c02e-4d52-8d3e-5cb7cbd42eaa HTTP/1.1" status: 200 len: 1398 time: 0.0410218
2026-05-05 18:25:16.634 9 INFO neutron.wsgi [None req-c89c4ebe-8a54-461c-a0b9-2e98aa4498be 98c7ba88888d4013ba8df50b7eda27eb a021de9fadb142e7b0e4af84b7a881e5 - - - -] 10.0.0.159 "DELETE /v2.0/floatingips/471b16a5-41bd-4b85-ab69-c1e2cec02407/tags HTTP/1.1" status: 204 len: 168 time: 0.0637026
2026-05-05 18:25:16.661 10 INFO neutron.wsgi [req-b8f58757-6ac8-4d20-a10b-5145b3ef876a req-835f9be3-ca87-446f-8c94-e7f193bf51ee 44e38bcf3e2e4be2ad10580fff5ac83f a6fe8d98f3094f7886a2a2f5b0885d05 - - 4bf83d4858b5484d8f5c80b2b7877723 4bf83d4858b5484d8f5c80b2b7877723] 199.19.213.140 "GET /v2.0/floatingips?fixed_ip_address=10.100.0.7&port_id=1c793d7c-db80-4865-a21a-2a868b54f98e HTTP/1.1" status: 200 len: 217 time: 0.0324957
2026-05-05 18:25:16.671 9 INFO neutron.wsgi [None req-2aa6209b-68a0-4f4b-95bb-f14873ccf9a3 98c7ba88888d4013ba8df50b7eda27eb a021de9fadb142e7b0e4af84b7a881e5 - - default default] 10.0.0.159 "GET /v2.0/floatingips/471b16a5-41bd-4b85-ab69-c1e2cec02407/tags HTTP/1.1" status: 200 len: 205 time: 0.0310848
2026-05-05 18:25:16.718 10 INFO neutron.wsgi [req-b8f58757-6ac8-4d20-a10b-5145b3ef876a req-552e1eb6-755a-451c-b149-de80f717b8ef 44e38bcf3e2e4be2ad10580fff5ac83f a6fe8d98f3094f7886a2a2f5b0885d05 - - 4bf83d4858b5484d8f5c80b2b7877723 4bf83d4858b5484d8f5c80b2b7877723] 199.19.213.140 "GET /v2.0/subnets?id=90b47726-deca-4dbf-8653-f1e43d80fc73 HTTP/1.1" status: 200 len: 866 time: 0.0504670
2026-05-05 18:25:16.756 10 INFO neutron.wsgi [req-b8f58757-6ac8-4d20-a10b-5145b3ef876a req-fdf12f4c-ef47-4e70-9cc5-e232ea92662f 44e38bcf3e2e4be2ad10580fff5ac83f a6fe8d98f3094f7886a2a2f5b0885d05 - - 4bf83d4858b5484d8f5c80b2b7877723 4bf83d4858b5484d8f5c80b2b7877723] 199.19.213.140 "GET /v2.0/ports?network_id=6ac4c6fd-df2b-420f-aaad-6e056463aa84&device_owner=network%3Adhcp HTTP/1.1" status: 200 len: 210 time: 0.0332165
2026-05-05 18:25:16.800 10 INFO neutron.wsgi [None req-02d4d1f8-73a5-4fef-98b8-bf0267dd5f1d 0b14b58a11c7450988da3dcd3a66c133 a43616b0c9c04e6c9b2f5c5139d50744 - - - -] 10.0.0.159 "DELETE /v2.0/security-groups/c977741f-e0a4-41ff-9d76-ce9b63521efa HTTP/1.1" status: 204 len: 168 time: 0.3760607
2026-05-05 18:25:16.843 10 INFO neutron.wsgi [req-b8f58757-6ac8-4d20-a10b-5145b3ef876a req-92fc0a99-7127-4df5-8cdd-4d62cbe87697 44e38bcf3e2e4be2ad10580fff5ac83f a6fe8d98f3094f7886a2a2f5b0885d05 - - 4bf83d4858b5484d8f5c80b2b7877723 4bf83d4858b5484d8f5c80b2b7877723] 199.19.213.140 "GET /v2.0/networks/6ac4c6fd-df2b-420f-aaad-6e056463aa84?fields=segments HTTP/1.1" status: 200 len: 212 time: 0.0796773
2026-05-05 18:25:17.146 9 INFO neutron.wsgi [None req-fc180df0-de4f-40d2-b9a4-69dbe784f039 98c7ba88888d4013ba8df50b7eda27eb a021de9fadb142e7b0e4af84b7a881e5 - - - -] 10.0.0.159 "DELETE /v2.0/floatingips/471b16a5-41bd-4b85-ab69-c1e2cec02407 HTTP/1.1" status: 204 len: 168 time: 0.4653840
2026-05-05 18:25:17.363 10 INFO neutron.wsgi [req-dc015c34-51a3-496f-8eca-112db2407c16 req-f59638e2-ffb9-4783-acd6-a164ffa3febf 87e2d62cf4aa4dfbba57ba71705bcede 5f76298269894f008c69fe0eedb4f974 - - default default] 10.0.0.191 "GET /v2.0/ports?device_id=4cd80996-c02e-4d52-8d3e-5cb7cbd42eaa HTTP/1.1" status: 200 len: 1208 time: 0.0440731
2026-05-05 18:25:17.364 10 INFO neutron.wsgi [req-b8f58757-6ac8-4d20-a10b-5145b3ef876a req-54d2624a-3073-423b-a27f-557df37c6c98 44e38bcf3e2e4be2ad10580fff5ac83f a6fe8d98f3094f7886a2a2f5b0885d05 - - 4bf83d4858b5484d8f5c80b2b7877723 4bf83d4858b5484d8f5c80b2b7877723] 199.19.213.140 "GET /v2.0/networks/6ac4c6fd-df2b-420f-aaad-6e056463aa84?fields=provider%3Aphysical_network&fields=provider%3Anetwork_type HTTP/1.1" status: 200 len: 277 time: 0.5152040
2026-05-05 18:25:17.442 10 INFO neutron.wsgi [req-dc015c34-51a3-496f-8eca-112db2407c16 req-4b5c32a2-40c0-4c7a-9927-807632cfe831 87e2d62cf4aa4dfbba57ba71705bcede 5f76298269894f008c69fe0eedb4f974 - - default default] 10.0.0.191 "GET /v2.0/security-groups?id=99a4ee2e-65c4-42e1-8ba5-bf169a9e3657&id=57a4fd82-bd6e-4977-a0be-aa3122444f7e&fields=id&fields=name HTTP/1.1" status: 200 len: 404 time: 0.0707521
2026-05-05 18:25:17.489 10 INFO neutron.wsgi [req-6adb7858-30c6-4f45-87ab-09170f754ae0 req-cfc1b03a-ede4-4a7b-a8d4-5b3dd28916d3 44e38bcf3e2e4be2ad10580fff5ac83f a6fe8d98f3094f7886a2a2f5b0885d05 - - 4bf83d4858b5484d8f5c80b2b7877723 4bf83d4858b5484d8f5c80b2b7877723] 199.19.213.140 "GET /v2.0/ports?tenant_id=5f76298269894f008c69fe0eedb4f974&device_id=4cd80996-c02e-4d52-8d3e-5cb7cbd42eaa HTTP/1.1" status: 200 len: 1398 time: 0.0592864
2026-05-05 18:25:17.560 10 INFO neutron.wsgi [req-6adb7858-30c6-4f45-87ab-09170f754ae0 req-3a7e0b7c-bc67-4eba-84b4-dd226f719e83 44e38bcf3e2e4be2ad10580fff5ac83f a6fe8d98f3094f7886a2a2f5b0885d05 - - 4bf83d4858b5484d8f5c80b2b7877723 4bf83d4858b5484d8f5c80b2b7877723] 199.19.213.140 "GET /v2.0/networks?id=6ac4c6fd-df2b-420f-aaad-6e056463aa84 HTTP/1.1" status: 200 len: 971 time: 0.0651443
2026-05-05 18:25:17.612 10 INFO neutron.wsgi [req-6adb7858-30c6-4f45-87ab-09170f754ae0 req-d2ab3d32-cfa7-4aa9-8c44-7b2e9d692bd8 44e38bcf3e2e4be2ad10580fff5ac83f a6fe8d98f3094f7886a2a2f5b0885d05 - - 4bf83d4858b5484d8f5c80b2b7877723 4bf83d4858b5484d8f5c80b2b7877723] 199.19.213.140 "GET /v2.0/floatingips?fixed_ip_address=10.100.0.7&port_id=1c793d7c-db80-4865-a21a-2a868b54f98e HTTP/1.1" status: 200 len: 217 time: 0.0447526
2026-05-05 18:25:17.652 10 INFO neutron.wsgi [req-bd3ed4f5-817a-45a4-875c-4f3931b1cf8e req-294ee0ae-988e-4556-864f-6feba1e7419a 44e38bcf3e2e4be2ad10580fff5ac83f a6fe8d98f3094f7886a2a2f5b0885d05 - - 4bf83d4858b5484d8f5c80b2b7877723 4bf83d4858b5484d8f5c80b2b7877723] 199.19.213.140 "GET /v2.0/ports?device_id=4cd80996-c02e-4d52-8d3e-5cb7cbd42eaa HTTP/1.1" status: 200 len: 1398 time: 0.0666521
2026-05-05 18:25:17.677 10 INFO neutron.wsgi [req-6adb7858-30c6-4f45-87ab-09170f754ae0 req-ff8d933b-9a6a-44e3-861a-16de720640f8 44e38bcf3e2e4be2ad10580fff5ac83f a6fe8d98f3094f7886a2a2f5b0885d05 - - 4bf83d4858b5484d8f5c80b2b7877723 4bf83d4858b5484d8f5c80b2b7877723] 199.19.213.140 "GET /v2.0/subnets?id=90b47726-deca-4dbf-8653-f1e43d80fc73 HTTP/1.1" status: 200 len: 866 time: 0.0493238
2026-05-05 18:25:17.719 10 INFO neutron.wsgi [req-6adb7858-30c6-4f45-87ab-09170f754ae0 req-f8499067-b4f9-40bb-93a8-ba2904f52761 44e38bcf3e2e4be2ad10580fff5ac83f a6fe8d98f3094f7886a2a2f5b0885d05 - - 4bf83d4858b5484d8f5c80b2b7877723 4bf83d4858b5484d8f5c80b2b7877723] 199.19.213.140 "GET /v2.0/ports?network_id=6ac4c6fd-df2b-420f-aaad-6e056463aa84&device_owner=network%3Adhcp HTTP/1.1" status: 200 len: 210 time: 0.0329173
2026-05-05 18:25:17.738 10 INFO neutron.wsgi [req-bd3ed4f5-817a-45a4-875c-4f3931b1cf8e req-c5d7857c-5b50-4c0f-8a82-ce389da2239c 44e38bcf3e2e4be2ad10580fff5ac83f a6fe8d98f3094f7886a2a2f5b0885d05 - - 4bf83d4858b5484d8f5c80b2b7877723 4bf83d4858b5484d8f5c80b2b7877723] 199.19.213.140 "GET /v2.0/security-groups?id=99a4ee2e-65c4-42e1-8ba5-bf169a9e3657&id=57a4fd82-bd6e-4977-a0be-aa3122444f7e&fields=id&fields=name HTTP/1.1" status: 200 len: 404 time: 0.0779679
2026-05-05 18:25:17.788 10 INFO neutron.wsgi [req-6adb7858-30c6-4f45-87ab-09170f754ae0 req-131f6eed-9fa7-4207-a14b-2d984516f531 44e38bcf3e2e4be2ad10580fff5ac83f a6fe8d98f3094f7886a2a2f5b0885d05 - - 4bf83d4858b5484d8f5c80b2b7877723 4bf83d4858b5484d8f5c80b2b7877723] 199.19.213.140 "GET /v2.0/networks/6ac4c6fd-df2b-420f-aaad-6e056463aa84?fields=segments HTTP/1.1" status: 200 len: 212 time: 0.0603547
2026-05-05 18:25:17.864 10 INFO neutron.plugins.ml2.drivers.ovn.mech_driver.mech_driver [None req-c0162481-e94e-465b-9401-2cc8c42cf396 - - - - - -] OVN reports status up for port: 1c793d7c-db80-4865-a21a-2a868b54f98e
2026-05-05 18:25:17.884 10 INFO neutron.plugins.ml2.plugin [None req-c0162481-e94e-465b-9401-2cc8c42cf396 - - - - - -] Attempt 1 to provision port 1c793d7c-db80-4865-a21a-2a868b54f98e
2026-05-05 18:25:17.893 10 INFO neutron.wsgi [req-6adb7858-30c6-4f45-87ab-09170f754ae0 req-51624407-3521-4adc-b4f4-f35e0b304a41 44e38bcf3e2e4be2ad10580fff5ac83f a6fe8d98f3094f7886a2a2f5b0885d05 - - 4bf83d4858b5484d8f5c80b2b7877723 4bf83d4858b5484d8f5c80b2b7877723] 199.19.213.140 "GET /v2.0/networks/6ac4c6fd-df2b-420f-aaad-6e056463aa84?fields=provider%3Aphysical_network&fields=provider%3Anetwork_type HTTP/1.1" status: 200 len: 277 time: 0.0941908
2026-05-05 18:25:18.151 10 INFO neutron.db.ovn_revision_numbers_db [None req-c0162481-e94e-465b-9401-2cc8c42cf396 - - - - - -] Successfully bumped revision number for resource 1c793d7c-db80-4865-a21a-2a868b54f98e (type: ports) to 4 /var/lib/openstack/lib/python3.10/site-packages/pycadf/identifier.py:71: UserWarning: Invalid uuid: neutron. To ensure interoperability, identifiers should be a valid uuid. warnings.warn(('Invalid uuid: %s. To ensure interoperability, '
2026-05-05 18:25:18.393 10 INFO neutron.db.ovn_revision_numbers_db [None req-68215612-dcc8-4720-aeac-f0a29dd1cfbf 0b14b58a11c7450988da3dcd3a66c133 a43616b0c9c04e6c9b2f5c5139d50744 - - default default] Successfully bumped revision number for resource bacbe8ab-c6a8-4f75-9622-52633425d303 (type: security_groups) to 1
2026-05-05 18:25:18.422 10 INFO neutron.wsgi [None req-68215612-dcc8-4720-aeac-f0a29dd1cfbf 0b14b58a11c7450988da3dcd3a66c133 a43616b0c9c04e6c9b2f5c5139d50744 - - default default] 10.0.0.159 "GET /v2.0/security-groups?tenant_id=a021de9fadb142e7b0e4af84b7a881e5&name=default HTTP/1.1" status: 200 len: 2996 time: 0.3365097
2026-05-05 18:25:18.619 10 INFO neutron.notifiers.nova [-] Nova event matching ['req-41cb5666-cc6b-42a8-9e3a-b51939e5c421'] response: {'server_uuid': '4cd80996-c02e-4d52-8d3e-5cb7cbd42eaa', 'name': 'network-vif-plugged', 'status': 'completed', 'tag': '1c793d7c-db80-4865-a21a-2a868b54f98e', 'code': 200}
2026-05-05 18:25:18.620 10 INFO neutron.notifiers.nova [-] Nova event matching ['req-41cb5666-cc6b-42a8-9e3a-b51939e5c421'] response: {'server_uuid': '4cd80996-c02e-4d52-8d3e-5cb7cbd42eaa', 'name': 'network-vif-plugged', 'status': 'completed', 'tag': '1c793d7c-db80-4865-a21a-2a868b54f98e', 'code': 200}
2026-05-05 18:25:18.641 10 INFO neutron.wsgi [req-0cf5b0ef-97de-41da-97a9-28b0477c0421 req-393dfe74-cd57-40cb-aa5e-ab4b07055f70 87e2d62cf4aa4dfbba57ba71705bcede 5f76298269894f008c69fe0eedb4f974 - - default default] 10.0.0.191 "GET /v2.0/ports?device_id=4cd80996-c02e-4d52-8d3e-5cb7cbd42eaa HTTP/1.1" status: 200 len: 1210 time: 0.1001904
2026-05-05 18:25:18.678 10 INFO neutron.wsgi [None req-95b9c0c0-3e2d-4832-a7df-2c3915387efa 0b14b58a11c7450988da3dcd3a66c133 a43616b0c9c04e6c9b2f5c5139d50744 - - - -] 10.0.0.159 "DELETE /v2.0/security-groups/bacbe8ab-c6a8-4f75-9622-52633425d303 HTTP/1.1" status: 204 len: 168 time: 0.2490890
2026-05-05 18:25:18.705 10 INFO neutron.wsgi [req-0cf5b0ef-97de-41da-97a9-28b0477c0421 req-c2dc4c1d-8f66-4aaa-96e0-0166a7656599 87e2d62cf4aa4dfbba57ba71705bcede 5f76298269894f008c69fe0eedb4f974 - - default default] 10.0.0.191 "GET /v2.0/security-groups?id=99a4ee2e-65c4-42e1-8ba5-bf169a9e3657&id=57a4fd82-bd6e-4977-a0be-aa3122444f7e&fields=id&fields=name HTTP/1.1" status: 200 len: 404 time: 0.0530033
2026-05-05 18:25:18.735 10 INFO neutron.wsgi [-] 10.0.0.159 "GET / HTTP/1.1" status: 200 len: 279 time: 0.0020101
2026-05-05 18:25:18.905 9 INFO neutron.wsgi [None req-b3153372-a73a-42cc-8cb2-4fc7ef40c90f 741e614d8ef04fd3bd4e6b2782a084a0 0d8577f29d73450c86046b31d80aef69 - - default default] 10.0.0.159 "GET /v2.0/ HTTP/1.1" status: 200 len: 826 time: 0.1617405
2026-05-05 18:25:18.969 10 INFO neutron.db.ovn_revision_numbers_db [None req-ab2b7c91-eac9-4bde-851a-9f347b2aab01 0b14b58a11c7450988da3dcd3a66c133 a43616b0c9c04e6c9b2f5c5139d50744 - - default default] Successfully bumped revision number for resource 15fd5953-1307-47d5-a2b6-c384b217b0e9 (type: security_groups) to 1
2026-05-05 18:25:18.992 10 INFO neutron.wsgi [None req-ab2b7c91-eac9-4bde-851a-9f347b2aab01 0b14b58a11c7450988da3dcd3a66c133 a43616b0c9c04e6c9b2f5c5139d50744 - - default default] 10.0.0.159 "GET /v2.0/security-groups?tenant_id=a170d43b18254bcc83fe73000bd95725&name=default HTTP/1.1" status: 200 len: 2996 time: 0.1482787
2026-05-05 18:25:19.065 9 INFO neutron.wsgi [req-18c8b637-9ced-403c-b413-9f02f0952ae3 req-5e3d18e9-b8fb-47d0-8693-99f03e258014 44e38bcf3e2e4be2ad10580fff5ac83f a6fe8d98f3094f7886a2a2f5b0885d05 - - 4bf83d4858b5484d8f5c80b2b7877723 4bf83d4858b5484d8f5c80b2b7877723] 10.0.0.87 "GET /v2.0/ports?device_id=5612afa9-c7d6-4dd7-b760-da9bf5836376 HTTP/1.1" status: 200 len: 1365 time: 0.0375938
2026-05-05 18:25:19.103 9 INFO neutron.wsgi [req-18c8b637-9ced-403c-b413-9f02f0952ae3 req-e66080f8-aa4e-4709-b0a9-8ae2bc957e83 44e38bcf3e2e4be2ad10580fff5ac83f a6fe8d98f3094f7886a2a2f5b0885d05 - - 4bf83d4858b5484d8f5c80b2b7877723 4bf83d4858b5484d8f5c80b2b7877723] 10.0.0.87 "GET /v2.0/security-groups?id=f9e641e2-4463-41ff-b4e6-cf45ebf173d0&fields=id&fields=name HTTP/1.1" status: 200 len: 313 time: 0.0281529
2026-05-05 18:25:19.217 10 INFO neutron.wsgi [None req-ef6f0c94-abcd-4989-b0c6-d3fe5963430d 0b14b58a11c7450988da3dcd3a66c133 a43616b0c9c04e6c9b2f5c5139d50744 - - - -] 10.0.0.159 "DELETE /v2.0/security-groups/15fd5953-1307-47d5-a2b6-c384b217b0e9 HTTP/1.1" status: 204 len: 168 time: 0.2166104
2026-05-05 18:25:19.742 10 INFO neutron.db.ovn_revision_numbers_db [None req-7ec4cc46-e42d-4c5b-96ee-0a5d4a756e6a 0b14b58a11c7450988da3dcd3a66c133 a43616b0c9c04e6c9b2f5c5139d50744 - - default default] Successfully bumped revision number for resource 30d1d147-06bc-465e-9af9-35fb9e826017 (type: security_groups) to 1
2026-05-05 18:25:19.770 10 INFO neutron.wsgi [None req-7ec4cc46-e42d-4c5b-96ee-0a5d4a756e6a 0b14b58a11c7450988da3dcd3a66c133 a43616b0c9c04e6c9b2f5c5139d50744 - - default default] 10.0.0.159 "GET /v2.0/security-groups?tenant_id=0d8577f29d73450c86046b31d80aef69&name=default HTTP/1.1" status: 200 len: 2996 time: 0.2823796
2026-05-05 18:25:19.841 10 INFO neutron.wsgi [req-df647c62-7699-40d0-ad9a-0d0791d645b2 req-d345e0ac-d514-4830-8426-8ad56afd01e1 87e2d62cf4aa4dfbba57ba71705bcede 5f76298269894f008c69fe0eedb4f974 - - default default] 10.0.0.191 "GET /v2.0/ports?device_id=4cd80996-c02e-4d52-8d3e-5cb7cbd42eaa HTTP/1.1" status: 200 len: 1210 time: 0.0458412
2026-05-05 18:25:19.895 10 INFO neutron.wsgi [req-df647c62-7699-40d0-ad9a-0d0791d645b2 req-31b338b6-1f61-4245-afc0-926b96899b3e 87e2d62cf4aa4dfbba57ba71705bcede 5f76298269894f008c69fe0eedb4f974 - - default default] 10.0.0.191 "GET /v2.0/security-groups?id=99a4ee2e-65c4-42e1-8ba5-bf169a9e3657&id=57a4fd82-bd6e-4977-a0be-aa3122444f7e&fields=id&fields=name HTTP/1.1" status: 200 len: 404 time: 0.0474699
2026-05-05 18:25:20.025 10 INFO neutron.wsgi [req-59086102-88b4-4b33-9714-4fc6d95d43b9 req-93cc92da-6b41-4183-bf2b-8066fb965019 87e2d62cf4aa4dfbba57ba71705bcede 5f76298269894f008c69fe0eedb4f974 - - default default] 10.0.0.191 "GET /v2.0/ports?device_id=4cd80996-c02e-4d52-8d3e-5cb7cbd42eaa HTTP/1.1" status: 200 len: 1210 time: 0.0630891
2026-05-05 18:25:20.130 9 INFO neutron.plugins.ml2.drivers.ovn.mech_driver.mech_driver [None req-f0a85cf2-73d7-417c-9093-4b05602f06eb - - - - - -] OVN reports status down for port: 30d6e5af-cd1f-4988-a522-c21dc93cb65c
2026-05-05 18:25:20.156 10 INFO neutron.wsgi [None req-a1634aa9-869e-4a9d-b110-a1cd11953e48 0b14b58a11c7450988da3dcd3a66c133 a43616b0c9c04e6c9b2f5c5139d50744 - - - -] 10.0.0.159 "DELETE /v2.0/security-groups/30d1d147-06bc-465e-9af9-35fb9e826017 HTTP/1.1" status: 204 len: 168 time: 0.3786027
2026-05-05 18:25:20.255 10 INFO neutron.wsgi [req-ba728cf9-7f95-4278-970f-cd909e1c4a2f req-3ef4f7cc-2ecd-4d2d-b060-a3c98ccd3a0d f3a2bbdf4d924bcea118735f3fc6e240 84103cfa650f407ea23b7ad8680cc4a6 - - default default] 10.0.0.191 "GET /v2.0/ports?device_id=5612afa9-c7d6-4dd7-b760-da9bf5836376 HTTP/1.1" status: 200 len: 1174 time: 0.1906383
2026-05-05 18:25:20.299 9 INFO neutron.notifiers.nova [-] Nova event matching ['req-3880ec83-6e75-401a-a09d-cd051924d649'] response: {'server_uuid': '5612afa9-c7d6-4dd7-b760-da9bf5836376', 'name': 'network-vif-unplugged', 'status': 'completed', 'tag': '30d6e5af-cd1f-4988-a522-c21dc93cb65c', 'code': 200}
2026-05-05 18:25:20.336 10 INFO neutron.wsgi [req-ba728cf9-7f95-4278-970f-cd909e1c4a2f req-b5237d37-bd9f-4ec2-885d-e72fc2187d76 f3a2bbdf4d924bcea118735f3fc6e240 84103cfa650f407ea23b7ad8680cc4a6 - - default default] 10.0.0.191 "GET /v2.0/security-groups?id=f9e641e2-4463-41ff-b4e6-cf45ebf173d0&fields=id&fields=name HTTP/1.1" status: 200 len: 313 time: 0.0544667
2026-05-05 18:25:20.384 10 INFO neutron.db.l3_db [None req-3ce7bb67-c62d-464c-a3ed-0a2d3e56a778 87e2d62cf4aa4dfbba57ba71705bcede 5f76298269894f008c69fe0eedb4f974 - - - -] Floating IP 528534bb-d4c6-493b-a661-0dd35e7210fb associated. External IP: 10.96.250.204, port: 1c793d7c-db80-4865-a21a-2a868b54f98e.
2026-05-05 18:25:20.447 10 INFO neutron.wsgi [req-f2436639-8485-46cc-9231-81f0668d8623 req-0eb5ab03-b2e3-4292-a309-8e436db8ff3c f3a2bbdf4d924bcea118735f3fc6e240 84103cfa650f407ea23b7ad8680cc4a6 - - default default] 199.19.213.140 "GET /v2.0/ports?device_id=5612afa9-c7d6-4dd7-b760-da9bf5836376 HTTP/1.1" status: 200 len: 1172 time: 0.0387475
2026-05-05 18:25:20.474 9 INFO neutron.db.ovn_revision_numbers_db [None req-f0a85cf2-73d7-417c-9093-4b05602f06eb - - - - - -] Successfully bumped revision number for resource 30d6e5af-cd1f-4988-a522-c21dc93cb65c (type: ports) to 5
2026-05-05 18:25:20.652 10 INFO neutron.db.ovn_revision_numbers_db [None req-3ce7bb67-c62d-464c-a3ed-0a2d3e56a778 87e2d62cf4aa4dfbba57ba71705bcede 5f76298269894f008c69fe0eedb4f974 - - - -] Successfully bumped revision number for resource 528534bb-d4c6-493b-a661-0dd35e7210fb (type: floatingips) to 1
2026-05-05 18:25:20.841 10 INFO neutron.db.ovn_revision_numbers_db [None req-3ce7bb67-c62d-464c-a3ed-0a2d3e56a778 87e2d62cf4aa4dfbba57ba71705bcede 5f76298269894f008c69fe0eedb4f974 - - - -] Successfully bumped revision number for resource 528534bb-d4c6-493b-a661-0dd35e7210fb (type: floatingips) to 2
2026-05-05 18:25:20.881 10 INFO neutron.wsgi [None req-3ce7bb67-c62d-464c-a3ed-0a2d3e56a778 87e2d62cf4aa4dfbba57ba71705bcede 5f76298269894f008c69fe0eedb4f974 - - - -] 10.0.0.159 "PUT /v2.0/floatingips/528534bb-d4c6-493b-a661-0dd35e7210fb HTTP/1.1" status: 200 len: 1049 time: 0.8421669
2026-05-05 18:25:20.917 10 INFO neutron.db.l3_db [None req-1ab0b6fd-6fda-4980-93e3-df63e744cd49 f3a2bbdf4d924bcea118735f3fc6e240 84103cfa650f407ea23b7ad8680cc4a6 - - - -] Floating IP 86425d95-5dce-457c-9c74-c08b43e0fb82 disassociated. External IP: 10.96.250.210, port: 30d6e5af-cd1f-4988-a522-c21dc93cb65c.
2026-05-05 18:25:20.959 10 INFO neutron.notifiers.nova [-] Nova event matching ['req-f04c25e8-077c-4fb7-aec8-370961505fd7'] response: {'name': 'network-changed', 'server_uuid': '4cd80996-c02e-4d52-8d3e-5cb7cbd42eaa', 'tag': '1c793d7c-db80-4865-a21a-2a868b54f98e', 'status': 'completed', 'code': 200} /var/lib/openstack/lib/python3.10/site-packages/pycadf/identifier.py:71: UserWarning: Invalid uuid: neutron. To ensure interoperability, identifiers should be a valid uuid. warnings.warn(('Invalid uuid: %s. To ensure interoperability, '
2026-05-05 18:25:21.029 10 INFO neutron.wsgi [req-c38f82cd-1518-414c-a871-f94e7777d7ec req-17656634-a8ac-4135-aab1-4f61a2f24ad6 44e38bcf3e2e4be2ad10580fff5ac83f a6fe8d98f3094f7886a2a2f5b0885d05 - - 4bf83d4858b5484d8f5c80b2b7877723 4bf83d4858b5484d8f5c80b2b7877723] 199.19.213.140 "GET /v2.0/ports?tenant_id=5f76298269894f008c69fe0eedb4f974&device_id=4cd80996-c02e-4d52-8d3e-5cb7cbd42eaa HTTP/1.1" status: 200 len: 1400 time: 0.0482428
2026-05-05 18:25:21.110 10 INFO neutron.wsgi [req-c38f82cd-1518-414c-a871-f94e7777d7ec req-83426fa1-2563-4251-84a2-6f7792df7299 44e38bcf3e2e4be2ad10580fff5ac83f a6fe8d98f3094f7886a2a2f5b0885d05 - - 4bf83d4858b5484d8f5c80b2b7877723 4bf83d4858b5484d8f5c80b2b7877723] 199.19.213.140 "GET /v2.0/networks?id=6ac4c6fd-df2b-420f-aaad-6e056463aa84 HTTP/1.1" status: 200 len: 971 time: 0.0659881
2026-05-05 18:25:21.163 10 INFO neutron.wsgi [req-c38f82cd-1518-414c-a871-f94e7777d7ec req-7473ea9f-357f-481c-a8e4-3103a079fa5a 44e38bcf3e2e4be2ad10580fff5ac83f a6fe8d98f3094f7886a2a2f5b0885d05 - - 4bf83d4858b5484d8f5c80b2b7877723 4bf83d4858b5484d8f5c80b2b7877723] 199.19.213.140 "GET /v2.0/floatingips?fixed_ip_address=10.100.0.7&port_id=1c793d7c-db80-4865-a21a-2a868b54f98e HTTP/1.1" status: 200 len: 1059 time: 0.0442367
2026-05-05 18:25:21.207 10 INFO neutron.wsgi [req-c38f82cd-1518-414c-a871-f94e7777d7ec req-9b945db0-1003-476a-96f3-88ff559f2d80 44e38bcf3e2e4be2ad10580fff5ac83f a6fe8d98f3094f7886a2a2f5b0885d05 - - 4bf83d4858b5484d8f5c80b2b7877723 4bf83d4858b5484d8f5c80b2b7877723] 199.19.213.140 "GET /v2.0/subnets?id=90b47726-deca-4dbf-8653-f1e43d80fc73 HTTP/1.1" status: 200 len: 866 time: 0.0370109
2026-05-05 18:25:21.240 10 INFO neutron.wsgi [req-c38f82cd-1518-414c-a871-f94e7777d7ec req-f2b47d15-35f8-4c46-9494-dd06f308806f 44e38bcf3e2e4be2ad10580fff5ac83f a6fe8d98f3094f7886a2a2f5b0885d05 - - 4bf83d4858b5484d8f5c80b2b7877723 4bf83d4858b5484d8f5c80b2b7877723] 199.19.213.140 "GET /v2.0/ports?network_id=6ac4c6fd-df2b-420f-aaad-6e056463aa84&device_owner=network%3Adhcp HTTP/1.1" status: 200 len: 210 time: 0.0252323
2026-05-05 18:25:21.327 10 INFO neutron.wsgi [req-c38f82cd-1518-414c-a871-f94e7777d7ec req-45d01d1f-a533-440a-a3f2-86008d454137 44e38bcf3e2e4be2ad10580fff5ac83f a6fe8d98f3094f7886a2a2f5b0885d05 - - 4bf83d4858b5484d8f5c80b2b7877723 4bf83d4858b5484d8f5c80b2b7877723] 199.19.213.140 "GET /v2.0/networks/6ac4c6fd-df2b-420f-aaad-6e056463aa84?fields=segments HTTP/1.1" status: 200 len: 212 time: 0.0779696
2026-05-05 18:25:21.356 10 INFO neutron.wsgi [None req-1ab0b6fd-6fda-4980-93e3-df63e744cd49 f3a2bbdf4d924bcea118735f3fc6e240 84103cfa650f407ea23b7ad8680cc4a6 - - - -] 199.19.213.140 "DELETE /v2.0/ports/30d6e5af-cd1f-4988-a522-c21dc93cb65c HTTP/1.1" status: 204 len: 173 time: 0.9010525
2026-05-05 18:25:21.433 10 INFO neutron.wsgi [req-c38f82cd-1518-414c-a871-f94e7777d7ec req-43842567-a250-4a59-92cf-475151c5e72e 44e38bcf3e2e4be2ad10580fff5ac83f a6fe8d98f3094f7886a2a2f5b0885d05 - - 4bf83d4858b5484d8f5c80b2b7877723 4bf83d4858b5484d8f5c80b2b7877723] 199.19.213.140 "GET /v2.0/networks/6ac4c6fd-df2b-420f-aaad-6e056463aa84?fields=provider%3Aphysical_network&fields=provider%3Anetwork_type HTTP/1.1" status: 200 len: 277 time: 0.0980234
2026-05-05 18:25:21.466 10 INFO neutron.wsgi [req-fa5b074f-f833-484f-b311-3809af36d256 req-cabe89cd-b4f6-499a-bd7e-eff8300042f0 f3a2bbdf4d924bcea118735f3fc6e240 84103cfa650f407ea23b7ad8680cc4a6 - - default default] 10.0.0.191 "GET /v2.0/ports?device_id=5612afa9-c7d6-4dd7-b760-da9bf5836376 HTTP/1.1" status: 200 len: 210 time: 0.0306742
2026-05-05 18:25:22.349 9 INFO neutron.notifiers.nova [-] Nova event matching ['req-f40528da-4f42-4f68-b2b7-325cfedf40c4'] response: {'server_uuid': '5612afa9-c7d6-4dd7-b760-da9bf5836376', 'name': 'network-vif-plugged', 'status': 'completed', 'tag': '30d6e5af-cd1f-4988-a522-c21dc93cb65c', 'code': 200}
2026-05-05 18:25:22.800 10 INFO neutron.wsgi [None req-c6088028-abcd-442e-8efe-bdaacc310fde f3a2bbdf4d924bcea118735f3fc6e240 84103cfa650f407ea23b7ad8680cc4a6 - - - -] 10.0.0.159 "DELETE /v2.0/security-groups/f9e641e2-4463-41ff-b4e6-cf45ebf173d0 HTTP/1.1" status: 204 len: 168 time: 0.2685733 /var/lib/openstack/lib/python3.10/site-packages/pycadf/identifier.py:71: UserWarning: Invalid uuid: neutron. To ensure interoperability, identifiers should be a valid uuid. warnings.warn(('Invalid uuid: %s. To ensure interoperability, '
2026-05-05 18:25:23.006 10 INFO neutron.notifiers.nova [-] Nova event matching ['req-8f117f89-d298-4e4e-9563-39d43c86b206'] response: {'server_uuid': '5612afa9-c7d6-4dd7-b760-da9bf5836376', 'name': 'network-vif-deleted', 'tag': '30d6e5af-cd1f-4988-a522-c21dc93cb65c', 'status': 'completed', 'code': 200}
2026-05-05 18:25:23.409 9 INFO neutron.db.ovn_revision_numbers_db [None req-9c388fbf-f740-485f-950f-12a3575ddb8c 8e64baaab8274fa9a0943a80e446d54e edde778152e84486a103abd8ed4cf100 - - - -] Successfully bumped revision number for resource 6d3c322d-187e-4ab4-a983-fd337ae39706 (type: security_groups) to 1
2026-05-05 18:25:23.501 9 INFO neutron.db.segments_db [None req-9c388fbf-f740-485f-950f-12a3575ddb8c 8e64baaab8274fa9a0943a80e446d54e edde778152e84486a103abd8ed4cf100 - - - -] Added segment 8b798613-2adb-4ef7-ac63-946cb22543ac of type geneve for network 8ce0dd09-03a5-4347-88a8-d6a80cc731ec
2026-05-05 18:25:23.555 10 INFO neutron.wsgi [None req-5aabc1e1-8ef1-4986-be6f-bc7b5f1867ca f3a2bbdf4d924bcea118735f3fc6e240 84103cfa650f407ea23b7ad8680cc4a6 - - - -] 10.0.0.159 "DELETE /v2.0/floatingips/86425d95-5dce-457c-9c74-c08b43e0fb82 HTTP/1.1" status: 204 len: 168 time: 0.6158454
2026-05-05 18:25:23.839 9 INFO neutron.db.ovn_revision_numbers_db [None req-9c388fbf-f740-485f-950f-12a3575ddb8c 8e64baaab8274fa9a0943a80e446d54e edde778152e84486a103abd8ed4cf100 - - - -] Successfully bumped revision number for resource 8ce0dd09-03a5-4347-88a8-d6a80cc731ec (type: networks) to 1
2026-05-05 18:25:24.253 10 INFO neutron.plugins.ml2.drivers.ovn.mech_driver.mech_driver [None req-c0162481-e94e-465b-9401-2cc8c42cf396 - - - - - -] OVN reports status down for port: 93d209b3-aff7-4199-82bc-a8a8b396ea2b
2026-05-05 18:25:24.280 10 INFO neutron.wsgi [req-b7faa0f7-3e65-4501-b802-609f7a856c19 req-3e42ce5a-eed1-46ae-b67a-70daf987bba2 f3a2bbdf4d924bcea118735f3fc6e240 84103cfa650f407ea23b7ad8680cc4a6 - - default default] 10.0.0.191 "GET /v2.0/ports?device_id=33a4e5b4-d03e-4397-9169-0fa9208e581e HTTP/1.1" status: 200 len: 1170 time: 0.0838406
2026-05-05 18:25:24.314 9 WARNING neutron.scheduler.dhcp_agent_scheduler [None req-9c388fbf-f740-485f-950f-12a3575ddb8c 8e64baaab8274fa9a0943a80e446d54e edde778152e84486a103abd8ed4cf100 - - - -] No more DHCP agents
2026-05-05 18:25:24.317 9 WARNING neutron.api.rpc.agentnotifiers.dhcp_rpc_agent_api [None req-9c388fbf-f740-485f-950f-12a3575ddb8c 8e64baaab8274fa9a0943a80e446d54e edde778152e84486a103abd8ed4cf100 - - - -] Unable to schedule network 8ce0dd09-03a5-4347-88a8-d6a80cc731ec: no agents available; will retry on subsequent port and subnet creation events.
2026-05-05 18:25:24.342 10 INFO neutron.wsgi [req-b7faa0f7-3e65-4501-b802-609f7a856c19 req-c3464e3a-4c71-4e86-9f23-2da0aca75c38 f3a2bbdf4d924bcea118735f3fc6e240 84103cfa650f407ea23b7ad8680cc4a6 - - default default] 10.0.0.191 "GET /v2.0/security-groups?id=03345780-3800-4e31-81cb-d4c13afe7eed&fields=id&fields=name HTTP/1.1" status: 200 len: 312 time: 0.0419147
2026-05-05 18:25:24.691 9 INFO neutron.db.ovn_revision_numbers_db [None req-9c388fbf-f740-485f-950f-12a3575ddb8c 8e64baaab8274fa9a0943a80e446d54e edde778152e84486a103abd8ed4cf100 - - - -] Successfully bumped revision number for resource 26ecfe5c-6c85-44da-8e8c-3ebcf2f0d988 (type: ports) to 1
2026-05-05 18:25:24.930 9 INFO neutron.wsgi [None req-9c388fbf-f740-485f-950f-12a3575ddb8c 8e64baaab8274fa9a0943a80e446d54e edde778152e84486a103abd8ed4cf100 - - - -] 10.0.0.159 "POST /v2.0/networks HTTP/1.1" status: 201 len: 830 time: 2.0816066
2026-05-05 18:25:25.005 10 INFO neutron.wsgi [req-46844310-fe43-4710-9a10-e529d5bca663 req-381c9c8a-df57-4aea-9046-48356b587cdf f3a2bbdf4d924bcea118735f3fc6e240 84103cfa650f407ea23b7ad8680cc4a6 - - default default] 199.19.213.140 "GET /v2.0/ports?device_id=33a4e5b4-d03e-4397-9169-0fa9208e581e HTTP/1.1" status: 200 len: 1168 time: 0.0494940
2026-05-05 18:25:25.059 10 INFO neutron.notifiers.nova [-] Nova event matching ['req-f054d385-2521-4c17-b35c-6686c48e1661'] response: {'server_uuid': '33a4e5b4-d03e-4397-9169-0fa9208e581e', 'name': 'network-vif-unplugged', 'status': 'completed', 'tag': '93d209b3-aff7-4199-82bc-a8a8b396ea2b', 'code': 200}
2026-05-05 18:25:25.067 10 INFO neutron.wsgi [-] 10.0.0.183 "GET / HTTP/1.1" status: 200 len: 247 time: 0.0014765
2026-05-05 18:25:25.068 9 INFO neutron.wsgi [-] 10.0.0.183 "GET / HTTP/1.1" status: 200 len: 247 time: 0.0023987
2026-05-05 18:25:25.456 9 WARNING neutron.scheduler.dhcp_agent_scheduler [None req-e0706ec0-b6dd-403f-943f-215cc79114c6 8e64baaab8274fa9a0943a80e446d54e edde778152e84486a103abd8ed4cf100 - - - -] No more DHCP agents
2026-05-05 18:25:25.457 9 WARNING neutron.api.rpc.agentnotifiers.dhcp_rpc_agent_api [None req-e0706ec0-b6dd-403f-943f-215cc79114c6 8e64baaab8274fa9a0943a80e446d54e edde778152e84486a103abd8ed4cf100 - - - -] Unable to schedule network 8ce0dd09-03a5-4347-88a8-d6a80cc731ec: no agents available; will retry on subsequent port and subnet creation events.
2026-05-05 18:25:25.579 9 INFO neutron.db.ovn_revision_numbers_db [None req-e0706ec0-b6dd-403f-943f-215cc79114c6 8e64baaab8274fa9a0943a80e446d54e edde778152e84486a103abd8ed4cf100 - - - -] Successfully bumped revision number for resource b48a6eb3-9da9-422f-961e-0545bd34371c (type: ports) to 1
2026-05-05 18:25:25.626 9 INFO neutron.wsgi [None req-e0706ec0-b6dd-403f-943f-215cc79114c6 8e64baaab8274fa9a0943a80e446d54e edde778152e84486a103abd8ed4cf100 - - - -] 10.0.0.159 "POST /v2.0/ports HTTP/1.1" status: 201 len: 942 time: 0.6890247 /var/lib/openstack/lib/python3.10/site-packages/pycadf/identifier.py:71: UserWarning: Invalid uuid: neutron. To ensure interoperability, identifiers should be a valid uuid. warnings.warn(('Invalid uuid: %s. To ensure interoperability, '
2026-05-05 18:25:25.701 10 INFO neutron.wsgi [req-2baf018d-5c5f-4cfb-97af-ae3812eb58f8 req-5131c329-19b0-43b8-afb7-ed44941b5c28 f3a2bbdf4d924bcea118735f3fc6e240 84103cfa650f407ea23b7ad8680cc4a6 - - default default] 10.0.0.191 "GET /v2.0/ports?device_id=33a4e5b4-d03e-4397-9169-0fa9208e581e HTTP/1.1" status: 200 len: 1168 time: 0.1785409
2026-05-05 18:25:25.702 10 INFO neutron.db.ovn_revision_numbers_db [None req-c0162481-e94e-465b-9401-2cc8c42cf396 - - - - - -] Successfully bumped revision number for resource 93d209b3-aff7-4199-82bc-a8a8b396ea2b (type: ports) to 5
2026-05-05 18:25:25.719 9 INFO neutron.wsgi [None req-ac70a9b7-b950-4dbb-8070-cb638ef4fa18 8e64baaab8274fa9a0943a80e446d54e edde778152e84486a103abd8ed4cf100 - - - -] 10.0.0.159 "PUT /v2.0/ports/b48a6eb3-9da9-422f-961e-0545bd34371c/tags HTTP/1.1" status: 200 len: 218 time: 0.0832460
2026-05-05 18:25:25.760 9 INFO neutron.wsgi [None req-32227615-8ced-487e-83a8-6ae47b1284f7 8e64baaab8274fa9a0943a80e446d54e edde778152e84486a103abd8ed4cf100 - - default default] 10.0.0.159 "GET /v2.0/ports/b48a6eb3-9da9-422f-961e-0545bd34371c/tags HTTP/1.1" status: 200 len: 218 time: 0.0350623
2026-05-05 18:25:25.799 10 INFO neutron.wsgi [req-2baf018d-5c5f-4cfb-97af-ae3812eb58f8 req-4ef294ab-209d-4dd2-b508-6335b1f1e0ea f3a2bbdf4d924bcea118735f3fc6e240 84103cfa650f407ea23b7ad8680cc4a6 - - default default] 10.0.0.191 "GET /v2.0/security-groups?id=03345780-3800-4e31-81cb-d4c13afe7eed&fields=id&fields=name HTTP/1.1" status: 200 len: 312 time: 0.0895729
2026-05-05 18:25:25.893 9 INFO neutron.wsgi [None req-8275d970-8a80-4320-8a76-f4dabe2b35e0 8e64baaab8274fa9a0943a80e446d54e edde778152e84486a103abd8ed4cf100 - - - -] 10.0.0.159 "PUT /v2.0/ports/b48a6eb3-9da9-422f-961e-0545bd34371c/tags/green HTTP/1.1" status: 201 len: 201 time: 0.1271055 /var/lib/openstack/lib/python3.10/site-packages/pycadf/identifier.py:71: UserWarning: Invalid uuid: neutron. To ensure interoperability, identifiers should be a valid uuid. warnings.warn(('Invalid uuid: %s. To ensure interoperability, '
2026-05-05 18:25:25.949 10 INFO neutron.wsgi [None req-72b1bd3f-d51c-4645-bdcf-a94058b54575 8e64baaab8274fa9a0943a80e446d54e edde778152e84486a103abd8ed4cf100 - - default default] 10.0.0.159 "GET /v2.0/ports/b48a6eb3-9da9-422f-961e-0545bd34371c/tags HTTP/1.1" status: 200 len: 227 time: 0.0499947
2026-05-05 18:25:25.983 10 INFO neutron.wsgi [None req-4afc1640-b91c-4eba-b3b8-9dfae401868b 8e64baaab8274fa9a0943a80e446d54e edde778152e84486a103abd8ed4cf100 - - - -] 10.0.0.159 "PUT /v2.0/ports/b48a6eb3-9da9-422f-961e-0545bd34371c/tags/red HTTP/1.1" status: 201 len: 201 time: 0.0280921
2026-05-05 18:25:25.988 10 INFO neutron.wsgi [None req-da0f2f60-b70e-46b9-b1e1-f42e0fff84b1 f3a2bbdf4d924bcea118735f3fc6e240 84103cfa650f407ea23b7ad8680cc4a6 - - - -] 199.19.213.140 "DELETE /v2.0/ports/93d209b3-aff7-4199-82bc-a8a8b396ea2b HTTP/1.1" status: 204 len: 173 time: 0.9746492
2026-05-05 18:25:26.022 9 INFO neutron.wsgi [None req-bf89adbc-fcb0-4934-8495-877dbbf1aa04 8e64baaab8274fa9a0943a80e446d54e edde778152e84486a103abd8ed4cf100 - - default default] 10.0.0.159 "GET /v2.0/ports/b48a6eb3-9da9-422f-961e-0545bd34371c/tags HTTP/1.1" status: 200 len: 227 time: 0.0328615
2026-05-05 18:25:26.101 10 INFO neutron.wsgi [None req-ed681721-647c-4492-8476-287af592e1db 8e64baaab8274fa9a0943a80e446d54e edde778152e84486a103abd8ed4cf100 - - - -] 10.0.0.159 "PUT /v2.0/ports/b48a6eb3-9da9-422f-961e-0545bd34371c/tags/black.or.white HTTP/1.1" status: 201 len: 201 time: 0.0731182
2026-05-05 18:25:26.139 10 INFO neutron.wsgi [None req-b929dd61-07d1-4784-a03f-811057591bad 8e64baaab8274fa9a0943a80e446d54e edde778152e84486a103abd8ed4cf100 - - default default] 10.0.0.159 "GET /v2.0/ports/b48a6eb3-9da9-422f-961e-0545bd34371c/tags HTTP/1.1" status: 200 len: 245 time: 0.0295837
2026-05-05 18:25:26.247 10 INFO neutron.wsgi [None req-c93837d3-3024-4998-8aa7-c63328068e1a 8e64baaab8274fa9a0943a80e446d54e edde778152e84486a103abd8ed4cf100 - - - -] 10.0.0.159 "PUT /v2.0/ports/b48a6eb3-9da9-422f-961e-0545bd34371c/tags HTTP/1.1" status: 200 len: 230 time: 0.1019049
2026-05-05 18:25:26.285 10 INFO neutron.wsgi [None req-c05cb127-7561-441f-b7fd-8bd5b7f79ec7 8e64baaab8274fa9a0943a80e446d54e edde778152e84486a103abd8ed4cf100 - - default default] 10.0.0.159 "GET /v2.0/ports/b48a6eb3-9da9-422f-961e-0545bd34371c/tags HTTP/1.1" status: 200 len: 230 time: 0.0329757
2026-05-05 18:25:26.327 9 INFO neutron.wsgi [None req-50ce31e4-7b6d-44ca-83b9-5be133742502 8e64baaab8274fa9a0943a80e446d54e edde778152e84486a103abd8ed4cf100 - - default default] 10.0.0.159 "GET /v2.0/ports/b48a6eb3-9da9-422f-961e-0545bd34371c/tags/red HTTP/1.1" status: 204 len: 168 time: 0.0349071
2026-05-05 18:25:26.379 9 INFO neutron.api.v2.resource [None req-087a60cb-356e-4b12-93a2-14ad5dacdf9f 8e64baaab8274fa9a0943a80e446d54e edde778152e84486a103abd8ed4cf100 - - default default] show failed (client error): The resource could not be found.
2026-05-05 18:25:26.381 9 INFO neutron.wsgi [None req-087a60cb-356e-4b12-93a2-14ad5dacdf9f 8e64baaab8274fa9a0943a80e446d54e edde778152e84486a103abd8ed4cf100 - - default default] 10.0.0.159 "GET /v2.0/ports/b48a6eb3-9da9-422f-961e-0545bd34371c/tags/green HTTP/1.1" status: 404 len: 299 time: 0.0496283
2026-05-05 18:25:26.449 10 INFO neutron.wsgi [None req-ed377697-5ed0-4d65-8346-e8d57c104c0a 8e64baaab8274fa9a0943a80e446d54e edde778152e84486a103abd8ed4cf100 - - - -] 10.0.0.159 "DELETE /v2.0/ports/b48a6eb3-9da9-422f-961e-0545bd34371c/tags/red HTTP/1.1" status: 204 len: 168 time: 0.0617199
2026-05-05 18:25:26.480 10 INFO neutron.wsgi [None req-a34b7a23-b62e-4ce2-b7bd-e9793725031b 8e64baaab8274fa9a0943a80e446d54e edde778152e84486a103abd8ed4cf100 - - default default] 10.0.0.159 "GET /v2.0/ports/b48a6eb3-9da9-422f-961e-0545bd34371c/tags HTTP/1.1" status: 200 len: 223 time: 0.0267687
2026-05-05 18:25:26.525 10 INFO neutron.api.v2.resource [None req-9d417b99-09f3-4a36-9b32-bfdc53ec07b5 8e64baaab8274fa9a0943a80e446d54e edde778152e84486a103abd8ed4cf100 - - - -] delete failed (client error): The resource could not be found.
2026-05-05 18:25:26.527 10 INFO neutron.wsgi [None req-9d417b99-09f3-4a36-9b32-bfdc53ec07b5 8e64baaab8274fa9a0943a80e446d54e edde778152e84486a103abd8ed4cf100 - - - -] 10.0.0.159 "DELETE /v2.0/ports/b48a6eb3-9da9-422f-961e-0545bd34371c/tags/green HTTP/1.1" status: 404 len: 299 time: 0.0407660
2026-05-05 18:25:26.617 10 INFO neutron.wsgi [None req-3d5de33d-0f48-43a5-9bf4-56bbbec5cbc4 8e64baaab8274fa9a0943a80e446d54e edde778152e84486a103abd8ed4cf100 - - - -] 10.0.0.159 "DELETE /v2.0/ports/b48a6eb3-9da9-422f-961e-0545bd34371c/tags HTTP/1.1" status: 204 len: 168 time: 0.0832648
2026-05-05 18:25:26.667 10 INFO neutron.wsgi [None req-a8cb4676-ba2a-49f1-a56b-14236480f900 8e64baaab8274fa9a0943a80e446d54e edde778152e84486a103abd8ed4cf100 - - default default] 10.0.0.159 "GET /v2.0/ports/b48a6eb3-9da9-422f-961e-0545bd34371c/tags HTTP/1.1" status: 200 len: 205 time: 0.0394537
2026-05-05 18:25:27.100 10 INFO neutron.notifiers.nova [-] Nova event matching ['req-22421de2-c5f0-4ddf-a9d5-8a988591c73e'] response: {'server_uuid': '33a4e5b4-d03e-4397-9169-0fa9208e581e', 'name': 'network-vif-plugged', 'status': 'completed', 'tag': '93d209b3-aff7-4199-82bc-a8a8b396ea2b', 'code': 200}
2026-05-05 18:25:27.101 10 INFO neutron.notifiers.nova [-] Nova event matching ['req-22421de2-c5f0-4ddf-a9d5-8a988591c73e'] response: {'server_uuid': '33a4e5b4-d03e-4397-9169-0fa9208e581e', 'name': 'network-vif-deleted', 'tag': '93d209b3-aff7-4199-82bc-a8a8b396ea2b', 'status': 'completed', 'code': 200}
2026-05-05 18:25:27.248 10 INFO neutron.wsgi [None req-108edf30-1d6d-4e5b-b3b9-cd05fc02ac59 8e64baaab8274fa9a0943a80e446d54e edde778152e84486a103abd8ed4cf100 - - - -] 10.0.0.159 "DELETE /v2.0/ports/b48a6eb3-9da9-422f-961e-0545bd34371c HTTP/1.1" status: 204 len: 168 time: 0.5737493
2026-05-05 18:25:27.265 9 INFO neutron.wsgi [None req-46391ef6-7d21-4c4d-877d-e12fddc21eff f3a2bbdf4d924bcea118735f3fc6e240 84103cfa650f407ea23b7ad8680cc4a6 - - - -] 10.0.0.159 "DELETE /v2.0/security-groups/03345780-3800-4e31-81cb-d4c13afe7eed HTTP/1.1" status: 204 len: 168 time: 0.3738370
2026-05-05 18:25:27.845 10 INFO neutron.services.segments.plugin [-] Segment 8b798613-2adb-4ef7-ac63-946cb22543ac resource provider aggregate not found
2026-05-05 18:25:27.850 10 INFO neutron.services.segments.plugin [-] Segment 8b798613-2adb-4ef7-ac63-946cb22543ac resource provider aggregate not found
2026-05-05 18:25:27.875 10 INFO neutron.services.segments.plugin [-] Segment 8b798613-2adb-4ef7-ac63-946cb22543ac resource provider not found; error: Placement Client Error (4xx): {"errors": [{"status": 404, "title": "Not Found", "detail": "The resource could not be found.\n\n No resource provider with uuid 8b798613-2adb-4ef7-ac63-946cb22543ac found for delete ", "request_id": "req-cfb0d653-09d3-40ff-9f7b-0066fb4736b8"}]}
2026-05-05 18:25:27.891 10 INFO neutron.services.segments.plugin [-] Segment 8b798613-2adb-4ef7-ac63-946cb22543ac resource provider not found; error: Placement Client Error (4xx): {"errors": [{"status": 404, "title": "Not Found", "detail": "The resource could not be found.\n\n No resource provider with uuid 8b798613-2adb-4ef7-ac63-946cb22543ac found for delete ", "request_id": "req-b834f486-7046-46bd-b63a-6d7b4d2ad07c"}]}
2026-05-05 18:25:28.238 10 INFO neutron.wsgi [None req-c43b0864-216c-4b89-b9ae-600686054b15 8e64baaab8274fa9a0943a80e446d54e edde778152e84486a103abd8ed4cf100 - - - -] 10.0.0.159 "DELETE /v2.0/networks/8ce0dd09-03a5-4347-88a8-d6a80cc731ec HTTP/1.1" status: 204 len: 168 time: 0.9857428
2026-05-05 18:25:28.730 10 INFO neutron.wsgi [None req-65a1e41f-2f5e-4d5f-88ad-d0ea311b0564 f3a2bbdf4d924bcea118735f3fc6e240 84103cfa650f407ea23b7ad8680cc4a6 - - - -] 10.0.0.159 "PUT /v2.0/routers/8338a60f-0580-46b4-9be5-e02535f12f54/remove_router_interface HTTP/1.1" status: 200 len: 503 time: 1.3360271 /var/lib/openstack/lib/python3.10/site-packages/pycadf/identifier.py:71: UserWarning: Invalid uuid: neutron. To ensure interoperability, identifiers should be a valid uuid. warnings.warn(('Invalid uuid: %s. To ensure interoperability, '
2026-05-05 18:25:29.166 10 INFO neutron.wsgi [None req-205d4376-764e-456b-8e8e-23a3195b631d f3a2bbdf4d924bcea118735f3fc6e240 84103cfa650f407ea23b7ad8680cc4a6 - - - -] 10.0.0.159 "DELETE /v2.0/subnets/82225c4b-c06e-48c2-be7e-1dfba873fcd0 HTTP/1.1" status: 204 len: 168 time: 0.4313195
2026-05-05 18:25:29.867 9 INFO neutron.db.ovn_revision_numbers_db [None req-a10e0cb7-7fe3-4c87-80a1-4c52a344fb9c 0b14b58a11c7450988da3dcd3a66c133 a43616b0c9c04e6c9b2f5c5139d50744 - - default default] Successfully bumped revision number for resource c3034427-84aa-4eba-be9e-c6826f056edd (type: security_groups) to 1
2026-05-05 18:25:29.892 9 INFO neutron.wsgi [None req-a10e0cb7-7fe3-4c87-80a1-4c52a344fb9c 0b14b58a11c7450988da3dcd3a66c133 a43616b0c9c04e6c9b2f5c5139d50744 - - default default] 10.0.0.159 "GET /v2.0/security-groups?tenant_id=f101b913d1734e0087fd9e14c7ba6590&name=default HTTP/1.1" status: 200 len: 2996 time: 0.4138989
2026-05-05 18:25:30.267 10 INFO neutron.wsgi [None req-76e4dafa-c7ed-448d-b730-4a971e16bc6f f3a2bbdf4d924bcea118735f3fc6e240 84103cfa650f407ea23b7ad8680cc4a6 - - - -] 10.0.0.159 "DELETE /v2.0/routers/8338a60f-0580-46b4-9be5-e02535f12f54 HTTP/1.1" status: 204 len: 168 time: 1.0943618
2026-05-05 18:25:30.291 9 INFO neutron.wsgi [None req-e235313c-b27c-405e-9a22-a39c6f7c3d4b 0b14b58a11c7450988da3dcd3a66c133 a43616b0c9c04e6c9b2f5c5139d50744 - - - -] 10.0.0.159 "DELETE /v2.0/security-groups/c3034427-84aa-4eba-be9e-c6826f056edd HTTP/1.1" status: 204 len: 168 time: 0.3943582
2026-05-05 18:25:30.635 10 INFO neutron.wsgi [None req-9174e263-d17a-4c36-b84e-3e2bd0bb67d5 0b14b58a11c7450988da3dcd3a66c133 a43616b0c9c04e6c9b2f5c5139d50744 - - default default] 10.0.0.159 "GET /v2.0/security-groups?tenant_id=edde778152e84486a103abd8ed4cf100&name=default HTTP/1.1" status: 200 len: 2996 time: 0.0804207
2026-05-05 18:25:30.889 10 INFO neutron.services.segments.plugin [-] Segment 877b1e60-eb2a-4f5d-a243-72b8c5f19f2d resource provider aggregate not found
2026-05-05 18:25:30.909 10 INFO neutron.services.segments.plugin [-] Segment 877b1e60-eb2a-4f5d-a243-72b8c5f19f2d resource provider aggregate not found
2026-05-05 18:25:30.914 10 INFO neutron.services.segments.plugin [-] Segment 877b1e60-eb2a-4f5d-a243-72b8c5f19f2d resource provider not found; error: Placement Client Error (4xx): {"errors": [{"status": 404, "title": "Not Found", "detail": "The resource could not be found.\n\n No resource provider with uuid 877b1e60-eb2a-4f5d-a243-72b8c5f19f2d found for delete ", "request_id": "req-b718d44b-1f8c-4ec9-9569-a576956b1adf"}]}
2026-05-05 18:25:30.924 10 INFO neutron.services.segments.plugin [-] Segment 877b1e60-eb2a-4f5d-a243-72b8c5f19f2d resource provider not found; error: Placement Client Error (4xx): {"errors": [{"status": 404, "title": "Not Found", "detail": "The resource could not be found.\n\n No resource provider with uuid 877b1e60-eb2a-4f5d-a243-72b8c5f19f2d found for delete ", "request_id": "req-98c1e5db-6ba0-4f0a-91f2-d6c333965599"}]}
2026-05-05 18:25:31.096 9 INFO neutron.wsgi [None req-041e334b-9a28-4258-bf68-950f31838014 0b14b58a11c7450988da3dcd3a66c133 a43616b0c9c04e6c9b2f5c5139d50744 - - - -] 10.0.0.159 "DELETE /v2.0/security-groups/6d3c322d-187e-4ab4-a983-fd337ae39706 HTTP/1.1" status: 204 len: 168 time: 0.4559538
2026-05-05 18:25:31.102 10 INFO neutron.wsgi [None req-9ea86057-a03b-45e8-8d37-2ca67fee9ceb f3a2bbdf4d924bcea118735f3fc6e240 84103cfa650f407ea23b7ad8680cc4a6 - - - -] 10.0.0.159 "DELETE /v2.0/networks/457a9bf0-c575-4503-97d8-c215ac4251bc HTTP/1.1" status: 204 len: 168 time: 0.8303049
2026-05-05 18:25:32.299 10 INFO neutron.wsgi [None req-1b877410-5fc8-4d49-b5d8-33dc404ece4c 0b14b58a11c7450988da3dcd3a66c133 a43616b0c9c04e6c9b2f5c5139d50744 - - default default] 10.0.0.159 "GET /v2.0/security-groups?tenant_id=84103cfa650f407ea23b7ad8680cc4a6&name=default HTTP/1.1" status: 200 len: 2996 time: 0.1396933
2026-05-05 18:25:32.504 10 INFO neutron.wsgi [None req-fc596597-1946-431c-b19e-e69484859cb1 0b14b58a11c7450988da3dcd3a66c133 a43616b0c9c04e6c9b2f5c5139d50744 - - - -] 10.0.0.159 "DELETE /v2.0/security-groups/a2cb0e3f-5bd6-4975-babf-22d3cdd0d60d HTTP/1.1" status: 204 len: 168 time: 0.2006884
2026-05-05 18:25:32.791 9 INFO neutron.db.ovn_revision_numbers_db [None req-bcc79865-a5e5-4758-bf08-fbb030ed3967 0b14b58a11c7450988da3dcd3a66c133 a43616b0c9c04e6c9b2f5c5139d50744 - - default default] Successfully bumped revision number for resource 5ed29a11-5182-4976-900e-1e3243d7d2a6 (type: security_groups) to 1
2026-05-05 18:25:32.820 9 INFO neutron.wsgi [None req-bcc79865-a5e5-4758-bf08-fbb030ed3967 0b14b58a11c7450988da3dcd3a66c133 a43616b0c9c04e6c9b2f5c5139d50744 - - default default] 10.0.0.159 "GET /v2.0/security-groups?tenant_id=6cfd9de18d2549bd917d9c22c5c88451&name=default HTTP/1.1" status: 200 len: 2996 time: 0.1757402
2026-05-05 18:25:33.036 9 INFO neutron.wsgi [None req-25caebcf-79e7-4b14-8241-2a7584267444 0b14b58a11c7450988da3dcd3a66c133 a43616b0c9c04e6c9b2f5c5139d50744 - - - -] 10.0.0.159 "DELETE /v2.0/security-groups/5ed29a11-5182-4976-900e-1e3243d7d2a6 HTTP/1.1" status: 204 len: 168 time: 0.2083850
2026-05-05 18:25:35.039 9 INFO neutron.db.ovn_revision_numbers_db [None req-df08f9ed-6310-4dae-880f-687c7771cc57 08ffa8a499194149a25745454208fc2e 912c22a9fc6d421fbb30b0a7aff98731 - - - -] Successfully bumped revision number for resource b041bcfc-80ca-4245-ae4d-4d55badb4b58 (type: routers) to 1
2026-05-05 18:25:35.053 9 INFO neutron.wsgi [None req-df08f9ed-6310-4dae-880f-687c7771cc57 08ffa8a499194149a25745454208fc2e 912c22a9fc6d421fbb30b0a7aff98731 - - - -] 10.0.0.159 "POST /v2.0/routers HTTP/1.1" status: 201 len: 654 time: 0.4377275
2026-05-05 18:25:35.116 9 INFO neutron.wsgi [None req-e76591ce-ece7-4c38-89ea-8d43606e4387 08ffa8a499194149a25745454208fc2e 912c22a9fc6d421fbb30b0a7aff98731 - - - -] 10.0.0.159 "PUT /v2.0/routers/b041bcfc-80ca-4245-ae4d-4d55badb4b58/tags HTTP/1.1" status: 200 len: 218 time: 0.0539899
2026-05-05 18:25:35.172 9 INFO neutron.wsgi [None req-57715e05-d57a-4c48-bd0d-5a405f120c04 08ffa8a499194149a25745454208fc2e 912c22a9fc6d421fbb30b0a7aff98731 - - default default] 10.0.0.159 "GET /v2.0/routers/b041bcfc-80ca-4245-ae4d-4d55badb4b58/tags HTTP/1.1" status: 200 len: 218 time: 0.0496845
2026-05-05 18:25:35.234 9 INFO neutron.wsgi [None req-cda2809a-1985-4c52-86a6-4c5587166d17 08ffa8a499194149a25745454208fc2e 912c22a9fc6d421fbb30b0a7aff98731 - - - -] 10.0.0.159 "PUT /v2.0/routers/b041bcfc-80ca-4245-ae4d-4d55badb4b58/tags/green HTTP/1.1" status: 201 len: 201 time: 0.0556362
2026-05-05 18:25:35.315 9 INFO neutron.wsgi [None req-26948fe2-c7f8-4747-b5f7-9bf28858fa97 08ffa8a499194149a25745454208fc2e 912c22a9fc6d421fbb30b0a7aff98731 - - default default] 10.0.0.159 "GET /v2.0/routers/b041bcfc-80ca-4245-ae4d-4d55badb4b58/tags HTTP/1.1" status: 200 len: 227 time: 0.0757520
2026-05-05 18:25:35.377 9 INFO neutron.wsgi [None req-ac3af5a1-d289-4688-ac99-e2a6cdabd1b4 08ffa8a499194149a25745454208fc2e 912c22a9fc6d421fbb30b0a7aff98731 - - - -] 10.0.0.159 "PUT /v2.0/routers/b041bcfc-80ca-4245-ae4d-4d55badb4b58/tags/red HTTP/1.1" status: 201 len: 201 time: 0.0532463
2026-05-05 18:25:35.436 9 INFO neutron.wsgi [None req-41f6fb61-3fce-4057-aa15-f67b65bccd6f 08ffa8a499194149a25745454208fc2e 912c22a9fc6d421fbb30b0a7aff98731 - - default default] 10.0.0.159 "GET /v2.0/routers/b041bcfc-80ca-4245-ae4d-4d55badb4b58/tags HTTP/1.1" status: 200 len: 227 time: 0.0520542
2026-05-05 18:25:35.504 9 INFO neutron.wsgi [None req-20c43797-0a63-4a50-b01e-5a88e57529d6 08ffa8a499194149a25745454208fc2e 912c22a9fc6d421fbb30b0a7aff98731 - - - -] 10.0.0.159 "PUT /v2.0/routers/b041bcfc-80ca-4245-ae4d-4d55badb4b58/tags/black.or.white HTTP/1.1" status: 201 len: 201 time: 0.0630910
2026-05-05 18:25:36.038 9 INFO neutron.wsgi [None req-e2d7b1f4-f449-4bc8-8b39-5783e24da41c 08ffa8a499194149a25745454208fc2e 912c22a9fc6d421fbb30b0a7aff98731 - - default default] 10.0.0.159 "GET /v2.0/routers/b041bcfc-80ca-4245-ae4d-4d55badb4b58/tags HTTP/1.1" status: 200 len: 245 time: 0.5292342
2026-05-05 18:25:36.130 9 INFO neutron.wsgi [None req-fa6dbe4d-5d66-4e03-a7b2-be07da4870c8 08ffa8a499194149a25745454208fc2e 912c22a9fc6d421fbb30b0a7aff98731 - - - -] 10.0.0.159 "PUT /v2.0/routers/b041bcfc-80ca-4245-ae4d-4d55badb4b58/tags HTTP/1.1" status: 200 len: 230 time: 0.0850251
2026-05-05 18:25:36.193 9 INFO neutron.wsgi [None req-bc8946da-665a-4856-a725-4203ebd99185 08ffa8a499194149a25745454208fc2e 912c22a9fc6d421fbb30b0a7aff98731 - - default default] 10.0.0.159 "GET /v2.0/routers/b041bcfc-80ca-4245-ae4d-4d55badb4b58/tags HTTP/1.1" status: 200 len: 230 time: 0.0590870
2026-05-05 18:25:36.265 10 INFO neutron.wsgi [None req-7f675983-77c5-449e-b80d-7883a371049a 08ffa8a499194149a25745454208fc2e 912c22a9fc6d421fbb30b0a7aff98731 - - default default] 10.0.0.159 "GET /v2.0/routers/b041bcfc-80ca-4245-ae4d-4d55badb4b58/tags/red HTTP/1.1" status: 204 len: 168 time: 0.0542560
2026-05-05 18:25:36.330 10 INFO neutron.api.v2.resource [None req-993e52e6-52e6-4b82-a581-ec5a803084fe 08ffa8a499194149a25745454208fc2e 912c22a9fc6d421fbb30b0a7aff98731 - - default default] show failed (client error): The resource could not be found.
2026-05-05 18:25:36.332 10 INFO neutron.wsgi [None req-993e52e6-52e6-4b82-a581-ec5a803084fe 08ffa8a499194149a25745454208fc2e 912c22a9fc6d421fbb30b0a7aff98731 - - default default] 10.0.0.159 "GET /v2.0/routers/b041bcfc-80ca-4245-ae4d-4d55badb4b58/tags/green HTTP/1.1" status: 404 len: 299 time: 0.0611706
2026-05-05 18:25:36.961 10 INFO neutron.wsgi [None req-aae23b6f-82b0-4b90-b552-f589a0244414 08ffa8a499194149a25745454208fc2e 912c22a9fc6d421fbb30b0a7aff98731 - - - -] 10.0.0.159 "DELETE /v2.0/routers/b041bcfc-80ca-4245-ae4d-4d55badb4b58/tags/red HTTP/1.1" status: 204 len: 168 time: 0.6243682
