2026-05-05 18:25:37.034 10 INFO neutron.wsgi [req-e9db3c91-d1c6-4c48-977b-661e6f125c9d req-7517e60b-53fc-4cc2-99c5-edc9b5709975 87e2d62cf4aa4dfbba57ba71705bcede 5f76298269894f008c69fe0eedb4f974 - - default default] 10.0.0.191 "GET /v2.0/ports?device_id=4cd80996-c02e-4d52-8d3e-5cb7cbd42eaa HTTP/1.1" status: 200 len: 1210 time: 0.1244304
2026-05-05 18:25:37.036 10 INFO neutron.wsgi [None req-3a569301-2104-4aeb-9c2f-4997b5ed1e2e 08ffa8a499194149a25745454208fc2e 912c22a9fc6d421fbb30b0a7aff98731 - - default default] 10.0.0.159 "GET /v2.0/routers/b041bcfc-80ca-4245-ae4d-4d55badb4b58/tags HTTP/1.1" status: 200 len: 223 time: 0.0681105
2026-05-05 18:25:37.107 10 INFO neutron.api.v2.resource [None req-bd64333f-c6c6-46a3-b44d-45c90cf4a3de 08ffa8a499194149a25745454208fc2e 912c22a9fc6d421fbb30b0a7aff98731 - - - -] delete failed (client error): The resource could not be found.
2026-05-05 18:25:37.109 10 INFO neutron.wsgi [None req-bd64333f-c6c6-46a3-b44d-45c90cf4a3de 08ffa8a499194149a25745454208fc2e 912c22a9fc6d421fbb30b0a7aff98731 - - - -] 10.0.0.159 "DELETE /v2.0/routers/b041bcfc-80ca-4245-ae4d-4d55badb4b58/tags/green HTTP/1.1" status: 404 len: 299 time: 0.0657468
2026-05-05 18:25:37.125 10 INFO neutron.wsgi [req-e9db3c91-d1c6-4c48-977b-661e6f125c9d req-58ad41df-a5de-4e7c-84ac-9ec84872cf17 87e2d62cf4aa4dfbba57ba71705bcede 5f76298269894f008c69fe0eedb4f974 - - default default] 10.0.0.191 "GET /v2.0/security-groups?id=99a4ee2e-65c4-42e1-8ba5-bf169a9e3657&id=57a4fd82-bd6e-4977-a0be-aa3122444f7e&fields=id&fields=name HTTP/1.1" status: 200 len: 404 time: 0.0754838
2026-05-05 18:25:37.250 9 INFO neutron.wsgi [None req-e002fe55-dff1-497f-896f-da6da552b1da 08ffa8a499194149a25745454208fc2e 912c22a9fc6d421fbb30b0a7aff98731 - - - -] 10.0.0.159 "DELETE /v2.0/routers/b041bcfc-80ca-4245-ae4d-4d55badb4b58/tags HTTP/1.1" status: 204 len: 168 time: 0.1359212
2026-05-05 18:25:37.309 9 INFO neutron.wsgi [None req-3f80c2db-09e7-4cd1-80b6-564d563605d5 08ffa8a499194149a25745454208fc2e 912c22a9fc6d421fbb30b0a7aff98731 - - default default] 10.0.0.159 "GET /v2.0/routers/b041bcfc-80ca-4245-ae4d-4d55badb4b58/tags HTTP/1.1" status: 200 len: 205 time: 0.0530577
2026-05-05 18:25:37.431 9 INFO neutron.wsgi [None req-a689442a-6dd8-4413-b0b3-ecdcc5e45743 08ffa8a499194149a25745454208fc2e 912c22a9fc6d421fbb30b0a7aff98731 - - default default] 10.0.0.159 "GET /v2.0/routers/b041bcfc-80ca-4245-ae4d-4d55badb4b58 HTTP/1.1" status: 200 len: 655 time: 0.1129711
2026-05-05 18:25:37.438 9 INFO neutron.wsgi [None req-65cff2a0-c66e-4a43-8e90-40ba5172e803 f5a20c63575e4b158af30a9a4f06e590 0239dec286134a0d98df7292c8f98da9 - - default default] 10.0.0.159 "GET /v2.0/ports?device_id=4cd80996-c02e-4d52-8d3e-5cb7cbd42eaa HTTP/1.1" status: 200 len: 1395 time: 0.2866750
2026-05-05 18:25:37.518 9 INFO neutron.wsgi [None req-f75c6e44-23a6-4696-ab51-8d6edbfc944c 87e2d62cf4aa4dfbba57ba71705bcede 5f76298269894f008c69fe0eedb4f974 - - default default] 10.0.0.159 "GET /v2.0/floatingips?floating_network_id=732d28ec-5654-4a0b-9d22-f70b8a8d3d40&port_id=1c793d7c-db80-4865-a21a-2a868b54f98e HTTP/1.1" status: 200 len: 1054 time: 0.0749593
2026-05-05 18:25:37.782 9 INFO neutron.wsgi [req-956aba37-6a9b-4250-9b11-c131b34fb390 req-b8299b09-7e97-47b2-b5e9-dd7420ee8ec8 44e38bcf3e2e4be2ad10580fff5ac83f a6fe8d98f3094f7886a2a2f5b0885d05 - - 4bf83d4858b5484d8f5c80b2b7877723 4bf83d4858b5484d8f5c80b2b7877723] 10.0.0.87 "GET /v2.0/ports?device_id=4cd80996-c02e-4d52-8d3e-5cb7cbd42eaa HTTP/1.1" status: 200 len: 1400 time: 0.0526481
2026-05-05 18:25:37.837 9 INFO neutron.wsgi [req-956aba37-6a9b-4250-9b11-c131b34fb390 req-e744f977-753e-464e-9c17-ea8ad2a11c91 44e38bcf3e2e4be2ad10580fff5ac83f a6fe8d98f3094f7886a2a2f5b0885d05 - - 4bf83d4858b5484d8f5c80b2b7877723 4bf83d4858b5484d8f5c80b2b7877723] 10.0.0.87 "GET /v2.0/security-groups?id=57a4fd82-bd6e-4977-a0be-aa3122444f7e&id=99a4ee2e-65c4-42e1-8ba5-bf169a9e3657&fields=id&fields=name HTTP/1.1" status: 200 len: 404 time: 0.0458593
2026-05-05 18:25:38.053 10 INFO neutron.db.ovn_revision_numbers_db [None req-14c6d435-1803-4994-9474-48d5600aa88f 08ffa8a499194149a25745454208fc2e 912c22a9fc6d421fbb30b0a7aff98731 - - - -] Successfully bumped revision number for resource b041bcfc-80ca-4245-ae4d-4d55badb4b58 (type: routers) to 9
2026-05-05 18:25:38.059 10 INFO neutron.wsgi [None req-14c6d435-1803-4994-9474-48d5600aa88f 08ffa8a499194149a25745454208fc2e 912c22a9fc6d421fbb30b0a7aff98731 - - - -] 10.0.0.159 "PUT /v2.0/routers/b041bcfc-80ca-4245-ae4d-4d55badb4b58 HTTP/1.1" status: 200 len: 655 time: 0.6216311
2026-05-05 18:25:38.093 10 INFO neutron.wsgi [None req-f6a68c09-fd26-45aa-9a76-191e74104f11 08ffa8a499194149a25745454208fc2e 912c22a9fc6d421fbb30b0a7aff98731 - - default default] 10.0.0.159 "GET /v2.0/ports?device_id=b041bcfc-80ca-4245-ae4d-4d55badb4b58 HTTP/1.1" status: 200 len: 205 time: 0.0273306
2026-05-05 18:25:38.739 10 INFO neutron.wsgi [None req-985d93c1-8761-4104-a937-3a0285407826 08ffa8a499194149a25745454208fc2e 912c22a9fc6d421fbb30b0a7aff98731 - - - -] 10.0.0.159 "DELETE /v2.0/routers/b041bcfc-80ca-4245-ae4d-4d55badb4b58 HTTP/1.1" status: 204 len: 168 time: 0.6410820
2026-05-05 18:25:39.743 10 INFO neutron.wsgi [req-cad60a2f-2d81-4a4e-b5ad-4a4839572665 req-aa4cb329-0078-4cba-9224-a4baafd43c7a 44e38bcf3e2e4be2ad10580fff5ac83f a6fe8d98f3094f7886a2a2f5b0885d05 - - 4bf83d4858b5484d8f5c80b2b7877723 4bf83d4858b5484d8f5c80b2b7877723] 199.19.213.140 "GET /v2.0/ports?device_id=4cd80996-c02e-4d52-8d3e-5cb7cbd42eaa&fields=binding%3Ahost_id&fields=binding%3Avif_type HTTP/1.1" status: 200 len: 265 time: 0.0455952
2026-05-05 18:25:39.844 10 INFO neutron.wsgi [req-cad60a2f-2d81-4a4e-b5ad-4a4839572665 req-73657a28-916d-4c17-b3e2-9a3216bf73a5 44e38bcf3e2e4be2ad10580fff5ac83f a6fe8d98f3094f7886a2a2f5b0885d05 - - 4bf83d4858b5484d8f5c80b2b7877723 4bf83d4858b5484d8f5c80b2b7877723] 199.19.213.140 "GET /v2.0/ports?tenant_id=5f76298269894f008c69fe0eedb4f974&device_id=4cd80996-c02e-4d52-8d3e-5cb7cbd42eaa HTTP/1.1" status: 200 len: 1400 time: 0.0409598
2026-05-05 18:25:39.923 10 INFO neutron.wsgi [req-cad60a2f-2d81-4a4e-b5ad-4a4839572665 req-48983615-3c01-400d-b9ca-0173636ea7e1 44e38bcf3e2e4be2ad10580fff5ac83f a6fe8d98f3094f7886a2a2f5b0885d05 - - 4bf83d4858b5484d8f5c80b2b7877723 4bf83d4858b5484d8f5c80b2b7877723] 199.19.213.140 "GET /v2.0/networks?id=6ac4c6fd-df2b-420f-aaad-6e056463aa84 HTTP/1.1" status: 200 len: 971 time: 0.0570734
2026-05-05 18:25:39.979 10 INFO neutron.wsgi [req-cad60a2f-2d81-4a4e-b5ad-4a4839572665 req-e0de090a-ca23-422b-92a3-cd00ac0135fc 44e38bcf3e2e4be2ad10580fff5ac83f a6fe8d98f3094f7886a2a2f5b0885d05 - - 4bf83d4858b5484d8f5c80b2b7877723 4bf83d4858b5484d8f5c80b2b7877723] 199.19.213.140 "GET /v2.0/floatingips?fixed_ip_address=10.100.0.7&port_id=1c793d7c-db80-4865-a21a-2a868b54f98e HTTP/1.1" status: 200 len: 1059 time: 0.0473089
2026-05-05 18:25:40.020 10 INFO neutron.wsgi [req-cad60a2f-2d81-4a4e-b5ad-4a4839572665 req-77913fb6-2f29-4e24-ba11-e384d80b18e5 44e38bcf3e2e4be2ad10580fff5ac83f a6fe8d98f3094f7886a2a2f5b0885d05 - - 4bf83d4858b5484d8f5c80b2b7877723 4bf83d4858b5484d8f5c80b2b7877723] 199.19.213.140 "GET /v2.0/subnets?id=90b47726-deca-4dbf-8653-f1e43d80fc73 HTTP/1.1" status: 200 len: 866 time: 0.0312281
2026-05-05 18:25:40.056 10 INFO neutron.wsgi [req-cad60a2f-2d81-4a4e-b5ad-4a4839572665 req-487e104f-a50f-41c4-bc6b-9cf0434f3bd3 44e38bcf3e2e4be2ad10580fff5ac83f a6fe8d98f3094f7886a2a2f5b0885d05 - - 4bf83d4858b5484d8f5c80b2b7877723 4bf83d4858b5484d8f5c80b2b7877723] 199.19.213.140 "GET /v2.0/ports?network_id=6ac4c6fd-df2b-420f-aaad-6e056463aa84&device_owner=network%3Adhcp HTTP/1.1" status: 200 len: 210 time: 0.0259514
2026-05-05 18:25:40.068 9 INFO neutron.wsgi [-] 10.0.0.183 "GET / HTTP/1.1" status: 200 len: 247 time: 0.0030653
2026-05-05 18:25:40.071 9 INFO neutron.wsgi [-] 10.0.0.183 "GET / HTTP/1.1" status: 200 len: 247 time: 0.0016947
2026-05-05 18:25:40.141 10 INFO neutron.wsgi [req-cad60a2f-2d81-4a4e-b5ad-4a4839572665 req-3c9a35d6-421c-429d-82ac-77daebcfe35c 44e38bcf3e2e4be2ad10580fff5ac83f a6fe8d98f3094f7886a2a2f5b0885d05 - - 4bf83d4858b5484d8f5c80b2b7877723 4bf83d4858b5484d8f5c80b2b7877723] 199.19.213.140 "GET /v2.0/networks/6ac4c6fd-df2b-420f-aaad-6e056463aa84?fields=segments HTTP/1.1" status: 200 len: 212 time: 0.0758233
2026-05-05 18:25:40.198 10 INFO neutron.db.ovn_revision_numbers_db [None req-565f4b4a-d672-4cff-b576-41d34fe0adae 0b14b58a11c7450988da3dcd3a66c133 a43616b0c9c04e6c9b2f5c5139d50744 - - default default] Successfully bumped revision number for resource b770be42-112b-43ec-a562-8d9b28bb3dcb (type: security_groups) to 1
2026-05-05 18:25:40.226 10 INFO neutron.wsgi [None req-565f4b4a-d672-4cff-b576-41d34fe0adae 0b14b58a11c7450988da3dcd3a66c133 a43616b0c9c04e6c9b2f5c5139d50744 - - default default] 10.0.0.159 "GET /v2.0/security-groups?tenant_id=912c22a9fc6d421fbb30b0a7aff98731&name=default HTTP/1.1" status: 200 len: 2996 time: 0.4964371
2026-05-05 18:25:40.230 10 INFO neutron.wsgi [req-cad60a2f-2d81-4a4e-b5ad-4a4839572665 req-420ed2c7-0985-4a54-be43-5ea5ebed3364 44e38bcf3e2e4be2ad10580fff5ac83f a6fe8d98f3094f7886a2a2f5b0885d05 - - 4bf83d4858b5484d8f5c80b2b7877723 4bf83d4858b5484d8f5c80b2b7877723] 199.19.213.140 "GET /v2.0/networks/6ac4c6fd-df2b-420f-aaad-6e056463aa84?fields=provider%3Aphysical_network&fields=provider%3Anetwork_type HTTP/1.1" status: 200 len: 277 time: 0.0763302
2026-05-05 18:25:40.312 10 INFO neutron.plugins.ml2.drivers.ovn.mech_driver.mech_driver [None req-c0162481-e94e-465b-9401-2cc8c42cf396 - - - - - -] OVN reports status down for port: 1c793d7c-db80-4865-a21a-2a868b54f98e
2026-05-05 18:25:40.334 10 INFO neutron.wsgi [req-5b64c4a2-bdb1-4bec-880d-267a992275e7 req-c274561a-872e-4ece-8e81-3e8939db95ca 87e2d62cf4aa4dfbba57ba71705bcede 5f76298269894f008c69fe0eedb4f974 - - default default] 10.0.0.191 "GET /v2.0/ports?device_id=4cd80996-c02e-4d52-8d3e-5cb7cbd42eaa HTTP/1.1" status: 200 len: 1210 time: 0.0632803
2026-05-05 18:25:40.411 10 INFO neutron.wsgi [req-5b64c4a2-bdb1-4bec-880d-267a992275e7 req-8e1da44a-bcab-479c-a529-1b9895e49c03 87e2d62cf4aa4dfbba57ba71705bcede 5f76298269894f008c69fe0eedb4f974 - - default default] 10.0.0.191 "GET /v2.0/security-groups?id=99a4ee2e-65c4-42e1-8ba5-bf169a9e3657&id=57a4fd82-bd6e-4977-a0be-aa3122444f7e&fields=id&fields=name HTTP/1.1" status: 200 len: 404 time: 0.0667512
2026-05-05 18:25:40.498 10 INFO neutron.notifiers.nova [-] Nova event matching ['req-0fb7b602-d250-4eda-9a27-b764dfff1535'] response: {'server_uuid': '4cd80996-c02e-4d52-8d3e-5cb7cbd42eaa', 'name': 'network-vif-unplugged', 'status': 'completed', 'tag': '1c793d7c-db80-4865-a21a-2a868b54f98e', 'code': 200}
2026-05-05 18:25:40.577 10 INFO neutron.wsgi [None req-1e996347-f94e-4855-8cd0-5510d39585ee 0b14b58a11c7450988da3dcd3a66c133 a43616b0c9c04e6c9b2f5c5139d50744 - - - -] 10.0.0.159 "DELETE /v2.0/security-groups/b770be42-112b-43ec-a562-8d9b28bb3dcb HTTP/1.1" status: 204 len: 168 time: 0.3442128
2026-05-05 18:25:40.668 10 INFO neutron.wsgi [req-d9c22d07-b299-48ed-8b7f-1ecc9c11b614 req-409c336d-d072-4812-9e0e-8e181fd05b52 87e2d62cf4aa4dfbba57ba71705bcede 5f76298269894f008c69fe0eedb4f974 - - default default] 199.19.213.140 "GET /v2.0/ports?device_id=4cd80996-c02e-4d52-8d3e-5cb7cbd42eaa HTTP/1.1" status: 200 len: 1208 time: 0.0517879
2026-05-05 18:25:40.766 10 INFO neutron.db.ovn_revision_numbers_db [None req-c0162481-e94e-465b-9401-2cc8c42cf396 - - - - - -] Successfully bumped revision number for resource 1c793d7c-db80-4865-a21a-2a868b54f98e (type: ports) to 5
2026-05-05 18:25:40.930 9 INFO neutron.db.ovn_revision_numbers_db [None req-9f6f65ab-10b3-4ce4-8297-8a11966dcdec 0b14b58a11c7450988da3dcd3a66c133 a43616b0c9c04e6c9b2f5c5139d50744 - - default default] Successfully bumped revision number for resource 51d73ddc-f034-4751-89bd-b66923d6a46b (type: security_groups) to 1
2026-05-05 18:25:40.953 9 INFO neutron.wsgi [None req-9f6f65ab-10b3-4ce4-8297-8a11966dcdec 0b14b58a11c7450988da3dcd3a66c133 a43616b0c9c04e6c9b2f5c5139d50744 - - default default] 10.0.0.159 "GET /v2.0/security-groups?tenant_id=9d42f4b840f944459b11e78ad70cd52b&name=default HTTP/1.1" status: 200 len: 2996 time: 0.1559365
2026-05-05 18:25:41.158 9 INFO neutron.wsgi [None req-ec062e40-9531-4eb0-908e-5866d79b0955 0b14b58a11c7450988da3dcd3a66c133 a43616b0c9c04e6c9b2f5c5139d50744 - - - -] 10.0.0.159 "DELETE /v2.0/security-groups/51d73ddc-f034-4751-89bd-b66923d6a46b HTTP/1.1" status: 204 len: 168 time: 0.1999671
2026-05-05 18:25:41.373 10 INFO neutron.db.l3_db [None req-cd2ddca5-3fee-42f1-ac53-527260da696b 87e2d62cf4aa4dfbba57ba71705bcede 5f76298269894f008c69fe0eedb4f974 - - - -] Floating IP 528534bb-d4c6-493b-a661-0dd35e7210fb disassociated. External IP: 10.96.250.204, port: 1c793d7c-db80-4865-a21a-2a868b54f98e. /var/lib/openstack/lib/python3.10/site-packages/pycadf/identifier.py:71: UserWarning: Invalid uuid: neutron. To ensure interoperability, identifiers should be a valid uuid. warnings.warn(('Invalid uuid: %s. To ensure interoperability, '
2026-05-05 18:25:41.562 10 INFO neutron.wsgi [req-ea26eb42-3fd4-4329-8bba-764fbb8f26df req-7a6341b7-8949-4111-870a-f9c7f35dc26e 87e2d62cf4aa4dfbba57ba71705bcede 5f76298269894f008c69fe0eedb4f974 - - default default] 10.0.0.191 "GET /v2.0/ports?device_id=4cd80996-c02e-4d52-8d3e-5cb7cbd42eaa HTTP/1.1" status: 200 len: 1208 time: 0.0745931
2026-05-05 18:25:41.676 10 INFO neutron.wsgi [req-ea26eb42-3fd4-4329-8bba-764fbb8f26df req-40536c36-985c-4e87-8d0e-ae66ac355ece 87e2d62cf4aa4dfbba57ba71705bcede 5f76298269894f008c69fe0eedb4f974 - - default default] 10.0.0.191 "GET /v2.0/security-groups?id=99a4ee2e-65c4-42e1-8ba5-bf169a9e3657&id=57a4fd82-bd6e-4977-a0be-aa3122444f7e&fields=id&fields=name HTTP/1.1" status: 200 len: 404 time: 0.1060545
2026-05-05 18:25:41.785 10 INFO neutron.wsgi [None req-cd2ddca5-3fee-42f1-ac53-527260da696b 87e2d62cf4aa4dfbba57ba71705bcede 5f76298269894f008c69fe0eedb4f974 - - - -] 199.19.213.140 "DELETE /v2.0/ports/1c793d7c-db80-4865-a21a-2a868b54f98e HTTP/1.1" status: 204 len: 173 time: 1.1095314
2026-05-05 18:25:41.787 10 INFO neutron.db.ovn_revision_numbers_db [None req-3acea7c6-ba2d-43b7-b049-71399873fdb4 0b14b58a11c7450988da3dcd3a66c133 a43616b0c9c04e6c9b2f5c5139d50744 - - default default] Successfully bumped revision number for resource 5475ee4d-8210-4f7b-b517-f5b9c7de58e1 (type: security_groups) to 1
2026-05-05 18:25:41.810 10 INFO neutron.wsgi [None req-3acea7c6-ba2d-43b7-b049-71399873fdb4 0b14b58a11c7450988da3dcd3a66c133 a43616b0c9c04e6c9b2f5c5139d50744 - - default default] 10.0.0.159 "GET /v2.0/security-groups?tenant_id=e8e94f6cb13e40bab83b6c295ff3b7fc&name=default HTTP/1.1" status: 200 len: 2996 time: 0.5943849
2026-05-05 18:25:42.017 10 INFO neutron.wsgi [None req-3c229a62-8d4d-4ff5-9e8c-1021d718d4c8 0b14b58a11c7450988da3dcd3a66c133 a43616b0c9c04e6c9b2f5c5139d50744 - - - -] 10.0.0.159 "DELETE /v2.0/security-groups/5475ee4d-8210-4f7b-b517-f5b9c7de58e1 HTTP/1.1" status: 204 len: 168 time: 0.1973460
2026-05-05 18:25:42.314 10 INFO neutron.wsgi [None req-bfb367aa-7fc8-4adb-9cf9-68ed4bc04972 0b14b58a11c7450988da3dcd3a66c133 a43616b0c9c04e6c9b2f5c5139d50744 - - default default] 10.0.0.165 "GET /v2.0/network-ip-availabilities HTTP/1.1" status: 200 len: 2222 time: 0.2936263
2026-05-05 18:25:42.367 10 INFO neutron.wsgi [None req-f2a00567-01db-47d0-a4e0-880e84784be1 0b14b58a11c7450988da3dcd3a66c133 a43616b0c9c04e6c9b2f5c5139d50744 - - default default] 10.0.0.165 "GET /v2.0/floatingips HTTP/1.1" status: 200 len: 730 time: 0.0519109
2026-05-05 18:25:42.380 10 INFO neutron.wsgi [None req-e470bfc0-04b2-4ec4-9a46-b0cb88a924a8 0b14b58a11c7450988da3dcd3a66c133 a43616b0c9c04e6c9b2f5c5139d50744 - - default default] 10.0.0.165 "GET /v2.0/agents HTTP/1.1" status: 200 len: 997 time: 0.0114031
2026-05-05 18:25:42.498 10 INFO neutron.wsgi [None req-fd0a5fd4-55e8-4aee-83b1-f681336c7af9 0b14b58a11c7450988da3dcd3a66c133 a43616b0c9c04e6c9b2f5c5139d50744 - - default default] 10.0.0.165 "GET /v2.0/networks HTTP/1.1" status: 200 len: 3864 time: 0.1159787
2026-05-05 18:25:42.549 10 INFO neutron.notifiers.nova [-] Nova event matching ['req-3e679533-dfe6-47c7-a53e-20c2e899bd4c'] response: {'server_uuid': '4cd80996-c02e-4d52-8d3e-5cb7cbd42eaa', 'name': 'network-vif-plugged', 'status': 'completed', 'tag': '1c793d7c-db80-4865-a21a-2a868b54f98e', 'code': 200}
2026-05-05 18:25:42.549 10 INFO neutron.notifiers.nova [-] Nova event matching ['req-3e679533-dfe6-47c7-a53e-20c2e899bd4c'] response: {'server_uuid': '4cd80996-c02e-4d52-8d3e-5cb7cbd42eaa', 'name': 'network-vif-deleted', 'tag': '1c793d7c-db80-4865-a21a-2a868b54f98e', 'status': 'completed', 'code': 200}
2026-05-05 18:25:42.585 10 INFO neutron.wsgi [None req-6612947c-ccf5-4181-b100-3754c7dd12a5 0b14b58a11c7450988da3dcd3a66c133 a43616b0c9c04e6c9b2f5c5139d50744 - - default default] 10.0.0.165 "GET /v2.0/ports HTTP/1.1" status: 200 len: 12604 time: 0.0763376
2026-05-05 18:25:42.731 10 INFO neutron.wsgi [None req-b2f3cbf2-c40e-4fda-8ade-947a1d98d607 0b14b58a11c7450988da3dcd3a66c133 a43616b0c9c04e6c9b2f5c5139d50744 - - default default] 10.0.0.165 "GET /v2.0/routers HTTP/1.1" status: 200 len: 1530 time: 0.1363025
2026-05-05 18:25:42.753 10 INFO neutron.wsgi [None req-6659d356-7a10-41b7-af82-344f2b73aa10 0b14b58a11c7450988da3dcd3a66c133 a43616b0c9c04e6c9b2f5c5139d50744 - - default default] 10.0.0.165 "GET /v2.0/agents?binary=ovn-controller HTTP/1.1" status: 200 len: 591 time: 0.0209966
2026-05-05 18:25:42.810 10 INFO neutron.wsgi [None req-df14ae73-134e-49ec-936f-6f40c99116b0 0b14b58a11c7450988da3dcd3a66c133 a43616b0c9c04e6c9b2f5c5139d50744 - - default default] 10.0.0.165 "GET /v2.0/subnets HTTP/1.1" status: 200 len: 2744 time: 0.0546491
2026-05-05 18:25:42.832 10 INFO neutron.wsgi [None req-0913b241-d0b1-4ae3-861a-1f66337e371b 0b14b58a11c7450988da3dcd3a66c133 a43616b0c9c04e6c9b2f5c5139d50744 - - default default] 10.0.0.165 "GET /v2.0/subnetpools HTTP/1.1" status: 200 len: 193 time: 0.0199392
2026-05-05 18:25:42.990 10 INFO neutron.wsgi [None req-e3b9eb37-ea6a-411a-8ca8-1035a5d35eff 0b14b58a11c7450988da3dcd3a66c133 a43616b0c9c04e6c9b2f5c5139d50744 - - default default] 10.0.0.165 "GET /v2.0/security-groups HTTP/1.1" status: 200 len: 30193 time: 0.1570342
2026-05-05 18:25:43.043 10 INFO neutron.wsgi [None req-0b6ffdf3-6b64-44e6-952f-edd852b9ca0c 0b14b58a11c7450988da3dcd3a66c133 a43616b0c9c04e6c9b2f5c5139d50744 - - default default] 10.0.0.165 "GET /v2.0/subnets HTTP/1.1" status: 200 len: 2744 time: 0.0413134
2026-05-05 18:25:43.150 10 INFO neutron.wsgi [None req-bb30be72-8bfc-444e-ac86-363d1ba0d219 87e2d62cf4aa4dfbba57ba71705bcede 5f76298269894f008c69fe0eedb4f974 - - - -] 10.0.0.159 "DELETE /v2.0/security-groups/57a4fd82-bd6e-4977-a0be-aa3122444f7e HTTP/1.1" status: 204 len: 168 time: 0.2645741
2026-05-05 18:25:43.170 10 INFO neutron.api.v2.resource [None req-6e69b206-79b7-493d-9f26-d81662c788a3 87e2d62cf4aa4dfbba57ba71705bcede 5f76298269894f008c69fe0eedb4f974 - - default default] show failed (client error): The resource could not be found.
2026-05-05 18:25:43.171 10 INFO neutron.wsgi [None req-6e69b206-79b7-493d-9f26-d81662c788a3 87e2d62cf4aa4dfbba57ba71705bcede 5f76298269894f008c69fe0eedb4f974 - - default default] 10.0.0.159 "GET /v2.0/security-groups/57a4fd82-bd6e-4977-a0be-aa3122444f7e HTTP/1.1" status: 404 len: 347 time: 0.0151525
2026-05-05 18:25:43.599 10 INFO neutron.wsgi [None req-04c578d1-0ea6-40f6-8d53-902e367d7500 87e2d62cf4aa4dfbba57ba71705bcede 5f76298269894f008c69fe0eedb4f974 - - - -] 10.0.0.159 "DELETE /v2.0/floatingips/528534bb-d4c6-493b-a661-0dd35e7210fb HTTP/1.1" status: 204 len: 168 time: 0.4239025
2026-05-05 18:25:43.814 10 INFO neutron.wsgi [None req-50c277ce-1cdb-472e-85c3-3510d82feb38 87e2d62cf4aa4dfbba57ba71705bcede 5f76298269894f008c69fe0eedb4f974 - - - -] 10.0.0.159 "DELETE /v2.0/security-groups/99a4ee2e-65c4-42e1-8ba5-bf169a9e3657 HTTP/1.1" status: 204 len: 168 time: 0.2079761
2026-05-05 18:25:44.292 9 INFO neutron.db.ovn_revision_numbers_db [None req-adb540c8-eaad-4fa0-aaea-986f69315c5e b667cd28890846a5ad53998535d0e96c 3dd396b1b1df45a4ad462f0e3c096f59 - - - -] Successfully bumped revision number for resource da2ffa5e-8f36-498d-9634-6f5176870f9b (type: security_groups) to 1
2026-05-05 18:25:44.347 9 INFO neutron.db.segments_db [None req-adb540c8-eaad-4fa0-aaea-986f69315c5e b667cd28890846a5ad53998535d0e96c 3dd396b1b1df45a4ad462f0e3c096f59 - - - -] Added segment f75885ba-20fe-4f6e-9b7b-af1d88721ebb of type geneve for network d35d4df4-d4c0-4083-80d6-d22eecaeeaa8
2026-05-05 18:25:44.675 9 INFO neutron.db.ovn_revision_numbers_db [None req-adb540c8-eaad-4fa0-aaea-986f69315c5e b667cd28890846a5ad53998535d0e96c 3dd396b1b1df45a4ad462f0e3c096f59 - - - -] Successfully bumped revision number for resource d35d4df4-d4c0-4083-80d6-d22eecaeeaa8 (type: networks) to 1
2026-05-05 18:25:45.246 9 WARNING neutron.scheduler.dhcp_agent_scheduler [None req-adb540c8-eaad-4fa0-aaea-986f69315c5e b667cd28890846a5ad53998535d0e96c 3dd396b1b1df45a4ad462f0e3c096f59 - - - -] No more DHCP agents
2026-05-05 18:25:45.252 9 WARNING neutron.api.rpc.agentnotifiers.dhcp_rpc_agent_api [None req-adb540c8-eaad-4fa0-aaea-986f69315c5e b667cd28890846a5ad53998535d0e96c 3dd396b1b1df45a4ad462f0e3c096f59 - - - -] Unable to schedule network d35d4df4-d4c0-4083-80d6-d22eecaeeaa8: no agents available; will retry on subsequent port and subnet creation events.
2026-05-05 18:25:45.346 9 INFO neutron.db.ovn_revision_numbers_db [None req-adb540c8-eaad-4fa0-aaea-986f69315c5e b667cd28890846a5ad53998535d0e96c 3dd396b1b1df45a4ad462f0e3c096f59 - - - -] Successfully bumped revision number for resource 8d1c76a9-fca0-433e-bed6-bf4a3cf74870 (type: ports) to 1
2026-05-05 18:25:45.389 9 INFO neutron.wsgi [None req-adb540c8-eaad-4fa0-aaea-986f69315c5e b667cd28890846a5ad53998535d0e96c 3dd396b1b1df45a4ad462f0e3c096f59 - - - -] 10.0.0.159 "POST /v2.0/networks HTTP/1.1" status: 201 len: 839 time: 1.5772641
2026-05-05 18:25:45.711 10 WARNING neutron.scheduler.dhcp_agent_scheduler [None req-203b3300-eb64-4324-aa09-bcb63e7cfeaa b667cd28890846a5ad53998535d0e96c 3dd396b1b1df45a4ad462f0e3c096f59 - - - -] No more DHCP agents
2026-05-05 18:25:45.714 10 WARNING neutron.api.rpc.agentnotifiers.dhcp_rpc_agent_api [None req-203b3300-eb64-4324-aa09-bcb63e7cfeaa b667cd28890846a5ad53998535d0e96c 3dd396b1b1df45a4ad462f0e3c096f59 - - - -] Unable to schedule network d35d4df4-d4c0-4083-80d6-d22eecaeeaa8: no agents available; will retry on subsequent port and subnet creation events.
2026-05-05 18:25:45.736 9 INFO neutron.wsgi [None req-efddec61-2021-4b29-9a65-4b5391c23b71 0b14b58a11c7450988da3dcd3a66c133 a43616b0c9c04e6c9b2f5c5139d50744 - - - -] 10.0.0.159 "PUT /v2.0/routers/8072c4c0-1e64-4229-b0c3-2ae146e5fd49/remove_router_interface HTTP/1.1" status: 200 len: 503 time: 1.8396621 /var/lib/openstack/lib/python3.10/site-packages/pycadf/identifier.py:71: UserWarning: Invalid uuid: neutron. To ensure interoperability, identifiers should be a valid uuid. warnings.warn(('Invalid uuid: %s. To ensure interoperability, '
2026-05-05 18:25:46.390 9 INFO neutron.wsgi [None req-09989aa1-53b9-477c-92b9-38f672380127 0b14b58a11c7450988da3dcd3a66c133 a43616b0c9c04e6c9b2f5c5139d50744 - - - -] 10.0.0.159 "DELETE /v2.0/routers/8072c4c0-1e64-4229-b0c3-2ae146e5fd49 HTTP/1.1" status: 204 len: 168 time: 0.6477923
2026-05-05 18:25:46.600 9 INFO neutron.wsgi [None req-2a176d23-aa2a-42d4-8d26-38193e3b0732 0b14b58a11c7450988da3dcd3a66c133 a43616b0c9c04e6c9b2f5c5139d50744 - - - -] 10.0.0.159 "DELETE /v2.0/subnets/90b47726-deca-4dbf-8653-f1e43d80fc73 HTTP/1.1" status: 204 len: 168 time: 0.2050431
2026-05-05 18:25:46.603 10 INFO neutron.db.ovn_revision_numbers_db [None req-203b3300-eb64-4324-aa09-bcb63e7cfeaa b667cd28890846a5ad53998535d0e96c 3dd396b1b1df45a4ad462f0e3c096f59 - - - -] Successfully bumped revision number for resource 8d1c76a9-fca0-433e-bed6-bf4a3cf74870 (type: ports) to 2
2026-05-05 18:25:46.618 10 INFO neutron.db.ovn_revision_numbers_db [None req-203b3300-eb64-4324-aa09-bcb63e7cfeaa b667cd28890846a5ad53998535d0e96c 3dd396b1b1df45a4ad462f0e3c096f59 - - - -] Successfully bumped revision number for resource 3f852454-977e-4394-8e73-8c21c664406f (type: subnets) to 0
2026-05-05 18:25:46.634 10 INFO neutron.wsgi [None req-203b3300-eb64-4324-aa09-bcb63e7cfeaa b667cd28890846a5ad53998535d0e96c 3dd396b1b1df45a4ad462f0e3c096f59 - - - -] 10.0.0.159 "POST /v2.0/subnets HTTP/1.1" status: 201 len: 833 time: 1.2390878
2026-05-05 18:25:46.703 10 INFO neutron.wsgi [None req-2c54d4a9-7f85-4c5b-b040-be872f957143 4b7a2315f8a64637a28b559a2d359533 a1ba206861a2400dbdbf53a6ccb6e3fc - - default default] 10.0.0.159 "GET /v2.0/subnetpools?name=shared-default-subnetpool-v6 HTTP/1.1" status: 200 len: 212 time: 0.0627015
2026-05-05 18:25:47.008 10 WARNING neutron.scheduler.dhcp_agent_scheduler [None req-11fd9c4b-0c18-44df-b09c-93ec814f5274 b667cd28890846a5ad53998535d0e96c 3dd396b1b1df45a4ad462f0e3c096f59 - - - -] No more DHCP agents
2026-05-05 18:25:47.011 10 WARNING neutron.api.rpc.agentnotifiers.dhcp_rpc_agent_api [None req-11fd9c4b-0c18-44df-b09c-93ec814f5274 b667cd28890846a5ad53998535d0e96c 3dd396b1b1df45a4ad462f0e3c096f59 - - - -] Unable to schedule network d35d4df4-d4c0-4083-80d6-d22eecaeeaa8: no agents available; will retry on subsequent port and subnet creation events.
2026-05-05 18:25:47.030 10 INFO neutron.db.ovn_revision_numbers_db [None req-11fd9c4b-0c18-44df-b09c-93ec814f5274 b667cd28890846a5ad53998535d0e96c 3dd396b1b1df45a4ad462f0e3c096f59 - - - -] Successfully bumped revision number for resource f68cca4d-b556-4a10-8bdf-71204b209e20 (type: subnets) to 0
2026-05-05 18:25:47.038 9 INFO neutron.services.segments.plugin [-] Segment 28975e5a-9f0f-4540-85f1-205845d599e1 resource provider aggregate not found
2026-05-05 18:25:47.044 9 INFO neutron.services.segments.plugin [-] Segment 28975e5a-9f0f-4540-85f1-205845d599e1 resource provider aggregate not found
2026-05-05 18:25:47.052 10 INFO neutron.wsgi [None req-11fd9c4b-0c18-44df-b09c-93ec814f5274 b667cd28890846a5ad53998535d0e96c 3dd396b1b1df45a4ad462f0e3c096f59 - - - -] 10.0.0.159 "POST /v2.0/subnets HTTP/1.1" status: 201 len: 907 time: 0.3437634
2026-05-05 18:25:47.065 9 INFO neutron.services.segments.plugin [-] Segment 28975e5a-9f0f-4540-85f1-205845d599e1 resource provider not found; error: Placement Client Error (4xx): {"errors": [{"status": 404, "title": "Not Found", "detail": "The resource could not be found.\n\n No resource provider with uuid 28975e5a-9f0f-4540-85f1-205845d599e1 found for delete ", "request_id": "req-e554766b-7eca-4307-8578-ad9f4243dbe0"}]}
2026-05-05 18:25:47.067 9 INFO neutron.services.segments.plugin [-] Segment 28975e5a-9f0f-4540-85f1-205845d599e1 resource provider not found; error: Placement Client Error (4xx): {"errors": [{"status": 404, "title": "Not Found", "detail": "The resource could not be found.\n\n No resource provider with uuid 28975e5a-9f0f-4540-85f1-205845d599e1 found for delete ", "request_id": "req-ad50e6a0-3c1b-4d9b-8a47-ae80e1bc338c"}]}
2026-05-05 18:25:47.091 9 INFO neutron.wsgi [None req-f3f69356-6b69-4e67-967f-bbf22a339fc6 0b14b58a11c7450988da3dcd3a66c133 a43616b0c9c04e6c9b2f5c5139d50744 - - - -] 10.0.0.159 "DELETE /v2.0/networks/6ac4c6fd-df2b-420f-aaad-6e056463aa84 HTTP/1.1" status: 204 len: 168 time: 0.4866052
2026-05-05 18:25:47.163 9 INFO neutron.db.segments_db [None req-8799de52-d4f9-4298-a17e-2ea873c0107f b667cd28890846a5ad53998535d0e96c 3dd396b1b1df45a4ad462f0e3c096f59 - - - -] Added segment b6049365-6b8d-49a0-8c33-7b34a4aafb9a of type geneve for network 4f452af7-8592-4aa2-80a3-2f0bb8da319f
2026-05-05 18:25:47.301 9 INFO neutron.db.ovn_revision_numbers_db [None req-8799de52-d4f9-4298-a17e-2ea873c0107f b667cd28890846a5ad53998535d0e96c 3dd396b1b1df45a4ad462f0e3c096f59 - - - -] Successfully bumped revision number for resource 4f452af7-8592-4aa2-80a3-2f0bb8da319f (type: networks) to 1
2026-05-05 18:25:47.503 9 WARNING neutron.scheduler.dhcp_agent_scheduler [None req-8799de52-d4f9-4298-a17e-2ea873c0107f b667cd28890846a5ad53998535d0e96c 3dd396b1b1df45a4ad462f0e3c096f59 - - - -] No more DHCP agents
2026-05-05 18:25:47.505 9 WARNING neutron.api.rpc.agentnotifiers.dhcp_rpc_agent_api [None req-8799de52-d4f9-4298-a17e-2ea873c0107f b667cd28890846a5ad53998535d0e96c 3dd396b1b1df45a4ad462f0e3c096f59 - - - -] Unable to schedule network 4f452af7-8592-4aa2-80a3-2f0bb8da319f: no agents available; will retry on subsequent port and subnet creation events.
2026-05-05 18:25:47.633 9 INFO neutron.db.ovn_revision_numbers_db [None req-8799de52-d4f9-4298-a17e-2ea873c0107f b667cd28890846a5ad53998535d0e96c 3dd396b1b1df45a4ad462f0e3c096f59 - - - -] Successfully bumped revision number for resource 6a75d1d2-5baa-4cda-adea-6ac5c21fc4ea (type: ports) to 1
2026-05-05 18:25:47.663 9 INFO neutron.wsgi [None req-8799de52-d4f9-4298-a17e-2ea873c0107f b667cd28890846a5ad53998535d0e96c 3dd396b1b1df45a4ad462f0e3c096f59 - - - -] 10.0.0.159 "POST /v2.0/networks HTTP/1.1" status: 201 len: 836 time: 0.6057482
2026-05-05 18:25:47.991 9 WARNING neutron.scheduler.dhcp_agent_scheduler [None req-22f1dd61-894a-4523-8127-cbd4d036dcef b667cd28890846a5ad53998535d0e96c 3dd396b1b1df45a4ad462f0e3c096f59 - - - -] No more DHCP agents
2026-05-05 18:25:47.995 9 WARNING neutron.api.rpc.agentnotifiers.dhcp_rpc_agent_api [None req-22f1dd61-894a-4523-8127-cbd4d036dcef b667cd28890846a5ad53998535d0e96c 3dd396b1b1df45a4ad462f0e3c096f59 - - - -] Unable to schedule network 4f452af7-8592-4aa2-80a3-2f0bb8da319f: no agents available; will retry on subsequent port and subnet creation events.
2026-05-05 18:25:48.282 10 INFO neutron.wsgi [None req-e1729af8-701f-4b59-ac9b-577233e7d82f 0b14b58a11c7450988da3dcd3a66c133 a43616b0c9c04e6c9b2f5c5139d50744 - - - -] 10.0.0.159 "PUT /v2.0/routers/a0fc1144-83a9-4c9b-afcb-1f74d00be47f/remove_router_interface HTTP/1.1" status: 200 len: 503 time: 1.1850426 /var/lib/openstack/lib/python3.10/site-packages/pycadf/identifier.py:71: UserWarning: Invalid uuid: neutron. To ensure interoperability, identifiers should be a valid uuid. warnings.warn(('Invalid uuid: %s. To ensure interoperability, '
2026-05-05 18:25:49.811 9 INFO neutron.db.ovn_revision_numbers_db [None req-22f1dd61-894a-4523-8127-cbd4d036dcef b667cd28890846a5ad53998535d0e96c 3dd396b1b1df45a4ad462f0e3c096f59 - - - -] Successfully bumped revision number for resource 6a75d1d2-5baa-4cda-adea-6ac5c21fc4ea (type: ports) to 2
2026-05-05 18:25:49.973 9 INFO neutron.db.ovn_revision_numbers_db [None req-22f1dd61-894a-4523-8127-cbd4d036dcef b667cd28890846a5ad53998535d0e96c 3dd396b1b1df45a4ad462f0e3c096f59 - - - -] Successfully bumped revision number for resource b93176a5-bd63-4bcb-b122-809425513080 (type: subnets) to 0
2026-05-05 18:25:50.121 10 INFO neutron.wsgi [None req-221debc5-c191-4183-818a-4787a77434f0 0b14b58a11c7450988da3dcd3a66c133 a43616b0c9c04e6c9b2f5c5139d50744 - - - -] 10.0.0.159 "DELETE /v2.0/routers/a0fc1144-83a9-4c9b-afcb-1f74d00be47f HTTP/1.1" status: 204 len: 168 time: 1.8333342
2026-05-05 18:25:50.131 9 INFO neutron.wsgi [None req-22f1dd61-894a-4523-8127-cbd4d036dcef b667cd28890846a5ad53998535d0e96c 3dd396b1b1df45a4ad462f0e3c096f59 - - - -] 10.0.0.159 "POST /v2.0/subnets HTTP/1.1" status: 201 len: 831 time: 2.4613197
2026-05-05 18:25:50.458 10 INFO neutron.wsgi [None req-07261071-a19b-420b-a272-44637851eba7 0b14b58a11c7450988da3dcd3a66c133 a43616b0c9c04e6c9b2f5c5139d50744 - - - -] 10.0.0.159 "DELETE /v2.0/subnets/b3faeaf4-4a50-423a-b223-75e3c3a7a2b5 HTTP/1.1" status: 204 len: 168 time: 0.3302093
2026-05-05 18:25:50.721 9 WARNING neutron.scheduler.dhcp_agent_scheduler [None req-f69c78ae-c2e0-4c34-898c-4468cff321ac b667cd28890846a5ad53998535d0e96c 3dd396b1b1df45a4ad462f0e3c096f59 - - - -] No more DHCP agents
2026-05-05 18:25:50.724 9 WARNING neutron.api.rpc.agentnotifiers.dhcp_rpc_agent_api [None req-f69c78ae-c2e0-4c34-898c-4468cff321ac b667cd28890846a5ad53998535d0e96c 3dd396b1b1df45a4ad462f0e3c096f59 - - - -] Unable to schedule network 4f452af7-8592-4aa2-80a3-2f0bb8da319f: no agents available; will retry on subsequent port and subnet creation events.
2026-05-05 18:25:50.795 9 INFO neutron.db.ovn_revision_numbers_db [None req-f69c78ae-c2e0-4c34-898c-4468cff321ac b667cd28890846a5ad53998535d0e96c 3dd396b1b1df45a4ad462f0e3c096f59 - - - -] Successfully bumped revision number for resource 15428b59-1fe5-42e3-b816-f1bc4061955a (type: subnets) to 0
2026-05-05 18:25:50.843 9 INFO neutron.wsgi [None req-f69c78ae-c2e0-4c34-898c-4468cff321ac b667cd28890846a5ad53998535d0e96c 3dd396b1b1df45a4ad462f0e3c096f59 - - - -] 10.0.0.159 "POST /v2.0/subnets HTTP/1.1" status: 201 len: 901 time: 0.7052326
2026-05-05 18:25:50.901 10 INFO neutron.services.segments.plugin [-] Segment d9a40e28-4de2-43a7-8e74-19ba851105f4 resource provider aggregate not found
2026-05-05 18:25:50.907 10 INFO neutron.services.segments.plugin [-] Segment d9a40e28-4de2-43a7-8e74-19ba851105f4 resource provider aggregate not found
2026-05-05 18:25:50.925 10 INFO neutron.services.segments.plugin [-] Segment d9a40e28-4de2-43a7-8e74-19ba851105f4 resource provider not found; error: Placement Client Error (4xx): {"errors": [{"status": 404, "title": "Not Found", "detail": "The resource could not be found.\n\n No resource provider with uuid d9a40e28-4de2-43a7-8e74-19ba851105f4 found for delete ", "request_id": "req-1923d30a-8fd7-45cd-8d97-090c31c76f8d"}]}
2026-05-05 18:25:50.925 10 INFO neutron.services.segments.plugin [-] Segment d9a40e28-4de2-43a7-8e74-19ba851105f4 resource provider not found; error: Placement Client Error (4xx): {"errors": [{"status": 404, "title": "Not Found", "detail": "The resource could not be found.\n\n No resource provider with uuid d9a40e28-4de2-43a7-8e74-19ba851105f4 found for delete ", "request_id": "req-1b977234-2264-44f1-8c55-ec8c5cbcd576"}]}
2026-05-05 18:25:50.990 10 INFO neutron.db.segments_db [None req-4527fd50-ec95-4b45-beeb-53941c1fc60d b667cd28890846a5ad53998535d0e96c 3dd396b1b1df45a4ad462f0e3c096f59 - - - -] Added segment b672b43e-3f27-4ff5-85de-45d56e7b8b22 of type geneve for network e4674dda-3def-483e-a930-32823de7e38c
2026-05-05 18:25:51.029 10 INFO neutron.wsgi [None req-377b674c-6d70-4a89-a7de-049dddbedb42 0b14b58a11c7450988da3dcd3a66c133 a43616b0c9c04e6c9b2f5c5139d50744 - - - -] 10.0.0.159 "DELETE /v2.0/networks/a0619e82-ff0d-4ce3-8687-f7394054f54d HTTP/1.1" status: 204 len: 168 time: 0.5514224
2026-05-05 18:25:51.539 10 INFO neutron.db.ovn_revision_numbers_db [None req-4527fd50-ec95-4b45-beeb-53941c1fc60d b667cd28890846a5ad53998535d0e96c 3dd396b1b1df45a4ad462f0e3c096f59 - - - -] Successfully bumped revision number for resource e4674dda-3def-483e-a930-32823de7e38c (type: networks) to 1
2026-05-05 18:25:51.601 9 INFO neutron.wsgi [None req-a6782aa3-787c-445a-b121-9ee9466fee00 0b14b58a11c7450988da3dcd3a66c133 a43616b0c9c04e6c9b2f5c5139d50744 - - default default] 10.0.0.159 "GET /v2.0/security-groups?tenant_id=5f76298269894f008c69fe0eedb4f974&name=default HTTP/1.1" status: 200 len: 2996 time: 0.0328007
2026-05-05 18:25:51.768 10 WARNING neutron.scheduler.dhcp_agent_scheduler [None req-4527fd50-ec95-4b45-beeb-53941c1fc60d b667cd28890846a5ad53998535d0e96c 3dd396b1b1df45a4ad462f0e3c096f59 - - - -] No more DHCP agents
2026-05-05 18:25:51.770 10 WARNING neutron.api.rpc.agentnotifiers.dhcp_rpc_agent_api [None req-4527fd50-ec95-4b45-beeb-53941c1fc60d b667cd28890846a5ad53998535d0e96c 3dd396b1b1df45a4ad462f0e3c096f59 - - - -] Unable to schedule network e4674dda-3def-483e-a930-32823de7e38c: no agents available; will retry on subsequent port and subnet creation events.
2026-05-05 18:25:51.859 10 INFO neutron.db.ovn_revision_numbers_db [None req-4527fd50-ec95-4b45-beeb-53941c1fc60d b667cd28890846a5ad53998535d0e96c 3dd396b1b1df45a4ad462f0e3c096f59 - - - -] Successfully bumped revision number for resource 9e59e95a-e2b9-4cc6-b3b0-211ff8dea2a3 (type: ports) to 1
2026-05-05 18:25:51.867 9 INFO neutron.wsgi [None req-a744938e-0b42-411b-9c17-a615fd1b7313 0b14b58a11c7450988da3dcd3a66c133 a43616b0c9c04e6c9b2f5c5139d50744 - - - -] 10.0.0.159 "DELETE /v2.0/security-groups/0e66aeca-a60a-4a63-baaa-79b410cf0e55 HTTP/1.1" status: 204 len: 168 time: 0.2618158
2026-05-05 18:25:51.933 10 INFO neutron.wsgi [None req-4527fd50-ec95-4b45-beeb-53941c1fc60d b667cd28890846a5ad53998535d0e96c 3dd396b1b1df45a4ad462f0e3c096f59 - - - -] 10.0.0.159 "POST /v2.0/networks HTTP/1.1" status: 201 len: 837 time: 1.0830877
2026-05-05 18:25:52.141 9 INFO neutron.wsgi [None req-2084a139-ee58-48f5-9bc3-0e92a8b44f16 0b14b58a11c7450988da3dcd3a66c133 a43616b0c9c04e6c9b2f5c5139d50744 - - default default] 10.0.0.159 "GET /v2.0/security-groups?tenant_id=0239dec286134a0d98df7292c8f98da9&name=default HTTP/1.1" status: 200 len: 2996 time: 0.0354102
2026-05-05 18:25:52.357 10 WARNING neutron.scheduler.dhcp_agent_scheduler [None req-af34421e-5dc4-412a-88c9-4b20cfbbc6bd b667cd28890846a5ad53998535d0e96c 3dd396b1b1df45a4ad462f0e3c096f59 - - - -] No more DHCP agents
2026-05-05 18:25:52.361 10 WARNING neutron.api.rpc.agentnotifiers.dhcp_rpc_agent_api [None req-af34421e-5dc4-412a-88c9-4b20cfbbc6bd b667cd28890846a5ad53998535d0e96c 3dd396b1b1df45a4ad462f0e3c096f59 - - - -] Unable to schedule network e4674dda-3def-483e-a930-32823de7e38c: no agents available; will retry on subsequent port and subnet creation events.
2026-05-05 18:25:52.449 9 INFO neutron.wsgi [None req-8e24e21c-d264-428b-a79f-3a33e27de457 0b14b58a11c7450988da3dcd3a66c133 a43616b0c9c04e6c9b2f5c5139d50744 - - - -] 10.0.0.159 "DELETE /v2.0/security-groups/6ecf7c77-6ada-4367-a535-099218b81525 HTTP/1.1" status: 204 len: 168 time: 0.3020535
2026-05-05 18:25:53.015 10 INFO neutron.db.ovn_revision_numbers_db [None req-af34421e-5dc4-412a-88c9-4b20cfbbc6bd b667cd28890846a5ad53998535d0e96c 3dd396b1b1df45a4ad462f0e3c096f59 - - - -] Successfully bumped revision number for resource 9e59e95a-e2b9-4cc6-b3b0-211ff8dea2a3 (type: ports) to 2
2026-05-05 18:25:53.037 10 INFO neutron.db.ovn_revision_numbers_db [None req-af34421e-5dc4-412a-88c9-4b20cfbbc6bd b667cd28890846a5ad53998535d0e96c 3dd396b1b1df45a4ad462f0e3c096f59 - - - -] Successfully bumped revision number for resource df9bd3e2-79c9-4810-9b56-f555b8b35fdf (type: subnets) to 0
2026-05-05 18:25:53.068 10 INFO neutron.wsgi [None req-af34421e-5dc4-412a-88c9-4b20cfbbc6bd b667cd28890846a5ad53998535d0e96c 3dd396b1b1df45a4ad462f0e3c096f59 - - - -] 10.0.0.159 "POST /v2.0/subnets HTTP/1.1" status: 201 len: 830 time: 1.1273744
2026-05-05 18:25:53.468 10 WARNING neutron.scheduler.dhcp_agent_scheduler [None req-7ad41a17-6078-4fd3-978c-56a76e342461 b667cd28890846a5ad53998535d0e96c 3dd396b1b1df45a4ad462f0e3c096f59 - - - -] No more DHCP agents
2026-05-05 18:25:53.471 10 WARNING neutron.api.rpc.agentnotifiers.dhcp_rpc_agent_api [None req-7ad41a17-6078-4fd3-978c-56a76e342461 b667cd28890846a5ad53998535d0e96c 3dd396b1b1df45a4ad462f0e3c096f59 - - - -] Unable to schedule network e4674dda-3def-483e-a930-32823de7e38c: no agents available; will retry on subsequent port and subnet creation events.
2026-05-05 18:25:53.519 10 INFO neutron.db.ovn_revision_numbers_db [None req-7ad41a17-6078-4fd3-978c-56a76e342461 b667cd28890846a5ad53998535d0e96c 3dd396b1b1df45a4ad462f0e3c096f59 - - - -] Successfully bumped revision number for resource 063e1f96-0d42-4e33-af4d-e9c72ba7f226 (type: subnets) to 0
2026-05-05 18:25:53.578 10 INFO neutron.wsgi [None req-7ad41a17-6078-4fd3-978c-56a76e342461 b667cd28890846a5ad53998535d0e96c 3dd396b1b1df45a4ad462f0e3c096f59 - - - -] 10.0.0.159 "POST /v2.0/subnets HTTP/1.1" status: 201 len: 905 time: 0.5013704
2026-05-05 18:25:54.331 10 WARNING neutron.scheduler.dhcp_agent_scheduler [None req-07d342bd-30db-415d-a35a-8a9cdc17fb49 b667cd28890846a5ad53998535d0e96c 3dd396b1b1df45a4ad462f0e3c096f59 - - - -] No more DHCP agents
2026-05-05 18:25:54.335 10 WARNING neutron.api.rpc.agentnotifiers.dhcp_rpc_agent_api [None req-07d342bd-30db-415d-a35a-8a9cdc17fb49 b667cd28890846a5ad53998535d0e96c 3dd396b1b1df45a4ad462f0e3c096f59 - - - -] Unable to schedule network 732d28ec-5654-4a0b-9d22-f70b8a8d3d40: no agents available; will retry on subsequent port and subnet creation events.
2026-05-05 18:25:54.529 10 INFO neutron.db.ovn_revision_numbers_db [None req-07d342bd-30db-415d-a35a-8a9cdc17fb49 b667cd28890846a5ad53998535d0e96c 3dd396b1b1df45a4ad462f0e3c096f59 - - - -] Successfully bumped revision number for resource 4df4b3ca-2ee6-4f7f-9c20-b4bb3cca0406 (type: ports) to 1
2026-05-05 18:25:55.068 9 INFO neutron.wsgi [-] 10.0.0.183 "GET / HTTP/1.1" status: 200 len: 247 time: 0.0028207
2026-05-05 18:25:55.070 9 INFO neutron.wsgi [-] 10.0.0.183 "GET / HTTP/1.1" status: 200 len: 247 time: 0.0014713
2026-05-05 18:25:55.241 10 INFO neutron.plugins.ml2.drivers.ovn.mech_driver.mech_driver [None req-c0162481-e94e-465b-9401-2cc8c42cf396 - - - - - -] OVN reports status up for port: 4df4b3ca-2ee6-4f7f-9c20-b4bb3cca0406
2026-05-05 18:25:55.255 9 INFO neutron.plugins.ml2.drivers.ovn.mech_driver.ovsdb.ovsdb_monitor [None req-3d2270e3-d4a3-474e-ae11-a21b5388b0df - - - - - -] Router ead73b70-e684-4ede-a894-a90d4de7152f is bound to host instance
2026-05-05 18:25:55.262 10 INFO neutron.plugins.ml2.plugin [None req-c0162481-e94e-465b-9401-2cc8c42cf396 - - - - - -] Attempt 1 to provision port 4df4b3ca-2ee6-4f7f-9c20-b4bb3cca0406
2026-05-05 18:25:55.357 10 INFO neutron.db.ovn_revision_numbers_db [None req-07d342bd-30db-415d-a35a-8a9cdc17fb49 b667cd28890846a5ad53998535d0e96c 3dd396b1b1df45a4ad462f0e3c096f59 - - - -] Successfully bumped revision number for resource 4df4b3ca-2ee6-4f7f-9c20-b4bb3cca0406 (type: router_ports) to 1
2026-05-05 18:25:55.479 10 INFO neutron.db.ovn_revision_numbers_db [None req-07d342bd-30db-415d-a35a-8a9cdc17fb49 b667cd28890846a5ad53998535d0e96c 3dd396b1b1df45a4ad462f0e3c096f59 - - - -] Successfully bumped revision number for resource ead73b70-e684-4ede-a894-a90d4de7152f (type: routers) to 3
2026-05-05 18:25:55.563 10 INFO neutron.wsgi [None req-07d342bd-30db-415d-a35a-8a9cdc17fb49 b667cd28890846a5ad53998535d0e96c 3dd396b1b1df45a4ad462f0e3c096f59 - - - -] 10.0.0.159 "POST /v2.0/routers HTTP/1.1" status: 201 len: 865 time: 1.9764125
2026-05-05 18:25:55.951 9 INFO neutron.db.ovn_revision_numbers_db [None req-3d2270e3-d4a3-474e-ae11-a21b5388b0df - - - - - -] Successfully bumped revision number for resource 4df4b3ca-2ee6-4f7f-9c20-b4bb3cca0406 (type: ports) to 1
2026-05-05 18:25:56.317 9 INFO neutron.db.ovn_revision_numbers_db [None req-3d2270e3-d4a3-474e-ae11-a21b5388b0df - - - - - -] Successfully bumped revision number for resource 4df4b3ca-2ee6-4f7f-9c20-b4bb3cca0406 (type: router_ports) to 3
2026-05-05 18:25:56.488 9 INFO neutron.db.ovn_revision_numbers_db [None req-3d2270e3-d4a3-474e-ae11-a21b5388b0df - - - - - -] Successfully bumped revision number for resource 4df4b3ca-2ee6-4f7f-9c20-b4bb3cca0406 (type: ports) to 2
2026-05-05 18:25:56.608 10 WARNING neutron.scheduler.dhcp_agent_scheduler [None req-19b9f0b7-f14d-47b9-9bf7-fed2160bbf00 b667cd28890846a5ad53998535d0e96c 3dd396b1b1df45a4ad462f0e3c096f59 - - default default] No more DHCP agents
2026-05-05 18:25:56.610 10 WARNING neutron.api.rpc.agentnotifiers.dhcp_rpc_agent_api [None req-19b9f0b7-f14d-47b9-9bf7-fed2160bbf00 b667cd28890846a5ad53998535d0e96c 3dd396b1b1df45a4ad462f0e3c096f59 - - default default] Unable to schedule network d35d4df4-d4c0-4083-80d6-d22eecaeeaa8: no agents available; will retry on subsequent port and subnet creation events.
2026-05-05 18:25:56.764 9 INFO neutron.db.ovn_revision_numbers_db [None req-3d2270e3-d4a3-474e-ae11-a21b5388b0df - - - - - -] Successfully bumped revision number for resource 4df4b3ca-2ee6-4f7f-9c20-b4bb3cca0406 (type: ports) to 4
2026-05-05 18:25:56.847 10 INFO neutron.db.ovn_revision_numbers_db [None req-19b9f0b7-f14d-47b9-9bf7-fed2160bbf00 b667cd28890846a5ad53998535d0e96c 3dd396b1b1df45a4ad462f0e3c096f59 - - default default] Successfully bumped revision number for resource fa82ca22-c5bb-4589-9665-f505f08b7b0b (type: ports) to 1
2026-05-05 18:25:57.037 9 INFO neutron.db.ovn_revision_numbers_db [None req-3d2270e3-d4a3-474e-ae11-a21b5388b0df - - - - - -] Successfully bumped revision number for resource 4df4b3ca-2ee6-4f7f-9c20-b4bb3cca0406 (type: router_ports) to 4
2026-05-05 18:25:57.467 10 INFO neutron.db.ovn_revision_numbers_db [None req-19b9f0b7-f14d-47b9-9bf7-fed2160bbf00 b667cd28890846a5ad53998535d0e96c 3dd396b1b1df45a4ad462f0e3c096f59 - - default default] Successfully bumped revision number for resource fa82ca22-c5bb-4589-9665-f505f08b7b0b (type: router_ports) to 2
2026-05-05 18:25:57.662 10 INFO neutron.db.ovn_revision_numbers_db [None req-19b9f0b7-f14d-47b9-9bf7-fed2160bbf00 b667cd28890846a5ad53998535d0e96c 3dd396b1b1df45a4ad462f0e3c096f59 - - default default] Successfully bumped revision number for resource fa82ca22-c5bb-4589-9665-f505f08b7b0b (type: ports) to 2
2026-05-05 18:25:57.710 10 INFO neutron.plugins.ml2.drivers.ovn.mech_driver.mech_driver [None req-c0162481-e94e-465b-9401-2cc8c42cf396 - - - - - -] OVN reports status up for port: fa82ca22-c5bb-4589-9665-f505f08b7b0b
2026-05-05 18:25:57.735 10 INFO neutron.plugins.ml2.plugin [None req-c0162481-e94e-465b-9401-2cc8c42cf396 - - - - - -] Attempt 1 to provision port fa82ca22-c5bb-4589-9665-f505f08b7b0b
2026-05-05 18:25:57.833 10 WARNING neutron.scheduler.dhcp_agent_scheduler [None req-19b9f0b7-f14d-47b9-9bf7-fed2160bbf00 b667cd28890846a5ad53998535d0e96c 3dd396b1b1df45a4ad462f0e3c096f59 - - default default] No more DHCP agents
2026-05-05 18:25:57.835 10 WARNING neutron.api.rpc.agentnotifiers.dhcp_rpc_agent_api [None req-19b9f0b7-f14d-47b9-9bf7-fed2160bbf00 b667cd28890846a5ad53998535d0e96c 3dd396b1b1df45a4ad462f0e3c096f59 - - default default] Unable to schedule network d35d4df4-d4c0-4083-80d6-d22eecaeeaa8: no agents available; will retry on subsequent port and subnet creation events.
2026-05-05 18:25:58.258 10 WARNING neutron.scheduler.dhcp_agent_scheduler [None req-f53373f8-a26e-41b2-9270-5387364444fc 9c36f753e6e14252bb4fd8d666af8bcf 5fc4b2d6843e4a9087a1d54a3bf83cf8 - - - -] No more DHCP agents
2026-05-05 18:25:58.268 10 WARNING neutron.api.rpc.agentnotifiers.dhcp_rpc_agent_api [None req-f53373f8-a26e-41b2-9270-5387364444fc 9c36f753e6e14252bb4fd8d666af8bcf 5fc4b2d6843e4a9087a1d54a3bf83cf8 - - - -] Unable to schedule network 732d28ec-5654-4a0b-9d22-f70b8a8d3d40: no agents available; will retry on subsequent port and subnet creation events.
2026-05-05 18:25:58.271 10 INFO neutron.db.ovn_revision_numbers_db [None req-c0162481-e94e-465b-9401-2cc8c42cf396 - - - - - -] Successfully bumped revision number for resource fa82ca22-c5bb-4589-9665-f505f08b7b0b (type: ports) to 3
2026-05-05 18:25:58.358 10 INFO neutron.db.ovn_revision_numbers_db [None req-19b9f0b7-f14d-47b9-9bf7-fed2160bbf00 b667cd28890846a5ad53998535d0e96c 3dd396b1b1df45a4ad462f0e3c096f59 - - - -] Successfully bumped revision number for resource fa82ca22-c5bb-4589-9665-f505f08b7b0b (type: router_ports) to 2
2026-05-05 18:25:58.371 10 INFO neutron.wsgi [None req-19b9f0b7-f14d-47b9-9bf7-fed2160bbf00 b667cd28890846a5ad53998535d0e96c 3dd396b1b1df45a4ad462f0e3c096f59 - - - -] 10.0.0.159 "PUT /v2.0/routers/ead73b70-e684-4ede-a894-a90d4de7152f/add_router_interface HTTP/1.1" status: 200 len: 503 time: 2.8012018
2026-05-05 18:25:58.463 10 INFO neutron.db.ovn_revision_numbers_db [None req-c0162481-e94e-465b-9401-2cc8c42cf396 - - - - - -] Successfully bumped revision number for resource fa82ca22-c5bb-4589-9665-f505f08b7b0b (type: router_ports) to 3
2026-05-05 18:25:58.816 10 INFO neutron.db.ovn_revision_numbers_db [None req-f53373f8-a26e-41b2-9270-5387364444fc 9c36f753e6e14252bb4fd8d666af8bcf 5fc4b2d6843e4a9087a1d54a3bf83cf8 - - - -] Successfully bumped revision number for resource 2fe7d59d-f5e4-4bbb-be06-f2704375a4fe (type: floatingips) to 0
2026-05-05 18:25:58.851 10 INFO neutron.wsgi [None req-f53373f8-a26e-41b2-9270-5387364444fc 9c36f753e6e14252bb4fd8d666af8bcf 5fc4b2d6843e4a9087a1d54a3bf83cf8 - - - -] 10.0.0.159 "POST /v2.0/floatingips HTTP/1.1" status: 201 len: 751 time: 1.4383914
2026-05-05 18:25:58.890 9 INFO neutron.db.ovn_revision_numbers_db [None req-c94faad3-9920-4595-aef3-21583357c337 0b14b58a11c7450988da3dcd3a66c133 a43616b0c9c04e6c9b2f5c5139d50744 - - default default] Successfully bumped revision number for resource b7d33282-3f91-4220-9a3b-51799bdf771e (type: security_groups) to 1
2026-05-05 18:25:58.927 9 INFO neutron.wsgi [None req-c94faad3-9920-4595-aef3-21583357c337 0b14b58a11c7450988da3dcd3a66c133 a43616b0c9c04e6c9b2f5c5139d50744 - - default default] 10.0.0.159 "GET /v2.0/security-groups?tenant_id=6ca63e70512e41c2811740284a08c0b2&name=default HTTP/1.1" status: 200 len: 2996 time: 0.4546928
2026-05-05 18:25:59.078 9 WARNING neutron.scheduler.dhcp_agent_scheduler [None req-58e16497-2a7b-422b-b6f7-e6df42667f02 b667cd28890846a5ad53998535d0e96c 3dd396b1b1df45a4ad462f0e3c096f59 - - default default] No more DHCP agents
2026-05-05 18:25:59.083 9 WARNING neutron.api.rpc.agentnotifiers.dhcp_rpc_agent_api [None req-58e16497-2a7b-422b-b6f7-e6df42667f02 b667cd28890846a5ad53998535d0e96c 3dd396b1b1df45a4ad462f0e3c096f59 - - default default] Unable to schedule network 4f452af7-8592-4aa2-80a3-2f0bb8da319f: no agents available; will retry on subsequent port and subnet creation events.
2026-05-05 18:25:59.223 10 WARNING neutron.scheduler.dhcp_agent_scheduler [None req-bb17714d-cdfc-43cf-ab70-917c0f79180a 9c36f753e6e14252bb4fd8d666af8bcf 5fc4b2d6843e4a9087a1d54a3bf83cf8 - - - -] No more DHCP agents
2026-05-05 18:25:59.225 10 WARNING neutron.api.rpc.agentnotifiers.dhcp_rpc_agent_api [None req-bb17714d-cdfc-43cf-ab70-917c0f79180a 9c36f753e6e14252bb4fd8d666af8bcf 5fc4b2d6843e4a9087a1d54a3bf83cf8 - - - -] Unable to schedule network 732d28ec-5654-4a0b-9d22-f70b8a8d3d40: no agents available; will retry on subsequent port and subnet creation events.
2026-05-05 18:25:59.269 10 INFO neutron.wsgi [None req-578dc5a3-9306-4f64-9c74-9104e755c1e0 0b14b58a11c7450988da3dcd3a66c133 a43616b0c9c04e6c9b2f5c5139d50744 - - - -] 10.0.0.159 "DELETE /v2.0/security-groups/b7d33282-3f91-4220-9a3b-51799bdf771e HTTP/1.1" status: 204 len: 168 time: 0.3274534
