2026-05-05 18:30:57.894 10 INFO neutron.wsgi [None req-78df18ac-f850-478a-9b72-88be932fed13 cfd1b419bd5b43629b2a49e62ed3207e 8655d14cea674b31aa81f3e8b873c414 - - default default] 10.0.0.159 "GET /v2.0/subnetpools?not-tags=red HTTP/1.1" status: 200 len: 1223 time: 0.0323372
2026-05-05 18:30:57.942 10 INFO neutron.wsgi [None req-c5d41060-22f5-4137-b8b5-136a08a8be96 cfd1b419bd5b43629b2a49e62ed3207e 8655d14cea674b31aa81f3e8b873c414 - - default default] 10.0.0.159 "GET /v2.0/subnetpools?not-tags=red%2Cblue HTTP/1.1" status: 200 len: 1730 time: 0.0430207
2026-05-05 18:30:57.983 10 INFO neutron.wsgi [None req-ec301282-5229-4559-916f-28f7b2b6b781 cfd1b419bd5b43629b2a49e62ed3207e 8655d14cea674b31aa81f3e8b873c414 - - default default] 10.0.0.159 "GET /v2.0/subnetpools?not-tags-any=blue HTTP/1.1" status: 200 len: 1730 time: 0.0361729
2026-05-05 18:30:58.012 10 INFO neutron.wsgi [None req-f9b6859c-6ba7-46a6-93aa-d59482f60771 cfd1b419bd5b43629b2a49e62ed3207e 8655d14cea674b31aa81f3e8b873c414 - - default default] 10.0.0.159 "GET /v2.0/subnetpools?not-tags-any=red%2Cblue HTTP/1.1" status: 200 len: 1223 time: 0.0234349
2026-05-05 18:30:58.101 10 INFO neutron.wsgi [None req-b4a42625-fabf-4b30-a91a-cd8e0780e8c9 cfd1b419bd5b43629b2a49e62ed3207e 8655d14cea674b31aa81f3e8b873c414 - - - -] 10.0.0.159 "DELETE /v2.0/subnetpools/aa0c14b1-73c7-4a53-b1a4-89d886a47de4 HTTP/1.1" status: 204 len: 168 time: 0.0830781
2026-05-05 18:30:58.161 10 INFO neutron.wsgi [None req-aa325b3b-ec96-4163-8da7-276f6282805d cfd1b419bd5b43629b2a49e62ed3207e 8655d14cea674b31aa81f3e8b873c414 - - - -] 10.0.0.159 "DELETE /v2.0/subnetpools/48363651-827e-48ef-89e8-79afd3d61a87 HTTP/1.1" status: 204 len: 168 time: 0.0549912
2026-05-05 18:30:58.219 10 INFO neutron.wsgi [None req-df9e4496-3a7e-4d33-9d6b-f72cf30864d5 cfd1b419bd5b43629b2a49e62ed3207e 8655d14cea674b31aa81f3e8b873c414 - - - -] 10.0.0.159 "DELETE /v2.0/subnetpools/c0906f99-dc6c-492e-8fcc-9f8f9cbe633c HTTP/1.1" status: 204 len: 168 time: 0.0513573
2026-05-05 18:30:58.275 10 INFO neutron.wsgi [None req-cd7ed6ab-de09-4c64-9015-d63cbd69e3aa cfd1b419bd5b43629b2a49e62ed3207e 8655d14cea674b31aa81f3e8b873c414 - - - -] 10.0.0.159 "DELETE /v2.0/subnetpools/4064f3b4-1b74-4026-9389-6844213ac01b HTTP/1.1" status: 204 len: 168 time: 0.0502751
2026-05-05 18:30:58.327 10 INFO neutron.wsgi [None req-ad59e88d-ca78-46a1-b90f-bd58ecf5c2e6 cfd1b419bd5b43629b2a49e62ed3207e 8655d14cea674b31aa81f3e8b873c414 - - - -] 10.0.0.159 "DELETE /v2.0/subnetpools/673119e4-0baf-4783-95bc-47b128599d72 HTTP/1.1" status: 204 len: 168 time: 0.0459602
2026-05-05 18:30:59.411 10 INFO neutron.db.ovn_revision_numbers_db [None req-596f8ad2-ea36-49d7-9660-9f8c5caa8065 0b14b58a11c7450988da3dcd3a66c133 a43616b0c9c04e6c9b2f5c5139d50744 - - default default] Successfully bumped revision number for resource 5530abea-1d95-4ad0-af56-5a57bf189dc0 (type: security_groups) to 1
2026-05-05 18:30:59.443 10 INFO neutron.wsgi [None req-596f8ad2-ea36-49d7-9660-9f8c5caa8065 0b14b58a11c7450988da3dcd3a66c133 a43616b0c9c04e6c9b2f5c5139d50744 - - default default] 10.0.0.159 "GET /v2.0/security-groups?tenant_id=8655d14cea674b31aa81f3e8b873c414&name=default HTTP/1.1" status: 200 len: 3000 time: 0.2805195
2026-05-05 18:30:59.688 10 INFO neutron.wsgi [None req-83c9574a-01dd-4246-a08a-0bb119f030fb 0b14b58a11c7450988da3dcd3a66c133 a43616b0c9c04e6c9b2f5c5139d50744 - - - -] 10.0.0.159 "DELETE /v2.0/security-groups/5530abea-1d95-4ad0-af56-5a57bf189dc0 HTTP/1.1" status: 204 len: 168 time: 0.2395530
2026-05-05 18:30:59.881 9 INFO neutron.db.ovn_revision_numbers_db [None req-acf970b4-1676-42ec-b97a-bb927ec53f8e 0b14b58a11c7450988da3dcd3a66c133 a43616b0c9c04e6c9b2f5c5139d50744 - - default default] Successfully bumped revision number for resource 0053e734-59ab-4f77-bd5f-ff6143af9626 (type: security_groups) to 1
2026-05-05 18:30:59.915 9 INFO neutron.wsgi [None req-acf970b4-1676-42ec-b97a-bb927ec53f8e 0b14b58a11c7450988da3dcd3a66c133 a43616b0c9c04e6c9b2f5c5139d50744 - - default default] 10.0.0.159 "GET /v2.0/security-groups?tenant_id=7ac375daba6f4a3ab96c2b9b3219c728&name=default HTTP/1.1" status: 200 len: 3000 time: 0.1301391
2026-05-05 18:31:00.090 10 INFO neutron.wsgi [None req-7ab016d3-7138-435a-b0b1-2eb451cc6fcd 0b14b58a11c7450988da3dcd3a66c133 a43616b0c9c04e6c9b2f5c5139d50744 - - - -] 10.0.0.159 "DELETE /v2.0/security-groups/0053e734-59ab-4f77-bd5f-ff6143af9626 HTTP/1.1" status: 204 len: 168 time: 0.1677129
2026-05-05 18:31:00.340 10 INFO neutron.db.ovn_revision_numbers_db [None req-c078fa04-5cc6-4910-9835-2f7c9fdd83d2 0b14b58a11c7450988da3dcd3a66c133 a43616b0c9c04e6c9b2f5c5139d50744 - - default default] Successfully bumped revision number for resource b5fba7ee-a196-40e8-b8fd-531a0696bcb1 (type: security_groups) to 1
2026-05-05 18:31:00.367 10 INFO neutron.wsgi [None req-c078fa04-5cc6-4910-9835-2f7c9fdd83d2 0b14b58a11c7450988da3dcd3a66c133 a43616b0c9c04e6c9b2f5c5139d50744 - - default default] 10.0.0.159 "GET /v2.0/security-groups?tenant_id=4eebd9982da848ebaa29f9ce9ca14f46&name=default HTTP/1.1" status: 200 len: 3000 time: 0.1150949
2026-05-05 18:31:00.544 10 INFO neutron.wsgi [None req-b260136f-343b-4b1b-b88b-5d5c2710099d 0b14b58a11c7450988da3dcd3a66c133 a43616b0c9c04e6c9b2f5c5139d50744 - - - -] 10.0.0.159 "DELETE /v2.0/security-groups/b5fba7ee-a196-40e8-b8fd-531a0696bcb1 HTTP/1.1" status: 204 len: 168 time: 0.1725819
2026-05-05 18:31:03.882 9 INFO neutron.db.ovn_revision_numbers_db [None req-15b33d5e-f971-422f-af03-83043d2840b9 698eaa9ff2ad43e79a8f5432a196a5e0 ec5498cf9a9a40308b7e70c924f417a3 - - - -] Successfully bumped revision number for resource 8211739a-937a-40b2-9436-2bec167d8da0 (type: security_groups) to 1
2026-05-05 18:31:03.933 9 INFO neutron.db.segments_db [None req-15b33d5e-f971-422f-af03-83043d2840b9 698eaa9ff2ad43e79a8f5432a196a5e0 ec5498cf9a9a40308b7e70c924f417a3 - - - -] Added segment 1c1bb89b-d800-46d5-8304-8844973e884a of type geneve for network fe9afc53-8ff5-40d2-b4da-fa580221809a
2026-05-05 18:31:04.066 9 INFO neutron.db.ovn_revision_numbers_db [None req-15b33d5e-f971-422f-af03-83043d2840b9 698eaa9ff2ad43e79a8f5432a196a5e0 ec5498cf9a9a40308b7e70c924f417a3 - - - -] Successfully bumped revision number for resource fe9afc53-8ff5-40d2-b4da-fa580221809a (type: networks) to 1
2026-05-05 18:31:04.279 9 WARNING neutron.scheduler.dhcp_agent_scheduler [None req-15b33d5e-f971-422f-af03-83043d2840b9 698eaa9ff2ad43e79a8f5432a196a5e0 ec5498cf9a9a40308b7e70c924f417a3 - - - -] No more DHCP agents
2026-05-05 18:31:04.282 9 WARNING neutron.api.rpc.agentnotifiers.dhcp_rpc_agent_api [None req-15b33d5e-f971-422f-af03-83043d2840b9 698eaa9ff2ad43e79a8f5432a196a5e0 ec5498cf9a9a40308b7e70c924f417a3 - - - -] Unable to schedule network fe9afc53-8ff5-40d2-b4da-fa580221809a: no agents available; will retry on subsequent port and subnet creation events.
2026-05-05 18:31:04.346 9 INFO neutron.db.ovn_revision_numbers_db [None req-15b33d5e-f971-422f-af03-83043d2840b9 698eaa9ff2ad43e79a8f5432a196a5e0 ec5498cf9a9a40308b7e70c924f417a3 - - - -] Successfully bumped revision number for resource 3f7ccc0b-aa95-43f8-9465-bceb1062764c (type: ports) to 1
2026-05-05 18:31:04.373 9 INFO neutron.wsgi [None req-15b33d5e-f971-422f-af03-83043d2840b9 698eaa9ff2ad43e79a8f5432a196a5e0 ec5498cf9a9a40308b7e70c924f417a3 - - - -] 10.0.0.159 "POST /v2.0/networks HTTP/1.1" status: 201 len: 831 time: 0.7678180
2026-05-05 18:31:04.870 9 WARNING neutron.scheduler.dhcp_agent_scheduler [None req-4859817b-f22b-4e4d-b5d6-6b43c143163c 698eaa9ff2ad43e79a8f5432a196a5e0 ec5498cf9a9a40308b7e70c924f417a3 - - - -] No more DHCP agents
2026-05-05 18:31:04.872 9 WARNING neutron.api.rpc.agentnotifiers.dhcp_rpc_agent_api [None req-4859817b-f22b-4e4d-b5d6-6b43c143163c 698eaa9ff2ad43e79a8f5432a196a5e0 ec5498cf9a9a40308b7e70c924f417a3 - - - -] Unable to schedule network fe9afc53-8ff5-40d2-b4da-fa580221809a: no agents available; will retry on subsequent port and subnet creation events.
2026-05-05 18:31:05.328 9 INFO neutron.db.ovn_revision_numbers_db [None req-4859817b-f22b-4e4d-b5d6-6b43c143163c 698eaa9ff2ad43e79a8f5432a196a5e0 ec5498cf9a9a40308b7e70c924f417a3 - - - -] Successfully bumped revision number for resource 3f7ccc0b-aa95-43f8-9465-bceb1062764c (type: ports) to 2
2026-05-05 18:31:05.343 9 INFO neutron.db.ovn_revision_numbers_db [None req-4859817b-f22b-4e4d-b5d6-6b43c143163c 698eaa9ff2ad43e79a8f5432a196a5e0 ec5498cf9a9a40308b7e70c924f417a3 - - - -] Successfully bumped revision number for resource 8af97523-9dcd-4837-9cc0-c1697563dd87 (type: subnets) to 0
2026-05-05 18:31:05.362 9 INFO neutron.wsgi [None req-4859817b-f22b-4e4d-b5d6-6b43c143163c 698eaa9ff2ad43e79a8f5432a196a5e0 ec5498cf9a9a40308b7e70c924f417a3 - - - -] 10.0.0.159 "POST /v2.0/subnets HTTP/1.1" status: 201 len: 801 time: 0.9845793
2026-05-05 18:31:05.415 9 INFO neutron.wsgi [None req-48cb9a04-aee7-4fa4-8268-020582e00f70 698eaa9ff2ad43e79a8f5432a196a5e0 ec5498cf9a9a40308b7e70c924f417a3 - - - -] 10.0.0.159 "PUT /v2.0/subnets/8af97523-9dcd-4837-9cc0-c1697563dd87/tags HTTP/1.1" status: 200 len: 218 time: 0.0466135
2026-05-05 18:31:05.460 9 INFO neutron.wsgi [None req-6b96f8f9-1440-448c-9c5c-95f26b709c8d 698eaa9ff2ad43e79a8f5432a196a5e0 ec5498cf9a9a40308b7e70c924f417a3 - - default default] 10.0.0.159 "GET /v2.0/subnets/8af97523-9dcd-4837-9cc0-c1697563dd87/tags HTTP/1.1" status: 200 len: 218 time: 0.0400336
2026-05-05 18:31:05.509 9 INFO neutron.wsgi [None req-3cb239a6-685b-4cfb-bec8-26f6b0b1b62f 698eaa9ff2ad43e79a8f5432a196a5e0 ec5498cf9a9a40308b7e70c924f417a3 - - - -] 10.0.0.159 "PUT /v2.0/subnets/8af97523-9dcd-4837-9cc0-c1697563dd87/tags/green HTTP/1.1" status: 201 len: 201 time: 0.0454574
2026-05-05 18:31:05.553 9 INFO neutron.wsgi [None req-56acf882-344a-41e8-b87b-6e5fb5341fd4 698eaa9ff2ad43e79a8f5432a196a5e0 ec5498cf9a9a40308b7e70c924f417a3 - - default default] 10.0.0.159 "GET /v2.0/subnets/8af97523-9dcd-4837-9cc0-c1697563dd87/tags HTTP/1.1" status: 200 len: 227 time: 0.0385253
2026-05-05 18:31:05.596 9 INFO neutron.wsgi [None req-2d2eadc7-c4e7-481e-878d-b338a717a915 698eaa9ff2ad43e79a8f5432a196a5e0 ec5498cf9a9a40308b7e70c924f417a3 - - - -] 10.0.0.159 "PUT /v2.0/subnets/8af97523-9dcd-4837-9cc0-c1697563dd87/tags/red HTTP/1.1" status: 201 len: 201 time: 0.0364914
2026-05-05 18:31:05.636 9 INFO neutron.wsgi [None req-694478cd-2bfe-45db-9035-7a71b5c8e8ca 698eaa9ff2ad43e79a8f5432a196a5e0 ec5498cf9a9a40308b7e70c924f417a3 - - default default] 10.0.0.159 "GET /v2.0/subnets/8af97523-9dcd-4837-9cc0-c1697563dd87/tags HTTP/1.1" status: 200 len: 227 time: 0.0343139
2026-05-05 18:31:05.684 9 INFO neutron.wsgi [None req-93af3714-c940-43ef-9231-ef811b529f39 698eaa9ff2ad43e79a8f5432a196a5e0 ec5498cf9a9a40308b7e70c924f417a3 - - - -] 10.0.0.159 "PUT /v2.0/subnets/8af97523-9dcd-4837-9cc0-c1697563dd87/tags/black.or.white HTTP/1.1" status: 201 len: 201 time: 0.0417087
2026-05-05 18:31:05.727 9 INFO neutron.wsgi [None req-c52d6244-4354-42d0-b837-497a4d273489 698eaa9ff2ad43e79a8f5432a196a5e0 ec5498cf9a9a40308b7e70c924f417a3 - - default default] 10.0.0.159 "GET /v2.0/subnets/8af97523-9dcd-4837-9cc0-c1697563dd87/tags HTTP/1.1" status: 200 len: 245 time: 0.0367730
2026-05-05 18:31:05.780 9 INFO neutron.wsgi [None req-b02d1cdf-bb5b-4041-b054-40af051544b9 698eaa9ff2ad43e79a8f5432a196a5e0 ec5498cf9a9a40308b7e70c924f417a3 - - - -] 10.0.0.159 "PUT /v2.0/subnets/8af97523-9dcd-4837-9cc0-c1697563dd87/tags HTTP/1.1" status: 200 len: 230 time: 0.0462475
2026-05-05 18:31:05.817 9 INFO neutron.wsgi [None req-d1991897-80f7-4824-b4b3-b5bbfd27ec00 698eaa9ff2ad43e79a8f5432a196a5e0 ec5498cf9a9a40308b7e70c924f417a3 - - default default] 10.0.0.159 "GET /v2.0/subnets/8af97523-9dcd-4837-9cc0-c1697563dd87/tags HTTP/1.1" status: 200 len: 230 time: 0.0311825
2026-05-05 18:31:05.863 9 INFO neutron.wsgi [None req-91cb793c-d028-4bad-a2e5-95bcad979e2f 698eaa9ff2ad43e79a8f5432a196a5e0 ec5498cf9a9a40308b7e70c924f417a3 - - default default] 10.0.0.159 "GET /v2.0/subnets/8af97523-9dcd-4837-9cc0-c1697563dd87/tags/red HTTP/1.1" status: 204 len: 168 time: 0.0401211
2026-05-05 18:31:05.899 10 INFO neutron.api.v2.resource [None req-f6ca42c3-2e28-4428-bccf-3e433f83bc92 698eaa9ff2ad43e79a8f5432a196a5e0 ec5498cf9a9a40308b7e70c924f417a3 - - default default] show failed (client error): The resource could not be found.
2026-05-05 18:31:05.901 10 INFO neutron.wsgi [None req-f6ca42c3-2e28-4428-bccf-3e433f83bc92 698eaa9ff2ad43e79a8f5432a196a5e0 ec5498cf9a9a40308b7e70c924f417a3 - - default default] 10.0.0.159 "GET /v2.0/subnets/8af97523-9dcd-4837-9cc0-c1697563dd87/tags/green HTTP/1.1" status: 404 len: 299 time: 0.0323861
2026-05-05 18:31:05.952 10 INFO neutron.wsgi [None req-d25b2602-69e6-4f24-a50b-0ba096316eb1 698eaa9ff2ad43e79a8f5432a196a5e0 ec5498cf9a9a40308b7e70c924f417a3 - - - -] 10.0.0.159 "DELETE /v2.0/subnets/8af97523-9dcd-4837-9cc0-c1697563dd87/tags/red HTTP/1.1" status: 204 len: 168 time: 0.0449800
2026-05-05 18:31:05.991 10 INFO neutron.wsgi [None req-c3fe827d-73ef-4608-841a-80dfe903c7d1 698eaa9ff2ad43e79a8f5432a196a5e0 ec5498cf9a9a40308b7e70c924f417a3 - - default default] 10.0.0.159 "GET /v2.0/subnets/8af97523-9dcd-4837-9cc0-c1697563dd87/tags HTTP/1.1" status: 200 len: 223 time: 0.0329819
2026-05-05 18:31:06.029 10 INFO neutron.api.v2.resource [None req-df937d80-eafa-442a-920e-a1dd2955e03b 698eaa9ff2ad43e79a8f5432a196a5e0 ec5498cf9a9a40308b7e70c924f417a3 - - - -] delete failed (client error): The resource could not be found.
2026-05-05 18:31:06.030 10 INFO neutron.wsgi [None req-df937d80-eafa-442a-920e-a1dd2955e03b 698eaa9ff2ad43e79a8f5432a196a5e0 ec5498cf9a9a40308b7e70c924f417a3 - - - -] 10.0.0.159 "DELETE /v2.0/subnets/8af97523-9dcd-4837-9cc0-c1697563dd87/tags/green HTTP/1.1" status: 404 len: 299 time: 0.0337529
2026-05-05 18:31:06.088 10 INFO neutron.wsgi [None req-f492ab13-4843-4b24-9236-b9ee58f7493c 698eaa9ff2ad43e79a8f5432a196a5e0 ec5498cf9a9a40308b7e70c924f417a3 - - - -] 10.0.0.159 "DELETE /v2.0/subnets/8af97523-9dcd-4837-9cc0-c1697563dd87/tags HTTP/1.1" status: 204 len: 168 time: 0.0520992
2026-05-05 18:31:06.128 10 INFO neutron.wsgi [None req-7e30e0e8-fed9-4ede-8956-e9c906eacefc 698eaa9ff2ad43e79a8f5432a196a5e0 ec5498cf9a9a40308b7e70c924f417a3 - - default default] 10.0.0.159 "GET /v2.0/subnets/8af97523-9dcd-4837-9cc0-c1697563dd87/tags HTTP/1.1" status: 200 len: 205 time: 0.0338011
2026-05-05 18:31:06.353 10 INFO neutron.wsgi [None req-89c89e76-c401-446b-9900-39208378ae96 698eaa9ff2ad43e79a8f5432a196a5e0 ec5498cf9a9a40308b7e70c924f417a3 - - - -] 10.0.0.159 "DELETE /v2.0/subnets/8af97523-9dcd-4837-9cc0-c1697563dd87 HTTP/1.1" status: 204 len: 168 time: 0.2194664
2026-05-05 18:31:06.732 10 INFO neutron.services.segments.plugin [-] Segment 1c1bb89b-d800-46d5-8304-8844973e884a resource provider aggregate not found
2026-05-05 18:31:06.737 10 INFO neutron.services.segments.plugin [-] Segment 1c1bb89b-d800-46d5-8304-8844973e884a resource provider aggregate not found
2026-05-05 18:31:06.755 10 INFO neutron.services.segments.plugin [-] Segment 1c1bb89b-d800-46d5-8304-8844973e884a resource provider not found; error: Placement Client Error (4xx): {"errors": [{"status": 404, "title": "Not Found", "detail": "The resource could not be found.\n\n No resource provider with uuid 1c1bb89b-d800-46d5-8304-8844973e884a found for delete ", "request_id": "req-8f5e621c-3104-45f5-a462-565aa75a8004"}]}
2026-05-05 18:31:06.758 10 INFO neutron.services.segments.plugin [-] Segment 1c1bb89b-d800-46d5-8304-8844973e884a resource provider not found; error: Placement Client Error (4xx): {"errors": [{"status": 404, "title": "Not Found", "detail": "The resource could not be found.\n\n No resource provider with uuid 1c1bb89b-d800-46d5-8304-8844973e884a found for delete ", "request_id": "req-ce558bf9-43ac-4870-8380-d57a6bd99a79"}]}
2026-05-05 18:31:06.771 10 INFO neutron.wsgi [None req-2676e9fd-2e1e-4f04-8192-6ba498d4bf71 698eaa9ff2ad43e79a8f5432a196a5e0 ec5498cf9a9a40308b7e70c924f417a3 - - - -] 10.0.0.159 "DELETE /v2.0/networks/fe9afc53-8ff5-40d2-b4da-fa580221809a HTTP/1.1" status: 204 len: 168 time: 0.4123902
2026-05-05 18:31:07.614 9 INFO neutron.wsgi [None req-ae947532-1ac8-4988-9b63-66206687813a 0b14b58a11c7450988da3dcd3a66c133 a43616b0c9c04e6c9b2f5c5139d50744 - - default default] 10.0.0.159 "GET /v2.0/security-groups?tenant_id=ec5498cf9a9a40308b7e70c924f417a3&name=default HTTP/1.1" status: 200 len: 3000 time: 0.1535482
2026-05-05 18:31:07.820 9 INFO neutron.wsgi [None req-7184c6dd-2e43-4ee6-ac59-fe6f00f152cb 0b14b58a11c7450988da3dcd3a66c133 a43616b0c9c04e6c9b2f5c5139d50744 - - - -] 10.0.0.159 "DELETE /v2.0/security-groups/8211739a-937a-40b2-9436-2bec167d8da0 HTTP/1.1" status: 204 len: 168 time: 0.1954610
2026-05-05 18:31:08.051 9 INFO neutron.db.ovn_revision_numbers_db [None req-9577bee3-22bb-44a6-83a4-21cc1cff7055 0b14b58a11c7450988da3dcd3a66c133 a43616b0c9c04e6c9b2f5c5139d50744 - - default default] Successfully bumped revision number for resource 96997353-c5d4-496a-be5f-724f128504a8 (type: security_groups) to 1
2026-05-05 18:31:08.075 9 INFO neutron.wsgi [None req-9577bee3-22bb-44a6-83a4-21cc1cff7055 0b14b58a11c7450988da3dcd3a66c133 a43616b0c9c04e6c9b2f5c5139d50744 - - default default] 10.0.0.159 "GET /v2.0/security-groups?tenant_id=f587b078d3eb4df5a7c7b0efd36723c8&name=default HTTP/1.1" status: 200 len: 3000 time: 0.1258924
2026-05-05 18:31:08.270 9 INFO neutron.wsgi [None req-441e32b8-fe90-49f1-b255-643166e53258 0b14b58a11c7450988da3dcd3a66c133 a43616b0c9c04e6c9b2f5c5139d50744 - - - -] 10.0.0.159 "DELETE /v2.0/security-groups/96997353-c5d4-496a-be5f-724f128504a8 HTTP/1.1" status: 204 len: 168 time: 0.1882818
2026-05-05 18:31:10.067 10 INFO neutron.wsgi [-] 10.0.0.183 "GET / HTTP/1.1" status: 200 len: 247 time: 0.0020561
2026-05-05 18:31:10.068 9 INFO neutron.wsgi [-] 10.0.0.183 "GET / HTTP/1.1" status: 200 len: 247 time: 0.0032971
2026-05-05 18:31:11.831 9 INFO neutron.db.ovn_revision_numbers_db [None req-ad2b850f-e4c9-41db-89de-4dc1251a23f3 b9de3b82f2a24824820308072732c9e2 d32c4c51c1014887820f797292fd6cbc - - - -] Successfully bumped revision number for resource f52c3242-f14c-477a-b4ba-d957f191409f (type: security_groups) to 1
2026-05-05 18:31:11.882 9 INFO neutron.db.segments_db [None req-ad2b850f-e4c9-41db-89de-4dc1251a23f3 b9de3b82f2a24824820308072732c9e2 d32c4c51c1014887820f797292fd6cbc - - - -] Added segment 94e3bb85-c705-4390-b09d-c99720cbcede of type geneve for network 6a5d93d0-c400-4fd4-a953-8a04a9a39686
2026-05-05 18:31:12.017 9 INFO neutron.db.ovn_revision_numbers_db [None req-ad2b850f-e4c9-41db-89de-4dc1251a23f3 b9de3b82f2a24824820308072732c9e2 d32c4c51c1014887820f797292fd6cbc - - - -] Successfully bumped revision number for resource 6a5d93d0-c400-4fd4-a953-8a04a9a39686 (type: networks) to 1
2026-05-05 18:31:12.217 9 WARNING neutron.scheduler.dhcp_agent_scheduler [None req-ad2b850f-e4c9-41db-89de-4dc1251a23f3 b9de3b82f2a24824820308072732c9e2 d32c4c51c1014887820f797292fd6cbc - - - -] No more DHCP agents
2026-05-05 18:31:12.220 9 WARNING neutron.api.rpc.agentnotifiers.dhcp_rpc_agent_api [None req-ad2b850f-e4c9-41db-89de-4dc1251a23f3 b9de3b82f2a24824820308072732c9e2 d32c4c51c1014887820f797292fd6cbc - - - -] Unable to schedule network 6a5d93d0-c400-4fd4-a953-8a04a9a39686: no agents available; will retry on subsequent port and subnet creation events.
2026-05-05 18:31:12.292 9 INFO neutron.db.ovn_revision_numbers_db [None req-ad2b850f-e4c9-41db-89de-4dc1251a23f3 b9de3b82f2a24824820308072732c9e2 d32c4c51c1014887820f797292fd6cbc - - - -] Successfully bumped revision number for resource 49e494a1-8cef-4b38-b6a6-f26ee06eac5d (type: ports) to 1
2026-05-05 18:31:12.324 9 INFO neutron.wsgi [None req-ad2b850f-e4c9-41db-89de-4dc1251a23f3 b9de3b82f2a24824820308072732c9e2 d32c4c51c1014887820f797292fd6cbc - - - -] 10.0.0.159 "POST /v2.0/networks HTTP/1.1" status: 201 len: 831 time: 0.8142004
2026-05-05 18:31:12.635 9 WARNING neutron.scheduler.dhcp_agent_scheduler [None req-03362803-6fb6-4b0f-ac74-3bc560edf6e1 b9de3b82f2a24824820308072732c9e2 d32c4c51c1014887820f797292fd6cbc - - - -] No more DHCP agents
2026-05-05 18:31:12.637 9 WARNING neutron.api.rpc.agentnotifiers.dhcp_rpc_agent_api [None req-03362803-6fb6-4b0f-ac74-3bc560edf6e1 b9de3b82f2a24824820308072732c9e2 d32c4c51c1014887820f797292fd6cbc - - - -] Unable to schedule network 6a5d93d0-c400-4fd4-a953-8a04a9a39686: no agents available; will retry on subsequent port and subnet creation events.
2026-05-05 18:31:12.741 9 INFO neutron.db.ovn_revision_numbers_db [None req-03362803-6fb6-4b0f-ac74-3bc560edf6e1 b9de3b82f2a24824820308072732c9e2 d32c4c51c1014887820f797292fd6cbc - - - -] Successfully bumped revision number for resource 9ba074ef-320b-4e18-af1c-fed4e0010966 (type: ports) to 1
2026-05-05 18:31:12.773 9 INFO neutron.wsgi [None req-03362803-6fb6-4b0f-ac74-3bc560edf6e1 b9de3b82f2a24824820308072732c9e2 d32c4c51c1014887820f797292fd6cbc - - - -] 10.0.0.159 "POST /v2.0/ports HTTP/1.1" status: 201 len: 942 time: 0.4419553 /var/lib/openstack/lib/python3.10/site-packages/pycadf/identifier.py:71: UserWarning: Invalid uuid: neutron. To ensure interoperability, identifiers should be a valid uuid. warnings.warn(('Invalid uuid: %s. To ensure interoperability, '
2026-05-05 18:31:13.029 9 INFO neutron.wsgi [None req-9b6427b9-6fd6-4bba-a905-b5e946134e4f b9de3b82f2a24824820308072732c9e2 d32c4c51c1014887820f797292fd6cbc - - - -] 10.0.0.159 "POST /v2.0/trunks HTTP/1.1" status: 201 len: 608 time: 0.2511311
2026-05-05 18:31:13.069 9 INFO neutron.wsgi [None req-95d0e1c4-bc95-4884-bc55-c4707050baab b9de3b82f2a24824820308072732c9e2 d32c4c51c1014887820f797292fd6cbc - - - -] 10.0.0.159 "PUT /v2.0/trunks/0190f2e5-5c99-4941-a5d4-20c7645e1605/tags HTTP/1.1" status: 200 len: 218 time: 0.0326653
2026-05-05 18:31:13.089 9 INFO neutron.wsgi [None req-da9a1292-d3a7-4c6e-9dcd-119ec672fa52 b9de3b82f2a24824820308072732c9e2 d32c4c51c1014887820f797292fd6cbc - - default default] 10.0.0.159 "GET /v2.0/trunks/0190f2e5-5c99-4941-a5d4-20c7645e1605/tags HTTP/1.1" status: 200 len: 218 time: 0.0143101
2026-05-05 18:31:13.130 9 INFO neutron.wsgi [None req-24d51cef-0a82-453f-9837-78bcfaf0c6cc b9de3b82f2a24824820308072732c9e2 d32c4c51c1014887820f797292fd6cbc - - - -] 10.0.0.159 "PUT /v2.0/trunks/0190f2e5-5c99-4941-a5d4-20c7645e1605/tags/green HTTP/1.1" status: 201 len: 201 time: 0.0360527
2026-05-05 18:31:13.151 9 INFO neutron.wsgi [None req-5e0bf0ca-10f9-4e41-b8a8-b6171b7450c1 b9de3b82f2a24824820308072732c9e2 d32c4c51c1014887820f797292fd6cbc - - default default] 10.0.0.159 "GET /v2.0/trunks/0190f2e5-5c99-4941-a5d4-20c7645e1605/tags HTTP/1.1" status: 200 len: 227 time: 0.0159512
2026-05-05 18:31:13.171 9 INFO neutron.wsgi [None req-d855e5d4-448e-4e17-8b04-95f47add5850 b9de3b82f2a24824820308072732c9e2 d32c4c51c1014887820f797292fd6cbc - - - -] 10.0.0.159 "PUT /v2.0/trunks/0190f2e5-5c99-4941-a5d4-20c7645e1605/tags/red HTTP/1.1" status: 201 len: 201 time: 0.0150650
2026-05-05 18:31:13.192 9 INFO neutron.wsgi [None req-8d6ea335-0193-44ef-997b-788eefbd9326 b9de3b82f2a24824820308072732c9e2 d32c4c51c1014887820f797292fd6cbc - - default default] 10.0.0.159 "GET /v2.0/trunks/0190f2e5-5c99-4941-a5d4-20c7645e1605/tags HTTP/1.1" status: 200 len: 227 time: 0.0153670
2026-05-05 18:31:13.228 9 INFO neutron.wsgi [None req-83a6cdd1-1219-485d-9390-181b7949bb71 b9de3b82f2a24824820308072732c9e2 d32c4c51c1014887820f797292fd6cbc - - - -] 10.0.0.159 "PUT /v2.0/trunks/0190f2e5-5c99-4941-a5d4-20c7645e1605/tags/black.or.white HTTP/1.1" status: 201 len: 201 time: 0.0299015
2026-05-05 18:31:13.256 10 INFO neutron.wsgi [None req-3a839cf5-ca45-406f-a171-28f513601cdc b9de3b82f2a24824820308072732c9e2 d32c4c51c1014887820f797292fd6cbc - - default default] 10.0.0.159 "GET /v2.0/trunks/0190f2e5-5c99-4941-a5d4-20c7645e1605/tags HTTP/1.1" status: 200 len: 245 time: 0.0229743
2026-05-05 18:31:13.293 10 INFO neutron.wsgi [None req-c6256fbc-79e2-4f09-b2eb-ac7f735a7fe4 b9de3b82f2a24824820308072732c9e2 d32c4c51c1014887820f797292fd6cbc - - - -] 10.0.0.159 "PUT /v2.0/trunks/0190f2e5-5c99-4941-a5d4-20c7645e1605/tags HTTP/1.1" status: 200 len: 230 time: 0.0320125
2026-05-05 18:31:13.313 10 INFO neutron.wsgi [None req-dc4c9b27-d211-4be2-8012-b503da6cc718 b9de3b82f2a24824820308072732c9e2 d32c4c51c1014887820f797292fd6cbc - - default default] 10.0.0.159 "GET /v2.0/trunks/0190f2e5-5c99-4941-a5d4-20c7645e1605/tags HTTP/1.1" status: 200 len: 230 time: 0.0155210
2026-05-05 18:31:13.342 10 INFO neutron.wsgi [None req-2aba70c6-6714-4d6d-a7a5-a5a4c242ea13 b9de3b82f2a24824820308072732c9e2 d32c4c51c1014887820f797292fd6cbc - - default default] 10.0.0.159 "GET /v2.0/trunks/0190f2e5-5c99-4941-a5d4-20c7645e1605/tags/red HTTP/1.1" status: 204 len: 168 time: 0.0232956
2026-05-05 18:31:13.364 10 INFO neutron.api.v2.resource [None req-b0fa80f4-c1db-4d80-a36b-b825350bfdfc b9de3b82f2a24824820308072732c9e2 d32c4c51c1014887820f797292fd6cbc - - default default] show failed (client error): The resource could not be found.
2026-05-05 18:31:13.366 10 INFO neutron.wsgi [None req-b0fa80f4-c1db-4d80-a36b-b825350bfdfc b9de3b82f2a24824820308072732c9e2 d32c4c51c1014887820f797292fd6cbc - - default default] 10.0.0.159 "GET /v2.0/trunks/0190f2e5-5c99-4941-a5d4-20c7645e1605/tags/green HTTP/1.1" status: 404 len: 299 time: 0.0200927
2026-05-05 18:31:13.400 10 INFO neutron.wsgi [None req-70a27499-bd04-4849-b7ed-bfa6d9ac989a b9de3b82f2a24824820308072732c9e2 d32c4c51c1014887820f797292fd6cbc - - - -] 10.0.0.159 "DELETE /v2.0/trunks/0190f2e5-5c99-4941-a5d4-20c7645e1605/tags/red HTTP/1.1" status: 204 len: 168 time: 0.0292220
2026-05-05 18:31:13.422 10 INFO neutron.wsgi [None req-e6c8e865-38d2-41fa-80e6-a39239c6e458 b9de3b82f2a24824820308072732c9e2 d32c4c51c1014887820f797292fd6cbc - - default default] 10.0.0.159 "GET /v2.0/trunks/0190f2e5-5c99-4941-a5d4-20c7645e1605/tags HTTP/1.1" status: 200 len: 223 time: 0.0178154
2026-05-05 18:31:13.448 9 INFO neutron.api.v2.resource [None req-8bd3e0b7-d26c-46ef-8c09-f750c23c79f2 b9de3b82f2a24824820308072732c9e2 d32c4c51c1014887820f797292fd6cbc - - - -] delete failed (client error): The resource could not be found.
2026-05-05 18:31:13.450 9 INFO neutron.wsgi [None req-8bd3e0b7-d26c-46ef-8c09-f750c23c79f2 b9de3b82f2a24824820308072732c9e2 d32c4c51c1014887820f797292fd6cbc - - - -] 10.0.0.159 "DELETE /v2.0/trunks/0190f2e5-5c99-4941-a5d4-20c7645e1605/tags/green HTTP/1.1" status: 404 len: 299 time: 0.0230446
2026-05-05 18:31:13.488 9 INFO neutron.wsgi [None req-50b899fb-9672-4f50-9492-68d236ab64d1 b9de3b82f2a24824820308072732c9e2 d32c4c51c1014887820f797292fd6cbc - - - -] 10.0.0.159 "DELETE /v2.0/trunks/0190f2e5-5c99-4941-a5d4-20c7645e1605/tags HTTP/1.1" status: 204 len: 168 time: 0.0328164
2026-05-05 18:31:13.515 9 INFO neutron.wsgi [None req-65a7dfa3-b35b-4f92-a0ff-773bf741badf b9de3b82f2a24824820308072732c9e2 d32c4c51c1014887820f797292fd6cbc - - default default] 10.0.0.159 "GET /v2.0/trunks/0190f2e5-5c99-4941-a5d4-20c7645e1605/tags HTTP/1.1" status: 200 len: 205 time: 0.0199065
2026-05-05 18:31:13.548 9 INFO neutron.wsgi [None req-83d0b4d4-063e-40b3-98e8-c99c7fa4fd0f b9de3b82f2a24824820308072732c9e2 d32c4c51c1014887820f797292fd6cbc - - default default] 10.0.0.159 "GET /v2.0/trunks/0190f2e5-5c99-4941-a5d4-20c7645e1605 HTTP/1.1" status: 200 len: 603 time: 0.0185530
2026-05-05 18:31:13.662 9 INFO neutron.wsgi [None req-43e03edc-b4ba-41e3-9c0a-75b04f7749b5 b9de3b82f2a24824820308072732c9e2 d32c4c51c1014887820f797292fd6cbc - - default default] 10.0.0.159 "GET /v2.0/ports/9ba074ef-320b-4e18-af1c-fed4e0010966 HTTP/1.1" status: 200 len: 1020 time: 0.1085374
2026-05-05 18:31:13.763 9 INFO neutron.wsgi [None req-24265a3b-2751-463d-9b00-a76d22adba4d b9de3b82f2a24824820308072732c9e2 d32c4c51c1014887820f797292fd6cbc - - - -] 10.0.0.159 "DELETE /v2.0/trunks/0190f2e5-5c99-4941-a5d4-20c7645e1605 HTTP/1.1" status: 204 len: 168 time: 0.0957928
2026-05-05 18:31:14.015 9 INFO neutron.wsgi [None req-a9fc69b8-cba5-4e68-ac9d-46f98278e698 b9de3b82f2a24824820308072732c9e2 d32c4c51c1014887820f797292fd6cbc - - - -] 10.0.0.159 "DELETE /v2.0/ports/9ba074ef-320b-4e18-af1c-fed4e0010966 HTTP/1.1" status: 204 len: 168 time: 0.2471225
2026-05-05 18:31:14.365 9 INFO neutron.services.segments.plugin [-] Segment 94e3bb85-c705-4390-b09d-c99720cbcede resource provider aggregate not found
2026-05-05 18:31:14.373 9 INFO neutron.services.segments.plugin [-] Segment 94e3bb85-c705-4390-b09d-c99720cbcede resource provider aggregate not found
2026-05-05 18:31:14.391 9 INFO neutron.services.segments.plugin [-] Segment 94e3bb85-c705-4390-b09d-c99720cbcede resource provider not found; error: Placement Client Error (4xx): {"errors": [{"status": 404, "title": "Not Found", "detail": "The resource could not be found.\n\n No resource provider with uuid 94e3bb85-c705-4390-b09d-c99720cbcede found for delete ", "request_id": "req-f8c89f51-c50a-4f07-9578-4b762f56c774"}]}
2026-05-05 18:31:14.392 9 INFO neutron.services.segments.plugin [-] Segment 94e3bb85-c705-4390-b09d-c99720cbcede resource provider not found; error: Placement Client Error (4xx): {"errors": [{"status": 404, "title": "Not Found", "detail": "The resource could not be found.\n\n No resource provider with uuid 94e3bb85-c705-4390-b09d-c99720cbcede found for delete ", "request_id": "req-12e1174b-4d57-4921-b96f-1d8f451f1e94"}]}
2026-05-05 18:31:14.420 9 INFO neutron.wsgi [None req-572e6511-945d-4317-855a-1caf068f3ebf b9de3b82f2a24824820308072732c9e2 d32c4c51c1014887820f797292fd6cbc - - - -] 10.0.0.159 "DELETE /v2.0/networks/6a5d93d0-c400-4fd4-a953-8a04a9a39686 HTTP/1.1" status: 204 len: 168 time: 0.3980610
2026-05-05 18:31:15.255 9 INFO neutron.db.ovn_revision_numbers_db [None req-c4c04af8-aa02-4cfc-847d-6852ec8837c5 0b14b58a11c7450988da3dcd3a66c133 a43616b0c9c04e6c9b2f5c5139d50744 - - default default] Successfully bumped revision number for resource ac7ab00d-2aaf-42b2-a484-88250e44bfad (type: security_groups) to 1
2026-05-05 18:31:15.281 9 INFO neutron.wsgi [None req-c4c04af8-aa02-4cfc-847d-6852ec8837c5 0b14b58a11c7450988da3dcd3a66c133 a43616b0c9c04e6c9b2f5c5139d50744 - - default default] 10.0.0.159 "GET /v2.0/security-groups?tenant_id=bd742c267aad4740a2c5bc7f69e1a96a&name=default HTTP/1.1" status: 200 len: 3000 time: 0.2135046
2026-05-05 18:31:15.485 10 INFO neutron.wsgi [None req-accb49f3-f528-4a17-9b91-3d7e47172d93 0b14b58a11c7450988da3dcd3a66c133 a43616b0c9c04e6c9b2f5c5139d50744 - - - -] 10.0.0.159 "DELETE /v2.0/security-groups/ac7ab00d-2aaf-42b2-a484-88250e44bfad HTTP/1.1" status: 204 len: 168 time: 0.1969051
2026-05-05 18:31:15.637 10 INFO neutron.wsgi [None req-bfe2c1da-1cdb-4a56-a793-3848c42158b6 0b14b58a11c7450988da3dcd3a66c133 a43616b0c9c04e6c9b2f5c5139d50744 - - default default] 10.0.0.159 "GET /v2.0/security-groups?tenant_id=d32c4c51c1014887820f797292fd6cbc&name=default HTTP/1.1" status: 200 len: 3000 time: 0.0303533
2026-05-05 18:31:15.840 10 INFO neutron.wsgi [None req-a975ae3a-2357-4ce2-bd7a-cd0e2ee39c00 0b14b58a11c7450988da3dcd3a66c133 a43616b0c9c04e6c9b2f5c5139d50744 - - - -] 10.0.0.159 "DELETE /v2.0/security-groups/f52c3242-f14c-477a-b4ba-d957f191409f HTTP/1.1" status: 204 len: 168 time: 0.1978729
2026-05-05 18:31:18.691 9 INFO neutron.wsgi [None req-64784df3-443b-4deb-abc6-63dd63cba226 0b14b58a11c7450988da3dcd3a66c133 a43616b0c9c04e6c9b2f5c5139d50744 - - default default] 10.0.0.159 "GET /v2.0/networks HTTP/1.1" status: 200 len: 2368 time: 0.2127013
2026-05-05 18:31:19.870 10 INFO neutron.wsgi [None req-9cee19b9-4431-48a6-91ba-9d211e1d2b58 0b14b58a11c7450988da3dcd3a66c133 a43616b0c9c04e6c9b2f5c5139d50744 - - default default] 10.0.0.159 "GET /v2.0/floatingips HTTP/1.1" status: 200 len: 212 time: 0.0253210
2026-05-05 18:31:19.901 10 INFO neutron.wsgi [None req-fd91efbd-5605-4ef1-98c8-bf762b074714 0b14b58a11c7450988da3dcd3a66c133 a43616b0c9c04e6c9b2f5c5139d50744 - - default default] 10.0.0.159 "GET /v2.0/routers HTTP/1.1" status: 200 len: 208 time: 0.0256829
2026-05-05 18:31:19.935 10 INFO neutron.wsgi [None req-c2ba18d3-53ea-4cde-b76b-880dc54eb6a0 0b14b58a11c7450988da3dcd3a66c133 a43616b0c9c04e6c9b2f5c5139d50744 - - default default] 10.0.0.159 "GET /v2.0/ports HTTP/1.1" status: 200 len: 5274 time: 0.0301182
2026-05-05 18:31:19.975 10 INFO neutron.wsgi [None req-cf06815a-81ec-4f8d-a405-2b7448841beb 0b14b58a11c7450988da3dcd3a66c133 a43616b0c9c04e6c9b2f5c5139d50744 - - default default] 10.0.0.159 "GET /v2.0/subnets HTTP/1.1" status: 200 len: 1456 time: 0.0319800
2026-05-05 18:31:20.040 10 INFO neutron.wsgi [None req-9b5201a6-1fa0-4f3e-9102-df0f82c9547c 0b14b58a11c7450988da3dcd3a66c133 a43616b0c9c04e6c9b2f5c5139d50744 - - default default] 10.0.0.159 "GET /v2.0/networks HTTP/1.1" status: 200 len: 2368 time: 0.0588188
2026-05-05 18:31:20.111 10 INFO neutron.wsgi [None req-7f4875f7-d500-4afd-9525-c6a06a689075 0b14b58a11c7450988da3dcd3a66c133 a43616b0c9c04e6c9b2f5c5139d50744 - - default default] 10.0.0.159 "GET /v2.0/security-groups HTTP/1.1" status: 200 len: 16822 time: 0.0649478
2026-05-05 18:31:20.129 10 INFO neutron.wsgi [None req-c475e4e2-6ba6-4490-9b5c-d73321023ea4 0b14b58a11c7450988da3dcd3a66c133 a43616b0c9c04e6c9b2f5c5139d50744 - - default default] 10.0.0.159 "GET /v2.0/subnetpools HTTP/1.1" status: 200 len: 212 time: 0.0116928
2026-05-05 18:31:25.066 9 INFO neutron.wsgi [-] 10.0.0.183 "GET / HTTP/1.1" status: 200 len: 247 time: 0.0018494
2026-05-05 18:31:25.069 10 INFO neutron.wsgi [-] 10.0.0.183 "GET / HTTP/1.1" status: 200 len: 247 time: 0.0035179
2026-05-05 18:31:34.525 15 INFO neutron.plugins.ml2.drivers.ovn.mech_driver.ovsdb.maintenance [None req-f994b71e-4e2a-440a-961a-2d3cf23e0a15 - - - - - -] Maintenance task: Synchronization finished (took 0.01 seconds)
2026-05-05 18:31:40.067 9 INFO neutron.wsgi [-] 10.0.0.183 "GET / HTTP/1.1" status: 200 len: 247 time: 0.0024853
2026-05-05 18:31:40.068 10 INFO neutron.wsgi [-] 10.0.0.183 "GET / HTTP/1.1" status: 200 len: 247 time: 0.0031788
2026-05-05 18:31:42.029 10 INFO neutron.wsgi [None req-10cfa2c3-1383-4cbd-90c2-831f8c4fb6a4 0b14b58a11c7450988da3dcd3a66c133 a43616b0c9c04e6c9b2f5c5139d50744 - - default default] 10.0.0.165 "GET /v2.0/network-ip-availabilities HTTP/1.1" status: 200 len: 1280 time: 0.0672691
2026-05-05 18:31:42.105 10 INFO neutron.wsgi [None req-5e3a80da-60e7-4253-b9a4-9497f78c14c5 0b14b58a11c7450988da3dcd3a66c133 a43616b0c9c04e6c9b2f5c5139d50744 - - default default] 10.0.0.165 "GET /v2.0/security-groups HTTP/1.1" status: 200 len: 16803 time: 0.0738487
2026-05-05 18:31:42.160 10 INFO neutron.wsgi [None req-8bd06744-4aa6-4977-b2b4-2d1f45b6a882 0b14b58a11c7450988da3dcd3a66c133 a43616b0c9c04e6c9b2f5c5139d50744 - - default default] 10.0.0.165 "GET /v2.0/subnets HTTP/1.1" status: 200 len: 1437 time: 0.0498078
2026-05-05 18:31:42.198 10 INFO neutron.wsgi [None req-a79506fc-bc06-4580-a490-0bd86e69fa5f 0b14b58a11c7450988da3dcd3a66c133 a43616b0c9c04e6c9b2f5c5139d50744 - - default default] 10.0.0.165 "GET /v2.0/agents HTTP/1.1" status: 200 len: 997 time: 0.0354788
2026-05-05 18:31:42.230 10 INFO neutron.wsgi [None req-6f3608b1-cb3a-44af-8e7d-cc863bf0e752 0b14b58a11c7450988da3dcd3a66c133 a43616b0c9c04e6c9b2f5c5139d50744 - - default default] 10.0.0.165 "GET /v2.0/routers HTTP/1.1" status: 200 len: 189 time: 0.0307372
2026-05-05 18:31:42.246 10 INFO neutron.wsgi [None req-f020cab0-3b16-4a73-9391-b6f77e0f5542 0b14b58a11c7450988da3dcd3a66c133 a43616b0c9c04e6c9b2f5c5139d50744 - - default default] 10.0.0.165 "GET /v2.0/agents?binary=ovn-controller HTTP/1.1" status: 200 len: 591 time: 0.0157278
2026-05-05 18:31:42.291 10 INFO neutron.wsgi [None req-684516ad-5e18-4fd7-bd4e-def46d6b9c21 0b14b58a11c7450988da3dcd3a66c133 a43616b0c9c04e6c9b2f5c5139d50744 - - default default] 10.0.0.165 "GET /v2.0/subnets HTTP/1.1" status: 200 len: 1437 time: 0.0440099
2026-05-05 18:31:42.309 10 INFO neutron.wsgi [None req-686838da-8090-45c3-b524-a07ba0310f19 0b14b58a11c7450988da3dcd3a66c133 a43616b0c9c04e6c9b2f5c5139d50744 - - default default] 10.0.0.165 "GET /v2.0/subnetpools HTTP/1.1" status: 200 len: 193 time: 0.0164535
2026-05-05 18:31:42.395 10 INFO neutron.wsgi [None req-c5210188-243a-49ad-8262-a32ab6c9397d 0b14b58a11c7450988da3dcd3a66c133 a43616b0c9c04e6c9b2f5c5139d50744 - - default default] 10.0.0.165 "GET /v2.0/networks HTTP/1.1" status: 200 len: 2349 time: 0.0826187
2026-05-05 18:31:42.444 10 INFO neutron.wsgi [None req-37c529d7-b28d-4e81-9f6b-5de72ee72adc 0b14b58a11c7450988da3dcd3a66c133 a43616b0c9c04e6c9b2f5c5139d50744 - - default default] 10.0.0.165 "GET /v2.0/ports HTTP/1.1" status: 200 len: 5255 time: 0.0475874
2026-05-05 18:31:42.477 10 INFO neutron.wsgi [None req-b8b8cbe5-e4be-47f6-a5f0-9e297c2b2b2c 0b14b58a11c7450988da3dcd3a66c133 a43616b0c9c04e6c9b2f5c5139d50744 - - default default] 10.0.0.165 "GET /v2.0/floatingips HTTP/1.1" status: 200 len: 193 time: 0.0307734
2026-05-05 18:31:55.067 9 INFO neutron.wsgi [-] 10.0.0.183 "GET / HTTP/1.1" status: 200 len: 247 time: 0.0027189
2026-05-05 18:31:55.074 9 INFO neutron.wsgi [-] 10.0.0.183 "GET / HTTP/1.1" status: 200 len: 247 time: 0.0024776
2026-05-05 18:32:10.066 10 INFO neutron.wsgi [-] 10.0.0.183 "GET / HTTP/1.1" status: 200 len: 247 time: 0.0018134
2026-05-05 18:32:10.075 9 INFO neutron.wsgi [-] 10.0.0.183 "GET / HTTP/1.1" status: 200 len: 247 time: 0.0097442
2026-05-05 18:32:25.067 9 INFO neutron.wsgi [-] 10.0.0.183 "GET / HTTP/1.1" status: 200 len: 247 time: 0.0023880
2026-05-05 18:32:25.069 9 INFO neutron.wsgi [-] 10.0.0.183 "GET / HTTP/1.1" status: 200 len: 247 time: 0.0014951
2026-05-05 18:32:40.067 9 INFO neutron.wsgi [-] 10.0.0.183 "GET / HTTP/1.1" status: 200 len: 247 time: 0.0025022
2026-05-05 18:32:40.069 9 INFO neutron.wsgi [-] 10.0.0.183 "GET / HTTP/1.1" status: 200 len: 247 time: 0.0015385
2026-05-05 18:32:42.245 10 INFO neutron.wsgi [None req-89b0769b-e1e7-4767-aaf9-cc95ccc6b751 0b14b58a11c7450988da3dcd3a66c133 a43616b0c9c04e6c9b2f5c5139d50744 - - default default] 10.0.0.165 "GET /v2.0/networks HTTP/1.1" status: 200 len: 2349 time: 0.1906140
2026-05-05 18:32:42.324 10 INFO neutron.wsgi [None req-d9cebd8b-5ccd-4c96-8f30-0909f9c85fc2 0b14b58a11c7450988da3dcd3a66c133 a43616b0c9c04e6c9b2f5c5139d50744 - - default default] 10.0.0.165 "GET /v2.0/security-groups HTTP/1.1" status: 200 len: 16803 time: 0.0764565
2026-05-05 18:32:42.367 10 INFO neutron.wsgi [None req-46d79748-4495-45a8-9146-d718831da5b6 0b14b58a11c7450988da3dcd3a66c133 a43616b0c9c04e6c9b2f5c5139d50744 - - default default] 10.0.0.165 "GET /v2.0/routers HTTP/1.1" status: 200 len: 189 time: 0.0371060
2026-05-05 18:32:42.396 10 INFO neutron.wsgi [None req-5a110d7d-4e53-4ccb-8a80-f47cbc7428a0 0b14b58a11c7450988da3dcd3a66c133 a43616b0c9c04e6c9b2f5c5139d50744 - - default default] 10.0.0.165 "GET /v2.0/agents?binary=ovn-controller HTTP/1.1" status: 200 len: 591 time: 0.0279565
2026-05-05 18:32:42.425 10 INFO neutron.wsgi [None req-d1e02f28-7673-4811-a627-43218cc9e3e7 0b14b58a11c7450988da3dcd3a66c133 a43616b0c9c04e6c9b2f5c5139d50744 - - default default] 10.0.0.165 "GET /v2.0/floatingips HTTP/1.1" status: 200 len: 193 time: 0.0260127
2026-05-05 18:32:42.440 10 INFO neutron.wsgi [None req-ba18920e-4cad-4d59-9abf-724c9d5ccf79 0b14b58a11c7450988da3dcd3a66c133 a43616b0c9c04e6c9b2f5c5139d50744 - - default default] 10.0.0.165 "GET /v2.0/agents HTTP/1.1" status: 200 len: 997 time: 0.0139782
2026-05-05 18:32:42.474 10 INFO neutron.wsgi [None req-56e9a8e9-ccfc-4099-b847-5301d29253e6 0b14b58a11c7450988da3dcd3a66c133 a43616b0c9c04e6c9b2f5c5139d50744 - - default default] 10.0.0.165 "GET /v2.0/ports HTTP/1.1" status: 200 len: 5255 time: 0.0332994
2026-05-05 18:32:42.488 10 INFO neutron.wsgi [None req-e5f58882-e9cd-4b84-9ef2-b645cc866187 0b14b58a11c7450988da3dcd3a66c133 a43616b0c9c04e6c9b2f5c5139d50744 - - default default] 10.0.0.165 "GET /v2.0/network-ip-availabilities HTTP/1.1" status: 200 len: 1280 time: 0.0107975
2026-05-05 18:32:42.510 10 INFO neutron.wsgi [None req-d453af6b-af8a-41b3-8424-d79eb0cb7de6 0b14b58a11c7450988da3dcd3a66c133 a43616b0c9c04e6c9b2f5c5139d50744 - - default default] 10.0.0.165 "GET /v2.0/subnets HTTP/1.1" status: 200 len: 1437 time: 0.0218148
2026-05-05 18:32:42.522 10 INFO neutron.wsgi [None req-345d512d-4d2d-4ba1-be1e-28c1ffd633c8 0b14b58a11c7450988da3dcd3a66c133 a43616b0c9c04e6c9b2f5c5139d50744 - - default default] 10.0.0.165 "GET /v2.0/subnetpools HTTP/1.1" status: 200 len: 193 time: 0.0109448
2026-05-05 18:32:42.552 10 INFO neutron.wsgi [None req-64a6eb60-18c6-4f68-8b05-e3f0c5157005 0b14b58a11c7450988da3dcd3a66c133 a43616b0c9c04e6c9b2f5c5139d50744 - - default default] 10.0.0.165 "GET /v2.0/subnets HTTP/1.1" status: 200 len: 1437 time: 0.0284216
2026-05-05 18:32:55.068 10 INFO neutron.wsgi [-] 10.0.0.183 "GET / HTTP/1.1" status: 200 len: 247 time: 0.0025218
2026-05-05 18:32:55.070 9 INFO neutron.wsgi [-] 10.0.0.183 "GET / HTTP/1.1" status: 200 len: 247 time: 0.0031421
2026-05-05 18:33:10.067 9 INFO neutron.wsgi [-] 10.0.0.183 "GET / HTTP/1.1" status: 200 len: 247 time: 0.0019789
2026-05-05 18:33:10.067 10 INFO neutron.wsgi [-] 10.0.0.183 "GET / HTTP/1.1" status: 200 len: 247 time: 0.0021865
2026-05-05 18:33:25.068 10 INFO neutron.wsgi [-] 10.0.0.183 "GET / HTTP/1.1" status: 200 len: 247 time: 0.0016599
2026-05-05 18:33:25.069 9 INFO neutron.wsgi [-] 10.0.0.183 "GET / HTTP/1.1" status: 200 len: 247 time: 0.0019853
2026-05-05 18:33:40.066 10 INFO neutron.wsgi [-] 10.0.0.183 "GET / HTTP/1.1" status: 200 len: 247 time: 0.0021274
2026-05-05 18:33:40.067 9 INFO neutron.wsgi [-] 10.0.0.183 "GET / HTTP/1.1" status: 200 len: 247 time: 0.0028098
2026-05-05 18:33:42.131 10 INFO neutron.wsgi [None req-733e2b7a-c0a7-41ad-9f80-849437a9fa58 0b14b58a11c7450988da3dcd3a66c133 a43616b0c9c04e6c9b2f5c5139d50744 - - default default] 10.0.0.165 "GET /v2.0/security-groups HTTP/1.1" status: 200 len: 16803 time: 0.1567726
2026-05-05 18:33:42.165 10 INFO neutron.wsgi [None req-da554615-64be-4867-b59a-38699189297e 0b14b58a11c7450988da3dcd3a66c133 a43616b0c9c04e6c9b2f5c5139d50744 - - default default] 10.0.0.165 "GET /v2.0/routers HTTP/1.1" status: 200 len: 189 time: 0.0282397
2026-05-05 18:33:42.657 10 INFO neutron.wsgi [None req-a81a7812-f198-4e5e-b99d-b2781e5c5e31 0b14b58a11c7450988da3dcd3a66c133 a43616b0c9c04e6c9b2f5c5139d50744 - - default default] 10.0.0.165 "GET /v2.0/agents?binary=ovn-controller HTTP/1.1" status: 200 len: 591 time: 0.4898641
2026-05-05 18:33:42.693 10 INFO neutron.wsgi [None req-2afa148e-b9f1-4617-944c-9bda018539f5 0b14b58a11c7450988da3dcd3a66c133 a43616b0c9c04e6c9b2f5c5139d50744 - - default default] 10.0.0.165 "GET /v2.0/subnets HTTP/1.1" status: 200 len: 1437 time: 0.0346358
2026-05-05 18:33:42.715 10 INFO neutron.wsgi [None req-400cc34e-9d1b-487a-b1a4-7ce6b10dc661 0b14b58a11c7450988da3dcd3a66c133 a43616b0c9c04e6c9b2f5c5139d50744 - - default default] 10.0.0.165 "GET /v2.0/subnetpools HTTP/1.1" status: 200 len: 193 time: 0.0197301
2026-05-05 18:33:42.755 10 INFO neutron.wsgi [None req-b735abcc-101f-43e9-b3df-c0e8dc7e47f6 0b14b58a11c7450988da3dcd3a66c133 a43616b0c9c04e6c9b2f5c5139d50744 - - default default] 10.0.0.165 "GET /v2.0/subnets HTTP/1.1" status: 200 len: 1437 time: 0.0395570
2026-05-05 18:33:42.792 10 INFO neutron.wsgi [None req-cd5d7a2b-59c1-4bff-bb92-42ba7e5b662a 0b14b58a11c7450988da3dcd3a66c133 a43616b0c9c04e6c9b2f5c5139d50744 - - default default] 10.0.0.165 "GET /v2.0/ports HTTP/1.1" status: 200 len: 5255 time: 0.0356419
2026-05-05 18:33:42.809 10 INFO neutron.wsgi [None req-1361a4c7-9596-4d97-ae68-b350f277a5ae 0b14b58a11c7450988da3dcd3a66c133 a43616b0c9c04e6c9b2f5c5139d50744 - - default default] 10.0.0.165 "GET /v2.0/agents HTTP/1.1" status: 200 len: 997 time: 0.0136733
2026-05-05 18:33:42.877 10 INFO neutron.wsgi [None req-05a16daf-4336-4b86-94d4-2e024628230a 0b14b58a11c7450988da3dcd3a66c133 a43616b0c9c04e6c9b2f5c5139d50744 - - default default] 10.0.0.165 "GET /v2.0/networks HTTP/1.1" status: 200 len: 2349 time: 0.0665724
2026-05-05 18:33:42.891 10 INFO neutron.wsgi [None req-62003beb-f9c7-40a7-9add-79749fc43d0c 0b14b58a11c7450988da3dcd3a66c133 a43616b0c9c04e6c9b2f5c5139d50744 - - default default] 10.0.0.165 "GET /v2.0/network-ip-availabilities HTTP/1.1" status: 200 len: 1280 time: 0.0118568
2026-05-05 18:33:42.918 10 INFO neutron.wsgi [None req-9ec102a3-0beb-4a75-b297-62318b0cc5d7 0b14b58a11c7450988da3dcd3a66c133 a43616b0c9c04e6c9b2f5c5139d50744 - - default default] 10.0.0.165 "GET /v2.0/floatingips HTTP/1.1" status: 200 len: 193 time: 0.0258286
2026-05-05 18:33:55.068 9 INFO neutron.wsgi [-] 10.0.0.183 "GET / HTTP/1.1" status: 200 len: 247 time: 0.0037618
2026-05-05 18:33:55.068 10 INFO neutron.wsgi [-] 10.0.0.183 "GET / HTTP/1.1" status: 200 len: 247 time: 0.0021272
2026-05-05 18:34:10.066 10 INFO neutron.wsgi [-] 10.0.0.183 "GET / HTTP/1.1" status: 200 len: 247 time: 0.0018611
2026-05-05 18:34:10.068 10 INFO neutron.wsgi [-] 10.0.0.183 "GET / HTTP/1.1" status: 200 len: 247 time: 0.0015016
2026-05-05 18:34:25.067 9 INFO neutron.wsgi [-] 10.0.0.183 "GET / HTTP/1.1" status: 200 len: 247 time: 0.0028522
2026-05-05 18:34:25.069 10 INFO neutron.wsgi [-] 10.0.0.183 "GET / HTTP/1.1" status: 200 len: 247 time: 0.0044119
2026-05-05 18:34:40.066 10 INFO neutron.wsgi [-] 10.0.0.183 "GET / HTTP/1.1" status: 200 len: 247 time: 0.0018373
2026-05-05 18:34:40.067 9 INFO neutron.wsgi [-] 10.0.0.183 "GET / HTTP/1.1" status: 200 len: 247 time: 0.0018909
2026-05-05 18:34:42.117 10 INFO neutron.wsgi [None req-3c62e8c4-83aa-4159-ad32-e7f852d9bf7c 0b14b58a11c7450988da3dcd3a66c133 a43616b0c9c04e6c9b2f5c5139d50744 - - default default] 10.0.0.165 "GET /v2.0/agents HTTP/1.1" status: 200 len: 997 time: 0.1296799
2026-05-05 18:34:42.186 10 INFO neutron.wsgi [None req-70020568-430d-4bb0-a077-c7f194913429 0b14b58a11c7450988da3dcd3a66c133 a43616b0c9c04e6c9b2f5c5139d50744 - - default default] 10.0.0.165 "GET /v2.0/networks HTTP/1.1" status: 200 len: 2349 time: 0.0673470
2026-05-05 18:34:42.253 10 INFO neutron.wsgi [None req-deb0202c-a229-4e1e-a6bb-eee76f915c1b 0b14b58a11c7450988da3dcd3a66c133 a43616b0c9c04e6c9b2f5c5139d50744 - - default default] 10.0.0.165 "GET /v2.0/security-groups HTTP/1.1" status: 200 len: 16803 time: 0.0650229
2026-05-05 18:34:42.277 10 INFO neutron.wsgi [None req-456ad5a8-0bfd-48a9-8313-c0e02c4d18f3 0b14b58a11c7450988da3dcd3a66c133 a43616b0c9c04e6c9b2f5c5139d50744 - - default default] 10.0.0.165 "GET /v2.0/network-ip-availabilities HTTP/1.1" status: 200 len: 1280 time: 0.0176375
2026-05-05 18:34:42.302 10 INFO neutron.wsgi [None req-a0bc0e63-66a2-4d48-9038-bf86c035496f 0b14b58a11c7450988da3dcd3a66c133 a43616b0c9c04e6c9b2f5c5139d50744 - - default default] 10.0.0.165 "GET /v2.0/floatingips HTTP/1.1" status: 200 len: 193 time: 0.0242155
2026-05-05 18:34:42.334 10 INFO neutron.wsgi [None req-4ba365e1-31e0-4648-9eca-55bceb13a82d 0b14b58a11c7450988da3dcd3a66c133 a43616b0c9c04e6c9b2f5c5139d50744 - - default default] 10.0.0.165 "GET /v2.0/ports HTTP/1.1" status: 200 len: 5255 time: 0.0311608
2026-05-05 18:34:42.372 10 INFO neutron.wsgi [None req-6803d2d4-9208-4783-a99e-c03075729009 0b14b58a11c7450988da3dcd3a66c133 a43616b0c9c04e6c9b2f5c5139d50744 - - default default] 10.0.0.165 "GET /v2.0/routers HTTP/1.1" status: 200 len: 189 time: 0.0300977
2026-05-05 18:34:42.390 10 INFO neutron.wsgi [None req-d2ac67ba-ed78-4bec-8329-2fae39829b80 0b14b58a11c7450988da3dcd3a66c133 a43616b0c9c04e6c9b2f5c5139d50744 - - default default] 10.0.0.165 "GET /v2.0/agents?binary=ovn-controller HTTP/1.1" status: 200 len: 591 time: 0.0173604
2026-05-05 18:34:42.429 10 INFO neutron.wsgi [None req-be706b2c-bae3-4d96-be35-8592e943fed7 0b14b58a11c7450988da3dcd3a66c133 a43616b0c9c04e6c9b2f5c5139d50744 - - default default] 10.0.0.165 "GET /v2.0/subnets HTTP/1.1" status: 200 len: 1437 time: 0.0374882
2026-05-05 18:34:42.474 10 INFO neutron.wsgi [None req-4307677a-1563-4553-b794-0159accc7200 0b14b58a11c7450988da3dcd3a66c133 a43616b0c9c04e6c9b2f5c5139d50744 - - default default] 10.0.0.165 "GET /v2.0/subnets HTTP/1.1" status: 200 len: 1437 time: 0.0434971
2026-05-05 18:34:42.487 10 INFO neutron.wsgi [None req-c2dca225-cb89-40cb-a00e-1e10858db849 0b14b58a11c7450988da3dcd3a66c133 a43616b0c9c04e6c9b2f5c5139d50744 - - default default] 10.0.0.165 "GET /v2.0/subnetpools HTTP/1.1" status: 200 len: 193 time: 0.0116260
2026-05-05 18:34:55.067 9 INFO neutron.wsgi [-] 10.0.0.183 "GET / HTTP/1.1" status: 200 len: 247 time: 0.0018728
2026-05-05 18:34:55.070 10 INFO neutron.wsgi [-] 10.0.0.183 "GET / HTTP/1.1" status: 200 len: 247 time: 0.0020251
2026-05-05 18:35:10.066 9 INFO neutron.wsgi [-] 10.0.0.183 "GET / HTTP/1.1" status: 200 len: 247 time: 0.0019734
2026-05-05 18:35:10.067 9 INFO neutron.wsgi [-] 10.0.0.183 "GET / HTTP/1.1" status: 200 len: 247 time: 0.0010178
2026-05-05 18:35:25.070 10 INFO neutron.wsgi [-] 10.0.0.183 "GET / HTTP/1.1" status: 200 len: 247 time: 0.0056119
2026-05-05 18:35:25.071 9 INFO neutron.wsgi [-] 10.0.0.183 "GET / HTTP/1.1" status: 200 len: 247 time: 0.0058901
2026-05-05 18:35:40.067 10 INFO neutron.wsgi [-] 10.0.0.183 "GET / HTTP/1.1" status: 200 len: 247 time: 0.0020475
2026-05-05 18:35:40.068 10 INFO neutron.wsgi [-] 10.0.0.183 "GET / HTTP/1.1" status: 200 len: 247 time: 0.0008745
2026-05-05 18:35:42.049 10 INFO neutron.wsgi [None req-37de5137-d0ef-4815-8c20-fdd9a3f1b02c 0b14b58a11c7450988da3dcd3a66c133 a43616b0c9c04e6c9b2f5c5139d50744 - - default default] 10.0.0.165 "GET /v2.0/networks HTTP/1.1" status: 200 len: 2349 time: 0.1161077
2026-05-05 18:35:42.084 10 INFO neutron.wsgi [None req-5fedf14d-d9db-4cd6-9578-02e429430291 0b14b58a11c7450988da3dcd3a66c133 a43616b0c9c04e6c9b2f5c5139d50744 - - default default] 10.0.0.165 "GET /v2.0/ports HTTP/1.1" status: 200 len: 5255 time: 0.0316072
2026-05-05 18:35:42.122 10 INFO neutron.wsgi [None req-8ad82f35-7e2b-4677-b1e0-400ef84955fb 0b14b58a11c7450988da3dcd3a66c133 a43616b0c9c04e6c9b2f5c5139d50744 - - default default] 10.0.0.165 "GET /v2.0/subnets HTTP/1.1" status: 200 len: 1437 time: 0.0340886
2026-05-05 18:35:42.134 10 INFO neutron.wsgi [None req-e1e271b2-8a46-4d68-89d7-a71147ad014a 0b14b58a11c7450988da3dcd3a66c133 a43616b0c9c04e6c9b2f5c5139d50744 - - default default] 10.0.0.165 "GET /v2.0/subnetpools HTTP/1.1" status: 200 len: 193 time: 0.0104077
